74.7.242.22 - - [12/May/2026:07:13:03 +1000] "GET /wp-json/oembed/1.0/embed?format=xml&url=https%3A%2F%2Fwww.coridyan.com%2Ffa-fa-fa-pokie-%25e3%2581%2593%25e3%2582%258c%25e3%2582%2589%25e3%2581%25ae%25e3%2582%25b9%25e3%2583%25ad%25e3%2583%2583%25e3%2583%2588%25e3%2582%2592%25e7%2584%25a1%25e6%2596%2599%25e3%2581%25a7%25e8%25a6%258b%25e3%2581%25a4%25e3%2581%2591%25e3%2581%25a6%25e3%2581%258f%25e3%2581%25a0%25e3%2581%2595%25e3%2581%2584%2F HTTP/2" 200 5480 "https://www.coridyan.com/fa-fa-fa-pokie-%e3%81%93%e3%82%8c%e3%82%89%e3%81%ae%e3%82%b9%e3%83%ad%e3%83%83%e3%83%88%e3%82%92%e7%84%a1%e6%96%99%e3%81%a7%e8%a6%8b%e3%81%a4%e3%81%91%e3%81%a6%e3%81%8f%e3%81%a0%e3%81%95%e3%81%84/" "Mozilla/5.0 AppleWebKit/537.36 (KHTML, like Gecko; compatible; GPTBot/1.3; +https://openai.com/gptbot)"
57.141.14.18 - - [12/May/2026:07:13:04 +1000] "GET /products/detail/53595082 HTTP/2" 200 137741 "-" "meta-externalagent/1.1 (+https://developers.facebook.com/docs/sharing/webmasters/crawler)"
74.7.242.22 - - [12/May/2026:07:13:05 +1000] "GET /wp-json/oembed/1.0/embed?format=xml&url=https%3A%2F%2Fwww.coridyan.com%2Fcasino-slot-games-no-download%2F HTTP/2" 200 1456 "https://www.coridyan.com/casino-slot-games-no-download/" "Mozilla/5.0 AppleWebKit/537.36 (KHTML, like Gecko; compatible; GPTBot/1.3; +https://openai.com/gptbot)"
192.178.4.101 - - [12/May/2026:07:13:04 +1000] "GET /content.php?product/84265162 HTTP/1.1" 200 28159 "-" "Mozilla/5.0 (Linux; Android 6.0.1; Nexus 5X Build/MMB29P) AppleWebKit/537.36 (KHTML, like Gecko) Chrome/147.0.7727.137 Mobile Safari/537.36 (compatible; Googlebot/2.1; +http://www.google.com/bot.html)"
192.178.4.102 - - [12/May/2026:07:13:05 +1000] "GET /content.php?product/48529306 HTTP/1.1" 200 29506 "-" "Mozilla/5.0 (Linux; Android 6.0.1; Nexus 5X Build/MMB29P) AppleWebKit/537.36 (KHTML, like Gecko) Chrome/147.0.7727.137 Mobile Safari/537.36 (compatible; GoogleOther)"
74.7.242.22 - - [12/May/2026:07:13:07 +1000] "GET /wp-json/oembed/1.0/embed?format=xml&url=https%3A%2F%2Fwww.coridyan.com%2F%25e5%25bd%25b1%25e8%25a7%2586%25e6%258e%25a8%25e8%258d%259030%25e5%25a4%259a%25e9%2583%25a8%25e9%25ab%2598%25e9%25a2%259c%25e5%2580%25bc%25e3%2580%2581%25e6%259c%2589%25e5%2586%2585%25e6%25b6%25b5%25e7%259a%2584%25e7%25bb%258f%25e5%2585%25b8%25e7%2588%25b1%25e6%2583%2585%25e7%2594%25b5%25e5%25bd%25b1%25ef%25bc%258c%25ef%25bc%2588%2F HTTP/2" 200 1841 "https://www.coridyan.com/%e5%bd%b1%e8%a7%86%e6%8e%a8%e8%8d%9030%e5%a4%9a%e9%83%a8%e9%ab%98%e9%a2%9c%e5%80%bc%e3%80%81%e6%9c%89%e5%86%85%e6%b6%b5%e7%9a%84%e7%bb%8f%e5%85%b8%e7%88%b1%e6%83%85%e7%94%b5%e5%bd%b1%ef%bc%8c%ef%bc%88/" "Mozilla/5.0 AppleWebKit/537.36 (KHTML, like Gecko; compatible; GPTBot/1.3; +https://openai.com/gptbot)"
74.7.242.22 - - [12/May/2026:07:13:09 +1000] "GET /wp-json/oembed/1.0/embed?format=xml&url=https%3A%2F%2Fwww.coridyan.com%2F%25e3%2582%25aa%25e3%2583%25b3%25e3%2583%25a9%25e3%2582%25a4%25e3%2583%25b3%25e3%2581%25a7%25e7%2584%25a1%25e6%2596%2599%25e3%2581%25a7%25e3%2582%25ae%25e3%2583%25a3%25e3%2583%25b3%25e3%2583%2596%25e3%2583%25ab%25e3%2582%2592%25e6%25a5%25bd%25e3%2581%2597%25e3%2582%2580%2F HTTP/2" 200 4076 "https://www.coridyan.com/%e3%82%aa%e3%83%b3%e3%83%a9%e3%82%a4%e3%83%b3%e3%81%a7%e7%84%a1%e6%96%99%e3%81%a7%e3%82%ae%e3%83%a3%e3%83%b3%e3%83%96%e3%83%ab%e3%82%92%e6%a5%bd%e3%81%97%e3%82%80/" "Mozilla/5.0 AppleWebKit/537.36 (KHTML, like Gecko; compatible; GPTBot/1.3; +https://openai.com/gptbot)"
74.7.242.22 - - [12/May/2026:07:13:11 +1000] "GET /wp-json/oembed/1.0/embed?format=xml&url=https%3A%2F%2Fwww.coridyan.com%2F%25ce%25b5%25cf%2580%25ce%25af%25ce%25b4%25ce%25b5%25ce%25b9%25ce%25be%25ce%25b7-glucose-rush-a-thousand-%25ce%25b1%25cf%2580%25cf%258c-%25cf%2584%25ce%25bf-practical-gamble-wager-%25ce%25b5%25ce%25bd%25cf%2584%25ce%25b5%25ce%25bb%25cf%258e%25cf%2582-%25ce%25b4%25cf%2589%25cf%2581%25ce%25b5%2F HTTP/2" 200 2168 "https://www.coridyan.com/%ce%b5%cf%80%ce%af%ce%b4%ce%b5%ce%b9%ce%be%ce%b7-glucose-rush-a-thousand-%ce%b1%cf%80%cf%8c-%cf%84%ce%bf-practical-gamble-wager-%ce%b5%ce%bd%cf%84%ce%b5%ce%bb%cf%8e%cf%82-%ce%b4%cf%89%cf%81%ce%b5/" "Mozilla/5.0 AppleWebKit/537.36 (KHTML, like Gecko; compatible; GPTBot/1.3; +https://openai.com/gptbot)"
216.73.216.86 - - [12/May/2026:07:13:12 +1000] "GET /?p=51811 HTTP/2" 200 22 "-" "Mozilla/5.0 AppleWebKit/537.36 (KHTML, like Gecko; compatible; ClaudeBot/1.0; +claudebot@anthropic.com)"
216.73.216.86 - - [12/May/2026:07:13:12 +1000] "GET /?p=72520 HTTP/2" 200 22 "-" "Mozilla/5.0 AppleWebKit/537.36 (KHTML, like Gecko; compatible; ClaudeBot/1.0; +claudebot@anthropic.com)"
216.73.216.86 - - [12/May/2026:07:13:12 +1000] "GET /raging-rhino-position/feed/ HTTP/2" 200 440 "-" "Mozilla/5.0 AppleWebKit/537.36 (KHTML, like Gecko; compatible; ClaudeBot/1.0; +claudebot@anthropic.com)"
216.73.216.86 - - [12/May/2026:07:13:12 +1000] "GET /?p=74882 HTTP/2" 200 22 "-" "Mozilla/5.0 AppleWebKit/537.36 (KHTML, like Gecko; compatible; ClaudeBot/1.0; +claudebot@anthropic.com)"
74.7.242.22 - - [12/May/2026:07:13:12 +1000] "GET /wp-json/oembed/1.0/embed?format=xml&url=https%3A%2F%2Fwww.coridyan.com%2Fletsbet-casino-app-download-au%2F HTTP/2" 200 1452 "https://www.coridyan.com/letsbet-casino-app-download-au/" "Mozilla/5.0 AppleWebKit/537.36 (KHTML, like Gecko; compatible; GPTBot/1.3; +https://openai.com/gptbot)"
216.73.216.86 - - [12/May/2026:07:13:12 +1000] "GET /raging-rhino-position-2/ HTTP/2" 200 39865 "-" "Mozilla/5.0 AppleWebKit/537.36 (KHTML, like Gecko; compatible; ClaudeBot/1.0; +claudebot@anthropic.com)"
216.73.216.86 - - [12/May/2026:07:13:15 +1000] "GET /?p=74812 HTTP/2" 200 22 "-" "Mozilla/5.0 AppleWebKit/537.36 (KHTML, like Gecko; compatible; ClaudeBot/1.0; +claudebot@anthropic.com)"
216.73.216.86 - - [12/May/2026:07:13:15 +1000] "GET /?p=74878 HTTP/2" 200 22 "-" "Mozilla/5.0 AppleWebKit/537.36 (KHTML, like Gecko; compatible; ClaudeBot/1.0; +claudebot@anthropic.com)"
216.73.216.86 - - [12/May/2026:07:13:15 +1000] "GET /?p=71657 HTTP/2" 200 22 "-" "Mozilla/5.0 AppleWebKit/537.36 (KHTML, like Gecko; compatible; ClaudeBot/1.0; +claudebot@anthropic.com)"
216.73.216.86 - - [12/May/2026:07:13:15 +1000] "GET /?p=71989 HTTP/2" 200 22 "-" "Mozilla/5.0 AppleWebKit/537.36 (KHTML, like Gecko; compatible; ClaudeBot/1.0; +claudebot@anthropic.com)"
74.7.242.22 - - [12/May/2026:07:13:15 +1000] "GET /wp-json/oembed/1.0/embed?format=xml&url=https%3A%2F%2Fwww.coridyan.com%2Fjettbet-casino-app-download-au%2F HTTP/2" 200 1454 "https://www.coridyan.com/jettbet-casino-app-download-au/" "Mozilla/5.0 AppleWebKit/537.36 (KHTML, like Gecko; compatible; GPTBot/1.3; +https://openai.com/gptbot)"
216.73.216.86 - - [12/May/2026:07:13:15 +1000] "GET /?p=73417 HTTP/2" 200 22 "-" "Mozilla/5.0 AppleWebKit/537.36 (KHTML, like Gecko; compatible; ClaudeBot/1.0; +claudebot@anthropic.com)"
216.73.216.86 - - [12/May/2026:07:13:17 +1000] "GET /?p=55371 HTTP/2" 200 22 "-" "Mozilla/5.0 AppleWebKit/537.36 (KHTML, like Gecko; compatible; ClaudeBot/1.0; +claudebot@anthropic.com)"
216.73.216.86 - - [12/May/2026:07:13:17 +1000] "GET /?p=51199 HTTP/2" 200 22 "-" "Mozilla/5.0 AppleWebKit/537.36 (KHTML, like Gecko; compatible; ClaudeBot/1.0; +claudebot@anthropic.com)"
216.73.216.86 - - [12/May/2026:07:13:17 +1000] "GET /?p=73419 HTTP/2" 200 22 "-" "Mozilla/5.0 AppleWebKit/537.36 (KHTML, like Gecko; compatible; ClaudeBot/1.0; +claudebot@anthropic.com)"
216.73.216.86 - - [12/May/2026:07:13:17 +1000] "GET /?p=52368 HTTP/2" 200 22 "-" "Mozilla/5.0 AppleWebKit/537.36 (KHTML, like Gecko; compatible; ClaudeBot/1.0; +claudebot@anthropic.com)"
74.7.242.22 - - [12/May/2026:07:13:17 +1000] "GET /wp-json/oembed/1.0/embed?format=xml&url=https%3A%2F%2Fwww.coridyan.com%2Foldgill-casino-app-download-au%2F HTTP/2" 200 1454 "https://www.coridyan.com/oldgill-casino-app-download-au/" "Mozilla/5.0 AppleWebKit/537.36 (KHTML, like Gecko; compatible; GPTBot/1.3; +https://openai.com/gptbot)"
216.73.216.86 - - [12/May/2026:07:13:17 +1000] "GET /?p=61095 HTTP/2" 200 22 "-" "Mozilla/5.0 AppleWebKit/537.36 (KHTML, like Gecko; compatible; ClaudeBot/1.0; +claudebot@anthropic.com)"
74.7.242.22 - - [12/May/2026:07:13:19 +1000] "GET /wp-json/oembed/1.0/embed?format=xml&url=https%3A%2F%2Fwww.coridyan.com%2Fspinsup-casino-app-download-au%2F HTTP/2" 200 1464 "https://www.coridyan.com/spinsup-casino-app-download-au/" "Mozilla/5.0 AppleWebKit/537.36 (KHTML, like Gecko; compatible; GPTBot/1.3; +https://openai.com/gptbot)"
74.7.242.22 - - [12/May/2026:07:13:21 +1000] "GET /wp-json/oembed/1.0/embed?format=xml&url=https%3A%2F%2Fwww.coridyan.com%2Fbetfoxx-casino-app-download-au%2F HTTP/2" 200 1466 "https://www.coridyan.com/betfoxx-casino-app-download-au/" "Mozilla/5.0 AppleWebKit/537.36 (KHTML, like Gecko; compatible; GPTBot/1.3; +https://openai.com/gptbot)"
74.7.242.22 - - [12/May/2026:07:13:23 +1000] "GET /wp-json/oembed/1.0/embed?format=xml&url=https%3A%2F%2Fwww.coridyan.com%2F%25e7%2584%25a1%25e6%2596%2599%25e3%2581%25a7%25e6%25a5%25bd%25e3%2581%2597%25e3%2582%2581%25e3%2582%258b%25e6%259c%2580%25e9%25ab%2598%25e3%2581%25ae%25e3%2582%25aa%25e3%2583%25b3%25e3%2583%25a9%25e3%2582%25a4%25e3%2583%25b3%25e3%2582%25b9%25e3%2583%25ad%25e3%2583%2583%25e3%2583%2588%25e3%2582%25b2%25e3%2583%25bc%25e3%2583%25a0%2F HTTP/2" 200 5093 "https://www.coridyan.com/%e7%84%a1%e6%96%99%e3%81%a7%e6%a5%bd%e3%81%97%e3%82%81%e3%82%8b%e6%9c%80%e9%ab%98%e3%81%ae%e3%82%aa%e3%83%b3%e3%83%a9%e3%82%a4%e3%83%b3%e3%82%b9%e3%83%ad%e3%83%83%e3%83%88%e3%82%b2%e3%83%bc%e3%83%a0/" "Mozilla/5.0 AppleWebKit/537.36 (KHTML, like Gecko; compatible; GPTBot/1.3; +https://openai.com/gptbot)"
192.178.4.100 - - [12/May/2026:07:13:23 +1000] "GET /content.php?product/82533658 HTTP/1.1" 200 29075 "-" "Mozilla/5.0 (Linux; Android 6.0.1; Nexus 5X Build/MMB29P) AppleWebKit/537.36 (KHTML, like Gecko) Chrome/147.0.7727.137 Mobile Safari/537.36 (compatible; Googlebot/2.1; +http://www.google.com/bot.html)"
74.7.242.22 - - [12/May/2026:07:13:24 +1000] "GET /wp-json/oembed/1.0/embed?format=xml&url=https%3A%2F%2Fwww.coridyan.com%2F%25e3%2582%25b9%25e3%2583%25ad%25e3%2583%2583%25e3%2583%2588%25e3%2583%259e%25e3%2582%25b7%25e3%2583%25b3%25e3%2581%25a7%25e5%258b%259d%25e5%2588%25a9%25e3%2581%2599%25e3%2582%258b%25e3%2581%259f%25e3%2582%2581%25e3%2581%25ae%25e3%2583%2592%25e3%2583%25b3%25e3%2583%2588%25ef%25bc%2588%25e3%2582%25a4%25e3%2582%25ae%25e3%2583%25aa%2F HTTP/2" 200 4460 "https://www.coridyan.com/%e3%82%b9%e3%83%ad%e3%83%83%e3%83%88%e3%83%9e%e3%82%b7%e3%83%b3%e3%81%a7%e5%8b%9d%e5%88%a9%e3%81%99%e3%82%8b%e3%81%9f%e3%82%81%e3%81%ae%e3%83%92%e3%83%b3%e3%83%88%ef%bc%88%e3%82%a4%e3%82%ae%e3%83%aa/" "Mozilla/5.0 AppleWebKit/537.36 (KHTML, like Gecko; compatible; GPTBot/1.3; +https://openai.com/gptbot)"
216.73.216.86 - - [12/May/2026:07:13:24 +1000] "GET /products/detail/67649572 HTTP/2" 200 35715 "-" "Mozilla/5.0 AppleWebKit/537.36 (KHTML, like Gecko; compatible; ClaudeBot/1.0; +claudebot@anthropic.com)"
216.73.216.86 - - [12/May/2026:07:13:24 +1000] "GET /products/detail/63392707 HTTP/2" 200 35663 "-" "Mozilla/5.0 AppleWebKit/537.36 (KHTML, like Gecko; compatible; ClaudeBot/1.0; +claudebot@anthropic.com)"
216.73.216.86 - - [12/May/2026:07:13:24 +1000] "GET /products/detail/53236801 HTTP/2" 200 35715 "-" "Mozilla/5.0 AppleWebKit/537.36 (KHTML, like Gecko; compatible; ClaudeBot/1.0; +claudebot@anthropic.com)"
216.73.216.86 - - [12/May/2026:07:13:24 +1000] "GET /products/detail/60493051 HTTP/2" 200 35709 "-" "Mozilla/5.0 AppleWebKit/537.36 (KHTML, like Gecko; compatible; ClaudeBot/1.0; +claudebot@anthropic.com)"
216.73.216.86 - - [12/May/2026:07:13:24 +1000] "GET /products/detail/57817666 HTTP/2" 200 35663 "-" "Mozilla/5.0 AppleWebKit/537.36 (KHTML, like Gecko; compatible; ClaudeBot/1.0; +claudebot@anthropic.com)"
74.7.242.22 - - [12/May/2026:07:13:27 +1000] "GET /wp-json/oembed/1.0/embed?format=xml&url=https%3A%2F%2Fwww.coridyan.com%2F%25e3%2583%2587%25e3%2582%25b6%25e3%2583%25bc%25e3%2583%2588%25e3%2583%2599%25e3%2583%258d%25e3%2583%2595%25e3%2582%25a3%25e3%2583%2583%25e3%2583%2588ii-%25e3%2583%258f%25e3%2583%25bc%25e3%2583%2590%25e3%2583%25bc%25e3%2582%25ba%25e3%2582%25b2%25e3%2583%25bc%25e3%2583%25a0%25e3%2582%25ba%25e7%2584%25a1%25e6%2596%2599%2F HTTP/2" 200 5363 "https://www.coridyan.com/%e3%83%87%e3%82%b6%e3%83%bc%e3%83%88%e3%83%99%e3%83%8d%e3%83%95%e3%82%a3%e3%83%83%e3%83%88ii-%e3%83%8f%e3%83%bc%e3%83%90%e3%83%bc%e3%82%ba%e3%82%b2%e3%83%bc%e3%83%a0%e3%82%ba%e7%84%a1%e6%96%99/" "Mozilla/5.0 AppleWebKit/537.36 (KHTML, like Gecko; compatible; GPTBot/1.3; +https://openai.com/gptbot)"
216.73.216.86 - - [12/May/2026:07:13:27 +1000] "GET /sphinx-three-dimensional-sphinx-3d-alive-position-remark/feed/ HTTP/2" 200 474 "-" "Mozilla/5.0 AppleWebKit/537.36 (KHTML, like Gecko; compatible; ClaudeBot/1.0; +claudebot@anthropic.com)"
57.141.14.112 - - [12/May/2026:07:13:26 +1000] "GET /author-sitemap.xml HTTP/2" 200 200120 "-" "meta-externalagent/1.1 (+https://developers.facebook.com/docs/sharing/webmasters/crawler)"
216.73.216.86 - - [12/May/2026:07:13:28 +1000] "GET /?p=69590 HTTP/2" 200 22 "-" "Mozilla/5.0 AppleWebKit/537.36 (KHTML, like Gecko; compatible; ClaudeBot/1.0; +claudebot@anthropic.com)"
74.7.242.22 - - [12/May/2026:07:13:29 +1000] "GET /wp-json/oembed/1.0/embed?format=xml&url=https%3A%2F%2Fwww.coridyan.com%2Fonline-roulette-app-download%2F HTTP/2" 200 1448 "https://www.coridyan.com/online-roulette-app-download/" "Mozilla/5.0 AppleWebKit/537.36 (KHTML, like Gecko; compatible; GPTBot/1.3; +https://openai.com/gptbot)"
216.73.216.86 - - [12/May/2026:07:13:30 +1000] "GET /?p=69214 HTTP/2" 200 22 "-" "Mozilla/5.0 AppleWebKit/537.36 (KHTML, like Gecko; compatible; ClaudeBot/1.0; +claudebot@anthropic.com)"
74.7.242.22 - - [12/May/2026:07:13:31 +1000] "GET /wp-json/oembed/1.0/embed?format=xml&url=https%3A%2F%2Fwww.coridyan.com%2Ffree-online-casino-download%2F HTTP/2" 200 1461 "https://www.coridyan.com/free-online-casino-download/" "Mozilla/5.0 AppleWebKit/537.36 (KHTML, like Gecko; compatible; GPTBot/1.3; +https://openai.com/gptbot)"
74.7.242.22 - - [12/May/2026:07:13:33 +1000] "GET /wp-json/oembed/1.0/embed?format=xml&url=https%3A%2F%2Fwww.coridyan.com%2Ffree-australia-bingo-download%2F HTTP/2" 200 22 "https://www.coridyan.com/free-australia-bingo-download/" "Mozilla/5.0 AppleWebKit/537.36 (KHTML, like Gecko; compatible; GPTBot/1.3; +https://openai.com/gptbot)"
216.73.216.86 - - [12/May/2026:07:13:32 +1000] "GET /?p=51951 HTTP/2" 200 22 "-" "Mozilla/5.0 AppleWebKit/537.36 (KHTML, like Gecko; compatible; ClaudeBot/1.0; +claudebot@anthropic.com)"
192.178.4.100 - - [12/May/2026:07:13:31 +1000] "GET /content.php?product/58421866 HTTP/1.1" 200 27968 "-" "Mozilla/5.0 (Linux; Android 6.0.1; Nexus 5X Build/MMB29P) AppleWebKit/537.36 (KHTML, like Gecko) Chrome/147.0.7727.137 Mobile Safari/537.36 (compatible; GoogleOther)"
200.25.47.105 - - [12/May/2026:07:13:28 +1000] "POST /xmlrpc.php HTTP/1.1" 200 657 "-" "Mozilla/5.0 (Windows NT 10.0; Win64; x64) AppleWebKit/537.36 (KHTML, like Gecko) Chrome/114.0.0.0 Safari/537.36"
216.73.216.86 - - [12/May/2026:07:13:34 +1000] "GET /treasure-aztec-software-online-gamble/ HTTP/2" 200 40973 "-" "Mozilla/5.0 AppleWebKit/537.36 (KHTML, like Gecko; compatible; ClaudeBot/1.0; +claudebot@anthropic.com)"
74.7.242.22 - - [12/May/2026:07:13:34 +1000] "GET /wp-json/oembed/1.0/embed?format=xml&url=https%3A%2F%2Fwww.coridyan.com%2Ffree-slots-no-deposit-no-card-details-no-download%2F HTTP/2" 200 1463 "https://www.coridyan.com/free-slots-no-deposit-no-card-details-no-download/" "Mozilla/5.0 AppleWebKit/537.36 (KHTML, like Gecko; compatible; GPTBot/1.3; +https://openai.com/gptbot)"
216.73.216.86 - - [12/May/2026:07:13:28 +1000] "GET /author/admlnlx/page/1665/ HTTP/2" 200 41003 "-" "Mozilla/5.0 AppleWebKit/537.36 (KHTML, like Gecko; compatible; ClaudeBot/1.0; +claudebot@anthropic.com)"
216.73.216.86 - - [12/May/2026:07:13:27 +1000] "GET /author/admlnlx/page/1694/ HTTP/2" 200 39897 "-" "Mozilla/5.0 AppleWebKit/537.36 (KHTML, like Gecko; compatible; ClaudeBot/1.0; +claudebot@anthropic.com)"
216.73.216.86 - - [12/May/2026:07:13:27 +1000] "GET /author/admlnlx/page/1753/ HTTP/2" 200 40787 "-" "Mozilla/5.0 AppleWebKit/537.36 (KHTML, like Gecko; compatible; ClaudeBot/1.0; +claudebot@anthropic.com)"
192.178.4.100 - - [12/May/2026:07:13:35 +1000] "GET /comment.php?products/anatomy-and-physiology-book/9754648/ HTTP/1.1" 200 34286 "-" "Mozilla/5.0 (Linux; Android 6.0.1; Nexus 5X Build/MMB29P) AppleWebKit/537.36 (KHTML, like Gecko) Chrome/147.0.7727.137 Mobile Safari/537.36 (compatible; Googlebot/2.1; +http://www.google.com/bot.html)"
216.73.216.86 - - [12/May/2026:07:13:36 +1000] "GET /?p=60881 HTTP/2" 200 22 "-" "Mozilla/5.0 AppleWebKit/537.36 (KHTML, like Gecko; compatible; ClaudeBot/1.0; +claudebot@anthropic.com)"
74.7.242.22 - - [12/May/2026:07:13:37 +1000] "GET /wp-json/oembed/1.0/embed?format=xml&url=https%3A%2F%2Fwww.coridyan.com%2Fthunderstruck-i24slot-app-download-2012%2F HTTP/2" 200 1612 "https://www.coridyan.com/thunderstruck-i24slot-app-download-2012/" "Mozilla/5.0 AppleWebKit/537.36 (KHTML, like Gecko; compatible; GPTBot/1.3; +https://openai.com/gptbot)"
216.73.216.86 - - [12/May/2026:07:13:37 +1000] "GET /?p=71312 HTTP/2" 200 22 "-" "Mozilla/5.0 AppleWebKit/537.36 (KHTML, like Gecko; compatible; ClaudeBot/1.0; +claudebot@anthropic.com)"
111.67.29.221 - - [12/May/2026:07:13:35 +1000] "POST /wp-cron.php?doing_wp_cron=1778534015.7172319889068603515625 HTTP/1.1" 200 445 "https://www.coridyan.com/wp-cron.php?doing_wp_cron=1778534015.7172319889068603515625" "WordPress/6.0.11; https://www.coridyan.com"
57.141.14.109 - - [12/May/2026:07:13:38 +1000] "GET /products/detail/59367637 HTTP/2" 200 137741 "-" "meta-externalagent/1.1 (+https://developers.facebook.com/docs/sharing/webmasters/crawler)"
216.73.216.86 - - [12/May/2026:07:13:38 +1000] "GET /products/detail/57836197 HTTP/2" 200 35663 "-" "Mozilla/5.0 AppleWebKit/537.36 (KHTML, like Gecko; compatible; ClaudeBot/1.0; +claudebot@anthropic.com)"
74.7.242.22 - - [12/May/2026:07:13:39 +1000] "GET /wp-json/oembed/1.0/embed?format=xml&url=https%3A%2F%2Fwww.coridyan.com%2F%25ce%25b7-%25cf%2584%25ce%25ad%25cf%2587%25ce%25bd%25ce%25b7-%25cf%2584%25ce%25bf%25cf%2585-%25ce%25ba%25ce%25ad%25cf%2581%25ce%25b4%25ce%25bf%25cf%2585%25cf%2582-%25ce%25bf%25ce%25b9-%25ce%25bc%25cf%2585%25cf%2583%25cf%2584%25ce%25b9%25ce%25ba%25ce%25ad%25cf%2582-%25ce%25bc%25ce%25b7%25cf%2587%25ce%25b1%25ce%25bd%25ce%25ad%2F HTTP/2" 200 1456 "https://www.coridyan.com/%ce%b7-%cf%84%ce%ad%cf%87%ce%bd%ce%b7-%cf%84%ce%bf%cf%85-%ce%ba%ce%ad%cf%81%ce%b4%ce%bf%cf%85%cf%82-%ce%bf%ce%b9-%ce%bc%cf%85%cf%83%cf%84%ce%b9%ce%ba%ce%ad%cf%82-%ce%bc%ce%b7%cf%87%ce%b1%ce%bd%ce%ad/" "Mozilla/5.0 AppleWebKit/537.36 (KHTML, like Gecko; compatible; GPTBot/1.3; +https://openai.com/gptbot)"
216.73.216.86 - - [12/May/2026:07:13:38 +1000] "GET /products/detail/61989058 HTTP/2" 200 35632 "-" "Mozilla/5.0 AppleWebKit/537.36 (KHTML, like Gecko; compatible; ClaudeBot/1.0; +claudebot@anthropic.com)"
216.73.216.86 - - [12/May/2026:07:13:38 +1000] "GET /products/detail/55272088 HTTP/2" 200 35663 "-" "Mozilla/5.0 AppleWebKit/537.36 (KHTML, like Gecko; compatible; ClaudeBot/1.0; +claudebot@anthropic.com)"
57.141.14.52 - - [12/May/2026:07:13:40 +1000] "GET /products/detail/68185936 HTTP/2" 200 137741 "-" "meta-externalagent/1.1 (+https://developers.facebook.com/docs/sharing/webmasters/crawler)"
74.7.242.22 - - [12/May/2026:07:13:41 +1000] "GET /wp-json/oembed/1.0/embed?format=xml&url=https%3A%2F%2Fwww.coridyan.com%2F%25ce%25b5%25ce%25bd%25cf%2584%25ce%25b5%25ce%25bb%25cf%258e%25cf%2582-%25ce%25b4%25cf%2589%25cf%2581%25ce%25b5%25ce%25ac%25ce%25bd-%25cf%2580%25ce%25b5%25cf%2581%25ce%25b9%25cf%2583%25cf%2584%25cf%2581%25ce%25bf%25cf%2586%25ce%25ad%25cf%2582-%25ce%25ba%25ce%25af%25ce%25bd%25ce%25b7%25cf%2584%25cf%2581%25ce%25b1-%25ce%25b7%2F HTTP/2" 200 2176 "https://www.coridyan.com/%ce%b5%ce%bd%cf%84%ce%b5%ce%bb%cf%8e%cf%82-%ce%b4%cf%89%cf%81%ce%b5%ce%ac%ce%bd-%cf%80%ce%b5%cf%81%ce%b9%cf%83%cf%84%cf%81%ce%bf%cf%86%ce%ad%cf%82-%ce%ba%ce%af%ce%bd%ce%b7%cf%84%cf%81%ce%b1-%ce%b7/" "Mozilla/5.0 AppleWebKit/537.36 (KHTML, like Gecko; compatible; GPTBot/1.3; +https://openai.com/gptbot)"
216.73.216.86 - - [12/May/2026:07:13:41 +1000] "GET /products/detail/67536640 HTTP/2" 200 35663 "-" "Mozilla/5.0 AppleWebKit/537.36 (KHTML, like Gecko; compatible; ClaudeBot/1.0; +claudebot@anthropic.com)"
216.73.216.86 - - [12/May/2026:07:13:41 +1000] "GET /products/detail/61188598 HTTP/2" 200 35645 "-" "Mozilla/5.0 AppleWebKit/537.36 (KHTML, like Gecko; compatible; ClaudeBot/1.0; +claudebot@anthropic.com)"
216.73.216.86 - - [12/May/2026:07:13:42 +1000] "GET /products/detail/66561490 HTTP/2" 200 35663 "-" "Mozilla/5.0 AppleWebKit/537.36 (KHTML, like Gecko; compatible; ClaudeBot/1.0; +claudebot@anthropic.com)"
74.7.242.22 - - [12/May/2026:07:13:43 +1000] "GET /wp-json/oembed/1.0/embed?format=xml&url=https%3A%2F%2Fwww.coridyan.com%2F%25cf%2580%25ce%25bb%25ce%25b1%25cf%2584%25cf%2586%25cf%258c%25cf%2581%25ce%25bc%25ce%25b1-%25ce%25ba%25ce%25b1%25ce%25b9-%25ce%25b1%25cf%2581%25ce%25b9%25ce%25b8%25ce%25bc%25ce%25bf%25ce%25bc%25ce%25b7%25cf%2587%25ce%25b1%25ce%25bd%25ce%25ae-%25ce%25ba%25ce%25b1%25ce%25b9-%25ce%25b5%25ce%25ba%25cf%2584%25ce%25b5%25cf%2584%2F HTTP/2" 200 2271 "https://www.coridyan.com/%cf%80%ce%bb%ce%b1%cf%84%cf%86%cf%8c%cf%81%ce%bc%ce%b1-%ce%ba%ce%b1%ce%b9-%ce%b1%cf%81%ce%b9%ce%b8%ce%bc%ce%bf%ce%bc%ce%b7%cf%87%ce%b1%ce%bd%ce%ae-%ce%ba%ce%b1%ce%b9-%ce%b5%ce%ba%cf%84%ce%b5%cf%84/" "Mozilla/5.0 AppleWebKit/537.36 (KHTML, like Gecko; compatible; GPTBot/1.3; +https://openai.com/gptbot)"
192.178.4.100 - - [12/May/2026:07:13:41 +1000] "GET /content.php?product/87319978 HTTP/1.1" 200 29655 "-" "Mozilla/5.0 (Linux; Android 6.0.1; Nexus 5X Build/MMB29P) AppleWebKit/537.36 (KHTML, like Gecko) Chrome/147.0.7727.137 Mobile Safari/537.36 (compatible; Googlebot/2.1; +http://www.google.com/bot.html)"
216.73.216.86 - - [12/May/2026:07:13:43 +1000] "GET /products/detail/61117453 HTTP/2" 200 35663 "-" "Mozilla/5.0 AppleWebKit/537.36 (KHTML, like Gecko; compatible; ClaudeBot/1.0; +claudebot@anthropic.com)"
216.73.216.86 - - [12/May/2026:07:13:44 +1000] "GET /products/detail/57038095 HTTP/2" 200 35663 "-" "Mozilla/5.0 AppleWebKit/537.36 (KHTML, like Gecko; compatible; ClaudeBot/1.0; +claudebot@anthropic.com)"
216.73.216.86 - - [12/May/2026:07:13:44 +1000] "GET /products/detail/54175006 HTTP/2" 200 35663 "-" "Mozilla/5.0 AppleWebKit/537.36 (KHTML, like Gecko; compatible; ClaudeBot/1.0; +claudebot@anthropic.com)"
74.7.242.22 - - [12/May/2026:07:13:44 +1000] "GET /wp-json/oembed/1.0/embed?format=xml&url=https%3A%2F%2Fwww.coridyan.com%2F%25cf%2580%25cf%2581%25ce%25b1%25ce%25ba%25cf%2584%25ce%25b9%25ce%25ba%25cf%258c%25cf%2582-%25ce%25bf%25ce%25b4%25ce%25b7%25ce%25b3%25cf%258c%25cf%2582-%25ce%25b3%25ce%25b9%25ce%25b1-%25ce%25b4%25cf%2589%25cf%2581%25ce%25b5%25ce%25ac%25ce%25bd-%25cf%2580%25ce%25b5%25cf%2581%25ce%25b9%25cf%2583%25cf%2584%25cf%2581%25ce%25bf%2F HTTP/2" 200 2151 "https://www.coridyan.com/%cf%80%cf%81%ce%b1%ce%ba%cf%84%ce%b9%ce%ba%cf%8c%cf%82-%ce%bf%ce%b4%ce%b7%ce%b3%cf%8c%cf%82-%ce%b3%ce%b9%ce%b1-%ce%b4%cf%89%cf%81%ce%b5%ce%ac%ce%bd-%cf%80%ce%b5%cf%81%ce%b9%cf%83%cf%84%cf%81%ce%bf/" "Mozilla/5.0 AppleWebKit/537.36 (KHTML, like Gecko; compatible; GPTBot/1.3; +https://openai.com/gptbot)"
200.25.47.105 - - [12/May/2026:07:13:44 +1000] "POST /xmlrpc.php HTTP/1.1" 200 11558 "-" "Mozilla/5.0 (Windows NT 10.0; Win64; x64) AppleWebKit/537.36 (KHTML, like Gecko) Chrome/114.0.0.0 Safari/537.36"
216.73.216.86 - - [12/May/2026:07:13:46 +1000] "GET /products/detail/62034526 HTTP/2" 200 35709 "-" "Mozilla/5.0 AppleWebKit/537.36 (KHTML, like Gecko; compatible; ClaudeBot/1.0; +claudebot@anthropic.com)"
216.73.216.86 - - [12/May/2026:07:13:46 +1000] "GET /products/detail/62303806 HTTP/2" 200 35663 "-" "Mozilla/5.0 AppleWebKit/537.36 (KHTML, like Gecko; compatible; ClaudeBot/1.0; +claudebot@anthropic.com)"
74.7.242.22 - - [12/May/2026:07:13:46 +1000] "GET /wp-json/oembed/1.0/embed?format=xml&url=https%3A%2F%2Fwww.coridyan.com%2F%25cf%2580%25ce%25bf%25cf%2583%25ce%25bf%25cf%2583%25cf%2584%25ce%25af%25cf%2583%25ce%25b5%25ce%25b9%25cf%2582-%25cf%2583%25cf%2584%25ce%25bf-%25ce%25ba%25cf%258d%25cf%2581%25ce%25b9%25ce%25bf%25ce%25bd-%25ce%25bb%25ce%25bf%25ce%25b3%25ce%25b1%25cf%2581%25ce%25b9%25ce%25b1%25cf%2583%25ce%25bc%25cf%258c-%25cf%2584%25ce%25bf%2F HTTP/2" 200 1453 "https://www.coridyan.com/%cf%80%ce%bf%cf%83%ce%bf%cf%83%cf%84%ce%af%cf%83%ce%b5%ce%b9%cf%82-%cf%83%cf%84%ce%bf-%ce%ba%cf%8d%cf%81%ce%b9%ce%bf%ce%bd-%ce%bb%ce%bf%ce%b3%ce%b1%cf%81%ce%b9%ce%b1%cf%83%ce%bc%cf%8c-%cf%84%ce%bf/" "Mozilla/5.0 AppleWebKit/537.36 (KHTML, like Gecko; compatible; GPTBot/1.3; +https://openai.com/gptbot)"
216.73.216.86 - - [12/May/2026:07:13:46 +1000] "GET /products/detail/59542021 HTTP/2" 200 35663 "-" "Mozilla/5.0 AppleWebKit/537.36 (KHTML, like Gecko; compatible; ClaudeBot/1.0; +claudebot@anthropic.com)"
216.73.216.86 - - [12/May/2026:07:13:48 +1000] "GET /products/detail/55233001 HTTP/2" 200 35663 "-" "Mozilla/5.0 AppleWebKit/537.36 (KHTML, like Gecko; compatible; ClaudeBot/1.0; +claudebot@anthropic.com)"
216.73.216.86 - - [12/May/2026:07:13:48 +1000] "GET /products/detail/61160257 HTTP/2" 200 35709 "-" "Mozilla/5.0 AppleWebKit/537.36 (KHTML, like Gecko; compatible; ClaudeBot/1.0; +claudebot@anthropic.com)"
74.7.242.22 - - [12/May/2026:07:13:48 +1000] "GET /wp-json/oembed/1.0/embed?format=xml&url=https%3A%2F%2Fwww.coridyan.com%2F%25ce%25b1%25cf%2580%25ce%25bf%25ce%25b4%25ce%25b5%25ce%25b4%25ce%25b5%25ce%25b9%25ce%25b3%25ce%25bc%25ce%25ad%25ce%25bd%25ce%25b1-%25ce%25bb%25ce%25bf%25ce%25b3%25ce%25b9%25ce%25ba%25ce%25ac-%25cf%2580%25cf%2581%25cf%2589%25cf%2584%25cf%258c%25cf%2584%25cf%2585%25cf%2580%25ce%25b1-%25cf%2584%25ce%25b6%25ce%25ac%2F HTTP/2" 200 2150 "https://www.coridyan.com/%ce%b1%cf%80%ce%bf%ce%b4%ce%b5%ce%b4%ce%b5%ce%b9%ce%b3%ce%bc%ce%ad%ce%bd%ce%b1-%ce%bb%ce%bf%ce%b3%ce%b9%ce%ba%ce%ac-%cf%80%cf%81%cf%89%cf%84%cf%8c%cf%84%cf%85%cf%80%ce%b1-%cf%84%ce%b6%ce%ac/" "Mozilla/5.0 AppleWebKit/537.36 (KHTML, like Gecko; compatible; GPTBot/1.3; +https://openai.com/gptbot)"
216.73.216.86 - - [12/May/2026:07:13:49 +1000] "GET /products/detail/53507926 HTTP/2" 200 35715 "-" "Mozilla/5.0 AppleWebKit/537.36 (KHTML, like Gecko; compatible; ClaudeBot/1.0; +claudebot@anthropic.com)"
74.7.242.22 - - [12/May/2026:07:13:50 +1000] "GET /wp-json/oembed/1.0/embed?format=xml&url=https%3A%2F%2Fwww.coridyan.com%2F%25ce%25b1%25ce%25b8%25ce%25ac%25ce%25bd%25ce%25b1%25cf%2584%25ce%25b7-%25cf%2586%25ce%25bb%25ce%25ad%25ce%25b2%25ce%25b1-%25cf%2583%25cf%2587%25ce%25ad%25cf%2583%25ce%25b7%25cf%2582-%25ce%25b1%25cf%2580%25cf%258c-%25cf%2584%25ce%25bf-%25ce%25b1%25cf%2583%25ce%25b7%25ce%25bc%25ce%25ad%25ce%25bd%25ce%25b9%25ce%25bf-%25ce%25ba%2F HTTP/2" 200 2050 "https://www.coridyan.com/%ce%b1%ce%b8%ce%ac%ce%bd%ce%b1%cf%84%ce%b7-%cf%86%ce%bb%ce%ad%ce%b2%ce%b1-%cf%83%cf%87%ce%ad%cf%83%ce%b7%cf%82-%ce%b1%cf%80%cf%8c-%cf%84%ce%bf-%ce%b1%cf%83%ce%b7%ce%bc%ce%ad%ce%bd%ce%b9%ce%bf-%ce%ba/" "Mozilla/5.0 AppleWebKit/537.36 (KHTML, like Gecko; compatible; GPTBot/1.3; +https://openai.com/gptbot)"
74.7.242.22 - - [12/May/2026:07:13:52 +1000] "GET /wp-json/oembed/1.0/embed?format=xml&url=https%3A%2F%2Fwww.coridyan.com%2Fcasinonic-casino-signup-free-spins-australia%2F HTTP/2" 200 1482 "https://www.coridyan.com/casinonic-casino-signup-free-spins-australia/" "Mozilla/5.0 AppleWebKit/537.36 (KHTML, like Gecko; compatible; GPTBot/1.3; +https://openai.com/gptbot)"
200.25.47.105 - - [12/May/2026:07:13:49 +1000] "GET /gonzos-goldbet-%D2%9Boldanbasyn-apk-zh%D2%AFkteu-journey-oyyn-avtomattary-netent-%D2%B1syn%D2%93an-teg%D1%96n-demonstratsiyadan-l%D3%99zzat-aly%D2%A3yz/ HTTP/1.1" 200 155603 "-" "Mozilla/5.0 (Windows NT 10.0; Win64; x64) AppleWebKit/537.36 (KHTML, like Gecko) Chrome/109.0.0.0 Safari/537.36"
74.7.242.22 - - [12/May/2026:07:13:54 +1000] "GET /wp-json/oembed/1.0/embed?format=xml&url=https%3A%2F%2Fwww.coridyan.com%2F%25d8%25a8%25d9%2587%25d8%25aa%25d8%25b1%25db%258c%25d9%2586-%25d8%25a7%25d9%25be%25d9%2584%25db%258c%25da%25a9%25db%258c%25d8%25b4%25d9%2586%25d9%2587%25d8%25a7%25db%258c-%25d9%25be%25d9%2588%25da%25a9%25db%258c%25d8%25b2-%25d8%25af%25d8%25b1-%25d8%25b3%25d8%25b1%25d8%25a7%25d8%25b3%25d8%25b1-%25d8%25a7%25d8%25b3%2F HTTP/2" 200 2034 "https://www.coridyan.com/%d8%a8%d9%87%d8%aa%d8%b1%db%8c%d9%86-%d8%a7%d9%be%d9%84%db%8c%da%a9%db%8c%d8%b4%d9%86%d9%87%d8%a7%db%8c-%d9%be%d9%88%da%a9%db%8c%d8%b2-%d8%af%d8%b1-%d8%b3%d8%b1%d8%a7%d8%b3%d8%b1-%d8%a7%d8%b3/" "Mozilla/5.0 AppleWebKit/537.36 (KHTML, like Gecko; compatible; GPTBot/1.3; +https://openai.com/gptbot)"
57.141.14.7 - - [12/May/2026:07:13:54 +1000] "GET /products/detail/62552674 HTTP/2" 200 137741 "-" "meta-externalagent/1.1 (+https://developers.facebook.com/docs/sharing/webmasters/crawler)"
74.7.242.22 - - [12/May/2026:07:13:56 +1000] "GET /wp-json/oembed/1.0/embed?format=xml&url=https%3A%2F%2Fwww.coridyan.com%2F100%25e7%2584%25a1%25e6%2596%2599%25e8%25b3%25bc%25e8%25aa%25ad%2F HTTP/2" 200 5006 "https://www.coridyan.com/100%e7%84%a1%e6%96%99%e8%b3%bc%e8%aa%ad/" "Mozilla/5.0 AppleWebKit/537.36 (KHTML, like Gecko; compatible; GPTBot/1.3; +https://openai.com/gptbot)"
57.141.14.84 - - [12/May/2026:07:13:55 +1000] "GET /products/detail/66354733 HTTP/2" 200 137741 "-" "meta-externalagent/1.1 (+https://developers.facebook.com/docs/sharing/webmasters/crawler)"
57.141.14.2 - - [12/May/2026:07:13:57 +1000] "GET /products/detail/63496999 HTTP/2" 200 137741 "-" "meta-externalagent/1.1 (+https://developers.facebook.com/docs/sharing/webmasters/crawler)"
74.7.242.22 - - [12/May/2026:07:13:57 +1000] "GET /wp-json/oembed/1.0/embed?format=xml&url=https%3A%2F%2Fwww.coridyan.com%2F%25d1%2588%25d0%25b8%25d0%25bd%25d0%25b8%25d0%25bd%25d0%25b3-%25d0%25ba%25d1%2580%25d0%25be%25d1%2583%25d0%25bd-%25d0%25bf%25d1%2580%25d0%25b5%25d0%25b4%25d0%25bc%25d0%25b5%25d1%2582%25d0%25be%25d1%2582-%25d0%25b8-%25d0%25b7%25d0%25bd%25d0%25b0%25d1%2587%25d0%25b5%25d1%259a%25d0%25b5%25d1%2582%25d0%25be-%25d0%25bd%25d0%25b0%2F HTTP/2" 200 1459 "https://www.coridyan.com/%d1%88%d0%b8%d0%bd%d0%b8%d0%bd%d0%b3-%d0%ba%d1%80%d0%be%d1%83%d0%bd-%d0%bf%d1%80%d0%b5%d0%b4%d0%bc%d0%b5%d1%82%d0%be%d1%82-%d0%b8-%d0%b7%d0%bd%d0%b0%d1%87%d0%b5%d1%9a%d0%b5%d1%82%d0%be-%d0%bd%d0%b0/" "Mozilla/5.0 AppleWebKit/537.36 (KHTML, like Gecko; compatible; GPTBot/1.3; +https://openai.com/gptbot)"
57.141.14.36 - - [12/May/2026:07:13:58 +1000] "GET /products/detail/55283248 HTTP/2" 200 137741 "-" "meta-externalagent/1.1 (+https://developers.facebook.com/docs/sharing/webmasters/crawler)"
74.7.242.22 - - [12/May/2026:07:14:00 +1000] "GET /wp-json/oembed/1.0/embed?format=xml&url=https%3A%2F%2Fwww.coridyan.com%2F%25e3%2582%25b0%25e3%2583%25a9%25e3%2583%2587%25e3%2582%25a3%25e3%2582%25a8%25e3%2583%25bc%25e3%2582%25bf%25e3%2583%25bc%25ef%25bc%259a%25e3%2582%25b9%25e3%2583%25bc%25e3%2583%2591%25e3%2583%25bc%25e3%2582%25ad%25e3%2583%25a3%25e3%2583%2583%25e3%2582%25b7%25e3%2583%25a5%25e3%2582%25ae%25e3%2583%25a3%25e3%2582%25b6%25e3%2583%25bc-p%2F HTTP/2" 200 5491 "https://www.coridyan.com/%e3%82%b0%e3%83%a9%e3%83%87%e3%82%a3%e3%82%a8%e3%83%bc%e3%82%bf%e3%83%bc%ef%bc%9a%e3%82%b9%e3%83%bc%e3%83%91%e3%83%bc%e3%82%ad%e3%83%a3%e3%83%83%e3%82%b7%e3%83%a5%e3%82%ae%e3%83%a3%e3%82%b6%e3%83%bc-p/" "Mozilla/5.0 AppleWebKit/537.36 (KHTML, like Gecko; compatible; GPTBot/1.3; +https://openai.com/gptbot)"
52.167.144.138 - - [12/May/2026:07:13:58 +1000] "GET /guide-complet-du-casino-en-ligne-tout-ce-que-vous-devez-savoir-12/ HTTP/2" 200 32471 "-" "Mozilla/5.0 AppleWebKit/537.36 (KHTML, like Gecko; compatible; bingbot/2.0; +http://www.bing.com/bingbot.htm) Chrome/116.0.1938.76 Safari/537.36"
74.7.242.22 - - [12/May/2026:07:14:02 +1000] "GET /wp-json/oembed/1.0/embed?format=xml&url=https%3A%2F%2Fwww.coridyan.com%2F%25e3%2583%2593%25e3%2583%2583%25e3%2582%25b0%25e3%2582%25b9%25e3%2582%25bf%25e3%2582%25a4%25e3%2583%25ab%25e3%2581%25a7%25e3%2583%25aa%25e3%2582%25b9%25e3%2582%25af%25e3%2583%258f%25e3%2582%25a4%25e3%2583%259c%25e3%2583%25ab%25e3%2583%2586%25e3%2583%25bc%25e3%2582%25b8%25e3%2582%2592%25e3%2581%258a%25e6%25a5%25bd%25e3%2581%2597%2F HTTP/2" 200 4643 "https://www.coridyan.com/%e3%83%93%e3%83%83%e3%82%b0%e3%82%b9%e3%82%bf%e3%82%a4%e3%83%ab%e3%81%a7%e3%83%aa%e3%82%b9%e3%82%af%e3%83%8f%e3%82%a4%e3%83%9c%e3%83%ab%e3%83%86%e3%83%bc%e3%82%b8%e3%82%92%e3%81%8a%e6%a5%bd%e3%81%97/" "Mozilla/5.0 AppleWebKit/537.36 (KHTML, like Gecko; compatible; GPTBot/1.3; +https://openai.com/gptbot)"
192.178.4.100 - - [12/May/2026:07:14:00 +1000] "GET /content.php?product/110066242 HTTP/1.1" 200 28538 "-" "Mozilla/5.0 (Linux; Android 6.0.1; Nexus 5X Build/MMB29P) AppleWebKit/537.36 (KHTML, like Gecko) Chrome/147.0.7727.137 Mobile Safari/537.36 (compatible; Googlebot/2.1; +http://www.google.com/bot.html)"
74.7.242.22 - - [12/May/2026:07:14:03 +1000] "GET /wp-json/oembed/1.0/embed?format=xml&url=https%3A%2F%2Fwww.coridyan.com%2F%25e3%2583%259e%25e3%2582%25a4%25e3%2582%25af%25e3%2583%25ad%25e3%2582%25b2%25e3%2583%25bc%25e3%2583%259f%25e3%2583%25b3%25e3%2582%25b0%25e3%2581%25ae%25e3%2581%259f%25e3%2582%2581%25e3%2580%2581%25e3%2583%2597%25e3%2583%25ac%25e3%2582%25a4%25e3%2583%259d%25e3%2582%25b8%25e3%2582%25b7%25e3%2583%25a7%25e3%2583%25b3%25e3%2581%25af%2F HTTP/2" 200 3721 "https://www.coridyan.com/%e3%83%9e%e3%82%a4%e3%82%af%e3%83%ad%e3%82%b2%e3%83%bc%e3%83%9f%e3%83%b3%e3%82%b0%e3%81%ae%e3%81%9f%e3%82%81%e3%80%81%e3%83%97%e3%83%ac%e3%82%a4%e3%83%9d%e3%82%b8%e3%82%b7%e3%83%a7%e3%83%b3%e3%81%af/" "Mozilla/5.0 AppleWebKit/537.36 (KHTML, like Gecko; compatible; GPTBot/1.3; +https://openai.com/gptbot)"
192.178.4.100 - - [12/May/2026:07:14:02 +1000] "GET /content.php?product/64522210 HTTP/1.1" 200 30471 "-" "Mozilla/5.0 (Linux; Android 6.0.1; Nexus 5X Build/MMB29P) AppleWebKit/537.36 (KHTML, like Gecko) Chrome/147.0.7727.137 Mobile Safari/537.36 (compatible; GoogleOther)"
74.7.242.22 - - [12/May/2026:07:14:05 +1000] "GET /wp-json/oembed/1.0/embed?format=xml&url=https%3A%2F%2Fwww.coridyan.com%2F%25e3%2582%25aa%25e3%2583%25bc%25e3%2582%25b9%25e3%2583%2588%25e3%2583%25a9%25e3%2583%25aa%25e3%2582%25a2%25e3%2581%25ae%25e3%2582%25aa%25e3%2583%25b3%25e3%2583%25a9%25e3%2582%25a4%25e3%2583%25b3%25e3%2583%259d%25e3%2583%25bc%25e3%2582%25ab%25e3%2583%25bc%25e3%2582%25ab%25e3%2582%25b8%25e3%2583%258e%25e8%25a9%2595%25e4%25be%25a1%2F HTTP/2" 200 5445 "https://www.coridyan.com/%e3%82%aa%e3%83%bc%e3%82%b9%e3%83%88%e3%83%a9%e3%83%aa%e3%82%a2%e3%81%ae%e3%82%aa%e3%83%b3%e3%83%a9%e3%82%a4%e3%83%b3%e3%83%9d%e3%83%bc%e3%82%ab%e3%83%bc%e3%82%ab%e3%82%b8%e3%83%8e%e8%a9%95%e4%be%a1/" "Mozilla/5.0 AppleWebKit/537.36 (KHTML, like Gecko; compatible; GPTBot/1.3; +https://openai.com/gptbot)"
216.73.216.86 - - [12/May/2026:07:14:05 +1000] "GET /down-load-gamble-pokies-starry-gambling-enterprise-harbors-for-the-desktop-mac-emulator/ HTTP/2" 200 40307 "-" "Mozilla/5.0 AppleWebKit/537.36 (KHTML, like Gecko; compatible; ClaudeBot/1.0; +claudebot@anthropic.com)"
216.73.216.86 - - [12/May/2026:07:14:05 +1000] "GET /lapland-comment-and-you-may-step-1-deposit-mega-moolah-bonuses-2026/ HTTP/2" 200 40287 "-" "Mozilla/5.0 AppleWebKit/537.36 (KHTML, like Gecko; compatible; ClaudeBot/1.0; +claudebot@anthropic.com)"
74.7.242.22 - - [12/May/2026:07:14:07 +1000] "GET /wp-json/oembed/1.0/embed?format=xml&url=https%3A%2F%2Fwww.coridyan.com%2F%25e3%2582%25aa%25e3%2583%25b3%25e3%2583%25a9%25e3%2582%25a4%25e3%2583%25b3%25e3%2582%25b9%25e3%2583%25ad%25e3%2583%2583%25e3%2583%2588%25e3%2581%25ae%25e6%259c%2580%25e9%25ab%2598%25e3%2581%25ae%25e7%2584%25a1%25e6%2596%2599%25ef%25bc%2586%25e3%2583%2587%25e3%2583%25a2%25e3%2582%25b2%25e3%2583%25bc%25e3%2583%25a0%25ef%25bc%258820%2F HTTP/2" 200 5509 "https://www.coridyan.com/%e3%82%aa%e3%83%b3%e3%83%a9%e3%82%a4%e3%83%b3%e3%82%b9%e3%83%ad%e3%83%83%e3%83%88%e3%81%ae%e6%9c%80%e9%ab%98%e3%81%ae%e7%84%a1%e6%96%99%ef%bc%86%e3%83%87%e3%83%a2%e3%82%b2%e3%83%bc%e3%83%a0%ef%bc%8820/" "Mozilla/5.0 AppleWebKit/537.36 (KHTML, like Gecko; compatible; GPTBot/1.3; +https://openai.com/gptbot)"
74.7.242.22 - - [12/May/2026:07:14:09 +1000] "GET /wp-json/oembed/1.0/embed?format=xml&url=https%3A%2F%2Fwww.coridyan.com%2Ffree-slot-machines-with-multiple-free-spins-no-download%2F HTTP/2" 200 1489 "https://www.coridyan.com/free-slot-machines-with-multiple-free-spins-no-download/" "Mozilla/5.0 AppleWebKit/537.36 (KHTML, like Gecko; compatible; GPTBot/1.3; +https://openai.com/gptbot)"
74.7.242.22 - - [12/May/2026:07:14:11 +1000] "GET /wp-json/oembed/1.0/embed?format=xml&url=https%3A%2F%2Fwww.coridyan.com%2Fcasino-free-game-download%2F HTTP/2" 200 1457 "https://www.coridyan.com/casino-free-game-download/" "Mozilla/5.0 AppleWebKit/537.36 (KHTML, like Gecko; compatible; GPTBot/1.3; +https://openai.com/gptbot)"
216.73.216.86 - - [12/May/2026:07:14:08 +1000] "GET /anbietervergleich-der-tagesordnungspunkt-40/feed/ HTTP/2" 200 458 "-" "Mozilla/5.0 AppleWebKit/537.36 (KHTML, like Gecko; compatible; ClaudeBot/1.0; +claudebot@anthropic.com)"
216.73.216.86 - - [12/May/2026:07:14:05 +1000] "GET /funky-good-fresh-fruit-position-play-free-playtech-games-on-the-web/feed/ HTTP/2" 200 496 "-" "Mozilla/5.0 AppleWebKit/537.36 (KHTML, like Gecko; compatible; ClaudeBot/1.0; +claudebot@anthropic.com)"
216.73.216.86 - - [12/May/2026:07:14:05 +1000] "GET /solar-queen-belzebu-play-free-slots-at-great-com/feed/ HTTP/2" 200 480 "-" "Mozilla/5.0 AppleWebKit/537.36 (KHTML, like Gecko; compatible; ClaudeBot/1.0; +claudebot@anthropic.com)"
216.73.216.86 - - [12/May/2026:07:14:08 +1000] "GET /skip-kitty-position-play-aristocrat-free-slot-machine-game/feed/ HTTP/2" 200 486 "-" "Mozilla/5.0 AppleWebKit/537.36 (KHTML, like Gecko; compatible; ClaudeBot/1.0; +claudebot@anthropic.com)"
74.7.242.22 - - [12/May/2026:07:14:13 +1000] "GET /wp-json/oembed/1.0/embed?format=xml&url=https%3A%2F%2Fwww.coridyan.com%2F%25e5%2588%25b6%25e9%2599%2590%25e3%2581%2595%25e3%2582%258c%25e3%2581%25a6%25e3%2581%2584%25e3%2582%258b%25e5%259b%25bd%2F HTTP/2" 200 4426 "https://www.coridyan.com/%e5%88%b6%e9%99%90%e3%81%95%e3%82%8c%e3%81%a6%e3%81%84%e3%82%8b%e5%9b%bd/" "Mozilla/5.0 AppleWebKit/537.36 (KHTML, like Gecko; compatible; GPTBot/1.3; +https://openai.com/gptbot)"
216.73.216.86 - - [12/May/2026:07:14:14 +1000] "GET /jetton-otzyvy-igrokov-stoit-li-igrat-v-kazino-i/feed/ HTTP/2" 200 556 "-" "Mozilla/5.0 AppleWebKit/537.36 (KHTML, like Gecko; compatible; ClaudeBot/1.0; +claudebot@anthropic.com)"
216.73.216.86 - - [12/May/2026:07:14:15 +1000] "GET /comme-jouer-a-la-roulette-information-additionnelle-des-absolves-a-apprendre-2026/ HTTP/2" 200 40964 "-" "Mozilla/5.0 AppleWebKit/537.36 (KHTML, like Gecko; compatible; ClaudeBot/1.0; +claudebot@anthropic.com)"
74.7.242.22 - - [12/May/2026:07:14:15 +1000] "GET /wp-json/oembed/1.0/embed?format=xml&url=https%3A%2F%2Fwww.coridyan.com%2Fcasino-video-template-free-download%2F HTTP/2" 200 1470 "https://www.coridyan.com/casino-video-template-free-download/" "Mozilla/5.0 AppleWebKit/537.36 (KHTML, like Gecko; compatible; GPTBot/1.3; +https://openai.com/gptbot)"
216.73.216.86 - - [12/May/2026:07:14:17 +1000] "GET /ports-pharaohs-means-gambling-enterprise-programs-on-google-gamble/ HTTP/2" 200 40564 "-" "Mozilla/5.0 AppleWebKit/537.36 (KHTML, like Gecko; compatible; ClaudeBot/1.0; +claudebot@anthropic.com)"
74.7.242.22 - - [12/May/2026:07:14:17 +1000] "GET /wp-json/oembed/1.0/embed?format=xml&url=https%3A%2F%2Fwww.coridyan.com%2Fno-download-roulette%2F HTTP/2" 200 1434 "https://www.coridyan.com/no-download-roulette/" "Mozilla/5.0 AppleWebKit/537.36 (KHTML, like Gecko; compatible; GPTBot/1.3; +https://openai.com/gptbot)"
216.73.216.86 - - [12/May/2026:07:14:18 +1000] "GET /3-000-bonus-zugangsberechtigung/ HTTP/2" 200 40242 "-" "Mozilla/5.0 AppleWebKit/537.36 (KHTML, like Gecko; compatible; ClaudeBot/1.0; +claudebot@anthropic.com)"
74.7.242.22 - - [12/May/2026:07:14:19 +1000] "GET /wp-json/oembed/1.0/embed?url=https%3A%2F%2Fwww.coridyan.com%2Fdazard-casino-signup-free-spins-au%2F HTTP/2" 200 1437 "https://www.coridyan.com/dazard-casino-signup-free-spins-au/" "Mozilla/5.0 AppleWebKit/537.36 (KHTML, like Gecko; compatible; GPTBot/1.3; +https://openai.com/gptbot)"
216.73.216.86 - - [12/May/2026:07:14:19 +1000] "GET /merry-christmas-remark-2026/feed/ HTTP/2" 200 449 "-" "Mozilla/5.0 AppleWebKit/537.36 (KHTML, like Gecko; compatible; ClaudeBot/1.0; +claudebot@anthropic.com)"
216.73.216.86 - - [12/May/2026:07:14:20 +1000] "GET /products/detail/54625069 HTTP/2" 200 35663 "-" "Mozilla/5.0 AppleWebKit/537.36 (KHTML, like Gecko; compatible; ClaudeBot/1.0; +claudebot@anthropic.com)"
192.178.4.100 - - [12/May/2026:07:14:19 +1000] "GET /content.php?product/93289282 HTTP/1.1" 200 28682 "-" "Mozilla/5.0 (Linux; Android 6.0.1; Nexus 5X Build/MMB29P) AppleWebKit/537.36 (KHTML, like Gecko) Chrome/147.0.7727.137 Mobile Safari/537.36 (compatible; Googlebot/2.1; +http://www.google.com/bot.html)"
74.7.242.22 - - [12/May/2026:07:14:21 +1000] "GET /wp-json/oembed/1.0/embed?format=xml&url=https%3A%2F%2Fwww.coridyan.com%2Fplay-news-risk-high-voltage-no-download-free-trial%2F HTTP/2" 200 1599 "https://www.coridyan.com/play-news-risk-high-voltage-no-download-free-trial/" "Mozilla/5.0 AppleWebKit/537.36 (KHTML, like Gecko; compatible; GPTBot/1.3; +https://openai.com/gptbot)"
216.73.216.86 - - [12/May/2026:07:14:22 +1000] "GET /products/detail/54603109 HTTP/2" 200 35663 "-" "Mozilla/5.0 AppleWebKit/537.36 (KHTML, like Gecko; compatible; ClaudeBot/1.0; +claudebot@anthropic.com)"
216.73.216.86 - - [12/May/2026:07:14:23 +1000] "GET /products/detail/61704118 HTTP/2" 200 35663 "-" "Mozilla/5.0 AppleWebKit/537.36 (KHTML, like Gecko; compatible; ClaudeBot/1.0; +claudebot@anthropic.com)"
74.7.242.22 - - [12/May/2026:07:14:23 +1000] "GET /wp-json/oembed/1.0/embed?format=xml&url=https%3A%2F%2Fwww.coridyan.com%2Fblox-fruit%25e3%2581%25ae%25e5%25bf%2585%25e8%25a6%2581%25e6%259d%25a1%25e4%25bb%25b6%25ef%25bc%25882023%25e5%25b9%25b49%25e6%259c%2588%25ef%25bc%2589%2F HTTP/2" 200 4434 "https://www.coridyan.com/blox-fruit%e3%81%ae%e5%bf%85%e8%a6%81%e6%9d%a1%e4%bb%b6%ef%bc%882023%e5%b9%b49%e6%9c%88%ef%bc%89/" "Mozilla/5.0 AppleWebKit/537.36 (KHTML, like Gecko; compatible; GPTBot/1.3; +https://openai.com/gptbot)"
216.73.216.86 - - [12/May/2026:07:14:24 +1000] "GET /products/detail/59381821 HTTP/2" 200 35663 "-" "Mozilla/5.0 AppleWebKit/537.36 (KHTML, like Gecko; compatible; ClaudeBot/1.0; +claudebot@anthropic.com)"
192.178.4.100 - - [12/May/2026:07:14:23 +1000] "GET /content.php?product/86835202 HTTP/1.1" 200 28361 "-" "Mozilla/5.0 (Linux; Android 6.0.1; Nexus 5X Build/MMB29P) AppleWebKit/537.36 (KHTML, like Gecko) Chrome/147.0.7727.137 Mobile Safari/537.36 (compatible; GoogleOther)"
74.7.242.22 - - [12/May/2026:07:14:25 +1000] "GET /wp-json/oembed/1.0/embed?url=https%3A%2F%2Fwww.coridyan.com%2Fbest-signup-bonus-casino-australia%2F HTTP/2" 200 1448 "https://www.coridyan.com/best-signup-bonus-casino-australia/" "Mozilla/5.0 AppleWebKit/537.36 (KHTML, like Gecko; compatible; GPTBot/1.3; +https://openai.com/gptbot)"
216.73.216.86 - - [12/May/2026:07:14:26 +1000] "GET /vergleiche-unser-besten-5-casinos-unter-einsatz-von-provision/feed/ HTTP/2" 200 486 "-" "Mozilla/5.0 AppleWebKit/537.36 (KHTML, like Gecko; compatible; ClaudeBot/1.0; +claudebot@anthropic.com)"
216.73.216.86 - - [12/May/2026:07:14:26 +1000] "GET /best-cellular-gambling-enterprises-aristocrat-pc-games-2024-best-gambling-enterprise-programs-mobile-websites/feed/ HTTP/2" 200 530 "-" "Mozilla/5.0 AppleWebKit/537.36 (KHTML, like Gecko; compatible; ClaudeBot/1.0; +claudebot@anthropic.com)"
74.7.242.22 - - [12/May/2026:07:14:27 +1000] "GET /wp-json/oembed/1.0/embed?url=https%3A%2F%2Fwww.coridyan.com%2Fipay9-casino-signup-free-spins-au%2F HTTP/2" 200 1433 "https://www.coridyan.com/ipay9-casino-signup-free-spins-au/" "Mozilla/5.0 AppleWebKit/537.36 (KHTML, like Gecko; compatible; GPTBot/1.3; +https://openai.com/gptbot)"
216.73.216.86 - - [12/May/2026:07:14:28 +1000] "GET /phoenix-fantasy-position-realize-our-casino-slot-games-remark/feed/ HTTP/2" 200 488 "-" "Mozilla/5.0 AppleWebKit/537.36 (KHTML, like Gecko; compatible; ClaudeBot/1.0; +claudebot@anthropic.com)"
216.73.216.86 - - [12/May/2026:07:14:29 +1000] "GET /beste-baccarat-online-casinos-2026-via-echtgeld/feed/ HTTP/2" 200 472 "-" "Mozilla/5.0 AppleWebKit/537.36 (KHTML, like Gecko; compatible; ClaudeBot/1.0; +claudebot@anthropic.com)"
74.7.242.22 - - [12/May/2026:07:14:29 +1000] "GET /wp-json/oembed/1.0/embed?format=xml&url=https%3A%2F%2Fwww.coridyan.com%2Fonline-slot-app-download%2F HTTP/2" 200 1447 "https://www.coridyan.com/online-slot-app-download/" "Mozilla/5.0 AppleWebKit/537.36 (KHTML, like Gecko; compatible; GPTBot/1.3; +https://openai.com/gptbot)"
216.73.216.86 - - [12/May/2026:07:14:30 +1000] "GET /jetton-promokod-na-depozit-kak-poluchit-bonus-i-15/ HTTP/2" 200 47266 "-" "Mozilla/5.0 AppleWebKit/537.36 (KHTML, like Gecko; compatible; ClaudeBot/1.0; +claudebot@anthropic.com)"
216.73.216.86 - - [12/May/2026:07:14:30 +1000] "GET /help-make-your-finest-music-play-lucky-haunter-online-fl-studio/feed/ HTTP/2" 200 491 "-" "Mozilla/5.0 AppleWebKit/537.36 (KHTML, like Gecko; compatible; ClaudeBot/1.0; +claudebot@anthropic.com)"
74.7.242.22 - - [12/May/2026:07:14:31 +1000] "GET /wp-json/oembed/1.0/embed?url=https%3A%2F%2Fwww.coridyan.com%2Fcasino-slots-free-signup-bonus%2F HTTP/2" 200 1446 "https://www.coridyan.com/casino-slots-free-signup-bonus/" "Mozilla/5.0 AppleWebKit/537.36 (KHTML, like Gecko; compatible; GPTBot/1.3; +https://openai.com/gptbot)"
216.73.216.86 - - [12/May/2026:07:14:33 +1000] "GET /spaceman-rodadas-acostumado-uma-vez-que-multiplicadores-crescentes/feed/ HTTP/2" 200 488 "-" "Mozilla/5.0 AppleWebKit/537.36 (KHTML, like Gecko; compatible; ClaudeBot/1.0; +claudebot@anthropic.com)"
74.7.242.22 - - [12/May/2026:07:14:33 +1000] "GET /wp-json/oembed/1.0/embed?format=xml&url=https%3A%2F%2Fwww.coridyan.com%2Fcasino-5-free-download%2F HTTP/2" 200 1470 "https://www.coridyan.com/casino-5-free-download/" "Mozilla/5.0 AppleWebKit/537.36 (KHTML, like Gecko; compatible; GPTBot/1.3; +https://openai.com/gptbot)"
57.141.14.28 - - [12/May/2026:07:14:33 +1000] "GET /products/detail/58322836 HTTP/2" 200 137741 "-" "meta-externalagent/1.1 (+https://developers.facebook.com/docs/sharing/webmasters/crawler)"
216.73.216.86 - - [12/May/2026:07:14:33 +1000] "GET /jetton-games-roulette-onlajn-ruletka-i-nastolnye-23/ HTTP/2" 200 48126 "-" "Mozilla/5.0 AppleWebKit/537.36 (KHTML, like Gecko; compatible; ClaudeBot/1.0; +claudebot@anthropic.com)"
57.141.14.5 - - [12/May/2026:07:14:32 +1000] "GET /products/detail/64411759 HTTP/2" 200 137741 "-" "meta-externalagent/1.1 (+https://developers.facebook.com/docs/sharing/webmasters/crawler)"
74.7.242.22 - - [12/May/2026:07:14:36 +1000] "GET /wp-json/oembed/1.0/embed?url=https%3A%2F%2Fwww.coridyan.com%2Fonline-rummy-signup-bonus%2F HTTP/2" 200 1418 "https://www.coridyan.com/online-rummy-signup-bonus/" "Mozilla/5.0 AppleWebKit/537.36 (KHTML, like Gecko; compatible; GPTBot/1.3; +https://openai.com/gptbot)"
216.73.216.86 - - [12/May/2026:07:14:36 +1000] "GET /dolphins-pearl-deluxe-demonstration-position-free-to-enjoy/ HTTP/2" 200 39660 "-" "Mozilla/5.0 AppleWebKit/537.36 (KHTML, like Gecko; compatible; ClaudeBot/1.0; +claudebot@anthropic.com)"
57.141.14.112 - - [12/May/2026:07:14:35 +1000] "GET /products/detail/69145021 HTTP/2" 200 137741 "-" "meta-externalagent/1.1 (+https://developers.facebook.com/docs/sharing/webmasters/crawler)"
216.73.216.86 - - [12/May/2026:07:14:36 +1000] "GET /ten-deposit-casinos-united-kingdom-put-10-score-a-plus-here/ HTTP/2" 200 40322 "-" "Mozilla/5.0 AppleWebKit/537.36 (KHTML, like Gecko; compatible; ClaudeBot/1.0; +claudebot@anthropic.com)"
74.7.242.22 - - [12/May/2026:07:14:38 +1000] "GET /wp-json/oembed/1.0/embed?format=xml&url=https%3A%2F%2Fwww.coridyan.com%2Fthunderstruck-gold-blitz-higher-viewpoint-100-percent-free-demo-%25d8%25a8%25d9%2584%25d8%25af%25d9%258a%25d8%25a9-%25d8%25b7%25d8%25b1%25d8%25a7%25d8%25a8%25d9%2584%25d8%25b3-%25d8%25a7%25d9%2584%25d9%2585%25d8%25b1%25d9%2583%25d8%25b2%2F HTTP/2" 200 1718 "https://www.coridyan.com/thunderstruck-gold-blitz-higher-viewpoint-100-percent-free-demo-%d8%a8%d9%84%d8%af%d9%8a%d8%a9-%d8%b7%d8%b1%d8%a7%d8%a8%d9%84%d8%b3-%d8%a7%d9%84%d9%85%d8%b1%d9%83%d8%b2/" "Mozilla/5.0 AppleWebKit/537.36 (KHTML, like Gecko; compatible; GPTBot/1.3; +https://openai.com/gptbot)"
216.73.216.86 - - [12/May/2026:07:14:39 +1000] "GET /simple-tips-to-victory-at-the-pokies-strategy-tricks-for-online-slots/ HTTP/2" 200 40494 "-" "Mozilla/5.0 AppleWebKit/537.36 (KHTML, like Gecko; compatible; ClaudeBot/1.0; +claudebot@anthropic.com)"
192.178.4.100 - - [12/May/2026:07:14:38 +1000] "GET /content.php?product/77545594 HTTP/1.1" 200 29416 "-" "Mozilla/5.0 (Linux; Android 6.0.1; Nexus 5X Build/MMB29P) AppleWebKit/537.36 (KHTML, like Gecko) Chrome/147.0.7727.137 Mobile Safari/537.36 (compatible; Googlebot/2.1; +http://www.google.com/bot.html)"
216.73.216.86 - - [12/May/2026:07:14:39 +1000] "GET /50-gratisowych-spinow-bez-depozytu-bonusy-dla-polakow/ HTTP/2" 200 40789 "-" "Mozilla/5.0 AppleWebKit/537.36 (KHTML, like Gecko; compatible; ClaudeBot/1.0; +claudebot@anthropic.com)"
74.7.242.22 - - [12/May/2026:07:14:40 +1000] "GET /wp-json/oembed/1.0/embed?format=xml&url=https%3A%2F%2Fwww.coridyan.com%2Fs888-casino-app-download-au%2F HTTP/2" 200 1495 "https://www.coridyan.com/s888-casino-app-download-au/" "Mozilla/5.0 AppleWebKit/537.36 (KHTML, like Gecko; compatible; GPTBot/1.3; +https://openai.com/gptbot)"
216.73.216.86 - - [12/May/2026:07:14:42 +1000] "GET /tervitusboonus-kuni-promokoodid-hitnspin-slotidele-viissada-dollarit/feed/ HTTP/2" 200 484 "-" "Mozilla/5.0 AppleWebKit/537.36 (KHTML, like Gecko; compatible; ClaudeBot/1.0; +claudebot@anthropic.com)"
216.73.216.86 - - [12/May/2026:07:14:42 +1000] "GET /finest-boku-gambling-enterprises-in-the-united-kingdom-2026/ HTTP/2" 200 40450 "-" "Mozilla/5.0 AppleWebKit/537.36 (KHTML, like Gecko; compatible; ClaudeBot/1.0; +claudebot@anthropic.com)"
