57.141.14.105 - - [12/May/2026:05:54:45 +1000] "GET /products/detail/66915838 HTTP/2" 200 137741 "-" "meta-externalagent/1.1 (+https://developers.facebook.com/docs/sharing/webmasters/crawler)"
74.7.241.16 - - [12/May/2026:05:54:47 +1000] "GET /wp-json/oembed/1.0/embed?format=xml&url=https%3A%2F%2Fwww.coridyan.com%2Frec99-casino-cashback-bonus-au%2F HTTP/2" 200 1460 "https://www.coridyan.com/rec99-casino-cashback-bonus-au/" "Mozilla/5.0 AppleWebKit/537.36 (KHTML, like Gecko; compatible; GPTBot/1.3; +https://openai.com/gptbot)"
74.7.241.16 - - [12/May/2026:05:54:49 +1000] "GET /wp-json/oembed/1.0/embed?format=xml&url=https%3A%2F%2Fwww.coridyan.com%2Fbest-boku-deposit-casinos%2F HTTP/2" 200 1453 "https://www.coridyan.com/best-boku-deposit-casinos/" "Mozilla/5.0 AppleWebKit/537.36 (KHTML, like Gecko; compatible; GPTBot/1.3; +https://openai.com/gptbot)"
57.141.14.38 - - [12/May/2026:05:54:48 +1000] "GET /products/detail/65486971 HTTP/2" 200 137741 "-" "meta-externalagent/1.1 (+https://developers.facebook.com/docs/sharing/webmasters/crawler)"
74.7.241.16 - - [12/May/2026:05:54:50 +1000] "GET /wp-json/oembed/1.0/embed?format=xml&url=https%3A%2F%2Fwww.coridyan.com%2Fbonus-online-casino-games%2F HTTP/2" 200 1451 "https://www.coridyan.com/bonus-online-casino-games/" "Mozilla/5.0 AppleWebKit/537.36 (KHTML, like Gecko; compatible; GPTBot/1.3; +https://openai.com/gptbot)"
74.7.241.16 - - [12/May/2026:05:54:52 +1000] "GET /wp-json/oembed/1.0/embed?format=xml&url=https%3A%2F%2Fwww.coridyan.com%2Fgood-deposit-bonus-casino%2F HTTP/2" 200 1450 "https://www.coridyan.com/good-deposit-bonus-casino/" "Mozilla/5.0 AppleWebKit/537.36 (KHTML, like Gecko; compatible; GPTBot/1.3; +https://openai.com/gptbot)"
74.7.241.16 - - [12/May/2026:05:54:54 +1000] "GET /wp-json/oembed/1.0/embed?format=xml&url=https%3A%2F%2Fwww.coridyan.com%2Ffree-cash-slots-australia%2F HTTP/2" 200 1453 "https://www.coridyan.com/free-cash-slots-australia/" "Mozilla/5.0 AppleWebKit/537.36 (KHTML, like Gecko; compatible; GPTBot/1.3; +https://openai.com/gptbot)"
74.7.241.16 - - [12/May/2026:05:54:56 +1000] "GET /wp-json/oembed/1.0/embed?format=xml&url=https%3A%2F%2Fwww.coridyan.com%2Ffree-triple-diamond-slots%2F HTTP/2" 200 1468 "https://www.coridyan.com/free-triple-diamond-slots/" "Mozilla/5.0 AppleWebKit/537.36 (KHTML, like Gecko; compatible; GPTBot/1.3; +https://openai.com/gptbot)"
74.7.241.16 - - [12/May/2026:05:54:58 +1000] "GET /wp-json/oembed/1.0/embed?format=xml&url=https%3A%2F%2Fwww.coridyan.com%2Fbig-winners-slot-machines%2F HTTP/2" 200 1445 "https://www.coridyan.com/big-winners-slot-machines/" "Mozilla/5.0 AppleWebKit/537.36 (KHTML, like Gecko; compatible; GPTBot/1.3; +https://openai.com/gptbot)"
192.178.4.100 - - [12/May/2026:05:54:57 +1000] "GET /?products/detail/69596002 HTTP/1.1" 200 33239 "-" "Mozilla/5.0 (Linux; Android 6.0.1; Nexus 5X Build/MMB29P) AppleWebKit/537.36 (KHTML, like Gecko) Chrome/147.0.7727.137 Mobile Safari/537.36 (compatible; Googlebot/2.1; +http://www.google.com/bot.html)"
74.7.241.16 - - [12/May/2026:05:54:59 +1000] "GET /%22https:/www.coridyan.com/free-wms-slots-online-no-download/embed/ HTTP/2" 200 35663 "https://www.coridyan.com/wp-json/oembed/1.0/embed?url=https%3A%2F%2Fwww.coridyan.com%2Ffree-wms-slots-online-no-download%2F" "Mozilla/5.0 AppleWebKit/537.36 (KHTML, like Gecko; compatible; GPTBot/1.3; +https://openai.com/gptbot)"
74.7.241.16 - - [12/May/2026:05:55:03 +1000] "GET /wp-json/oembed/1.0/embed?format=xml&url=https%3A%2F%2Fwww.coridyan.com%2Ffree-gold-slots-australia%2F HTTP/2" 200 1446 "https://www.coridyan.com/free-gold-slots-australia/" "Mozilla/5.0 AppleWebKit/537.36 (KHTML, like Gecko; compatible; GPTBot/1.3; +https://openai.com/gptbot)"
74.7.241.16 - - [12/May/2026:05:55:05 +1000] "GET /wp-json/oembed/1.0/embed?format=xml&url=https%3A%2F%2Fwww.coridyan.com%2Fbest-slot-games-australia%2F HTTP/2" 200 1452 "https://www.coridyan.com/best-slot-games-australia/" "Mozilla/5.0 AppleWebKit/537.36 (KHTML, like Gecko; compatible; GPTBot/1.3; +https://openai.com/gptbot)"
74.7.241.16 - - [12/May/2026:05:55:07 +1000] "GET /wp-json/oembed/1.0/embed?format=xml&url=https%3A%2F%2Fwww.coridyan.com%2Fbest-ewallets-casino-site%2F HTTP/2" 200 1469 "https://www.coridyan.com/best-ewallets-casino-site/" "Mozilla/5.0 AppleWebKit/537.36 (KHTML, like Gecko; compatible; GPTBot/1.3; +https://openai.com/gptbot)"
74.7.241.16 - - [12/May/2026:05:55:09 +1000] "GET /wp-json/oembed/1.0/embed?format=xml&url=https%3A%2F%2Fwww.coridyan.com%2Fnew-fairy-slots-australia%2F HTTP/2" 200 1452 "https://www.coridyan.com/new-fairy-slots-australia/" "Mozilla/5.0 AppleWebKit/537.36 (KHTML, like Gecko; compatible; GPTBot/1.3; +https://openai.com/gptbot)"
74.7.241.16 - - [12/May/2026:05:55:11 +1000] "GET /wp-json/oembed/1.0/embed?format=xml&url=https%3A%2F%2Fwww.coridyan.com%2Fmobile-phone-gambling-app%2F HTTP/2" 200 1456 "https://www.coridyan.com/mobile-phone-gambling-app/" "Mozilla/5.0 AppleWebKit/537.36 (KHTML, like Gecko; compatible; GPTBot/1.3; +https://openai.com/gptbot)"
74.7.241.16 - - [12/May/2026:05:55:13 +1000] "GET /wp-json/oembed/1.0/embed?format=xml&url=https%3A%2F%2Fwww.coridyan.com%2Fdeposit-any-amount-casino%2F HTTP/2" 200 1448 "https://www.coridyan.com/deposit-any-amount-casino/" "Mozilla/5.0 AppleWebKit/537.36 (KHTML, like Gecko; compatible; GPTBot/1.3; +https://openai.com/gptbot)"
192.178.4.100 - - [12/May/2026:05:55:13 +1000] "GET /comment.php?products/white-bootcut-denim-size-s/16561943/ HTTP/1.1" 200 34153 "-" "Mozilla/5.0 (Linux; Android 6.0.1; Nexus 5X Build/MMB29P) AppleWebKit/537.36 (KHTML, like Gecko) Chrome/147.0.7727.137 Mobile Safari/537.36 (compatible; GoogleOther)"
74.7.241.16 - - [12/May/2026:05:55:15 +1000] "GET /wp-json/oembed/1.0/embed?format=xml&url=https%3A%2F%2Fwww.coridyan.com%2Fandroid-casino-free-money%2F HTTP/2" 200 1461 "https://www.coridyan.com/android-casino-free-money/" "Mozilla/5.0 AppleWebKit/537.36 (KHTML, like Gecko; compatible; GPTBot/1.3; +https://openai.com/gptbot)"
74.7.241.16 - - [12/May/2026:05:55:17 +1000] "GET /wp-json/oembed/1.0/embed?format=xml&url=https%3A%2F%2Fwww.coridyan.com%2Flive-casino-deposit-bonus%2F HTTP/2" 200 1444 "https://www.coridyan.com/live-casino-deposit-bonus/" "Mozilla/5.0 AppleWebKit/537.36 (KHTML, like Gecko; compatible; GPTBot/1.3; +https://openai.com/gptbot)"
74.7.241.16 - - [12/May/2026:05:55:18 +1000] "GET /wp-json/oembed/1.0/embed?format=xml&url=https%3A%2F%2Fwww.coridyan.com%2Fbest-city-slots-australia%2F HTTP/2" 200 1466 "https://www.coridyan.com/best-city-slots-australia/" "Mozilla/5.0 AppleWebKit/537.36 (KHTML, like Gecko; compatible; GPTBot/1.3; +https://openai.com/gptbot)"
74.7.241.16 - - [12/May/2026:05:55:20 +1000] "GET /wp-json/oembed/1.0/embed?format=xml&url=https%3A%2F%2Fwww.coridyan.com%2Fbest-online-casino-system%2F HTTP/2" 200 1432 "https://www.coridyan.com/best-online-casino-system/" "Mozilla/5.0 AppleWebKit/537.36 (KHTML, like Gecko; compatible; GPTBot/1.3; +https://openai.com/gptbot)"
74.7.241.16 - - [12/May/2026:05:55:22 +1000] "GET /wp-json/oembed/1.0/embed?format=xml&url=https%3A%2F%2Fwww.coridyan.com%2Fplay-blackjack-on-android%2F HTTP/2" 200 1468 "https://www.coridyan.com/play-blackjack-on-android/" "Mozilla/5.0 AppleWebKit/537.36 (KHTML, like Gecko; compatible; GPTBot/1.3; +https://openai.com/gptbot)"
74.7.241.16 - - [12/May/2026:05:55:24 +1000] "GET /wp-json/oembed/1.0/embed?format=xml&url=https%3A%2F%2Fwww.coridyan.com%2Fbest-free-bingo-australia%2F HTTP/2" 200 22 "https://www.coridyan.com/best-free-bingo-australia/" "Mozilla/5.0 AppleWebKit/537.36 (KHTML, like Gecko; compatible; GPTBot/1.3; +https://openai.com/gptbot)"
57.141.14.64 - - [12/May/2026:05:55:23 +1000] "GET /products/detail/67782286 HTTP/2" 200 137741 "-" "meta-externalagent/1.1 (+https://developers.facebook.com/docs/sharing/webmasters/crawler)"
192.178.4.100 - - [12/May/2026:05:55:23 +1000] "GET /content.php?product/63745426 HTTP/1.1" 200 28630 "-" "Mozilla/5.0 (Linux; Android 6.0.1; Nexus 5X Build/MMB29P) AppleWebKit/537.36 (KHTML, like Gecko) Chrome/147.0.7727.137 Mobile Safari/537.36 (compatible; GoogleOther)"
74.7.241.16 - - [12/May/2026:05:55:25 +1000] "GET /wp-json/oembed/1.0/embed?format=xml&url=https%3A%2F%2Fwww.coridyan.com%2Fonline-blackjack-free-app%2F HTTP/2" 200 1457 "https://www.coridyan.com/online-blackjack-free-app/" "Mozilla/5.0 AppleWebKit/537.36 (KHTML, like Gecko; compatible; GPTBot/1.3; +https://openai.com/gptbot)"
192.178.4.100 - - [12/May/2026:05:55:24 +1000] "GET /?products/detail/66047869 HTTP/1.1" 200 32088 "-" "Mozilla/5.0 (Linux; Android 6.0.1; Nexus 5X Build/MMB29P) AppleWebKit/537.36 (KHTML, like Gecko) Chrome/147.0.7727.137 Mobile Safari/537.36 (compatible; Googlebot/2.1; +http://www.google.com/bot.html)"
74.7.241.16 - - [12/May/2026:05:55:27 +1000] "GET /wp-json/oembed/1.0/embed?format=xml&url=https%3A%2F%2Fwww.coridyan.com%2Fmost-paying-online-casino%2F HTTP/2" 200 1452 "https://www.coridyan.com/most-paying-online-casino/" "Mozilla/5.0 AppleWebKit/537.36 (KHTML, like Gecko; compatible; GPTBot/1.3; +https://openai.com/gptbot)"
57.141.14.52 - - [12/May/2026:05:55:26 +1000] "GET /products/detail/59928067 HTTP/2" 200 137741 "-" "meta-externalagent/1.1 (+https://developers.facebook.com/docs/sharing/webmasters/crawler)"
57.141.14.11 - - [12/May/2026:05:55:26 +1000] "GET /products/detail/58757734 HTTP/2" 200 137741 "-" "meta-externalagent/1.1 (+https://developers.facebook.com/docs/sharing/webmasters/crawler)"
74.7.241.16 - - [12/May/2026:05:55:28 +1000] "GET /wp-json/oembed/1.0/embed?format=xml&url=https%3A%2F%2Fwww.coridyan.com%2Freal-online-blackjack-app%2F HTTP/2" 200 1463 "https://www.coridyan.com/real-online-blackjack-app/" "Mozilla/5.0 AppleWebKit/537.36 (KHTML, like Gecko; compatible; GPTBot/1.3; +https://openai.com/gptbot)"
74.7.241.16 - - [12/May/2026:05:55:30 +1000] "GET /wp-json/oembed/1.0/embed?format=xml&url=https%3A%2F%2Fwww.coridyan.com%2Fnew-candy-slots-australia%2F HTTP/2" 200 1472 "https://www.coridyan.com/new-candy-slots-australia/" "Mozilla/5.0 AppleWebKit/537.36 (KHTML, like Gecko; compatible; GPTBot/1.3; +https://openai.com/gptbot)"
74.7.241.16 - - [12/May/2026:05:55:32 +1000] "GET /wp-json/oembed/1.0/embed?format=xml&url=https%3A%2F%2Fwww.coridyan.com%2Fgreat-australia-casino-wa%2F HTTP/2" 200 1458 "https://www.coridyan.com/great-australia-casino-wa/" "Mozilla/5.0 AppleWebKit/537.36 (KHTML, like Gecko; compatible; GPTBot/1.3; +https://openai.com/gptbot)"
57.141.14.36 - - [12/May/2026:05:55:32 +1000] "GET /products/detail/54775675 HTTP/2" 200 137741 "-" "meta-externalagent/1.1 (+https://developers.facebook.com/docs/sharing/webmasters/crawler)"
57.141.14.15 - - [12/May/2026:05:55:33 +1000] "GET /products/detail/58560796 HTTP/2" 200 137741 "-" "meta-externalagent/1.1 (+https://developers.facebook.com/docs/sharing/webmasters/crawler)"
74.7.241.16 - - [12/May/2026:05:55:34 +1000] "GET /wp-json/oembed/1.0/embed?format=xml&url=https%3A%2F%2Fwww.coridyan.com%2Fjettbet-casino-promo-code%2F HTTP/2" 200 1474 "https://www.coridyan.com/jettbet-casino-promo-code/" "Mozilla/5.0 AppleWebKit/537.36 (KHTML, like Gecko; compatible; GPTBot/1.3; +https://openai.com/gptbot)"
74.7.241.16 - - [12/May/2026:05:55:36 +1000] "GET /wp-json/oembed/1.0/embed?format=xml&url=https%3A%2F%2Fwww.coridyan.com%2Ffree-crypto-faucet-casino%2F HTTP/2" 200 1459 "https://www.coridyan.com/free-crypto-faucet-casino/" "Mozilla/5.0 AppleWebKit/537.36 (KHTML, like Gecko; compatible; GPTBot/1.3; +https://openai.com/gptbot)"
74.7.241.16 - - [12/May/2026:05:55:37 +1000] "GET /wp-json/oembed/1.0/embed?format=xml&url=https%3A%2F%2Fwww.coridyan.com%2Fnew-casino-sites-scotland%2F HTTP/2" 200 1482 "https://www.coridyan.com/new-casino-sites-scotland/" "Mozilla/5.0 AppleWebKit/537.36 (KHTML, like Gecko; compatible; GPTBot/1.3; +https://openai.com/gptbot)"
57.141.14.105 - - [12/May/2026:05:55:37 +1000] "GET /products/detail/65255077 HTTP/2" 200 137741 "-" "meta-externalagent/1.1 (+https://developers.facebook.com/docs/sharing/webmasters/crawler)"
74.7.241.16 - - [12/May/2026:05:55:39 +1000] "GET /wp-json/oembed/1.0/embed?format=xml&url=https%3A%2F%2Fwww.coridyan.com%2Fbank-cheque-online-casino%2F HTTP/2" 200 1490 "https://www.coridyan.com/bank-cheque-online-casino/" "Mozilla/5.0 AppleWebKit/537.36 (KHTML, like Gecko; compatible; GPTBot/1.3; +https://openai.com/gptbot)"
74.7.241.16 - - [12/May/2026:05:55:41 +1000] "GET /wp-json/oembed/1.0/embed?format=xml&url=https%3A%2F%2Fwww.coridyan.com%2Fbest-btc-casino-australia%2F HTTP/2" 200 1453 "https://www.coridyan.com/best-btc-casino-australia/" "Mozilla/5.0 AppleWebKit/537.36 (KHTML, like Gecko; compatible; GPTBot/1.3; +https://openai.com/gptbot)"
74.7.241.16 - - [12/May/2026:05:55:43 +1000] "GET /wp-json/oembed/1.0/embed?format=xml&url=https%3A%2F%2Fwww.coridyan.com%2Fcasino-jackpot-slots-free%2F HTTP/2" 200 1437 "https://www.coridyan.com/casino-jackpot-slots-free/" "Mozilla/5.0 AppleWebKit/537.36 (KHTML, like Gecko; compatible; GPTBot/1.3; +https://openai.com/gptbot)"
74.7.241.16 - - [12/May/2026:05:55:44 +1000] "GET /wp-json/oembed/1.0/embed?format=xml&url=https%3A%2F%2Fwww.coridyan.com%2Fcasino-live-roulette-demo%2F HTTP/2" 200 1454 "https://www.coridyan.com/casino-live-roulette-demo/" "Mozilla/5.0 AppleWebKit/537.36 (KHTML, like Gecko; compatible; GPTBot/1.3; +https://openai.com/gptbot)"
74.7.241.16 - - [12/May/2026:05:55:46 +1000] "GET /wp-json/oembed/1.0/embed?format=xml&url=https%3A%2F%2Fwww.coridyan.com%2Fnew-live-casino-australia%2F HTTP/2" 200 1460 "https://www.coridyan.com/new-live-casino-australia/" "Mozilla/5.0 AppleWebKit/537.36 (KHTML, like Gecko; compatible; GPTBot/1.3; +https://openai.com/gptbot)"
74.7.241.16 - - [12/May/2026:05:55:48 +1000] "GET /wp-json/oembed/1.0/embed?format=xml&url=https%3A%2F%2Fwww.coridyan.com%2Fclassic-slot-games-online%2F HTTP/2" 200 1452 "https://www.coridyan.com/classic-slot-games-online/" "Mozilla/5.0 AppleWebKit/537.36 (KHTML, like Gecko; compatible; GPTBot/1.3; +https://openai.com/gptbot)"
74.7.241.16 - - [12/May/2026:05:55:50 +1000] "GET /wp-json/oembed/1.0/embed?format=xml&url=https%3A%2F%2Fwww.coridyan.com%2Fnew-aztec-slots-australia%2F HTTP/2" 200 1455 "https://www.coridyan.com/new-aztec-slots-australia/" "Mozilla/5.0 AppleWebKit/537.36 (KHTML, like Gecko; compatible; GPTBot/1.3; +https://openai.com/gptbot)"
74.7.241.16 - - [12/May/2026:05:55:51 +1000] "GET /wp-json/oembed/1.0/embed?format=xml&url=https%3A%2F%2Fwww.coridyan.com%2Fbiggest-casino-slot-games%2F HTTP/2" 200 1491 "https://www.coridyan.com/biggest-casino-slot-games/" "Mozilla/5.0 AppleWebKit/537.36 (KHTML, like Gecko; compatible; GPTBot/1.3; +https://openai.com/gptbot)"
15.235.27.181 - - [12/May/2026:05:55:52 +1000] "GET /online-casino-with-5-minimum-deposit-5-put-casino/feed/ HTTP/2" 200 474 "-" "Mozilla/5.0 (compatible; AhrefsBot/7.0; +http://ahrefs.com/robot/)"
192.178.4.102 - - [12/May/2026:05:55:51 +1000] "GET /?products/detail/67441807 HTTP/1.1" 200 31770 "-" "Mozilla/5.0 (Linux; Android 6.0.1; Nexus 5X Build/MMB29P) AppleWebKit/537.36 (KHTML, like Gecko) Chrome/147.0.7727.137 Mobile Safari/537.36 (compatible; Googlebot/2.1; +http://www.google.com/bot.html)"
74.7.241.16 - - [12/May/2026:05:55:53 +1000] "GET /wp-json/oembed/1.0/embed?format=xml&url=https%3A%2F%2Fwww.coridyan.com%2Fno-wager-casino-australia%2F HTTP/2" 200 1462 "https://www.coridyan.com/no-wager-casino-australia/" "Mozilla/5.0 AppleWebKit/537.36 (KHTML, like Gecko; compatible; GPTBot/1.3; +https://openai.com/gptbot)"
74.7.241.16 - - [12/May/2026:05:55:55 +1000] "GET /wp-json/oembed/1.0/embed?format=xml&url=https%3A%2F%2Fwww.coridyan.com%2Fphone-casino-free-deposit%2F HTTP/2" 200 1474 "https://www.coridyan.com/phone-casino-free-deposit/" "Mozilla/5.0 AppleWebKit/537.36 (KHTML, like Gecko; compatible; GPTBot/1.3; +https://openai.com/gptbot)"
74.7.241.16 - - [12/May/2026:05:55:56 +1000] "GET /wp-json/oembed/1.0/embed?format=xml&url=https%3A%2F%2Fwww.coridyan.com%2Fbest-nextgen-casino-sites%2F HTTP/2" 200 1468 "https://www.coridyan.com/best-nextgen-casino-sites/" "Mozilla/5.0 AppleWebKit/537.36 (KHTML, like Gecko; compatible; GPTBot/1.3; +https://openai.com/gptbot)"
57.141.14.17 - - [12/May/2026:05:55:57 +1000] "GET /products/detail/53278750 HTTP/2" 200 137741 "-" "meta-externalagent/1.1 (+https://developers.facebook.com/docs/sharing/webmasters/crawler)"
74.7.241.16 - - [12/May/2026:05:55:59 +1000] "GET /wp-json/oembed/1.0/embed?format=xml&url=https%3A%2F%2Fwww.coridyan.com%2Fplay-free-casino-listings%2F HTTP/2" 200 1457 "https://www.coridyan.com/play-free-casino-listings/" "Mozilla/5.0 AppleWebKit/537.36 (KHTML, like Gecko; compatible; GPTBot/1.3; +https://openai.com/gptbot)"
74.7.241.16 - - [12/May/2026:05:56:00 +1000] "GET /wp-json/oembed/1.0/embed?format=xml&url=https%3A%2F%2Fwww.coridyan.com%2Fcasino-rates-in-australia%2F HTTP/2" 200 1464 "https://www.coridyan.com/casino-rates-in-australia/" "Mozilla/5.0 AppleWebKit/537.36 (KHTML, like Gecko; compatible; GPTBot/1.3; +https://openai.com/gptbot)"
74.7.241.16 - - [12/May/2026:05:56:02 +1000] "GET /wp-json/oembed/1.0/embed?format=xml&url=https%3A%2F%2Fwww.coridyan.com%2Fabout-online-casino-games%2F HTTP/2" 200 1489 "https://www.coridyan.com/about-online-casino-games/" "Mozilla/5.0 AppleWebKit/537.36 (KHTML, like Gecko; compatible; GPTBot/1.3; +https://openai.com/gptbot)"
74.7.241.16 - - [12/May/2026:05:56:04 +1000] "GET /wp-json/oembed/1.0/embed?format=xml&url=https%3A%2F%2Fwww.coridyan.com%2Fbest-casino-australia-top%2F HTTP/2" 200 1443 "https://www.coridyan.com/best-casino-australia-top/" "Mozilla/5.0 AppleWebKit/537.36 (KHTML, like Gecko; compatible; GPTBot/1.3; +https://openai.com/gptbot)"
74.7.241.16 - - [12/May/2026:05:56:06 +1000] "GET /wp-json/oembed/1.0/embed?format=xml&url=https%3A%2F%2Fwww.coridyan.com%2Fsecurite-mobile-dans-les-tournois-de-jeux-en-ligne-un-regard-culturel-pour-bien-commencer-l-annee%2F HTTP/2" 200 1548 "https://www.coridyan.com/securite-mobile-dans-les-tournois-de-jeux-en-ligne-un-regard-culturel-pour-bien-commencer-l-annee/" "Mozilla/5.0 AppleWebKit/537.36 (KHTML, like Gecko; compatible; GPTBot/1.3; +https://openai.com/gptbot)"
74.7.241.16 - - [12/May/2026:05:56:07 +1000] "GET /wp-json/oembed/1.0/embed?format=xml&url=https%3A%2F%2Fwww.coridyan.com%2Fgamble-pharaohs-fortune-free-zero-mrbet-no-deposit-bonus-download-free-trial-slot%2F HTTP/2" 200 1617 "https://www.coridyan.com/gamble-pharaohs-fortune-free-zero-mrbet-no-deposit-bonus-download-free-trial-slot/" "Mozilla/5.0 AppleWebKit/537.36 (KHTML, like Gecko; compatible; GPTBot/1.3; +https://openai.com/gptbot)"
74.7.241.16 - - [12/May/2026:05:56:09 +1000] "GET /wp-json/oembed/1.0/embed?format=xml&url=https%3A%2F%2Fwww.coridyan.com%2Froby-casino-300-free-spins%2F HTTP/2" 200 1459 "https://www.coridyan.com/roby-casino-300-free-spins/" "Mozilla/5.0 AppleWebKit/537.36 (KHTML, like Gecko; compatible; GPTBot/1.3; +https://openai.com/gptbot)"
74.7.241.16 - - [12/May/2026:05:56:11 +1000] "GET /wp-json/oembed/1.0/embed?format=xml&url=https%3A%2F%2Fwww.coridyan.com%2Fcasino-slots-deposit-10-get-60%2F HTTP/2" 200 1476 "https://www.coridyan.com/casino-slots-deposit-10-get-60/" "Mozilla/5.0 AppleWebKit/537.36 (KHTML, like Gecko; compatible; GPTBot/1.3; +https://openai.com/gptbot)"
74.7.241.16 - - [12/May/2026:05:56:13 +1000] "GET /wp-json/oembed/1.0/embed?format=xml&url=https%3A%2F%2Fwww.coridyan.com%2Fcasino-slot-free-games-100%2F HTTP/2" 200 1453 "https://www.coridyan.com/casino-slot-free-games-100/" "Mozilla/5.0 AppleWebKit/537.36 (KHTML, like Gecko; compatible; GPTBot/1.3; +https://openai.com/gptbot)"
74.7.241.16 - - [12/May/2026:05:56:15 +1000] "GET /wp-json/oembed/1.0/embed?format=xml&url=https%3A%2F%2Fwww.coridyan.com%2Fdeposit-10-get-10-free-casino%2F HTTP/2" 200 1444 "https://www.coridyan.com/deposit-10-get-10-free-casino/" "Mozilla/5.0 AppleWebKit/537.36 (KHTML, like Gecko; compatible; GPTBot/1.3; +https://openai.com/gptbot)"
192.178.4.102 - - [12/May/2026:05:56:13 +1000] "GET /content.php?product/67494658 HTTP/1.1" 200 28396 "-" "Mozilla/5.0 (Linux; Android 6.0.1; Nexus 5X Build/MMB29P) AppleWebKit/537.36 (KHTML, like Gecko) Chrome/147.0.7727.137 Mobile Safari/537.36 (compatible; GoogleOther)"
74.7.241.16 - - [12/May/2026:05:56:17 +1000] "GET /wp-json/oembed/1.0/embed?format=xml&url=https%3A%2F%2Fwww.coridyan.com%2Fdeposit-10-play-with-50-casino%2F HTTP/2" 200 1477 "https://www.coridyan.com/deposit-10-play-with-50-casino/" "Mozilla/5.0 AppleWebKit/537.36 (KHTML, like Gecko; compatible; GPTBot/1.3; +https://openai.com/gptbot)"
74.7.241.16 - - [12/May/2026:05:56:19 +1000] "GET /wp-json/oembed/1.0/embed?format=xml&url=https%3A%2F%2Fwww.coridyan.com%2Fslot-casino-free-100-bonus%2F HTTP/2" 200 1472 "https://www.coridyan.com/slot-casino-free-100-bonus/" "Mozilla/5.0 AppleWebKit/537.36 (KHTML, like Gecko; compatible; GPTBot/1.3; +https://openai.com/gptbot)"
192.178.4.100 - - [12/May/2026:05:56:18 +1000] "GET /?products/detail/59832145 HTTP/1.1" 200 32997 "-" "Mozilla/5.0 (Linux; Android 6.0.1; Nexus 5X Build/MMB29P) AppleWebKit/537.36 (KHTML, like Gecko) Chrome/147.0.7727.137 Mobile Safari/537.36 (compatible; Googlebot/2.1; +http://www.google.com/bot.html)"
74.7.241.16 - - [12/May/2026:05:56:20 +1000] "GET /wp-json/oembed/1.0/embed?format=xml&url=https%3A%2F%2Fwww.coridyan.com%2Fflush-casino-200-free-spins%2F HTTP/2" 200 1455 "https://www.coridyan.com/flush-casino-200-free-spins/" "Mozilla/5.0 AppleWebKit/537.36 (KHTML, like Gecko; compatible; GPTBot/1.3; +https://openai.com/gptbot)"
57.141.14.11 - - [12/May/2026:05:56:21 +1000] "GET /products/detail/54809299 HTTP/2" 200 137741 "-" "meta-externalagent/1.1 (+https://developers.facebook.com/docs/sharing/webmasters/crawler)"
74.7.241.16 - - [12/May/2026:05:56:22 +1000] "GET /wp-json/oembed/1.0/embed?format=xml&url=https%3A%2F%2Fwww.coridyan.com%2Fslot-casino-online-free-100%2F HTTP/2" 200 1494 "https://www.coridyan.com/slot-casino-online-free-100/" "Mozilla/5.0 AppleWebKit/537.36 (KHTML, like Gecko; compatible; GPTBot/1.3; +https://openai.com/gptbot)"
57.141.14.88 - - [12/May/2026:05:56:22 +1000] "GET /products/detail/55123741 HTTP/2" 200 137741 "-" "meta-externalagent/1.1 (+https://developers.facebook.com/docs/sharing/webmasters/crawler)"
74.7.241.16 - - [12/May/2026:05:56:24 +1000] "GET /wp-json/oembed/1.0/embed?format=xml&url=https%3A%2F%2Fwww.coridyan.com%2Fflush-casino-100-free-spins%2F HTTP/2" 200 1468 "https://www.coridyan.com/flush-casino-100-free-spins/" "Mozilla/5.0 AppleWebKit/537.36 (KHTML, like Gecko; compatible; GPTBot/1.3; +https://openai.com/gptbot)"
74.7.241.16 - - [12/May/2026:05:56:26 +1000] "GET /wp-json/oembed/1.0/embed?format=xml&url=https%3A%2F%2Fwww.coridyan.com%2Fdeposit-10-play-with-20-casino%2F HTTP/2" 200 1456 "https://www.coridyan.com/deposit-10-play-with-20-casino/" "Mozilla/5.0 AppleWebKit/537.36 (KHTML, like Gecko; compatible; GPTBot/1.3; +https://openai.com/gptbot)"
111.67.29.221 - - [12/May/2026:05:56:27 +1000] "POST /wp-cron.php?doing_wp_cron=1778529387.7137629985809326171875 HTTP/1.1" 200 445 "https://www.coridyan.com/wp-cron.php?doing_wp_cron=1778529387.7137629985809326171875" "WordPress/6.0.11; https://www.coridyan.com"
74.7.241.16 - - [12/May/2026:05:56:29 +1000] "GET /wp-json/oembed/1.0/embed?format=xml&url=https%3A%2F%2Fwww.coridyan.com%2Fcasino-games-100-free-spins%2F HTTP/2" 200 1463 "https://www.coridyan.com/casino-games-100-free-spins/" "Mozilla/5.0 AppleWebKit/537.36 (KHTML, like Gecko; compatible; GPTBot/1.3; +https://openai.com/gptbot)"
192.178.4.100 - - [12/May/2026:05:56:27 +1000] "GET /content.php?product/68806618 HTTP/1.1" 200 29000 "-" "Mozilla/5.0 (Linux; Android 6.0.1; Nexus 5X Build/MMB29P) AppleWebKit/537.36 (KHTML, like Gecko) Chrome/147.0.7727.137 Mobile Safari/537.36 (compatible; GoogleOther)"
74.7.241.16 - - [12/May/2026:05:56:31 +1000] "GET /wp-json/oembed/1.0/embed?format=xml&url=https%3A%2F%2Fwww.coridyan.com%2Fcasino-300-no-deposit-bonus%2F HTTP/2" 200 1468 "https://www.coridyan.com/casino-300-no-deposit-bonus/" "Mozilla/5.0 AppleWebKit/537.36 (KHTML, like Gecko; compatible; GPTBot/1.3; +https://openai.com/gptbot)"
57.141.14.21 - - [12/May/2026:05:56:30 +1000] "GET /products/detail/63163612 HTTP/2" 200 137741 "-" "meta-externalagent/1.1 (+https://developers.facebook.com/docs/sharing/webmasters/crawler)"
74.7.241.16 - - [12/May/2026:05:56:32 +1000] "GET /wp-json/oembed/1.0/embed?format=xml&url=https%3A%2F%2Fwww.coridyan.com%2Fdeposit-10-play-with-40-casino%2F HTTP/2" 200 1436 "https://www.coridyan.com/deposit-10-play-with-40-casino/" "Mozilla/5.0 AppleWebKit/537.36 (KHTML, like Gecko; compatible; GPTBot/1.3; +https://openai.com/gptbot)"
74.7.241.16 - - [12/May/2026:05:56:34 +1000] "GET /wp-json/oembed/1.0/embed?format=xml&url=https%3A%2F%2Fwww.coridyan.com%2Fboho-casino-300-free-spins%2F HTTP/2" 200 1455 "https://www.coridyan.com/boho-casino-300-free-spins/" "Mozilla/5.0 AppleWebKit/537.36 (KHTML, like Gecko; compatible; GPTBot/1.3; +https://openai.com/gptbot)"
74.7.241.16 - - [12/May/2026:05:56:36 +1000] "GET /wp-json/oembed/1.0/embed?format=xml&url=https%3A%2F%2Fwww.coridyan.com%2Ffinest-no-deposit-extra-casino-also-provides-and-promos-inside-contact-slot-games-you-for-march-2026%2F HTTP/2" 200 1712 "https://www.coridyan.com/finest-no-deposit-extra-casino-also-provides-and-promos-inside-contact-slot-games-you-for-march-2026/" "Mozilla/5.0 AppleWebKit/537.36 (KHTML, like Gecko; compatible; GPTBot/1.3; +https://openai.com/gptbot)"
74.7.241.16 - - [12/May/2026:05:56:37 +1000] "GET /wp-json/oembed/1.0/embed?format=xml&url=https%3A%2F%2Fwww.coridyan.com%2Fcasino4u-casino-no-deposit-bonus-sign-up-australia%2F HTTP/2" 200 1450 "https://www.coridyan.com/casino4u-casino-no-deposit-bonus-sign-up-australia/" "Mozilla/5.0 AppleWebKit/537.36 (KHTML, like Gecko; compatible; GPTBot/1.3; +https://openai.com/gptbot)"
57.141.14.51 - - [12/May/2026:05:56:38 +1000] "GET /products/detail/58122829 HTTP/2" 200 137741 "-" "meta-externalagent/1.1 (+https://developers.facebook.com/docs/sharing/webmasters/crawler)"
74.7.241.16 - - [12/May/2026:05:56:39 +1000] "GET /wp-json/oembed/1.0/embed?format=xml&url=https%3A%2F%2Fwww.coridyan.com%2Fdeposit-50-pokies-australia%2F HTTP/2" 200 1458 "https://www.coridyan.com/deposit-50-pokies-australia/" "Mozilla/5.0 AppleWebKit/537.36 (KHTML, like Gecko; compatible; GPTBot/1.3; +https://openai.com/gptbot)"
74.7.241.16 - - [12/May/2026:05:56:41 +1000] "GET /wp-json/oembed/1.0/embed?format=xml&url=https%3A%2F%2Fwww.coridyan.com%2Fblackjack-21-online-casino%2F HTTP/2" 200 1463 "https://www.coridyan.com/blackjack-21-online-casino/" "Mozilla/5.0 AppleWebKit/537.36 (KHTML, like Gecko; compatible; GPTBot/1.3; +https://openai.com/gptbot)"
74.7.241.16 - - [12/May/2026:05:56:43 +1000] "GET /wp-json/oembed/1.0/embed?format=xml&url=https%3A%2F%2Fwww.coridyan.com%2F20-payline-slots-australia%2F HTTP/2" 200 1456 "https://www.coridyan.com/20-payline-slots-australia/" "Mozilla/5.0 AppleWebKit/537.36 (KHTML, like Gecko; compatible; GPTBot/1.3; +https://openai.com/gptbot)"
74.7.241.16 - - [12/May/2026:05:56:44 +1000] "GET /wp-json/oembed/1.0/embed?url=https%3A%2F%2Fwww.coridyan.com%2F30-no-deposit-mobile-casino%2F HTTP/2" 200 1441 "https://www.coridyan.com/30-no-deposit-mobile-casino/" "Mozilla/5.0 AppleWebKit/537.36 (KHTML, like Gecko; compatible; GPTBot/1.3; +https://openai.com/gptbot)"
57.141.14.67 - - [12/May/2026:05:56:45 +1000] "GET /products/detail/60496714 HTTP/2" 200 137741 "-" "meta-externalagent/1.1 (+https://developers.facebook.com/docs/sharing/webmasters/crawler)"
74.7.241.16 - - [12/May/2026:05:56:46 +1000] "GET /wp-json/oembed/1.0/embed?format=xml&url=https%3A%2F%2Fwww.coridyan.com%2Fthe-future-of-mobile-gaming-a-deep-dive-into-on-the-go-entertainment%2F HTTP/2" 200 1586 "https://www.coridyan.com/the-future-of-mobile-gaming-a-deep-dive-into-on-the-go-entertainment/" "Mozilla/5.0 AppleWebKit/537.36 (KHTML, like Gecko; compatible; GPTBot/1.3; +https://openai.com/gptbot)"
192.178.4.100 - - [12/May/2026:05:56:45 +1000] "GET /?products/detail/60443479 HTTP/1.1" 200 33318 "-" "Mozilla/5.0 (Linux; Android 6.0.1; Nexus 5X Build/MMB29P) AppleWebKit/537.36 (KHTML, like Gecko) Chrome/147.0.7727.137 Mobile Safari/537.36 (compatible; Googlebot/2.1; +http://www.google.com/bot.html)"
74.7.241.16 - - [12/May/2026:05:56:48 +1000] "GET /wp-json/oembed/1.0/embed?format=xml&url=https%3A%2F%2Fwww.coridyan.com%2Fsantastic-position-best-gambling-establishment-application-remark-video-game-demo-play-for-pragmatic-site-real-cash-ministere-de-los-angeles-sante-publique%2F HTTP/2" 200 1717 "https://www.coridyan.com/santastic-position-best-gambling-establishment-application-remark-video-game-demo-play-for-pragmatic-site-real-cash-ministere-de-los-angeles-sante-publique/" "Mozilla/5.0 AppleWebKit/537.36 (KHTML, like Gecko; compatible; GPTBot/1.3; +https://openai.com/gptbot)"
74.7.241.16 - - [12/May/2026:05:56:49 +1000] "GET /wp-json/oembed/1.0/embed?format=xml&url=https%3A%2F%2Fwww.coridyan.com%2F888casino-24-casino-italia-login-premio-benvenuto-2050-fs-a-sbafo-1-000-primo-deposito%2F HTTP/2" 200 1664 "https://www.coridyan.com/888casino-24-casino-italia-login-premio-benvenuto-2050-fs-a-sbafo-1-000-primo-deposito/" "Mozilla/5.0 AppleWebKit/537.36 (KHTML, like Gecko; compatible; GPTBot/1.3; +https://openai.com/gptbot)"
74.7.241.16 - - [12/May/2026:05:56:51 +1000] "GET /wp-json/oembed/1.0/embed?format=xml&url=https%3A%2F%2Fwww.coridyan.com%2Fbetsafe-gambling-establishment-review-blood-lore-vampire-clan-5-deposit-2026-gamble-over-step-one700-video-game%2F HTTP/2" 200 1639 "https://www.coridyan.com/betsafe-gambling-establishment-review-blood-lore-vampire-clan-5-deposit-2026-gamble-over-step-one700-video-game/" "Mozilla/5.0 AppleWebKit/537.36 (KHTML, like Gecko; compatible; GPTBot/1.3; +https://openai.com/gptbot)"
74.7.241.16 - - [12/May/2026:05:56:53 +1000] "GET /%22https:/i.insider.com/573f65d852bcd066018c44ea?auto=webp\\%22&format=jpeg&width=1100 HTTP/2" 200 35709 "https://www.coridyan.com/wp-json/wp/v2/posts/64732" "Mozilla/5.0 AppleWebKit/537.36 (KHTML, like Gecko; compatible; GPTBot/1.3; +https://openai.com/gptbot)"
74.7.241.16 - - [12/May/2026:05:56:55 +1000] "GET /wp-json/oembed/1.0/embed?format=xml&url=https%3A%2F%2Fwww.coridyan.com%2F7-card-blackjack-australia%2F HTTP/2" 200 1469 "https://www.coridyan.com/7-card-blackjack-australia/" "Mozilla/5.0 AppleWebKit/537.36 (KHTML, like Gecko; compatible; GPTBot/1.3; +https://openai.com/gptbot)"
74.7.241.16 - - [12/May/2026:05:56:57 +1000] "GET /wp-json/oembed/1.0/embed?format=xml&url=https%3A%2F%2Fwww.coridyan.com%2Fpokies-for-beginners-australia%2F HTTP/2" 200 1454 "https://www.coridyan.com/pokies-for-beginners-australia/" "Mozilla/5.0 AppleWebKit/537.36 (KHTML, like Gecko; compatible; GPTBot/1.3; +https://openai.com/gptbot)"
74.7.241.16 - - [12/May/2026:05:56:59 +1000] "GET /wp-json/oembed/1.0/embed?format=xml&url=https%3A%2F%2Fwww.coridyan.com%2Fbybid9-casino-au-experience%2F HTTP/2" 200 1460 "https://www.coridyan.com/bybid9-casino-au-experience/" "Mozilla/5.0 AppleWebKit/537.36 (KHTML, like Gecko; compatible; GPTBot/1.3; +https://openai.com/gptbot)"
74.7.241.16 - - [12/May/2026:05:57:01 +1000] "GET /wp-json/oembed/1.0/embed?format=xml&url=https%3A%2F%2Fwww.coridyan.com%2Fspielautomaten-tricks-wie-gewinnt-man-angeschaltet-spielautomaten%2F HTTP/2" 200 1541 "https://www.coridyan.com/spielautomaten-tricks-wie-gewinnt-man-angeschaltet-spielautomaten/" "Mozilla/5.0 AppleWebKit/537.36 (KHTML, like Gecko; compatible; GPTBot/1.3; +https://openai.com/gptbot)"
74.7.241.16 - - [12/May/2026:05:57:02 +1000] "GET /wp-json/oembed/1.0/embed?format=xml&url=https%3A%2F%2Fwww.coridyan.com%2Flietuvoje-20-bet-kasino-zaidimas%2F HTTP/2" 200 1295 "https://www.coridyan.com/lietuvoje-20-bet-kasino-zaidimas/" "Mozilla/5.0 AppleWebKit/537.36 (KHTML, like Gecko; compatible; GPTBot/1.3; +https://openai.com/gptbot)"
74.7.241.16 - - [12/May/2026:05:57:04 +1000] "GET /%22https:/www.coridyan.com/30-no-deposit-mobile-casino/embed/ HTTP/2" 200 35709 "https://www.coridyan.com/wp-json/oembed/1.0/embed?url=https%3A%2F%2Fwww.coridyan.com%2F30-no-deposit-mobile-casino%2F" "Mozilla/5.0 AppleWebKit/537.36 (KHTML, like Gecko; compatible; GPTBot/1.3; +https://openai.com/gptbot)"
74.7.241.16 - - [12/May/2026:05:57:07 +1000] "GET /wp-json/oembed/1.0/embed?format=xml&url=https%3A%2F%2Fwww.coridyan.com%2Fauwins88-casino-au-welcome-bonus%2F HTTP/2" 200 1485 "https://www.coridyan.com/auwins88-casino-au-welcome-bonus/" "Mozilla/5.0 AppleWebKit/537.36 (KHTML, like Gecko; compatible; GPTBot/1.3; +https://openai.com/gptbot)"
192.178.4.100 - - [12/May/2026:05:57:06 +1000] "GET /content.php?product/89690074 HTTP/1.1" 200 28588 "-" "Mozilla/5.0 (Linux; Android 6.0.1; Nexus 5X Build/MMB29P) AppleWebKit/537.36 (KHTML, like Gecko) Chrome/147.0.7727.137 Mobile Safari/537.36 (compatible; GoogleOther)"
74.7.241.16 - - [12/May/2026:05:57:08 +1000] "GET /wp-json/oembed/1.0/embed?format=xml&url=https%3A%2F%2Fwww.coridyan.com%2Fstarcasino-gratifica-50-bonus-di-deposito-24-casino-free-spin-100-spid-2050-cashback%2F HTTP/2" 200 1622 "https://www.coridyan.com/starcasino-gratifica-50-bonus-di-deposito-24-casino-free-spin-100-spid-2050-cashback/" "Mozilla/5.0 AppleWebKit/537.36 (KHTML, like Gecko; compatible; GPTBot/1.3; +https://openai.com/gptbot)"
74.7.241.16 - - [12/May/2026:05:57:10 +1000] "GET /wp-json/oembed/1.0/embed?format=xml&url=https%3A%2F%2Fwww.coridyan.com%2Fbetjet-casino-promo-codes-2026%2F HTTP/2" 200 1465 "https://www.coridyan.com/betjet-casino-promo-codes-2026/" "Mozilla/5.0 AppleWebKit/537.36 (KHTML, like Gecko; compatible; GPTBot/1.3; +https://openai.com/gptbot)"
74.7.241.16 - - [12/May/2026:05:57:12 +1000] "GET /wp-json/oembed/1.0/embed?format=xml&url=https%3A%2F%2Fwww.coridyan.com%2Fbest-1000x-win-slots-australia%2F HTTP/2" 200 1470 "https://www.coridyan.com/best-1000x-win-slots-australia/" "Mozilla/5.0 AppleWebKit/537.36 (KHTML, like Gecko; compatible; GPTBot/1.3; +https://openai.com/gptbot)"
192.178.4.101 - - [12/May/2026:05:57:12 +1000] "GET /?products/detail/57150001 HTTP/1.1" 200 32010 "-" "Mozilla/5.0 (Linux; Android 6.0.1; Nexus 5X Build/MMB29P) AppleWebKit/537.36 (KHTML, like Gecko) Chrome/147.0.7727.137 Mobile Safari/537.36 (compatible; Googlebot/2.1; +http://www.google.com/bot.html)"
74.7.241.16 - - [12/May/2026:05:57:14 +1000] "GET /wp-json/oembed/1.0/embed?format=xml&url=https%3A%2F%2Fwww.coridyan.com%2Fboostbet-casino-aud-bonus-2026%2F HTTP/2" 200 1472 "https://www.coridyan.com/boostbet-casino-aud-bonus-2026/" "Mozilla/5.0 AppleWebKit/537.36 (KHTML, like Gecko; compatible; GPTBot/1.3; +https://openai.com/gptbot)"
74.7.241.16 - - [12/May/2026:05:57:16 +1000] "GET /wp-json/oembed/1.0/embed?format=xml&url=https%3A%2F%2Fwww.coridyan.com%2Fcasino-addisjon-norges-beste-casinobonuser-inne-i-2026%2F HTTP/2" 200 1649 "https://www.coridyan.com/casino-addisjon-norges-beste-casinobonuser-inne-i-2026/" "Mozilla/5.0 AppleWebKit/537.36 (KHTML, like Gecko; compatible; GPTBot/1.3; +https://openai.com/gptbot)"
192.178.4.101 - - [12/May/2026:05:57:15 +1000] "GET /content.php?product/110738986 HTTP/1.1" 200 28383 "-" "Mozilla/5.0 (Linux; Android 6.0.1; Nexus 5X Build/MMB29P) AppleWebKit/537.36 (KHTML, like Gecko) Chrome/147.0.7727.137 Mobile Safari/537.36 (compatible; GoogleOther)"
74.7.241.16 - - [12/May/2026:05:57:18 +1000] "GET /wp-json/oembed/1.0/embed?format=xml&url=https%3A%2F%2Fwww.coridyan.com%2Fskrill-on-net-casino%2F HTTP/2" 200 1441 "https://www.coridyan.com/skrill-on-net-casino/" "Mozilla/5.0 AppleWebKit/537.36 (KHTML, like Gecko; compatible; GPTBot/1.3; +https://openai.com/gptbot)"
74.7.241.16 - - [12/May/2026:05:57:19 +1000] "GET /wp-json/oembed/1.0/embed?format=xml&url=https%3A%2F%2Fwww.coridyan.com%2Fbest-way-to-win-at-casino%2F HTTP/2" 200 1447 "https://www.coridyan.com/best-way-to-win-at-casino/" "Mozilla/5.0 AppleWebKit/537.36 (KHTML, like Gecko; compatible; GPTBot/1.3; +https://openai.com/gptbot)"
74.7.241.16 - - [12/May/2026:05:57:21 +1000] "GET /wp-json/oembed/1.0/embed?url=https%3A%2F%2Fwww.coridyan.com%2F888casino-24-casino-italia-login-premio-benvenuto-2050-fs-a-sbafo-1-000-primo-deposito%2F HTTP/2" 200 1648 "https://www.coridyan.com/888casino-24-casino-italia-login-premio-benvenuto-2050-fs-a-sbafo-1-000-primo-deposito/" "Mozilla/5.0 AppleWebKit/537.36 (KHTML, like Gecko; compatible; GPTBot/1.3; +https://openai.com/gptbot)"
74.7.241.16 - - [12/May/2026:05:57:23 +1000] "GET /wp-json/oembed/1.0/embed?format=xml&url=https%3A%2F%2Fwww.coridyan.com%2Fnew-casinos-australia-kingcasinobonus%2F HTTP/2" 200 1457 "https://www.coridyan.com/new-casinos-australia-kingcasinobonus/" "Mozilla/5.0 AppleWebKit/537.36 (KHTML, like Gecko; compatible; GPTBot/1.3; +https://openai.com/gptbot)"
57.141.14.79 - - [12/May/2026:05:57:22 +1000] "GET /products/detail/59784130 HTTP/2" 200 137741 "-" "meta-externalagent/1.1 (+https://developers.facebook.com/docs/sharing/webmasters/crawler)"
74.7.241.16 - - [12/May/2026:05:57:25 +1000] "GET /wp-json/oembed/1.0/embed?format=xml&url=https%3A%2F%2Fwww.coridyan.com%2Flive-casino-exclusive-bonus-australia%2F HTTP/2" 200 1479 "https://www.coridyan.com/live-casino-exclusive-bonus-australia/" "Mozilla/5.0 AppleWebKit/537.36 (KHTML, like Gecko; compatible; GPTBot/1.3; +https://openai.com/gptbot)"
74.7.241.16 - - [12/May/2026:05:57:27 +1000] "GET /wp-json/oembed/1.0/embed?format=xml&url=https%3A%2F%2Fwww.coridyan.com%2Fbest-online-keno-exclusive-bonus-australia%2F HTTP/2" 200 1475 "https://www.coridyan.com/best-online-keno-exclusive-bonus-australia/" "Mozilla/5.0 AppleWebKit/537.36 (KHTML, like Gecko; compatible; GPTBot/1.3; +https://openai.com/gptbot)"
74.7.241.16 - - [12/May/2026:05:57:28 +1000] "GET /wp-json/oembed/1.0/embed?format=xml&url=https%3A%2F%2Fwww.coridyan.com%2Fonline-roulette-exclusive-bonus-australia%2F HTTP/2" 200 1495 "https://www.coridyan.com/online-roulette-exclusive-bonus-australia/" "Mozilla/5.0 AppleWebKit/537.36 (KHTML, like Gecko; compatible; GPTBot/1.3; +https://openai.com/gptbot)"
74.7.241.16 - - [12/May/2026:05:57:30 +1000] "GET /wp-json/oembed/1.0/embed?format=xml&url=https%3A%2F%2Fwww.coridyan.com%2Fbao-zhu-zhao-fu-overview-key-information-and-details%2F HTTP/2" 200 1315 "https://www.coridyan.com/bao-zhu-zhao-fu-overview-key-information-and-details/" "Mozilla/5.0 AppleWebKit/537.36 (KHTML, like Gecko; compatible; GPTBot/1.3; +https://openai.com/gptbot)"
74.7.241.16 - - [12/May/2026:05:57:32 +1000] "GET /wp-json/oembed/1.0/embed?format=xml&url=https%3A%2F%2Fwww.coridyan.com%2Farv-uten-bidrag-annamme-gratis-fletning-uten-almisse%2F HTTP/2" 200 1629 "https://www.coridyan.com/arv-uten-bidrag-annamme-gratis-fletning-uten-almisse/" "Mozilla/5.0 AppleWebKit/537.36 (KHTML, like Gecko; compatible; GPTBot/1.3; +https://openai.com/gptbot)"
192.178.4.100 - - [12/May/2026:05:57:31 +1000] "GET /content.php?product/59686954 HTTP/1.1" 200 28160 "-" "Mozilla/5.0 (Linux; Android 6.0.1; Nexus 5X Build/MMB29P) AppleWebKit/537.36 (KHTML, like Gecko) Chrome/147.0.7727.137 Mobile Safari/537.36 (compatible; GoogleOther)"
74.7.241.16 - - [12/May/2026:05:57:33 +1000] "GET /wp-json/oembed/1.0/embed?format=xml&url=https%3A%2F%2Fwww.coridyan.com%2Ffree-fire-joker-slot-free-spins-online-slot-machines%2F HTTP/2" 200 1562 "https://www.coridyan.com/free-fire-joker-slot-free-spins-online-slot-machines/" "Mozilla/5.0 AppleWebKit/537.36 (KHTML, like Gecko; compatible; GPTBot/1.3; +https://openai.com/gptbot)"
74.7.241.16 - - [12/May/2026:05:57:35 +1000] "GET /wp-json/oembed/1.0/embed?format=xml&url=https%3A%2F%2Fwww.coridyan.com%2Fhalloween-slots-australia%2F HTTP/2" 200 1477 "https://www.coridyan.com/halloween-slots-australia/" "Mozilla/5.0 AppleWebKit/537.36 (KHTML, like Gecko; compatible; GPTBot/1.3; +https://openai.com/gptbot)"
74.7.241.16 - - [12/May/2026:05:57:37 +1000] "GET /wp-json/oembed/1.0/embed?format=xml&url=https%3A%2F%2Fwww.coridyan.com%2Flicensed-casino-australia%2F HTTP/2" 200 1448 "https://www.coridyan.com/licensed-casino-australia/" "Mozilla/5.0 AppleWebKit/537.36 (KHTML, like Gecko; compatible; GPTBot/1.3; +https://openai.com/gptbot)"
40.77.167.54 - - [12/May/2026:05:57:36 +1000] "GET /products/detail/61071094 HTTP/2" 200 31263 "-" "Mozilla/5.0 AppleWebKit/537.36 (KHTML, like Gecko; compatible; bingbot/2.0; +http://www.bing.com/bingbot.htm) Chrome/116.0.1938.76 Safari/537.36"
74.7.241.16 - - [12/May/2026:05:57:39 +1000] "GET /wp-json/oembed/1.0/embed?format=xml&url=https%3A%2F%2Fwww.coridyan.com%2Fcasino-roulette-unblocked%2F HTTP/2" 200 1452 "https://www.coridyan.com/casino-roulette-unblocked/" "Mozilla/5.0 AppleWebKit/537.36 (KHTML, like Gecko; compatible; GPTBot/1.3; +https://openai.com/gptbot)"
74.7.241.16 - - [12/May/2026:05:57:40 +1000] "GET /%22https:/www.coridyan.com/888casino-24-casino-italia-login-premio-benvenuto-2050-fs-a-sbafo-1-000-primo-deposito/embed/ HTTP/2" 200 35715 "https://www.coridyan.com/wp-json/oembed/1.0/embed?url=https%3A%2F%2Fwww.coridyan.com%2F888casino-24-casino-italia-login-premio-benvenuto-2050-fs-a-sbafo-1-000-primo-deposito%2F" "Mozilla/5.0 AppleWebKit/537.36 (KHTML, like Gecko; compatible; GPTBot/1.3; +https://openai.com/gptbot)"
192.178.4.100 - - [12/May/2026:05:57:39 +1000] "GET /?products/detail/64014409 HTTP/1.1" 200 32423 "-" "Mozilla/5.0 (Linux; Android 6.0.1; Nexus 5X Build/MMB29P) AppleWebKit/537.36 (KHTML, like Gecko) Chrome/147.0.7727.137 Mobile Safari/537.36 (compatible; Googlebot/2.1; +http://www.google.com/bot.html)"
74.7.241.16 - - [12/May/2026:05:57:43 +1000] "GET /wp-json/oembed/1.0/embed?format=xml&url=https%3A%2F%2Fwww.coridyan.com%2Fcasino-websiets-australia%2F HTTP/2" 200 1459 "https://www.coridyan.com/casino-websiets-australia/" "Mozilla/5.0 AppleWebKit/537.36 (KHTML, like Gecko; compatible; GPTBot/1.3; +https://openai.com/gptbot)"
74.7.241.16 - - [12/May/2026:05:57:44 +1000] "GET /wp-json/oembed/1.0/embed?format=xml&url=https%3A%2F%2Fwww.coridyan.com%2Fsolana-gambling-australia%2F HTTP/2" 200 1470 "https://www.coridyan.com/solana-gambling-australia/" "Mozilla/5.0 AppleWebKit/537.36 (KHTML, like Gecko; compatible; GPTBot/1.3; +https://openai.com/gptbot)"
74.7.241.16 - - [12/May/2026:05:57:46 +1000] "GET /wp-json/oembed/1.0/embed?format=xml&url=https%3A%2F%2Fwww.coridyan.com%2Faustralia-friendly-casino%2F HTTP/2" 200 1458 "https://www.coridyan.com/australia-friendly-casino/" "Mozilla/5.0 AppleWebKit/537.36 (KHTML, like Gecko; compatible; GPTBot/1.3; +https://openai.com/gptbot)"
74.7.241.16 - - [12/May/2026:05:57:48 +1000] "GET /wp-json/oembed/1.0/embed?format=xml&url=https%3A%2F%2Fwww.coridyan.com%2Ftether-gambling-australia%2F HTTP/2" 200 1478 "https://www.coridyan.com/tether-gambling-australia/" "Mozilla/5.0 AppleWebKit/537.36 (KHTML, like Gecko; compatible; GPTBot/1.3; +https://openai.com/gptbot)"
74.7.241.16 - - [12/May/2026:05:57:51 +1000] "GET /wp-json/oembed/1.0/embed?format=xml&url=https%3A%2F%2Fwww.coridyan.com%2Fbitcoine-casino-australia%2F HTTP/2" 200 1471 "https://www.coridyan.com/bitcoine-casino-australia/" "Mozilla/5.0 AppleWebKit/537.36 (KHTML, like Gecko; compatible; GPTBot/1.3; +https://openai.com/gptbot)"
74.7.241.16 - - [12/May/2026:05:57:52 +1000] "GET /wp-json/oembed/1.0/embed?format=xml&url=https%3A%2F%2Fwww.coridyan.com%2Fcasino-payments-australia%2F HTTP/2" 200 1477 "https://www.coridyan.com/casino-payments-australia/" "Mozilla/5.0 AppleWebKit/537.36 (KHTML, like Gecko; compatible; GPTBot/1.3; +https://openai.com/gptbot)"
57.141.14.71 - - [12/May/2026:05:57:53 +1000] "GET /products/detail/57402343 HTTP/2" 200 137741 "-" "meta-externalagent/1.1 (+https://developers.facebook.com/docs/sharing/webmasters/crawler)"
74.7.241.16 - - [12/May/2026:05:57:54 +1000] "GET /wp-json/oembed/1.0/embed?format=xml&url=https%3A%2F%2Fwww.coridyan.com%2Fcheapest-online-blackjack%2F HTTP/2" 200 1453 "https://www.coridyan.com/cheapest-online-blackjack/" "Mozilla/5.0 AppleWebKit/537.36 (KHTML, like Gecko; compatible; GPTBot/1.3; +https://openai.com/gptbot)"
74.7.241.16 - - [12/May/2026:05:57:56 +1000] "GET /wp-json/oembed/1.0/embed?format=xml&url=https%3A%2F%2Fwww.coridyan.com%2Fmobile-roulette-australia%2F HTTP/2" 200 1452 "https://www.coridyan.com/mobile-roulette-australia/" "Mozilla/5.0 AppleWebKit/537.36 (KHTML, like Gecko; compatible; GPTBot/1.3; +https://openai.com/gptbot)"
89.124.114.167 - - [12/May/2026:05:57:55 +1000] "GET / HTTP/1.0" 200 190290 "https://www.coridyan.com/" "Mozilla/5.0 (Windows NT 10.0; Win64; x64) AppleWebKit/537.36 (KHTML, like Gecko) Chrome/131.0.0.0 Safari/537.36"
74.7.241.16 - - [12/May/2026:05:57:57 +1000] "GET /wp-json/oembed/1.0/embed?format=xml&url=https%3A%2F%2Fwww.coridyan.com%2Fneosurf-casinos-australia%2F HTTP/2" 200 1466 "https://www.coridyan.com/neosurf-casinos-australia/" "Mozilla/5.0 AppleWebKit/537.36 (KHTML, like Gecko; compatible; GPTBot/1.3; +https://openai.com/gptbot)"
216.73.216.86 - - [12/May/2026:05:58:01 +1000] "GET /robots.txt HTTP/2" 200 70 "-" "Mozilla/5.0 AppleWebKit/537.36 (KHTML, like Gecko; compatible; ClaudeBot/1.0; +claudebot@anthropic.com)"
74.7.241.16 - - [12/May/2026:05:57:59 +1000] "GET /wp-json/oembed/1.0/embed?format=xml&url=https%3A%2F%2Fwww.coridyan.com%2Fblackjack-casino-supplies%2F HTTP/2" 200 1451 "https://www.coridyan.com/blackjack-casino-supplies/" "Mozilla/5.0 AppleWebKit/537.36 (KHTML, like Gecko; compatible; GPTBot/1.3; +https://openai.com/gptbot)"
216.73.216.86 - - [12/May/2026:05:58:01 +1000] "GET /book-of-dead-kostenlos-vortragen-ohne-eintragung-casinos4u-anmeldebonus-fur-nusse-protestation-slot/feed/ HTTP/2" 200 531 "-" "Mozilla/5.0 AppleWebKit/537.36 (KHTML, like Gecko; compatible; ClaudeBot/1.0; +claudebot@anthropic.com)"
57.141.14.90 - - [12/May/2026:05:58:00 +1000] "GET /products/detail/69824494 HTTP/2" 200 137741 "-" "meta-externalagent/1.1 (+https://developers.facebook.com/docs/sharing/webmasters/crawler)"
57.141.14.69 - - [12/May/2026:05:58:00 +1000] "GET /products/detail/62718292 HTTP/2" 200 137741 "-" "meta-externalagent/1.1 (+https://developers.facebook.com/docs/sharing/webmasters/crawler)"
89.124.114.167 - - [12/May/2026:05:58:00 +1000] "GET /peny-przegld-dla-graczy-nowoczesnych-kasyn/ HTTP/1.0" 200 158450 "https://www.coridyan.com/peny-przegld-dla-graczy-nowoczesnych-kasyn/" "Mozilla/5.0 (Windows NT 10.0; Win64; x64) AppleWebKit/537.36 (KHTML, like Gecko) Chrome/131.0.0.0 Safari/537.36"
74.7.241.16 - - [12/May/2026:05:58:01 +1000] "GET /wp-json/oembed/1.0/embed?format=xml&url=https%3A%2F%2Fwww.coridyan.com%2Fcasino-brisbane-australia%2F HTTP/2" 200 1452 "https://www.coridyan.com/casino-brisbane-australia/" "Mozilla/5.0 AppleWebKit/537.36 (KHTML, like Gecko; compatible; GPTBot/1.3; +https://openai.com/gptbot)"
74.7.241.16 - - [12/May/2026:05:58:03 +1000] "GET /wp-json/oembed/1.0/embed?format=xml&url=https%3A%2F%2Fwww.coridyan.com%2Fblackjack-casinos-minimum%2F HTTP/2" 200 1484 "https://www.coridyan.com/blackjack-casinos-minimum/" "Mozilla/5.0 AppleWebKit/537.36 (KHTML, like Gecko; compatible; GPTBot/1.3; +https://openai.com/gptbot)"
74.7.241.16 - - [12/May/2026:05:58:05 +1000] "GET /wp-json/oembed/1.0/embed?format=xml&url=https%3A%2F%2Fwww.coridyan.com%2Fblackjack-party-australia%2F HTTP/2" 200 1490 "https://www.coridyan.com/blackjack-party-australia/" "Mozilla/5.0 AppleWebKit/537.36 (KHTML, like Gecko; compatible; GPTBot/1.3; +https://openai.com/gptbot)"
74.7.241.16 - - [12/May/2026:05:58:06 +1000] "GET /wp-json/oembed/1.0/embed?format=xml&url=https%3A%2F%2Fwww.coridyan.com%2Ffree-multiplayer-blackjack%2F HTTP/2" 200 1466 "https://www.coridyan.com/free-multiplayer-blackjack/" "Mozilla/5.0 AppleWebKit/537.36 (KHTML, like Gecko; compatible; GPTBot/1.3; +https://openai.com/gptbot)"
89.124.114.167 - - [12/May/2026:05:58:04 +1000] "POST /wp-comments-post.php HTTP/1.0" 302 1175 "https://www.coridyan.com/peny-przegld-dla-graczy-nowoczesnych-kasyn/" "Mozilla/5.0 (Windows NT 10.0; Win64; x64) AppleWebKit/537.36 (KHTML, like Gecko) Chrome/131.0.0.0 Safari/537.36"
74.7.241.16 - - [12/May/2026:05:58:08 +1000] "GET /wp-json/oembed/1.0/embed?format=xml&url=https%3A%2F%2Fwww.coridyan.com%2Fquicksilver-slots-australia%2F HTTP/2" 200 1446 "https://www.coridyan.com/quicksilver-slots-australia/" "Mozilla/5.0 AppleWebKit/537.36 (KHTML, like Gecko; compatible; GPTBot/1.3; +https://openai.com/gptbot)"
192.178.4.102 - - [12/May/2026:05:58:07 +1000] "GET /?products/detail/66935386 HTTP/1.1" 200 32752 "-" "Mozilla/5.0 (Linux; Android 6.0.1; Nexus 5X Build/MMB29P) AppleWebKit/537.36 (KHTML, like Gecko) Chrome/147.0.7727.137 Mobile Safari/537.36 (compatible; Googlebot/2.1; +http://www.google.com/bot.html)"
74.7.241.16 - - [12/May/2026:05:58:09 +1000] "GET /wp-json/oembed/1.0/embed?format=xml&url=https%3A%2F%2Fwww.coridyan.com%2Fel-tiempo-casino-royal-vegas-codigos-de-bonificacion-2021-predicci%25ef%25bf%25bdn-por-municipios-oficina-estatal-sobre-meteorolog%25ef%25bf%25bden-aemet-administracion-sobre-espa%25ef%25bf%25bden%2F HTTP/2" 200 1726 "https://www.coridyan.com/el-tiempo-casino-royal-vegas-codigos-de-bonificacion-2021-predicci%ef%bf%bdn-por-municipios-oficina-estatal-sobre-meteorolog%ef%bf%bden-aemet-administracion-sobre-espa%ef%bf%bden/" "Mozilla/5.0 AppleWebKit/537.36 (KHTML, like Gecko; compatible; GPTBot/1.3; +https://openai.com/gptbot)"
89.124.114.167 - - [12/May/2026:05:58:09 +1000] "GET /peny-przegld-dla-graczy-nowoczesnych-kasyn/ HTTP/1.0" 200 139932 "https://www.coridyan.com/peny-przegld-dla-graczy-nowoczesnych-kasyn/#comment-558" "Mozilla/5.0 (Windows NT 10.0; Win64; x64) AppleWebKit/537.36 (KHTML, like Gecko) Chrome/131.0.0.0 Safari/537.36"
74.7.241.16 - - [12/May/2026:05:58:11 +1000] "GET /wp-json/oembed/1.0/embed?format=xml&url=https%3A%2F%2Fwww.coridyan.com%2Finnovative-ansatze-im-bereich-mobile-gaming-schnelle-einstiegsmoglichkeiten-fur-neueinsteiger-2%2F HTTP/2" 200 1662 "https://www.coridyan.com/innovative-ansatze-im-bereich-mobile-gaming-schnelle-einstiegsmoglichkeiten-fur-neueinsteiger-2/" "Mozilla/5.0 AppleWebKit/537.36 (KHTML, like Gecko; compatible; GPTBot/1.3; +https://openai.com/gptbot)"
