192.178.4.101 - - [12/May/2026:07:08:08 +1000] "GET /content.php?product/64933810 HTTP/1.1" 200 28459 "-" "Mozilla/5.0 (Linux; Android 6.0.1; Nexus 5X Build/MMB29P) AppleWebKit/537.36 (KHTML, like Gecko) Chrome/147.0.7727.137 Mobile Safari/537.36 (compatible; Googlebot/2.1; +http://www.google.com/bot.html)"
192.178.4.101 - - [12/May/2026:07:08:08 +1000] "GET /?products/detail/64527067 HTTP/1.1" 200 32800 "-" "Mozilla/5.0 (Linux; Android 6.0.1; Nexus 5X Build/MMB29P) AppleWebKit/537.36 (KHTML, like Gecko) Chrome/147.0.7727.137 Mobile Safari/537.36 (compatible; Googlebot/2.1; +http://www.google.com/bot.html)"
74.7.242.22 - - [12/May/2026:07:08:11 +1000] "GET /wp-json/oembed/1.0/embed?format=xml&url=https%3A%2F%2Fwww.coridyan.com%2Fnorsk-casino-guide-2026%2F HTTP/2" 200 1576 "https://www.coridyan.com/norsk-casino-guide-2026/" "Mozilla/5.0 AppleWebKit/537.36 (KHTML, like Gecko; compatible; GPTBot/1.3; +https://openai.com/gptbot)"
74.7.242.22 - - [12/May/2026:07:08:12 +1000] "GET /wp-json/oembed/1.0/embed?format=xml&url=https%3A%2F%2Fwww.coridyan.com%2Fnew-mobile-deposit-casino%2F HTTP/2" 200 1447 "https://www.coridyan.com/new-mobile-deposit-casino/" "Mozilla/5.0 AppleWebKit/537.36 (KHTML, like Gecko; compatible; GPTBot/1.3; +https://openai.com/gptbot)"
192.178.4.100 - - [12/May/2026:07:08:12 +1000] "GET /?products/detail/65089576 HTTP/1.1" 200 31983 "-" "Mozilla/5.0 (Linux; Android 6.0.1; Nexus 5X Build/MMB29P) AppleWebKit/537.36 (KHTML, like Gecko) Chrome/147.0.7727.137 Mobile Safari/537.36 (compatible; Googlebot/2.1; +http://www.google.com/bot.html)"
200.25.47.105 - - [12/May/2026:07:08:13 +1000] "POST /xmlrpc.php HTTP/1.1" 200 14599 "-" "Mozilla/5.0 (Windows NT 10.0; Win64; x64) AppleWebKit/537.36 (KHTML, like Gecko) Chrome/114.0.0.0 Safari/537.36"
74.7.242.22 - - [12/May/2026:07:08:14 +1000] "GET /wp-json/oembed/1.0/embed?format=xml&url=https%3A%2F%2Fwww.coridyan.com%2Ffree-credit-mobile-casino%2F HTTP/2" 200 1443 "https://www.coridyan.com/free-credit-mobile-casino/" "Mozilla/5.0 AppleWebKit/537.36 (KHTML, like Gecko; compatible; GPTBot/1.3; +https://openai.com/gptbot)"
192.178.4.101 - - [12/May/2026:07:08:14 +1000] "GET /products/detail/60717079 HTTP/1.1" 200 32380 "-" "Mozilla/5.0 (Linux; Android 6.0.1; Nexus 5X Build/MMB29P) AppleWebKit/537.36 (KHTML, like Gecko) Chrome/147.0.7727.137 Mobile Safari/537.36 (compatible; GoogleOther)"
74.7.242.22 - - [12/May/2026:07:08:16 +1000] "GET /wp-json/oembed/1.0/embed?format=xml&url=https%3A%2F%2Fwww.coridyan.com%2Ffunky-fresh-fruit-casino-igame-mobile-video-slot-enjoy-on-the-internet-at-the-mybaccaratguide-com%2F HTTP/2" 200 1646 "https://www.coridyan.com/funky-fresh-fruit-casino-igame-mobile-video-slot-enjoy-on-the-internet-at-the-mybaccaratguide-com/" "Mozilla/5.0 AppleWebKit/537.36 (KHTML, like Gecko; compatible; GPTBot/1.3; +https://openai.com/gptbot)"
74.7.242.22 - - [12/May/2026:07:08:17 +1000] "GET /wp-json/oembed/1.0/embed?format=xml&url=https%3A%2F%2Fwww.coridyan.com%2Fenjoy-free-metal-spins-no-deposit-required-wonderful-goddess-slot-at-no-cost-comment-and-you-will-bonus-info%2F HTTP/2" 200 1662 "https://www.coridyan.com/enjoy-free-metal-spins-no-deposit-required-wonderful-goddess-slot-at-no-cost-comment-and-you-will-bonus-info/" "Mozilla/5.0 AppleWebKit/537.36 (KHTML, like Gecko; compatible; GPTBot/1.3; +https://openai.com/gptbot)"
100.29.155.89 - - [12/May/2026:07:08:14 +1000] "GET /author/admlnlx/page/1549/ HTTP/1.1" 200 41345 "-" "Mozilla/5.0 AppleWebKit/537.36 (KHTML, like Gecko; compatible; Amazonbot/0.1; +https://developer.amazon.com/support/amazonbot) Chrome/119.0.6045.214 Safari/537.36"
74.7.242.22 - - [12/May/2026:07:08:19 +1000] "GET /wp-json/oembed/1.0/embed?format=xml&url=https%3A%2F%2Fwww.coridyan.com%2Ftotally-free-pokies-australia-gamble-online-pokies-gratowin-bonus-code-enjoyment-no-install%2F HTTP/2" 200 1666 "https://www.coridyan.com/totally-free-pokies-australia-gamble-online-pokies-gratowin-bonus-code-enjoyment-no-install/" "Mozilla/5.0 AppleWebKit/537.36 (KHTML, like Gecko; compatible; GPTBot/1.3; +https://openai.com/gptbot)"
200.25.47.105 - - [12/May/2026:07:08:18 +1000] "GET /spartak-zha%D2%A3a-kazino-depozits%D1%96z-goldbet-gladiatoryny%D2%A3-rimnen-shy%D2%93u-pozitsiyasy-p%D1%96k%D1%96r-2026-100-payyz-teg%D1%96n-demo-n%D2%B1s%D2%9Basyn-tamashala%D2%A3yz/ HTTP/1.1" 200 158700 "-" "Mozilla/5.0 (Windows NT 10.0; Win64; x64) AppleWebKit/537.36 (KHTML, like Gecko) Chrome/123.0.0.0 Safari/537.36 OPR/109.0.0.0"
74.7.242.22 - - [12/May/2026:07:08:21 +1000] "GET /wp-json/oembed/1.0/embed?format=xml&url=https%3A%2F%2Fwww.coridyan.com%2Ffree-online-slots-no-download-by-net-ent%2F HTTP/2" 200 1486 "https://www.coridyan.com/free-online-slots-no-download-by-net-ent/" "Mozilla/5.0 AppleWebKit/537.36 (KHTML, like Gecko; compatible; GPTBot/1.3; +https://openai.com/gptbot)"
192.178.4.100 - - [12/May/2026:07:08:22 +1000] "GET /?products/detail/58372282 HTTP/1.1" 200 32874 "-" "Mozilla/5.0 (Linux; Android 6.0.1; Nexus 5X Build/MMB29P) AppleWebKit/537.36 (KHTML, like Gecko) Chrome/147.0.7727.137 Mobile Safari/537.36 (compatible; Googlebot/2.1; +http://www.google.com/bot.html)"
74.7.242.22 - - [12/May/2026:07:08:23 +1000] "GET /wp-json/oembed/1.0/embed?format=xml&url=https%3A%2F%2Fwww.coridyan.com%2Fbest-mobile-zitro-casino%2F HTTP/2" 200 1454 "https://www.coridyan.com/best-mobile-zitro-casino/" "Mozilla/5.0 AppleWebKit/537.36 (KHTML, like Gecko; compatible; GPTBot/1.3; +https://openai.com/gptbot)"
74.7.242.22 - - [12/May/2026:07:08:25 +1000] "GET /wp-json/oembed/1.0/embed?format=xml&url=https%3A%2F%2Fwww.coridyan.com%2F100-free-5-free-trial-casino-slots-for-mobile-phones%2F HTTP/2" 200 1475 "https://www.coridyan.com/100-free-5-free-trial-casino-slots-for-mobile-phones/" "Mozilla/5.0 AppleWebKit/537.36 (KHTML, like Gecko; compatible; GPTBot/1.3; +https://openai.com/gptbot)"
192.178.4.100 - - [12/May/2026:07:08:24 +1000] "GET /content.php?product/65621962 HTTP/1.1" 200 28051 "-" "Mozilla/5.0 (Linux; Android 6.0.1; Nexus 5X Build/MMB29P) AppleWebKit/537.36 (KHTML, like Gecko) Chrome/147.0.7727.137 Mobile Safari/537.36 (compatible; GoogleOther)"
74.7.242.22 - - [12/May/2026:07:08:26 +1000] "GET /wp-json/oembed/1.0/embed?format=xml&url=https%3A%2F%2Fwww.coridyan.com%2Fbest-5-free-mobile-casino%2F HTTP/2" 200 1444 "https://www.coridyan.com/best-5-free-mobile-casino/" "Mozilla/5.0 AppleWebKit/537.36 (KHTML, like Gecko; compatible; GPTBot/1.3; +https://openai.com/gptbot)"
74.7.242.22 - - [12/May/2026:07:08:28 +1000] "GET /wp-json/oembed/1.0/embed?format=xml&url=https%3A%2F%2Fwww.coridyan.com%2Fking-of-your-own-jade-paradise-gambling-enterprise-nile-profile-comment-2026-a-hundred-imperative-website-link-percent-100-percent-free-take-pleasure-in-casino-twin-free-spins-sign-up-trial-costa-rica%2F HTTP/2" 200 1763 "https://www.coridyan.com/king-of-your-own-jade-paradise-gambling-enterprise-nile-profile-comment-2026-a-hundred-imperative-website-link-percent-100-percent-free-take-pleasure-in-casino-twin-free-spins-sign-up-trial-costa-rica/" "Mozilla/5.0 AppleWebKit/537.36 (KHTML, like Gecko; compatible; GPTBot/1.3; +https://openai.com/gptbot)"
74.7.242.22 - - [12/May/2026:07:08:30 +1000] "GET /wp-json/oembed/1.0/embed?format=xml&url=https%3A%2F%2Fwww.coridyan.com%2Favalon-slot-%25e3%2583%25ad%25e3%2583%25bc%25e3%2582%25ab%25e3%2583%25ab-%25e3%2582%25ab%25e3%2582%25b8%25e3%2583%258e-777-%25e6%25ad%25a3%25e5%25bd%2593%25e3%2581%25aa%25e6%2584%258f%25e8%25a6%258b-2026-play-today-%25e3%2581%25a7%25e3%2581%25af-40000-%25e3%2581%25ae%25e3%2582%25b8%25e3%2583%25a3%2F HTTP/2" 200 4668 "https://www.coridyan.com/avalon-slot-%e3%83%ad%e3%83%bc%e3%82%ab%e3%83%ab-%e3%82%ab%e3%82%b8%e3%83%8e-777-%e6%ad%a3%e5%bd%93%e3%81%aa%e6%84%8f%e8%a6%8b-2026-play-today-%e3%81%a7%e3%81%af-40000-%e3%81%ae%e3%82%b8%e3%83%a3/" "Mozilla/5.0 AppleWebKit/537.36 (KHTML, like Gecko; compatible; GPTBot/1.3; +https://openai.com/gptbot)"
74.7.242.22 - - [12/May/2026:07:08:31 +1000] "GET /wp-json/oembed/1.0/embed?format=xml&url=https%3A%2F%2Fwww.coridyan.com%2Fjingle-winner-local-casino-video-game-comment-betmgm%2F HTTP/2" 200 1609 "https://www.coridyan.com/jingle-winner-local-casino-video-game-comment-betmgm/" "Mozilla/5.0 AppleWebKit/537.36 (KHTML, like Gecko; compatible; GPTBot/1.3; +https://openai.com/gptbot)"
74.7.242.22 - - [12/May/2026:07:08:33 +1000] "GET /bonuses-bitkingz-live-login-ports-safer-costs/feed/ HTTP/2" 200 481 "https://www.coridyan.com/bonuses-bitkingz-live-login-ports-safer-costs/" "Mozilla/5.0 AppleWebKit/537.36 (KHTML, like Gecko; compatible; GPTBot/1.3; +https://openai.com/gptbot)"
74.7.242.22 - - [12/May/2026:07:08:39 +1000] "GET /wp-json/oembed/1.0/embed?format=xml&url=https%3A%2F%2Fwww.coridyan.com%2Fon-the-internet-pokies-australia-no-install-play-best-totally-free-no-deposit-bonus-golden-goddess-pokies%2F HTTP/2" 200 1619 "https://www.coridyan.com/on-the-internet-pokies-australia-no-install-play-best-totally-free-no-deposit-bonus-golden-goddess-pokies/" "Mozilla/5.0 AppleWebKit/537.36 (KHTML, like Gecko; compatible; GPTBot/1.3; +https://openai.com/gptbot)"
74.7.242.22 - - [12/May/2026:07:08:41 +1000] "GET /wp-json/oembed/1.0/embed?format=xml&url=https%3A%2F%2Fwww.coridyan.com%2Fpay-by-phone-casino-pay-by-mobile-casino-sites%2F HTTP/2" 200 1470 "https://www.coridyan.com/pay-by-phone-casino-pay-by-mobile-casino-sites/" "Mozilla/5.0 AppleWebKit/537.36 (KHTML, like Gecko; compatible; GPTBot/1.3; +https://openai.com/gptbot)"
192.178.4.100 - - [12/May/2026:07:08:41 +1000] "GET /?products/detail/64760329 HTTP/1.1" 200 32615 "-" "Mozilla/5.0 (Linux; Android 6.0.1; Nexus 5X Build/MMB29P) AppleWebKit/537.36 (KHTML, like Gecko) Chrome/147.0.7727.137 Mobile Safari/537.36 (compatible; Googlebot/2.1; +http://www.google.com/bot.html)"
74.7.242.22 - - [12/May/2026:07:08:43 +1000] "GET /wp-json/oembed/1.0/embed?format=xml&url=https%3A%2F%2Fwww.coridyan.com%2Fking-of-your-nile-pokies-comment-2026-queen-of-ones-nile-free%2F HTTP/2" 200 1597 "https://www.coridyan.com/king-of-your-nile-pokies-comment-2026-queen-of-ones-nile-free/" "Mozilla/5.0 AppleWebKit/537.36 (KHTML, like Gecko; compatible; GPTBot/1.3; +https://openai.com/gptbot)"
74.7.242.22 - - [12/May/2026:07:08:44 +1000] "GET /wp-json/oembed/1.0/embed?format=xml&url=https%3A%2F%2Fwww.coridyan.com%2Fonline-new-mobile-slot%2F HTTP/2" 200 1447 "https://www.coridyan.com/online-new-mobile-slot/" "Mozilla/5.0 AppleWebKit/537.36 (KHTML, like Gecko; compatible; GPTBot/1.3; +https://openai.com/gptbot)"
74.7.242.22 - - [12/May/2026:07:08:46 +1000] "GET /wp-json/oembed/1.0/embed?format=xml&url=https%3A%2F%2Fwww.coridyan.com%2Fbest-mobile-blackjack%2F HTTP/2" 200 1460 "https://www.coridyan.com/best-mobile-blackjack/" "Mozilla/5.0 AppleWebKit/537.36 (KHTML, like Gecko; compatible; GPTBot/1.3; +https://openai.com/gptbot)"
104.207.55.155 - - [12/May/2026:07:08:45 +1000] "POST /xmlrpc.php HTTP/1.1" 200 697 "-" "Python-xmlrpc/3.11"
74.7.242.22 - - [12/May/2026:07:08:48 +1000] "GET /wp-json/oembed/1.0/embed?format=xml&url=https%3A%2F%2Fwww.coridyan.com%2Fmobile-casino-deposit-mobile-billing%2F HTTP/2" 200 1476 "https://www.coridyan.com/mobile-casino-deposit-mobile-billing/" "Mozilla/5.0 AppleWebKit/537.36 (KHTML, like Gecko; compatible; GPTBot/1.3; +https://openai.com/gptbot)"
192.178.4.100 - - [12/May/2026:07:08:47 +1000] "GET /content.php?product/104706370 HTTP/1.1" 200 28256 "-" "Mozilla/5.0 (Linux; Android 6.0.1; Nexus 5X Build/MMB29P) AppleWebKit/537.36 (KHTML, like Gecko) Chrome/147.0.7727.137 Mobile Safari/537.36 (compatible; GoogleOther)"
111.67.29.221 - - [12/May/2026:07:08:49 +1000] "POST /wp-cron.php?doing_wp_cron=1778533729.4652481079101562500000 HTTP/1.1" 200 445 "https://www.coridyan.com/wp-cron.php?doing_wp_cron=1778533729.4652481079101562500000" "WordPress/6.0.11; https://www.coridyan.com"
104.207.55.155 - - [12/May/2026:07:08:50 +1000] "POST /xmlrpc.php HTTP/1.1" 200 3093 "-" "Python-xmlrpc/3.11"
57.141.14.60 - - [12/May/2026:07:08:49 +1000] "GET /products/detail/65593414 HTTP/2" 200 137741 "-" "meta-externalagent/1.1 (+https://developers.facebook.com/docs/sharing/webmasters/crawler)"
74.7.242.22 - - [12/May/2026:07:08:50 +1000] "GET /wp-json/oembed/1.0/embed?format=xml&url=https%3A%2F%2Fwww.coridyan.com%2Fmobile-pay-slot-windows-mobile-casino-no-deposit-sign-up%2F HTTP/2" 200 1470 "https://www.coridyan.com/mobile-pay-slot-windows-mobile-casino-no-deposit-sign-up/" "Mozilla/5.0 AppleWebKit/537.36 (KHTML, like Gecko; compatible; GPTBot/1.3; +https://openai.com/gptbot)"
74.7.242.22 - - [12/May/2026:07:08:52 +1000] "GET /wp-json/oembed/1.0/embed?format=xml&url=https%3A%2F%2Fwww.coridyan.com%2Ffree-online-pokies-2026-670-free-pokies-video-game%2F HTTP/2" 200 1633 "https://www.coridyan.com/free-online-pokies-2026-670-free-pokies-video-game/" "Mozilla/5.0 AppleWebKit/537.36 (KHTML, like Gecko; compatible; GPTBot/1.3; +https://openai.com/gptbot)"
74.7.242.22 - - [12/May/2026:07:08:54 +1000] "GET /wp-json/oembed/1.0/embed?url=https%3A%2F%2Fwww.coridyan.com%2Fwin-real-money-free-signup-bonus-no-deposit-casino%2F HTTP/2" 200 1453 "https://www.coridyan.com/win-real-money-free-signup-bonus-no-deposit-casino/" "Mozilla/5.0 AppleWebKit/537.36 (KHTML, like Gecko; compatible; GPTBot/1.3; +https://openai.com/gptbot)"
57.141.14.54 - - [12/May/2026:07:08:56 +1000] "GET /products/detail/68236165 HTTP/2" 200 137741 "-" "meta-externalagent/1.1 (+https://developers.facebook.com/docs/sharing/webmasters/crawler)"
192.178.4.100 - - [12/May/2026:07:08:57 +1000] "GET /druckerei-in-lubeck-ansprechpartner-2/ HTTP/1.1" 200 33106 "-" "Mozilla/5.0 (Linux; Android 6.0.1; Nexus 5X Build/MMB29P) AppleWebKit/537.36 (KHTML, like Gecko) Chrome/147.0.7727.137 Mobile Safari/537.36 (compatible; GoogleOther)"
74.7.242.22 - - [12/May/2026:07:08:55 +1000] "GET /sisal-confusione-recensione-luckycrypto-login-de-identificacao-premio-addirittura-slot/feed/ HTTP/2" 200 522 "https://www.coridyan.com/sisal-confusione-recensione-luckycrypto-login-de-identificacao-premio-addirittura-slot/" "Mozilla/5.0 AppleWebKit/537.36 (KHTML, like Gecko; compatible; GPTBot/1.3; +https://openai.com/gptbot)"
23.21.179.120 - - [12/May/2026:07:08:56 +1000] "GET /author/admlnlx/page/1543/ HTTP/1.1" 200 40794 "-" "Mozilla/5.0 AppleWebKit/537.36 (KHTML, like Gecko; compatible; Amazonbot/0.1; +https://developer.amazon.com/support/amazonbot) Chrome/119.0.6045.214 Safari/537.36"
192.178.4.100 - - [12/May/2026:07:08:59 +1000] "GET /?products/detail/64071676 HTTP/1.1" 200 32630 "-" "Mozilla/5.0 (Linux; Android 6.0.1; Nexus 5X Build/MMB29P) AppleWebKit/537.36 (KHTML, like Gecko) Chrome/147.0.7727.137 Mobile Safari/537.36 (compatible; Googlebot/2.1; +http://www.google.com/bot.html)"
74.7.242.22 - - [12/May/2026:07:09:01 +1000] "GET /wp-json/oembed/1.0/embed?format=xml&url=https%3A%2F%2Fwww.coridyan.com%2Fbest-mobile-egt-casinos%2F HTTP/2" 200 1478 "https://www.coridyan.com/best-mobile-egt-casinos/" "Mozilla/5.0 AppleWebKit/537.36 (KHTML, like Gecko; compatible; GPTBot/1.3; +https://openai.com/gptbot)"
100.27.153.9 - - [12/May/2026:07:09:01 +1000] "GET /author/admlnlx/page/1582/ HTTP/1.1" 200 41413 "-" "Mozilla/5.0 AppleWebKit/537.36 (KHTML, like Gecko; compatible; Amazonbot/0.1; +https://developer.amazon.com/support/amazonbot) Chrome/119.0.6045.214 Safari/537.36"
74.7.242.22 - - [12/May/2026:07:09:03 +1000] "GET /wp-json/oembed/1.0/embed?url=https%3A%2F%2Fwww.coridyan.com%2Fcasino-sites-australia-free-signup-bonus%2F HTTP/2" 200 1442 "https://www.coridyan.com/casino-sites-australia-free-signup-bonus/" "Mozilla/5.0 AppleWebKit/537.36 (KHTML, like Gecko; compatible; GPTBot/1.3; +https://openai.com/gptbot)"
74.7.242.22 - - [12/May/2026:07:09:05 +1000] "GET /wp-json/oembed/1.0/embed?url=https%3A%2F%2Fwww.coridyan.com%2Fpicklebet-casino-signup-free-spins-australia%2F HTTP/2" 200 1466 "https://www.coridyan.com/picklebet-casino-signup-free-spins-australia/" "Mozilla/5.0 AppleWebKit/537.36 (KHTML, like Gecko; compatible; GPTBot/1.3; +https://openai.com/gptbot)"
192.178.4.100 - - [12/May/2026:07:09:03 +1000] "GET /content.php?product/66093754 HTTP/1.1" 200 29231 "-" "Mozilla/5.0 (Linux; Android 6.0.1; Nexus 5X Build/MMB29P) AppleWebKit/537.36 (KHTML, like Gecko) Chrome/147.0.7727.137 Mobile Safari/537.36 (compatible; Googlebot/2.1; +http://www.google.com/bot.html)"
74.7.242.22 - - [12/May/2026:07:09:06 +1000] "GET /wp-json/oembed/1.0/embed?url=https%3A%2F%2Fwww.coridyan.com%2Fcasinonic-casino-signup-free-spins-australia%2F HTTP/2" 200 1456 "https://www.coridyan.com/casinonic-casino-signup-free-spins-australia/" "Mozilla/5.0 AppleWebKit/537.36 (KHTML, like Gecko; compatible; GPTBot/1.3; +https://openai.com/gptbot)"
74.7.242.22 - - [12/May/2026:07:09:08 +1000] "GET /wp-json/oembed/1.0/embed?url=https%3A%2F%2Fwww.coridyan.com%2Ffree-casino-signup-bonus-no-deposit-required%2F HTTP/2" 200 1449 "https://www.coridyan.com/free-casino-signup-bonus-no-deposit-required/" "Mozilla/5.0 AppleWebKit/537.36 (KHTML, like Gecko; compatible; GPTBot/1.3; +https://openai.com/gptbot)"
74.7.242.22 - - [12/May/2026:07:09:10 +1000] "GET /wp-json/oembed/1.0/embed?url=https%3A%2F%2Fwww.coridyan.com%2F21red-casino-signup-free-spins-australia%2F HTTP/2" 200 1462 "https://www.coridyan.com/21red-casino-signup-free-spins-australia/" "Mozilla/5.0 AppleWebKit/537.36 (KHTML, like Gecko; compatible; GPTBot/1.3; +https://openai.com/gptbot)"
74.7.242.22 - - [12/May/2026:07:09:11 +1000] "GET /wp-json/oembed/1.0/embed?format=xml&url=https%3A%2F%2Fwww.coridyan.com%2Fblackjack-mobile-casino%2F HTTP/2" 200 1470 "https://www.coridyan.com/blackjack-mobile-casino/" "Mozilla/5.0 AppleWebKit/537.36 (KHTML, like Gecko; compatible; GPTBot/1.3; +https://openai.com/gptbot)"
74.7.242.22 - - [12/May/2026:07:09:13 +1000] "GET /wp-json/oembed/1.0/embed?format=xml&url=https%3A%2F%2Fwww.coridyan.com%2Fbest-mobile-slot-sites%2F HTTP/2" 200 1447 "https://www.coridyan.com/best-mobile-slot-sites/" "Mozilla/5.0 AppleWebKit/537.36 (KHTML, like Gecko; compatible; GPTBot/1.3; +https://openai.com/gptbot)"
74.7.242.22 - - [12/May/2026:07:09:14 +1000] "GET /wp-json/oembed/1.0/embed?url=https%3A%2F%2Fwww.coridyan.com%2Fno-deposit-australia-casinos-on-signup-keep-what-you-win%2F HTTP/2" 200 1453 "https://www.coridyan.com/no-deposit-australia-casinos-on-signup-keep-what-you-win/" "Mozilla/5.0 AppleWebKit/537.36 (KHTML, like Gecko; compatible; GPTBot/1.3; +https://openai.com/gptbot)"
74.7.242.22 - - [12/May/2026:07:09:16 +1000] "GET /%22https:/www.coridyan.com/win-real-money-free-signup-bonus-no-deposit-casino/embed/ HTTP/2" 200 35663 "https://www.coridyan.com/wp-json/oembed/1.0/embed?url=https%3A%2F%2Fwww.coridyan.com%2Fwin-real-money-free-signup-bonus-no-deposit-casino%2F" "Mozilla/5.0 AppleWebKit/537.36 (KHTML, like Gecko; compatible; GPTBot/1.3; +https://openai.com/gptbot)"
57.141.14.109 - - [12/May/2026:07:09:16 +1000] "GET /products/detail/63459352 HTTP/2" 200 137741 "-" "meta-externalagent/1.1 (+https://developers.facebook.com/docs/sharing/webmasters/crawler)"
74.7.242.22 - - [12/May/2026:07:09:18 +1000] "GET /wp-json/oembed/1.0/embed?url=https%3A%2F%2Fwww.coridyan.com%2Fmobile-slots-free-signup-bonus-no-deposit%2F HTTP/2" 200 1437 "https://www.coridyan.com/mobile-slots-free-signup-bonus-no-deposit/" "Mozilla/5.0 AppleWebKit/537.36 (KHTML, like Gecko; compatible; GPTBot/1.3; +https://openai.com/gptbot)"
74.7.242.22 - - [12/May/2026:07:09:20 +1000] "GET /wp-json/oembed/1.0/embed?url=https%3A%2F%2Fwww.coridyan.com%2Fonline-slots-free-signup-bonus-no-deposit%2F HTTP/2" 200 1448 "https://www.coridyan.com/online-slots-free-signup-bonus-no-deposit/" "Mozilla/5.0 AppleWebKit/537.36 (KHTML, like Gecko; compatible; GPTBot/1.3; +https://openai.com/gptbot)"
192.178.4.100 - - [12/May/2026:07:09:18 +1000] "GET /?products/detail/62593291%20%20%20%20%20%20%20%20%20%20%20%20%20%20%20%20%20%20%20%20%20%20%20%20class= HTTP/1.1" 200 32228 "-" "Mozilla/5.0 (Linux; Android 6.0.1; Nexus 5X Build/MMB29P) AppleWebKit/537.36 (KHTML, like Gecko) Chrome/147.0.7727.137 Mobile Safari/537.36 (compatible; Googlebot/2.1; +http://www.google.com/bot.html)"
74.7.242.22 - - [12/May/2026:07:09:21 +1000] "GET /%22https:/www.coridyan.com/casino-sites-australia-free-signup-bonus/embed/ HTTP/2" 200 35663 "https://www.coridyan.com/wp-json/oembed/1.0/embed?url=https%3A%2F%2Fwww.coridyan.com%2Fcasino-sites-australia-free-signup-bonus%2F" "Mozilla/5.0 AppleWebKit/537.36 (KHTML, like Gecko; compatible; GPTBot/1.3; +https://openai.com/gptbot)"
57.141.14.28 - - [12/May/2026:07:09:23 +1000] "GET /products/detail/66231640 HTTP/2" 200 137741 "-" "meta-externalagent/1.1 (+https://developers.facebook.com/docs/sharing/webmasters/crawler)"
74.7.242.22 - - [12/May/2026:07:09:24 +1000] "GET /%22https:/www.coridyan.com/picklebet-casino-signup-free-spins-australia/embed/ HTTP/2" 200 35663 "https://www.coridyan.com/wp-json/oembed/1.0/embed?url=https%3A%2F%2Fwww.coridyan.com%2Fpicklebet-casino-signup-free-spins-australia%2F" "Mozilla/5.0 AppleWebKit/537.36 (KHTML, like Gecko; compatible; GPTBot/1.3; +https://openai.com/gptbot)"
74.7.242.22 - - [12/May/2026:07:09:26 +1000] "GET /%22https:/www.coridyan.com/casinonic-casino-signup-free-spins-australia/embed/ HTTP/2" 200 35663 "https://www.coridyan.com/wp-json/oembed/1.0/embed?url=https%3A%2F%2Fwww.coridyan.com%2Fcasinonic-casino-signup-free-spins-australia%2F" "Mozilla/5.0 AppleWebKit/537.36 (KHTML, like Gecko; compatible; GPTBot/1.3; +https://openai.com/gptbot)"
57.141.14.16 - - [12/May/2026:07:09:27 +1000] "GET /products/detail/62074360 HTTP/2" 200 137741 "-" "meta-externalagent/1.1 (+https://developers.facebook.com/docs/sharing/webmasters/crawler)"
74.7.242.22 - - [12/May/2026:07:09:28 +1000] "GET /%22https:/www.coridyan.com/free-casino-signup-bonus-no-deposit-required/embed/ HTTP/2" 200 35716 "https://www.coridyan.com/wp-json/oembed/1.0/embed?url=https%3A%2F%2Fwww.coridyan.com%2Ffree-casino-signup-bonus-no-deposit-required%2F" "Mozilla/5.0 AppleWebKit/537.36 (KHTML, like Gecko; compatible; GPTBot/1.3; +https://openai.com/gptbot)"
74.7.242.22 - - [12/May/2026:07:09:30 +1000] "GET /%22https:/www.coridyan.com/21red-casino-signup-free-spins-australia/embed/ HTTP/2" 200 35663 "https://www.coridyan.com/wp-json/oembed/1.0/embed?url=https%3A%2F%2Fwww.coridyan.com%2F21red-casino-signup-free-spins-australia%2F" "Mozilla/5.0 AppleWebKit/537.36 (KHTML, like Gecko; compatible; GPTBot/1.3; +https://openai.com/gptbot)"
74.7.242.22 - - [12/May/2026:07:09:32 +1000] "GET /wp-json/oembed/1.0/embed?url=https%3A%2F%2Fwww.coridyan.com%2Fcasino-sites-with-free-signup-bonus-no-deposit-required%2F HTTP/2" 200 1458 "https://www.coridyan.com/casino-sites-with-free-signup-bonus-no-deposit-required/" "Mozilla/5.0 AppleWebKit/537.36 (KHTML, like Gecko; compatible; GPTBot/1.3; +https://openai.com/gptbot)"
74.7.242.22 - - [12/May/2026:07:09:33 +1000] "GET /online-spielhalle-zahlungsmethoden-einzahlung-xon-bet-app-login-auszahlung/feed/ HTTP/2" 200 511 "https://www.coridyan.com/online-spielhalle-zahlungsmethoden-einzahlung-xon-bet-app-login-auszahlung/" "Mozilla/5.0 AppleWebKit/537.36 (KHTML, like Gecko; compatible; GPTBot/1.3; +https://openai.com/gptbot)"
74.7.242.22 - - [12/May/2026:07:09:35 +1000] "GET /%22https:/www.coridyan.com/no-deposit-australia-casinos-on-signup-keep-what-you-win/embed/ HTTP/2" 200 35663 "https://www.coridyan.com/wp-json/oembed/1.0/embed?url=https%3A%2F%2Fwww.coridyan.com%2Fno-deposit-australia-casinos-on-signup-keep-what-you-win%2F" "Mozilla/5.0 AppleWebKit/537.36 (KHTML, like Gecko; compatible; GPTBot/1.3; +https://openai.com/gptbot)"
74.7.242.22 - - [12/May/2026:07:09:37 +1000] "GET /wp-json/oembed/1.0/embed?format=xml&url=https%3A%2F%2Fwww.coridyan.com%2Fplay-mobile-casino-machance-no-deposit-bonus-gonzos-quest-slot-remark-casinos-bonus-video%2F HTTP/2" 200 1620 "https://www.coridyan.com/play-mobile-casino-machance-no-deposit-bonus-gonzos-quest-slot-remark-casinos-bonus-video/" "Mozilla/5.0 AppleWebKit/537.36 (KHTML, like Gecko; compatible; GPTBot/1.3; +https://openai.com/gptbot)"
74.7.242.22 - - [12/May/2026:07:09:38 +1000] "GET /%22https:/www.coridyan.com/mobile-slots-free-signup-bonus-no-deposit/embed/ HTTP/2" 200 35663 "https://www.coridyan.com/wp-json/oembed/1.0/embed?url=https%3A%2F%2Fwww.coridyan.com%2Fmobile-slots-free-signup-bonus-no-deposit%2F" "Mozilla/5.0 AppleWebKit/537.36 (KHTML, like Gecko; compatible; GPTBot/1.3; +https://openai.com/gptbot)"
192.178.4.100 - - [12/May/2026:07:09:37 +1000] "GET /content.php?product/91106794 HTTP/1.1" 200 29189 "-" "Mozilla/5.0 (Linux; Android 6.0.1; Nexus 5X Build/MMB29P) AppleWebKit/537.36 (KHTML, like Gecko) Chrome/147.0.7727.137 Mobile Safari/537.36 (compatible; Googlebot/2.1; +http://www.google.com/bot.html)"
74.7.242.22 - - [12/May/2026:07:09:40 +1000] "GET /%22https:/www.coridyan.com/online-slots-free-signup-bonus-no-deposit/embed/ HTTP/2" 200 35691 "https://www.coridyan.com/wp-json/oembed/1.0/embed?url=https%3A%2F%2Fwww.coridyan.com%2Fonline-slots-free-signup-bonus-no-deposit%2F" "Mozilla/5.0 AppleWebKit/537.36 (KHTML, like Gecko; compatible; GPTBot/1.3; +https://openai.com/gptbot)"
74.7.242.22 - - [12/May/2026:07:09:43 +1000] "GET /wp-json/oembed/1.0/embed?format=xml&url=https%3A%2F%2Fwww.coridyan.com%2Findian-dreaming-video-slot-comment-free-enjoy-demonstration%2F HTTP/2" 200 1593 "https://www.coridyan.com/indian-dreaming-video-slot-comment-free-enjoy-demonstration/" "Mozilla/5.0 AppleWebKit/537.36 (KHTML, like Gecko; compatible; GPTBot/1.3; +https://openai.com/gptbot)"
74.7.242.22 - - [12/May/2026:07:09:44 +1000] "GET /deine-verbunden-xon-bet-login-app-download-spielholle-in-deutschland/feed/ HTTP/2" 200 497 "https://www.coridyan.com/deine-verbunden-xon-bet-login-app-download-spielholle-in-deutschland/" "Mozilla/5.0 AppleWebKit/537.36 (KHTML, like Gecko; compatible; GPTBot/1.3; +https://openai.com/gptbot)"
74.7.242.22 - - [12/May/2026:07:09:47 +1000] "GET /wp-json/oembed/1.0/embed?format=xml&url=https%3A%2F%2Fwww.coridyan.com%2Fgonzos-quest-%25e7%2584%25a1%25e6%2596%2599%25e3%2583%259d%25e3%2582%25b8%25e3%2582%25b7%25e3%2583%25a7%25e3%2583%25b3-netents-gonzos-quest-%25e3%2583%259d%25e3%2582%25b8%25e3%2582%25b7%25e3%2583%25a7%25e3%2583%25b3%25e3%2582%2592%25e7%2584%25a1%25e6%2596%2599%25e3%2581%25a7%25e3%2581%258a%25e6%25a5%25bd%2F HTTP/2" 200 4192 "https://www.coridyan.com/gonzos-quest-%e7%84%a1%e6%96%99%e3%83%9d%e3%82%b8%e3%82%b7%e3%83%a7%e3%83%b3-netents-gonzos-quest-%e3%83%9d%e3%82%b8%e3%82%b7%e3%83%a7%e3%83%b3%e3%82%92%e7%84%a1%e6%96%99%e3%81%a7%e3%81%8a%e6%a5%bd/" "Mozilla/5.0 AppleWebKit/537.36 (KHTML, like Gecko; compatible; GPTBot/1.3; +https://openai.com/gptbot)"
74.7.242.22 - - [12/May/2026:07:09:48 +1000] "GET /wp-json/oembed/1.0/embed?format=xml&url=https%3A%2F%2Fwww.coridyan.com%2Ffantastic-goddess-video-slot-davinci-diamonds-slot-download-enjoy-it-igt-slot-at-no-cost%2F HTTP/2" 200 1629 "https://www.coridyan.com/fantastic-goddess-video-slot-davinci-diamonds-slot-download-enjoy-it-igt-slot-at-no-cost/" "Mozilla/5.0 AppleWebKit/537.36 (KHTML, like Gecko; compatible; GPTBot/1.3; +https://openai.com/gptbot)"
74.7.242.22 - - [12/May/2026:07:09:50 +1000] "GET /wp-json/oembed/1.0/embed?format=xml&url=https%3A%2F%2Fwww.coridyan.com%2Fno-deposit-australia-casinos-on-signup-keep-what-you-win%2F HTTP/2" 200 1479 "https://www.coridyan.com/no-deposit-australia-casinos-on-signup-keep-what-you-win/" "Mozilla/5.0 AppleWebKit/537.36 (KHTML, like Gecko; compatible; GPTBot/1.3; +https://openai.com/gptbot)"
74.7.242.22 - - [12/May/2026:07:09:51 +1000] "GET /%22https:/www.coridyan.com/casino-sites-with-free-signup-bonus-no-deposit-required/embed/ HTTP/2" 200 35663 "https://www.coridyan.com/wp-json/oembed/1.0/embed?url=https%3A%2F%2Fwww.coridyan.com%2Fcasino-sites-with-free-signup-bonus-no-deposit-required%2F" "Mozilla/5.0 AppleWebKit/537.36 (KHTML, like Gecko; compatible; GPTBot/1.3; +https://openai.com/gptbot)"
192.178.4.102 - - [12/May/2026:07:09:51 +1000] "GET /?p=73197 HTTP/1.1" 200 32663 "-" "Mozilla/5.0 (Linux; Android 6.0.1; Nexus 5X Build/MMB29P) AppleWebKit/537.36 (KHTML, like Gecko) Chrome/147.0.7727.137 Mobile Safari/537.36 (compatible; GoogleOther)"
74.7.242.22 - - [12/May/2026:07:09:53 +1000] "GET /wp-json/oembed/1.0/embed?format=xml&url=https%3A%2F%2Fwww.coridyan.com%2F100-best-mobile-casinos%2F HTTP/2" 200 1466 "https://www.coridyan.com/100-best-mobile-casinos/" "Mozilla/5.0 AppleWebKit/537.36 (KHTML, like Gecko; compatible; GPTBot/1.3; +https://openai.com/gptbot)"
74.7.242.22 - - [12/May/2026:07:09:55 +1000] "GET /wp-json/oembed/1.0/embed?format=xml&url=https%3A%2F%2Fwww.coridyan.com%2Fonline-australia-roulette-wheel-game-no-download%2F HTTP/2" 200 1484 "https://www.coridyan.com/online-australia-roulette-wheel-game-no-download/" "Mozilla/5.0 AppleWebKit/537.36 (KHTML, like Gecko; compatible; GPTBot/1.3; +https://openai.com/gptbot)"
74.7.242.22 - - [12/May/2026:07:09:56 +1000] "GET /wp-json/oembed/1.0/embed?format=xml&url=https%3A%2F%2Fwww.coridyan.com%2Fcasino-sites-with-free-signup-bonus-no-deposit-required%2F HTTP/2" 200 1484 "https://www.coridyan.com/casino-sites-with-free-signup-bonus-no-deposit-required/" "Mozilla/5.0 AppleWebKit/537.36 (KHTML, like Gecko; compatible; GPTBot/1.3; +https://openai.com/gptbot)"
192.178.4.101 - - [12/May/2026:07:09:56 +1000] "GET /content.php?product/99473338 HTTP/1.1" 200 30121 "-" "Mozilla/5.0 (Linux; Android 6.0.1; Nexus 5X Build/MMB29P) AppleWebKit/537.36 (KHTML, like Gecko) Chrome/147.0.7727.137 Mobile Safari/537.36 (compatible; Googlebot/2.1; +http://www.google.com/bot.html)"
74.7.242.22 - - [12/May/2026:07:09:58 +1000] "GET /wp-json/oembed/1.0/embed?format=xml&url=https%3A%2F%2Fwww.coridyan.com%2Fgeisha-free-ports-%25e3%2582%25aa%25e3%2583%25b3%25e3%2583%25a9%25e3%2582%25a4%25e3%2583%25b3%25e3%2582%25b9%25e3%2583%25ad%25e3%2583%2583%25e3%2583%2588%25e3%2583%259e%25e3%2582%25b7%25e3%2583%25b3%25e3%2582%2592%25e3%2583%2597%25e3%2583%25ac%25e3%2582%25a4%2F HTTP/2" 200 2905 "https://www.coridyan.com/geisha-free-ports-%e3%82%aa%e3%83%b3%e3%83%a9%e3%82%a4%e3%83%b3%e3%82%b9%e3%83%ad%e3%83%83%e3%83%88%e3%83%9e%e3%82%b7%e3%83%b3%e3%82%92%e3%83%97%e3%83%ac%e3%82%a4/" "Mozilla/5.0 AppleWebKit/537.36 (KHTML, like Gecko; compatible; GPTBot/1.3; +https://openai.com/gptbot)"
74.7.242.22 - - [12/May/2026:07:10:00 +1000] "GET /wp-json/oembed/1.0/embed?url=https%3A%2F%2Fwww.coridyan.com%2Fnew-casino-site-no-deposit-signup-bonus%2F HTTP/2" 200 1437 "https://www.coridyan.com/new-casino-site-no-deposit-signup-bonus/" "Mozilla/5.0 AppleWebKit/537.36 (KHTML, like Gecko; compatible; GPTBot/1.3; +https://openai.com/gptbot)"
74.7.242.22 - - [12/May/2026:07:10:01 +1000] "GET /wp-json/oembed/1.0/embed?url=https%3A%2F%2Fwww.coridyan.com%2Fkingmaker-casino-signup-free-spins-au%2F HTTP/2" 200 1444 "https://www.coridyan.com/kingmaker-casino-signup-free-spins-au/" "Mozilla/5.0 AppleWebKit/537.36 (KHTML, like Gecko; compatible; GPTBot/1.3; +https://openai.com/gptbot)"
74.7.242.22 - - [12/May/2026:07:10:03 +1000] "GET /wp-json/oembed/1.0/embed?format=xml&url=https%3A%2F%2Fwww.coridyan.com%2Fcasinos-en-espana-online-en-2024-20-casinos-2%2F HTTP/2" 200 1544 "https://www.coridyan.com/casinos-en-espana-online-en-2024-20-casinos-2/" "Mozilla/5.0 AppleWebKit/537.36 (KHTML, like Gecko; compatible; GPTBot/1.3; +https://openai.com/gptbot)"
192.178.4.102 - - [12/May/2026:07:10:02 +1000] "GET /comment.php?products/blush-bronzer-highlighter-bundle-multiple-brands-mix-of-new/11817253/ HTTP/1.1" 200 35661 "-" "Mozilla/5.0 (Linux; Android 6.0.1; Nexus 5X Build/MMB29P) AppleWebKit/537.36 (KHTML, like Gecko) Chrome/147.0.7727.137 Mobile Safari/537.36 (compatible; GoogleOther)"
74.7.242.22 - - [12/May/2026:07:10:05 +1000] "GET /wp-json/oembed/1.0/embed?format=xml&url=https%3A%2F%2Fwww.coridyan.com%2Fqna-creator-api%25e3%2583%25aa%25e3%2582%25bd%25e3%2583%25bc%25e3%2582%25b9-microsoft-botbuilder-cognitiveservices%2F HTTP/2" 200 3393 "https://www.coridyan.com/qna-creator-api%e3%83%aa%e3%82%bd%e3%83%bc%e3%82%b9-microsoft-botbuilder-cognitiveservices/" "Mozilla/5.0 AppleWebKit/537.36 (KHTML, like Gecko; compatible; GPTBot/1.3; +https://openai.com/gptbot)"
74.7.242.22 - - [12/May/2026:07:10:07 +1000] "GET /wp-json/oembed/1.0/embed?url=https%3A%2F%2Fwww.coridyan.com%2Fbet-you-can-casino-signup-free-spins-au%2F HTTP/2" 200 1440 "https://www.coridyan.com/bet-you-can-casino-signup-free-spins-au/" "Mozilla/5.0 AppleWebKit/537.36 (KHTML, like Gecko; compatible; GPTBot/1.3; +https://openai.com/gptbot)"
74.7.242.22 - - [12/May/2026:07:10:08 +1000] "GET /wp-json/oembed/1.0/embed?format=xml&url=https%3A%2F%2Fwww.coridyan.com%2Fmoneywatch-financial-news-industry-financing-and-market-information-your-bank-account-tool-recalls-flashdash-contact-in-australia-current-each-day%2F HTTP/2" 200 1681 "https://www.coridyan.com/moneywatch-financial-news-industry-financing-and-market-information-your-bank-account-tool-recalls-flashdash-contact-in-australia-current-each-day/" "Mozilla/5.0 AppleWebKit/537.36 (KHTML, like Gecko; compatible; GPTBot/1.3; +https://openai.com/gptbot)"
74.7.242.22 - - [12/May/2026:07:10:10 +1000] "GET /prova-dei-migliori-casa-da-gioco-online-non-aams-verso-giocatori-spybet-italia-login-italiani-esperti/feed/ HTTP/2" 200 539 "https://www.coridyan.com/prova-dei-migliori-casa-da-gioco-online-non-aams-verso-giocatori-spybet-italia-login-italiani-esperti/" "Mozilla/5.0 AppleWebKit/537.36 (KHTML, like Gecko; compatible; GPTBot/1.3; +https://openai.com/gptbot)"
57.141.14.9 - - [12/May/2026:07:10:10 +1000] "GET /products/detail/60415867 HTTP/2" 200 137741 "-" "meta-externalagent/1.1 (+https://developers.facebook.com/docs/sharing/webmasters/crawler)"
74.7.242.22 - - [12/May/2026:07:10:11 +1000] "GET /wp-json/oembed/1.0/embed?format=xml&url=https%3A%2F%2Fwww.coridyan.com%2Fbetgoodwin-casino-comment-2026-video-game-also-provides-slot-land-of-heroes-gdn-online-information%2F HTTP/2" 200 1634 "https://www.coridyan.com/betgoodwin-casino-comment-2026-video-game-also-provides-slot-land-of-heroes-gdn-online-information/" "Mozilla/5.0 AppleWebKit/537.36 (KHTML, like Gecko; compatible; GPTBot/1.3; +https://openai.com/gptbot)"
74.7.242.22 - - [12/May/2026:07:10:13 +1000] "GET /wp-json/oembed/1.0/embed?format=xml&url=https%3A%2F%2Fwww.coridyan.com%2Fwin-real-money-free-signup-bonus-no-deposit-casino%2F HTTP/2" 200 1479 "https://www.coridyan.com/win-real-money-free-signup-bonus-no-deposit-casino/" "Mozilla/5.0 AppleWebKit/537.36 (KHTML, like Gecko; compatible; GPTBot/1.3; +https://openai.com/gptbot)"
74.7.242.22 - - [12/May/2026:07:10:14 +1000] "GET /wp-json/oembed/1.0/embed?format=xml&url=https%3A%2F%2Fwww.coridyan.com%2F%25e7%258f%25be%25e5%259c%25a8%25e3%2581%25aecoin-master%25e3%2583%2595%25e3%2583%25aa%25e3%2583%25bc%25e3%2582%25b9%25e3%2583%2594%25e3%2583%25b3%25ef%25bc%2586%25e6%25af%258e%25e6%2597%25a5%25e3%2582%25b4%25e3%2583%25bc%25e3%2583%25ab%25e3%2583%2589%25e3%2582%25b3%25e3%2582%25a4%25e3%2583%25b3%25e3%2581%25ae%25e3%2583%258f%2F HTTP/2" 200 4843 "https://www.coridyan.com/%e7%8f%be%e5%9c%a8%e3%81%aecoin-master%e3%83%95%e3%83%aa%e3%83%bc%e3%82%b9%e3%83%94%e3%83%b3%ef%bc%86%e6%af%8e%e6%97%a5%e3%82%b4%e3%83%bc%e3%83%ab%e3%83%89%e3%82%b3%e3%82%a4%e3%83%b3%e3%81%ae%e3%83%8f/" "Mozilla/5.0 AppleWebKit/537.36 (KHTML, like Gecko; compatible; GPTBot/1.3; +https://openai.com/gptbot)"
192.178.4.100 - - [12/May/2026:07:10:15 +1000] "GET /content.php?product/74080642 HTTP/1.1" 200 28403 "-" "Mozilla/5.0 (Linux; Android 6.0.1; Nexus 5X Build/MMB29P) AppleWebKit/537.36 (KHTML, like Gecko) Chrome/147.0.7727.137 Mobile Safari/537.36 (compatible; Googlebot/2.1; +http://www.google.com/bot.html)"
74.7.242.22 - - [12/May/2026:07:10:16 +1000] "GET /wp-json/oembed/1.0/embed?format=xml&url=https%3A%2F%2Fwww.coridyan.com%2Ffree-online-slots-no-deposit-no-download-no-registration%2F HTTP/2" 200 1468 "https://www.coridyan.com/free-online-slots-no-deposit-no-download-no-registration/" "Mozilla/5.0 AppleWebKit/537.36 (KHTML, like Gecko; compatible; GPTBot/1.3; +https://openai.com/gptbot)"
74.7.242.22 - - [12/May/2026:07:10:18 +1000] "GET /%22https:/www.coridyan.com/new-casino-site-no-deposit-signup-bonus/embed/ HTTP/2" 200 35663 "https://www.coridyan.com/wp-json/oembed/1.0/embed?url=https%3A%2F%2Fwww.coridyan.com%2Fnew-casino-site-no-deposit-signup-bonus%2F" "Mozilla/5.0 AppleWebKit/537.36 (KHTML, like Gecko; compatible; GPTBot/1.3; +https://openai.com/gptbot)"
74.7.242.22 - - [12/May/2026:07:10:20 +1000] "GET /%22https:/www.coridyan.com/kingmaker-casino-signup-free-spins-au/embed/ HTTP/2" 200 35663 "https://www.coridyan.com/wp-json/oembed/1.0/embed?url=https%3A%2F%2Fwww.coridyan.com%2Fkingmaker-casino-signup-free-spins-au%2F" "Mozilla/5.0 AppleWebKit/537.36 (KHTML, like Gecko; compatible; GPTBot/1.3; +https://openai.com/gptbot)"
74.7.242.22 - - [12/May/2026:07:10:22 +1000] "GET /wp-json/oembed/1.0/embed?format=xml&url=https%3A%2F%2Fwww.coridyan.com%2Fonline-casino-real-money-australia-no-download%2F HTTP/2" 200 1482 "https://www.coridyan.com/online-casino-real-money-australia-no-download/" "Mozilla/5.0 AppleWebKit/537.36 (KHTML, like Gecko; compatible; GPTBot/1.3; +https://openai.com/gptbot)"
74.7.242.22 - - [12/May/2026:07:10:24 +1000] "GET /wp-json/oembed/1.0/embed?format=xml&url=https%3A%2F%2Fwww.coridyan.com%2Fpoki-gamble%25e3%2581%25a7%25e7%2584%25a1%25e6%2596%2599%25e3%2582%25aa%25e3%2583%25b3%25e3%2583%25a9%25e3%2582%25a4%25e3%2583%25b3%25e3%2582%25b2%25e3%2583%25bc%25e3%2583%25a0%25e3%2582%2592%25e4%25bb%258a%25e3%2581%2599%25e3%2581%2590%25e3%2583%2597%25e3%2583%25ac%25e3%2582%25a4%25ef%25bc%2581%2F HTTP/2" 200 4922 "https://www.coridyan.com/poki-gamble%e3%81%a7%e7%84%a1%e6%96%99%e3%82%aa%e3%83%b3%e3%83%a9%e3%82%a4%e3%83%b3%e3%82%b2%e3%83%bc%e3%83%a0%e3%82%92%e4%bb%8a%e3%81%99%e3%81%90%e3%83%97%e3%83%ac%e3%82%a4%ef%bc%81/" "Mozilla/5.0 AppleWebKit/537.36 (KHTML, like Gecko; compatible; GPTBot/1.3; +https://openai.com/gptbot)"
74.7.242.22 - - [12/May/2026:07:10:26 +1000] "GET /%22https:/www.coridyan.com/bet-you-can-casino-signup-free-spins-au/embed/ HTTP/2" 200 35663 "https://www.coridyan.com/wp-json/oembed/1.0/embed?url=https%3A%2F%2Fwww.coridyan.com%2Fbet-you-can-casino-signup-free-spins-au%2F" "Mozilla/5.0 AppleWebKit/537.36 (KHTML, like Gecko; compatible; GPTBot/1.3; +https://openai.com/gptbot)"
74.7.242.22 - - [12/May/2026:07:10:28 +1000] "GET /wp-json/oembed/1.0/embed?format=xml&url=https%3A%2F%2Fwww.coridyan.com%2Ffree-casino-signup-bonus-no-deposit-required%2F HTTP/2" 200 1473 "https://www.coridyan.com/free-casino-signup-bonus-no-deposit-required/" "Mozilla/5.0 AppleWebKit/537.36 (KHTML, like Gecko; compatible; GPTBot/1.3; +https://openai.com/gptbot)"
74.7.242.22 - - [12/May/2026:07:10:29 +1000] "GET /wp-json/oembed/1.0/embed?format=xml&url=https%3A%2F%2Fwww.coridyan.com%2Fpicklebet-casino-signup-free-spins-australia%2F HTTP/2" 200 1495 "https://www.coridyan.com/picklebet-casino-signup-free-spins-australia/" "Mozilla/5.0 AppleWebKit/537.36 (KHTML, like Gecko; compatible; GPTBot/1.3; +https://openai.com/gptbot)"
74.7.242.22 - - [12/May/2026:07:10:31 +1000] "GET /wp-json/oembed/1.0/embed?format=xml&url=https%3A%2F%2Fwww.coridyan.com%2Fpet-emojis-text-%25e2%259f%2586-%25e1%2593%259a%25e1%2598%258f%25e1%2597%25a2-duplicate-paste%2F HTTP/2" 200 1640 "https://www.coridyan.com/pet-emojis-text-%e2%9f%86-%e1%93%9a%e1%98%8f%e1%97%a2-duplicate-paste/" "Mozilla/5.0 AppleWebKit/537.36 (KHTML, like Gecko; compatible; GPTBot/1.3; +https://openai.com/gptbot)"
74.7.242.22 - - [12/May/2026:07:10:33 +1000] "GET /gamble-da-vinci-diamonds-position-comment-casinos-bonus-cobber-casino-login-new-zealand-video-clips/feed/ HTTP/2" 200 544 "https://www.coridyan.com/gamble-da-vinci-diamonds-position-comment-casinos-bonus-cobber-casino-login-new-zealand-video-clips/" "Mozilla/5.0 AppleWebKit/537.36 (KHTML, like Gecko; compatible; GPTBot/1.3; +https://openai.com/gptbot)"
74.7.242.22 - - [12/May/2026:07:10:34 +1000] "GET /wp-json/oembed/1.0/embed?format=xml&url=https%3A%2F%2Fwww.coridyan.com%2Fkasyno-vavada-2025-analiza-bonusy-we-wrazenia-dla-40-no-deposit-100-percent-free-virtual-casino-signup-bonus-spins-2026-polskich-graczy%2F HTTP/2" 200 1672 "https://www.coridyan.com/kasyno-vavada-2025-analiza-bonusy-we-wrazenia-dla-40-no-deposit-100-percent-free-virtual-casino-signup-bonus-spins-2026-polskich-graczy/" "Mozilla/5.0 AppleWebKit/537.36 (KHTML, like Gecko; compatible; GPTBot/1.3; +https://openai.com/gptbot)"
192.178.4.100 - - [12/May/2026:07:10:34 +1000] "GET /content.php?product/41247826 HTTP/1.1" 200 27895 "-" "Mozilla/5.0 (Linux; Android 6.0.1; Nexus 5X Build/MMB29P) AppleWebKit/537.36 (KHTML, like Gecko) Chrome/147.0.7727.137 Mobile Safari/537.36 (compatible; Googlebot/2.1; +http://www.google.com/bot.html)"
74.7.242.22 - - [12/May/2026:07:10:36 +1000] "GET /casino-utan-konto-testa-villig-casino-inte-med-inregistrering/embed/ HTTP/2" 200 6977 "https://www.coridyan.com/wp-json/oembed/1.0/embed?format=xml&url=https%3A%2F%2Fwww.coridyan.com%2Fcasino-utan-konto-testa-villig-casino-inte-med-inregistrering%2F" "Mozilla/5.0 AppleWebKit/537.36 (KHTML, like Gecko; compatible; GPTBot/1.3; +https://openai.com/gptbot)"
74.7.242.22 - - [12/May/2026:07:10:38 +1000] "GET /wp-json/oembed/1.0/embed?format=xml&url=https%3A%2F%2Fwww.coridyan.com%2F%25d8%25b9%25d8%25b1%25d8%25b6-%25d8%25aa%25d8%25b1%25d8%25ad%25d9%258a%25d8%25a8%25d9%258a-%25d9%2585%25d8%25ac%25d8%25a7%25d9%2586%25d9%258a-%25d8%25a8%25d8%25a7%25d9%2584%25d9%2583%25d8%25a7%25d9%2585%25d9%2584-%25d9%2585%25d9%2586-avabet%25d8%258c-%25d8%25ae%25d9%258a%25d8%25a7%25d8%25b1-%25d8%25a7%25d9%2584%25d8%25b1%2F HTTP/2" 200 2119 "https://www.coridyan.com/%d8%b9%d8%b1%d8%b6-%d8%aa%d8%b1%d8%ad%d9%8a%d8%a8%d9%8a-%d9%85%d8%ac%d8%a7%d9%86%d9%8a-%d8%a8%d8%a7%d9%84%d9%83%d8%a7%d9%85%d9%84-%d9%85%d9%86-avabet%d8%8c-%d8%ae%d9%8a%d8%a7%d8%b1-%d8%a7%d9%84%d8%b1/" "Mozilla/5.0 AppleWebKit/537.36 (KHTML, like Gecko; compatible; GPTBot/1.3; +https://openai.com/gptbot)"
74.7.242.22 - - [12/May/2026:07:10:39 +1000] "GET /wp-json/oembed/1.0/embed?format=xml&url=https%3A%2F%2Fwww.coridyan.com%2F%25d9%2585%25d9%2588%25d9%2582%25d8%25b9%25db%258c%25d8%25aa-%25d8%25b9%25d8%25b4%25d9%2582-%25d8%25ac%25d8%25a7%25d9%2588%25d8%25af%25d8%25a7%25d9%2586%25d9%2587-100-%25d8%25af%25d8%25b1%25d8%25b5%25d8%25af-%25d8%25b1%25d8%25a7%25db%258c%25da%25af%25d8%25a7%25d9%2586-%25d9%2586%25d8%25b3%25d8%25ae%25d9%2587-%25d8%25a2%2F HTTP/2" 200 2008 "https://www.coridyan.com/%d9%85%d9%88%d9%82%d8%b9%db%8c%d8%aa-%d8%b9%d8%b4%d9%82-%d8%ac%d8%a7%d9%88%d8%af%d8%a7%d9%86%d9%87-100-%d8%af%d8%b1%d8%b5%d8%af-%d8%b1%d8%a7%db%8c%da%af%d8%a7%d9%86-%d9%86%d8%b3%d8%ae%d9%87-%d8%a2/" "Mozilla/5.0 AppleWebKit/537.36 (KHTML, like Gecko; compatible; GPTBot/1.3; +https://openai.com/gptbot)"
74.7.242.22 - - [12/May/2026:07:10:41 +1000] "GET /wp-json/oembed/1.0/embed?format=xml&url=https%3A%2F%2Fwww.coridyan.com%2Fcasino-game-for-pc-free-download-full-version%2F HTTP/2" 200 1465 "https://www.coridyan.com/casino-game-for-pc-free-download-full-version/" "Mozilla/5.0 AppleWebKit/537.36 (KHTML, like Gecko; compatible; GPTBot/1.3; +https://openai.com/gptbot)"
74.7.242.22 - - [12/May/2026:07:10:43 +1000] "GET /wp-json/oembed/1.0/embed?format=xml&url=https%3A%2F%2Fwww.coridyan.com%2Fnew-casino-site-no-deposit-signup-bonus%2F HTTP/2" 200 1464 "https://www.coridyan.com/new-casino-site-no-deposit-signup-bonus/" "Mozilla/5.0 AppleWebKit/537.36 (KHTML, like Gecko; compatible; GPTBot/1.3; +https://openai.com/gptbot)"
74.7.242.22 - - [12/May/2026:07:10:44 +1000] "GET /wp-json/oembed/1.0/embed?format=xml&url=https%3A%2F%2Fwww.coridyan.com%2Fgonzos-excursion-2-%25e3%2582%25b9%25e3%2583%25ad%25e3%2583%2583%25e3%2583%2588%25e3%2581%25ae%25e3%2583%2587%25e3%2583%25a2%25e3%2582%2592%25e3%2581%2594%25e8%25a6%25a7%25e3%2581%25ab%25e3%2581%25aa%25e3%2582%258a%25e3%2580%2581%25e6%259c%2580%25e6%2596%25b0%25e3%2581%25ae%25e3%2582%25b9%25e3%2583%25ad-2%2F HTTP/2" 200 4397 "https://www.coridyan.com/gonzos-excursion-2-%e3%82%b9%e3%83%ad%e3%83%83%e3%83%88%e3%81%ae%e3%83%87%e3%83%a2%e3%82%92%e3%81%94%e8%a6%a7%e3%81%ab%e3%81%aa%e3%82%8a%e3%80%81%e6%9c%80%e6%96%b0%e3%81%ae%e3%82%b9%e3%83%ad-2/" "Mozilla/5.0 AppleWebKit/537.36 (KHTML, like Gecko; compatible; GPTBot/1.3; +https://openai.com/gptbot)"
74.7.242.22 - - [12/May/2026:07:10:46 +1000] "GET /wp-json/oembed/1.0/embed?format=xml&url=https%3A%2F%2Fwww.coridyan.com%2Ffree-online-slots-no-download-no-registration-no-sign-in%2F HTTP/2" 200 1456 "https://www.coridyan.com/free-online-slots-no-download-no-registration-no-sign-in/" "Mozilla/5.0 AppleWebKit/537.36 (KHTML, like Gecko; compatible; GPTBot/1.3; +https://openai.com/gptbot)"
74.7.242.22 - - [12/May/2026:07:10:48 +1000] "GET /wp-json/oembed/1.0/embed?format=xml&url=https%3A%2F%2Fwww.coridyan.com%2Fbet-you-can-casino-signup-free-spins-au%2F HTTP/2" 200 1467 "https://www.coridyan.com/bet-you-can-casino-signup-free-spins-au/" "Mozilla/5.0 AppleWebKit/537.36 (KHTML, like Gecko; compatible; GPTBot/1.3; +https://openai.com/gptbot)"
74.7.242.22 - - [12/May/2026:07:10:50 +1000] "GET /wp-json/oembed/1.0/embed?format=xml&url=https%3A%2F%2Fwww.coridyan.com%2Fonline-casino-free-money-no-deposit-no-download-australia%2F HTTP/2" 200 1456 "https://www.coridyan.com/online-casino-free-money-no-deposit-no-download-australia/" "Mozilla/5.0 AppleWebKit/537.36 (KHTML, like Gecko; compatible; GPTBot/1.3; +https://openai.com/gptbot)"
74.7.242.22 - - [12/May/2026:07:10:52 +1000] "GET /wp-json/oembed/1.0/embed?format=xml&url=https%3A%2F%2Fwww.coridyan.com%2Ffree-casino-slots-no-download-no-registration-no-deposit%2F HTTP/2" 200 1485 "https://www.coridyan.com/free-casino-slots-no-download-no-registration-no-deposit/" "Mozilla/5.0 AppleWebKit/537.36 (KHTML, like Gecko; compatible; GPTBot/1.3; +https://openai.com/gptbot)"
216.73.216.86 - - [12/May/2026:07:10:53 +1000] "GET /taruhan-pendapatan-permainan-1xslot-riil/feed/ HTTP/2" 200 457 "-" "Mozilla/5.0 AppleWebKit/537.36 (KHTML, like Gecko; compatible; ClaudeBot/1.0; +claudebot@anthropic.com)"
74.7.242.22 - - [12/May/2026:07:10:53 +1000] "GET /wp-json/oembed/1.0/embed?format=xml&url=https%3A%2F%2Fwww.coridyan.com%2Ffree-online-casino-slot-games-no-download-no-registration%2F HTTP/2" 200 1473 "https://www.coridyan.com/free-online-casino-slot-games-no-download-no-registration/" "Mozilla/5.0 AppleWebKit/537.36 (KHTML, like Gecko; compatible; GPTBot/1.3; +https://openai.com/gptbot)"
192.178.4.100 - - [12/May/2026:07:10:52 +1000] "GET /content.php?product/93710098 HTTP/1.1" 200 28797 "-" "Mozilla/5.0 (Linux; Android 6.0.1; Nexus 5X Build/MMB29P) AppleWebKit/537.36 (KHTML, like Gecko) Chrome/147.0.7727.137 Mobile Safari/537.36 (compatible; Googlebot/2.1; +http://www.google.com/bot.html)"
74.7.242.22 - - [12/May/2026:07:10:55 +1000] "GET /wp-json/oembed/1.0/embed?format=xml&url=https%3A%2F%2Fwww.coridyan.com%2Fonline-slots-free-signup-bonus-no-deposit%2F HTTP/2" 200 1475 "https://www.coridyan.com/online-slots-free-signup-bonus-no-deposit/" "Mozilla/5.0 AppleWebKit/537.36 (KHTML, like Gecko; compatible; GPTBot/1.3; +https://openai.com/gptbot)"
74.7.242.22 - - [12/May/2026:07:10:56 +1000] "GET /wp-json/oembed/1.0/embed?format=xml&url=https%3A%2F%2Fwww.coridyan.com%2Fcasino-sites-australia-free-signup-bonus%2F HTTP/2" 200 1467 "https://www.coridyan.com/casino-sites-australia-free-signup-bonus/" "Mozilla/5.0 AppleWebKit/537.36 (KHTML, like Gecko; compatible; GPTBot/1.3; +https://openai.com/gptbot)"
74.7.242.22 - - [12/May/2026:07:10:58 +1000] "GET /wp-json/oembed/1.0/embed?format=xml&url=https%3A%2F%2Fwww.coridyan.com%2Fmobile-slots-free-signup-bonus-no-deposit%2F HTTP/2" 200 1464 "https://www.coridyan.com/mobile-slots-free-signup-bonus-no-deposit/" "Mozilla/5.0 AppleWebKit/537.36 (KHTML, like Gecko; compatible; GPTBot/1.3; +https://openai.com/gptbot)"
74.7.242.22 - - [12/May/2026:07:11:00 +1000] "GET /wp-json/oembed/1.0/embed?format=xml&url=https%3A%2F%2Fwww.coridyan.com%2Ffree-slot-games-to-download-and-play-offline%2F HTTP/2" 200 1464 "https://www.coridyan.com/free-slot-games-to-download-and-play-offline/" "Mozilla/5.0 AppleWebKit/537.36 (KHTML, like Gecko; compatible; GPTBot/1.3; +https://openai.com/gptbot)"
74.7.242.22 - - [12/May/2026:07:11:01 +1000] "GET /wp-json/oembed/1.0/embed?format=xml&url=https%3A%2F%2Fwww.coridyan.com%2F%25ce%25b4%25cf%2589%25cf%2581%25ce%25b5%25ce%25ac%25ce%25bd-%25cf%2580%25ce%25b5%25cf%2581%25ce%25b9%25cf%2583%25cf%2584%25cf%2581%25ce%25bf%25cf%2586%25ce%25ad%25cf%2582-%25cf%2587%25cf%2589%25cf%2581%25ce%25af%25cf%2582-%25ce%25ba%25ce%25b1%25cf%2584%25ce%25ac%25ce%25b8%25ce%25b5%25cf%2583%25ce%25b7-2026-%25cf%2580%2F HTTP/2" 200 2092 "https://www.coridyan.com/%ce%b4%cf%89%cf%81%ce%b5%ce%ac%ce%bd-%cf%80%ce%b5%cf%81%ce%b9%cf%83%cf%84%cf%81%ce%bf%cf%86%ce%ad%cf%82-%cf%87%cf%89%cf%81%ce%af%cf%82-%ce%ba%ce%b1%cf%84%ce%ac%ce%b8%ce%b5%cf%83%ce%b7-2026-%cf%80/" "Mozilla/5.0 AppleWebKit/537.36 (KHTML, like Gecko; compatible; GPTBot/1.3; +https://openai.com/gptbot)"
74.7.242.22 - - [12/May/2026:07:11:03 +1000] "GET /wp-json/oembed/1.0/embed?format=xml&url=https%3A%2F%2Fwww.coridyan.com%2Fcasinos-one-gambling-establishment-cherry-mobile-manage-boku-within-best-online-casinos-for-real-money-the-starburst-step-1-deposit-the-united-kingdom-2026-%25d7%25a4%25d7%2595%25d7%25a8%25d7%2595%25d7%259e%25d7%2599%25d7%259d%2F HTTP/2" 200 1771 "https://www.coridyan.com/casinos-one-gambling-establishment-cherry-mobile-manage-boku-within-best-online-casinos-for-real-money-the-starburst-step-1-deposit-the-united-kingdom-2026-%d7%a4%d7%95%d7%a8%d7%95%d7%9e%d7%99%d7%9d/" "Mozilla/5.0 AppleWebKit/537.36 (KHTML, like Gecko; compatible; GPTBot/1.3; +https://openai.com/gptbot)"
74.7.242.22 - - [12/May/2026:07:11:05 +1000] "GET /wp-json/oembed/1.0/embed?format=xml&url=https%3A%2F%2Fwww.coridyan.com%2Ffree-slot-games-no-download-no-registration-for-android%2F HTTP/2" 200 1472 "https://www.coridyan.com/free-slot-games-no-download-no-registration-for-android/" "Mozilla/5.0 AppleWebKit/537.36 (KHTML, like Gecko; compatible; GPTBot/1.3; +https://openai.com/gptbot)"
