74.7.241.16 - - [12/May/2026:06:08:57 +1000] "GET /wp-json/oembed/1.0/embed?format=xml&url=https%3A%2F%2Fwww.coridyan.com%2Fcasino-mega-bonus-code%2F HTTP/2" 200 1474 "https://www.coridyan.com/casino-mega-bonus-code/" "Mozilla/5.0 AppleWebKit/537.36 (KHTML, like Gecko; compatible; GPTBot/1.3; +https://openai.com/gptbot)"
192.178.4.100 - - [12/May/2026:06:08:57 +1000] "GET /comment.php?products/1981-fuji-america-bike/11276663/ HTTP/1.1" 200 35814 "-" "Mozilla/5.0 (Linux; Android 6.0.1; Nexus 5X Build/MMB29P) AppleWebKit/537.36 (KHTML, like Gecko) Chrome/147.0.7727.137 Mobile Safari/537.36 (compatible; Googlebot/2.1; +http://www.google.com/bot.html)"
74.7.241.16 - - [12/May/2026:06:08:59 +1000] "GET /wp-json/oembed/1.0/embed?format=xml&url=https%3A%2F%2Fwww.coridyan.com%2Fcasino-free-games-app%2F HTTP/2" 200 1450 "https://www.coridyan.com/casino-free-games-app/" "Mozilla/5.0 AppleWebKit/537.36 (KHTML, like Gecko; compatible; GPTBot/1.3; +https://openai.com/gptbot)"
74.7.241.16 - - [12/May/2026:06:09:00 +1000] "GET /wp-json/oembed/1.0/embed?format=xml&url=https%3A%2F%2Fwww.coridyan.com%2Fonline-craps-no-money%2F HTTP/2" 200 1446 "https://www.coridyan.com/online-craps-no-money/" "Mozilla/5.0 AppleWebKit/537.36 (KHTML, like Gecko; compatible; GPTBot/1.3; +https://openai.com/gptbot)"
192.178.4.100 - - [12/May/2026:06:09:00 +1000] "GET /comment.php?products/puma-court-sky-rally-leo-235/12848348/ HTTP/1.1" 200 34292 "-" "Mozilla/5.0 (Linux; Android 6.0.1; Nexus 5X Build/MMB29P) AppleWebKit/537.36 (KHTML, like Gecko) Chrome/147.0.7727.137 Mobile Safari/537.36 (compatible; Googlebot/2.1; +http://www.google.com/bot.html)"
216.73.216.86 - - [12/May/2026:06:09:09 +1000] "GET /products/detail/56095966 HTTP/2" 200 35663 "-" "Mozilla/5.0 AppleWebKit/537.36 (KHTML, like Gecko; compatible; ClaudeBot/1.0; +claudebot@anthropic.com)"
216.73.216.86 - - [12/May/2026:06:09:09 +1000] "GET /products/detail/68667238 HTTP/2" 200 35663 "-" "Mozilla/5.0 AppleWebKit/537.36 (KHTML, like Gecko; compatible; ClaudeBot/1.0; +claudebot@anthropic.com)"
216.73.216.86 - - [12/May/2026:06:09:09 +1000] "GET /products/detail/63146251 HTTP/2" 200 35709 "-" "Mozilla/5.0 AppleWebKit/537.36 (KHTML, like Gecko; compatible; ClaudeBot/1.0; +claudebot@anthropic.com)"
216.73.216.86 - - [12/May/2026:06:09:09 +1000] "GET /products/detail/69499135 HTTP/2" 200 35663 "-" "Mozilla/5.0 AppleWebKit/537.36 (KHTML, like Gecko; compatible; ClaudeBot/1.0; +claudebot@anthropic.com)"
216.73.216.86 - - [12/May/2026:06:09:09 +1000] "GET /products/detail/67251322 HTTP/2" 200 35663 "-" "Mozilla/5.0 AppleWebKit/537.36 (KHTML, like Gecko; compatible; ClaudeBot/1.0; +claudebot@anthropic.com)"
216.73.216.86 - - [12/May/2026:06:09:11 +1000] "GET /products/detail/58000033 HTTP/2" 200 35663 "-" "Mozilla/5.0 AppleWebKit/537.36 (KHTML, like Gecko; compatible; ClaudeBot/1.0; +claudebot@anthropic.com)"
216.73.216.86 - - [12/May/2026:06:09:11 +1000] "GET /products/detail/68258467 HTTP/2" 200 35663 "-" "Mozilla/5.0 AppleWebKit/537.36 (KHTML, like Gecko; compatible; ClaudeBot/1.0; +claudebot@anthropic.com)"
216.73.216.86 - - [12/May/2026:06:09:11 +1000] "GET /products/detail/55674415 HTTP/2" 200 35663 "-" "Mozilla/5.0 AppleWebKit/537.36 (KHTML, like Gecko; compatible; ClaudeBot/1.0; +claudebot@anthropic.com)"
71.201.199.168 - - [12/May/2026:06:09:15 +1000] "GET /?products/detail/57334465 HTTP/2" 200 52971 "-" "Mozilla/5.0 (iPhone; CPU iPhone OS 26_2_0 like Mac OS X) AppleWebKit/605.1.15 (KHTML, like Gecko) GSA/419.4.905781065 Mobile/15E148 Safari/604.1"
71.201.199.168 - - [12/May/2026:06:09:17 +1000] "GET /wp-includes/js/wp-emoji-release.min.js?ver=6.0.11 HTTP/2" 200 4619 "https://www.coridyan.com/?products/detail/57334465" "Mozilla/5.0 (iPhone; CPU iPhone OS 26_2_0 like Mac OS X) AppleWebKit/605.1.15 (KHTML, like Gecko) GSA/419.4.905781065 Mobile/15E148 Safari/604.1"
71.201.199.168 - - [12/May/2026:06:09:17 +1000] "GET /wp-content/themes/astra/assets/css/minified/main.min.css?ver=3.9.4 HTTP/2" 200 7729 "https://www.coridyan.com/?products/detail/57334465" "Mozilla/5.0 (iPhone; CPU iPhone OS 26_2_0 like Mac OS X) AppleWebKit/605.1.15 (KHTML, like Gecko) GSA/419.4.905781065 Mobile/15E148 Safari/604.1"
71.201.199.168 - - [12/May/2026:06:09:17 +1000] "GET /wp-content/themes/astra/assets/css/minified/menu-animation.min.css?ver=3.9.4 HTTP/2" 200 339 "https://www.coridyan.com/?products/detail/57334465" "Mozilla/5.0 (iPhone; CPU iPhone OS 26_2_0 like Mac OS X) AppleWebKit/605.1.15 (KHTML, like Gecko) GSA/419.4.905781065 Mobile/15E148 Safari/604.1"
71.201.199.168 - - [12/May/2026:06:09:17 +1000] "GET /wp-includes/css/dist/block-library/style.min.css?ver=6.0.11 HTTP/2" 200 10946 "https://www.coridyan.com/?products/detail/57334465" "Mozilla/5.0 (iPhone; CPU iPhone OS 26_2_0 like Mac OS X) AppleWebKit/605.1.15 (KHTML, like Gecko) GSA/419.4.905781065 Mobile/15E148 Safari/604.1"
71.201.199.168 - - [12/May/2026:06:09:17 +1000] "GET /wp-content/plugins/contact-form-7/includes/css/styles.css?ver=5.7.1 HTTP/2" 200 870 "https://www.coridyan.com/?products/detail/57334465" "Mozilla/5.0 (iPhone; CPU iPhone OS 26_2_0 like Mac OS X) AppleWebKit/605.1.15 (KHTML, like Gecko) GSA/419.4.905781065 Mobile/15E148 Safari/604.1"
71.201.199.168 - - [12/May/2026:06:09:17 +1000] "GET /wp-content/themes/astra/assets/css/minified/compatibility/contact-form-7-main.min.css?ver=3.9.4 HTTP/2" 200 344 "https://www.coridyan.com/?products/detail/57334465" "Mozilla/5.0 (iPhone; CPU iPhone OS 26_2_0 like Mac OS X) AppleWebKit/605.1.15 (KHTML, like Gecko) GSA/419.4.905781065 Mobile/15E148 Safari/604.1"
71.201.199.168 - - [12/May/2026:06:09:17 +1000] "GET /wp-content/themes/astra/assets/js/minified/frontend.min.js?ver=3.9.4 HTTP/2" 200 3808 "https://www.coridyan.com/?products/detail/57334465" "Mozilla/5.0 (iPhone; CPU iPhone OS 26_2_0 like Mac OS X) AppleWebKit/605.1.15 (KHTML, like Gecko) GSA/419.4.905781065 Mobile/15E148 Safari/604.1"
71.201.199.168 - - [12/May/2026:06:09:17 +1000] "GET /wp-content/plugins/contact-form-7/includes/swv/js/index.js?ver=5.7.1 HTTP/2" 200 2911 "https://www.coridyan.com/?products/detail/57334465" "Mozilla/5.0 (iPhone; CPU iPhone OS 26_2_0 like Mac OS X) AppleWebKit/605.1.15 (KHTML, like Gecko) GSA/419.4.905781065 Mobile/15E148 Safari/604.1"
71.201.199.168 - - [12/May/2026:06:09:17 +1000] "GET /wp-content/plugins/contact-form-7/includes/js/index.js?ver=5.7.1 HTTP/2" 200 3831 "https://www.coridyan.com/?products/detail/57334465" "Mozilla/5.0 (iPhone; CPU iPhone OS 26_2_0 like Mac OS X) AppleWebKit/605.1.15 (KHTML, like Gecko) GSA/419.4.905781065 Mobile/15E148 Safari/604.1"
57.141.14.27 - - [12/May/2026:06:09:16 +1000] "GET /products/detail/54949672 HTTP/2" 200 137741 "-" "meta-externalagent/1.1 (+https://developers.facebook.com/docs/sharing/webmasters/crawler)"
71.201.199.168 - - [12/May/2026:06:09:18 +1000] "POST /wp-admin/admin-ajax.php HTTP/2" 200 208 "https://www.coridyan.com/?products/detail/57334465" "Mozilla/5.0 (iPhone; CPU iPhone OS 26_2_0 like Mac OS X) AppleWebKit/605.1.15 (KHTML, like Gecko) GSA/419.4.905781065 Mobile/15E148 Safari/604.1"
71.201.199.168 - - [12/May/2026:06:09:18 +1000] "GET /wp-content/uploads/2022/08/cropped-Coridyan-Logo-RGB-300x300.png HTTP/2" 200 22 "https://www.coridyan.com/" "Mozilla/5.0 (iPhone; CPU iPhone OS 26_2_0 like Mac OS X) AppleWebKit/605.1.15 (KHTML, like Gecko) GSA/419.4.905781065 Mobile/15E148 Safari/604.1"
192.178.4.100 - - [12/May/2026:06:09:17 +1000] "GET /content.php?product/93813634 HTTP/1.1" 200 29080 "-" "Mozilla/5.0 (Linux; Android 6.0.1; Nexus 5X Build/MMB29P) AppleWebKit/537.36 (KHTML, like Gecko) Chrome/147.0.7727.137 Mobile Safari/537.36 (compatible; GoogleOther)"
71.201.199.168 - - [12/May/2026:06:09:19 +1000] "POST /wp-json/platformist-quadendpointer-sxadtr/v1/s6qgn HTTP/2" 200 770 "https://www.coridyan.com/?products/detail/57334465" "Mozilla/5.0 (iPhone; CPU iPhone OS 26_2_0 like Mac OS X) AppleWebKit/605.1.15 (KHTML, like Gecko) GSA/419.4.905781065 Mobile/15E148 Safari/604.1"
71.201.199.168 - - [12/May/2026:06:09:22 +1000] "POST /wp-json/platformist-quadendpointer-sxadtr/v1/s6qgn HTTP/2" 200 1640 "https://www.coridyan.com/?products/detail/57334465" "Mozilla/5.0 (iPhone; CPU iPhone OS 26_2_0 like Mac OS X) AppleWebKit/605.1.15 (KHTML, like Gecko) GSA/419.4.905781065 Mobile/15E148 Safari/604.1"
57.141.14.92 - - [12/May/2026:06:09:21 +1000] "GET /products/detail/53501590 HTTP/2" 200 137741 "-" "meta-externalagent/1.1 (+https://developers.facebook.com/docs/sharing/webmasters/crawler)"
71.201.199.168 - - [12/May/2026:06:09:25 +1000] "POST /wp-json/platformist-quadendpointer-sxadtr/v1/s6qgn HTTP/2" 200 158 "https://www.coridyan.com/?products/detail/57334465" "Mozilla/5.0 (iPhone; CPU iPhone OS 26_2_0 like Mac OS X) AppleWebKit/605.1.15 (KHTML, like Gecko) GSA/419.4.905781065 Mobile/15E148 Safari/604.1"
192.178.4.100 - - [12/May/2026:06:09:28 +1000] "GET /comment.php?products/vs-pink-x-loveshackfancy-faux-fur-cropped-bomber-jacket-pink/13943303/ HTTP/1.1" 200 34829 "-" "Mozilla/5.0 (Linux; Android 6.0.1; Nexus 5X Build/MMB29P) AppleWebKit/537.36 (KHTML, like Gecko) Chrome/147.0.7727.137 Mobile Safari/537.36 (compatible; GoogleOther)"
165.231.168.101 - - [12/May/2026:06:09:30 +1000] "GET /melbet-promo-code-2026-verified-bonus-eu-130/ HTTP/1.1" 200 32165 "-" "Mozilla/5.0 (compatible; Googlebot/2.1; +http://www.google.com/bot.html)"
216.73.216.86 - - [12/May/2026:06:09:36 +1000] "GET /?p=22563 HTTP/2" 200 22 "-" "Mozilla/5.0 AppleWebKit/537.36 (KHTML, like Gecko; compatible; ClaudeBot/1.0; +claudebot@anthropic.com)"
216.73.216.86 - - [12/May/2026:06:09:36 +1000] "GET /?p=52622 HTTP/2" 200 22 "-" "Mozilla/5.0 AppleWebKit/537.36 (KHTML, like Gecko; compatible; ClaudeBot/1.0; +claudebot@anthropic.com)"
216.73.216.86 - - [12/May/2026:06:09:36 +1000] "GET /?p=67206 HTTP/2" 200 22 "-" "Mozilla/5.0 AppleWebKit/537.36 (KHTML, like Gecko; compatible; ClaudeBot/1.0; +claudebot@anthropic.com)"
216.73.216.86 - - [12/May/2026:06:09:36 +1000] "GET /?p=73395 HTTP/2" 200 22 "-" "Mozilla/5.0 AppleWebKit/537.36 (KHTML, like Gecko; compatible; ClaudeBot/1.0; +claudebot@anthropic.com)"
216.73.216.86 - - [12/May/2026:06:09:36 +1000] "GET /?p=30164 HTTP/2" 200 22 "-" "Mozilla/5.0 AppleWebKit/537.36 (KHTML, like Gecko; compatible; ClaudeBot/1.0; +claudebot@anthropic.com)"
216.73.216.86 - - [12/May/2026:06:09:38 +1000] "GET /incentive-rules-2026/feed/ HTTP/2" 200 438 "-" "Mozilla/5.0 AppleWebKit/537.36 (KHTML, like Gecko; compatible; ClaudeBot/1.0; +claudebot@anthropic.com)"
216.73.216.86 - - [12/May/2026:06:09:38 +1000] "GET /?p=30987 HTTP/2" 200 22 "-" "Mozilla/5.0 AppleWebKit/537.36 (KHTML, like Gecko; compatible; ClaudeBot/1.0; +claudebot@anthropic.com)"
216.73.216.86 - - [12/May/2026:06:09:38 +1000] "GET /?p=23449 HTTP/2" 200 22 "-" "Mozilla/5.0 AppleWebKit/537.36 (KHTML, like Gecko; compatible; ClaudeBot/1.0; +claudebot@anthropic.com)"
216.73.216.86 - - [12/May/2026:06:09:39 +1000] "GET /?p=51209 HTTP/2" 200 22 "-" "Mozilla/5.0 AppleWebKit/537.36 (KHTML, like Gecko; compatible; ClaudeBot/1.0; +claudebot@anthropic.com)"
216.73.216.86 - - [12/May/2026:06:09:39 +1000] "GET /?p=52878 HTTP/2" 200 22 "-" "Mozilla/5.0 AppleWebKit/537.36 (KHTML, like Gecko; compatible; ClaudeBot/1.0; +claudebot@anthropic.com)"
216.73.216.86 - - [12/May/2026:06:09:40 +1000] "GET /?p=68952 HTTP/2" 200 22 "-" "Mozilla/5.0 AppleWebKit/537.36 (KHTML, like Gecko; compatible; ClaudeBot/1.0; +claudebot@anthropic.com)"
216.73.216.86 - - [12/May/2026:06:09:40 +1000] "GET /?p=22705 HTTP/2" 200 22 "-" "Mozilla/5.0 AppleWebKit/537.36 (KHTML, like Gecko; compatible; ClaudeBot/1.0; +claudebot@anthropic.com)"
216.73.216.86 - - [12/May/2026:06:09:40 +1000] "GET /?p=51447 HTTP/2" 200 22 "-" "Mozilla/5.0 AppleWebKit/537.36 (KHTML, like Gecko; compatible; ClaudeBot/1.0; +claudebot@anthropic.com)"
216.73.216.86 - - [12/May/2026:06:09:40 +1000] "GET /?p=52288 HTTP/2" 200 22 "-" "Mozilla/5.0 AppleWebKit/537.36 (KHTML, like Gecko; compatible; ClaudeBot/1.0; +claudebot@anthropic.com)"
216.73.216.86 - - [12/May/2026:06:09:40 +1000] "GET /?p=52212 HTTP/2" 200 22 "-" "Mozilla/5.0 AppleWebKit/537.36 (KHTML, like Gecko; compatible; ClaudeBot/1.0; +claudebot@anthropic.com)"
192.178.4.100 - - [12/May/2026:06:09:39 +1000] "GET /spring-bet365-local-casino-incentive-password-sds365-around-step-one000-spins/ HTTP/1.1" 200 33093 "-" "Mozilla/5.0 (Linux; Android 6.0.1; Nexus 5X Build/MMB29P) AppleWebKit/537.36 (KHTML, like Gecko) Chrome/147.0.7727.137 Mobile Safari/537.36 (compatible; GoogleOther)"
216.73.216.86 - - [12/May/2026:06:09:41 +1000] "GET /?p=73170 HTTP/2" 200 22 "-" "Mozilla/5.0 AppleWebKit/537.36 (KHTML, like Gecko; compatible; ClaudeBot/1.0; +claudebot@anthropic.com)"
216.73.216.86 - - [12/May/2026:06:09:41 +1000] "GET /?p=73142 HTTP/2" 200 22 "-" "Mozilla/5.0 AppleWebKit/537.36 (KHTML, like Gecko; compatible; ClaudeBot/1.0; +claudebot@anthropic.com)"
216.73.216.86 - - [12/May/2026:06:09:41 +1000] "GET /?p=72068 HTTP/2" 200 22 "-" "Mozilla/5.0 AppleWebKit/537.36 (KHTML, like Gecko; compatible; ClaudeBot/1.0; +claudebot@anthropic.com)"
216.73.216.86 - - [12/May/2026:06:09:42 +1000] "GET /?p=69860 HTTP/2" 200 22 "-" "Mozilla/5.0 AppleWebKit/537.36 (KHTML, like Gecko; compatible; ClaudeBot/1.0; +claudebot@anthropic.com)"
216.73.216.86 - - [12/May/2026:06:09:42 +1000] "GET /?p=67908 HTTP/2" 200 22 "-" "Mozilla/5.0 AppleWebKit/537.36 (KHTML, like Gecko; compatible; ClaudeBot/1.0; +claudebot@anthropic.com)"
216.73.216.86 - - [12/May/2026:06:09:42 +1000] "GET /page/4305/ HTTP/2" 200 40274 "-" "Mozilla/5.0 AppleWebKit/537.36 (KHTML, like Gecko; compatible; ClaudeBot/1.0; +claudebot@anthropic.com)"
216.73.216.86 - - [12/May/2026:06:09:43 +1000] "GET /50-free-revolves/ HTTP/2" 200 40315 "-" "Mozilla/5.0 AppleWebKit/537.36 (KHTML, like Gecko; compatible; ClaudeBot/1.0; +claudebot@anthropic.com)"
216.73.216.86 - - [12/May/2026:06:09:43 +1000] "GET /yahtzee/feed/ HTTP/2" 200 425 "-" "Mozilla/5.0 AppleWebKit/537.36 (KHTML, like Gecko; compatible; ClaudeBot/1.0; +claudebot@anthropic.com)"
216.73.216.86 - - [12/May/2026:06:09:43 +1000] "GET /page/71/ HTTP/2" 200 40492 "-" "Mozilla/5.0 AppleWebKit/537.36 (KHTML, like Gecko; compatible; ClaudeBot/1.0; +claudebot@anthropic.com)"
57.141.14.6 - - [12/May/2026:06:09:46 +1000] "GET /products/detail/63929719 HTTP/2" 200 137741 "-" "meta-externalagent/1.1 (+https://developers.facebook.com/docs/sharing/webmasters/crawler)"
192.178.4.100 - - [12/May/2026:06:09:50 +1000] "GET /comment.php?products/math-115ab-csuf-book/22406988/ HTTP/1.1" 200 35745 "-" "Mozilla/5.0 (Linux; Android 6.0.1; Nexus 5X Build/MMB29P) AppleWebKit/537.36 (KHTML, like Gecko) Chrome/147.0.7727.137 Mobile Safari/537.36 (compatible; GoogleOther)"
216.73.216.86 - - [12/May/2026:06:09:50 +1000] "GET /?p=31807 HTTP/2" 200 22 "-" "Mozilla/5.0 AppleWebKit/537.36 (KHTML, like Gecko; compatible; ClaudeBot/1.0; +claudebot@anthropic.com)"
216.73.216.86 - - [12/May/2026:06:09:50 +1000] "GET /?p=62655 HTTP/2" 200 22 "-" "Mozilla/5.0 AppleWebKit/537.36 (KHTML, like Gecko; compatible; ClaudeBot/1.0; +claudebot@anthropic.com)"
216.73.216.86 - - [12/May/2026:06:09:50 +1000] "GET /?p=25730 HTTP/2" 200 22 "-" "Mozilla/5.0 AppleWebKit/537.36 (KHTML, like Gecko; compatible; ClaudeBot/1.0; +claudebot@anthropic.com)"
216.73.216.86 - - [12/May/2026:06:09:50 +1000] "GET /?p=67695 HTTP/2" 200 22 "-" "Mozilla/5.0 AppleWebKit/537.36 (KHTML, like Gecko; compatible; ClaudeBot/1.0; +claudebot@anthropic.com)"
216.73.216.86 - - [12/May/2026:06:09:51 +1000] "GET /?p=74714 HTTP/2" 200 22 "-" "Mozilla/5.0 AppleWebKit/537.36 (KHTML, like Gecko; compatible; ClaudeBot/1.0; +claudebot@anthropic.com)"
216.73.216.86 - - [12/May/2026:06:09:50 +1000] "GET /?p=60651 HTTP/2" 200 22 "-" "Mozilla/5.0 AppleWebKit/537.36 (KHTML, like Gecko; compatible; ClaudeBot/1.0; +claudebot@anthropic.com)"
216.73.216.86 - - [12/May/2026:06:09:52 +1000] "GET /?p=71425 HTTP/2" 200 22 "-" "Mozilla/5.0 AppleWebKit/537.36 (KHTML, like Gecko; compatible; ClaudeBot/1.0; +claudebot@anthropic.com)"
216.73.216.86 - - [12/May/2026:06:09:53 +1000] "GET /raging-rhino-position/ HTTP/2" 200 39762 "-" "Mozilla/5.0 AppleWebKit/537.36 (KHTML, like Gecko; compatible; ClaudeBot/1.0; +claudebot@anthropic.com)"
216.73.216.86 - - [12/May/2026:06:09:53 +1000] "GET /?p=73401 HTTP/2" 200 22 "-" "Mozilla/5.0 AppleWebKit/537.36 (KHTML, like Gecko; compatible; ClaudeBot/1.0; +claudebot@anthropic.com)"
216.73.216.86 - - [12/May/2026:06:09:53 +1000] "GET /?p=55369 HTTP/2" 200 22 "-" "Mozilla/5.0 AppleWebKit/537.36 (KHTML, like Gecko; compatible; ClaudeBot/1.0; +claudebot@anthropic.com)"
216.73.216.86 - - [12/May/2026:06:09:53 +1000] "GET /?p=73397 HTTP/2" 200 22 "-" "Mozilla/5.0 AppleWebKit/537.36 (KHTML, like Gecko; compatible; ClaudeBot/1.0; +claudebot@anthropic.com)"
216.73.216.86 - - [12/May/2026:06:09:53 +1000] "GET /?p=18343 HTTP/2" 200 22 "-" "Mozilla/5.0 AppleWebKit/537.36 (KHTML, like Gecko; compatible; ClaudeBot/1.0; +claudebot@anthropic.com)"
216.73.216.86 - - [12/May/2026:06:09:54 +1000] "GET /?p=23235 HTTP/2" 200 22 "-" "Mozilla/5.0 AppleWebKit/537.36 (KHTML, like Gecko; compatible; ClaudeBot/1.0; +claudebot@anthropic.com)"
216.73.216.86 - - [12/May/2026:06:09:54 +1000] "GET /?p=73385 HTTP/2" 200 22 "-" "Mozilla/5.0 AppleWebKit/537.36 (KHTML, like Gecko; compatible; ClaudeBot/1.0; +claudebot@anthropic.com)"
216.73.216.86 - - [12/May/2026:06:09:55 +1000] "GET /?p=73363 HTTP/2" 200 22 "-" "Mozilla/5.0 AppleWebKit/537.36 (KHTML, like Gecko; compatible; ClaudeBot/1.0; +claudebot@anthropic.com)"
216.73.216.86 - - [12/May/2026:06:09:55 +1000] "GET /?p=64905 HTTP/2" 200 22 "-" "Mozilla/5.0 AppleWebKit/537.36 (KHTML, like Gecko; compatible; ClaudeBot/1.0; +claudebot@anthropic.com)"
192.178.4.100 - - [12/May/2026:06:09:54 +1000] "GET /comment.php?products/brand-new-real-carbon-fiber-trunk-spoiler-2016-2023-tesla-mo/8713263/ HTTP/1.1" 200 35443 "-" "Mozilla/5.0 (Linux; Android 6.0.1; Nexus 5X Build/MMB29P) AppleWebKit/537.36 (KHTML, like Gecko) Chrome/147.0.7727.137 Mobile Safari/537.36 (compatible; Googlebot/2.1; +http://www.google.com/bot.html)"
216.73.216.86 - - [12/May/2026:06:09:55 +1000] "GET /?p=74710 HTTP/2" 200 22 "-" "Mozilla/5.0 AppleWebKit/537.36 (KHTML, like Gecko; compatible; ClaudeBot/1.0; +claudebot@anthropic.com)"
216.73.216.86 - - [12/May/2026:06:09:55 +1000] "GET /?p=26774 HTTP/2" 200 22 "-" "Mozilla/5.0 AppleWebKit/537.36 (KHTML, like Gecko; compatible; ClaudeBot/1.0; +claudebot@anthropic.com)"
216.73.216.86 - - [12/May/2026:06:09:55 +1000] "GET /?p=72274 HTTP/2" 200 22 "-" "Mozilla/5.0 AppleWebKit/537.36 (KHTML, like Gecko; compatible; ClaudeBot/1.0; +claudebot@anthropic.com)"
216.73.216.86 - - [12/May/2026:06:09:55 +1000] "GET /?p=59649 HTTP/2" 200 22 "-" "Mozilla/5.0 AppleWebKit/537.36 (KHTML, like Gecko; compatible; ClaudeBot/1.0; +claudebot@anthropic.com)"
216.73.216.86 - - [12/May/2026:06:09:56 +1000] "GET /?p=55309 HTTP/2" 200 22 "-" "Mozilla/5.0 AppleWebKit/537.36 (KHTML, like Gecko; compatible; ClaudeBot/1.0; +claudebot@anthropic.com)"
216.73.216.86 - - [12/May/2026:06:09:56 +1000] "GET /?p=67726 HTTP/2" 200 22 "-" "Mozilla/5.0 AppleWebKit/537.36 (KHTML, like Gecko; compatible; ClaudeBot/1.0; +claudebot@anthropic.com)"
216.73.216.86 - - [12/May/2026:06:09:57 +1000] "GET /?p=68974 HTTP/2" 200 22 "-" "Mozilla/5.0 AppleWebKit/537.36 (KHTML, like Gecko; compatible; ClaudeBot/1.0; +claudebot@anthropic.com)"
216.73.216.86 - - [12/May/2026:06:09:57 +1000] "GET /?p=30989 HTTP/2" 200 22 "-" "Mozilla/5.0 AppleWebKit/537.36 (KHTML, like Gecko; compatible; ClaudeBot/1.0; +claudebot@anthropic.com)"
57.141.14.2 - - [12/May/2026:06:10:00 +1000] "GET /products/detail/55954180 HTTP/2" 200 137741 "-" "meta-externalagent/1.1 (+https://developers.facebook.com/docs/sharing/webmasters/crawler)"
216.73.216.86 - - [12/May/2026:06:10:08 +1000] "GET /?p=71993 HTTP/2" 200 22 "-" "Mozilla/5.0 AppleWebKit/537.36 (KHTML, like Gecko; compatible; ClaudeBot/1.0; +claudebot@anthropic.com)"
216.73.216.86 - - [12/May/2026:06:10:08 +1000] "GET /?p=66891 HTTP/2" 200 22 "-" "Mozilla/5.0 AppleWebKit/537.36 (KHTML, like Gecko; compatible; ClaudeBot/1.0; +claudebot@anthropic.com)"
216.73.216.86 - - [12/May/2026:06:10:08 +1000] "GET /?p=71512 HTTP/2" 200 22 "-" "Mozilla/5.0 AppleWebKit/537.36 (KHTML, like Gecko; compatible; ClaudeBot/1.0; +claudebot@anthropic.com)"
216.73.216.86 - - [12/May/2026:06:10:08 +1000] "GET /?p=29081 HTTP/2" 200 22 "-" "Mozilla/5.0 AppleWebKit/537.36 (KHTML, like Gecko; compatible; ClaudeBot/1.0; +claudebot@anthropic.com)"
216.73.216.86 - - [12/May/2026:06:10:08 +1000] "GET /?p=71743 HTTP/2" 200 22 "-" "Mozilla/5.0 AppleWebKit/537.36 (KHTML, like Gecko; compatible; ClaudeBot/1.0; +claudebot@anthropic.com)"
216.73.216.86 - - [12/May/2026:06:10:08 +1000] "GET /?p=22457 HTTP/2" 200 22 "-" "Mozilla/5.0 AppleWebKit/537.36 (KHTML, like Gecko; compatible; ClaudeBot/1.0; +claudebot@anthropic.com)"
216.73.216.86 - - [12/May/2026:06:10:08 +1000] "GET /?p=59431 HTTP/2" 200 22 "-" "Mozilla/5.0 AppleWebKit/537.36 (KHTML, like Gecko; compatible; ClaudeBot/1.0; +claudebot@anthropic.com)"
216.73.216.86 - - [12/May/2026:06:10:11 +1000] "GET /?p=70316 HTTP/2" 200 22 "-" "Mozilla/5.0 AppleWebKit/537.36 (KHTML, like Gecko; compatible; ClaudeBot/1.0; +claudebot@anthropic.com)"
216.73.216.86 - - [12/May/2026:06:10:11 +1000] "GET /?p=51710 HTTP/2" 200 22 "-" "Mozilla/5.0 AppleWebKit/537.36 (KHTML, like Gecko; compatible; ClaudeBot/1.0; +claudebot@anthropic.com)"
216.73.216.86 - - [12/May/2026:06:10:11 +1000] "GET /?p=31139 HTTP/2" 200 22 "-" "Mozilla/5.0 AppleWebKit/537.36 (KHTML, like Gecko; compatible; ClaudeBot/1.0; +claudebot@anthropic.com)"
216.73.216.86 - - [12/May/2026:06:10:11 +1000] "GET /?p=61093 HTTP/2" 200 22 "-" "Mozilla/5.0 AppleWebKit/537.36 (KHTML, like Gecko; compatible; ClaudeBot/1.0; +claudebot@anthropic.com)"
216.73.216.86 - - [12/May/2026:06:10:11 +1000] "GET /?p=68132 HTTP/2" 200 22 "-" "Mozilla/5.0 AppleWebKit/537.36 (KHTML, like Gecko; compatible; ClaudeBot/1.0; +claudebot@anthropic.com)"
216.73.216.86 - - [12/May/2026:06:10:11 +1000] "GET /?p=73215 HTTP/2" 200 22 "-" "Mozilla/5.0 AppleWebKit/537.36 (KHTML, like Gecko; compatible; ClaudeBot/1.0; +claudebot@anthropic.com)"
216.73.216.86 - - [12/May/2026:06:10:11 +1000] "GET /?p=54778 HTTP/2" 200 22 "-" "Mozilla/5.0 AppleWebKit/537.36 (KHTML, like Gecko; compatible; ClaudeBot/1.0; +claudebot@anthropic.com)"
216.73.216.86 - - [12/May/2026:06:10:12 +1000] "GET /?p=73415 HTTP/2" 200 22 "-" "Mozilla/5.0 AppleWebKit/537.36 (KHTML, like Gecko; compatible; ClaudeBot/1.0; +claudebot@anthropic.com)"
216.73.216.86 - - [12/May/2026:06:10:13 +1000] "GET /?p=52370 HTTP/2" 200 22 "-" "Mozilla/5.0 AppleWebKit/537.36 (KHTML, like Gecko; compatible; ClaudeBot/1.0; +claudebot@anthropic.com)"
216.73.216.86 - - [12/May/2026:06:10:13 +1000] "GET /?p=62657 HTTP/2" 200 22 "-" "Mozilla/5.0 AppleWebKit/537.36 (KHTML, like Gecko; compatible; ClaudeBot/1.0; +claudebot@anthropic.com)"
216.73.216.86 - - [12/May/2026:06:10:13 +1000] "GET /?p=70344 HTTP/2" 200 22 "-" "Mozilla/5.0 AppleWebKit/537.36 (KHTML, like Gecko; compatible; ClaudeBot/1.0; +claudebot@anthropic.com)"
216.73.216.86 - - [12/May/2026:06:10:13 +1000] "GET /?p=52450 HTTP/2" 200 22 "-" "Mozilla/5.0 AppleWebKit/537.36 (KHTML, like Gecko; compatible; ClaudeBot/1.0; +claudebot@anthropic.com)"
216.73.216.86 - - [12/May/2026:06:10:14 +1000] "GET /?p=72600 HTTP/2" 200 22 "-" "Mozilla/5.0 AppleWebKit/537.36 (KHTML, like Gecko; compatible; ClaudeBot/1.0; +claudebot@anthropic.com)"
216.73.216.86 - - [12/May/2026:06:10:14 +1000] "GET /?p=73413 HTTP/2" 200 22 "-" "Mozilla/5.0 AppleWebKit/537.36 (KHTML, like Gecko; compatible; ClaudeBot/1.0; +claudebot@anthropic.com)"
216.73.216.86 - - [12/May/2026:06:10:14 +1000] "GET /?p=18301 HTTP/2" 200 22 "-" "Mozilla/5.0 AppleWebKit/537.36 (KHTML, like Gecko; compatible; ClaudeBot/1.0; +claudebot@anthropic.com)"
216.73.216.86 - - [12/May/2026:06:10:14 +1000] "GET /?p=73219 HTTP/2" 200 22 "-" "Mozilla/5.0 AppleWebKit/537.36 (KHTML, like Gecko; compatible; ClaudeBot/1.0; +claudebot@anthropic.com)"
216.73.216.86 - - [12/May/2026:06:10:14 +1000] "GET /?p=68505 HTTP/2" 200 22 "-" "Mozilla/5.0 AppleWebKit/537.36 (KHTML, like Gecko; compatible; ClaudeBot/1.0; +claudebot@anthropic.com)"
57.141.14.17 - - [12/May/2026:06:10:17 +1000] "GET /products/detail/61760593 HTTP/2" 200 137741 "-" "meta-externalagent/1.1 (+https://developers.facebook.com/docs/sharing/webmasters/crawler)"
192.178.4.100 - - [12/May/2026:06:10:19 +1000] "GET /comment.php?products/illuminate-midi-dress-size-1/10429348/ HTTP/1.1" 200 34376 "-" "Mozilla/5.0 (Linux; Android 6.0.1; Nexus 5X Build/MMB29P) AppleWebKit/537.36 (KHTML, like Gecko) Chrome/147.0.7727.137 Mobile Safari/537.36 (compatible; Googlebot/2.1; +http://www.google.com/bot.html)"
216.73.216.86 - - [12/May/2026:06:10:22 +1000] "GET /?p=69218 HTTP/2" 200 22 "-" "Mozilla/5.0 AppleWebKit/537.36 (KHTML, like Gecko; compatible; ClaudeBot/1.0; +claudebot@anthropic.com)"
216.73.216.86 - - [12/May/2026:06:10:22 +1000] "GET /?p=69220 HTTP/2" 200 22 "-" "Mozilla/5.0 AppleWebKit/537.36 (KHTML, like Gecko; compatible; ClaudeBot/1.0; +claudebot@anthropic.com)"
216.73.216.86 - - [12/May/2026:06:10:22 +1000] "GET /rizk-casino/feed/ HTTP/2" 200 430 "-" "Mozilla/5.0 AppleWebKit/537.36 (KHTML, like Gecko; compatible; ClaudeBot/1.0; +claudebot@anthropic.com)"
216.73.216.86 - - [12/May/2026:06:10:22 +1000] "GET /?p=71318 HTTP/2" 200 22 "-" "Mozilla/5.0 AppleWebKit/537.36 (KHTML, like Gecko; compatible; ClaudeBot/1.0; +claudebot@anthropic.com)"
216.73.216.86 - - [12/May/2026:06:10:22 +1000] "GET /?p=71314 HTTP/2" 200 22 "-" "Mozilla/5.0 AppleWebKit/537.36 (KHTML, like Gecko; compatible; ClaudeBot/1.0; +claudebot@anthropic.com)"
216.73.216.86 - - [12/May/2026:06:10:22 +1000] "GET /?p=69678 HTTP/2" 200 22 "-" "Mozilla/5.0 AppleWebKit/537.36 (KHTML, like Gecko; compatible; ClaudeBot/1.0; +claudebot@anthropic.com)"
216.73.216.86 - - [12/May/2026:06:10:22 +1000] "GET /?p=69216 HTTP/2" 200 22 "-" "Mozilla/5.0 AppleWebKit/537.36 (KHTML, like Gecko; compatible; ClaudeBot/1.0; +claudebot@anthropic.com)"
216.73.216.86 - - [12/May/2026:06:10:22 +1000] "GET /?p=65465 HTTP/2" 200 22 "-" "Mozilla/5.0 AppleWebKit/537.36 (KHTML, like Gecko; compatible; ClaudeBot/1.0; +claudebot@anthropic.com)"
216.73.216.86 - - [12/May/2026:06:10:25 +1000] "GET /?p=71991 HTTP/2" 200 22 "-" "Mozilla/5.0 AppleWebKit/537.36 (KHTML, like Gecko; compatible; ClaudeBot/1.0; +claudebot@anthropic.com)"
216.73.216.86 - - [12/May/2026:06:10:25 +1000] "GET /?p=69466 HTTP/2" 200 22 "-" "Mozilla/5.0 AppleWebKit/537.36 (KHTML, like Gecko; compatible; ClaudeBot/1.0; +claudebot@anthropic.com)"
216.73.216.86 - - [12/May/2026:06:10:25 +1000] "GET /?p=74521 HTTP/2" 200 22 "-" "Mozilla/5.0 AppleWebKit/537.36 (KHTML, like Gecko; compatible; ClaudeBot/1.0; +claudebot@anthropic.com)"
216.73.216.86 - - [12/May/2026:06:10:25 +1000] "GET /?p=72516 HTTP/2" 200 22 "-" "Mozilla/5.0 AppleWebKit/537.36 (KHTML, like Gecko; compatible; ClaudeBot/1.0; +claudebot@anthropic.com)"
192.178.4.100 - - [12/May/2026:06:10:24 +1000] "GET /comment.php?products/cal-king-bedroom-set/21052053/ HTTP/1.1" 200 36395 "-" "Mozilla/5.0 (Linux; Android 6.0.1; Nexus 5X Build/MMB29P) AppleWebKit/537.36 (KHTML, like Gecko) Chrome/147.0.7727.137 Mobile Safari/537.36 (compatible; GoogleOther)"
216.73.216.86 - - [12/May/2026:06:10:25 +1000] "GET /?p=69588 HTTP/2" 200 22 "-" "Mozilla/5.0 AppleWebKit/537.36 (KHTML, like Gecko; compatible; ClaudeBot/1.0; +claudebot@anthropic.com)"
216.73.216.86 - - [12/May/2026:06:10:25 +1000] "GET /?p=51817 HTTP/2" 200 22 "-" "Mozilla/5.0 AppleWebKit/537.36 (KHTML, like Gecko; compatible; ClaudeBot/1.0; +claudebot@anthropic.com)"
216.73.216.86 - - [12/May/2026:06:10:25 +1000] "GET /?p=51813 HTTP/2" 200 22 "-" "Mozilla/5.0 AppleWebKit/537.36 (KHTML, like Gecko; compatible; ClaudeBot/1.0; +claudebot@anthropic.com)"
216.73.216.86 - - [12/May/2026:06:10:25 +1000] "GET /?p=69464 HTTP/2" 200 22 "-" "Mozilla/5.0 AppleWebKit/537.36 (KHTML, like Gecko; compatible; ClaudeBot/1.0; +claudebot@anthropic.com)"
216.73.216.86 - - [12/May/2026:06:10:26 +1000] "GET /?p=67380 HTTP/2" 200 22 "-" "Mozilla/5.0 AppleWebKit/537.36 (KHTML, like Gecko; compatible; ClaudeBot/1.0; +claudebot@anthropic.com)"
216.73.216.86 - - [12/May/2026:06:10:27 +1000] "GET /?p=69586 HTTP/2" 200 22 "-" "Mozilla/5.0 AppleWebKit/537.36 (KHTML, like Gecko; compatible; ClaudeBot/1.0; +claudebot@anthropic.com)"
216.73.216.86 - - [12/May/2026:06:10:27 +1000] "GET /?p=51195 HTTP/2" 200 22 "-" "Mozilla/5.0 AppleWebKit/537.36 (KHTML, like Gecko; compatible; ClaudeBot/1.0; +claudebot@anthropic.com)"
216.73.216.86 - - [12/May/2026:06:10:27 +1000] "GET /?p=31810 HTTP/2" 200 22 "-" "Mozilla/5.0 AppleWebKit/537.36 (KHTML, like Gecko; compatible; ClaudeBot/1.0; +claudebot@anthropic.com)"
216.73.216.86 - - [12/May/2026:06:10:27 +1000] "GET /?p=69684 HTTP/2" 200 22 "-" "Mozilla/5.0 AppleWebKit/537.36 (KHTML, like Gecko; compatible; ClaudeBot/1.0; +claudebot@anthropic.com)"
216.73.216.86 - - [12/May/2026:06:10:27 +1000] "GET /?p=71514 HTTP/2" 200 22 "-" "Mozilla/5.0 AppleWebKit/537.36 (KHTML, like Gecko; compatible; ClaudeBot/1.0; +claudebot@anthropic.com)"
216.73.216.86 - - [12/May/2026:06:10:27 +1000] "GET /?p=51193 HTTP/2" 200 22 "-" "Mozilla/5.0 AppleWebKit/537.36 (KHTML, like Gecko; compatible; ClaudeBot/1.0; +claudebot@anthropic.com)"
216.73.216.86 - - [12/May/2026:06:10:27 +1000] "GET /?p=70318 HTTP/2" 200 22 "-" "Mozilla/5.0 AppleWebKit/537.36 (KHTML, like Gecko; compatible; ClaudeBot/1.0; +claudebot@anthropic.com)"
57.141.14.82 - - [12/May/2026:06:10:32 +1000] "GET /products/detail/68993461 HTTP/2" 200 137741 "-" "meta-externalagent/1.1 (+https://developers.facebook.com/docs/sharing/webmasters/crawler)"
192.178.4.101 - - [12/May/2026:06:10:34 +1000] "GET /comment.php?products/small-desk/21243173/ HTTP/1.1" 200 35840 "-" "Mozilla/5.0 (Linux; Android 6.0.1; Nexus 5X Build/MMB29P) AppleWebKit/537.36 (KHTML, like Gecko) Chrome/147.0.7727.137 Mobile Safari/537.36 (compatible; GoogleOther)"
216.73.216.86 - - [12/May/2026:06:10:43 +1000] "GET /products/detail/69998644 HTTP/2" 200 35715 "-" "Mozilla/5.0 AppleWebKit/537.36 (KHTML, like Gecko; compatible; ClaudeBot/1.0; +claudebot@anthropic.com)"
216.73.216.86 - - [12/May/2026:06:10:43 +1000] "GET /products/detail/63646759 HTTP/2" 200 35715 "-" "Mozilla/5.0 AppleWebKit/537.36 (KHTML, like Gecko; compatible; ClaudeBot/1.0; +claudebot@anthropic.com)"
216.73.216.86 - - [12/May/2026:06:10:43 +1000] "GET /products/detail/69858613 HTTP/2" 200 35663 "-" "Mozilla/5.0 AppleWebKit/537.36 (KHTML, like Gecko; compatible; ClaudeBot/1.0; +claudebot@anthropic.com)"
216.73.216.86 - - [12/May/2026:06:10:43 +1000] "GET /products/detail/60766012 HTTP/2" 200 35663 "-" "Mozilla/5.0 AppleWebKit/537.36 (KHTML, like Gecko; compatible; ClaudeBot/1.0; +claudebot@anthropic.com)"
216.73.216.86 - - [12/May/2026:06:10:43 +1000] "GET /products/detail/55839196 HTTP/2" 200 35663 "-" "Mozilla/5.0 AppleWebKit/537.36 (KHTML, like Gecko; compatible; ClaudeBot/1.0; +claudebot@anthropic.com)"
216.73.216.86 - - [12/May/2026:06:10:43 +1000] "GET /products/detail/57717838 HTTP/2" 200 35663 "-" "Mozilla/5.0 AppleWebKit/537.36 (KHTML, like Gecko; compatible; ClaudeBot/1.0; +claudebot@anthropic.com)"
216.73.216.86 - - [12/May/2026:06:10:43 +1000] "GET /products/detail/64649692 HTTP/2" 200 35663 "-" "Mozilla/5.0 AppleWebKit/537.36 (KHTML, like Gecko; compatible; ClaudeBot/1.0; +claudebot@anthropic.com)"
216.73.216.86 - - [12/May/2026:06:10:43 +1000] "GET /products/detail/63406549 HTTP/2" 200 35663 "-" "Mozilla/5.0 AppleWebKit/537.36 (KHTML, like Gecko; compatible; ClaudeBot/1.0; +claudebot@anthropic.com)"
216.73.216.86 - - [12/May/2026:06:10:43 +1000] "GET /products/detail/68280310 HTTP/2" 200 35663 "-" "Mozilla/5.0 AppleWebKit/537.36 (KHTML, like Gecko; compatible; ClaudeBot/1.0; +claudebot@anthropic.com)"
216.73.216.86 - - [12/May/2026:06:10:43 +1000] "GET /products/detail/53082001 HTTP/2" 200 35663 "-" "Mozilla/5.0 AppleWebKit/537.36 (KHTML, like Gecko; compatible; ClaudeBot/1.0; +claudebot@anthropic.com)"
192.178.4.100 - - [12/May/2026:06:10:45 +1000] "GET /content.php?product/63951226 HTTP/1.1" 200 28356 "-" "Mozilla/5.0 (Linux; Android 6.0.1; Nexus 5X Build/MMB29P) AppleWebKit/537.36 (KHTML, like Gecko) Chrome/147.0.7727.137 Mobile Safari/537.36 (compatible; GoogleOther)"
216.73.216.86 - - [12/May/2026:06:10:47 +1000] "GET /products/detail/57743893 HTTP/2" 200 35715 "-" "Mozilla/5.0 AppleWebKit/537.36 (KHTML, like Gecko; compatible; ClaudeBot/1.0; +claudebot@anthropic.com)"
216.73.216.86 - - [12/May/2026:06:10:47 +1000] "GET /products/detail/60740587 HTTP/2" 200 35663 "-" "Mozilla/5.0 AppleWebKit/537.36 (KHTML, like Gecko; compatible; ClaudeBot/1.0; +claudebot@anthropic.com)"
216.73.216.86 - - [12/May/2026:06:10:47 +1000] "GET /products/detail/57799963 HTTP/2" 200 35715 "-" "Mozilla/5.0 AppleWebKit/537.36 (KHTML, like Gecko; compatible; ClaudeBot/1.0; +claudebot@anthropic.com)"
216.73.216.86 - - [12/May/2026:06:10:47 +1000] "GET /sphinx-three-dimensional-sphinx-3d-alive-position-remark/ HTTP/2" 200 40536 "-" "Mozilla/5.0 AppleWebKit/537.36 (KHTML, like Gecko; compatible; ClaudeBot/1.0; +claudebot@anthropic.com)"
216.73.216.86 - - [12/May/2026:06:10:48 +1000] "GET /?p=66923 HTTP/2" 200 22 "-" "Mozilla/5.0 AppleWebKit/537.36 (KHTML, like Gecko; compatible; ClaudeBot/1.0; +claudebot@anthropic.com)"
216.73.216.86 - - [12/May/2026:06:10:48 +1000] "GET /products/detail/62665327 HTTP/2" 200 35663 "-" "Mozilla/5.0 AppleWebKit/537.36 (KHTML, like Gecko; compatible; ClaudeBot/1.0; +claudebot@anthropic.com)"
216.73.216.86 - - [12/May/2026:06:10:47 +1000] "GET /products/detail/61811245 HTTP/2" 200 35663 "-" "Mozilla/5.0 AppleWebKit/537.36 (KHTML, like Gecko; compatible; ClaudeBot/1.0; +claudebot@anthropic.com)"
57.141.14.73 - - [12/May/2026:06:10:47 +1000] "GET /products/detail/62301547 HTTP/2" 200 137741 "-" "meta-externalagent/1.1 (+https://developers.facebook.com/docs/sharing/webmasters/crawler)"
216.73.216.86 - - [12/May/2026:06:10:49 +1000] "GET /products/detail/60335353 HTTP/2" 200 35663 "-" "Mozilla/5.0 AppleWebKit/537.36 (KHTML, like Gecko; compatible; ClaudeBot/1.0; +claudebot@anthropic.com)"
216.73.216.86 - - [12/May/2026:06:10:50 +1000] "GET /?p=69584 HTTP/2" 200 22 "-" "Mozilla/5.0 AppleWebKit/537.36 (KHTML, like Gecko; compatible; ClaudeBot/1.0; +claudebot@anthropic.com)"
216.73.216.86 - - [12/May/2026:06:10:51 +1000] "GET /products/detail/62114635 HTTP/2" 200 35663 "-" "Mozilla/5.0 AppleWebKit/537.36 (KHTML, like Gecko; compatible; ClaudeBot/1.0; +claudebot@anthropic.com)"
216.73.216.86 - - [12/May/2026:06:10:52 +1000] "GET /products/detail/54079228 HTTP/2" 200 35663 "-" "Mozilla/5.0 AppleWebKit/537.36 (KHTML, like Gecko; compatible; ClaudeBot/1.0; +claudebot@anthropic.com)"
57.141.14.16 - - [12/May/2026:06:10:51 +1000] "GET /products/detail/57296827 HTTP/2" 200 137741 "-" "meta-externalagent/1.1 (+https://developers.facebook.com/docs/sharing/webmasters/crawler)"
216.73.216.86 - - [12/May/2026:06:10:47 +1000] "GET /author/admlnlx/page/1695/ HTTP/2" 200 40376 "-" "Mozilla/5.0 AppleWebKit/537.36 (KHTML, like Gecko; compatible; ClaudeBot/1.0; +claudebot@anthropic.com)"
216.73.216.86 - - [12/May/2026:06:10:50 +1000] "GET /author/admlnlx/page/1749/ HTTP/2" 200 41180 "-" "Mozilla/5.0 AppleWebKit/537.36 (KHTML, like Gecko; compatible; ClaudeBot/1.0; +claudebot@anthropic.com)"
216.73.216.86 - - [12/May/2026:06:10:47 +1000] "GET /author/admlnlx/page/1664/ HTTP/2" 200 41025 "-" "Mozilla/5.0 AppleWebKit/537.36 (KHTML, like Gecko; compatible; ClaudeBot/1.0; +claudebot@anthropic.com)"
216.73.216.86 - - [12/May/2026:06:10:58 +1000] "GET /products/detail/60003505 HTTP/2" 200 35709 "-" "Mozilla/5.0 AppleWebKit/537.36 (KHTML, like Gecko; compatible; ClaudeBot/1.0; +claudebot@anthropic.com)"
216.73.216.86 - - [12/May/2026:06:10:58 +1000] "GET /products/detail/66073105 HTTP/2" 200 35715 "-" "Mozilla/5.0 AppleWebKit/537.36 (KHTML, like Gecko; compatible; ClaudeBot/1.0; +claudebot@anthropic.com)"
216.73.216.86 - - [12/May/2026:06:10:58 +1000] "GET /products/detail/62330095 HTTP/2" 200 35715 "-" "Mozilla/5.0 AppleWebKit/537.36 (KHTML, like Gecko; compatible; ClaudeBot/1.0; +claudebot@anthropic.com)"
216.73.216.86 - - [12/May/2026:06:10:58 +1000] "GET /products/detail/67889683 HTTP/2" 200 35645 "-" "Mozilla/5.0 AppleWebKit/537.36 (KHTML, like Gecko; compatible; ClaudeBot/1.0; +claudebot@anthropic.com)"
216.73.216.86 - - [12/May/2026:06:10:58 +1000] "GET /products/detail/63388720 HTTP/2" 200 35663 "-" "Mozilla/5.0 AppleWebKit/537.36 (KHTML, like Gecko; compatible; ClaudeBot/1.0; +claudebot@anthropic.com)"
216.73.216.86 - - [12/May/2026:06:10:58 +1000] "GET /products/detail/56094598 HTTP/2" 200 35663 "-" "Mozilla/5.0 AppleWebKit/537.36 (KHTML, like Gecko; compatible; ClaudeBot/1.0; +claudebot@anthropic.com)"
216.73.216.86 - - [12/May/2026:06:10:58 +1000] "GET /products/detail/55823608 HTTP/2" 200 35663 "-" "Mozilla/5.0 AppleWebKit/537.36 (KHTML, like Gecko; compatible; ClaudeBot/1.0; +claudebot@anthropic.com)"
216.73.216.86 - - [12/May/2026:06:10:58 +1000] "GET /products/detail/56955952 HTTP/2" 200 35691 "-" "Mozilla/5.0 AppleWebKit/537.36 (KHTML, like Gecko; compatible; ClaudeBot/1.0; +claudebot@anthropic.com)"
216.73.216.86 - - [12/May/2026:06:11:02 +1000] "GET /products/detail/66949012 HTTP/2" 200 35663 "-" "Mozilla/5.0 AppleWebKit/537.36 (KHTML, like Gecko; compatible; ClaudeBot/1.0; +claudebot@anthropic.com)"
216.73.216.86 - - [12/May/2026:06:11:02 +1000] "GET /products/detail/58619449 HTTP/2" 200 35645 "-" "Mozilla/5.0 AppleWebKit/537.36 (KHTML, like Gecko; compatible; ClaudeBot/1.0; +claudebot@anthropic.com)"
216.73.216.86 - - [12/May/2026:06:11:02 +1000] "GET /products/detail/64781875 HTTP/2" 200 35715 "-" "Mozilla/5.0 AppleWebKit/537.36 (KHTML, like Gecko; compatible; ClaudeBot/1.0; +claudebot@anthropic.com)"
216.73.216.86 - - [12/May/2026:06:11:03 +1000] "GET /products/detail/69573223 HTTP/2" 200 35697 "-" "Mozilla/5.0 AppleWebKit/537.36 (KHTML, like Gecko; compatible; ClaudeBot/1.0; +claudebot@anthropic.com)"
216.73.216.86 - - [12/May/2026:06:11:03 +1000] "GET /products/detail/60031063 HTTP/2" 200 35715 "-" "Mozilla/5.0 AppleWebKit/537.36 (KHTML, like Gecko; compatible; ClaudeBot/1.0; +claudebot@anthropic.com)"
216.73.216.86 - - [12/May/2026:06:11:03 +1000] "GET /products/detail/64579690 HTTP/2" 200 35715 "-" "Mozilla/5.0 AppleWebKit/537.36 (KHTML, like Gecko; compatible; ClaudeBot/1.0; +claudebot@anthropic.com)"
216.73.216.86 - - [12/May/2026:06:11:03 +1000] "GET /products/detail/58738933 HTTP/2" 200 35621 "-" "Mozilla/5.0 AppleWebKit/537.36 (KHTML, like Gecko; compatible; ClaudeBot/1.0; +claudebot@anthropic.com)"
57.141.14.15 - - [12/May/2026:06:11:03 +1000] "GET /products/detail/58958038 HTTP/2" 200 137741 "-" "meta-externalagent/1.1 (+https://developers.facebook.com/docs/sharing/webmasters/crawler)"
216.73.216.86 - - [12/May/2026:06:11:05 +1000] "GET /products/detail/54657901 HTTP/2" 200 35715 "-" "Mozilla/5.0 AppleWebKit/537.36 (KHTML, like Gecko; compatible; ClaudeBot/1.0; +claudebot@anthropic.com)"
216.73.216.86 - - [12/May/2026:06:11:05 +1000] "GET /products/detail/62234830 HTTP/2" 200 35663 "-" "Mozilla/5.0 AppleWebKit/537.36 (KHTML, like Gecko; compatible; ClaudeBot/1.0; +claudebot@anthropic.com)"
216.73.216.86 - - [12/May/2026:06:11:06 +1000] "GET /products/detail/61643161 HTTP/2" 200 35709 "-" "Mozilla/5.0 AppleWebKit/537.36 (KHTML, like Gecko; compatible; ClaudeBot/1.0; +claudebot@anthropic.com)"
216.73.216.86 - - [12/May/2026:06:11:06 +1000] "GET /products/detail/58220182 HTTP/2" 200 35715 "-" "Mozilla/5.0 AppleWebKit/537.36 (KHTML, like Gecko; compatible; ClaudeBot/1.0; +claudebot@anthropic.com)"
216.73.216.86 - - [12/May/2026:06:11:06 +1000] "GET /products/detail/55455589 HTTP/2" 200 35663 "-" "Mozilla/5.0 AppleWebKit/537.36 (KHTML, like Gecko; compatible; ClaudeBot/1.0; +claudebot@anthropic.com)"
216.73.216.86 - - [12/May/2026:06:11:06 +1000] "GET /products/detail/63377947 HTTP/2" 200 35645 "-" "Mozilla/5.0 AppleWebKit/537.36 (KHTML, like Gecko; compatible; ClaudeBot/1.0; +claudebot@anthropic.com)"
216.73.216.86 - - [12/May/2026:06:11:08 +1000] "GET /products/detail/54490978 HTTP/2" 200 35715 "-" "Mozilla/5.0 AppleWebKit/537.36 (KHTML, like Gecko; compatible; ClaudeBot/1.0; +claudebot@anthropic.com)"
216.73.216.86 - - [12/May/2026:06:11:08 +1000] "GET /products/detail/65308798 HTTP/2" 200 35715 "-" "Mozilla/5.0 AppleWebKit/537.36 (KHTML, like Gecko; compatible; ClaudeBot/1.0; +claudebot@anthropic.com)"
216.73.216.86 - - [12/May/2026:06:11:08 +1000] "GET /products/detail/64834048 HTTP/2" 200 35663 "-" "Mozilla/5.0 AppleWebKit/537.36 (KHTML, like Gecko; compatible; ClaudeBot/1.0; +claudebot@anthropic.com)"
57.141.14.86 - - [12/May/2026:06:11:12 +1000] "GET /products/detail/55566694 HTTP/2" 200 137741 "-" "meta-externalagent/1.1 (+https://developers.facebook.com/docs/sharing/webmasters/crawler)"
216.73.216.86 - - [12/May/2026:06:11:14 +1000] "GET /products/detail/54263683 HTTP/2" 200 35697 "-" "Mozilla/5.0 AppleWebKit/537.36 (KHTML, like Gecko; compatible; ClaudeBot/1.0; +claudebot@anthropic.com)"
216.73.216.86 - - [12/May/2026:06:11:14 +1000] "GET /products/detail/54765847 HTTP/2" 200 35715 "-" "Mozilla/5.0 AppleWebKit/537.36 (KHTML, like Gecko; compatible; ClaudeBot/1.0; +claudebot@anthropic.com)"
216.73.216.86 - - [12/May/2026:06:11:14 +1000] "GET /products/detail/59349790 HTTP/2" 200 35663 "-" "Mozilla/5.0 AppleWebKit/537.36 (KHTML, like Gecko; compatible; ClaudeBot/1.0; +claudebot@anthropic.com)"
216.73.216.86 - - [12/May/2026:06:11:14 +1000] "GET /products/detail/62195833 HTTP/2" 200 35715 "-" "Mozilla/5.0 AppleWebKit/537.36 (KHTML, like Gecko; compatible; ClaudeBot/1.0; +claudebot@anthropic.com)"
216.73.216.86 - - [12/May/2026:06:11:14 +1000] "GET /products/detail/60538699 HTTP/2" 200 35691 "-" "Mozilla/5.0 AppleWebKit/537.36 (KHTML, like Gecko; compatible; ClaudeBot/1.0; +claudebot@anthropic.com)"
216.73.216.86 - - [12/May/2026:06:11:14 +1000] "GET /products/detail/58531258 HTTP/2" 200 35709 "-" "Mozilla/5.0 AppleWebKit/537.36 (KHTML, like Gecko; compatible; ClaudeBot/1.0; +claudebot@anthropic.com)"
216.73.216.86 - - [12/May/2026:06:11:17 +1000] "GET /products/detail/69772042 HTTP/2" 200 35663 "-" "Mozilla/5.0 AppleWebKit/537.36 (KHTML, like Gecko; compatible; ClaudeBot/1.0; +claudebot@anthropic.com)"
216.73.216.86 - - [12/May/2026:06:11:17 +1000] "GET /products/detail/63208009 HTTP/2" 200 35663 "-" "Mozilla/5.0 AppleWebKit/537.36 (KHTML, like Gecko; compatible; ClaudeBot/1.0; +claudebot@anthropic.com)"
216.73.216.86 - - [12/May/2026:06:11:17 +1000] "GET /products/detail/55127233 HTTP/2" 200 35715 "-" "Mozilla/5.0 AppleWebKit/537.36 (KHTML, like Gecko; compatible; ClaudeBot/1.0; +claudebot@anthropic.com)"
192.178.4.101 - - [12/May/2026:06:11:17 +1000] "GET /content.php?product/80054098 HTTP/1.1" 200 29686 "-" "Mozilla/5.0 (Linux; Android 6.0.1; Nexus 5X Build/MMB29P) AppleWebKit/537.36 (KHTML, like Gecko) Chrome/147.0.7727.137 Mobile Safari/537.36 (compatible; Googlebot/2.1; +http://www.google.com/bot.html)"
216.73.216.86 - - [12/May/2026:06:11:18 +1000] "GET /products/detail/62179570 HTTP/2" 200 35663 "-" "Mozilla/5.0 AppleWebKit/537.36 (KHTML, like Gecko; compatible; ClaudeBot/1.0; +claudebot@anthropic.com)"
216.73.216.86 - - [12/May/2026:06:11:18 +1000] "GET /products/detail/59944033 HTTP/2" 200 35709 "-" "Mozilla/5.0 AppleWebKit/537.36 (KHTML, like Gecko; compatible; ClaudeBot/1.0; +claudebot@anthropic.com)"
216.73.216.86 - - [12/May/2026:06:11:20 +1000] "GET /products/detail/64668007 HTTP/2" 200 35715 "-" "Mozilla/5.0 AppleWebKit/537.36 (KHTML, like Gecko; compatible; ClaudeBot/1.0; +claudebot@anthropic.com)"
216.73.216.86 - - [12/May/2026:06:11:20 +1000] "GET /products/detail/62361640 HTTP/2" 200 35663 "-" "Mozilla/5.0 AppleWebKit/537.36 (KHTML, like Gecko; compatible; ClaudeBot/1.0; +claudebot@anthropic.com)"
216.73.216.86 - - [12/May/2026:06:11:21 +1000] "GET /products/detail/61130809 HTTP/2" 200 35715 "-" "Mozilla/5.0 AppleWebKit/537.36 (KHTML, like Gecko; compatible; ClaudeBot/1.0; +claudebot@anthropic.com)"
216.73.216.86 - - [12/May/2026:06:11:21 +1000] "GET /products/detail/67091572 HTTP/2" 200 35663 "-" "Mozilla/5.0 AppleWebKit/537.36 (KHTML, like Gecko; compatible; ClaudeBot/1.0; +claudebot@anthropic.com)"
216.73.216.86 - - [12/May/2026:06:11:22 +1000] "GET /products/detail/69379570 HTTP/2" 200 35663 "-" "Mozilla/5.0 AppleWebKit/537.36 (KHTML, like Gecko; compatible; ClaudeBot/1.0; +claudebot@anthropic.com)"
57.141.14.41 - - [12/May/2026:06:11:21 +1000] "GET /products/detail/62357806 HTTP/2" 200 137741 "-" "meta-externalagent/1.1 (+https://developers.facebook.com/docs/sharing/webmasters/crawler)"
216.73.216.86 - - [12/May/2026:06:11:24 +1000] "GET /products/detail/64332919 HTTP/2" 200 35709 "-" "Mozilla/5.0 AppleWebKit/537.36 (KHTML, like Gecko; compatible; ClaudeBot/1.0; +claudebot@anthropic.com)"
216.73.216.86 - - [12/May/2026:06:11:24 +1000] "GET /products/detail/54207172 HTTP/2" 200 35663 "-" "Mozilla/5.0 AppleWebKit/537.36 (KHTML, like Gecko; compatible; ClaudeBot/1.0; +claudebot@anthropic.com)"
200.25.47.105 - - [12/May/2026:06:11:18 +1000] "POST /xmlrpc.php HTTP/1.1" 200 657 "-" "Mozilla/5.0 (Windows NT 10.0; Win64; x64) AppleWebKit/537.36 (KHTML, like Gecko) Chrome/114.0.0.0 Safari/537.36"
216.73.216.86 - - [12/May/2026:06:11:25 +1000] "GET /products/detail/54237601 HTTP/2" 200 35715 "-" "Mozilla/5.0 AppleWebKit/537.36 (KHTML, like Gecko; compatible; ClaudeBot/1.0; +claudebot@anthropic.com)"
216.73.216.86 - - [12/May/2026:06:11:24 +1000] "GET /products/detail/53281747 HTTP/2" 200 35715 "-" "Mozilla/5.0 AppleWebKit/537.36 (KHTML, like Gecko; compatible; ClaudeBot/1.0; +claudebot@anthropic.com)"
192.178.4.100 - - [12/May/2026:06:11:25 +1000] "GET /comment.php?products/part-out-or-whole-bike/12476183/ HTTP/1.1" 200 35813 "-" "Mozilla/5.0 (Linux; Android 6.0.1; Nexus 5X Build/MMB29P) AppleWebKit/537.36 (KHTML, like Gecko) Chrome/147.0.7727.137 Mobile Safari/537.36 (compatible; Googlebot/2.1; +http://www.google.com/bot.html)"
216.73.216.86 - - [12/May/2026:06:11:26 +1000] "GET /products/detail/63181252 HTTP/2" 200 35663 "-" "Mozilla/5.0 AppleWebKit/537.36 (KHTML, like Gecko; compatible; ClaudeBot/1.0; +claudebot@anthropic.com)"
111.67.29.221 - - [12/May/2026:06:11:26 +1000] "POST /wp-cron.php?doing_wp_cron=1778530286.2998759746551513671875 HTTP/1.1" 200 445 "https://www.coridyan.com/wp-cron.php?doing_wp_cron=1778530286.2998759746551513671875" "WordPress/6.0.11; https://www.coridyan.com"
216.73.216.86 - - [12/May/2026:06:11:27 +1000] "GET /products/detail/62741071 HTTP/2" 200 35715 "-" "Mozilla/5.0 AppleWebKit/537.36 (KHTML, like Gecko; compatible; ClaudeBot/1.0; +claudebot@anthropic.com)"
216.73.216.86 - - [12/May/2026:06:11:27 +1000] "GET /products/detail/54006535 HTTP/2" 200 35663 "-" "Mozilla/5.0 AppleWebKit/537.36 (KHTML, like Gecko; compatible; ClaudeBot/1.0; +claudebot@anthropic.com)"
216.73.216.86 - - [12/May/2026:06:11:28 +1000] "GET /products/detail/59184577 HTTP/2" 200 35715 "-" "Mozilla/5.0 AppleWebKit/537.36 (KHTML, like Gecko; compatible; ClaudeBot/1.0; +claudebot@anthropic.com)"
192.178.4.100 - - [12/May/2026:06:11:29 +1000] "GET /products/detail/67658725 HTTP/1.1" 200 31598 "-" "Mozilla/5.0 (Linux; Android 6.0.1; Nexus 5X Build/MMB29P) AppleWebKit/537.36 (KHTML, like Gecko) Chrome/147.0.7727.137 Mobile Safari/537.36 (compatible; GoogleOther)"
216.73.216.86 - - [12/May/2026:06:11:30 +1000] "GET /products/detail/53977204 HTTP/2" 200 35709 "-" "Mozilla/5.0 AppleWebKit/537.36 (KHTML, like Gecko; compatible; ClaudeBot/1.0; +claudebot@anthropic.com)"
216.73.216.86 - - [12/May/2026:06:11:30 +1000] "GET /products/detail/59847805 HTTP/2" 200 35663 "-" "Mozilla/5.0 AppleWebKit/537.36 (KHTML, like Gecko; compatible; ClaudeBot/1.0; +claudebot@anthropic.com)"
216.73.216.86 - - [12/May/2026:06:11:30 +1000] "GET /products/detail/66481948 HTTP/2" 200 35715 "-" "Mozilla/5.0 AppleWebKit/537.36 (KHTML, like Gecko; compatible; ClaudeBot/1.0; +claudebot@anthropic.com)"
216.73.216.86 - - [12/May/2026:06:11:30 +1000] "GET /products/detail/63893350 HTTP/2" 200 35663 "-" "Mozilla/5.0 AppleWebKit/537.36 (KHTML, like Gecko; compatible; ClaudeBot/1.0; +claudebot@anthropic.com)"
216.73.216.86 - - [12/May/2026:06:11:33 +1000] "GET /products/detail/67040857 HTTP/2" 200 35663 "-" "Mozilla/5.0 AppleWebKit/537.36 (KHTML, like Gecko; compatible; ClaudeBot/1.0; +claudebot@anthropic.com)"
216.73.216.86 - - [12/May/2026:06:11:33 +1000] "GET /products/detail/60276196 HTTP/2" 200 35645 "-" "Mozilla/5.0 AppleWebKit/537.36 (KHTML, like Gecko; compatible; ClaudeBot/1.0; +claudebot@anthropic.com)"
216.73.216.86 - - [12/May/2026:06:11:33 +1000] "GET /products/detail/59685967 HTTP/2" 200 35715 "-" "Mozilla/5.0 AppleWebKit/537.36 (KHTML, like Gecko; compatible; ClaudeBot/1.0; +claudebot@anthropic.com)"
216.73.216.86 - - [12/May/2026:06:11:33 +1000] "GET /products/detail/64176616 HTTP/2" 200 35663 "-" "Mozilla/5.0 AppleWebKit/537.36 (KHTML, like Gecko; compatible; ClaudeBot/1.0; +claudebot@anthropic.com)"
216.73.216.86 - - [12/May/2026:06:11:35 +1000] "GET /products/detail/67088575 HTTP/2" 200 35663 "-" "Mozilla/5.0 AppleWebKit/537.36 (KHTML, like Gecko; compatible; ClaudeBot/1.0; +claudebot@anthropic.com)"
216.73.216.86 - - [12/May/2026:06:11:35 +1000] "GET /products/detail/68178070 HTTP/2" 200 35663 "-" "Mozilla/5.0 AppleWebKit/537.36 (KHTML, like Gecko; compatible; ClaudeBot/1.0; +claudebot@anthropic.com)"
216.73.216.86 - - [12/May/2026:06:11:35 +1000] "GET /products/detail/56637289 HTTP/2" 200 35663 "-" "Mozilla/5.0 AppleWebKit/537.36 (KHTML, like Gecko; compatible; ClaudeBot/1.0; +claudebot@anthropic.com)"
200.25.47.105 - - [12/May/2026:06:11:35 +1000] "POST /xmlrpc.php HTTP/1.1" 200 10332 "-" "Mozilla/5.0 (Windows NT 10.0; Win64; x64) AppleWebKit/537.36 (KHTML, like Gecko) Chrome/114.0.0.0 Safari/537.36"
