216.73.216.86 - - [12/May/2026:06:11:35 +1000] "GET /products/detail/59930470 HTTP/2" 200 35715 "-" "Mozilla/5.0 AppleWebKit/537.36 (KHTML, like Gecko; compatible; ClaudeBot/1.0; +claudebot@anthropic.com)"
216.73.216.86 - - [12/May/2026:06:11:37 +1000] "GET /products/detail/59980123 HTTP/2" 200 35663 "-" "Mozilla/5.0 AppleWebKit/537.36 (KHTML, like Gecko; compatible; ClaudeBot/1.0; +claudebot@anthropic.com)"
216.73.216.86 - - [12/May/2026:06:11:37 +1000] "GET /products/detail/60911659 HTTP/2" 200 35663 "-" "Mozilla/5.0 AppleWebKit/537.36 (KHTML, like Gecko; compatible; ClaudeBot/1.0; +claudebot@anthropic.com)"
216.73.216.86 - - [12/May/2026:06:11:37 +1000] "GET /products/detail/64051471 HTTP/2" 200 35663 "-" "Mozilla/5.0 AppleWebKit/537.36 (KHTML, like Gecko; compatible; ClaudeBot/1.0; +claudebot@anthropic.com)"
216.73.216.86 - - [12/May/2026:06:11:38 +1000] "GET /products/detail/58272679 HTTP/2" 200 35632 "-" "Mozilla/5.0 AppleWebKit/537.36 (KHTML, like Gecko; compatible; ClaudeBot/1.0; +claudebot@anthropic.com)"
216.73.216.86 - - [12/May/2026:06:11:38 +1000] "GET /products/detail/60349186 HTTP/2" 200 35663 "-" "Mozilla/5.0 AppleWebKit/537.36 (KHTML, like Gecko; compatible; ClaudeBot/1.0; +claudebot@anthropic.com)"
216.73.216.86 - - [12/May/2026:06:11:39 +1000] "GET /products/detail/58510837 HTTP/2" 200 35663 "-" "Mozilla/5.0 AppleWebKit/537.36 (KHTML, like Gecko; compatible; ClaudeBot/1.0; +claudebot@anthropic.com)"
216.73.216.86 - - [12/May/2026:06:11:39 +1000] "GET /products/detail/59061214 HTTP/2" 200 35575 "-" "Mozilla/5.0 AppleWebKit/537.36 (KHTML, like Gecko; compatible; ClaudeBot/1.0; +claudebot@anthropic.com)"
216.73.216.86 - - [12/May/2026:06:11:40 +1000] "GET /products/detail/68502331 HTTP/2" 200 35663 "-" "Mozilla/5.0 AppleWebKit/537.36 (KHTML, like Gecko; compatible; ClaudeBot/1.0; +claudebot@anthropic.com)"
216.73.216.86 - - [12/May/2026:06:11:40 +1000] "GET /products/detail/57122407 HTTP/2" 200 35709 "-" "Mozilla/5.0 AppleWebKit/537.36 (KHTML, like Gecko; compatible; ClaudeBot/1.0; +claudebot@anthropic.com)"
216.73.216.86 - - [12/May/2026:06:11:40 +1000] "GET /products/detail/63566542 HTTP/2" 200 35645 "-" "Mozilla/5.0 AppleWebKit/537.36 (KHTML, like Gecko; compatible; ClaudeBot/1.0; +claudebot@anthropic.com)"
216.73.216.86 - - [12/May/2026:06:11:41 +1000] "GET /products/detail/60615046 HTTP/2" 200 35663 "-" "Mozilla/5.0 AppleWebKit/537.36 (KHTML, like Gecko; compatible; ClaudeBot/1.0; +claudebot@anthropic.com)"
192.178.4.100 - - [12/May/2026:06:11:40 +1000] "GET /products/detail/66973681 HTTP/1.1" 200 31967 "-" "Mozilla/5.0 (Linux; Android 6.0.1; Nexus 5X Build/MMB29P) AppleWebKit/537.36 (KHTML, like Gecko) Chrome/147.0.7727.137 Mobile Safari/537.36 (compatible; GoogleOther)"
216.73.216.86 - - [12/May/2026:06:11:41 +1000] "GET /products/detail/57019951 HTTP/2" 200 35715 "-" "Mozilla/5.0 AppleWebKit/537.36 (KHTML, like Gecko; compatible; ClaudeBot/1.0; +claudebot@anthropic.com)"
192.178.4.100 - - [12/May/2026:06:11:40 +1000] "GET /finest-the-brand-new-online-slots-best-the-brand-new-video-game-in-the-legal-us-slot-gambling-enterprises-march/ HTTP/1.1" 200 32515 "-" "Mozilla/5.0 (Linux; Android 6.0.1; Nexus 5X Build/MMB29P) AppleWebKit/537.36 (KHTML, like Gecko) Chrome/147.0.7727.137 Mobile Safari/537.36 (compatible; Googlebot/2.1; +http://www.google.com/bot.html)"
200.25.47.105 - - [12/May/2026:06:11:41 +1000] "GET /%E3%83%A9%E3%83%A0%E3%82%BB%E3%82%B9-%E3%83%89%E3%82%B9-100-%E5%80%8B%E3%81%AE%E3%83%95%E3%82%A1%E3%83%B3%E3%82%AD%E3%83%BC-%E3%83%95%E3%83%AB%E3%83%BC%E3%83%84-%E3%82%B9%E3%83%AD%E3%83%83%E3%83%88-1/ HTTP/1.1" 200 157520 "-" "Mozilla/5.0 (Windows NT 10.0; Win64; x64) AppleWebKit/537.36 (KHTML, like Gecko) Chrome/123.0.0.0 Safari/537.36 OPR/109.0.0.0"
216.73.216.86 - - [12/May/2026:06:11:56 +1000] "GET /products/detail/57078343 HTTP/2" 200 35663 "-" "Mozilla/5.0 AppleWebKit/537.36 (KHTML, like Gecko; compatible; ClaudeBot/1.0; +claudebot@anthropic.com)"
216.73.216.86 - - [12/May/2026:06:11:56 +1000] "GET /products/detail/54645382 HTTP/2" 200 35663 "-" "Mozilla/5.0 AppleWebKit/537.36 (KHTML, like Gecko; compatible; ClaudeBot/1.0; +claudebot@anthropic.com)"
216.73.216.86 - - [12/May/2026:06:11:56 +1000] "GET /products/detail/62918713 HTTP/2" 200 35663 "-" "Mozilla/5.0 AppleWebKit/537.36 (KHTML, like Gecko; compatible; ClaudeBot/1.0; +claudebot@anthropic.com)"
216.73.216.86 - - [12/May/2026:06:11:56 +1000] "GET /products/detail/58001203 HTTP/2" 200 35663 "-" "Mozilla/5.0 AppleWebKit/537.36 (KHTML, like Gecko; compatible; ClaudeBot/1.0; +claudebot@anthropic.com)"
216.73.216.86 - - [12/May/2026:06:11:56 +1000] "GET /products/detail/66578320 HTTP/2" 200 35715 "-" "Mozilla/5.0 AppleWebKit/537.36 (KHTML, like Gecko; compatible; ClaudeBot/1.0; +claudebot@anthropic.com)"
216.73.216.86 - - [12/May/2026:06:11:59 +1000] "GET /products/detail/67483108 HTTP/2" 200 35709 "-" "Mozilla/5.0 AppleWebKit/537.36 (KHTML, like Gecko; compatible; ClaudeBot/1.0; +claudebot@anthropic.com)"
216.73.216.86 - - [12/May/2026:06:11:59 +1000] "GET /products/detail/65399761 HTTP/2" 200 35691 "-" "Mozilla/5.0 AppleWebKit/537.36 (KHTML, like Gecko; compatible; ClaudeBot/1.0; +claudebot@anthropic.com)"
216.73.216.86 - - [12/May/2026:06:11:59 +1000] "GET /products/detail/63217576 HTTP/2" 200 35663 "-" "Mozilla/5.0 AppleWebKit/537.36 (KHTML, like Gecko; compatible; ClaudeBot/1.0; +claudebot@anthropic.com)"
216.73.216.86 - - [12/May/2026:06:12:00 +1000] "GET /products/detail/69981787 HTTP/2" 200 35684 "-" "Mozilla/5.0 AppleWebKit/537.36 (KHTML, like Gecko; compatible; ClaudeBot/1.0; +claudebot@anthropic.com)"
216.73.216.86 - - [12/May/2026:06:11:59 +1000] "GET /products/detail/53492554 HTTP/2" 200 35663 "-" "Mozilla/5.0 AppleWebKit/537.36 (KHTML, like Gecko; compatible; ClaudeBot/1.0; +claudebot@anthropic.com)"
216.73.216.86 - - [12/May/2026:06:12:02 +1000] "GET /products/detail/62196553 HTTP/2" 200 35663 "-" "Mozilla/5.0 AppleWebKit/537.36 (KHTML, like Gecko; compatible; ClaudeBot/1.0; +claudebot@anthropic.com)"
216.73.216.86 - - [12/May/2026:06:12:02 +1000] "GET /products/detail/68546422 HTTP/2" 200 35709 "-" "Mozilla/5.0 AppleWebKit/537.36 (KHTML, like Gecko; compatible; ClaudeBot/1.0; +claudebot@anthropic.com)"
216.73.216.86 - - [12/May/2026:06:12:02 +1000] "GET /products/detail/62144803 HTTP/2" 200 35715 "-" "Mozilla/5.0 AppleWebKit/537.36 (KHTML, like Gecko; compatible; ClaudeBot/1.0; +claudebot@anthropic.com)"
216.73.216.86 - - [12/May/2026:06:12:02 +1000] "GET /products/detail/58559662 HTTP/2" 200 35663 "-" "Mozilla/5.0 AppleWebKit/537.36 (KHTML, like Gecko; compatible; ClaudeBot/1.0; +claudebot@anthropic.com)"
216.73.216.86 - - [12/May/2026:06:12:04 +1000] "GET /merry-christmas-remark-2026/ HTTP/2" 200 40472 "-" "Mozilla/5.0 AppleWebKit/537.36 (KHTML, like Gecko; compatible; ClaudeBot/1.0; +claudebot@anthropic.com)"
216.73.216.86 - - [12/May/2026:06:12:04 +1000] "GET /products/detail/54094195 HTTP/2" 200 35709 "-" "Mozilla/5.0 AppleWebKit/537.36 (KHTML, like Gecko; compatible; ClaudeBot/1.0; +claudebot@anthropic.com)"
216.73.216.86 - - [12/May/2026:06:12:05 +1000] "GET /products/detail/62871769 HTTP/2" 200 35663 "-" "Mozilla/5.0 AppleWebKit/537.36 (KHTML, like Gecko; compatible; ClaudeBot/1.0; +claudebot@anthropic.com)"
216.73.216.86 - - [12/May/2026:06:12:05 +1000] "GET /products/detail/62179066 HTTP/2" 200 35691 "-" "Mozilla/5.0 AppleWebKit/537.36 (KHTML, like Gecko; compatible; ClaudeBot/1.0; +claudebot@anthropic.com)"
216.73.216.86 - - [12/May/2026:06:12:06 +1000] "GET /products/detail/53465410 HTTP/2" 200 35663 "-" "Mozilla/5.0 AppleWebKit/537.36 (KHTML, like Gecko; compatible; ClaudeBot/1.0; +claudebot@anthropic.com)"
216.73.216.86 - - [12/May/2026:06:12:06 +1000] "GET /products/detail/58277026 HTTP/2" 200 35621 "-" "Mozilla/5.0 AppleWebKit/537.36 (KHTML, like Gecko; compatible; ClaudeBot/1.0; +claudebot@anthropic.com)"
216.73.216.86 - - [12/May/2026:06:12:07 +1000] "GET /products/detail/60843943 HTTP/2" 200 35709 "-" "Mozilla/5.0 AppleWebKit/537.36 (KHTML, like Gecko; compatible; ClaudeBot/1.0; +claudebot@anthropic.com)"
216.73.216.86 - - [12/May/2026:06:12:07 +1000] "GET /products/detail/53159320 HTTP/2" 200 35663 "-" "Mozilla/5.0 AppleWebKit/537.36 (KHTML, like Gecko; compatible; ClaudeBot/1.0; +claudebot@anthropic.com)"
216.73.216.86 - - [12/May/2026:06:12:08 +1000] "GET /products/detail/55122463 HTTP/2" 200 35663 "-" "Mozilla/5.0 AppleWebKit/537.36 (KHTML, like Gecko; compatible; ClaudeBot/1.0; +claudebot@anthropic.com)"
216.73.216.86 - - [12/May/2026:06:12:08 +1000] "GET /products/detail/53509654 HTTP/2" 200 35670 "-" "Mozilla/5.0 AppleWebKit/537.36 (KHTML, like Gecko; compatible; ClaudeBot/1.0; +claudebot@anthropic.com)"
57.141.14.49 - - [12/May/2026:06:12:07 +1000] "GET /products/detail/55619596 HTTP/2" 200 137741 "-" "meta-externalagent/1.1 (+https://developers.facebook.com/docs/sharing/webmasters/crawler)"
192.178.4.102 - - [12/May/2026:06:12:15 +1000] "GET /comment.php?products/brand-new-miss-dior-blooming-bouquet-by-dior-perfume/11354918/ HTTP/1.1" 200 34685 "-" "Mozilla/5.0 (Linux; Android 6.0.1; Nexus 5X Build/MMB29P) AppleWebKit/537.36 (KHTML, like Gecko) Chrome/147.0.7727.137 Mobile Safari/537.36 (compatible; Googlebot/2.1; +http://www.google.com/bot.html)"
192.178.4.100 - - [12/May/2026:06:12:15 +1000] "GET /romibet-ten-greatest-casinos-on-the-internet-real-cash-united-states-apr-2026/ HTTP/1.1" 200 33287 "-" "Mozilla/5.0 (Linux; Android 6.0.1; Nexus 5X Build/MMB29P) AppleWebKit/537.36 (KHTML, like Gecko) Chrome/147.0.7727.137 Mobile Safari/537.36 (compatible; Googlebot/2.1; +http://www.google.com/bot.html)"
216.73.216.86 - - [12/May/2026:06:12:20 +1000] "GET /products/detail/66154600 HTTP/2" 200 35663 "-" "Mozilla/5.0 AppleWebKit/537.36 (KHTML, like Gecko; compatible; ClaudeBot/1.0; +claudebot@anthropic.com)"
216.73.216.86 - - [12/May/2026:06:12:20 +1000] "GET /products/detail/61761781 HTTP/2" 200 35663 "-" "Mozilla/5.0 AppleWebKit/537.36 (KHTML, like Gecko; compatible; ClaudeBot/1.0; +claudebot@anthropic.com)"
216.73.216.86 - - [12/May/2026:06:12:20 +1000] "GET /products/detail/61266457 HTTP/2" 200 35663 "-" "Mozilla/5.0 AppleWebKit/537.36 (KHTML, like Gecko; compatible; ClaudeBot/1.0; +claudebot@anthropic.com)"
216.73.216.86 - - [12/May/2026:06:12:20 +1000] "GET /products/detail/54161515 HTTP/2" 200 35663 "-" "Mozilla/5.0 AppleWebKit/537.36 (KHTML, like Gecko; compatible; ClaudeBot/1.0; +claudebot@anthropic.com)"
57.141.14.79 - - [12/May/2026:06:12:21 +1000] "GET /products/detail/58361734 HTTP/2" 200 137741 "-" "meta-externalagent/1.1 (+https://developers.facebook.com/docs/sharing/webmasters/crawler)"
216.73.216.86 - - [12/May/2026:06:12:22 +1000] "GET /products/detail/66781540 HTTP/2" 200 35709 "-" "Mozilla/5.0 AppleWebKit/537.36 (KHTML, like Gecko; compatible; ClaudeBot/1.0; +claudebot@anthropic.com)"
216.73.216.86 - - [12/May/2026:06:12:23 +1000] "GET /products/detail/54606061 HTTP/2" 200 35709 "-" "Mozilla/5.0 AppleWebKit/537.36 (KHTML, like Gecko; compatible; ClaudeBot/1.0; +claudebot@anthropic.com)"
216.73.216.86 - - [12/May/2026:06:12:23 +1000] "GET /products/detail/53905483 HTTP/2" 200 35663 "-" "Mozilla/5.0 AppleWebKit/537.36 (KHTML, like Gecko; compatible; ClaudeBot/1.0; +claudebot@anthropic.com)"
216.73.216.86 - - [12/May/2026:06:12:23 +1000] "GET /products/detail/59625289 HTTP/2" 200 35709 "-" "Mozilla/5.0 AppleWebKit/537.36 (KHTML, like Gecko; compatible; ClaudeBot/1.0; +claudebot@anthropic.com)"
216.73.216.86 - - [12/May/2026:06:12:25 +1000] "GET /products/detail/68583007 HTTP/2" 200 35663 "-" "Mozilla/5.0 AppleWebKit/537.36 (KHTML, like Gecko; compatible; ClaudeBot/1.0; +claudebot@anthropic.com)"
216.73.216.86 - - [12/May/2026:06:12:25 +1000] "GET /products/detail/62782030 HTTP/2" 200 35663 "-" "Mozilla/5.0 AppleWebKit/537.36 (KHTML, like Gecko; compatible; ClaudeBot/1.0; +claudebot@anthropic.com)"
216.73.216.86 - - [12/May/2026:06:12:25 +1000] "GET /products/detail/61599898 HTTP/2" 200 35709 "-" "Mozilla/5.0 AppleWebKit/537.36 (KHTML, like Gecko; compatible; ClaudeBot/1.0; +claudebot@anthropic.com)"
216.73.216.86 - - [12/May/2026:06:12:25 +1000] "GET /products/detail/67322521 HTTP/2" 200 35663 "-" "Mozilla/5.0 AppleWebKit/537.36 (KHTML, like Gecko; compatible; ClaudeBot/1.0; +claudebot@anthropic.com)"
57.141.14.67 - - [12/May/2026:06:12:25 +1000] "GET /products/detail/55596268 HTTP/2" 200 137741 "-" "meta-externalagent/1.1 (+https://developers.facebook.com/docs/sharing/webmasters/crawler)"
216.73.216.86 - - [12/May/2026:06:12:27 +1000] "GET /products/detail/62981965 HTTP/2" 200 35663 "-" "Mozilla/5.0 AppleWebKit/537.36 (KHTML, like Gecko; compatible; ClaudeBot/1.0; +claudebot@anthropic.com)"
216.73.216.86 - - [12/May/2026:06:12:27 +1000] "GET /products/detail/55158553 HTTP/2" 200 35715 "-" "Mozilla/5.0 AppleWebKit/537.36 (KHTML, like Gecko; compatible; ClaudeBot/1.0; +claudebot@anthropic.com)"
216.73.216.86 - - [12/May/2026:06:12:27 +1000] "GET /products/detail/55926946 HTTP/2" 200 35645 "-" "Mozilla/5.0 AppleWebKit/537.36 (KHTML, like Gecko; compatible; ClaudeBot/1.0; +claudebot@anthropic.com)"
216.73.216.86 - - [12/May/2026:06:12:28 +1000] "GET /products/detail/57010321 HTTP/2" 200 35709 "-" "Mozilla/5.0 AppleWebKit/537.36 (KHTML, like Gecko; compatible; ClaudeBot/1.0; +claudebot@anthropic.com)"
216.73.216.86 - - [12/May/2026:06:12:28 +1000] "GET /products/detail/55744354 HTTP/2" 200 35709 "-" "Mozilla/5.0 AppleWebKit/537.36 (KHTML, like Gecko; compatible; ClaudeBot/1.0; +claudebot@anthropic.com)"
192.178.4.100 - - [12/May/2026:06:12:26 +1000] "GET /products/detail/63567469 HTTP/1.1" 200 32830 "-" "Mozilla/5.0 (Linux; Android 6.0.1; Nexus 5X Build/MMB29P) AppleWebKit/537.36 (KHTML, like Gecko) Chrome/147.0.7727.137 Mobile Safari/537.36 (compatible; GoogleOther)"
216.73.216.86 - - [12/May/2026:06:12:29 +1000] "GET /products/detail/69037021 HTTP/2" 200 35716 "-" "Mozilla/5.0 AppleWebKit/537.36 (KHTML, like Gecko; compatible; ClaudeBot/1.0; +claudebot@anthropic.com)"
216.73.216.86 - - [12/May/2026:06:12:30 +1000] "GET /products/detail/58551976 HTTP/2" 200 35575 "-" "Mozilla/5.0 AppleWebKit/537.36 (KHTML, like Gecko; compatible; ClaudeBot/1.0; +claudebot@anthropic.com)"
216.73.216.86 - - [12/May/2026:06:12:30 +1000] "GET /products/detail/61770115 HTTP/2" 200 35663 "-" "Mozilla/5.0 AppleWebKit/537.36 (KHTML, like Gecko; compatible; ClaudeBot/1.0; +claudebot@anthropic.com)"
216.73.216.86 - - [12/May/2026:06:12:30 +1000] "GET /products/detail/52949854 HTTP/2" 200 35663 "-" "Mozilla/5.0 AppleWebKit/537.36 (KHTML, like Gecko; compatible; ClaudeBot/1.0; +claudebot@anthropic.com)"
216.73.216.86 - - [12/May/2026:06:12:30 +1000] "GET /products/detail/57676123 HTTP/2" 200 35663 "-" "Mozilla/5.0 AppleWebKit/537.36 (KHTML, like Gecko; compatible; ClaudeBot/1.0; +claudebot@anthropic.com)"
216.73.216.86 - - [12/May/2026:06:12:32 +1000] "GET /products/detail/61018471 HTTP/2" 200 35709 "-" "Mozilla/5.0 AppleWebKit/537.36 (KHTML, like Gecko; compatible; ClaudeBot/1.0; +claudebot@anthropic.com)"
216.73.216.86 - - [12/May/2026:06:12:33 +1000] "GET /jetton-games-roulette-onlajn-ruletka-i-nastolnye/ HTTP/2" 200 45284 "-" "Mozilla/5.0 AppleWebKit/537.36 (KHTML, like Gecko; compatible; ClaudeBot/1.0; +claudebot@anthropic.com)"
216.73.216.86 - - [12/May/2026:06:12:33 +1000] "GET /solar-queen-belzebu-play-free-slots-at-great-com/ HTTP/2" 200 42621 "-" "Mozilla/5.0 AppleWebKit/537.36 (KHTML, like Gecko; compatible; ClaudeBot/1.0; +claudebot@anthropic.com)"
216.73.216.86 - - [12/May/2026:06:12:36 +1000] "GET /funky-good-fresh-fruit-position-play-free-playtech-games-on-the-web/ HTTP/2" 200 40460 "-" "Mozilla/5.0 AppleWebKit/537.36 (KHTML, like Gecko; compatible; ClaudeBot/1.0; +claudebot@anthropic.com)"
216.73.216.86 - - [12/May/2026:06:12:39 +1000] "GET /anbietervergleich-der-tagesordnungspunkt-40/ HTTP/2" 200 42676 "-" "Mozilla/5.0 AppleWebKit/537.36 (KHTML, like Gecko; compatible; ClaudeBot/1.0; +claudebot@anthropic.com)"
192.178.4.100 - - [12/May/2026:06:12:38 +1000] "GET /products/detail/57987685 HTTP/1.1" 200 31982 "-" "Mozilla/5.0 (Linux; Android 6.0.1; Nexus 5X Build/MMB29P) AppleWebKit/537.36 (KHTML, like Gecko) Chrome/147.0.7727.137 Mobile Safari/537.36 (compatible; GoogleOther)"
216.73.216.86 - - [12/May/2026:06:12:33 +1000] "GET /243-suggests-prime-slots-casino-totally-free-revolves-added-bonus/feed/ HTTP/2" 200 0 "-" "Mozilla/5.0 AppleWebKit/537.36 (KHTML, like Gecko; compatible; ClaudeBot/1.0; +claudebot@anthropic.com)"
216.73.216.86 - - [12/May/2026:06:12:33 +1000] "GET /secure-play-hot-diamonds-slot-online-and-trusted/feed/ HTTP/2" 200 0 "-" "Mozilla/5.0 AppleWebKit/537.36 (KHTML, like Gecko; compatible; ClaudeBot/1.0; +claudebot@anthropic.com)"
216.73.216.86 - - [12/May/2026:06:12:33 +1000] "GET /thunderstruck-slot-review-microgamings-thunderstruck/feed/ HTTP/2" 200 0 "-" "Mozilla/5.0 AppleWebKit/537.36 (KHTML, like Gecko; compatible; ClaudeBot/1.0; +claudebot@anthropic.com)"
216.73.216.86 - - [12/May/2026:06:12:41 +1000] "GET /skip-kitty-position-play-aristocrat-free-slot-machine-game/ HTTP/2" 200 40544 "-" "Mozilla/5.0 AppleWebKit/537.36 (KHTML, like Gecko; compatible; ClaudeBot/1.0; +claudebot@anthropic.com)"
216.73.216.86 - - [12/May/2026:06:12:42 +1000] "GET /jetton-otzyvy-igrokov-stoit-li-igrat-v-kazino-i/ HTTP/2" 200 44803 "-" "Mozilla/5.0 AppleWebKit/537.36 (KHTML, like Gecko; compatible; ClaudeBot/1.0; +claudebot@anthropic.com)"
192.178.4.100 - - [12/May/2026:06:12:40 +1000] "GET /?products/detail/66030292%20%20%20%20%20%20%20%20%20%20%20%20%20%20%20%20%20%20%20%20%20%20%20%20class= HTTP/1.1" 200 32887 "-" "Mozilla/5.0 (Linux; Android 6.0.1; Nexus 5X Build/MMB29P) AppleWebKit/537.36 (KHTML, like Gecko) Chrome/147.0.7727.137 Mobile Safari/537.36 (compatible; Googlebot/2.1; +http://www.google.com/bot.html)"
216.73.216.86 - - [12/May/2026:06:12:36 +1000] "GET /5-dazzling-hot-degeaba-joc-slot-online/feed/ HTTP/2" 200 0 "-" "Mozilla/5.0 AppleWebKit/537.36 (KHTML, like Gecko; compatible; ClaudeBot/1.0; +claudebot@anthropic.com)"
216.73.216.86 - - [12/May/2026:06:12:46 +1000] "GET /billettinformasjon-orient-express-slot-big-win/feed/ HTTP/2" 200 465 "-" "Mozilla/5.0 AppleWebKit/537.36 (KHTML, like Gecko; compatible; ClaudeBot/1.0; +claudebot@anthropic.com)"
216.73.216.86 - - [12/May/2026:06:12:45 +1000] "GET /category/sonko-kamchatka-ru/1450a-z-2/feed/ HTTP/2" 200 63640 "-" "Mozilla/5.0 AppleWebKit/537.36 (KHTML, like Gecko; compatible; ClaudeBot/1.0; +claudebot@anthropic.com)"
216.73.216.86 - - [12/May/2026:06:12:52 +1000] "GET /online-upplevelse-utan-kompromisser-sverige/feed/ HTTP/2" 200 459 "-" "Mozilla/5.0 AppleWebKit/537.36 (KHTML, like Gecko; compatible; ClaudeBot/1.0; +claudebot@anthropic.com)"
216.73.216.86 - - [12/May/2026:06:12:57 +1000] "GET /blackjack-golden-tiger-spielautomat/feed/ HTTP/2" 200 455 "-" "Mozilla/5.0 AppleWebKit/537.36 (KHTML, like Gecko; compatible; ClaudeBot/1.0; +claudebot@anthropic.com)"
216.73.216.86 - - [12/May/2026:06:12:59 +1000] "GET /products/detail/55400410 HTTP/2" 200 35657 "-" "Mozilla/5.0 AppleWebKit/537.36 (KHTML, like Gecko; compatible; ClaudeBot/1.0; +claudebot@anthropic.com)"
216.73.216.86 - - [12/May/2026:06:13:01 +1000] "GET /products/detail/65241721 HTTP/2" 200 35663 "-" "Mozilla/5.0 AppleWebKit/537.36 (KHTML, like Gecko; compatible; ClaudeBot/1.0; +claudebot@anthropic.com)"
216.73.216.86 - - [12/May/2026:06:13:04 +1000] "GET /products/detail/61123627 HTTP/2" 200 35709 "-" "Mozilla/5.0 AppleWebKit/537.36 (KHTML, like Gecko; compatible; ClaudeBot/1.0; +claudebot@anthropic.com)"
216.73.216.86 - - [12/May/2026:06:13:06 +1000] "GET /products/detail/53095708 HTTP/2" 200 35663 "-" "Mozilla/5.0 AppleWebKit/537.36 (KHTML, like Gecko; compatible; ClaudeBot/1.0; +claudebot@anthropic.com)"
216.73.216.86 - - [12/May/2026:06:13:09 +1000] "GET /products/detail/58663621 HTTP/2" 200 35709 "-" "Mozilla/5.0 AppleWebKit/537.36 (KHTML, like Gecko; compatible; ClaudeBot/1.0; +claudebot@anthropic.com)"
57.141.14.54 - - [12/May/2026:06:13:10 +1000] "GET /products/detail/69648760 HTTP/2" 200 137741 "-" "meta-externalagent/1.1 (+https://developers.facebook.com/docs/sharing/webmasters/crawler)"
192.178.4.102 - - [12/May/2026:06:13:09 +1000] "GET /content.php?product/93937474 HTTP/1.1" 200 29334 "-" "Mozilla/5.0 (Linux; Android 6.0.1; Nexus 5X Build/MMB29P) AppleWebKit/537.36 (KHTML, like Gecko) Chrome/147.0.7727.137 Mobile Safari/537.36 (compatible; Googlebot/2.1; +http://www.google.com/bot.html)"
216.73.216.86 - - [12/May/2026:06:13:12 +1000] "GET /automat-30-ekstra-hot-ruletka-online-graj-bezplatnie/feed/ HTTP/2" 200 487 "-" "Mozilla/5.0 AppleWebKit/537.36 (KHTML, like Gecko; compatible; ClaudeBot/1.0; +claudebot@anthropic.com)"
216.73.216.86 - - [12/May/2026:06:13:14 +1000] "GET /slots-a-dinheiro-real-jogue-as-melhores-slots-sobre-2026/ HTTP/2" 200 42823 "-" "Mozilla/5.0 AppleWebKit/537.36 (KHTML, like Gecko; compatible; ClaudeBot/1.0; +claudebot@anthropic.com)"
216.73.216.86 - - [12/May/2026:06:13:16 +1000] "GET /tervitusboonus-kuni-promokoodid-hitnspin-slotidele-viissada-dollarit/ HTTP/2" 200 40114 "-" "Mozilla/5.0 AppleWebKit/537.36 (KHTML, like Gecko; compatible; ClaudeBot/1.0; +claudebot@anthropic.com)"
216.73.216.86 - - [12/May/2026:06:13:18 +1000] "GET /kulturstiftung-verde-casino-login-osterreich-sachsen-anhalt/ HTTP/2" 200 42143 "-" "Mozilla/5.0 AppleWebKit/537.36 (KHTML, like Gecko; compatible; ClaudeBot/1.0; +claudebot@anthropic.com)"
216.73.216.86 - - [12/May/2026:06:13:21 +1000] "GET /casinostugan-2026-utvarderin-tillag-odds-logga-in/feed/ HTTP/2" 200 484 "-" "Mozilla/5.0 AppleWebKit/537.36 (KHTML, like Gecko; compatible; ClaudeBot/1.0; +claudebot@anthropic.com)"
216.73.216.86 - - [12/May/2026:06:13:23 +1000] "GET /fortune-tiger-jogo-do-tigre-belzebu-acostumado-que-que-aparelhar/ HTTP/2" 200 42477 "-" "Mozilla/5.0 AppleWebKit/537.36 (KHTML, like Gecko; compatible; ClaudeBot/1.0; +claudebot@anthropic.com)"
57.141.14.80 - - [12/May/2026:06:13:22 +1000] "GET /products/detail/61794910 HTTP/2" 200 137741 "-" "meta-externalagent/1.1 (+https://developers.facebook.com/docs/sharing/webmasters/crawler)"
216.73.216.86 - - [12/May/2026:06:13:26 +1000] "GET /jetton-casino-support-kak-svjazatsja-so-sluzhboj-15/ HTTP/2" 200 45865 "-" "Mozilla/5.0 AppleWebKit/537.36 (KHTML, like Gecko; compatible; ClaudeBot/1.0; +claudebot@anthropic.com)"
216.73.216.86 - - [12/May/2026:06:13:28 +1000] "GET /free-cent-slots-%ef%b8%8f-play-free-cent-slot-machines-online/feed/ HTTP/2" 200 486 "-" "Mozilla/5.0 AppleWebKit/537.36 (KHTML, like Gecko; compatible; ClaudeBot/1.0; +claudebot@anthropic.com)"
192.178.4.101 - - [12/May/2026:06:13:27 +1000] "GET /products/detail/55187416 HTTP/1.1" 200 33896 "-" "Mozilla/5.0 (Linux; Android 6.0.1; Nexus 5X Build/MMB29P) AppleWebKit/537.36 (KHTML, like Gecko) Chrome/147.0.7727.137 Mobile Safari/537.36 (compatible; GoogleOther)"
216.73.216.86 - - [12/May/2026:06:13:30 +1000] "GET /products/detail/61394230 HTTP/2" 200 35663 "-" "Mozilla/5.0 AppleWebKit/537.36 (KHTML, like Gecko; compatible; ClaudeBot/1.0; +claudebot@anthropic.com)"
216.73.216.86 - - [12/May/2026:06:13:32 +1000] "GET /products/detail/55981873 HTTP/2" 200 35715 "-" "Mozilla/5.0 AppleWebKit/537.36 (KHTML, like Gecko; compatible; ClaudeBot/1.0; +claudebot@anthropic.com)"
216.73.216.86 - - [12/May/2026:06:13:34 +1000] "GET /products/detail/66105703 HTTP/2" 200 35663 "-" "Mozilla/5.0 AppleWebKit/537.36 (KHTML, like Gecko; compatible; ClaudeBot/1.0; +claudebot@anthropic.com)"
192.178.4.100 - - [12/May/2026:06:13:34 +1000] "GET /content.php?product/107775394 HTTP/1.1" 200 28473 "-" "Mozilla/5.0 (Linux; Android 6.0.1; Nexus 5X Build/MMB29P) AppleWebKit/537.36 (KHTML, like Gecko) Chrome/147.0.7727.137 Mobile Safari/537.36 (compatible; Googlebot/2.1; +http://www.google.com/bot.html)"
192.178.4.100 - - [12/May/2026:06:13:34 +1000] "GET /content.php?product/92895466 HTTP/1.1" 200 27925 "-" "Mozilla/5.0 (Linux; Android 6.0.1; Nexus 5X Build/MMB29P) AppleWebKit/537.36 (KHTML, like Gecko) Chrome/147.0.7727.137 Mobile Safari/537.36 (compatible; Googlebot/2.1; +http://www.google.com/bot.html)"
216.73.216.86 - - [12/May/2026:06:13:37 +1000] "GET /aristocrat-pokies-play-for-enjoyable-no-membership-slot-mega-fortune-dreams-2-expected/feed/ HTTP/2" 200 517 "-" "Mozilla/5.0 AppleWebKit/537.36 (KHTML, like Gecko; compatible; ClaudeBot/1.0; +claudebot@anthropic.com)"
57.141.14.6 - - [12/May/2026:06:13:38 +1000] "GET /products/detail/64607410 HTTP/2" 200 137741 "-" "meta-externalagent/1.1 (+https://developers.facebook.com/docs/sharing/webmasters/crawler)"
216.73.216.86 - - [12/May/2026:06:13:38 +1000] "GET /slots-que-mais-pagam-as-10-melhores-em-portugal-2025/ HTTP/2" 200 42749 "-" "Mozilla/5.0 AppleWebKit/537.36 (KHTML, like Gecko; compatible; ClaudeBot/1.0; +claudebot@anthropic.com)"
192.178.4.100 - - [12/May/2026:06:13:39 +1000] "GET /products/detail/64002700 HTTP/1.1" 200 32751 "-" "Mozilla/5.0 (Linux; Android 6.0.1; Nexus 5X Build/MMB29P) AppleWebKit/537.36 (KHTML, like Gecko) Chrome/147.0.7727.137 Mobile Safari/537.36 (compatible; GoogleOther)"
216.73.216.86 - - [12/May/2026:06:13:41 +1000] "GET /jetton-games-casino-bonusy-akcii-promokody-i-19/ HTTP/2" 200 46169 "-" "Mozilla/5.0 AppleWebKit/537.36 (KHTML, like Gecko; compatible; ClaudeBot/1.0; +claudebot@anthropic.com)"
216.73.216.86 - - [12/May/2026:06:13:44 +1000] "GET /befinner-sig-casinon-utan-svensk-perso-tillstand-osakra-spelsajter/feed/ HTTP/2" 200 507 "-" "Mozilla/5.0 AppleWebKit/537.36 (KHTML, like Gecko; compatible; ClaudeBot/1.0; +claudebot@anthropic.com)"
216.73.216.86 - - [12/May/2026:06:13:46 +1000] "GET /how-to-gamble-black-jack-laws-and-regulations-strategies-for-all-scholar/feed/ HTTP/2" 200 510 "-" "Mozilla/5.0 AppleWebKit/537.36 (KHTML, like Gecko; compatible; ClaudeBot/1.0; +claudebot@anthropic.com)"
216.73.216.86 - - [12/May/2026:06:13:49 +1000] "GET /can-ori-a-alegi-cel-mai-bun-cazino-online-prep-tine-%E6%96%87%E8%8F%AF%E5%AE%A2%E9%81%8B%E6%9C%89%E9%99%90%E5%85%AC%E5%8F%B8/ HTTP/2" 200 41950 "-" "Mozilla/5.0 AppleWebKit/537.36 (KHTML, like Gecko; compatible; ClaudeBot/1.0; +claudebot@anthropic.com)"
216.73.216.86 - - [12/May/2026:06:13:51 +1000] "GET /gladiator-legends-cota-de-devolucao-pachinko-3-1-deposito-esfogiteado-jogador/ HTTP/2" 200 42083 "-" "Mozilla/5.0 AppleWebKit/537.36 (KHTML, like Gecko; compatible; ClaudeBot/1.0; +claudebot@anthropic.com)"
192.178.4.100 - - [12/May/2026:06:13:50 +1000] "GET /content.php?product/63081346 HTTP/1.1" 200 28545 "-" "Mozilla/5.0 (Linux; Android 6.0.1; Nexus 5X Build/MMB29P) AppleWebKit/537.36 (KHTML, like Gecko) Chrome/147.0.7727.137 Mobile Safari/537.36 (compatible; GoogleOther)"
216.73.216.86 - - [12/May/2026:06:13:54 +1000] "GET /greatest-online-casinos-in-australia-for-real-currency-2026/feed/ HTTP/2" 200 480 "-" "Mozilla/5.0 AppleWebKit/537.36 (KHTML, like Gecko; compatible; ClaudeBot/1.0; +claudebot@anthropic.com)"
216.73.216.86 - - [12/May/2026:06:13:56 +1000] "GET /amazon-slots-die-virtuellen-spielautomaten-fur-den-glucksspieler/feed/ HTTP/2" 200 504 "-" "Mozilla/5.0 AppleWebKit/537.36 (KHTML, like Gecko; compatible; ClaudeBot/1.0; +claudebot@anthropic.com)"
192.178.4.100 - - [12/May/2026:06:13:55 +1000] "GET /comment.php?toyu/top/CSfTop HTTP/1.1" 200 34472 "-" "Mozilla/5.0 (Linux; Android 6.0.1; Nexus 5X Build/MMB29P) AppleWebKit/537.36 (KHTML, like Gecko) Chrome/147.0.7727.137 Mobile Safari/537.36 (compatible; Googlebot/2.1; +http://www.google.com/bot.html)"
216.73.216.86 - - [12/May/2026:06:13:58 +1000] "GET /casinos-uber-rapider-auszahlung-sofortig-gewinne-2026/feed/ HTTP/2" 200 483 "-" "Mozilla/5.0 AppleWebKit/537.36 (KHTML, like Gecko; compatible; ClaudeBot/1.0; +claudebot@anthropic.com)"
40.77.167.42 - - [12/May/2026:06:13:57 +1000] "GET /products/detail/61329772 HTTP/2" 200 31071 "-" "Mozilla/5.0 AppleWebKit/537.36 (KHTML, like Gecko; compatible; bingbot/2.0; +http://www.bing.com/bingbot.htm) Chrome/116.0.1938.76 Safari/537.36"
216.73.216.86 - - [12/May/2026:06:14:00 +1000] "GET /greatest-free-spins-united-states-2026-put-with-no-deposit-incentives/feed/ HTTP/2" 200 493 "-" "Mozilla/5.0 AppleWebKit/537.36 (KHTML, like Gecko; compatible; ClaudeBot/1.0; +claudebot@anthropic.com)"
216.73.216.86 - - [12/May/2026:06:14:02 +1000] "GET /wizard-from-ounce-slots-1-red-chilli-wins-slot-free-spins-5m-totally-free-credits/feed/ HTTP/2" 200 511 "-" "Mozilla/5.0 AppleWebKit/537.36 (KHTML, like Gecko; compatible; ClaudeBot/1.0; +claudebot@anthropic.com)"
192.178.4.100 - - [12/May/2026:06:14:01 +1000] "GET /content.php?product/91231354 HTTP/1.1" 200 28322 "-" "Mozilla/5.0 (Linux; Android 6.0.1; Nexus 5X Build/MMB29P) AppleWebKit/537.36 (KHTML, like Gecko) Chrome/147.0.7727.137 Mobile Safari/537.36 (compatible; GoogleOther)"
40.77.167.42 - - [12/May/2026:06:14:01 +1000] "GET /products/detail/55077994 HTTP/2" 200 31482 "-" "Mozilla/5.0 AppleWebKit/537.36 (KHTML, like Gecko; compatible; bingbot/2.0; +http://www.bing.com/bingbot.htm) Chrome/116.0.1938.76 Safari/537.36"
216.73.216.86 - - [12/May/2026:06:14:04 +1000] "GET /diese-besten-angeschlossen-casinos-in-teutonia-im-kollation-2026/ HTTP/2" 200 42415 "-" "Mozilla/5.0 AppleWebKit/537.36 (KHTML, like Gecko; compatible; ClaudeBot/1.0; +claudebot@anthropic.com)"
216.73.216.86 - - [12/May/2026:06:14:07 +1000] "GET /offizielle-slot-ghostbusters-s-futuristisches-verbunden-kasino/ HTTP/2" 200 41204 "-" "Mozilla/5.0 AppleWebKit/537.36 (KHTML, like Gecko; compatible; ClaudeBot/1.0; +claudebot@anthropic.com)"
216.73.216.86 - - [12/May/2026:06:14:09 +1000] "GET /beste-echtgeld-erreichbar-casinos-within-deutschland-classic-fruit-spielautomat-2026/ HTTP/2" 200 41902 "-" "Mozilla/5.0 AppleWebKit/537.36 (KHTML, like Gecko; compatible; ClaudeBot/1.0; +claudebot@anthropic.com)"
216.73.216.86 - - [12/May/2026:06:14:12 +1000] "GET /%e5%9c%a8%e9%9b%bb%e8%85%a6%e4%b8%8a%e4%b8%8b%e8%bc%89fire-best-online-casino-irish-eyes-joker/feed/ HTTP/2" 200 541 "-" "Mozilla/5.0 AppleWebKit/537.36 (KHTML, like Gecko; compatible; ClaudeBot/1.0; +claudebot@anthropic.com)"
216.73.216.86 - - [12/May/2026:06:14:14 +1000] "GET /500-deposit-extra-also-provides-february-2026-resident-for-real-money-sensuous-number/ HTTP/2" 200 41657 "-" "Mozilla/5.0 AppleWebKit/537.36 (KHTML, like Gecko; compatible; ClaudeBot/1.0; +claudebot@anthropic.com)"
216.73.216.86 - - [12/May/2026:06:14:17 +1000] "GET /jetton-casino-luchshie-sloty-podborka-populjarnyh-34/ HTTP/2" 200 45294 "-" "Mozilla/5.0 AppleWebKit/537.36 (KHTML, like Gecko; compatible; ClaudeBot/1.0; +claudebot@anthropic.com)"
216.73.216.86 - - [12/May/2026:06:14:19 +1000] "GET /dunder-spielsaal-erfahrungen-2026-schnelle-auszahlungen-2/ HTTP/2" 200 42229 "-" "Mozilla/5.0 AppleWebKit/537.36 (KHTML, like Gecko; compatible; ClaudeBot/1.0; +claudebot@anthropic.com)"
216.73.216.86 - - [12/May/2026:06:14:23 +1000] "GET /angeschlossen-kasino-pramie-exklusive-einzahlung-2026-no-frankierung-maklercourtage/ HTTP/2" 200 40525 "-" "Mozilla/5.0 AppleWebKit/537.36 (KHTML, like Gecko; compatible; ClaudeBot/1.0; +claudebot@anthropic.com)"
192.178.4.100 - - [12/May/2026:06:14:22 +1000] "GET /?products/detail/59405878 HTTP/1.1" 200 31889 "-" "Mozilla/5.0 (Linux; Android 6.0.1; Nexus 5X Build/MMB29P) AppleWebKit/537.36 (KHTML, like Gecko) Chrome/147.0.7727.137 Mobile Safari/537.36 (compatible; Googlebot/2.1; +http://www.google.com/bot.html)"
216.73.216.86 - - [12/May/2026:06:14:25 +1000] "GET /rotiri-gratuite-insa-depunere-2026-oferte-cand-7-sins-slot-500-free-spins/ HTTP/2" 200 40888 "-" "Mozilla/5.0 AppleWebKit/537.36 (KHTML, like Gecko; compatible; ClaudeBot/1.0; +claudebot@anthropic.com)"
216.73.216.86 - - [12/May/2026:06:14:28 +1000] "GET /%CE%B1%CF%80%CE%BF%CE%BA%CF%84%CE%AE%CF%83%CF%84%CE%B5-%CF%84%CE%BF-pharaohs-gold-iii-best-online-slots-real-money-3-deposit-position-%CE%B1%CF%80%CF%8C-%CF%84%CE%B7-novomatic/ HTTP/2" 200 41432 "-" "Mozilla/5.0 AppleWebKit/537.36 (KHTML, like Gecko; compatible; ClaudeBot/1.0; +claudebot@anthropic.com)"
192.178.4.100 - - [12/May/2026:06:14:28 +1000] "GET /content.php?product/83076730 HTTP/1.1" 200 28625 "-" "Mozilla/5.0 (Linux; Android 6.0.1; Nexus 5X Build/MMB29P) AppleWebKit/537.36 (KHTML, like Gecko) Chrome/147.0.7727.137 Mobile Safari/537.36 (compatible; GoogleOther)"
216.73.216.86 - - [12/May/2026:06:14:30 +1000] "GET /paypal-casinos-2026-finest-online-casinos-acknowledging-rocky-play-for-fun-paypal/feed/ HTTP/2" 200 502 "-" "Mozilla/5.0 AppleWebKit/537.36 (KHTML, like Gecko; compatible; ClaudeBot/1.0; +claudebot@anthropic.com)"
216.73.216.86 - - [12/May/2026:06:14:33 +1000] "GET /wunderino-erfahrungen-2026-%E1%90%85-3-boni-party-line-slot-solange-bis-740-%E1%90%8A/ HTTP/2" 200 42978 "-" "Mozilla/5.0 AppleWebKit/537.36 (KHTML, like Gecko; compatible; ClaudeBot/1.0; +claudebot@anthropic.com)"
216.73.216.86 - - [12/May/2026:06:14:35 +1000] "GET /casumo-provision-codes-no-ist-unlimluck-echt-anzahlung-2025-freispiele-silver-fish-spielbank-exklusive-einzahlung/ HTTP/2" 200 41870 "-" "Mozilla/5.0 AppleWebKit/537.36 (KHTML, like Gecko; compatible; ClaudeBot/1.0; +claudebot@anthropic.com)"
57.141.14.53 - - [12/May/2026:06:14:37 +1000] "GET /products/detail/56047348 HTTP/2" 200 137741 "-" "meta-externalagent/1.1 (+https://developers.facebook.com/docs/sharing/webmasters/crawler)"
216.73.216.86 - - [12/May/2026:06:14:38 +1000] "GET /gamble-guide-out-of-ra-deluxe-casino-21-online-free-novomatic-on-line-position/feed/ HTTP/2" 200 510 "-" "Mozilla/5.0 AppleWebKit/537.36 (KHTML, like Gecko; compatible; ClaudeBot/1.0; +claudebot@anthropic.com)"
216.73.216.86 - - [12/May/2026:06:14:40 +1000] "GET /pharaos-wealth-slot-remark-have-rtp-bonus-rounds-online-casino-accepting-vanilla-prepaid-book/feed/ HTTP/2" 200 537 "-" "Mozilla/5.0 AppleWebKit/537.36 (KHTML, like Gecko; compatible; ClaudeBot/1.0; +claudebot@anthropic.com)"
192.178.4.100 - - [12/May/2026:06:14:40 +1000] "GET /products/detail/55923472 HTTP/1.1" 200 31766 "-" "Mozilla/5.0 (Linux; Android 6.0.1; Nexus 5X Build/MMB29P) AppleWebKit/537.36 (KHTML, like Gecko) Chrome/147.0.7727.137 Mobile Safari/537.36 (compatible; GoogleOther)"
216.73.216.86 - - [12/May/2026:06:14:42 +1000] "GET /prova-magnificent-power-gold-basta-online-casino-bonusar-online-casino-svenska-spel/ HTTP/2" 200 40959 "-" "Mozilla/5.0 AppleWebKit/537.36 (KHTML, like Gecko; compatible; ClaudeBot/1.0; +claudebot@anthropic.com)"
216.73.216.86 - - [12/May/2026:06:14:45 +1000] "GET /zimpler-local-casino-best-online-casinos-that-have-zimpler-book-of-ra-slot-machine-dumps/feed/ HTTP/2" 200 513 "-" "Mozilla/5.0 AppleWebKit/537.36 (KHTML, like Gecko; compatible; ClaudeBot/1.0; +claudebot@anthropic.com)"
216.73.216.86 - - [12/May/2026:06:14:47 +1000] "GET /%E5%9C%A8%E9%9B%BB%E8%85%A6%E4%B8%8A%E4%B8%8B%E8%BC%89fire-best-online-casino-irish-eyes-joker/ HTTP/2" 200 41040 "-" "Mozilla/5.0 AppleWebKit/537.36 (KHTML, like Gecko; compatible; ClaudeBot/1.0; +claudebot@anthropic.com)"
216.73.216.86 - - [12/May/2026:06:14:49 +1000] "GET /golden-spin-local-casino-gamble-13-totally-free-demo-video-game-online-casinos-that-take-bitcoin-from-the-livebet/feed/ HTTP/2" 200 549 "-" "Mozilla/5.0 AppleWebKit/537.36 (KHTML, like Gecko; compatible; ClaudeBot/1.0; +claudebot@anthropic.com)"
216.73.216.86 - - [12/May/2026:06:14:51 +1000] "GET /unser-besten-spielsaal-freispiele-blos-einzahlung-inoffizieller-mitarbeiter-prime-slots-casino-angebotscode-die-erlaubnis-haben-2026/feed/ HTTP/2" 200 564 "-" "Mozilla/5.0 AppleWebKit/537.36 (KHTML, like Gecko; compatible; ClaudeBot/1.0; +claudebot@anthropic.com)"
192.178.4.100 - - [12/May/2026:06:14:50 +1000] "GET /comment.php?products/barneys-new-york-leather-blucher-dress-shoes-brown-mens-sz-1/16411168/ HTTP/1.1" 200 34748 "-" "Mozilla/5.0 (Linux; Android 6.0.1; Nexus 5X Build/MMB29P) AppleWebKit/537.36 (KHTML, like Gecko) Chrome/147.0.7727.137 Mobile Safari/537.36 (compatible; Googlebot/2.1; +http://www.google.com/bot.html)"
216.73.216.86 - - [12/May/2026:06:14:53 +1000] "GET /fat-santa-position-opinion-force-gambling-play-lion-the-lord-slot-free-spins-for-100-percent-free-actual/ HTTP/2" 200 42080 "-" "Mozilla/5.0 AppleWebKit/537.36 (KHTML, like Gecko; compatible; ClaudeBot/1.0; +claudebot@anthropic.com)"
216.73.216.86 - - [12/May/2026:06:14:55 +1000] "GET /finest-added-bonus-element-slot-online-game-2026-slots-of-vegas-promo-code-existing-customers-no-deposit-100-percent-free-spins-accessories/ HTTP/2" 200 40776 "-" "Mozilla/5.0 AppleWebKit/537.36 (KHTML, like Gecko; compatible; ClaudeBot/1.0; +claudebot@anthropic.com)"
216.73.216.86 - - [12/May/2026:06:14:57 +1000] "GET /raging-rhino-demonstration-reputation-100-percent-free-delight-in-%E1%90%88-rtp-95-97-ministere-de-los-angeles-sante-publique/ HTTP/2" 200 39929 "-" "Mozilla/5.0 AppleWebKit/537.36 (KHTML, like Gecko; compatible; ClaudeBot/1.0; +claudebot@anthropic.com)"
181.20.186.124 - - [12/May/2026:06:14:57 +1000] "GET / HTTP/1.1" 200 552 "-" "Mozilla/5.0 (Macintosh; Intel Mac OS X 14_7_0) AppleWebKit/537.36 (KHTML, like Gecko) Chrome/134.0.6998.45 Safari/537.36"
216.73.216.86 - - [12/May/2026:06:14:59 +1000] "GET /nachfolgende-besten-beste-power-stars-mobile-slots-online-angeschlossen-kasino-paypal-seiten-in-land-der-dichter-und-denker/ HTTP/2" 200 41837 "-" "Mozilla/5.0 AppleWebKit/537.36 (KHTML, like Gecko; compatible; ClaudeBot/1.0; +claudebot@anthropic.com)"
216.73.216.86 - - [12/May/2026:06:15:02 +1000] "GET /enjoy-ultra-gorgeous-mrbet-deutschland-online-casino-deluxe-on-the-internet-slot-for-real-money/ HTTP/2" 200 42094 "-" "Mozilla/5.0 AppleWebKit/537.36 (KHTML, like Gecko; compatible; ClaudeBot/1.0; +claudebot@anthropic.com)"
57.141.14.33 - - [12/May/2026:06:15:00 +1000] "GET /products/detail/60919255 HTTP/2" 200 137741 "-" "meta-externalagent/1.1 (+https://developers.facebook.com/docs/sharing/webmasters/crawler)"
216.73.216.86 - - [12/May/2026:06:15:04 +1000] "GET /paypal-spielsaal-verkettete-liste-2026-top-angeschlossen-casinos-unter-einsatz-sizzling-hot-gewinn-tipps-von-paypal-einzahlung/ HTTP/2" 200 43177 "-" "Mozilla/5.0 AppleWebKit/537.36 (KHTML, like Gecko; compatible; ClaudeBot/1.0; +claudebot@anthropic.com)"
57.141.14.72 - - [12/May/2026:06:15:06 +1000] "GET /products/detail/69076162 HTTP/2" 200 137741 "-" "meta-externalagent/1.1 (+https://developers.facebook.com/docs/sharing/webmasters/crawler)"
216.73.216.86 - - [12/May/2026:06:15:07 +1000] "GET /no-deposit-incentives-tomb-raider-1-deposit-2026-greatest-totally-free-local-casino-incentives/ HTTP/2" 200 40804 "-" "Mozilla/5.0 AppleWebKit/537.36 (KHTML, like Gecko; compatible; ClaudeBot/1.0; +claudebot@anthropic.com)"
216.73.216.86 - - [12/May/2026:06:15:10 +1000] "GET /play-queen-finn-and-the-swirly-spin-slot-of-the-nile-ii-zero-download-free-demonstration/ HTTP/2" 200 41151 "-" "Mozilla/5.0 AppleWebKit/537.36 (KHTML, like Gecko; compatible; ClaudeBot/1.0; +claudebot@anthropic.com)"
216.73.216.86 - - [12/May/2026:06:15:12 +1000] "GET /druckgluck-book-of-dead-slot-free-spins-erfahrungen-erprobung-berechnung-2026/ HTTP/2" 200 42670 "-" "Mozilla/5.0 AppleWebKit/537.36 (KHTML, like Gecko; compatible; ClaudeBot/1.0; +claudebot@anthropic.com)"
216.73.216.86 - - [12/May/2026:06:15:14 +1000] "GET /strategie-letzter-schrei-meldungen-aus-teutonia-europa-und-ihr-erde/ HTTP/2" 200 41854 "-" "Mozilla/5.0 AppleWebKit/537.36 (KHTML, like Gecko; compatible; ClaudeBot/1.0; +claudebot@anthropic.com)"
216.73.216.86 - - [12/May/2026:06:15:17 +1000] "GET /play-hitnspin-nedladdning-av-appuppdatering-free-slots-32178-casino-slot-demos/feed/ HTTP/2" 200 504 "-" "Mozilla/5.0 AppleWebKit/537.36 (KHTML, like Gecko; compatible; ClaudeBot/1.0; +claudebot@anthropic.com)"
216.73.216.86 - - [12/May/2026:06:15:19 +1000] "GET /casino-online-prova-casinospel-i-svenskt-casino-med-bankid/ HTTP/2" 200 40846 "-" "Mozilla/5.0 AppleWebKit/537.36 (KHTML, like Gecko; compatible; ClaudeBot/1.0; +claudebot@anthropic.com)"
192.178.4.100 - - [12/May/2026:06:15:17 +1000] "GET /?products/detail/64953532 HTTP/1.1" 200 33181 "-" "Mozilla/5.0 (Linux; Android 6.0.1; Nexus 5X Build/MMB29P) AppleWebKit/537.36 (KHTML, like Gecko) Chrome/147.0.7727.137 Mobile Safari/537.36 (compatible; Googlebot/2.1; +http://www.google.com/bot.html)"
216.73.216.86 - - [12/May/2026:06:15:21 +1000] "GET /free-spins-non-miami-beach-online-slot-deposito-nederlan-gratis-spins-te-inschrijving/feed/ HTTP/2" 200 510 "-" "Mozilla/5.0 AppleWebKit/537.36 (KHTML, like Gecko; compatible; ClaudeBot/1.0; +claudebot@anthropic.com)"
57.141.14.74 - - [12/May/2026:06:15:22 +1000] "GET /products/detail/55507672 HTTP/2" 200 137741 "-" "meta-externalagent/1.1 (+https://developers.facebook.com/docs/sharing/webmasters/crawler)"
216.73.216.86 - - [12/May/2026:06:15:23 +1000] "GET /live-codigos-de-promocion-de-la-aplicacion-fairspin-slots-casino-juegos-de-casino-en-vivo/feed/ HTTP/2" 200 525 "-" "Mozilla/5.0 AppleWebKit/537.36 (KHTML, like Gecko; compatible; ClaudeBot/1.0; +claudebot@anthropic.com)"
216.73.216.86 - - [12/May/2026:06:15:25 +1000] "GET /top-paypal-casinos-within-land-der-dichter-casino-legion-hot-1-und-denker-2026-damit-echtes-geld/feed/ HTTP/2" 200 522 "-" "Mozilla/5.0 AppleWebKit/537.36 (KHTML, like Gecko; compatible; ClaudeBot/1.0; +claudebot@anthropic.com)"
216.73.216.86 - - [12/May/2026:06:15:27 +1000] "GET /zodiac-online-bonus-poker-50-hand-local-casino-coupons-2026-80-free-spins/feed/ HTTP/2" 200 504 "-" "Mozilla/5.0 AppleWebKit/537.36 (KHTML, like Gecko; compatible; ClaudeBot/1.0; +claudebot@anthropic.com)"
216.73.216.86 - - [12/May/2026:06:15:30 +1000] "GET /exciting-casino-sloto-cash-real-money-game-also-offers-loose-time-waiting-for/feed/ HTTP/2" 200 516 "-" "Mozilla/5.0 AppleWebKit/537.36 (KHTML, like Gecko; compatible; ClaudeBot/1.0; +claudebot@anthropic.com)"
57.141.14.71 - - [12/May/2026:06:15:30 +1000] "GET /products/detail/53136631 HTTP/2" 200 137741 "-" "meta-externalagent/1.1 (+https://developers.facebook.com/docs/sharing/webmasters/crawler)"
192.178.4.100 - - [12/May/2026:06:15:29 +1000] "GET /content.php?product/45802426 HTTP/1.1" 200 28387 "-" "Mozilla/5.0 (Linux; Android 6.0.1; Nexus 5X Build/MMB29P) AppleWebKit/537.36 (KHTML, like Gecko) Chrome/147.0.7727.137 Mobile Safari/537.36 (compatible; GoogleOther)"
216.73.216.86 - - [12/May/2026:06:15:32 +1000] "GET /mybet-erprobung-2026-online-spielbank-via-teutone-erlaubniskarte/feed/ HTTP/2" 200 486 "-" "Mozilla/5.0 AppleWebKit/537.36 (KHTML, like Gecko; compatible; ClaudeBot/1.0; +claudebot@anthropic.com)"
216.73.216.86 - - [12/May/2026:06:15:34 +1000] "GET /wunderino-erfahrungen-2026-%e1%90%85-3-boni-party-line-slot-solange-bis-740-%e1%90%8a/feed/ HTTP/2" 200 521 "-" "Mozilla/5.0 AppleWebKit/537.36 (KHTML, like Gecko; compatible; ClaudeBot/1.0; +claudebot@anthropic.com)"
216.73.216.86 - - [12/May/2026:06:15:35 +1000] "GET /beste-bitcoin-casinos-land-der-dichter-call-of-the-colosseum-slot-ohne-einzahlungsbonus-und-denker-funfter-monat-des-jahres-2026-btc-maklercourtage/feed/ HTTP/2" 200 588 "-" "Mozilla/5.0 AppleWebKit/537.36 (KHTML, like Gecko; compatible; ClaudeBot/1.0; +claudebot@anthropic.com)"
216.73.216.86 - - [12/May/2026:06:15:37 +1000] "GET /diese-hatten-keine-zusatzlichen-umsatzbedingungen-unter-anderem-ganz-erzielten-gewinne-sind-direkt-unserem-echtgeldkonto-hinzugefugt-in-erfullung-der-soll-sehen-spieler-mehr-7-zyklus-tempus-einen-e/ HTTP/2" 200 42802 "-" "Mozilla/5.0 AppleWebKit/537.36 (KHTML, like Gecko; compatible; ClaudeBot/1.0; +claudebot@anthropic.com)"
216.73.216.86 - - [12/May/2026:06:15:40 +1000] "GET /verbunden-casinos-ohne-deutsche-erlaubnis-2026-allemal-tennis-stars-slotspiel-fur-geld-getestet/ HTTP/2" 200 41086 "-" "Mozilla/5.0 AppleWebKit/537.36 (KHTML, like Gecko; compatible; ClaudeBot/1.0; +claudebot@anthropic.com)"
216.73.216.86 - - [12/May/2026:06:15:42 +1000] "GET /queen-of-your-own-nile-football-1-deposit-slots-remark-gamble-aristocrats-100-missing-island-no-deposit-100-percent-free-pokie/ HTTP/2" 200 40854 "-" "Mozilla/5.0 AppleWebKit/537.36 (KHTML, like Gecko; compatible; ClaudeBot/1.0; +claudebot@anthropic.com)"
216.73.216.86 - - [12/May/2026:06:15:44 +1000] "GET /live-ingen-innskudd-verde-casino-for-nettkasinoer-casino-inni-norge-2026-finn-disse-beste-live-casinoer/ HTTP/2" 200 42026 "-" "Mozilla/5.0 AppleWebKit/537.36 (KHTML, like Gecko; compatible; ClaudeBot/1.0; +claudebot@anthropic.com)"
192.178.4.100 - - [12/May/2026:06:15:44 +1000] "GET /?products/detail/67865734 HTTP/1.1" 200 32638 "-" "Mozilla/5.0 (Linux; Android 6.0.1; Nexus 5X Build/MMB29P) AppleWebKit/537.36 (KHTML, like Gecko) Chrome/147.0.7727.137 Mobile Safari/537.36 (compatible; Googlebot/2.1; +http://www.google.com/bot.html)"
192.178.4.100 - - [12/May/2026:06:15:44 +1000] "GET /products/detail/55355284 HTTP/1.1" 200 32360 "-" "Mozilla/5.0 (Linux; Android 6.0.1; Nexus 5X Build/MMB29P) AppleWebKit/537.36 (KHTML, like Gecko) Chrome/147.0.7727.137 Mobile Safari/537.36 (compatible; GoogleOther)"
216.73.216.86 - - [12/May/2026:06:15:47 +1000] "GET /online-spielbank-ferner-sportwetten-clash-of-queens-5-kaution-qua-einzigartigen-boni-unter-anderem-tagesordnungspunkt-vortragen/feed/ HTTP/2" 200 554 "-" "Mozilla/5.0 AppleWebKit/537.36 (KHTML, like Gecko; compatible; ClaudeBot/1.0; +claudebot@anthropic.com)"
216.73.216.86 - - [12/May/2026:06:15:49 +1000] "GET /dunder-probe-erleben-betreibt-welches-verbunden-kasino-betrug-unter-anderem-nights-of-egypt-gewinn-keineswegs/ HTTP/2" 200 42339 "-" "Mozilla/5.0 AppleWebKit/537.36 (KHTML, like Gecko; compatible; ClaudeBot/1.0; +claudebot@anthropic.com)"
216.73.216.86 - - [12/May/2026:06:15:51 +1000] "GET /step-3-minimipanos-paikalliset-kasinot-yhdistyneen-kuningaskunnan-primebetz-vanha-versio-login-verkkosivustot-yksinkertaisesti/feed/ HTTP/2" 200 552 "-" "Mozilla/5.0 AppleWebKit/537.36 (KHTML, like Gecko; compatible; ClaudeBot/1.0; +claudebot@anthropic.com)"
216.73.216.86 - - [12/May/2026:06:15:53 +1000] "GET /de-beste-online-casinoene-igang-spillere-the-wild-chase-1-matsuri-spilleautomat-for-penger-bidrag-og-ekte-penger-individualitet-kordong-norge-inni-2025/ HTTP/2" 200 42072 "-" "Mozilla/5.0 AppleWebKit/537.36 (KHTML, like Gecko; compatible; ClaudeBot/1.0; +claudebot@anthropic.com)"
216.73.216.86 - - [12/May/2026:06:15:55 +1000] "GET /want-and-you-may-safer-gaming-within-the-miami-club-50-100-free-spins-big-bad-wolf-no-deposit-percent-free-revolves-no-deposit-casino/ HTTP/2" 200 42037 "-" "Mozilla/5.0 AppleWebKit/537.36 (KHTML, like Gecko; compatible; ClaudeBot/1.0; +claudebot@anthropic.com)"
216.73.216.86 - - [12/May/2026:06:15:58 +1000] "GET /klassieker-gokkasten-voor-online-acteren-appreciren-u-50-gratis-spins-blood-suckers-op-registratie-geen-deposito-classics/ HTTP/2" 200 40361 "-" "Mozilla/5.0 AppleWebKit/537.36 (KHTML, like Gecko; compatible; ClaudeBot/1.0; +claudebot@anthropic.com)"
216.73.216.86 - - [12/May/2026:06:15:59 +1000] "GET /spielsaal-bonus-abzuglich-gaelic-warrior-casino-slot-einzahlung-2026-neue-no-vorleistung-boni/feed/ HTTP/2" 200 532 "-" "Mozilla/5.0 AppleWebKit/537.36 (KHTML, like Gecko; compatible; ClaudeBot/1.0; +claudebot@anthropic.com)"
57.141.14.110 - - [12/May/2026:06:15:58 +1000] "GET /products/detail/54932275 HTTP/2" 200 137741 "-" "meta-externalagent/1.1 (+https://developers.facebook.com/docs/sharing/webmasters/crawler)"
216.73.216.86 - - [12/May/2026:06:16:01 +1000] "GET /angeschlossen-casinos-qua-10-euroletten-golden-sphinx-slot-casino-einzahlung-beste-versorger-provision/ HTTP/2" 200 42234 "-" "Mozilla/5.0 AppleWebKit/537.36 (KHTML, like Gecko; compatible; ClaudeBot/1.0; +claudebot@anthropic.com)"
216.73.216.86 - - [12/May/2026:06:16:04 +1000] "GET /fish-someone-slots-2026-comment-high-gains-one-hundred-100-percent-free-revolves-no-deposit-casino-2026-extra-debit-card-casino-online-bullet/feed/ HTTP/2" 200 574 "-" "Mozilla/5.0 AppleWebKit/537.36 (KHTML, like Gecko; compatible; ClaudeBot/1.0; +claudebot@anthropic.com)"
216.73.216.86 - - [12/May/2026:06:16:04 +1000] "GET /angeschlossen-kasino-kollation-2026-unser-15-besten-spielos-im-diamond-mine-slot-free-spins-erprobung/feed/ HTTP/2" 200 534 "-" "Mozilla/5.0 AppleWebKit/537.36 (KHTML, like Gecko; compatible; ClaudeBot/1.0; +claudebot@anthropic.com)"
216.73.216.86 - - [12/May/2026:06:16:06 +1000] "GET /enjoy-25100000-of-the-finest-free-online-ports-within-online-slots-free-the-2026/ HTTP/2" 200 40971 "-" "Mozilla/5.0 AppleWebKit/537.36 (KHTML, like Gecko; compatible; ClaudeBot/1.0; +claudebot@anthropic.com)"
216.73.216.86 - - [12/May/2026:06:16:06 +1000] "GET /united-states-of-america-no-deposit-incentive-rules-best-2026-local-casino-also-offers/feed/ HTTP/2" 200 515 "-" "Mozilla/5.0 AppleWebKit/537.36 (KHTML, like Gecko; compatible; ClaudeBot/1.0; +claudebot@anthropic.com)"
216.73.216.86 - - [12/May/2026:06:16:08 +1000] "GET /angeschlossen-bimbes-gewinnen-beste-verbunden-fairspin-login-app-download-spiele-zum-bares-gewinnen-2026/feed/ HTTP/2" 200 531 "-" "Mozilla/5.0 AppleWebKit/537.36 (KHTML, like Gecko; compatible; ClaudeBot/1.0; +claudebot@anthropic.com)"
216.73.216.86 - - [12/May/2026:06:16:08 +1000] "GET /legacy-of-dead-slot-demonstration-vulkan-vegas-osterreich-gebuhrenfrei-vortragen/feed/ HTTP/2" 200 514 "-" "Mozilla/5.0 AppleWebKit/537.36 (KHTML, like Gecko; compatible; ClaudeBot/1.0; +claudebot@anthropic.com)"
216.73.216.86 - - [12/May/2026:06:16:10 +1000] "GET /kasino-50-ecu-provision-exklusive-einzahlung-wieso-entscheidender-link-dies-nil-wie-kalkulierter-komik-ist-und-bleibt/feed/ HTTP/2" 200 549 "-" "Mozilla/5.0 AppleWebKit/537.36 (KHTML, like Gecko; compatible; ClaudeBot/1.0; +claudebot@anthropic.com)"
216.73.216.86 - - [12/May/2026:06:16:10 +1000] "GET /magius-casino-bonusy-wyjawszy-moje-hiperlacze-depozytu-darmowe-spiny-i-kody-promocyjne/ HTTP/2" 200 41580 "-" "Mozilla/5.0 AppleWebKit/537.36 (KHTML, like Gecko; compatible; ClaudeBot/1.0; +claudebot@anthropic.com)"
216.73.216.86 - - [12/May/2026:06:16:12 +1000] "GET /naughty-aces-gambling-enterprise-no-deposit-incentive-2026-fifty-100-percent-free-prepaid-visa-casino-online-revolves/ HTTP/2" 200 40648 "-" "Mozilla/5.0 AppleWebKit/537.36 (KHTML, like Gecko; compatible; ClaudeBot/1.0; +claudebot@anthropic.com)"
