74.7.242.22 - - [12/May/2026:06:51:27 +1000] "GET /wp-json/oembed/1.0/embed?format=xml&url=https%3A%2F%2Fwww.coridyan.com%2Fonline-casino-logo%2F HTTP/2" 200 1460 "https://www.coridyan.com/online-casino-logo/" "Mozilla/5.0 AppleWebKit/537.36 (KHTML, like Gecko; compatible; GPTBot/1.3; +https://openai.com/gptbot)"
185.253.162.10 - - [12/May/2026:06:51:27 +1000] "GET /melbet-promo-code-2026-verified-bonus-eu-130/ HTTP/1.1" 200 51400 "https://www.coridyan.com/" "Mozilla/5.0 (Windows NT 10.0; Win64; x64) AppleWebKit/537.36 (KHTML, like Gecko) Chrome/142.0.0.0 YaBrowser/25.12.0.0 Safari/537.36"
192.178.4.100 - - [12/May/2026:06:51:26 +1000] "GET /?products/detail/61735195 HTTP/1.1" 200 31800 "-" "Mozilla/5.0 (Linux; Android 6.0.1; Nexus 5X Build/MMB29P) AppleWebKit/537.36 (KHTML, like Gecko) Chrome/147.0.7727.137 Mobile Safari/537.36 (compatible; Googlebot/2.1; +http://www.google.com/bot.html)"
74.7.242.22 - - [12/May/2026:06:51:29 +1000] "GET /wp-json/oembed/1.0/embed?format=xml&url=https%3A%2F%2Fwww.coridyan.com%2Fdragon-tiger-bonus%2F HTTP/2" 200 1441 "https://www.coridyan.com/dragon-tiger-bonus/" "Mozilla/5.0 AppleWebKit/537.36 (KHTML, like Gecko; compatible; GPTBot/1.3; +https://openai.com/gptbot)"
65.108.125.120 - - [12/May/2026:06:51:29 +1000] "GET /casino-free-spins-fara-depunere/ HTTP/1.1" 200 40669 "-" "Mozilla/5.0 (compatible; MJ12bot/v1.4.8; http://mj12bot.com/)"
74.7.242.22 - - [12/May/2026:06:51:31 +1000] "GET /wp-json/oembed/1.0/embed?format=xml&url=https%3A%2F%2Fwww.coridyan.com%2Fquick-strike-slots%2F HTTP/2" 200 1554 "https://www.coridyan.com/quick-strike-slots/" "Mozilla/5.0 AppleWebKit/537.36 (KHTML, like Gecko; compatible; GPTBot/1.3; +https://openai.com/gptbot)"
216.73.216.86 - - [12/May/2026:06:51:31 +1000] "GET /products/detail/58828159 HTTP/2" 200 35663 "-" "Mozilla/5.0 AppleWebKit/537.36 (KHTML, like Gecko; compatible; ClaudeBot/1.0; +claudebot@anthropic.com)"
216.73.216.86 - - [12/May/2026:06:51:31 +1000] "GET /products/detail/65199835 HTTP/2" 200 35663 "-" "Mozilla/5.0 AppleWebKit/537.36 (KHTML, like Gecko; compatible; ClaudeBot/1.0; +claudebot@anthropic.com)"
74.7.242.22 - - [12/May/2026:06:51:32 +1000] "GET /wp-json/oembed/1.0/embed?format=xml&url=https%3A%2F%2Fwww.coridyan.com%2Fapple-casino-games%2F HTTP/2" 200 1445 "https://www.coridyan.com/apple-casino-games/" "Mozilla/5.0 AppleWebKit/537.36 (KHTML, like Gecko; compatible; GPTBot/1.3; +https://openai.com/gptbot)"
185.253.162.10 - - [12/May/2026:06:51:35 +1000] "GET /wp-content/themes/astra/assets/css/minified/main.min.css?ver=3.9.4 HTTP/1.1" 200 8407 "https://www.coridyan.com/melbet-promo-code-2026-verified-bonus-eu-130/" "Mozilla/5.0 (Windows NT 10.0; Win64; x64) AppleWebKit/537.36 (KHTML, like Gecko) Chrome/145.0.0.0 Safari/537.36"
216.73.216.86 - - [12/May/2026:06:51:33 +1000] "GET /products/detail/69769738 HTTP/2" 200 35709 "-" "Mozilla/5.0 AppleWebKit/537.36 (KHTML, like Gecko; compatible; ClaudeBot/1.0; +claudebot@anthropic.com)"
216.73.216.86 - - [12/May/2026:06:51:34 +1000] "GET /products/detail/54814366 HTTP/2" 200 35663 "-" "Mozilla/5.0 AppleWebKit/537.36 (KHTML, like Gecko; compatible; ClaudeBot/1.0; +claudebot@anthropic.com)"
57.141.14.59 - - [12/May/2026:06:51:33 +1000] "GET /products/detail/68515876 HTTP/2" 200 137741 "-" "meta-externalagent/1.1 (+https://developers.facebook.com/docs/sharing/webmasters/crawler)"
57.141.14.82 - - [12/May/2026:06:51:34 +1000] "GET /products/detail/63352279 HTTP/2" 200 137741 "-" "meta-externalagent/1.1 (+https://developers.facebook.com/docs/sharing/webmasters/crawler)"
74.7.242.22 - - [12/May/2026:06:51:35 +1000] "GET /wp-json/oembed/1.0/embed?format=xml&url=https%3A%2F%2Fwww.coridyan.com%2Fhigher-lights-slot%2F HTTP/2" 200 1572 "https://www.coridyan.com/higher-lights-slot/" "Mozilla/5.0 AppleWebKit/537.36 (KHTML, like Gecko; compatible; GPTBot/1.3; +https://openai.com/gptbot)"
65.108.125.120 - - [12/May/2026:06:51:34 +1000] "GET /casino-fruktbar-lank-tillsammans-snabba-uttag-2026-50-casinon-tillsamman-direkta-uttag/ HTTP/1.1" 200 41677 "-" "Mozilla/5.0 (compatible; MJ12bot/v1.4.8; http://mj12bot.com/)"
216.73.216.86 - - [12/May/2026:06:51:36 +1000] "GET /products/detail/58543786 HTTP/2" 200 35663 "-" "Mozilla/5.0 AppleWebKit/537.36 (KHTML, like Gecko; compatible; ClaudeBot/1.0; +claudebot@anthropic.com)"
216.73.216.86 - - [12/May/2026:06:51:37 +1000] "GET /products/detail/68309623 HTTP/2" 200 35663 "-" "Mozilla/5.0 AppleWebKit/537.36 (KHTML, like Gecko; compatible; ClaudeBot/1.0; +claudebot@anthropic.com)"
185.253.162.10 - - [12/May/2026:06:51:38 +1000] "GET /wp-content/themes/astra/assets/css/minified/menu-animation.min.css?ver=3.9.4 HTTP/1.1" 200 1015 "https://www.coridyan.com/melbet-promo-code-2026-verified-bonus-eu-130/" "Mozilla/5.0 (Windows NT 10.0; Win64; x64) AppleWebKit/537.36 (KHTML, like Gecko) Chrome/145.0.0.0 Safari/537.36"
74.7.242.22 - - [12/May/2026:06:51:37 +1000] "GET /wp-json/oembed/1.0/embed?format=xml&url=https%3A%2F%2Fwww.coridyan.com%2F7-casino-australia%2F HTTP/2" 200 1448 "https://www.coridyan.com/7-casino-australia/" "Mozilla/5.0 AppleWebKit/537.36 (KHTML, like Gecko; compatible; GPTBot/1.3; +https://openai.com/gptbot)"
216.73.216.86 - - [12/May/2026:06:51:38 +1000] "GET /products/detail/61350985 HTTP/2" 200 35663 "-" "Mozilla/5.0 AppleWebKit/537.36 (KHTML, like Gecko; compatible; ClaudeBot/1.0; +claudebot@anthropic.com)"
74.7.242.22 - - [12/May/2026:06:51:39 +1000] "GET /wp-json/oembed/1.0/embed?format=xml&url=https%3A%2F%2Fwww.coridyan.com%2Ffirst-online-slots%2F HTTP/2" 200 1462 "https://www.coridyan.com/first-online-slots/" "Mozilla/5.0 AppleWebKit/537.36 (KHTML, like Gecko; compatible; GPTBot/1.3; +https://openai.com/gptbot)"
216.73.216.86 - - [12/May/2026:06:51:39 +1000] "GET /their-reliable-gaming-program-in-australia/ HTTP/2" 200 40386 "-" "Mozilla/5.0 AppleWebKit/537.36 (KHTML, like Gecko; compatible; ClaudeBot/1.0; +claudebot@anthropic.com)"
57.141.14.110 - - [12/May/2026:06:51:38 +1000] "GET /products/detail/62222437 HTTP/2" 200 137741 "-" "meta-externalagent/1.1 (+https://developers.facebook.com/docs/sharing/webmasters/crawler)"
185.253.162.10 - - [12/May/2026:06:51:41 +1000] "GET /wp-includes/css/dist/block-library/style.min.css?ver=6.0.11 HTTP/1.1" 200 11626 "https://www.coridyan.com/melbet-promo-code-2026-verified-bonus-eu-130/" "Mozilla/5.0 (Windows NT 10.0; Win64; x64) AppleWebKit/537.36 (KHTML, like Gecko) Chrome/145.0.0.0 Safari/537.36"
65.108.125.120 - - [12/May/2026:06:51:39 +1000] "GET /casino-game-fairness-and-testing-in-australia/ HTTP/1.1" 200 40489 "-" "Mozilla/5.0 (compatible; MJ12bot/v1.4.8; http://mj12bot.com/)"
216.73.216.86 - - [12/May/2026:06:51:41 +1000] "GET /products/detail/60150331 HTTP/2" 200 35663 "-" "Mozilla/5.0 AppleWebKit/537.36 (KHTML, like Gecko; compatible; ClaudeBot/1.0; +claudebot@anthropic.com)"
74.7.242.22 - - [12/May/2026:06:51:41 +1000] "GET /wp-json/oembed/1.0/embed?format=xml&url=https%3A%2F%2Fwww.coridyan.com%2Fcasino-money-games%2F HTTP/2" 200 1448 "https://www.coridyan.com/casino-money-games/" "Mozilla/5.0 AppleWebKit/537.36 (KHTML, like Gecko; compatible; GPTBot/1.3; +https://openai.com/gptbot)"
216.73.216.86 - - [12/May/2026:06:51:42 +1000] "GET /products/detail/68305744 HTTP/2" 200 35663 "-" "Mozilla/5.0 AppleWebKit/537.36 (KHTML, like Gecko; compatible; ClaudeBot/1.0; +claudebot@anthropic.com)"
185.253.162.10 - - [12/May/2026:06:51:44 +1000] "GET /wp-content/plugins/contact-form-7/includes/css/styles.css?ver=5.7.1 HTTP/1.1" 200 1546 "https://www.coridyan.com/melbet-promo-code-2026-verified-bonus-eu-130/" "Mozilla/5.0 (Windows NT 10.0; Win64; x64) AppleWebKit/537.36 (KHTML, like Gecko) Chrome/145.0.0.0 Safari/537.36"
74.7.242.22 - - [12/May/2026:06:51:43 +1000] "GET /wp-json/oembed/1.0/embed?format=xml&url=https%3A%2F%2Fwww.coridyan.com%2Faction-bank-casino%2F HTTP/2" 200 1455 "https://www.coridyan.com/action-bank-casino/" "Mozilla/5.0 AppleWebKit/537.36 (KHTML, like Gecko; compatible; GPTBot/1.3; +https://openai.com/gptbot)"
216.73.216.86 - - [12/May/2026:06:51:43 +1000] "GET /products/detail/58022011 HTTP/2" 200 35663 "-" "Mozilla/5.0 AppleWebKit/537.36 (KHTML, like Gecko; compatible; ClaudeBot/1.0; +claudebot@anthropic.com)"
57.141.14.88 - - [12/May/2026:06:51:43 +1000] "GET /products/detail/55239967 HTTP/2" 200 137741 "-" "meta-externalagent/1.1 (+https://developers.facebook.com/docs/sharing/webmasters/crawler)"
65.108.125.120 - - [12/May/2026:06:51:44 +1000] "GET /casino-games-80-free-spins/ HTTP/1.1" 200 40530 "-" "Mozilla/5.0 (compatible; MJ12bot/v1.4.8; http://mj12bot.com/)"
216.73.216.86 - - [12/May/2026:06:51:44 +1000] "GET /products/detail/57721609 HTTP/2" 200 35663 "-" "Mozilla/5.0 AppleWebKit/537.36 (KHTML, like Gecko; compatible; ClaudeBot/1.0; +claudebot@anthropic.com)"
74.7.242.22 - - [12/May/2026:06:51:45 +1000] "GET /wp-json/oembed/1.0/embed?format=xml&url=https%3A%2F%2Fwww.coridyan.com%2Fcasino-no-deposite%2F HTTP/2" 200 1459 "https://www.coridyan.com/casino-no-deposite/" "Mozilla/5.0 AppleWebKit/537.36 (KHTML, like Gecko; compatible; GPTBot/1.3; +https://openai.com/gptbot)"
216.73.216.86 - - [12/May/2026:06:51:46 +1000] "GET /pharaos-money/feed/ HTTP/2" 200 429 "-" "Mozilla/5.0 AppleWebKit/537.36 (KHTML, like Gecko; compatible; ClaudeBot/1.0; +claudebot@anthropic.com)"
185.253.162.10 - - [12/May/2026:06:51:47 +1000] "GET /wp-content/themes/astra/assets/css/minified/compatibility/contact-form-7-main.min.css?ver=3.9.4 HTTP/1.1" 200 1020 "https://www.coridyan.com/melbet-promo-code-2026-verified-bonus-eu-130/" "Mozilla/5.0 (Windows NT 10.0; Win64; x64) AppleWebKit/537.36 (KHTML, like Gecko) Chrome/145.0.0.0 Safari/537.36"
74.7.242.22 - - [12/May/2026:06:51:46 +1000] "GET /wp-json/oembed/1.0/embed?format=xml&url=https%3A%2F%2Fwww.coridyan.com%2Fonline-slot-promos%2F HTTP/2" 200 1452 "https://www.coridyan.com/online-slot-promos/" "Mozilla/5.0 AppleWebKit/537.36 (KHTML, like Gecko; compatible; GPTBot/1.3; +https://openai.com/gptbot)"
216.73.216.86 - - [12/May/2026:06:51:47 +1000] "GET /products/detail/56435239 HTTP/2" 200 35663 "-" "Mozilla/5.0 AppleWebKit/537.36 (KHTML, like Gecko; compatible; ClaudeBot/1.0; +claudebot@anthropic.com)"
216.73.216.86 - - [12/May/2026:06:51:47 +1000] "GET /products/detail/63307828 HTTP/2" 200 35663 "-" "Mozilla/5.0 AppleWebKit/537.36 (KHTML, like Gecko; compatible; ClaudeBot/1.0; +claudebot@anthropic.com)"
216.73.216.86 - - [12/May/2026:06:51:48 +1000] "GET /products/detail/68614228 HTTP/2" 200 35663 "-" "Mozilla/5.0 AppleWebKit/537.36 (KHTML, like Gecko; compatible; ClaudeBot/1.0; +claudebot@anthropic.com)"
74.7.242.22 - - [12/May/2026:06:51:48 +1000] "GET /wp-json/oembed/1.0/embed?format=xml&url=https%3A%2F%2Fwww.coridyan.com%2Fonline-slots-ideal%2F HTTP/2" 200 1446 "https://www.coridyan.com/online-slots-ideal/" "Mozilla/5.0 AppleWebKit/537.36 (KHTML, like Gecko; compatible; GPTBot/1.3; +https://openai.com/gptbot)"
65.108.125.120 - - [12/May/2026:06:51:48 +1000] "GET /casino-games-all-australia/ HTTP/1.1" 200 39910 "-" "Mozilla/5.0 (compatible; MJ12bot/v1.4.8; http://mj12bot.com/)"
192.178.4.100 - - [12/May/2026:06:51:47 +1000] "GET /?products/detail/61066810 HTTP/1.1" 200 32506 "-" "Mozilla/5.0 (Linux; Android 6.0.1; Nexus 5X Build/MMB29P) AppleWebKit/537.36 (KHTML, like Gecko) Chrome/147.0.7727.137 Mobile Safari/537.36 (compatible; Googlebot/2.1; +http://www.google.com/bot.html)"
216.73.216.86 - - [12/May/2026:06:51:49 +1000] "GET /products/detail/60361237 HTTP/2" 200 35663 "-" "Mozilla/5.0 AppleWebKit/537.36 (KHTML, like Gecko; compatible; ClaudeBot/1.0; +claudebot@anthropic.com)"
216.73.216.86 - - [12/May/2026:06:51:49 +1000] "GET /products/detail/57722158 HTTP/2" 200 35709 "-" "Mozilla/5.0 AppleWebKit/537.36 (KHTML, like Gecko; compatible; ClaudeBot/1.0; +claudebot@anthropic.com)"
185.253.162.10 - - [12/May/2026:06:51:50 +1000] "GET /?p=65385 HTTP/1.1" 200 552 "https://www.coridyan.com/melbet-promo-code-2026-verified-bonus-eu-130/" "Mozilla/5.0 (Windows NT 10.0; Win64; x64) AppleWebKit/537.36 (KHTML, like Gecko) Chrome/142.0.0.0 YaBrowser/25.12.0.0 Safari/537.36"
74.7.242.22 - - [12/May/2026:06:51:50 +1000] "GET /wp-json/oembed/1.0/embed?format=xml&url=https%3A%2F%2Fwww.coridyan.com%2Fbest-megaways-slot%2F HTTP/2" 200 1442 "https://www.coridyan.com/best-megaways-slot/" "Mozilla/5.0 AppleWebKit/537.36 (KHTML, like Gecko; compatible; GPTBot/1.3; +https://openai.com/gptbot)"
216.73.216.86 - - [12/May/2026:06:51:50 +1000] "GET /products/detail/61401034 HTTP/2" 200 35621 "-" "Mozilla/5.0 AppleWebKit/537.36 (KHTML, like Gecko; compatible; ClaudeBot/1.0; +claudebot@anthropic.com)"
216.73.216.86 - - [12/May/2026:06:51:52 +1000] "GET /?p=69398 HTTP/2" 200 22 "-" "Mozilla/5.0 AppleWebKit/537.36 (KHTML, like Gecko; compatible; ClaudeBot/1.0; +claudebot@anthropic.com)"
216.73.216.86 - - [12/May/2026:06:51:52 +1000] "GET /?p=53026 HTTP/2" 200 22 "-" "Mozilla/5.0 AppleWebKit/537.36 (KHTML, like Gecko; compatible; ClaudeBot/1.0; +claudebot@anthropic.com)"
74.7.242.22 - - [12/May/2026:06:51:52 +1000] "GET /wp-json/oembed/1.0/embed?format=xml&url=https%3A%2F%2Fwww.coridyan.com%2F1c-roulette-casino%2F HTTP/2" 200 1426 "https://www.coridyan.com/1c-roulette-casino/" "Mozilla/5.0 AppleWebKit/537.36 (KHTML, like Gecko; compatible; GPTBot/1.3; +https://openai.com/gptbot)"
216.73.216.86 - - [12/May/2026:06:51:53 +1000] "GET /?p=54498 HTTP/2" 200 22 "-" "Mozilla/5.0 AppleWebKit/537.36 (KHTML, like Gecko; compatible; ClaudeBot/1.0; +claudebot@anthropic.com)"
216.73.216.86 - - [12/May/2026:06:51:54 +1000] "GET /?p=71214 HTTP/2" 200 22 "-" "Mozilla/5.0 AppleWebKit/537.36 (KHTML, like Gecko; compatible; ClaudeBot/1.0; +claudebot@anthropic.com)"
65.108.125.120 - - [12/May/2026:06:51:53 +1000] "GET /casino-games-that-have-finest-possibility-black-jack-roulette-a-lot-more/ HTTP/1.1" 200 40819 "-" "Mozilla/5.0 (compatible; MJ12bot/v1.4.8; http://mj12bot.com/)"
74.7.242.22 - - [12/May/2026:06:51:54 +1000] "GET /wp-json/oembed/1.0/embed?format=xml&url=https%3A%2F%2Fwww.coridyan.com%2Fbest-payid-casinos%2F HTTP/2" 200 1443 "https://www.coridyan.com/best-payid-casinos/" "Mozilla/5.0 AppleWebKit/537.36 (KHTML, like Gecko; compatible; GPTBot/1.3; +https://openai.com/gptbot)"
216.73.216.86 - - [12/May/2026:06:51:54 +1000] "GET /products/detail/53017444 HTTP/2" 200 35663 "-" "Mozilla/5.0 AppleWebKit/537.36 (KHTML, like Gecko; compatible; ClaudeBot/1.0; +claudebot@anthropic.com)"
216.73.216.86 - - [12/May/2026:06:51:55 +1000] "GET /?p=53028 HTTP/2" 200 22 "-" "Mozilla/5.0 AppleWebKit/537.36 (KHTML, like Gecko; compatible; ClaudeBot/1.0; +claudebot@anthropic.com)"
216.73.216.86 - - [12/May/2026:06:51:56 +1000] "GET /?p=23777 HTTP/2" 200 22 "-" "Mozilla/5.0 AppleWebKit/537.36 (KHTML, like Gecko; compatible; ClaudeBot/1.0; +claudebot@anthropic.com)"
74.7.242.22 - - [12/May/2026:06:51:56 +1000] "GET /wp-json/oembed/1.0/embed?format=xml&url=https%3A%2F%2Fwww.coridyan.com%2Fonline-casinos-aus%2F HTTP/2" 200 1458 "https://www.coridyan.com/online-casinos-aus/" "Mozilla/5.0 AppleWebKit/537.36 (KHTML, like Gecko; compatible; GPTBot/1.3; +https://openai.com/gptbot)"
216.73.216.86 - - [12/May/2026:06:51:57 +1000] "GET /?p=52578 HTTP/2" 200 22 "-" "Mozilla/5.0 AppleWebKit/537.36 (KHTML, like Gecko; compatible; ClaudeBot/1.0; +claudebot@anthropic.com)"
216.73.216.86 - - [12/May/2026:06:51:57 +1000] "GET /?p=69396 HTTP/2" 200 22 "-" "Mozilla/5.0 AppleWebKit/537.36 (KHTML, like Gecko; compatible; ClaudeBot/1.0; +claudebot@anthropic.com)"
216.73.216.86 - - [12/May/2026:06:51:58 +1000] "GET /?p=71218 HTTP/2" 200 22 "-" "Mozilla/5.0 AppleWebKit/537.36 (KHTML, like Gecko; compatible; ClaudeBot/1.0; +claudebot@anthropic.com)"
216.73.216.86 - - [12/May/2026:06:51:57 +1000] "GET /products/detail/65310922 HTTP/2" 200 35663 "-" "Mozilla/5.0 AppleWebKit/537.36 (KHTML, like Gecko; compatible; ClaudeBot/1.0; +claudebot@anthropic.com)"
74.7.242.22 - - [12/May/2026:06:51:58 +1000] "GET /wp-json/oembed/1.0/embed?format=xml&url=https%3A%2F%2Fwww.coridyan.com%2Fblackjack-3-online%2F HTTP/2" 200 1439 "https://www.coridyan.com/blackjack-3-online/" "Mozilla/5.0 AppleWebKit/537.36 (KHTML, like Gecko; compatible; GPTBot/1.3; +https://openai.com/gptbot)"
216.73.216.86 - - [12/May/2026:06:51:59 +1000] "GET /?p=52500 HTTP/2" 200 22 "-" "Mozilla/5.0 AppleWebKit/537.36 (KHTML, like Gecko; compatible; ClaudeBot/1.0; +claudebot@anthropic.com)"
65.108.125.120 - - [12/May/2026:06:51:58 +1000] "GET /casino-goldilocks-and-the-wild-bears-betydningslos-gave-arv-wild-play-super-bet-1-innskudd-igang-norske-spillere-beste-kampanjer-indre-sett-2026/ HTTP/1.1" 200 42801 "-" "Mozilla/5.0 (compatible; MJ12bot/v1.4.8; http://mj12bot.com/)"
74.7.242.22 - - [12/May/2026:06:52:01 +1000] "GET /wp-json/oembed/1.0/embed?format=xml&url=https%3A%2F%2Fwww.coridyan.com%2Fbingo-in-lowestoft%2F HTTP/2" 200 22 "https://www.coridyan.com/bingo-in-lowestoft/" "Mozilla/5.0 AppleWebKit/537.36 (KHTML, like Gecko; compatible; GPTBot/1.3; +https://openai.com/gptbot)"
216.73.216.86 - - [12/May/2026:06:52:01 +1000] "GET /products/detail/61369633 HTTP/2" 200 35663 "-" "Mozilla/5.0 AppleWebKit/537.36 (KHTML, like Gecko; compatible; ClaudeBot/1.0; +claudebot@anthropic.com)"
74.7.242.22 - - [12/May/2026:06:52:02 +1000] "GET /wp-json/oembed/1.0/embed?format=xml&url=https%3A%2F%2Fwww.coridyan.com%2Fhigh-variance-slot%2F HTTP/2" 200 1472 "https://www.coridyan.com/high-variance-slot/" "Mozilla/5.0 AppleWebKit/537.36 (KHTML, like Gecko; compatible; GPTBot/1.3; +https://openai.com/gptbot)"
216.73.216.86 - - [12/May/2026:06:52:01 +1000] "GET /products/detail/69211495 HTTP/2" 200 35685 "-" "Mozilla/5.0 AppleWebKit/537.36 (KHTML, like Gecko; compatible; ClaudeBot/1.0; +claudebot@anthropic.com)"
216.73.216.86 - - [12/May/2026:06:52:01 +1000] "GET /products/detail/62059339 HTTP/2" 200 35709 "-" "Mozilla/5.0 AppleWebKit/537.36 (KHTML, like Gecko; compatible; ClaudeBot/1.0; +claudebot@anthropic.com)"
216.73.216.86 - - [12/May/2026:06:52:01 +1000] "GET /products/detail/67777984 HTTP/2" 200 35663 "-" "Mozilla/5.0 AppleWebKit/537.36 (KHTML, like Gecko; compatible; ClaudeBot/1.0; +claudebot@anthropic.com)"
74.7.242.22 - - [12/May/2026:06:52:04 +1000] "GET /wp-json/oembed/1.0/embed?format=xml&url=https%3A%2F%2Fwww.coridyan.com%2Fcasino-deposit-10-bonus%2F HTTP/2" 200 1442 "https://www.coridyan.com/casino-deposit-10-bonus/" "Mozilla/5.0 AppleWebKit/537.36 (KHTML, like Gecko; compatible; GPTBot/1.3; +https://openai.com/gptbot)"
216.73.216.86 - - [12/May/2026:06:52:04 +1000] "GET /products/detail/68112802 HTTP/2" 200 35709 "-" "Mozilla/5.0 AppleWebKit/537.36 (KHTML, like Gecko; compatible; ClaudeBot/1.0; +claudebot@anthropic.com)"
216.73.216.86 - - [12/May/2026:06:52:04 +1000] "GET /products/detail/59928643 HTTP/2" 200 35709 "-" "Mozilla/5.0 AppleWebKit/537.36 (KHTML, like Gecko; compatible; ClaudeBot/1.0; +claudebot@anthropic.com)"
65.108.125.120 - - [12/May/2026:06:52:04 +1000] "GET /casino-house-edge-australia/ HTTP/1.1" 200 40301 "-" "Mozilla/5.0 (compatible; MJ12bot/v1.4.8; http://mj12bot.com/)"
216.73.216.86 - - [12/May/2026:06:52:05 +1000] "GET /products/detail/62068879 HTTP/2" 200 35715 "-" "Mozilla/5.0 AppleWebKit/537.36 (KHTML, like Gecko; compatible; ClaudeBot/1.0; +claudebot@anthropic.com)"
57.141.14.88 - - [12/May/2026:06:52:04 +1000] "GET /products/detail/63775441 HTTP/2" 200 137741 "-" "meta-externalagent/1.1 (+https://developers.facebook.com/docs/sharing/webmasters/crawler)"
216.73.216.86 - - [12/May/2026:06:52:05 +1000] "GET /products/detail/67327552 HTTP/2" 200 35663 "-" "Mozilla/5.0 AppleWebKit/537.36 (KHTML, like Gecko; compatible; ClaudeBot/1.0; +claudebot@anthropic.com)"
74.7.242.22 - - [12/May/2026:06:52:06 +1000] "GET /wp-json/oembed/1.0/embed?format=xml&url=https%3A%2F%2Fwww.coridyan.com%2F20bet-casino-promo-code%2F HTTP/2" 200 1457 "https://www.coridyan.com/20bet-casino-promo-code/" "Mozilla/5.0 AppleWebKit/537.36 (KHTML, like Gecko; compatible; GPTBot/1.3; +https://openai.com/gptbot)"
216.73.216.86 - - [12/May/2026:06:52:07 +1000] "GET /products/detail/69966802 HTTP/2" 200 35709 "-" "Mozilla/5.0 AppleWebKit/537.36 (KHTML, like Gecko; compatible; ClaudeBot/1.0; +claudebot@anthropic.com)"
216.73.216.86 - - [12/May/2026:06:52:07 +1000] "GET /products/detail/65589508 HTTP/2" 200 35663 "-" "Mozilla/5.0 AppleWebKit/537.36 (KHTML, like Gecko; compatible; ClaudeBot/1.0; +claudebot@anthropic.com)"
216.73.216.86 - - [12/May/2026:06:52:08 +1000] "GET /products/detail/69069997 HTTP/2" 200 35663 "-" "Mozilla/5.0 AppleWebKit/537.36 (KHTML, like Gecko; compatible; ClaudeBot/1.0; +claudebot@anthropic.com)"
192.178.4.100 - - [12/May/2026:06:52:07 +1000] "GET /content.php?product/62117434 HTTP/1.1" 200 28702 "-" "Mozilla/5.0 (Linux; Android 6.0.1; Nexus 5X Build/MMB29P) AppleWebKit/537.36 (KHTML, like Gecko) Chrome/147.0.7727.137 Mobile Safari/537.36 (compatible; GoogleOther)"
74.7.242.22 - - [12/May/2026:06:52:08 +1000] "GET /wp-json/oembed/1.0/embed?format=xml&url=https%3A%2F%2Fwww.coridyan.com%2Faustralia-slots-list%2F HTTP/2" 200 1423 "https://www.coridyan.com/australia-slots-list/" "Mozilla/5.0 AppleWebKit/537.36 (KHTML, like Gecko; compatible; GPTBot/1.3; +https://openai.com/gptbot)"
192.178.4.100 - - [12/May/2026:06:52:08 +1000] "GET /?products/detail/62302654 HTTP/1.1" 200 31843 "-" "Mozilla/5.0 (Linux; Android 6.0.1; Nexus 5X Build/MMB29P) AppleWebKit/537.36 (KHTML, like Gecko) Chrome/147.0.7727.137 Mobile Safari/537.36 (compatible; Googlebot/2.1; +http://www.google.com/bot.html)"
216.73.216.86 - - [12/May/2026:06:52:09 +1000] "GET /products/detail/54868663 HTTP/2" 200 35663 "-" "Mozilla/5.0 AppleWebKit/537.36 (KHTML, like Gecko; compatible; ClaudeBot/1.0; +claudebot@anthropic.com)"
65.108.125.120 - - [12/May/2026:06:52:09 +1000] "GET /casino-inte-me-svensk-tillstand-%EF%B8%8F-utprova-utan-spelpaus-ino-gold-rally-slot-bonus-2026-gfar/ HTTP/1.1" 200 41884 "-" "Mozilla/5.0 (compatible; MJ12bot/v1.4.8; http://mj12bot.com/)"
74.7.242.22 - - [12/May/2026:06:52:10 +1000] "GET /wp-json/oembed/1.0/embed?format=xml&url=https%3A%2F%2Fwww.coridyan.com%2Fcasino-deposit-bonus-pay-by-mobile-bill%2F HTTP/2" 200 1471 "https://www.coridyan.com/casino-deposit-bonus-pay-by-mobile-bill/" "Mozilla/5.0 AppleWebKit/537.36 (KHTML, like Gecko; compatible; GPTBot/1.3; +https://openai.com/gptbot)"
216.73.216.86 - - [12/May/2026:06:52:10 +1000] "GET /products/detail/63204292 HTTP/2" 200 35709 "-" "Mozilla/5.0 AppleWebKit/537.36 (KHTML, like Gecko; compatible; ClaudeBot/1.0; +claudebot@anthropic.com)"
216.73.216.86 - - [12/May/2026:06:52:10 +1000] "GET /products/detail/60109435 HTTP/2" 200 35663 "-" "Mozilla/5.0 AppleWebKit/537.36 (KHTML, like Gecko; compatible; ClaudeBot/1.0; +claudebot@anthropic.com)"
216.73.216.86 - - [12/May/2026:06:52:12 +1000] "GET /products/detail/64347490 HTTP/2" 200 35663 "-" "Mozilla/5.0 AppleWebKit/537.36 (KHTML, like Gecko; compatible; ClaudeBot/1.0; +claudebot@anthropic.com)"
192.178.4.101 - - [12/May/2026:06:52:11 +1000] "GET /content.php?product/106193482 HTTP/1.1" 200 29038 "-" "Mozilla/5.0 (Linux; Android 6.0.1; Nexus 5X Build/MMB29P) AppleWebKit/537.36 (KHTML, like Gecko) Chrome/147.0.7727.137 Mobile Safari/537.36 (compatible; Googlebot/2.1; +http://www.google.com/bot.html)"
216.73.216.86 - - [12/May/2026:06:52:12 +1000] "GET /products/detail/65622880 HTTP/2" 200 35663 "-" "Mozilla/5.0 AppleWebKit/537.36 (KHTML, like Gecko; compatible; ClaudeBot/1.0; +claudebot@anthropic.com)"
74.7.242.22 - - [12/May/2026:06:52:12 +1000] "GET /wp-json/oembed/1.0/embed?format=xml&url=https%3A%2F%2Fwww.coridyan.com%2Froo-casino-50-free-spins%2F HTTP/2" 200 1442 "https://www.coridyan.com/roo-casino-50-free-spins/" "Mozilla/5.0 AppleWebKit/537.36 (KHTML, like Gecko; compatible; GPTBot/1.3; +https://openai.com/gptbot)"
216.73.216.86 - - [12/May/2026:06:52:13 +1000] "GET /products/detail/70036705 HTTP/2" 200 35663 "-" "Mozilla/5.0 AppleWebKit/537.36 (KHTML, like Gecko; compatible; ClaudeBot/1.0; +claudebot@anthropic.com)"
74.7.242.22 - - [12/May/2026:06:52:14 +1000] "GET /wp-json/oembed/1.0/embed?format=xml&url=https%3A%2F%2Fwww.coridyan.com%2F75-ball-bingo-real-money%2F HTTP/2" 200 22 "https://www.coridyan.com/75-ball-bingo-real-money/" "Mozilla/5.0 AppleWebKit/537.36 (KHTML, like Gecko; compatible; GPTBot/1.3; +https://openai.com/gptbot)"
57.141.14.44 - - [12/May/2026:06:52:13 +1000] "GET /products/detail/55476829 HTTP/2" 200 137741 "-" "meta-externalagent/1.1 (+https://developers.facebook.com/docs/sharing/webmasters/crawler)"
65.108.125.120 - - [12/May/2026:06:52:14 +1000] "GET /casino-inte-me-svensk-tillstand-%EF%B8%8F-utprova-utan-spelpaus-ino-gold-rally-slot-bonus-2026-gfar/feed/ HTTP/1.1" 200 1064 "-" "Mozilla/5.0 (compatible; MJ12bot/v1.4.8; http://mj12bot.com/)"
216.73.216.86 - - [12/May/2026:06:52:14 +1000] "GET /products/detail/65260855 HTTP/2" 200 35663 "-" "Mozilla/5.0 AppleWebKit/537.36 (KHTML, like Gecko; compatible; ClaudeBot/1.0; +claudebot@anthropic.com)"
216.73.216.86 - - [12/May/2026:06:52:15 +1000] "GET /products/detail/70064641 HTTP/2" 200 35715 "-" "Mozilla/5.0 AppleWebKit/537.36 (KHTML, like Gecko; compatible; ClaudeBot/1.0; +claudebot@anthropic.com)"
216.73.216.86 - - [12/May/2026:06:52:15 +1000] "GET /products/detail/62060302 HTTP/2" 200 35663 "-" "Mozilla/5.0 AppleWebKit/537.36 (KHTML, like Gecko; compatible; ClaudeBot/1.0; +claudebot@anthropic.com)"
74.7.242.22 - - [12/May/2026:06:52:15 +1000] "GET /wp-json/oembed/1.0/embed?format=xml&url=https%3A%2F%2Fwww.coridyan.com%2Ftop-10-free-casino-games%2F HTTP/2" 200 1448 "https://www.coridyan.com/top-10-free-casino-games/" "Mozilla/5.0 AppleWebKit/537.36 (KHTML, like Gecko; compatible; GPTBot/1.3; +https://openai.com/gptbot)"
216.73.216.86 - - [12/May/2026:06:52:17 +1000] "GET /products/detail/63252307 HTTP/2" 200 35663 "-" "Mozilla/5.0 AppleWebKit/537.36 (KHTML, like Gecko; compatible; ClaudeBot/1.0; +claudebot@anthropic.com)"
74.7.242.22 - - [12/May/2026:06:52:17 +1000] "GET /wp-json/oembed/1.0/embed?format=xml&url=https%3A%2F%2Fwww.coridyan.com%2F40-super-hot-slot-casino%2F HTTP/2" 200 1454 "https://www.coridyan.com/40-super-hot-slot-casino/" "Mozilla/5.0 AppleWebKit/537.36 (KHTML, like Gecko; compatible; GPTBot/1.3; +https://openai.com/gptbot)"
216.73.216.86 - - [12/May/2026:06:52:17 +1000] "GET /products/detail/53548876 HTTP/2" 200 35663 "-" "Mozilla/5.0 AppleWebKit/537.36 (KHTML, like Gecko; compatible; ClaudeBot/1.0; +claudebot@anthropic.com)"
216.73.216.86 - - [12/May/2026:06:52:17 +1000] "GET /products/detail/58488265 HTTP/2" 200 35663 "-" "Mozilla/5.0 AppleWebKit/537.36 (KHTML, like Gecko; compatible; ClaudeBot/1.0; +claudebot@anthropic.com)"
65.108.125.120 - - [12/May/2026:06:52:18 +1000] "GET /casino-inte-med-svensk-koncession-samt-spelpaus-2026-%EF%B8%8F-ybets-inloggningsbonus-goplay/ HTTP/1.1" 200 41687 "-" "Mozilla/5.0 (compatible; MJ12bot/v1.4.8; http://mj12bot.com/)"
74.7.242.22 - - [12/May/2026:06:52:19 +1000] "GET /wp-json/oembed/1.0/embed?format=xml&url=https%3A%2F%2Fwww.coridyan.com%2Ftc-check-https-test1-com%2F HTTP/2" 200 1272 "https://www.coridyan.com/tc-check-https-test1-com/" "Mozilla/5.0 AppleWebKit/537.36 (KHTML, like Gecko; compatible; GPTBot/1.3; +https://openai.com/gptbot)"
216.73.216.86 - - [12/May/2026:06:52:20 +1000] "GET /products/detail/68352148 HTTP/2" 200 35663 "-" "Mozilla/5.0 AppleWebKit/537.36 (KHTML, like Gecko; compatible; ClaudeBot/1.0; +claudebot@anthropic.com)"
216.73.216.86 - - [12/May/2026:06:52:20 +1000] "GET /products/detail/68600296 HTTP/2" 200 35663 "-" "Mozilla/5.0 AppleWebKit/537.36 (KHTML, like Gecko; compatible; ClaudeBot/1.0; +claudebot@anthropic.com)"
57.141.14.48 - - [12/May/2026:06:52:20 +1000] "GET /products/detail/63055855 HTTP/2" 200 137741 "-" "meta-externalagent/1.1 (+https://developers.facebook.com/docs/sharing/webmasters/crawler)"
216.73.216.86 - - [12/May/2026:06:52:20 +1000] "GET /products/detail/62350867 HTTP/2" 200 35663 "-" "Mozilla/5.0 AppleWebKit/537.36 (KHTML, like Gecko; compatible; ClaudeBot/1.0; +claudebot@anthropic.com)"
74.7.242.22 - - [12/May/2026:06:52:21 +1000] "GET /wp-json/oembed/1.0/embed?format=xml&url=https%3A%2F%2Fwww.coridyan.com%2F2-deposit-pay-by-mobile-casino-australia%2F HTTP/2" 200 1481 "https://www.coridyan.com/2-deposit-pay-by-mobile-casino-australia/" "Mozilla/5.0 AppleWebKit/537.36 (KHTML, like Gecko; compatible; GPTBot/1.3; +https://openai.com/gptbot)"
65.108.125.120 - - [12/May/2026:06:52:23 +1000] "GET /casino-inte-med-svensk-koncession-samt-spelpaus-2026-%EF%B8%8F-ybets-inloggningsbonus-goplay/feed/ HTTP/1.1" 200 1033 "-" "Mozilla/5.0 (compatible; MJ12bot/v1.4.8; http://mj12bot.com/)"
74.7.242.22 - - [12/May/2026:06:52:24 +1000] "GET /wp-json/oembed/1.0/embed?format=xml&url=https%3A%2F%2Fwww.coridyan.com%2Ff88spins-casino-100-free-spins-australia%2F HTTP/2" 200 1474 "https://www.coridyan.com/f88spins-casino-100-free-spins-australia/" "Mozilla/5.0 AppleWebKit/537.36 (KHTML, like Gecko; compatible; GPTBot/1.3; +https://openai.com/gptbot)"
74.7.242.22 - - [12/May/2026:06:52:26 +1000] "GET /wp-json/oembed/1.0/embed?format=xml&url=https%3A%2F%2Fwww.coridyan.com%2Fcasino-top-10-roulette%2F HTTP/2" 200 1449 "https://www.coridyan.com/casino-top-10-roulette/" "Mozilla/5.0 AppleWebKit/537.36 (KHTML, like Gecko; compatible; GPTBot/1.3; +https://openai.com/gptbot)"
65.108.125.120 - - [12/May/2026:06:52:27 +1000] "GET /casino-inte-med-svensk-person-tillstand-samt-lucky-fortune-cat-videoslot-spelpaus-2026-%EF%B8%8F-goplay/ HTTP/1.1" 200 41429 "-" "Mozilla/5.0 (compatible; MJ12bot/v1.4.8; http://mj12bot.com/)"
74.7.242.22 - - [12/May/2026:06:52:28 +1000] "GET /wp-json/oembed/1.0/embed?format=xml&url=https%3A%2F%2Fwww.coridyan.com%2Fgokong-casino-aud-bonus-2026%2F HTTP/2" 200 1455 "https://www.coridyan.com/gokong-casino-aud-bonus-2026/" "Mozilla/5.0 AppleWebKit/537.36 (KHTML, like Gecko; compatible; GPTBot/1.3; +https://openai.com/gptbot)"
74.7.242.22 - - [12/May/2026:06:52:30 +1000] "GET /wp-json/oembed/1.0/embed?format=xml&url=https%3A%2F%2Fwww.coridyan.com%2Fpharaohs-online-slot-games-supernova-fortune-video-slot-by-the-igt-free-to-play-on-the-internet%2F HTTP/2" 200 1631 "https://www.coridyan.com/pharaohs-online-slot-games-supernova-fortune-video-slot-by-the-igt-free-to-play-on-the-internet/" "Mozilla/5.0 AppleWebKit/537.36 (KHTML, like Gecko; compatible; GPTBot/1.3; +https://openai.com/gptbot)"
74.7.242.22 - - [12/May/2026:06:52:32 +1000] "GET /wp-json/oembed/1.0/embed?format=xml&url=https%3A%2F%2Fwww.coridyan.com%2Fbet-5-get-free-spins%2F HTTP/2" 200 1461 "https://www.coridyan.com/bet-5-get-free-spins/" "Mozilla/5.0 AppleWebKit/537.36 (KHTML, like Gecko; compatible; GPTBot/1.3; +https://openai.com/gptbot)"
65.108.125.120 - - [12/May/2026:06:52:32 +1000] "GET /casino-inte-med-svensk-person-tillstand-samt-lucky-fortune-cat-videoslot-spelpaus-2026-%EF%B8%8F-goplay/feed/ HTTP/1.1" 200 1053 "-" "Mozilla/5.0 (compatible; MJ12bot/v1.4.8; http://mj12bot.com/)"
192.178.4.100 - - [12/May/2026:06:52:31 +1000] "GET /?products/detail/55598815 HTTP/1.1" 200 33729 "-" "Mozilla/5.0 (Linux; Android 6.0.1; Nexus 5X Build/MMB29P) AppleWebKit/537.36 (KHTML, like Gecko) Chrome/147.0.7727.137 Mobile Safari/537.36 (compatible; Googlebot/2.1; +http://www.google.com/bot.html)"
192.178.4.101 - - [12/May/2026:06:52:31 +1000] "GET /?products/detail/62512903 HTTP/1.1" 200 32367 "-" "Mozilla/5.0 (Linux; Android 6.0.1; Nexus 5X Build/MMB29P) AppleWebKit/537.36 (KHTML, like Gecko) Chrome/147.0.7727.137 Mobile Safari/537.36 (compatible; Googlebot/2.1; +http://www.google.com/bot.html)"
74.7.242.22 - - [12/May/2026:06:52:33 +1000] "GET /fantastic-goddess-video-slot-davinci-diamonds-slot-download-enjoy-it-igt-slot-at-no-cost/feed/ HTTP/2" 200 514 "https://www.coridyan.com/fantastic-goddess-video-slot-davinci-diamonds-slot-download-enjoy-it-igt-slot-at-no-cost/" "Mozilla/5.0 AppleWebKit/537.36 (KHTML, like Gecko; compatible; GPTBot/1.3; +https://openai.com/gptbot)"
216.73.216.86 - - [12/May/2026:06:52:33 +1000] "GET /products/detail/63443233 HTTP/2" 200 35663 "-" "Mozilla/5.0 AppleWebKit/537.36 (KHTML, like Gecko; compatible; ClaudeBot/1.0; +claudebot@anthropic.com)"
216.73.216.86 - - [12/May/2026:06:52:33 +1000] "GET /products/detail/63994987 HTTP/2" 200 35709 "-" "Mozilla/5.0 AppleWebKit/537.36 (KHTML, like Gecko; compatible; ClaudeBot/1.0; +claudebot@anthropic.com)"
216.73.216.86 - - [12/May/2026:06:52:33 +1000] "GET /products/detail/70124014 HTTP/2" 200 35715 "-" "Mozilla/5.0 AppleWebKit/537.36 (KHTML, like Gecko; compatible; ClaudeBot/1.0; +claudebot@anthropic.com)"
52.167.144.232 - - [12/May/2026:06:52:33 +1000] "GET /rng-certifie-paiements-securises-comment-les-meilleures-plateformes-allient-equite-du-jeu-et-protection-financiere/ HTTP/2" 200 31663 "-" "Mozilla/5.0 AppleWebKit/537.36 (KHTML, like Gecko; compatible; bingbot/2.0; +http://www.bing.com/bingbot.htm) Chrome/116.0.1938.76 Safari/537.36"
57.141.14.18 - - [12/May/2026:06:52:35 +1000] "GET /products/detail/69176980 HTTP/2" 200 137741 "-" "meta-externalagent/1.1 (+https://developers.facebook.com/docs/sharing/webmasters/crawler)"
74.7.242.22 - - [12/May/2026:06:52:36 +1000] "GET /wp-json/oembed/1.0/embed?format=xml&url=https%3A%2F%2Fwww.coridyan.com%2Ffifty-dragons-slot-machine-video-game-have-and-you-sweet-bonanza-casino-will-remark-from-the-keytocasino%2F HTTP/2" 200 1631 "https://www.coridyan.com/fifty-dragons-slot-machine-video-game-have-and-you-sweet-bonanza-casino-will-remark-from-the-keytocasino/" "Mozilla/5.0 AppleWebKit/537.36 (KHTML, like Gecko; compatible; GPTBot/1.3; +https://openai.com/gptbot)"
65.108.125.120 - - [12/May/2026:06:52:36 +1000] "GET /casino-maklercourtage-exklusive-einzahlung-2026-slot-spiele-hoffmania-beste-no-abschlagzahlung-boni/feed/ HTTP/1.1" 200 1018 "-" "Mozilla/5.0 (compatible; MJ12bot/v1.4.8; http://mj12bot.com/)"
216.73.216.86 - - [12/May/2026:06:52:36 +1000] "GET /products/detail/62019010 HTTP/2" 200 35663 "-" "Mozilla/5.0 AppleWebKit/537.36 (KHTML, like Gecko; compatible; ClaudeBot/1.0; +claudebot@anthropic.com)"
216.73.216.86 - - [12/May/2026:06:52:37 +1000] "GET /products/detail/65646244 HTTP/2" 200 35627 "-" "Mozilla/5.0 AppleWebKit/537.36 (KHTML, like Gecko; compatible; ClaudeBot/1.0; +claudebot@anthropic.com)"
192.178.4.100 - - [12/May/2026:06:52:36 +1000] "GET /content.php?product/73212274 HTTP/1.1" 200 27987 "-" "Mozilla/5.0 (Linux; Android 6.0.1; Nexus 5X Build/MMB29P) AppleWebKit/537.36 (KHTML, like Gecko) Chrome/147.0.7727.137 Mobile Safari/537.36 (compatible; GoogleOther)"
216.73.216.86 - - [12/May/2026:06:52:37 +1000] "GET /products/detail/70015564 HTTP/2" 200 35663 "-" "Mozilla/5.0 AppleWebKit/537.36 (KHTML, like Gecko; compatible; ClaudeBot/1.0; +claudebot@anthropic.com)"
74.7.242.22 - - [12/May/2026:06:52:38 +1000] "GET /wp-json/oembed/1.0/embed?format=xml&url=https%3A%2F%2Fwww.coridyan.com%2Fthunderstruck-dos-slot-enjoy-roaring-seven-luxury-video-slot-machine-game-take-pleasure-in-on-line%2F HTTP/2" 200 1660 "https://www.coridyan.com/thunderstruck-dos-slot-enjoy-roaring-seven-luxury-video-slot-machine-game-take-pleasure-in-on-line/" "Mozilla/5.0 AppleWebKit/537.36 (KHTML, like Gecko; compatible; GPTBot/1.3; +https://openai.com/gptbot)"
216.73.216.86 - - [12/May/2026:06:52:38 +1000] "GET /products/detail/53296579 HTTP/2" 200 35709 "-" "Mozilla/5.0 AppleWebKit/537.36 (KHTML, like Gecko; compatible; ClaudeBot/1.0; +claudebot@anthropic.com)"
57.141.14.24 - - [12/May/2026:06:52:38 +1000] "GET /products/detail/68744314 HTTP/2" 200 137741 "-" "meta-externalagent/1.1 (+https://developers.facebook.com/docs/sharing/webmasters/crawler)"
216.73.216.86 - - [12/May/2026:06:52:39 +1000] "GET /products/detail/56031319 HTTP/2" 200 35663 "-" "Mozilla/5.0 AppleWebKit/537.36 (KHTML, like Gecko; compatible; ClaudeBot/1.0; +claudebot@anthropic.com)"
216.73.216.86 - - [12/May/2026:06:52:39 +1000] "GET /products/detail/66929617 HTTP/2" 200 35663 "-" "Mozilla/5.0 AppleWebKit/537.36 (KHTML, like Gecko; compatible; ClaudeBot/1.0; +claudebot@anthropic.com)"
47.82.11.177 - - [12/May/2026:06:52:40 +1000] "GET /lista-med-sveriges-ultimat-natcasinon/ HTTP/1.1" 200 41511 "https://www.coridyan.com/" "Mozilla/5.0 (X11; Linux x86_64; rv:125.0) Gecko/20100101 Firefox/125.0"
74.7.242.22 - - [12/May/2026:06:52:40 +1000] "GET /wp-json/oembed/1.0/embed?format=xml&url=https%3A%2F%2Fwww.coridyan.com%2Fsiberian-violent-storm-casino-slot-games-free-position-video-game-playing-for-fun-from-the-igt%2F HTTP/2" 200 1639 "https://www.coridyan.com/siberian-violent-storm-casino-slot-games-free-position-video-game-playing-for-fun-from-the-igt/" "Mozilla/5.0 AppleWebKit/537.36 (KHTML, like Gecko; compatible; GPTBot/1.3; +https://openai.com/gptbot)"
65.108.125.120 - - [12/May/2026:06:52:40 +1000] "GET /casino-med-svensk-perso-licens-2026-kika-allihopa-licensierade-casinon/ HTTP/1.1" 200 41307 "-" "Mozilla/5.0 (compatible; MJ12bot/v1.4.8; http://mj12bot.com/)"
216.73.216.86 - - [12/May/2026:06:52:41 +1000] "GET /products/detail/68710132 HTTP/2" 200 35663 "-" "Mozilla/5.0 AppleWebKit/537.36 (KHTML, like Gecko; compatible; ClaudeBot/1.0; +claudebot@anthropic.com)"
216.73.216.86 - - [12/May/2026:06:52:42 +1000] "GET /products/detail/63237340 HTTP/2" 200 35663 "-" "Mozilla/5.0 AppleWebKit/537.36 (KHTML, like Gecko; compatible; ClaudeBot/1.0; +claudebot@anthropic.com)"
216.73.216.86 - - [12/May/2026:06:52:42 +1000] "GET /products/detail/55397935 HTTP/2" 200 35663 "-" "Mozilla/5.0 AppleWebKit/537.36 (KHTML, like Gecko; compatible; ClaudeBot/1.0; +claudebot@anthropic.com)"
74.7.242.22 - - [12/May/2026:06:52:42 +1000] "GET /wp-json/oembed/1.0/embed?format=xml&url=https%3A%2F%2Fwww.coridyan.com%2Ftop-10-mobile-gambling-enterprises-casino-bob-legit-real-money-video-game-in-the-2026%2F HTTP/2" 200 1624 "https://www.coridyan.com/top-10-mobile-gambling-enterprises-casino-bob-legit-real-money-video-game-in-the-2026/" "Mozilla/5.0 AppleWebKit/537.36 (KHTML, like Gecko; compatible; GPTBot/1.3; +https://openai.com/gptbot)"
192.178.4.100 - - [12/May/2026:06:52:41 +1000] "GET /?products/detail/60979582 HTTP/1.1" 200 32288 "-" "Mozilla/5.0 (Linux; Android 6.0.1; Nexus 5X Build/MMB29P) AppleWebKit/537.36 (KHTML, like Gecko) Chrome/147.0.7727.137 Mobile Safari/537.36 (compatible; Googlebot/2.1; +http://www.google.com/bot.html)"
216.73.216.86 - - [12/May/2026:06:52:43 +1000] "GET /products/detail/68993389 HTTP/2" 200 35663 "-" "Mozilla/5.0 AppleWebKit/537.36 (KHTML, like Gecko; compatible; ClaudeBot/1.0; +claudebot@anthropic.com)"
216.73.216.86 - - [12/May/2026:06:52:44 +1000] "GET /products/detail/69735106 HTTP/2" 200 35663 "-" "Mozilla/5.0 AppleWebKit/537.36 (KHTML, like Gecko; compatible; ClaudeBot/1.0; +claudebot@anthropic.com)"
216.73.216.86 - - [12/May/2026:06:52:44 +1000] "GET /products/detail/66058588 HTTP/2" 200 35709 "-" "Mozilla/5.0 AppleWebKit/537.36 (KHTML, like Gecko; compatible; ClaudeBot/1.0; +claudebot@anthropic.com)"
216.73.216.86 - - [12/May/2026:06:52:44 +1000] "GET /products/detail/62310313 HTTP/2" 200 35715 "-" "Mozilla/5.0 AppleWebKit/537.36 (KHTML, like Gecko; compatible; ClaudeBot/1.0; +claudebot@anthropic.com)"
74.7.242.22 - - [12/May/2026:06:52:44 +1000] "GET /wp-json/oembed/1.0/embed?format=xml&url=https%3A%2F%2Fwww.coridyan.com%2Fchoy-sunlight-doa-gambling-50-free-revolves-marco-polo-egyptian-rebirth-live-springbok-casino-position-totally-free-revolves-team-on-the-web-games-advice-%25e5%2585%2583%25e5%25bc%2581%25e8%25ad%25b7%25e5%25a3%25ab%25e3%2583%25bb%2F HTTP/2" 200 1861 "https://www.coridyan.com/choy-sunlight-doa-gambling-50-free-revolves-marco-polo-egyptian-rebirth-live-springbok-casino-position-totally-free-revolves-team-on-the-web-games-advice-%e5%85%83%e5%bc%81%e8%ad%b7%e5%a3%ab%e3%83%bb/" "Mozilla/5.0 AppleWebKit/537.36 (KHTML, like Gecko; compatible; GPTBot/1.3; +https://openai.com/gptbot)"
65.108.125.120 - - [12/May/2026:06:52:45 +1000] "GET /casino-non-aams-policies-cosa-devi-sapere-2/feed/ HTTP/1.1" 200 963 "-" "Mozilla/5.0 (compatible; MJ12bot/v1.4.8; http://mj12bot.com/)"
216.73.216.86 - - [12/May/2026:06:52:46 +1000] "GET /products/detail/67252555 HTTP/2" 200 35715 "-" "Mozilla/5.0 AppleWebKit/537.36 (KHTML, like Gecko; compatible; ClaudeBot/1.0; +claudebot@anthropic.com)"
216.73.216.86 - - [12/May/2026:06:52:46 +1000] "GET /products/detail/64475983 HTTP/2" 200 35715 "-" "Mozilla/5.0 AppleWebKit/537.36 (KHTML, like Gecko; compatible; ClaudeBot/1.0; +claudebot@anthropic.com)"
216.73.216.86 - - [12/May/2026:06:52:46 +1000] "GET /products/detail/54085753 HTTP/2" 200 35709 "-" "Mozilla/5.0 AppleWebKit/537.36 (KHTML, like Gecko; compatible; ClaudeBot/1.0; +claudebot@anthropic.com)"
74.7.242.22 - - [12/May/2026:06:52:47 +1000] "GET /wp-json/oembed/1.0/embed?format=xml&url=https%3A%2F%2Fwww.coridyan.com%2Famerican-express-casino-refer-a-friend-casino-australia%2F HTTP/2" 200 1459 "https://www.coridyan.com/american-express-casino-refer-a-friend-casino-australia/" "Mozilla/5.0 AppleWebKit/537.36 (KHTML, like Gecko; compatible; GPTBot/1.3; +https://openai.com/gptbot)"
216.73.216.86 - - [12/May/2026:06:52:47 +1000] "GET /products/detail/53560189 HTTP/2" 200 35663 "-" "Mozilla/5.0 AppleWebKit/537.36 (KHTML, like Gecko; compatible; ClaudeBot/1.0; +claudebot@anthropic.com)"
57.141.14.108 - - [12/May/2026:06:52:47 +1000] "GET /products/detail/56327941 HTTP/2" 200 137741 "-" "meta-externalagent/1.1 (+https://developers.facebook.com/docs/sharing/webmasters/crawler)"
216.73.216.86 - - [12/May/2026:06:52:48 +1000] "GET /products/detail/66833650 HTTP/2" 200 35663 "-" "Mozilla/5.0 AppleWebKit/537.36 (KHTML, like Gecko; compatible; ClaudeBot/1.0; +claudebot@anthropic.com)"
216.73.216.86 - - [12/May/2026:06:52:49 +1000] "GET /products/detail/68907997 HTTP/2" 200 35663 "-" "Mozilla/5.0 AppleWebKit/537.36 (KHTML, like Gecko; compatible; ClaudeBot/1.0; +claudebot@anthropic.com)"
216.73.216.86 - - [12/May/2026:06:52:49 +1000] "GET /products/detail/52950367 HTTP/2" 200 35715 "-" "Mozilla/5.0 AppleWebKit/537.36 (KHTML, like Gecko; compatible; ClaudeBot/1.0; +claudebot@anthropic.com)"
74.7.242.22 - - [12/May/2026:06:52:49 +1000] "GET /wp-json/oembed/1.0/embed?format=xml&url=https%3A%2F%2Fwww.coridyan.com%2Fbums-casino-online-testa-livecasino-med-riktiga-dealers%2F HTTP/2" 200 1632 "https://www.coridyan.com/bums-casino-online-testa-livecasino-med-riktiga-dealers/" "Mozilla/5.0 AppleWebKit/537.36 (KHTML, like Gecko; compatible; GPTBot/1.3; +https://openai.com/gptbot)"
216.73.216.86 - - [12/May/2026:06:52:49 +1000] "GET /products/detail/62073235 HTTP/2" 200 35709 "-" "Mozilla/5.0 AppleWebKit/537.36 (KHTML, like Gecko; compatible; ClaudeBot/1.0; +claudebot@anthropic.com)"
65.108.125.120 - - [12/May/2026:06:52:49 +1000] "GET /casino-non-aams-policies-cosa-devi-sapere-3/feed/ HTTP/1.1" 200 964 "-" "Mozilla/5.0 (compatible; MJ12bot/v1.4.8; http://mj12bot.com/)"
216.73.216.86 - - [12/May/2026:06:52:51 +1000] "GET /products/detail/55023769 HTTP/2" 200 35663 "-" "Mozilla/5.0 AppleWebKit/537.36 (KHTML, like Gecko; compatible; ClaudeBot/1.0; +claudebot@anthropic.com)"
74.7.242.22 - - [12/May/2026:06:52:51 +1000] "GET /wp-json/oembed/1.0/embed?format=xml&url=https%3A%2F%2Fwww.coridyan.com%2Fbest-samsung-pay-casino-refer-a-friend-casino-australia%2F HTTP/2" 200 1456 "https://www.coridyan.com/best-samsung-pay-casino-refer-a-friend-casino-australia/" "Mozilla/5.0 AppleWebKit/537.36 (KHTML, like Gecko; compatible; GPTBot/1.3; +https://openai.com/gptbot)"
216.73.216.86 - - [12/May/2026:06:52:51 +1000] "GET /products/detail/64310860 HTTP/2" 200 35663 "-" "Mozilla/5.0 AppleWebKit/537.36 (KHTML, like Gecko; compatible; ClaudeBot/1.0; +claudebot@anthropic.com)"
216.73.216.86 - - [12/May/2026:06:52:51 +1000] "GET /products/detail/58974544 HTTP/2" 200 35663 "-" "Mozilla/5.0 AppleWebKit/537.36 (KHTML, like Gecko; compatible; ClaudeBot/1.0; +claudebot@anthropic.com)"
216.73.216.86 - - [12/May/2026:06:52:52 +1000] "GET /products/detail/63306973 HTTP/2" 200 35663 "-" "Mozilla/5.0 AppleWebKit/537.36 (KHTML, like Gecko; compatible; ClaudeBot/1.0; +claudebot@anthropic.com)"
216.73.216.86 - - [12/May/2026:06:52:52 +1000] "GET /products/detail/68247883 HTTP/2" 200 35663 "-" "Mozilla/5.0 AppleWebKit/537.36 (KHTML, like Gecko; compatible; ClaudeBot/1.0; +claudebot@anthropic.com)"
216.73.216.86 - - [12/May/2026:06:52:53 +1000] "GET /products/detail/65087668 HTTP/2" 200 35663 "-" "Mozilla/5.0 AppleWebKit/537.36 (KHTML, like Gecko; compatible; ClaudeBot/1.0; +claudebot@anthropic.com)"
74.7.242.22 - - [12/May/2026:06:52:53 +1000] "GET /wp-json/oembed/1.0/embed?format=xml&url=https%3A%2F%2Fwww.coridyan.com%2Fbest-samsung-pay-casino-birthday-bonus-casino-australia%2F HTTP/2" 200 1472 "https://www.coridyan.com/best-samsung-pay-casino-birthday-bonus-casino-australia/" "Mozilla/5.0 AppleWebKit/537.36 (KHTML, like Gecko; compatible; GPTBot/1.3; +https://openai.com/gptbot)"
216.73.216.86 - - [12/May/2026:06:52:53 +1000] "GET /products/detail/61679008 HTTP/2" 200 35663 "-" "Mozilla/5.0 AppleWebKit/537.36 (KHTML, like Gecko; compatible; ClaudeBot/1.0; +claudebot@anthropic.com)"
65.108.125.120 - - [12/May/2026:06:52:53 +1000] "GET /casino-non-aams-policies-cosa-devi-sapere-4/feed/ HTTP/1.1" 200 964 "-" "Mozilla/5.0 (compatible; MJ12bot/v1.4.8; http://mj12bot.com/)"
216.73.216.86 - - [12/May/2026:06:52:54 +1000] "GET /products/detail/53328709 HTTP/2" 200 35663 "-" "Mozilla/5.0 AppleWebKit/537.36 (KHTML, like Gecko; compatible; ClaudeBot/1.0; +claudebot@anthropic.com)"
216.73.216.86 - - [12/May/2026:06:52:54 +1000] "GET /products/detail/64497907 HTTP/2" 200 35663 "-" "Mozilla/5.0 AppleWebKit/537.36 (KHTML, like Gecko; compatible; ClaudeBot/1.0; +claudebot@anthropic.com)"
216.73.216.86 - - [12/May/2026:06:52:54 +1000] "GET /products/detail/68069206 HTTP/2" 200 35709 "-" "Mozilla/5.0 AppleWebKit/537.36 (KHTML, like Gecko; compatible; ClaudeBot/1.0; +claudebot@anthropic.com)"
74.7.242.22 - - [12/May/2026:06:52:55 +1000] "GET /wp-json/oembed/1.0/embed?format=xml&url=https%3A%2F%2Fwww.coridyan.com%2Fcasinon-online-ultimata-svenska-sprake-casinon-klicka-for-info-gallande-natet-2026%2F HTTP/2" 200 1740 "https://www.coridyan.com/casinon-online-ultimata-svenska-sprake-casinon-klicka-for-info-gallande-natet-2026/" "Mozilla/5.0 AppleWebKit/537.36 (KHTML, like Gecko; compatible; GPTBot/1.3; +https://openai.com/gptbot)"
216.73.216.86 - - [12/May/2026:06:52:55 +1000] "GET /products/detail/70210261 HTTP/2" 200 35663 "-" "Mozilla/5.0 AppleWebKit/537.36 (KHTML, like Gecko; compatible; ClaudeBot/1.0; +claudebot@anthropic.com)"
216.73.216.86 - - [12/May/2026:06:52:55 +1000] "GET /products/detail/56021671 HTTP/2" 200 35663 "-" "Mozilla/5.0 AppleWebKit/537.36 (KHTML, like Gecko; compatible; ClaudeBot/1.0; +claudebot@anthropic.com)"
216.73.216.86 - - [12/May/2026:06:52:56 +1000] "GET /products/detail/64412416 HTTP/2" 200 35715 "-" "Mozilla/5.0 AppleWebKit/537.36 (KHTML, like Gecko; compatible; ClaudeBot/1.0; +claudebot@anthropic.com)"
216.73.216.86 - - [12/May/2026:06:52:56 +1000] "GET /products/detail/53512975 HTTP/2" 200 35663 "-" "Mozilla/5.0 AppleWebKit/537.36 (KHTML, like Gecko; compatible; ClaudeBot/1.0; +claudebot@anthropic.com)"
74.7.242.22 - - [12/May/2026:06:52:57 +1000] "GET /wp-json/oembed/1.0/embed?format=xml&url=https%3A%2F%2Fwww.coridyan.com%2Ftop-pay-by-mobile-casino-sites-australia%2F HTTP/2" 200 1473 "https://www.coridyan.com/top-pay-by-mobile-casino-sites-australia/" "Mozilla/5.0 AppleWebKit/537.36 (KHTML, like Gecko; compatible; GPTBot/1.3; +https://openai.com/gptbot)"
216.73.216.86 - - [12/May/2026:06:52:57 +1000] "GET /products/detail/68524696 HTTP/2" 200 35663 "-" "Mozilla/5.0 AppleWebKit/537.36 (KHTML, like Gecko; compatible; ClaudeBot/1.0; +claudebot@anthropic.com)"
216.73.216.86 - - [12/May/2026:06:52:57 +1000] "GET /products/detail/70153471 HTTP/2" 200 35663 "-" "Mozilla/5.0 AppleWebKit/537.36 (KHTML, like Gecko; compatible; ClaudeBot/1.0; +claudebot@anthropic.com)"
216.73.216.86 - - [12/May/2026:06:52:58 +1000] "GET /products/detail/64895698 HTTP/2" 200 35663 "-" "Mozilla/5.0 AppleWebKit/537.36 (KHTML, like Gecko; compatible; ClaudeBot/1.0; +claudebot@anthropic.com)"
216.73.216.86 - - [12/May/2026:06:52:58 +1000] "GET /products/detail/61648804 HTTP/2" 200 35709 "-" "Mozilla/5.0 AppleWebKit/537.36 (KHTML, like Gecko; compatible; ClaudeBot/1.0; +claudebot@anthropic.com)"
216.73.216.86 - - [12/May/2026:06:52:58 +1000] "GET /products/detail/63196327 HTTP/2" 200 35663 "-" "Mozilla/5.0 AppleWebKit/537.36 (KHTML, like Gecko; compatible; ClaudeBot/1.0; +claudebot@anthropic.com)"
65.108.125.120 - - [12/May/2026:06:52:58 +1000] "GET /casino-non-aams-policies-cosa-devi-sapere-5/feed/ HTTP/1.1" 200 964 "-" "Mozilla/5.0 (compatible; MJ12bot/v1.4.8; http://mj12bot.com/)"
216.73.216.86 - - [12/May/2026:06:52:58 +1000] "GET /products/detail/61296985 HTTP/2" 200 35663 "-" "Mozilla/5.0 AppleWebKit/537.36 (KHTML, like Gecko; compatible; ClaudeBot/1.0; +claudebot@anthropic.com)"
74.7.242.22 - - [12/May/2026:06:52:59 +1000] "GET /wp-json/oembed/1.0/embed?format=xml&url=https%3A%2F%2Fwww.coridyan.com%2Fbest-mastercard-casino-no-verification-casino-australia%2F HTTP/2" 200 1468 "https://www.coridyan.com/best-mastercard-casino-no-verification-casino-australia/" "Mozilla/5.0 AppleWebKit/537.36 (KHTML, like Gecko; compatible; GPTBot/1.3; +https://openai.com/gptbot)"
216.73.216.86 - - [12/May/2026:06:53:00 +1000] "GET /products/detail/58478698 HTTP/2" 200 35715 "-" "Mozilla/5.0 AppleWebKit/537.36 (KHTML, like Gecko; compatible; ClaudeBot/1.0; +claudebot@anthropic.com)"
216.73.216.86 - - [12/May/2026:06:53:00 +1000] "GET /products/detail/53752033 HTTP/2" 200 35709 "-" "Mozilla/5.0 AppleWebKit/537.36 (KHTML, like Gecko; compatible; ClaudeBot/1.0; +claudebot@anthropic.com)"
216.73.216.86 - - [12/May/2026:06:53:00 +1000] "GET /products/detail/64090216 HTTP/2" 200 35663 "-" "Mozilla/5.0 AppleWebKit/537.36 (KHTML, like Gecko; compatible; ClaudeBot/1.0; +claudebot@anthropic.com)"
216.73.216.86 - - [12/May/2026:06:53:00 +1000] "GET /products/detail/62057683 HTTP/2" 200 35663 "-" "Mozilla/5.0 AppleWebKit/537.36 (KHTML, like Gecko; compatible; ClaudeBot/1.0; +claudebot@anthropic.com)"
