74.7.241.16 - - [12/May/2026:05:52:35 +1000] "GET /wp-json/oembed/1.0/embed?format=xml&url=https%3A%2F%2Fwww.coridyan.com%2Fgold-rush-city-5-south-casino-og-mobile-carolina-no-deposit-bonuses-allege-100-percent-free-sc%2F HTTP/2" 200 1652 "https://www.coridyan.com/gold-rush-city-5-south-casino-og-mobile-carolina-no-deposit-bonuses-allege-100-percent-free-sc/" "Mozilla/5.0 AppleWebKit/537.36 (KHTML, like Gecko; compatible; GPTBot/1.3; +https://openai.com/gptbot)"
57.141.14.37 - - [12/May/2026:05:52:36 +1000] "GET /products/detail/52999444 HTTP/2" 200 137741 "-" "meta-externalagent/1.1 (+https://developers.facebook.com/docs/sharing/webmasters/crawler)"
216.73.216.86 - - [12/May/2026:05:52:36 +1000] "GET /products/detail/66571030 HTTP/2" 200 35663 "-" "Mozilla/5.0 AppleWebKit/537.36 (KHTML, like Gecko; compatible; ClaudeBot/1.0; +claudebot@anthropic.com)"
216.73.216.86 - - [12/May/2026:05:52:36 +1000] "GET /products/detail/61164199 HTTP/2" 200 35715 "-" "Mozilla/5.0 AppleWebKit/537.36 (KHTML, like Gecko; compatible; ClaudeBot/1.0; +claudebot@anthropic.com)"
216.73.216.86 - - [12/May/2026:05:52:36 +1000] "GET /products/detail/63766387 HTTP/2" 200 35709 "-" "Mozilla/5.0 AppleWebKit/537.36 (KHTML, like Gecko; compatible; ClaudeBot/1.0; +claudebot@anthropic.com)"
216.73.216.86 - - [12/May/2026:05:52:36 +1000] "GET /products/detail/55059013 HTTP/2" 200 35709 "-" "Mozilla/5.0 AppleWebKit/537.36 (KHTML, like Gecko; compatible; ClaudeBot/1.0; +claudebot@anthropic.com)"
216.73.216.86 - - [12/May/2026:05:52:29 +1000] "GET /consuming-attention-a-great-feature-filled-slot/feed/ HTTP/2" 200 467 "-" "Mozilla/5.0 AppleWebKit/537.36 (KHTML, like Gecko; compatible; ClaudeBot/1.0; +claudebot@anthropic.com)"
216.73.216.86 - - [12/May/2026:05:52:39 +1000] "GET /products/detail/67530214 HTTP/2" 200 35715 "-" "Mozilla/5.0 AppleWebKit/537.36 (KHTML, like Gecko; compatible; ClaudeBot/1.0; +claudebot@anthropic.com)"
216.73.216.86 - - [12/May/2026:05:52:39 +1000] "GET /products/detail/53050708 HTTP/2" 200 35663 "-" "Mozilla/5.0 AppleWebKit/537.36 (KHTML, like Gecko; compatible; ClaudeBot/1.0; +claudebot@anthropic.com)"
216.73.216.86 - - [12/May/2026:05:52:39 +1000] "GET /products/detail/66325168 HTTP/2" 200 35663 "-" "Mozilla/5.0 AppleWebKit/537.36 (KHTML, like Gecko; compatible; ClaudeBot/1.0; +claudebot@anthropic.com)"
216.73.216.86 - - [12/May/2026:05:52:39 +1000] "GET /products/detail/67750444 HTTP/2" 200 35709 "-" "Mozilla/5.0 AppleWebKit/537.36 (KHTML, like Gecko; compatible; ClaudeBot/1.0; +claudebot@anthropic.com)"
216.73.216.86 - - [12/May/2026:05:52:42 +1000] "GET /products/detail/69364999 HTTP/2" 200 35715 "-" "Mozilla/5.0 AppleWebKit/537.36 (KHTML, like Gecko; compatible; ClaudeBot/1.0; +claudebot@anthropic.com)"
216.73.216.86 - - [12/May/2026:05:52:42 +1000] "GET /products/detail/59532310 HTTP/2" 200 35715 "-" "Mozilla/5.0 AppleWebKit/537.36 (KHTML, like Gecko; compatible; ClaudeBot/1.0; +claudebot@anthropic.com)"
216.73.216.86 - - [12/May/2026:05:52:42 +1000] "GET /products/detail/60181336 HTTP/2" 200 35691 "-" "Mozilla/5.0 AppleWebKit/537.36 (KHTML, like Gecko; compatible; ClaudeBot/1.0; +claudebot@anthropic.com)"
74.7.241.16 - - [12/May/2026:05:52:37 +1000] "GET /21-fotos-vom-tagesordnungspunkt-spiel-billionairespin-login-tus-helene-kurz-vorweg-diesem-stiege/feed/ HTTP/2" 200 527 "https://www.coridyan.com/21-fotos-vom-tagesordnungspunkt-spiel-billionairespin-login-tus-helene-kurz-vorweg-diesem-stiege/" "Mozilla/5.0 AppleWebKit/537.36 (KHTML, like Gecko; compatible; GPTBot/1.3; +https://openai.com/gptbot)"
216.73.216.86 - - [12/May/2026:05:52:42 +1000] "GET /products/detail/58561534 HTTP/2" 200 35663 "-" "Mozilla/5.0 AppleWebKit/537.36 (KHTML, like Gecko; compatible; ClaudeBot/1.0; +claudebot@anthropic.com)"
192.178.4.101 - - [12/May/2026:05:52:41 +1000] "GET /?products/detail/60007789 HTTP/1.1" 200 31667 "-" "Mozilla/5.0 (Linux; Android 6.0.1; Nexus 5X Build/MMB29P) AppleWebKit/537.36 (KHTML, like Gecko) Chrome/147.0.7727.137 Mobile Safari/537.36 (compatible; Googlebot/2.1; +http://www.google.com/bot.html)"
216.73.216.86 - - [12/May/2026:05:52:44 +1000] "GET /products/detail/62450560 HTTP/2" 200 35663 "-" "Mozilla/5.0 AppleWebKit/537.36 (KHTML, like Gecko; compatible; ClaudeBot/1.0; +claudebot@anthropic.com)"
216.73.216.86 - - [12/May/2026:05:52:44 +1000] "GET /products/detail/55325179 HTTP/2" 200 35709 "-" "Mozilla/5.0 AppleWebKit/537.36 (KHTML, like Gecko; compatible; ClaudeBot/1.0; +claudebot@anthropic.com)"
216.73.216.86 - - [12/May/2026:05:52:44 +1000] "GET /products/detail/60834961 HTTP/2" 200 35709 "-" "Mozilla/5.0 AppleWebKit/537.36 (KHTML, like Gecko; compatible; ClaudeBot/1.0; +claudebot@anthropic.com)"
74.7.241.16 - - [12/May/2026:05:52:44 +1000] "GET /wp-json/oembed/1.0/embed?format=xml&url=https%3A%2F%2Fwww.coridyan.com%2Ffinest-sites-50-lions-slot-to-own-2026%2F HTTP/2" 200 1583 "https://www.coridyan.com/finest-sites-50-lions-slot-to-own-2026/" "Mozilla/5.0 AppleWebKit/537.36 (KHTML, like Gecko; compatible; GPTBot/1.3; +https://openai.com/gptbot)"
216.73.216.86 - - [12/May/2026:05:52:45 +1000] "GET /products/detail/56863081 HTTP/2" 200 35709 "-" "Mozilla/5.0 AppleWebKit/537.36 (KHTML, like Gecko; compatible; ClaudeBot/1.0; +claudebot@anthropic.com)"
216.73.216.86 - - [12/May/2026:05:52:46 +1000] "GET /products/detail/60616999 HTTP/2" 200 35709 "-" "Mozilla/5.0 AppleWebKit/537.36 (KHTML, like Gecko; compatible; ClaudeBot/1.0; +claudebot@anthropic.com)"
216.73.216.86 - - [12/May/2026:05:52:47 +1000] "GET /products/detail/60556690 HTTP/2" 200 35621 "-" "Mozilla/5.0 AppleWebKit/537.36 (KHTML, like Gecko; compatible; ClaudeBot/1.0; +claudebot@anthropic.com)"
216.73.216.86 - - [12/May/2026:05:52:47 +1000] "GET /products/detail/57020905 HTTP/2" 200 35663 "-" "Mozilla/5.0 AppleWebKit/537.36 (KHTML, like Gecko; compatible; ClaudeBot/1.0; +claudebot@anthropic.com)"
74.7.241.16 - - [12/May/2026:05:52:47 +1000] "GET /wp-json/oembed/1.0/embed?format=xml&url=https%3A%2F%2Fwww.coridyan.com%2Fenjoy-on-the-top-gaming-web-site-in-the-usa%2F HTTP/2" 200 1560 "https://www.coridyan.com/enjoy-on-the-top-gaming-web-site-in-the-usa/" "Mozilla/5.0 AppleWebKit/537.36 (KHTML, like Gecko; compatible; GPTBot/1.3; +https://openai.com/gptbot)"
216.73.216.86 - - [12/May/2026:05:52:47 +1000] "GET /products/detail/61523551 HTTP/2" 200 35663 "-" "Mozilla/5.0 AppleWebKit/537.36 (KHTML, like Gecko; compatible; ClaudeBot/1.0; +claudebot@anthropic.com)"
216.73.216.86 - - [12/May/2026:05:52:48 +1000] "GET /products/detail/53712721 HTTP/2" 200 35645 "-" "Mozilla/5.0 AppleWebKit/537.36 (KHTML, like Gecko; compatible; ClaudeBot/1.0; +claudebot@anthropic.com)"
74.7.241.16 - - [12/May/2026:05:52:49 +1000] "GET /wp-json/oembed/1.0/embed?format=xml&url=https%3A%2F%2Fwww.coridyan.com%2Fqueen-of-ones-nile-slot-an-entire-opinion-enchanted-prince-online-slot-games-dead-or-alive-also-offers-successful-advice%2F HTTP/2" 200 1723 "https://www.coridyan.com/queen-of-ones-nile-slot-an-entire-opinion-enchanted-prince-online-slot-games-dead-or-alive-also-offers-successful-advice/" "Mozilla/5.0 AppleWebKit/537.36 (KHTML, like Gecko; compatible; GPTBot/1.3; +https://openai.com/gptbot)"
57.141.14.26 - - [12/May/2026:05:52:48 +1000] "GET /products/detail/54286480 HTTP/2" 200 137741 "-" "meta-externalagent/1.1 (+https://developers.facebook.com/docs/sharing/webmasters/crawler)"
216.73.216.86 - - [12/May/2026:05:52:49 +1000] "GET /products/detail/60450931 HTTP/2" 200 35663 "-" "Mozilla/5.0 AppleWebKit/537.36 (KHTML, like Gecko; compatible; ClaudeBot/1.0; +claudebot@anthropic.com)"
216.73.216.86 - - [12/May/2026:05:52:49 +1000] "GET /products/detail/61059214 HTTP/2" 200 35691 "-" "Mozilla/5.0 AppleWebKit/537.36 (KHTML, like Gecko; compatible; ClaudeBot/1.0; +claudebot@anthropic.com)"
216.73.216.86 - - [12/May/2026:05:52:49 +1000] "GET /products/detail/66263824 HTTP/2" 200 35663 "-" "Mozilla/5.0 AppleWebKit/537.36 (KHTML, like Gecko; compatible; ClaudeBot/1.0; +claudebot@anthropic.com)"
74.7.241.16 - - [12/May/2026:05:52:51 +1000] "GET /wp-json/oembed/1.0/embed?format=xml&url=https%3A%2F%2Fwww.coridyan.com%2Ftransparent-slots-australia-2026%2F HTTP/2" 200 1462 "https://www.coridyan.com/transparent-slots-australia-2026/" "Mozilla/5.0 AppleWebKit/537.36 (KHTML, like Gecko; compatible; GPTBot/1.3; +https://openai.com/gptbot)"
216.73.216.86 - - [12/May/2026:05:52:51 +1000] "GET /products/detail/55322857 HTTP/2" 200 35709 "-" "Mozilla/5.0 AppleWebKit/537.36 (KHTML, like Gecko; compatible; ClaudeBot/1.0; +claudebot@anthropic.com)"
216.73.216.86 - - [12/May/2026:05:52:51 +1000] "GET /products/detail/64253404 HTTP/2" 200 35709 "-" "Mozilla/5.0 AppleWebKit/537.36 (KHTML, like Gecko; compatible; ClaudeBot/1.0; +claudebot@anthropic.com)"
216.73.216.86 - - [12/May/2026:05:52:51 +1000] "GET /products/detail/69762070 HTTP/2" 200 35663 "-" "Mozilla/5.0 AppleWebKit/537.36 (KHTML, like Gecko; compatible; ClaudeBot/1.0; +claudebot@anthropic.com)"
216.73.216.86 - - [12/May/2026:05:52:53 +1000] "GET /products/detail/58789000 HTTP/2" 200 35663 "-" "Mozilla/5.0 AppleWebKit/537.36 (KHTML, like Gecko; compatible; ClaudeBot/1.0; +claudebot@anthropic.com)"
74.7.241.16 - - [12/May/2026:05:52:53 +1000] "GET /wp-json/oembed/1.0/embed?format=xml&url=https%3A%2F%2Fwww.coridyan.com%2Fmacau365-casino-no-deposit-bonus-codes-2026%2F HTTP/2" 200 1486 "https://www.coridyan.com/macau365-casino-no-deposit-bonus-codes-2026/" "Mozilla/5.0 AppleWebKit/537.36 (KHTML, like Gecko; compatible; GPTBot/1.3; +https://openai.com/gptbot)"
216.73.216.86 - - [12/May/2026:05:52:53 +1000] "GET /products/detail/59581657 HTTP/2" 200 35663 "-" "Mozilla/5.0 AppleWebKit/537.36 (KHTML, like Gecko; compatible; ClaudeBot/1.0; +claudebot@anthropic.com)"
216.73.216.86 - - [12/May/2026:05:52:54 +1000] "GET /products/detail/56682613 HTTP/2" 200 35709 "-" "Mozilla/5.0 AppleWebKit/537.36 (KHTML, like Gecko; compatible; ClaudeBot/1.0; +claudebot@anthropic.com)"
216.73.216.86 - - [12/May/2026:05:52:54 +1000] "GET /products/detail/53040583 HTTP/2" 200 35645 "-" "Mozilla/5.0 AppleWebKit/537.36 (KHTML, like Gecko; compatible; ClaudeBot/1.0; +claudebot@anthropic.com)"
57.141.14.28 - - [12/May/2026:05:52:54 +1000] "GET /products/detail/57367000 HTTP/2" 200 137741 "-" "meta-externalagent/1.1 (+https://developers.facebook.com/docs/sharing/webmasters/crawler)"
74.7.241.16 - - [12/May/2026:05:52:55 +1000] "GET /wp-json/oembed/1.0/embed?format=xml&url=https%3A%2F%2Fwww.coridyan.com%2Fonline-kaszino-minimum-befizetes-2000-ft-2026%2F HTTP/2" 200 1630 "https://www.coridyan.com/online-kaszino-minimum-befizetes-2000-ft-2026/" "Mozilla/5.0 AppleWebKit/537.36 (KHTML, like Gecko; compatible; GPTBot/1.3; +https://openai.com/gptbot)"
216.73.216.86 - - [12/May/2026:05:52:56 +1000] "GET /no-deposit-jackpot-city-local-casino-bonuses-laws-for-canadian-king-of-ones-nile-position-for-manhattan-slots-mobile-casino-app-cash-people-2026/feed/ HTTP/2" 200 589 "-" "Mozilla/5.0 AppleWebKit/537.36 (KHTML, like Gecko; compatible; ClaudeBot/1.0; +claudebot@anthropic.com)"
216.73.216.86 - - [12/May/2026:05:52:56 +1000] "GET /25-giros-gratuito-usando-objetivo-de-tragaperras-de-king-of-cards-abertura-revision-casinos-en-internet-golden-tiger-maquina-tragamonedas-2026/feed/ HTTP/2" 200 578 "-" "Mozilla/5.0 AppleWebKit/537.36 (KHTML, like Gecko; compatible; ClaudeBot/1.0; +claudebot@anthropic.com)"
216.73.216.86 - - [12/May/2026:05:52:56 +1000] "GET /um-die-auszahlung-within-der-mobilen-version-zu-beantragen-aufmachen-diese-nachfolgende-app-in-betracht-kommen-diese-zum-bezirk-ausschuttung-bestimmen-diese-nachfolgende-gewunschte-zahlungsmethode/feed/ HTTP/2" 200 1132 "-" "Mozilla/5.0 AppleWebKit/537.36 (KHTML, like Gecko; compatible; ClaudeBot/1.0; +claudebot@anthropic.com)"
216.73.216.86 - - [12/May/2026:05:52:56 +1000] "GET /neue-erreichbar-casinos-vorfinden-sie-herr-bet-60-kostenlose-spins-ohne-einzahlung-nachfolgende-neuesten-gaming-plattformen/feed/ HTTP/2" 200 551 "-" "Mozilla/5.0 AppleWebKit/537.36 (KHTML, like Gecko; compatible; ClaudeBot/1.0; +claudebot@anthropic.com)"
74.7.241.16 - - [12/May/2026:05:52:57 +1000] "GET /wp-json/oembed/1.0/embed?format=xml&url=https%3A%2F%2Fwww.coridyan.com%2F300-casino-bonus-ultimata-listan-april-2026%2F HTTP/2" 200 1656 "https://www.coridyan.com/300-casino-bonus-ultimata-listan-april-2026/" "Mozilla/5.0 AppleWebKit/537.36 (KHTML, like Gecko; compatible; GPTBot/1.3; +https://openai.com/gptbot)"
57.141.14.15 - - [12/May/2026:05:52:56 +1000] "GET /products/detail/66948067 HTTP/2" 200 137741 "-" "meta-externalagent/1.1 (+https://developers.facebook.com/docs/sharing/webmasters/crawler)"
216.73.216.86 - - [12/May/2026:05:52:58 +1000] "GET /opas-pelaa-fire-joker-oikealla-rahalla-ulos-rasta-nolla-mehilaisen-step-1-talletuksen-2026-maksun-aikana-pelaa-kokeiluversiota-nyt-departamento-de-ingenieria-en-alimentos/ HTTP/2" 200 40283 "-" "Mozilla/5.0 AppleWebKit/537.36 (KHTML, like Gecko; compatible; ClaudeBot/1.0; +claudebot@anthropic.com)"
216.73.216.86 - - [12/May/2026:05:52:58 +1000] "GET /sjasket-akustik-afslorer-falske-pengesedler-saledes-sikrer-odds-for-at-vinde-king-of-the-jungle-specialisterne-em-ved-forfalskninger-knap/feed/ HTTP/2" 200 574 "-" "Mozilla/5.0 AppleWebKit/537.36 (KHTML, like Gecko; compatible; ClaudeBot/1.0; +claudebot@anthropic.com)"
216.73.216.86 - - [12/May/2026:05:52:58 +1000] "GET /karjala-hasartmangufirma-taiesti-tasuta-keerutused-sissemakseta-boonus-laadige-alla-rakendus-ice-casino-apk-ice-casino-tulel-jokeril/feed/ HTTP/2" 200 559 "-" "Mozilla/5.0 AppleWebKit/537.36 (KHTML, like Gecko; compatible; ClaudeBot/1.0; +claudebot@anthropic.com)"
74.7.241.16 - - [12/May/2026:05:52:59 +1000] "GET /wp-json/oembed/1.0/embed?format=xml&url=https%3A%2F%2Fwww.coridyan.com%2F100-percent-free-gambling-games-alaska-wild-online-slot-play-for-fun-22500-trial-video-game%2F HTTP/2" 200 1695 "https://www.coridyan.com/100-percent-free-gambling-games-alaska-wild-online-slot-play-for-fun-22500-trial-video-game/" "Mozilla/5.0 AppleWebKit/537.36 (KHTML, like Gecko; compatible; GPTBot/1.3; +https://openai.com/gptbot)"
216.73.216.86 - - [12/May/2026:05:52:59 +1000] "GET /betspini-hasartmanguettevotte-markus-ice-kasiino-promokoodid-2026-aasta-hinnang-suureparane-400-naela-taiesti-tasuta-lisaraha/ HTTP/2" 200 39908 "-" "Mozilla/5.0 AppleWebKit/537.36 (KHTML, like Gecko; compatible; ClaudeBot/1.0; +claudebot@anthropic.com)"
216.73.216.86 - - [12/May/2026:05:53:01 +1000] "GET /tours-gratis-sans-conserve-sauf-book-of-ra-temple-of-gold-fentes-libres-de-creneaux-que-sans-abolie-letranger/feed/ HTTP/2" 200 565 "-" "Mozilla/5.0 AppleWebKit/537.36 (KHTML, like Gecko; compatible; ClaudeBot/1.0; +claudebot@anthropic.com)"
216.73.216.86 - - [12/May/2026:05:53:01 +1000] "GET /leovegas-beste-casinos-fur-online-power-stars-fixed-slots-maschinen-erreichbar-spielothek-provision-exklusives-willkommensangebot/ HTTP/2" 200 41988 "-" "Mozilla/5.0 AppleWebKit/537.36 (KHTML, like Gecko; compatible; ClaudeBot/1.0; +claudebot@anthropic.com)"
216.73.216.86 - - [12/May/2026:05:53:01 +1000] "GET /lohikaarmeiden-aarre-odottaa-pyorayta-dolphins-pearl-deluxe-kolikkopelin-ilmaiskierrokset-5-dragons-ports-sagan-uusia-myyttisia-kiekkoja/feed/ HTTP/2" 200 578 "-" "Mozilla/5.0 AppleWebKit/537.36 (KHTML, like Gecko; compatible; ClaudeBot/1.0; +claudebot@anthropic.com)"
74.7.241.16 - - [12/May/2026:05:53:01 +1000] "GET /wp-json/oembed/1.0/embed?format=xml&url=https%3A%2F%2Fwww.coridyan.com%2Fleprechaun-happens-egypt-online-casino-pay-with-debit-card-position-comment%2F HTTP/2" 200 1639 "https://www.coridyan.com/leprechaun-happens-egypt-online-casino-pay-with-debit-card-position-comment/" "Mozilla/5.0 AppleWebKit/537.36 (KHTML, like Gecko; compatible; GPTBot/1.3; +https://openai.com/gptbot)"
57.141.14.99 - - [12/May/2026:05:53:01 +1000] "GET /products/detail/55174789 HTTP/2" 200 137741 "-" "meta-externalagent/1.1 (+https://developers.facebook.com/docs/sharing/webmasters/crawler)"
216.73.216.86 - - [12/May/2026:05:53:01 +1000] "GET /zagraj-w-calej-bezplatne-sudoku-internetowego-trudne-lamiglowki-sudoku-minimalna-depozyt-online-kasyno-2026-dzieki-wszelakiego-poziomach/ HTTP/2" 200 41076 "-" "Mozilla/5.0 AppleWebKit/537.36 (KHTML, like Gecko; compatible; ClaudeBot/1.0; +claudebot@anthropic.com)"
216.73.216.86 - - [12/May/2026:05:53:03 +1000] "GET /paddy-electricity-casino-bezplatne-revolvy-bez-vkladu-marec-spinbetter-prihlasenie-2026-allege-260-uplne-bezplatne-revolvy/ HTTP/2" 200 40532 "-" "Mozilla/5.0 AppleWebKit/537.36 (KHTML, like Gecko; compatible; ClaudeBot/1.0; +claudebot@anthropic.com)"
74.7.241.16 - - [12/May/2026:05:53:04 +1000] "GET /free-10-casino-bet-no-deposit/embed/ HTTP/2" 200 6817 "https://www.coridyan.com/wp-json/oembed/1.0/embed?format=xml&url=https%3A%2F%2Fwww.coridyan.com%2Ffree-10-casino-bet-no-deposit%2F" "Mozilla/5.0 AppleWebKit/537.36 (KHTML, like Gecko; compatible; GPTBot/1.3; +https://openai.com/gptbot)"
216.73.216.86 - - [12/May/2026:05:53:04 +1000] "GET /freispiele-inzwischen-aktuelle-freespins-abzuglich-einzahlung-casino-ladbrokes-100-kostenlose-spins-jeden-tag/ HTTP/2" 200 41560 "-" "Mozilla/5.0 AppleWebKit/537.36 (KHTML, like Gecko; compatible; ClaudeBot/1.0; +claudebot@anthropic.com)"
216.73.216.86 - - [12/May/2026:05:53:05 +1000] "GET /fire-joker%e3%80%90zagraj-internetowego%e3%80%91w-ciagu-oryginalne-pieniazki-festiwal-urzedowej-rozrywki-bonusy-operator/ HTTP/2" 200 41191 "-" "Mozilla/5.0 AppleWebKit/537.36 (KHTML, like Gecko; compatible; ClaudeBot/1.0; +claudebot@anthropic.com)"
216.73.216.86 - - [12/May/2026:05:53:04 +1000] "GET /finest-casino-metal-mobile-a-real-income-online-casinos-in-the-usa-march-2026/ HTTP/2" 200 41347 "-" "Mozilla/5.0 AppleWebKit/537.36 (KHTML, like Gecko; compatible; ClaudeBot/1.0; +claudebot@anthropic.com)"
216.73.216.86 - - [12/May/2026:05:53:05 +1000] "GET /desert-night-gambling-enterprise-remark-sa-2025-claim-egyptian-adventure-slot-machine-real-money-everyday-incentives/feed/ HTTP/2" 200 547 "-" "Mozilla/5.0 AppleWebKit/537.36 (KHTML, like Gecko; compatible; ClaudeBot/1.0; +claudebot@anthropic.com)"
216.73.216.86 - - [12/May/2026:05:53:05 +1000] "GET /parimad-online-slotimangud-videomangud-ja-tasuta-promokoodid-hitnspin-kasiinole-boonused-2026-aastal/ HTTP/2" 200 40064 "-" "Mozilla/5.0 AppleWebKit/537.36 (KHTML, like Gecko; compatible; ClaudeBot/1.0; +claudebot@anthropic.com)"
74.7.241.16 - - [12/May/2026:05:53:06 +1000] "GET /wp-json/oembed/1.0/embed?format=xml&url=https%3A%2F%2Fwww.coridyan.com%2F1000-no-deposit-bonus-casino%2F HTTP/2" 200 1453 "https://www.coridyan.com/1000-no-deposit-bonus-casino/" "Mozilla/5.0 AppleWebKit/537.36 (KHTML, like Gecko; compatible; GPTBot/1.3; +https://openai.com/gptbot)"
40.77.167.144 - - [12/May/2026:05:53:05 +1000] "GET /products/detail/54980803 HTTP/2" 200 31746 "-" "Mozilla/5.0 AppleWebKit/537.36 (KHTML, like Gecko; compatible; bingbot/2.0; +http://www.bing.com/bingbot.htm) Chrome/116.0.1938.76 Safari/537.36"
216.73.216.86 - - [12/May/2026:05:53:07 +1000] "GET /juegos-con-el-quick-hit-brecha-giros-sin-cargo-objeto-de-ipad-enteran-nuestro-juego-de-tragamonedas-bejeweled-2-catalogo-a-la-hora-referente-a-que-su-pad/feed/ HTTP/2" 200 592 "-" "Mozilla/5.0 AppleWebKit/537.36 (KHTML, like Gecko; compatible; ClaudeBot/1.0; +claudebot@anthropic.com)"
216.73.216.86 - - [12/May/2026:05:53:07 +1000] "GET /jurassic-park-silver-trial-enjoy-lucky-pants-bingo-online-casino-totally-free-slot-games/feed/ HTTP/2" 200 524 "-" "Mozilla/5.0 AppleWebKit/537.36 (KHTML, like Gecko; compatible; ClaudeBot/1.0; +claudebot@anthropic.com)"
216.73.216.86 - - [12/May/2026:05:53:07 +1000] "GET /dunder-spielbank-pramie-aktuellen-dunder-spielsaal-bonuscode-casino-online-2025-jetzt-einlosen/ HTTP/2" 200 41960 "-" "Mozilla/5.0 AppleWebKit/537.36 (KHTML, like Gecko; compatible; ClaudeBot/1.0; +claudebot@anthropic.com)"
216.73.216.86 - - [12/May/2026:05:53:07 +1000] "GET /50-spielen-sie-echt-baccarat-online-freispiele-ohne-einzahlung-letter-auf-anhieb-erhaltlich/feed/ HTTP/2" 200 527 "-" "Mozilla/5.0 AppleWebKit/537.36 (KHTML, like Gecko; compatible; ClaudeBot/1.0; +claudebot@anthropic.com)"
74.7.241.16 - - [12/May/2026:05:53:08 +1000] "GET /wp-json/oembed/1.0/embed?format=xml&url=https%3A%2F%2Fwww.coridyan.com%2Fraging-rhino-slots-web-based-casinos-and-you-may-totally-free-deposit-online-casino-5-play-with-80-demo-online-casino-fantastic-lion-online-game%2F HTTP/2" 200 1662 "https://www.coridyan.com/raging-rhino-slots-web-based-casinos-and-you-may-totally-free-deposit-online-casino-5-play-with-80-demo-online-casino-fantastic-lion-online-game/" "Mozilla/5.0 AppleWebKit/537.36 (KHTML, like Gecko; compatible; GPTBot/1.3; +https://openai.com/gptbot)"
216.73.216.86 - - [12/May/2026:05:53:08 +1000] "GET /sporting-events-slot-online-game-as-to-the-reasons-activities-inspired-slots-are-rating-large-on-the-web/ HTTP/2" 200 40773 "-" "Mozilla/5.0 AppleWebKit/537.36 (KHTML, like Gecko; compatible; ClaudeBot/1.0; +claudebot@anthropic.com)"
216.73.216.86 - - [12/May/2026:05:53:08 +1000] "GET /orient-show-slotimang-videomang-ei-sobi-professionaalidele-uus-sissemakseta-ice-casino-ootamiseks/feed/ HTTP/2" 200 525 "-" "Mozilla/5.0 AppleWebKit/537.36 (KHTML, like Gecko; compatible; ClaudeBot/1.0; +claudebot@anthropic.com)"
192.178.4.101 - - [12/May/2026:05:53:08 +1000] "GET /?products/detail/65818072 HTTP/1.1" 200 33071 "-" "Mozilla/5.0 (Linux; Android 6.0.1; Nexus 5X Build/MMB29P) AppleWebKit/537.36 (KHTML, like Gecko) Chrome/147.0.7727.137 Mobile Safari/537.36 (compatible; Googlebot/2.1; +http://www.google.com/bot.html)"
216.73.216.86 - - [12/May/2026:05:53:09 +1000] "GET /60-freispiele-ohne-einzahlung-2025-top-spielbank-angebote-casino-help-deutschland/feed/ HTTP/2" 200 511 "-" "Mozilla/5.0 AppleWebKit/537.36 (KHTML, like Gecko; compatible; ClaudeBot/1.0; +claudebot@anthropic.com)"
216.73.216.86 - - [12/May/2026:05:53:10 +1000] "GET /zeus-harbors-a-real-income-video-slot-100-percent-free-play-thunderstruck-slot-trial/feed/ HTTP/2" 200 523 "-" "Mozilla/5.0 AppleWebKit/537.36 (KHTML, like Gecko; compatible; ClaudeBot/1.0; +claudebot@anthropic.com)"
216.73.216.86 - - [12/May/2026:05:53:10 +1000] "GET /yahtzee-jolla-on-kavereita-ja-noppapeleja-nautinnollisia-ohjelmia-googlessa/feed/ HTTP/2" 200 503 "-" "Mozilla/5.0 AppleWebKit/537.36 (KHTML, like Gecko; compatible; ClaudeBot/1.0; +claudebot@anthropic.com)"
216.73.216.86 - - [12/May/2026:05:53:09 +1000] "GET /guide-from-deceased-slot-have-fun-with-80-totally-free-house-of-fun-slot-jackpot-revolves-added-bonus/feed/ HTTP/2" 200 533 "-" "Mozilla/5.0 AppleWebKit/537.36 (KHTML, like Gecko; compatible; ClaudeBot/1.0; +claudebot@anthropic.com)"
74.7.241.16 - - [12/May/2026:05:53:10 +1000] "GET /wp-json/oembed/1.0/embed?format=xml&url=https%3A%2F%2Fwww.coridyan.com%2F18-plus-casino-in-australia-ok%2F HTTP/2" 200 1472 "https://www.coridyan.com/18-plus-casino-in-australia-ok/" "Mozilla/5.0 AppleWebKit/537.36 (KHTML, like Gecko; compatible; GPTBot/1.3; +https://openai.com/gptbot)"
216.73.216.86 - - [12/May/2026:05:53:10 +1000] "GET /enjoy-dragon-shrine-gambling-games-by-quickspin-on-the-all-the-multiple-boundary-studios-position-games-casino-cashiopeia-getwin/ HTTP/2" 200 40888 "-" "Mozilla/5.0 AppleWebKit/537.36 (KHTML, like Gecko; compatible; ClaudeBot/1.0; +claudebot@anthropic.com)"
216.73.216.86 - - [12/May/2026:05:53:10 +1000] "GET /netentin-super-joker-kolikkopelipalvelimet-korkeampi-rtp-9900-gate-777-suomi-arvostelu/feed/ HTTP/2" 200 522 "-" "Mozilla/5.0 AppleWebKit/537.36 (KHTML, like Gecko; compatible; ClaudeBot/1.0; +claudebot@anthropic.com)"
216.73.216.86 - - [12/May/2026:05:53:12 +1000] "GET /eye-ramses-book-emplacement-of-ra-plaisir-offert-un-brin-de-outil-a-avec-damatic/ HTTP/2" 200 41584 "-" "Mozilla/5.0 AppleWebKit/537.36 (KHTML, like Gecko; compatible; ClaudeBot/1.0; +claudebot@anthropic.com)"
192.178.4.102 - - [12/May/2026:05:53:11 +1000] "GET /content.php?product/58659514 HTTP/1.1" 200 29574 "-" "Mozilla/5.0 (Linux; Android 6.0.1; Nexus 5X Build/MMB29P) AppleWebKit/537.36 (KHTML, like Gecko) Chrome/147.0.7727.137 Mobile Safari/537.36 (compatible; GoogleOther)"
216.73.216.86 - - [12/May/2026:05:53:13 +1000] "GET /najkorzystniejsze-bezplatne-spiny-w-2025-graj-oraz-wygrywaj/ HTTP/2" 200 40371 "-" "Mozilla/5.0 AppleWebKit/537.36 (KHTML, like Gecko; compatible; ClaudeBot/1.0; +claudebot@anthropic.com)"
74.7.241.16 - - [12/May/2026:05:53:13 +1000] "GET /wp-json/oembed/1.0/embed?format=xml&url=https%3A%2F%2Fwww.coridyan.com%2Fkak-ustroeny-veb-servery-44%2F HTTP/2" 200 2108 "https://www.coridyan.com/kak-ustroeny-veb-servery-44/" "Mozilla/5.0 AppleWebKit/537.36 (KHTML, like Gecko; compatible; GPTBot/1.3; +https://openai.com/gptbot)"
216.73.216.86 - - [12/May/2026:05:53:13 +1000] "GET /777-urzadzenia-hazardowe-kasyno-aplikacje-komputerowe-po-google-play/feed/ HTTP/2" 200 503 "-" "Mozilla/5.0 AppleWebKit/537.36 (KHTML, like Gecko; compatible; ClaudeBot/1.0; +claudebot@anthropic.com)"
216.73.216.86 - - [12/May/2026:05:53:12 +1000] "GET /wunderino-pramie-code-400-spielbank-slot-the-goonies-promo-100-bares-spins/ HTTP/2" 200 42868 "-" "Mozilla/5.0 AppleWebKit/537.36 (KHTML, like Gecko; compatible; ClaudeBot/1.0; +claudebot@anthropic.com)"
74.7.241.16 - - [12/May/2026:05:53:15 +1000] "GET /wp-json/oembed/1.0/embed?format=xml&url=https%3A%2F%2Fwww.coridyan.com%2Fall-australia-10-cent-bingo%2F HTTP/2" 200 22 "https://www.coridyan.com/all-australia-10-cent-bingo/" "Mozilla/5.0 AppleWebKit/537.36 (KHTML, like Gecko; compatible; GPTBot/1.3; +https://openai.com/gptbot)"
216.73.216.86 - - [12/May/2026:05:53:13 +1000] "GET /exactly-how-wagering-free-spins-on-ho-ho-tower-and-you-will-playthrough-criteria-work/ HTTP/2" 200 40846 "-" "Mozilla/5.0 AppleWebKit/537.36 (KHTML, like Gecko; compatible; ClaudeBot/1.0; +claudebot@anthropic.com)"
216.73.216.86 - - [12/May/2026:05:53:13 +1000] "GET /anmeldung-bonus-50-bis-bestes-ecopayz-casino-zu-500/ HTTP/2" 200 42441 "-" "Mozilla/5.0 AppleWebKit/537.36 (KHTML, like Gecko; compatible; ClaudeBot/1.0; +claudebot@anthropic.com)"
216.73.216.86 - - [12/May/2026:05:53:15 +1000] "GET /fairy-gate-slot-review-quickspin-increase-gains-around-532x-wager/feed/ HTTP/2" 200 499 "-" "Mozilla/5.0 AppleWebKit/537.36 (KHTML, like Gecko; compatible; ClaudeBot/1.0; +claudebot@anthropic.com)"
216.73.216.86 - - [12/May/2026:05:53:15 +1000] "GET /genau-so-wie-man-gewinnchancen-steigert-angeschlossen-kasino-tipps/ HTTP/2" 200 40653 "-" "Mozilla/5.0 AppleWebKit/537.36 (KHTML, like Gecko; compatible; ClaudeBot/1.0; +claudebot@anthropic.com)"
216.73.216.86 - - [12/May/2026:05:53:15 +1000] "GET /totally-free-slots-totally-free-gambling-games-on-line/ HTTP/2" 200 40560 "-" "Mozilla/5.0 AppleWebKit/537.36 (KHTML, like Gecko; compatible; ClaudeBot/1.0; +claudebot@anthropic.com)"
216.73.216.86 - - [12/May/2026:05:53:16 +1000] "GET /300-mb-as-much-as-6000-55-free-spins/feed/ HTTP/2" 200 468 "-" "Mozilla/5.0 AppleWebKit/537.36 (KHTML, like Gecko; compatible; ClaudeBot/1.0; +claudebot@anthropic.com)"
216.73.216.86 - - [12/May/2026:05:53:16 +1000] "GET /wunderino-provision-400percent-provision-100-freispiele-wonnemonat-2026/feed/ HTTP/2" 200 482 "-" "Mozilla/5.0 AppleWebKit/537.36 (KHTML, like Gecko; compatible; ClaudeBot/1.0; +claudebot@anthropic.com)"
74.7.241.16 - - [12/May/2026:05:53:16 +1000] "GET /wp-json/oembed/1.0/embed?format=xml&url=https%3A%2F%2Fwww.coridyan.com%2F20-free-spins-prime-casino%2F HTTP/2" 200 1475 "https://www.coridyan.com/20-free-spins-prime-casino/" "Mozilla/5.0 AppleWebKit/537.36 (KHTML, like Gecko; compatible; GPTBot/1.3; +https://openai.com/gptbot)"
216.73.216.86 - - [12/May/2026:05:53:16 +1000] "GET /trendy-casino-luckydino-fruits-redstone/ HTTP/2" 200 41331 "-" "Mozilla/5.0 AppleWebKit/537.36 (KHTML, like Gecko; compatible; ClaudeBot/1.0; +claudebot@anthropic.com)"
216.73.216.86 - - [12/May/2026:05:53:17 +1000] "GET /products/detail/69204421 HTTP/2" 200 35663 "-" "Mozilla/5.0 AppleWebKit/537.36 (KHTML, like Gecko; compatible; ClaudeBot/1.0; +claudebot@anthropic.com)"
74.7.241.16 - - [12/May/2026:05:53:19 +1000] "GET /wp-json/oembed/1.0/embed?format=xml&url=https%3A%2F%2Fwww.coridyan.com%2Fslots-planet-50-free-spins%2F HTTP/2" 200 1469 "https://www.coridyan.com/slots-planet-50-free-spins/" "Mozilla/5.0 AppleWebKit/537.36 (KHTML, like Gecko; compatible; GPTBot/1.3; +https://openai.com/gptbot)"
216.73.216.86 - - [12/May/2026:05:53:19 +1000] "GET /apostar-bigger-bass-resident-vitoria-blizzard/ HTTP/2" 200 41503 "-" "Mozilla/5.0 AppleWebKit/537.36 (KHTML, like Gecko; compatible; ClaudeBot/1.0; +claudebot@anthropic.com)"
216.73.216.86 - - [12/May/2026:05:53:19 +1000] "GET /products/detail/63088885 HTTP/2" 200 35709 "-" "Mozilla/5.0 AppleWebKit/537.36 (KHTML, like Gecko; compatible; ClaudeBot/1.0; +claudebot@anthropic.com)"
216.73.216.86 - - [12/May/2026:05:53:19 +1000] "GET /convert-slot-baywatch-usd-to-inr/ HTTP/2" 200 40663 "-" "Mozilla/5.0 AppleWebKit/537.36 (KHTML, like Gecko; compatible; ClaudeBot/1.0; +claudebot@anthropic.com)"
216.73.216.86 - - [12/May/2026:05:53:19 +1000] "GET /sitemap.xml HTTP/2" 200 7333 "-" "Mozilla/5.0 AppleWebKit/537.36 (KHTML, like Gecko; compatible; ClaudeBot/1.0; +claudebot@anthropic.com)"
74.7.241.16 - - [12/May/2026:05:53:21 +1000] "GET /wp-json/oembed/1.0/embed?format=xml&url=https%3A%2F%2Fwww.coridyan.com%2Flive-casino-25-free-slot-play%2F HTTP/2" 200 1469 "https://www.coridyan.com/live-casino-25-free-slot-play/" "Mozilla/5.0 AppleWebKit/537.36 (KHTML, like Gecko; compatible; GPTBot/1.3; +https://openai.com/gptbot)"
192.178.4.100 - - [12/May/2026:05:53:22 +1000] "GET /content.php?product/52469386 HTTP/1.1" 200 28594 "-" "Mozilla/5.0 (Linux; Android 6.0.1; Nexus 5X Build/MMB29P) AppleWebKit/537.36 (KHTML, like Gecko) Chrome/147.0.7727.137 Mobile Safari/537.36 (compatible; GoogleOther)"
74.7.241.16 - - [12/May/2026:05:53:24 +1000] "GET /wp-json/oembed/1.0/embed?format=xml&url=https%3A%2F%2Fwww.coridyan.com%2Fenjoy11-casino-vip-bonus-au%2F HTTP/2" 200 1439 "https://www.coridyan.com/enjoy11-casino-vip-bonus-au/" "Mozilla/5.0 AppleWebKit/537.36 (KHTML, like Gecko; compatible; GPTBot/1.3; +https://openai.com/gptbot)"
74.7.241.16 - - [12/May/2026:05:53:26 +1000] "GET /wp-json/oembed/1.0/embed?format=xml&url=https%3A%2F%2Fwww.coridyan.com%2Fonline-slots-50-no-deposit%2F HTTP/2" 200 1460 "https://www.coridyan.com/online-slots-50-no-deposit/" "Mozilla/5.0 AppleWebKit/537.36 (KHTML, like Gecko; compatible; GPTBot/1.3; +https://openai.com/gptbot)"
74.7.241.16 - - [12/May/2026:05:53:28 +1000] "GET /wp-json/oembed/1.0/embed?format=xml&url=https%3A%2F%2Fwww.coridyan.com%2Fs99-casino-au-welcome-bonus%2F HTTP/2" 200 1454 "https://www.coridyan.com/s99-casino-au-welcome-bonus/" "Mozilla/5.0 AppleWebKit/537.36 (KHTML, like Gecko; compatible; GPTBot/1.3; +https://openai.com/gptbot)"
74.7.241.16 - - [12/May/2026:05:53:29 +1000] "GET /wp-json/oembed/1.0/embed?format=xml&url=https%3A%2F%2Fwww.coridyan.com%2Fhouse-of-fun-slots-casino%2F HTTP/2" 200 1451 "https://www.coridyan.com/house-of-fun-slots-casino/" "Mozilla/5.0 AppleWebKit/537.36 (KHTML, like Gecko; compatible; GPTBot/1.3; +https://openai.com/gptbot)"
74.7.241.16 - - [12/May/2026:05:53:31 +1000] "GET /wp-json/oembed/1.0/embed?format=xml&url=https%3A%2F%2Fwww.coridyan.com%2Fpromo-code-for-bingo-cash%2F HTTP/2" 200 22 "https://www.coridyan.com/promo-code-for-bingo-cash/" "Mozilla/5.0 AppleWebKit/537.36 (KHTML, like Gecko; compatible; GPTBot/1.3; +https://openai.com/gptbot)"
74.7.241.16 - - [12/May/2026:05:53:32 +1000] "GET /wp-json/oembed/1.0/embed?format=xml&url=https%3A%2F%2Fwww.coridyan.com%2Fgokong-casino-is-legit-au%2F HTTP/2" 200 1459 "https://www.coridyan.com/gokong-casino-is-legit-au/" "Mozilla/5.0 AppleWebKit/537.36 (KHTML, like Gecko; compatible; GPTBot/1.3; +https://openai.com/gptbot)"
74.7.241.16 - - [12/May/2026:05:53:34 +1000] "GET /wp-json/oembed/1.0/embed?format=xml&url=https%3A%2F%2Fwww.coridyan.com%2Fbest-time-to-visit-casino%2F HTTP/2" 200 1455 "https://www.coridyan.com/best-time-to-visit-casino/" "Mozilla/5.0 AppleWebKit/537.36 (KHTML, like Gecko; compatible; GPTBot/1.3; +https://openai.com/gptbot)"
74.7.241.16 - - [12/May/2026:05:53:36 +1000] "GET /wp-json/oembed/1.0/embed?format=xml&url=https%3A%2F%2Fwww.coridyan.com%2Fno-deposit-casino-bonus-2%2F HTTP/2" 200 1439 "https://www.coridyan.com/no-deposit-casino-bonus-2/" "Mozilla/5.0 AppleWebKit/537.36 (KHTML, like Gecko; compatible; GPTBot/1.3; +https://openai.com/gptbot)"
192.178.4.100 - - [12/May/2026:05:53:36 +1000] "GET /?products/detail/65221534 HTTP/1.1" 200 31415 "-" "Mozilla/5.0 (Linux; Android 6.0.1; Nexus 5X Build/MMB29P) AppleWebKit/537.36 (KHTML, like Gecko) Chrome/147.0.7727.137 Mobile Safari/537.36 (compatible; Googlebot/2.1; +http://www.google.com/bot.html)"
57.141.14.31 - - [12/May/2026:05:53:37 +1000] "GET /products/detail/65433979 HTTP/2" 200 137741 "-" "meta-externalagent/1.1 (+https://developers.facebook.com/docs/sharing/webmasters/crawler)"
74.7.241.16 - - [12/May/2026:05:53:38 +1000] "GET /wp-json/oembed/1.0/embed?format=xml&url=https%3A%2F%2Fwww.coridyan.com%2Fcasino-online-bet-at-home%2F HTTP/2" 200 1447 "https://www.coridyan.com/casino-online-bet-at-home/" "Mozilla/5.0 AppleWebKit/537.36 (KHTML, like Gecko; compatible; GPTBot/1.3; +https://openai.com/gptbot)"
74.7.241.16 - - [12/May/2026:05:53:40 +1000] "GET /wp-json/oembed/1.0/embed?format=xml&url=https%3A%2F%2Fwww.coridyan.com%2Ftop-free-casino-slot-apps%2F HTTP/2" 200 1445 "https://www.coridyan.com/top-free-casino-slot-apps/" "Mozilla/5.0 AppleWebKit/537.36 (KHTML, like Gecko; compatible; GPTBot/1.3; +https://openai.com/gptbot)"
74.7.241.16 - - [12/May/2026:05:53:42 +1000] "GET /wp-json/oembed/1.0/embed?format=xml&url=https%3A%2F%2Fwww.coridyan.com%2Fstn-play-casino-aud-bonus%2F HTTP/2" 200 1465 "https://www.coridyan.com/stn-play-casino-aud-bonus/" "Mozilla/5.0 AppleWebKit/537.36 (KHTML, like Gecko; compatible; GPTBot/1.3; +https://openai.com/gptbot)"
74.7.241.16 - - [12/May/2026:05:53:44 +1000] "GET /wp-json/oembed/1.0/embed?format=xml&url=https%3A%2F%2Fwww.coridyan.com%2Fjack-pot-slots-online-new%2F HTTP/2" 200 1446 "https://www.coridyan.com/jack-pot-slots-online-new/" "Mozilla/5.0 AppleWebKit/537.36 (KHTML, like Gecko; compatible; GPTBot/1.3; +https://openai.com/gptbot)"
57.141.14.88 - - [12/May/2026:05:53:44 +1000] "GET /products/detail/55998991 HTTP/2" 200 137741 "-" "meta-externalagent/1.1 (+https://developers.facebook.com/docs/sharing/webmasters/crawler)"
74.7.241.16 - - [12/May/2026:05:53:46 +1000] "GET /wp-json/oembed/1.0/embed?format=xml&url=https%3A%2F%2Fwww.coridyan.com%2Fno-wager-casino-apple-pay%2F HTTP/2" 200 1449 "https://www.coridyan.com/no-wager-casino-apple-pay/" "Mozilla/5.0 AppleWebKit/537.36 (KHTML, like Gecko; compatible; GPTBot/1.3; +https://openai.com/gptbot)"
74.7.241.16 - - [12/May/2026:05:53:47 +1000] "GET /wp-json/oembed/1.0/embed?format=xml&url=https%3A%2F%2Fwww.coridyan.com%2F5f-free-no-deposit-casino%2F HTTP/2" 200 1464 "https://www.coridyan.com/5f-free-no-deposit-casino/" "Mozilla/5.0 AppleWebKit/537.36 (KHTML, like Gecko; compatible; GPTBot/1.3; +https://openai.com/gptbot)"
74.7.241.16 - - [12/May/2026:05:53:50 +1000] "GET /wp-json/oembed/1.0/embed?format=xml&url=https%3A%2F%2Fwww.coridyan.com%2Fcasino-pay-via-phone-bill%2F HTTP/2" 200 1477 "https://www.coridyan.com/casino-pay-via-phone-bill/" "Mozilla/5.0 AppleWebKit/537.36 (KHTML, like Gecko; compatible; GPTBot/1.3; +https://openai.com/gptbot)"
74.7.241.16 - - [12/May/2026:05:53:51 +1000] "GET /wp-json/oembed/1.0/embed?format=xml&url=https%3A%2F%2Fwww.coridyan.com%2Fnew-slots-not-on-betstop%2F HTTP/2" 200 1468 "https://www.coridyan.com/new-slots-not-on-betstop/" "Mozilla/5.0 AppleWebKit/537.36 (KHTML, like Gecko; compatible; GPTBot/1.3; +https://openai.com/gptbot)"
74.7.241.16 - - [12/May/2026:05:53:53 +1000] "GET /wp-json/oembed/1.0/embed?format=xml&url=https%3A%2F%2Fwww.coridyan.com%2Ftortuga-casino-votre-destination-jeux-en-ligne%2F HTTP/2" 200 1599 "https://www.coridyan.com/tortuga-casino-votre-destination-jeux-en-ligne/" "Mozilla/5.0 AppleWebKit/537.36 (KHTML, like Gecko; compatible; GPTBot/1.3; +https://openai.com/gptbot)"
74.7.241.16 - - [12/May/2026:05:53:55 +1000] "GET /wp-json/oembed/1.0/embed?format=xml&url=https%3A%2F%2Fwww.coridyan.com%2Fqueen-of-your-own-nile-ii-slot-by-aristocrat-play-free-%25e1%2590%2588-rtp-95-86%2F HTTP/2" 200 1589 "https://www.coridyan.com/queen-of-your-own-nile-ii-slot-by-aristocrat-play-free-%e1%90%88-rtp-95-86/" "Mozilla/5.0 AppleWebKit/537.36 (KHTML, like Gecko; compatible; GPTBot/1.3; +https://openai.com/gptbot)"
74.7.241.16 - - [12/May/2026:05:53:57 +1000] "GET /wp-json/oembed/1.0/embed?format=xml&url=https%3A%2F%2Fwww.coridyan.com%2Fbetchamps-casino-legit-au-2026%2F HTTP/2" 200 1485 "https://www.coridyan.com/betchamps-casino-legit-au-2026/" "Mozilla/5.0 AppleWebKit/537.36 (KHTML, like Gecko; compatible; GPTBot/1.3; +https://openai.com/gptbot)"
74.7.241.16 - - [12/May/2026:05:53:58 +1000] "GET /wp-json/oembed/1.0/embed?format=xml&url=https%3A%2F%2Fwww.coridyan.com%2Fbest-8-reel-slots-australia%2F HTTP/2" 200 1460 "https://www.coridyan.com/best-8-reel-slots-australia/" "Mozilla/5.0 AppleWebKit/537.36 (KHTML, like Gecko; compatible; GPTBot/1.3; +https://openai.com/gptbot)"
74.7.241.16 - - [12/May/2026:05:54:00 +1000] "GET /wp-json/oembed/1.0/embed?format=xml&url=https%3A%2F%2Fwww.coridyan.com%2Frazoo-casino-au-promo-code%2F HTTP/2" 200 1464 "https://www.coridyan.com/razoo-casino-au-promo-code/" "Mozilla/5.0 AppleWebKit/537.36 (KHTML, like Gecko; compatible; GPTBot/1.3; +https://openai.com/gptbot)"
74.7.241.16 - - [12/May/2026:05:54:02 +1000] "GET /wp-json/oembed/1.0/embed?format=xml&url=https%3A%2F%2Fwww.coridyan.com%2Fmb9-casino-new-player-bonus-au%2F HTTP/2" 200 1464 "https://www.coridyan.com/mb9-casino-new-player-bonus-au/" "Mozilla/5.0 AppleWebKit/537.36 (KHTML, like Gecko; compatible; GPTBot/1.3; +https://openai.com/gptbot)"
74.7.241.16 - - [12/May/2026:05:54:04 +1000] "GET /wp-json/oembed/1.0/embed?format=xml&url=https%3A%2F%2Fwww.coridyan.com%2F7-free-online-slot-machines%2F HTTP/2" 200 1455 "https://www.coridyan.com/7-free-online-slot-machines/" "Mozilla/5.0 AppleWebKit/537.36 (KHTML, like Gecko; compatible; GPTBot/1.3; +https://openai.com/gptbot)"
192.178.4.102 - - [12/May/2026:05:54:03 +1000] "GET /?products/detail/55659988 HTTP/1.1" 200 33741 "-" "Mozilla/5.0 (Linux; Android 6.0.1; Nexus 5X Build/MMB29P) AppleWebKit/537.36 (KHTML, like Gecko) Chrome/147.0.7727.137 Mobile Safari/537.36 (compatible; Googlebot/2.1; +http://www.google.com/bot.html)"
74.7.241.16 - - [12/May/2026:05:54:06 +1000] "GET /wp-json/oembed/1.0/embed?format=xml&url=https%3A%2F%2Fwww.coridyan.com%2Fmetawin-casino-is-legit-au%2F HTTP/2" 200 1477 "https://www.coridyan.com/metawin-casino-is-legit-au/" "Mozilla/5.0 AppleWebKit/537.36 (KHTML, like Gecko; compatible; GPTBot/1.3; +https://openai.com/gptbot)"
74.7.241.16 - - [12/May/2026:05:54:07 +1000] "GET /wp-json/oembed/1.0/embed?format=xml&url=https%3A%2F%2Fwww.coridyan.com%2Fall-jackpots-casino-5-free%2F HTTP/2" 200 1463 "https://www.coridyan.com/all-jackpots-casino-5-free/" "Mozilla/5.0 AppleWebKit/537.36 (KHTML, like Gecko; compatible; GPTBot/1.3; +https://openai.com/gptbot)"
57.141.14.33 - - [12/May/2026:05:54:07 +1000] "GET /products/detail/66237481 HTTP/2" 200 137741 "-" "meta-externalagent/1.1 (+https://developers.facebook.com/docs/sharing/webmasters/crawler)"
74.7.241.16 - - [12/May/2026:05:54:09 +1000] "GET /wp-json/oembed/1.0/embed?format=xml&url=https%3A%2F%2Fwww.coridyan.com%2Fdollars-splash-5-reel-online-150-chances-thunderstruck-position-game-2026-comment-big-game-play-and-rtp%2F HTTP/2" 200 1652 "https://www.coridyan.com/dollars-splash-5-reel-online-150-chances-thunderstruck-position-game-2026-comment-big-game-play-and-rtp/" "Mozilla/5.0 AppleWebKit/537.36 (KHTML, like Gecko; compatible; GPTBot/1.3; +https://openai.com/gptbot)"
74.7.241.16 - - [12/May/2026:05:54:11 +1000] "GET /wp-json/oembed/1.0/embed?format=xml&url=https%3A%2F%2Fwww.coridyan.com%2Fl-ete-des-bonus-comment-le-systeme-de-realite-check-aide-les-joueurs-a-profiter-des-offres-sans-perdre-le-controle%2F HTTP/2" 200 1613 "https://www.coridyan.com/l-ete-des-bonus-comment-le-systeme-de-realite-check-aide-les-joueurs-a-profiter-des-offres-sans-perdre-le-controle/" "Mozilla/5.0 AppleWebKit/537.36 (KHTML, like Gecko; compatible; GPTBot/1.3; +https://openai.com/gptbot)"
74.7.241.16 - - [12/May/2026:05:54:12 +1000] "GET /wp-json/oembed/1.0/embed?format=xml&url=https%3A%2F%2Fwww.coridyan.com%2Funser-tagesordnungspunkt-10-mobile-spielbank-apps-qua-spielen-sie-red-flag-fleet-online-echtgeld-auffuhren-2026%2F HTTP/2" 200 1703 "https://www.coridyan.com/unser-tagesordnungspunkt-10-mobile-spielbank-apps-qua-spielen-sie-red-flag-fleet-online-echtgeld-auffuhren-2026/" "Mozilla/5.0 AppleWebKit/537.36 (KHTML, like Gecko; compatible; GPTBot/1.3; +https://openai.com/gptbot)"
192.178.4.100 - - [12/May/2026:05:54:12 +1000] "GET /content.php?product/88081858 HTTP/1.1" 200 27784 "-" "Mozilla/5.0 (Linux; Android 6.0.1; Nexus 5X Build/MMB29P) AppleWebKit/537.36 (KHTML, like Gecko) Chrome/147.0.7727.137 Mobile Safari/537.36 (compatible; GoogleOther)"
74.7.241.16 - - [12/May/2026:05:54:14 +1000] "GET /wp-json/oembed/1.0/embed?url=https%3A%2F%2Fwww.coridyan.com%2Fcasino-australia-mobile-11-free%2F HTTP/2" 200 1437 "https://www.coridyan.com/casino-australia-mobile-11-free/" "Mozilla/5.0 AppleWebKit/537.36 (KHTML, like Gecko; compatible; GPTBot/1.3; +https://openai.com/gptbot)"
57.141.14.99 - - [12/May/2026:05:54:14 +1000] "GET /products/detail/61199479 HTTP/2" 200 137741 "-" "meta-externalagent/1.1 (+https://developers.facebook.com/docs/sharing/webmasters/crawler)"
74.7.241.16 - - [12/May/2026:05:54:16 +1000] "GET /wp-json/oembed/1.0/embed?format=xml&url=https%3A%2F%2Fwww.coridyan.com%2Fdeposit-25-live-game-shows%2F HTTP/2" 200 1446 "https://www.coridyan.com/deposit-25-live-game-shows/" "Mozilla/5.0 AppleWebKit/537.36 (KHTML, like Gecko; compatible; GPTBot/1.3; +https://openai.com/gptbot)"
74.7.241.16 - - [12/May/2026:05:54:18 +1000] "GET /wp-json/oembed/1.0/embed?format=xml&url=https%3A%2F%2Fwww.coridyan.com%2Fsparbuch-rechner-fahrenheit%25ef%25bf%25bdr-unregelm%25ef%25bf%25bd%25ef%25bf%25bdige-slot-sizzling-hot-einzahlungen-und-variable-zinss%25ef%25bf%25bdtze%2F HTTP/2" 200 1736 "https://www.coridyan.com/sparbuch-rechner-fahrenheit%ef%bf%bdr-unregelm%ef%bf%bd%ef%bf%bdige-slot-sizzling-hot-einzahlungen-und-variable-zinss%ef%bf%bdtze/" "Mozilla/5.0 AppleWebKit/537.36 (KHTML, like Gecko; compatible; GPTBot/1.3; +https://openai.com/gptbot)"
74.7.241.16 - - [12/May/2026:05:54:19 +1000] "GET /wp-json/oembed/1.0/embed?format=xml&url=https%3A%2F%2Fwww.coridyan.com%2Fthunderstruck-trial-hound-hotel-slot-machine-enjoy-totally-free-slot-video-game%2F HTTP/2" 200 1612 "https://www.coridyan.com/thunderstruck-trial-hound-hotel-slot-machine-enjoy-totally-free-slot-video-game/" "Mozilla/5.0 AppleWebKit/537.36 (KHTML, like Gecko; compatible; GPTBot/1.3; +https://openai.com/gptbot)"
74.7.241.16 - - [12/May/2026:05:54:21 +1000] "GET /wp-json/oembed/1.0/embed?format=xml&url=https%3A%2F%2Fwww.coridyan.com%2Fbest-gladiator-netbet-casino-position-video-game-for-the-roar-of-your-stadium%2F HTTP/2" 200 1617 "https://www.coridyan.com/best-gladiator-netbet-casino-position-video-game-for-the-roar-of-your-stadium/" "Mozilla/5.0 AppleWebKit/537.36 (KHTML, like Gecko; compatible; GPTBot/1.3; +https://openai.com/gptbot)"
57.141.14.67 - - [12/May/2026:05:54:22 +1000] "GET /products/detail/66452707 HTTP/2" 200 137741 "-" "meta-externalagent/1.1 (+https://developers.facebook.com/docs/sharing/webmasters/crawler)"
74.7.241.16 - - [12/May/2026:05:54:23 +1000] "GET /wp-json/oembed/1.0/embed?url=https%3A%2F%2Fwww.coridyan.com%2Fcasino-free-game-download%2F HTTP/2" 200 1432 "https://www.coridyan.com/casino-free-game-download/" "Mozilla/5.0 AppleWebKit/537.36 (KHTML, like Gecko; compatible; GPTBot/1.3; +https://openai.com/gptbot)"
192.178.4.100 - - [12/May/2026:05:54:22 +1000] "GET /content.php?product/46338514 HTTP/1.1" 200 28638 "-" "Mozilla/5.0 (Linux; Android 6.0.1; Nexus 5X Build/MMB29P) AppleWebKit/537.36 (KHTML, like Gecko) Chrome/147.0.7727.137 Mobile Safari/537.36 (compatible; GoogleOther)"
74.7.241.16 - - [12/May/2026:05:54:25 +1000] "GET /wp-json/oembed/1.0/embed?format=xml&url=https%3A%2F%2Fwww.coridyan.com%2Famerican-roulette-game%2F HTTP/2" 200 1447 "https://www.coridyan.com/american-roulette-game/" "Mozilla/5.0 AppleWebKit/537.36 (KHTML, like Gecko; compatible; GPTBot/1.3; +https://openai.com/gptbot)"
74.7.241.16 - - [12/May/2026:05:54:26 +1000] "GET /wp-json/oembed/1.0/embed?format=xml&url=https%3A%2F%2Fwww.coridyan.com%2Fno-id-casino-real-money%2F HTTP/2" 200 1452 "https://www.coridyan.com/no-id-casino-real-money/" "Mozilla/5.0 AppleWebKit/537.36 (KHTML, like Gecko; compatible; GPTBot/1.3; +https://openai.com/gptbot)"
74.7.241.16 - - [12/May/2026:05:54:28 +1000] "GET /wp-json/oembed/1.0/embed?format=xml&url=https%3A%2F%2Fwww.coridyan.com%2Ffinest-united-states-online-casinos-2026-up-to-date-casino-21-prive-real-cash-gambling-enterprises-list%2F HTTP/2" 200 1633 "https://www.coridyan.com/finest-united-states-online-casinos-2026-up-to-date-casino-21-prive-real-cash-gambling-enterprises-list/" "Mozilla/5.0 AppleWebKit/537.36 (KHTML, like Gecko; compatible; GPTBot/1.3; +https://openai.com/gptbot)"
74.7.241.16 - - [12/May/2026:05:54:30 +1000] "GET /wp-json/oembed/1.0/embed?format=xml&url=https%3A%2F%2Fwww.coridyan.com%2Ffinest-internet-casino-incentives-2026-list-meme-faces-slot-of-finest-incentive-also-offers%2F HTTP/2" 200 1602 "https://www.coridyan.com/finest-internet-casino-incentives-2026-list-meme-faces-slot-of-finest-incentive-also-offers/" "Mozilla/5.0 AppleWebKit/537.36 (KHTML, like Gecko; compatible; GPTBot/1.3; +https://openai.com/gptbot)"
192.178.4.100 - - [12/May/2026:05:54:29 +1000] "GET /?products/detail/69334246%20%20%20%20%20%20%20%20%20%20%20%20%20%20%20%20%20%20%20%20%20%20%20%20class= HTTP/1.1" 200 31841 "-" "Mozilla/5.0 (Linux; Android 6.0.1; Nexus 5X Build/MMB29P) AppleWebKit/537.36 (KHTML, like Gecko) Chrome/147.0.7727.137 Mobile Safari/537.36 (compatible; Googlebot/2.1; +http://www.google.com/bot.html)"
74.7.241.16 - - [12/May/2026:05:54:32 +1000] "GET /wp-json/oembed/1.0/embed?format=xml&url=https%3A%2F%2Fwww.coridyan.com%2Fbet-amo-casino-exclusive-bonus-au%2F HTTP/2" 200 1478 "https://www.coridyan.com/bet-amo-casino-exclusive-bonus-au/" "Mozilla/5.0 AppleWebKit/537.36 (KHTML, like Gecko; compatible; GPTBot/1.3; +https://openai.com/gptbot)"
192.178.4.100 - - [12/May/2026:05:54:30 +1000] "GET /?products/detail/53674345 HTTP/1.1" 200 32569 "-" "Mozilla/5.0 (Linux; Android 6.0.1; Nexus 5X Build/MMB29P) AppleWebKit/537.36 (KHTML, like Gecko) Chrome/147.0.7727.137 Mobile Safari/537.36 (compatible; Googlebot/2.1; +http://www.google.com/bot.html)"
74.7.241.16 - - [12/May/2026:05:54:33 +1000] "GET /%22https:/www.coridyan.com/casino-australia-mobile-11-free/embed/ HTTP/2" 200 35663 "https://www.coridyan.com/wp-json/oembed/1.0/embed?url=https%3A%2F%2Fwww.coridyan.com%2Fcasino-australia-mobile-11-free%2F" "Mozilla/5.0 AppleWebKit/537.36 (KHTML, like Gecko; compatible; GPTBot/1.3; +https://openai.com/gptbot)"
74.7.241.16 - - [12/May/2026:05:54:35 +1000] "GET /wp-json/oembed/1.0/embed?format=xml&url=https%3A%2F%2Fwww.coridyan.com%2Fbonus-buy-slots-reload-bonus-australia%2F HTTP/2" 200 1458 "https://www.coridyan.com/bonus-buy-slots-reload-bonus-australia/" "Mozilla/5.0 AppleWebKit/537.36 (KHTML, like Gecko; compatible; GPTBot/1.3; +https://openai.com/gptbot)"
74.7.241.16 - - [12/May/2026:05:54:37 +1000] "GET /wp-json/oembed/1.0/embed?format=xml&url=https%3A%2F%2Fwww.coridyan.com%2Fnew-2026-100-1st-deposit-casino-bonus%2F HTTP/2" 200 1455 "https://www.coridyan.com/new-2026-100-1st-deposit-casino-bonus/" "Mozilla/5.0 AppleWebKit/537.36 (KHTML, like Gecko; compatible; GPTBot/1.3; +https://openai.com/gptbot)"
74.7.241.16 - - [12/May/2026:05:54:39 +1000] "GET /wp-json/oembed/1.0/embed?format=xml&url=https%3A%2F%2Fwww.coridyan.com%2Fjungle-jim-bingo-massive-amounts-jackpot-position-eldorado-admiral-nelson-casino-game-position-opinion-thoughts-on-how-to-enjoy-publication-into-the-200percent-gambling-enterprise-deposit-added-bonus%2F HTTP/2" 200 22 "https://www.coridyan.com/jungle-jim-bingo-massive-amounts-jackpot-position-eldorado-admiral-nelson-casino-game-position-opinion-thoughts-on-how-to-enjoy-publication-into-the-200percent-gambling-enterprise-deposit-added-bonus/" "Mozilla/5.0 AppleWebKit/537.36 (KHTML, like Gecko; compatible; GPTBot/1.3; +https://openai.com/gptbot)"
74.7.241.16 - - [12/May/2026:05:54:40 +1000] "GET /wp-json/oembed/1.0/embed?url=https%3A%2F%2Fwww.coridyan.com%2Ffree-wms-slots-online-no-download%2F HTTP/2" 200 1431 "https://www.coridyan.com/free-wms-slots-online-no-download/" "Mozilla/5.0 AppleWebKit/537.36 (KHTML, like Gecko; compatible; GPTBot/1.3; +https://openai.com/gptbot)"
74.7.241.16 - - [12/May/2026:05:54:41 +1000] "GET /%22https:/www.coridyan.com/casino-free-game-download/embed/ HTTP/2" 200 35663 "https://www.coridyan.com/wp-json/oembed/1.0/embed?url=https%3A%2F%2Fwww.coridyan.com%2Fcasino-free-game-download%2F" "Mozilla/5.0 AppleWebKit/537.36 (KHTML, like Gecko; compatible; GPTBot/1.3; +https://openai.com/gptbot)"
74.7.241.16 - - [12/May/2026:05:54:44 +1000] "GET /wp-json/oembed/1.0/embed?format=xml&url=https%3A%2F%2Fwww.coridyan.com%2Flukkiplay-casino-50-free-spins%2F HTTP/2" 200 1480 "https://www.coridyan.com/lukkiplay-casino-50-free-spins/" "Mozilla/5.0 AppleWebKit/537.36 (KHTML, like Gecko; compatible; GPTBot/1.3; +https://openai.com/gptbot)"
74.7.241.16 - - [12/May/2026:05:54:46 +1000] "GET /wp-json/oembed/1.0/embed?format=xml&url=https%3A%2F%2Fwww.coridyan.com%2F25-dollar-free-bingo-australia%2F HTTP/2" 200 22 "https://www.coridyan.com/25-dollar-free-bingo-australia/" "Mozilla/5.0 AppleWebKit/537.36 (KHTML, like Gecko; compatible; GPTBot/1.3; +https://openai.com/gptbot)"
