57.141.14.71 - - [12/May/2026:06:44:14 +1000] "GET /products/detail/63884944 HTTP/2" 200 137741 "-" "meta-externalagent/1.1 (+https://developers.facebook.com/docs/sharing/webmasters/crawler)"
74.7.242.22 - - [12/May/2026:06:44:16 +1000] "GET /wp-json/oembed/1.0/embed?format=xml&url=https%3A%2F%2Fwww.coridyan.com%2Fbetter-uk-internet-casino-list-greatest-50-web-based-casinos-2026%2F HTTP/2" 200 1605 "https://www.coridyan.com/better-uk-internet-casino-list-greatest-50-web-based-casinos-2026/" "Mozilla/5.0 AppleWebKit/537.36 (KHTML, like Gecko; compatible; GPTBot/1.3; +https://openai.com/gptbot)"
192.178.4.100 - - [12/May/2026:06:44:14 +1000] "GET /?products/detail/62491987 HTTP/1.1" 200 33283 "-" "Mozilla/5.0 (Linux; Android 6.0.1; Nexus 5X Build/MMB29P) AppleWebKit/537.36 (KHTML, like Gecko) Chrome/147.0.7727.137 Mobile Safari/537.36 (compatible; Googlebot/2.1; +http://www.google.com/bot.html)"
74.7.242.22 - - [12/May/2026:06:44:18 +1000] "GET /wp-json/oembed/1.0/embed?format=xml&url=https%3A%2F%2Fwww.coridyan.com%2Fonline-blackjack-btc%2F HTTP/2" 200 1431 "https://www.coridyan.com/online-blackjack-btc/" "Mozilla/5.0 AppleWebKit/537.36 (KHTML, like Gecko; compatible; GPTBot/1.3; +https://openai.com/gptbot)"
74.7.242.22 - - [12/May/2026:06:44:20 +1000] "GET /wp-json/oembed/1.0/embed?format=xml&url=https%3A%2F%2Fwww.coridyan.com%2Fbaccarat-card-values%2F HTTP/2" 200 1451 "https://www.coridyan.com/baccarat-card-values/" "Mozilla/5.0 AppleWebKit/537.36 (KHTML, like Gecko; compatible; GPTBot/1.3; +https://openai.com/gptbot)"
74.7.242.22 - - [12/May/2026:06:44:21 +1000] "GET /wp-json/oembed/1.0/embed?format=xml&url=https%3A%2F%2Fwww.coridyan.com%2Fcasino-deposit-delay%2F HTTP/2" 200 1470 "https://www.coridyan.com/casino-deposit-delay/" "Mozilla/5.0 AppleWebKit/537.36 (KHTML, like Gecko; compatible; GPTBot/1.3; +https://openai.com/gptbot)"
57.141.14.45 - - [12/May/2026:06:44:21 +1000] "GET /products/detail/61075900 HTTP/2" 200 137741 "-" "meta-externalagent/1.1 (+https://developers.facebook.com/docs/sharing/webmasters/crawler)"
216.73.216.86 - - [12/May/2026:06:44:23 +1000] "GET /?p=64350 HTTP/2" 200 22 "-" "Mozilla/5.0 AppleWebKit/537.36 (KHTML, like Gecko; compatible; ClaudeBot/1.0; +claudebot@anthropic.com)"
216.73.216.86 - - [12/May/2026:06:44:23 +1000] "GET /items-fenix-play-online-of-150/ HTTP/2" 200 40929 "-" "Mozilla/5.0 AppleWebKit/537.36 (KHTML, like Gecko; compatible; ClaudeBot/1.0; +claudebot@anthropic.com)"
74.7.242.22 - - [12/May/2026:06:44:23 +1000] "GET /wp-json/oembed/1.0/embed?format=xml&url=https%3A%2F%2Fwww.coridyan.com%2Fidraet-50-dragons-video-slot-slag-paslat-attmed-spilnu-bilnyhed-skuespil-hvert-5-minut%2F HTTP/2" 200 1706 "https://www.coridyan.com/idraet-50-dragons-video-slot-slag-paslat-attmed-spilnu-bilnyhed-skuespil-hvert-5-minut/" "Mozilla/5.0 AppleWebKit/537.36 (KHTML, like Gecko; compatible; GPTBot/1.3; +https://openai.com/gptbot)"
192.178.4.100 - - [12/May/2026:06:44:24 +1000] "GET /?products/detail/57051388 HTTP/1.1" 200 32814 "-" "Mozilla/5.0 (Linux; Android 6.0.1; Nexus 5X Build/MMB29P) AppleWebKit/537.36 (KHTML, like Gecko) Chrome/147.0.7727.137 Mobile Safari/537.36 (compatible; Googlebot/2.1; +http://www.google.com/bot.html)"
74.7.242.22 - - [12/May/2026:06:44:25 +1000] "GET /wp-json/oembed/1.0/embed?format=xml&url=https%3A%2F%2Fwww.coridyan.com%2F100-free-spins-on-sign-up%2F HTTP/2" 200 1455 "https://www.coridyan.com/100-free-spins-on-sign-up/" "Mozilla/5.0 AppleWebKit/537.36 (KHTML, like Gecko; compatible; GPTBot/1.3; +https://openai.com/gptbot)"
74.7.242.22 - - [12/May/2026:06:44:27 +1000] "GET /wp-json/oembed/1.0/embed?format=xml&url=https%3A%2F%2Fwww.coridyan.com%2Ffastpay-casino-legit-au-2026%2F HTTP/2" 200 1458 "https://www.coridyan.com/fastpay-casino-legit-au-2026/" "Mozilla/5.0 AppleWebKit/537.36 (KHTML, like Gecko; compatible; GPTBot/1.3; +https://openai.com/gptbot)"
216.73.216.86 - - [12/May/2026:06:44:30 +1000] "GET /casino-on-line-experience-gameplay-protection-and-873/ HTTP/2" 200 45026 "-" "Mozilla/5.0 AppleWebKit/537.36 (KHTML, like Gecko; compatible; ClaudeBot/1.0; +claudebot@anthropic.com)"
74.7.242.22 - - [12/May/2026:06:44:30 +1000] "GET /wp-json/oembed/1.0/embed?format=xml&url=https%3A%2F%2Fwww.coridyan.com%2Fdeposit-30-sic-bo-online%2F HTTP/2" 200 1434 "https://www.coridyan.com/deposit-30-sic-bo-online/" "Mozilla/5.0 AppleWebKit/537.36 (KHTML, like Gecko; compatible; GPTBot/1.3; +https://openai.com/gptbot)"
74.7.242.22 - - [12/May/2026:06:44:32 +1000] "GET /wp-json/oembed/1.0/embed?format=xml&url=https%3A%2F%2Fwww.coridyan.com%2Fdeposit-50-sic-bo-online%2F HTTP/2" 200 1453 "https://www.coridyan.com/deposit-50-sic-bo-online/" "Mozilla/5.0 AppleWebKit/537.36 (KHTML, like Gecko; compatible; GPTBot/1.3; +https://openai.com/gptbot)"
74.7.242.22 - - [12/May/2026:06:44:34 +1000] "GET /wp-json/oembed/1.0/embed?format=xml&url=https%3A%2F%2Fwww.coridyan.com%2Ftop-10-free-online-slots%2F HTTP/2" 200 1449 "https://www.coridyan.com/top-10-free-online-slots/" "Mozilla/5.0 AppleWebKit/537.36 (KHTML, like Gecko; compatible; GPTBot/1.3; +https://openai.com/gptbot)"
192.178.4.100 - - [12/May/2026:06:44:33 +1000] "GET /?products/detail/54468901 HTTP/1.1" 200 34492 "-" "Mozilla/5.0 (Linux; Android 6.0.1; Nexus 5X Build/MMB29P) AppleWebKit/537.36 (KHTML, like Gecko) Chrome/147.0.7727.137 Mobile Safari/537.36 (compatible; Googlebot/2.1; +http://www.google.com/bot.html)"
200.25.47.105 - - [12/May/2026:06:44:33 +1000] "POST /xmlrpc.php HTTP/1.1" 200 657 "-" "Mozilla/5.0 (Windows NT 10.0; Win64; x64) AppleWebKit/537.36 (KHTML, like Gecko) Chrome/114.0.0.0 Safari/537.36"
74.7.242.22 - - [12/May/2026:06:44:36 +1000] "GET /wp-json/oembed/1.0/embed?format=xml&url=https%3A%2F%2Fwww.coridyan.com%2Fverbunden-spielbank-paypal-verde-casino-app-apk-download-traktandum-paypal-casinos-2026%2F HTTP/2" 200 1681 "https://www.coridyan.com/verbunden-spielbank-paypal-verde-casino-app-apk-download-traktandum-paypal-casinos-2026/" "Mozilla/5.0 AppleWebKit/537.36 (KHTML, like Gecko; compatible; GPTBot/1.3; +https://openai.com/gptbot)"
74.7.242.22 - - [12/May/2026:06:44:38 +1000] "GET /wp-json/oembed/1.0/embed?format=xml&url=https%3A%2F%2Fwww.coridyan.com%2Ffamily-out-of-fun-intense-casino-canada-position-comment-dare-to-get-in-twist-for-wins%2F HTTP/2" 200 1695 "https://www.coridyan.com/family-out-of-fun-intense-casino-canada-position-comment-dare-to-get-in-twist-for-wins/" "Mozilla/5.0 AppleWebKit/537.36 (KHTML, like Gecko; compatible; GPTBot/1.3; +https://openai.com/gptbot)"
74.7.242.22 - - [12/May/2026:06:44:41 +1000] "GET /wp-json/oembed/1.0/embed?format=xml&url=https%3A%2F%2Fwww.coridyan.com%2F100-percent-free-revolves-no-deposit-2026-%25ef%25b8%258fstep-one000-bonus-revolves%2F HTTP/2" 200 1619 "https://www.coridyan.com/100-percent-free-revolves-no-deposit-2026-%ef%b8%8fstep-one000-bonus-revolves/" "Mozilla/5.0 AppleWebKit/537.36 (KHTML, like Gecko; compatible; GPTBot/1.3; +https://openai.com/gptbot)"
111.67.29.221 - - [12/May/2026:06:44:40 +1000] "POST /wp-cron.php?doing_wp_cron=1778532280.0158619880676269531250 HTTP/1.1" 200 445 "https://www.coridyan.com/wp-cron.php?doing_wp_cron=1778532280.0158619880676269531250" "WordPress/6.0.11; https://www.coridyan.com"
74.7.242.22 - - [12/May/2026:06:44:43 +1000] "GET /wp-json/oembed/1.0/embed?url=https%3A%2F%2Fwww.coridyan.com%2Ffree-online-casino-download%2F HTTP/2" 200 1436 "https://www.coridyan.com/free-online-casino-download/" "Mozilla/5.0 AppleWebKit/537.36 (KHTML, like Gecko; compatible; GPTBot/1.3; +https://openai.com/gptbot)"
200.25.47.105 - - [12/May/2026:06:44:44 +1000] "POST /xmlrpc.php HTTP/1.1" 200 12833 "-" "Mozilla/5.0 (Windows NT 10.0; Win64; x64) AppleWebKit/537.36 (KHTML, like Gecko) Chrome/114.0.0.0 Safari/537.36"
74.7.242.22 - - [12/May/2026:06:44:45 +1000] "GET /wp-json/oembed/1.0/embed?format=xml&url=https%3A%2F%2Fwww.coridyan.com%2Fbet66-casino-free-spins-today-au%2F HTTP/2" 200 1473 "https://www.coridyan.com/bet66-casino-free-spins-today-au/" "Mozilla/5.0 AppleWebKit/537.36 (KHTML, like Gecko; compatible; GPTBot/1.3; +https://openai.com/gptbot)"
74.7.242.22 - - [12/May/2026:06:44:47 +1000] "GET /wp-json/oembed/1.0/embed?format=xml&url=https%3A%2F%2Fwww.coridyan.com%2Fgonzos-journey-slot-tips-on-lobstermania-slot-comment-play-for-free-inside-demonstration-function%2F HTTP/2" 200 1656 "https://www.coridyan.com/gonzos-journey-slot-tips-on-lobstermania-slot-comment-play-for-free-inside-demonstration-function/" "Mozilla/5.0 AppleWebKit/537.36 (KHTML, like Gecko; compatible; GPTBot/1.3; +https://openai.com/gptbot)"
162.14.109.170 - - [12/May/2026:06:44:47 +1000] "GET / HTTP/1.1" 200 552 "http://coridyan.com" "Mozilla/5.0 (iPhone; CPU iPhone OS 13_2_3 like Mac OS X) AppleWebKit/605.1.15 (KHTML, like Gecko) Version/13.0.3 Mobile/15E148 Safari/604.1"
74.7.242.22 - - [12/May/2026:06:44:49 +1000] "GET /wp-json/oembed/1.0/embed?format=xml&url=https%3A%2F%2Fwww.coridyan.com%2Fbesplatna-demonstracija-igre-skip-preuzmi-aplikaciju-verde-casino-cat-slot-comment-aristocrat-gamble%2F HTTP/2" 200 1664 "https://www.coridyan.com/besplatna-demonstracija-igre-skip-preuzmi-aplikaciju-verde-casino-cat-slot-comment-aristocrat-gamble/" "Mozilla/5.0 AppleWebKit/537.36 (KHTML, like Gecko; compatible; GPTBot/1.3; +https://openai.com/gptbot)"
200.25.47.105 - - [12/May/2026:06:44:48 +1000] "GET /depozits%D1%96z-100-goldbet-%D2%9Boldanbasyna-k%D1%96ru-payyz-teg%D1%96n-revolves-nz-2026-teg%D1%96n-revolves-depozits%D1%96z-%D2%9Bosyl%D2%93an-bonus/ HTTP/1.1" 200 156557 "-" "Mozilla/5.0 (Windows NT 10.0; rv:125.0) Gecko/20100101 Firefox/125.0"
74.7.242.22 - - [12/May/2026:06:44:51 +1000] "GET /wp-json/oembed/1.0/embed?format=xml&url=https%3A%2F%2Fwww.coridyan.com%2Fboku-pay-by-mobile-to-paypal-casino-australia%2F HTTP/2" 200 1458 "https://www.coridyan.com/boku-pay-by-mobile-to-paypal-casino-australia/" "Mozilla/5.0 AppleWebKit/537.36 (KHTML, like Gecko; compatible; GPTBot/1.3; +https://openai.com/gptbot)"
192.178.4.100 - - [12/May/2026:06:44:51 +1000] "GET /?products/detail/55382554 HTTP/1.1" 200 31919 "-" "Mozilla/5.0 (Linux; Android 6.0.1; Nexus 5X Build/MMB29P) AppleWebKit/537.36 (KHTML, like Gecko) Chrome/147.0.7727.137 Mobile Safari/537.36 (compatible; Googlebot/2.1; +http://www.google.com/bot.html)"
74.7.242.22 - - [12/May/2026:06:44:53 +1000] "GET /wp-json/oembed/1.0/embed?format=xml&url=https%3A%2F%2Fwww.coridyan.com%2F10-minimum-deposit-online-slots-no-deposit-bonus-australia%2F HTTP/2" 200 1472 "https://www.coridyan.com/10-minimum-deposit-online-slots-no-deposit-bonus-australia/" "Mozilla/5.0 AppleWebKit/537.36 (KHTML, like Gecko; compatible; GPTBot/1.3; +https://openai.com/gptbot)"
74.7.242.22 - - [12/May/2026:06:44:55 +1000] "GET /wp-json/oembed/1.0/embed?format=xml&url=https%3A%2F%2Fwww.coridyan.com%2F20-minimum-deposit-online-bingo-no-deposit-bonus-australia%2F HTTP/2" 200 22 "https://www.coridyan.com/20-minimum-deposit-online-bingo-no-deposit-bonus-australia/" "Mozilla/5.0 AppleWebKit/537.36 (KHTML, like Gecko; compatible; GPTBot/1.3; +https://openai.com/gptbot)"
192.178.4.100 - - [12/May/2026:06:44:56 +1000] "GET /?products/detail/53152480 HTTP/1.1" 200 34128 "-" "Mozilla/5.0 (Linux; Android 6.0.1; Nexus 5X Build/MMB29P) AppleWebKit/537.36 (KHTML, like Gecko) Chrome/147.0.7727.137 Mobile Safari/537.36 (compatible; Googlebot/2.1; +http://www.google.com/bot.html)"
74.7.242.22 - - [12/May/2026:06:44:56 +1000] "GET /l-ete-des-bonus-comment-le-systeme-de-realite-check-aide-les-joueurs-a-profiter-des-offres-sans-perdre-le-controle/feed/ HTTP/2" 200 570 "https://www.coridyan.com/l-ete-des-bonus-comment-le-systeme-de-realite-check-aide-les-joueurs-a-profiter-des-offres-sans-perdre-le-controle/" "Mozilla/5.0 AppleWebKit/537.36 (KHTML, like Gecko; compatible; GPTBot/1.3; +https://openai.com/gptbot)"
57.141.14.100 - - [12/May/2026:06:45:05 +1000] "GET /products/detail/59977549 HTTP/2" 200 137741 "-" "meta-externalagent/1.1 (+https://developers.facebook.com/docs/sharing/webmasters/crawler)"
74.7.242.22 - - [12/May/2026:06:45:07 +1000] "GET /wp-json/oembed/1.0/embed?format=xml&url=https%3A%2F%2Fwww.coridyan.com%2Fneds-casino-aud-bonus-2026%2F HTTP/2" 200 1467 "https://www.coridyan.com/neds-casino-aud-bonus-2026/" "Mozilla/5.0 AppleWebKit/537.36 (KHTML, like Gecko; compatible; GPTBot/1.3; +https://openai.com/gptbot)"
74.7.242.22 - - [12/May/2026:06:45:09 +1000] "GET /wp-json/oembed/1.0/embed?format=xml&url=https%3A%2F%2Fwww.coridyan.com%2Fboho-casino-aud-bonus-2026%2F HTTP/2" 200 1471 "https://www.coridyan.com/boho-casino-aud-bonus-2026/" "Mozilla/5.0 AppleWebKit/537.36 (KHTML, like Gecko; compatible; GPTBot/1.3; +https://openai.com/gptbot)"
57.141.14.51 - - [12/May/2026:06:45:10 +1000] "GET /products/detail/62889445 HTTP/2" 200 137741 "-" "meta-externalagent/1.1 (+https://developers.facebook.com/docs/sharing/webmasters/crawler)"
52.167.144.142 - - [12/May/2026:06:45:10 +1000] "GET /products/detail/66478420 HTTP/2" 200 31687 "-" "Mozilla/5.0 AppleWebKit/537.36 (KHTML, like Gecko; compatible; bingbot/2.0; +http://www.bing.com/bingbot.htm) Chrome/116.0.1938.76 Safari/537.36"
74.7.242.22 - - [12/May/2026:06:45:11 +1000] "GET /wp-json/oembed/1.0/embed?format=xml&url=https%3A%2F%2Fwww.coridyan.com%2Fokebet-casino-legit-au-2026%2F HTTP/2" 200 1483 "https://www.coridyan.com/okebet-casino-legit-au-2026/" "Mozilla/5.0 AppleWebKit/537.36 (KHTML, like Gecko; compatible; GPTBot/1.3; +https://openai.com/gptbot)"
192.178.4.100 - - [12/May/2026:06:45:10 +1000] "GET /?products/detail/61985062 HTTP/1.1" 200 32514 "-" "Mozilla/5.0 (Linux; Android 6.0.1; Nexus 5X Build/MMB29P) AppleWebKit/537.36 (KHTML, like Gecko) Chrome/147.0.7727.137 Mobile Safari/537.36 (compatible; Googlebot/2.1; +http://www.google.com/bot.html)"
8.231.54.72 - - [12/May/2026:06:45:13 +1000] "HEAD /wordpress/ HTTP/2" 200 0 "http://coridyan.com/wordpress/" "Mozilla/5.0 (X11; Linux x86_64) AppleWebKit/537.36 (KHTML, like Gecko) Chrome/125.0.6422.76 Safari/537.36"
74.7.242.22 - - [12/May/2026:06:45:14 +1000] "GET /%22https:/www.coridyan.com/free-online-casino-download/embed/ HTTP/2" 200 35663 "https://www.coridyan.com/wp-json/oembed/1.0/embed?url=https%3A%2F%2Fwww.coridyan.com%2Ffree-online-casino-download%2F" "Mozilla/5.0 AppleWebKit/537.36 (KHTML, like Gecko; compatible; GPTBot/1.3; +https://openai.com/gptbot)"
8.231.54.72 - - [12/May/2026:06:45:15 +1000] "HEAD / HTTP/2" 200 0 "http://coridyan.com/" "Mozilla/5.0 (Linux; Android 12; Redmi Note 11) AppleWebKit/537.36 (KHTML, like Gecko) Chrome/123.0.6312.112 Mobile Safari/537.36"
74.7.242.22 - - [12/May/2026:06:45:16 +1000] "GET /wp-json/oembed/1.0/embed?format=xml&url=https%3A%2F%2Fwww.coridyan.com%2Fcasino-site-and-information%2F HTTP/2" 200 1474 "https://www.coridyan.com/casino-site-and-information/" "Mozilla/5.0 AppleWebKit/537.36 (KHTML, like Gecko; compatible; GPTBot/1.3; +https://openai.com/gptbot)"
8.231.54.72 - - [12/May/2026:06:45:17 +1000] "HEAD /wp/ HTTP/2" 200 0 "http://coridyan.com/wp/" "Mozilla/5.0 (Linux; Android 11; RMX2195) AppleWebKit/537.36 (KHTML, like Gecko) Chrome/120.0.6099.210 Mobile Safari/537.36 OPR/75.2.3995.72468"
74.7.242.22 - - [12/May/2026:06:45:18 +1000] "GET /wp-json/oembed/1.0/embed?format=xml&url=https%3A%2F%2Fwww.coridyan.com%2Ftrip2vip-casino-100-free-spins%2F HTTP/2" 200 1488 "https://www.coridyan.com/trip2vip-casino-100-free-spins/" "Mozilla/5.0 AppleWebKit/537.36 (KHTML, like Gecko; compatible; GPTBot/1.3; +https://openai.com/gptbot)"
8.231.54.72 - - [12/May/2026:06:45:19 +1000] "HEAD /new/ HTTP/2" 200 0 "http://coridyan.com/new/" "Mozilla/5.0 (Linux; Android 10; vivo 1904) AppleWebKit/537.36 (KHTML, like Gecko) Chrome/117.0.5938.60 Mobile Safari/537.36"
74.7.242.22 - - [12/May/2026:06:45:20 +1000] "GET /wp-json/oembed/1.0/embed?format=xml&url=https%3A%2F%2Fwww.coridyan.com%2Fbest-5000x-win-slots-australia%2F HTTP/2" 200 1483 "https://www.coridyan.com/best-5000x-win-slots-australia/" "Mozilla/5.0 AppleWebKit/537.36 (KHTML, like Gecko; compatible; GPTBot/1.3; +https://openai.com/gptbot)"
8.231.54.72 - - [12/May/2026:06:45:21 +1000] "HEAD /backup/ HTTP/2" 200 0 "http://coridyan.com/backup/" "Mozilla/5.0 (Windows NT 11.0; Win64; x64) AppleWebKit/537.36 (KHTML, like Gecko) Chrome/128.0.6540.18 Safari/537.36"
74.7.242.22 - - [12/May/2026:06:45:22 +1000] "GET /wp-json/oembed/1.0/embed?format=xml&url=https%3A%2F%2Fwww.coridyan.com%2Fboombet-casino-free-spins-2026%2F HTTP/2" 200 1465 "https://www.coridyan.com/boombet-casino-free-spins-2026/" "Mozilla/5.0 AppleWebKit/537.36 (KHTML, like Gecko; compatible; GPTBot/1.3; +https://openai.com/gptbot)"
8.231.54.72 - - [12/May/2026:06:45:23 +1000] "HEAD /blog/ HTTP/2" 200 0 "http://coridyan.com/blog/" "Mozilla/5.0 (iPhone; CPU iPhone OS 16_7 like Mac OS X) AppleWebKit/605.1.15 (KHTML, like Gecko) Version/16.7 Mobile/15E148 Safari/604.1"
74.7.242.22 - - [12/May/2026:06:45:24 +1000] "GET /wp-json/oembed/1.0/embed?format=xml&url=https%3A%2F%2Fwww.coridyan.com%2Fthunderstruck-dos-slot-double-triple-chance-position-comment-totally-free-trial-2026%2F HTTP/2" 200 1631 "https://www.coridyan.com/thunderstruck-dos-slot-double-triple-chance-position-comment-totally-free-trial-2026/" "Mozilla/5.0 AppleWebKit/537.36 (KHTML, like Gecko; compatible; GPTBot/1.3; +https://openai.com/gptbot)"
8.231.54.72 - - [12/May/2026:06:45:25 +1000] "HEAD /old/ HTTP/2" 200 0 "http://coridyan.com/old/" "Mozilla/5.0 (Macintosh; Intel Mac OS X 15_0) AppleWebKit/537.36 (KHTML, like Gecko) Chrome/125.0.6422.141 Safari/537.36"
74.7.242.22 - - [12/May/2026:06:45:26 +1000] "GET /wp-json/oembed/1.0/embed?format=xml&url=https%3A%2F%2Fwww.coridyan.com%2Fbest-apple-pay-casino-cashback-casino-australia%2F HTTP/2" 200 1465 "https://www.coridyan.com/best-apple-pay-casino-cashback-casino-australia/" "Mozilla/5.0 AppleWebKit/537.36 (KHTML, like Gecko; compatible; GPTBot/1.3; +https://openai.com/gptbot)"
74.7.242.22 - - [12/May/2026:06:45:28 +1000] "GET /wp-json/oembed/1.0/embed?format=xml&url=https%3A%2F%2Fwww.coridyan.com%2Fecopayz-casino-refer-a-friend-casino-australia%2F HTTP/2" 200 1490 "https://www.coridyan.com/ecopayz-casino-refer-a-friend-casino-australia/" "Mozilla/5.0 AppleWebKit/537.36 (KHTML, like Gecko; compatible; GPTBot/1.3; +https://openai.com/gptbot)"
74.7.242.22 - - [12/May/2026:06:45:30 +1000] "GET /wp-json/oembed/1.0/embed?format=xml&url=https%3A%2F%2Fwww.coridyan.com%2Fonline-casino-non-sticky-bonus-casino-australia%2F HTTP/2" 200 1481 "https://www.coridyan.com/online-casino-non-sticky-bonus-casino-australia/" "Mozilla/5.0 AppleWebKit/537.36 (KHTML, like Gecko; compatible; GPTBot/1.3; +https://openai.com/gptbot)"
192.178.4.100 - - [12/May/2026:06:45:29 +1000] "GET /?products/detail/53352469 HTTP/1.1" 200 32341 "-" "Mozilla/5.0 (Linux; Android 6.0.1; Nexus 5X Build/MMB29P) AppleWebKit/537.36 (KHTML, like Gecko) Chrome/147.0.7727.137 Mobile Safari/537.36 (compatible; Googlebot/2.1; +http://www.google.com/bot.html)"
57.141.14.33 - - [12/May/2026:06:45:30 +1000] "GET /products/detail/63200197 HTTP/2" 200 137741 "-" "meta-externalagent/1.1 (+https://developers.facebook.com/docs/sharing/webmasters/crawler)"
57.141.14.12 - - [12/May/2026:06:45:31 +1000] "GET /products/detail/62048611 HTTP/2" 200 137741 "-" "meta-externalagent/1.1 (+https://developers.facebook.com/docs/sharing/webmasters/crawler)"
74.7.242.22 - - [12/May/2026:06:45:32 +1000] "GET /wp-json/oembed/1.0/embed?format=xml&url=https%3A%2F%2Fwww.coridyan.com%2Fbest-ecopayz-casino-high-roller-casino-australia%2F HTTP/2" 200 1462 "https://www.coridyan.com/best-ecopayz-casino-high-roller-casino-australia/" "Mozilla/5.0 AppleWebKit/537.36 (KHTML, like Gecko; compatible; GPTBot/1.3; +https://openai.com/gptbot)"
57.141.14.69 - - [12/May/2026:06:45:34 +1000] "GET /products/detail/60807961 HTTP/2" 200 137741 "-" "meta-externalagent/1.1 (+https://developers.facebook.com/docs/sharing/webmasters/crawler)"
74.7.242.22 - - [12/May/2026:06:45:35 +1000] "GET /wp-json/oembed/1.0/embed?format=xml&url=https%3A%2F%2Fwww.coridyan.com%2Fbest-dogecoin-casino-no-wagering-casino-australia%2F HTTP/2" 200 1463 "https://www.coridyan.com/best-dogecoin-casino-no-wagering-casino-australia/" "Mozilla/5.0 AppleWebKit/537.36 (KHTML, like Gecko; compatible; GPTBot/1.3; +https://openai.com/gptbot)"
74.7.242.22 - - [12/May/2026:06:45:37 +1000] "GET /wp-json/oembed/1.0/embed?format=xml&url=https%3A%2F%2Fwww.coridyan.com%2Fbest-live-casino-loyalty-program-casino-australia%2F HTTP/2" 200 1479 "https://www.coridyan.com/best-live-casino-loyalty-program-casino-australia/" "Mozilla/5.0 AppleWebKit/537.36 (KHTML, like Gecko; compatible; GPTBot/1.3; +https://openai.com/gptbot)"
192.178.4.100 - - [12/May/2026:06:45:37 +1000] "GET /content.php?product/79460314 HTTP/1.1" 200 29112 "-" "Mozilla/5.0 (Linux; Android 6.0.1; Nexus 5X Build/MMB29P) AppleWebKit/537.36 (KHTML, like Gecko) Chrome/147.0.7727.137 Mobile Safari/537.36 (compatible; GoogleOther)"
74.7.242.22 - - [12/May/2026:06:45:40 +1000] "GET /wp-json/oembed/1.0/embed?format=xml&url=https%3A%2F%2Fwww.coridyan.com%2Fastropay-casino-non-sticky-bonus-casino-australia%2F HTTP/2" 200 1467 "https://www.coridyan.com/astropay-casino-non-sticky-bonus-casino-australia/" "Mozilla/5.0 AppleWebKit/537.36 (KHTML, like Gecko; compatible; GPTBot/1.3; +https://openai.com/gptbot)"
74.7.242.22 - - [12/May/2026:06:45:42 +1000] "GET /wp-json/oembed/1.0/embed?format=xml&url=https%3A%2F%2Fwww.coridyan.com%2Fecopayz-casino-birthday-bonus-casino-australia%2F HTTP/2" 200 1479 "https://www.coridyan.com/ecopayz-casino-birthday-bonus-casino-australia/" "Mozilla/5.0 AppleWebKit/537.36 (KHTML, like Gecko; compatible; GPTBot/1.3; +https://openai.com/gptbot)"
74.7.242.22 - - [12/May/2026:06:45:44 +1000] "GET /wp-json/oembed/1.0/embed?format=xml&url=https%3A%2F%2Fwww.coridyan.com%2Fbest-muchbetter-casino-cashback-casino-australia%2F HTTP/2" 200 1469 "https://www.coridyan.com/best-muchbetter-casino-cashback-casino-australia/" "Mozilla/5.0 AppleWebKit/537.36 (KHTML, like Gecko; compatible; GPTBot/1.3; +https://openai.com/gptbot)"
46.202.224.136 - - [12/May/2026:06:45:45 +1000] "GET /?products%2Fdetail%2F56194012= HTTP/1.1" 200 59359 "-" "Mozilla/5.0 (Windows NT 10.0; Win64; x64) AppleWebKit/537.36 (KHTML, like Gecko) Chrome/139.0.0.0 Safari/537.36"
74.7.242.22 - - [12/May/2026:06:45:46 +1000] "GET /wp-json/oembed/1.0/embed?format=xml&url=https%3A%2F%2Fwww.coridyan.com%2Fvoucher-casino-deposit-free-play-casino-australia%2F HTTP/2" 200 1458 "https://www.coridyan.com/voucher-casino-deposit-free-play-casino-australia/" "Mozilla/5.0 AppleWebKit/537.36 (KHTML, like Gecko; compatible; GPTBot/1.3; +https://openai.com/gptbot)"
74.7.242.22 - - [12/May/2026:06:45:48 +1000] "GET /wp-json/oembed/1.0/embed?format=xml&url=https%3A%2F%2Fwww.coridyan.com%2Fbest-neosurf-casino-real-money-casino-australia%2F HTTP/2" 200 1472 "https://www.coridyan.com/best-neosurf-casino-real-money-casino-australia/" "Mozilla/5.0 AppleWebKit/537.36 (KHTML, like Gecko; compatible; GPTBot/1.3; +https://openai.com/gptbot)"
192.178.4.100 - - [12/May/2026:06:45:47 +1000] "GET /content.php?product/104550730 HTTP/1.1" 200 28506 "-" "Mozilla/5.0 (Linux; Android 6.0.1; Nexus 5X Build/MMB29P) AppleWebKit/537.36 (KHTML, like Gecko) Chrome/147.0.7727.137 Mobile Safari/537.36 (compatible; GoogleOther)"
192.178.4.100 - - [12/May/2026:06:45:48 +1000] "GET /?products/detail/55961785 HTTP/1.1" 200 31692 "-" "Mozilla/5.0 (Linux; Android 6.0.1; Nexus 5X Build/MMB29P) AppleWebKit/537.36 (KHTML, like Gecko) Chrome/147.0.7727.137 Mobile Safari/537.36 (compatible; Googlebot/2.1; +http://www.google.com/bot.html)"
74.7.242.22 - - [12/May/2026:06:45:50 +1000] "GET /wp-json/oembed/1.0/embed?format=xml&url=https%3A%2F%2Fwww.coridyan.com%2Fprepaid-card-casino-no-wagering-casino-australia%2F HTTP/2" 200 1459 "https://www.coridyan.com/prepaid-card-casino-no-wagering-casino-australia/" "Mozilla/5.0 AppleWebKit/537.36 (KHTML, like Gecko; compatible; GPTBot/1.3; +https://openai.com/gptbot)"
216.73.216.86 - - [12/May/2026:06:45:52 +1000] "GET /miss-cat-harbors-opinion-casinos4u-free-bet-no-deposit-gamble-skip-cat-score-100x-incentive/feed/ HTTP/2" 200 532 "-" "Mozilla/5.0 AppleWebKit/537.36 (KHTML, like Gecko; compatible; ClaudeBot/1.0; +claudebot@anthropic.com)"
216.73.216.86 - - [12/May/2026:06:45:52 +1000] "GET /topp-5-nettcasinoer-og-casino-norske-automater-anmeldelser-spiller-online-autentisk-eiendom-joik-og-vinn-autentisk-eiendom/ HTTP/2" 200 42019 "-" "Mozilla/5.0 AppleWebKit/537.36 (KHTML, like Gecko; compatible; ClaudeBot/1.0; +claudebot@anthropic.com)"
74.7.242.22 - - [12/May/2026:06:45:52 +1000] "GET /wp-json/oembed/1.0/embed?format=xml&url=https%3A%2F%2Fwww.coridyan.com%2Fbest-visa-casino-refer-a-friend-casino-australia%2F HTTP/2" 200 1475 "https://www.coridyan.com/best-visa-casino-refer-a-friend-casino-australia/" "Mozilla/5.0 AppleWebKit/537.36 (KHTML, like Gecko; compatible; GPTBot/1.3; +https://openai.com/gptbot)"
74.7.242.22 - - [12/May/2026:06:45:55 +1000] "GET /wp-json/oembed/1.0/embed?format=xml&url=https%3A%2F%2Fwww.coridyan.com%2Fbest-revolut-casino-prize-draw-casino-australia%2F HTTP/2" 200 1478 "https://www.coridyan.com/best-revolut-casino-prize-draw-casino-australia/" "Mozilla/5.0 AppleWebKit/537.36 (KHTML, like Gecko; compatible; GPTBot/1.3; +https://openai.com/gptbot)"
57.141.14.18 - - [12/May/2026:06:45:55 +1000] "GET /products/detail/58471768 HTTP/2" 200 137741 "-" "meta-externalagent/1.1 (+https://developers.facebook.com/docs/sharing/webmasters/crawler)"
74.7.242.22 - - [12/May/2026:06:45:57 +1000] "GET /wp-json/oembed/1.0/embed?format=xml&url=https%3A%2F%2Fwww.coridyan.com%2Fcan-casino-dealers-playing-in-casinos-australia%2F HTTP/2" 200 1470 "https://www.coridyan.com/can-casino-dealers-playing-in-casinos-australia/" "Mozilla/5.0 AppleWebKit/537.36 (KHTML, like Gecko; compatible; GPTBot/1.3; +https://openai.com/gptbot)"
74.7.242.22 - - [12/May/2026:06:45:59 +1000] "GET /wp-json/oembed/1.0/embed?format=xml&url=https%3A%2F%2Fwww.coridyan.com%2Fmifinity-casino-refer-a-friend-casino-australia%2F HTTP/2" 200 1462 "https://www.coridyan.com/mifinity-casino-refer-a-friend-casino-australia/" "Mozilla/5.0 AppleWebKit/537.36 (KHTML, like Gecko; compatible; GPTBot/1.3; +https://openai.com/gptbot)"
74.7.242.22 - - [12/May/2026:06:46:02 +1000] "GET /wp-json/oembed/1.0/embed?format=xml&url=https%3A%2F%2Fwww.coridyan.com%2Frevolut-casino-loyalty-program-casino-australia%2F HTTP/2" 200 1463 "https://www.coridyan.com/revolut-casino-loyalty-program-casino-australia/" "Mozilla/5.0 AppleWebKit/537.36 (KHTML, like Gecko; compatible; GPTBot/1.3; +https://openai.com/gptbot)"
74.7.242.22 - - [12/May/2026:06:46:04 +1000] "GET /wp-json/oembed/1.0/embed?format=xml&url=https%3A%2F%2Fwww.coridyan.com%2Fbest-mifinity-casino-cashback-casino-australia%2F HTTP/2" 200 1476 "https://www.coridyan.com/best-mifinity-casino-cashback-casino-australia/" "Mozilla/5.0 AppleWebKit/537.36 (KHTML, like Gecko; compatible; GPTBot/1.3; +https://openai.com/gptbot)"
74.7.242.22 - - [12/May/2026:06:46:06 +1000] "GET /wp-json/oembed/1.0/embed?format=xml&url=https%3A%2F%2Fwww.coridyan.com%2Flitecoin-casino-loyalty-program-casino-australia%2F HTTP/2" 200 1491 "https://www.coridyan.com/litecoin-casino-loyalty-program-casino-australia/" "Mozilla/5.0 AppleWebKit/537.36 (KHTML, like Gecko; compatible; GPTBot/1.3; +https://openai.com/gptbot)"
57.141.14.60 - - [12/May/2026:06:46:07 +1000] "GET /products/detail/60336658 HTTP/2" 200 137741 "-" "meta-externalagent/1.1 (+https://developers.facebook.com/docs/sharing/webmasters/crawler)"
74.7.242.22 - - [12/May/2026:06:46:08 +1000] "GET /wp-json/oembed/1.0/embed?format=xml&url=https%3A%2F%2Fwww.coridyan.com%2Fbest-revolut-casino-high-roller-casino-australia%2F HTTP/2" 200 1459 "https://www.coridyan.com/best-revolut-casino-high-roller-casino-australia/" "Mozilla/5.0 AppleWebKit/537.36 (KHTML, like Gecko; compatible; GPTBot/1.3; +https://openai.com/gptbot)"
192.178.4.100 - - [12/May/2026:06:46:07 +1000] "GET /?products/detail/62634592 HTTP/1.1" 200 32374 "-" "Mozilla/5.0 (Linux; Android 6.0.1; Nexus 5X Build/MMB29P) AppleWebKit/537.36 (KHTML, like Gecko) Chrome/147.0.7727.137 Mobile Safari/537.36 (compatible; Googlebot/2.1; +http://www.google.com/bot.html)"
74.7.242.22 - - [12/May/2026:06:46:10 +1000] "GET /wp-json/oembed/1.0/embed?format=xml&url=https%3A%2F%2Fwww.coridyan.com%2Fbest-astropay-casino-high-roller-casino-australia%2F HTTP/2" 200 1489 "https://www.coridyan.com/best-astropay-casino-high-roller-casino-australia/" "Mozilla/5.0 AppleWebKit/537.36 (KHTML, like Gecko; compatible; GPTBot/1.3; +https://openai.com/gptbot)"
57.141.14.6 - - [12/May/2026:06:46:11 +1000] "GET /products/detail/59179573 HTTP/2" 200 137741 "-" "meta-externalagent/1.1 (+https://developers.facebook.com/docs/sharing/webmasters/crawler)"
57.141.14.2 - - [12/May/2026:06:46:11 +1000] "GET /products/detail/63623521 HTTP/2" 200 137741 "-" "meta-externalagent/1.1 (+https://developers.facebook.com/docs/sharing/webmasters/crawler)"
192.178.4.100 - - [12/May/2026:06:46:13 +1000] "GET /products/detail/59963158 HTTP/1.1" 200 32213 "-" "Mozilla/5.0 (Linux; Android 6.0.1; Nexus 5X Build/MMB29P) AppleWebKit/537.36 (KHTML, like Gecko) Chrome/147.0.7727.137 Mobile Safari/537.36 (compatible; Googlebot/2.1; +http://www.google.com/bot.html)"
216.73.216.86 - - [12/May/2026:06:46:20 +1000] "GET /dunder-spiele-games-2026-welches-ist-und-bleibt-safari-heat-1-kaution-welches-beste-partie-as-part-of-dunder/feed/ HTTP/2" 200 545 "-" "Mozilla/5.0 AppleWebKit/537.36 (KHTML, like Gecko; compatible; ClaudeBot/1.0; +claudebot@anthropic.com)"
192.178.4.100 - - [12/May/2026:06:46:25 +1000] "GET /?products/detail/54643654 HTTP/1.1" 200 32654 "-" "Mozilla/5.0 (Linux; Android 6.0.1; Nexus 5X Build/MMB29P) AppleWebKit/537.36 (KHTML, like Gecko) Chrome/147.0.7727.137 Mobile Safari/537.36 (compatible; Googlebot/2.1; +http://www.google.com/bot.html)"
74.7.242.22 - - [12/May/2026:06:46:12 +1000] "GET /wp-json/oembed/1.0/embed?format=xml&url=https%3A%2F%2Fwww.coridyan.com%2Fmastercard-casino-high-roller-casino-australia%2F HTTP/2" 200 0 "https://www.coridyan.com/mastercard-casino-high-roller-casino-australia/" "Mozilla/5.0 AppleWebKit/537.36 (KHTML, like Gecko; compatible; GPTBot/1.3; +https://openai.com/gptbot)"
57.141.14.38 - - [12/May/2026:06:46:40 +1000] "GET /products/detail/65933614 HTTP/2" 200 137741 "-" "meta-externalagent/1.1 (+https://developers.facebook.com/docs/sharing/webmasters/crawler)"
74.7.242.22 - - [12/May/2026:06:46:42 +1000] "GET /wp-json/oembed/1.0/embed?format=xml&url=https%3A%2F%2Fwww.coridyan.com%2Fbest-dogecoin-casino-high-roller-casino-australia%2F HTTP/2" 200 1469 "https://www.coridyan.com/best-dogecoin-casino-high-roller-casino-australia/" "Mozilla/5.0 AppleWebKit/537.36 (KHTML, like Gecko; compatible; GPTBot/1.3; +https://openai.com/gptbot)"
74.7.242.22 - - [12/May/2026:06:46:44 +1000] "GET /wp-json/oembed/1.0/embed?format=xml&url=https%3A%2F%2Fwww.coridyan.com%2Flitecoin-casino-refer-a-friend-casino-australia%2F HTTP/2" 200 1466 "https://www.coridyan.com/litecoin-casino-refer-a-friend-casino-australia/" "Mozilla/5.0 AppleWebKit/537.36 (KHTML, like Gecko; compatible; GPTBot/1.3; +https://openai.com/gptbot)"
216.73.216.86 - - [12/May/2026:06:46:46 +1000] "GET /?p=67862 HTTP/2" 200 22 "-" "Mozilla/5.0 AppleWebKit/537.36 (KHTML, like Gecko; compatible; ClaudeBot/1.0; +claudebot@anthropic.com)"
57.141.14.34 - - [12/May/2026:06:46:45 +1000] "GET /products/detail/61533865 HTTP/2" 200 137741 "-" "meta-externalagent/1.1 (+https://developers.facebook.com/docs/sharing/webmasters/crawler)"
192.178.4.100 - - [12/May/2026:06:46:44 +1000] "GET /?products/detail/53042824 HTTP/1.1" 200 31474 "-" "Mozilla/5.0 (Linux; Android 6.0.1; Nexus 5X Build/MMB29P) AppleWebKit/537.36 (KHTML, like Gecko) Chrome/147.0.7727.137 Mobile Safari/537.36 (compatible; Googlebot/2.1; +http://www.google.com/bot.html)"
74.7.242.22 - - [12/May/2026:06:46:46 +1000] "GET /wp-json/oembed/1.0/embed?format=xml&url=https%3A%2F%2Fwww.coridyan.com%2Fecopayz-casino-non-sticky-bonus-casino-australia%2F HTTP/2" 200 1473 "https://www.coridyan.com/ecopayz-casino-non-sticky-bonus-casino-australia/" "Mozilla/5.0 AppleWebKit/537.36 (KHTML, like Gecko; compatible; GPTBot/1.3; +https://openai.com/gptbot)"
74.7.242.22 - - [12/May/2026:06:46:48 +1000] "GET /wp-json/oembed/1.0/embed?format=xml&url=https%3A%2F%2Fwww.coridyan.com%2Fmifinity-casino-birthday-bonus-casino-australia%2F HTTP/2" 200 1473 "https://www.coridyan.com/mifinity-casino-birthday-bonus-casino-australia/" "Mozilla/5.0 AppleWebKit/537.36 (KHTML, like Gecko; compatible; GPTBot/1.3; +https://openai.com/gptbot)"
74.7.242.22 - - [12/May/2026:06:46:50 +1000] "GET /wp-json/oembed/1.0/embed?format=xml&url=https%3A%2F%2Fwww.coridyan.com%2Fbest-poli-casino-loyalty-program-casino-australia%2F HTTP/2" 200 1459 "https://www.coridyan.com/best-poli-casino-loyalty-program-casino-australia/" "Mozilla/5.0 AppleWebKit/537.36 (KHTML, like Gecko; compatible; GPTBot/1.3; +https://openai.com/gptbot)"
74.7.242.22 - - [12/May/2026:06:46:52 +1000] "GET /wp-json/oembed/1.0/embed?format=xml&url=https%3A%2F%2Fwww.coridyan.com%2Fdeposit-by-phone-bill-casino-australia-no-deposit%2F HTTP/2" 200 1451 "https://www.coridyan.com/deposit-by-phone-bill-casino-australia-no-deposit/" "Mozilla/5.0 AppleWebKit/537.36 (KHTML, like Gecko; compatible; GPTBot/1.3; +https://openai.com/gptbot)"
74.7.242.22 - - [12/May/2026:06:46:54 +1000] "GET /wp-json/oembed/1.0/embed?format=xml&url=https%3A%2F%2Fwww.coridyan.com%2Fcredit-card-casino-prize-draw-casino-australia%2F HTTP/2" 200 1469 "https://www.coridyan.com/credit-card-casino-prize-draw-casino-australia/" "Mozilla/5.0 AppleWebKit/537.36 (KHTML, like Gecko; compatible; GPTBot/1.3; +https://openai.com/gptbot)"
74.7.242.22 - - [12/May/2026:06:46:56 +1000] "GET /wp-json/oembed/1.0/embed?format=xml&url=https%3A%2F%2Fwww.coridyan.com%2Fbest-astropay-casino-real-money-casino-australia%2F HTTP/2" 200 1456 "https://www.coridyan.com/best-astropay-casino-real-money-casino-australia/" "Mozilla/5.0 AppleWebKit/537.36 (KHTML, like Gecko; compatible; GPTBot/1.3; +https://openai.com/gptbot)"
57.141.14.20 - - [12/May/2026:06:46:55 +1000] "GET /products/detail/54896140 HTTP/2" 200 137741 "-" "meta-externalagent/1.1 (+https://developers.facebook.com/docs/sharing/webmasters/crawler)"
74.7.242.22 - - [12/May/2026:06:46:58 +1000] "GET /wp-json/oembed/1.0/embed?format=xml&url=https%3A%2F%2Fwww.coridyan.com%2Fdogecoin-casino-refer-a-friend-casino-australia%2F HTTP/2" 200 1471 "https://www.coridyan.com/dogecoin-casino-refer-a-friend-casino-australia/" "Mozilla/5.0 AppleWebKit/537.36 (KHTML, like Gecko; compatible; GPTBot/1.3; +https://openai.com/gptbot)"
52.167.144.190 - - [12/May/2026:06:46:57 +1000] "GET /products/detail/62150770 HTTP/2" 200 31550 "-" "Mozilla/5.0 AppleWebKit/537.36 (KHTML, like Gecko; compatible; bingbot/2.0; +http://www.bing.com/bingbot.htm) Chrome/116.0.1938.76 Safari/537.36"
74.7.242.22 - - [12/May/2026:06:47:00 +1000] "GET /wp-json/oembed/1.0/embed?format=xml&url=https%3A%2F%2Fwww.coridyan.com%2Fbest-mifinity-casino-free-play-casino-australia%2F HTTP/2" 200 1440 "https://www.coridyan.com/best-mifinity-casino-free-play-casino-australia/" "Mozilla/5.0 AppleWebKit/537.36 (KHTML, like Gecko; compatible; GPTBot/1.3; +https://openai.com/gptbot)"
74.7.242.22 - - [12/May/2026:06:47:02 +1000] "GET /wp-json/oembed/1.0/embed?format=xml&url=https%3A%2F%2Fwww.coridyan.com%2Fbest-litecoin-casino-high-roller-casino-australia%2F HTTP/2" 200 1472 "https://www.coridyan.com/best-litecoin-casino-high-roller-casino-australia/" "Mozilla/5.0 AppleWebKit/537.36 (KHTML, like Gecko; compatible; GPTBot/1.3; +https://openai.com/gptbot)"
74.7.242.22 - - [12/May/2026:06:47:04 +1000] "GET /wp-json/oembed/1.0/embed?format=xml&url=https%3A%2F%2Fwww.coridyan.com%2Fpix-casino-deposit-high-roller-casino-australia%2F HTTP/2" 200 1458 "https://www.coridyan.com/pix-casino-deposit-high-roller-casino-australia/" "Mozilla/5.0 AppleWebKit/537.36 (KHTML, like Gecko; compatible; GPTBot/1.3; +https://openai.com/gptbot)"
192.178.4.100 - - [12/May/2026:06:47:03 +1000] "GET /?products/detail/63948619 HTTP/1.1" 200 32369 "-" "Mozilla/5.0 (Linux; Android 6.0.1; Nexus 5X Build/MMB29P) AppleWebKit/537.36 (KHTML, like Gecko) Chrome/147.0.7727.137 Mobile Safari/537.36 (compatible; Googlebot/2.1; +http://www.google.com/bot.html)"
74.7.242.22 - - [12/May/2026:06:47:06 +1000] "GET /wp-json/oembed/1.0/embed?format=xml&url=https%3A%2F%2Fwww.coridyan.com%2Fbest-trustly-casino-high-roller-casino-australia%2F HTTP/2" 200 1470 "https://www.coridyan.com/best-trustly-casino-high-roller-casino-australia/" "Mozilla/5.0 AppleWebKit/537.36 (KHTML, like Gecko; compatible; GPTBot/1.3; +https://openai.com/gptbot)"
216.73.216.86 - - [12/May/2026:06:47:07 +1000] "GET /?p=65625 HTTP/2" 200 22 "-" "Mozilla/5.0 AppleWebKit/537.36 (KHTML, like Gecko; compatible; ClaudeBot/1.0; +claudebot@anthropic.com)"
74.7.242.22 - - [12/May/2026:06:47:08 +1000] "GET /wp-json/oembed/1.0/embed?format=xml&url=https%3A%2F%2Fwww.coridyan.com%2Fpaypal-casino-loyalty-program-casino-australia%2F HTTP/2" 200 1454 "https://www.coridyan.com/paypal-casino-loyalty-program-casino-australia/" "Mozilla/5.0 AppleWebKit/537.36 (KHTML, like Gecko; compatible; GPTBot/1.3; +https://openai.com/gptbot)"
74.7.242.22 - - [12/May/2026:06:47:10 +1000] "GET /wp-json/oembed/1.0/embed?format=xml&url=https%3A%2F%2Fwww.coridyan.com%2Fbitcoin-casino-refer-a-friend-casino-australia%2F HTTP/2" 200 1452 "https://www.coridyan.com/bitcoin-casino-refer-a-friend-casino-australia/" "Mozilla/5.0 AppleWebKit/537.36 (KHTML, like Gecko; compatible; GPTBot/1.3; +https://openai.com/gptbot)"
74.7.242.22 - - [12/May/2026:06:47:12 +1000] "GET /wp-json/oembed/1.0/embed?format=xml&url=https%3A%2F%2Fwww.coridyan.com%2Fethereum-casino-refer-a-friend-casino-australia%2F HTTP/2" 200 1473 "https://www.coridyan.com/ethereum-casino-refer-a-friend-casino-australia/" "Mozilla/5.0 AppleWebKit/537.36 (KHTML, like Gecko; compatible; GPTBot/1.3; +https://openai.com/gptbot)"
57.141.14.40 - - [12/May/2026:06:47:13 +1000] "GET /products/detail/57032290 HTTP/2" 200 137741 "-" "meta-externalagent/1.1 (+https://developers.facebook.com/docs/sharing/webmasters/crawler)"
74.7.242.22 - - [12/May/2026:06:47:14 +1000] "GET /wp-json/oembed/1.0/embed?format=xml&url=https%3A%2F%2Fwww.coridyan.com%2Fcrypto-casino-loyalty-program-casino-australia%2F HTTP/2" 200 1464 "https://www.coridyan.com/crypto-casino-loyalty-program-casino-australia/" "Mozilla/5.0 AppleWebKit/537.36 (KHTML, like Gecko; compatible; GPTBot/1.3; +https://openai.com/gptbot)"
57.141.14.104 - - [12/May/2026:06:47:14 +1000] "GET /products/detail/57644569 HTTP/2" 200 137741 "-" "meta-externalagent/1.1 (+https://developers.facebook.com/docs/sharing/webmasters/crawler)"
74.7.242.22 - - [12/May/2026:06:47:16 +1000] "GET /wp-json/oembed/1.0/embed?format=xml&url=https%3A%2F%2Fwww.coridyan.com%2Fbank-transfer-casino-no-wagering-casino-australia%2F HTTP/2" 200 1474 "https://www.coridyan.com/bank-transfer-casino-no-wagering-casino-australia/" "Mozilla/5.0 AppleWebKit/537.36 (KHTML, like Gecko; compatible; GPTBot/1.3; +https://openai.com/gptbot)"
192.178.4.101 - - [12/May/2026:06:47:16 +1000] "GET /content.php?product/70872226 HTTP/1.1" 200 27469 "-" "Mozilla/5.0 (Linux; Android 6.0.1; Nexus 5X Build/MMB29P) AppleWebKit/537.36 (KHTML, like Gecko) Chrome/147.0.7727.137 Mobile Safari/537.36 (compatible; GoogleOther)"
74.7.242.22 - - [12/May/2026:06:47:18 +1000] "GET /wp-json/oembed/1.0/embed?format=xml&url=https%3A%2F%2Fwww.coridyan.com%2Fbest-live-casino-no-verification-casino-australia%2F HTTP/2" 200 1464 "https://www.coridyan.com/best-live-casino-no-verification-casino-australia/" "Mozilla/5.0 AppleWebKit/537.36 (KHTML, like Gecko; compatible; GPTBot/1.3; +https://openai.com/gptbot)"
74.7.242.22 - - [12/May/2026:06:47:20 +1000] "GET /wp-json/oembed/1.0/embed?format=xml&url=https%3A%2F%2Fwww.coridyan.com%2Fneteller-casino-non-sticky-bonus-casino-australia%2F HTTP/2" 200 1482 "https://www.coridyan.com/neteller-casino-non-sticky-bonus-casino-australia/" "Mozilla/5.0 AppleWebKit/537.36 (KHTML, like Gecko; compatible; GPTBot/1.3; +https://openai.com/gptbot)"
192.178.4.100 - - [12/May/2026:06:47:22 +1000] "GET /?products/detail/67909636 HTTP/1.1" 200 31499 "-" "Mozilla/5.0 (Linux; Android 6.0.1; Nexus 5X Build/MMB29P) AppleWebKit/537.36 (KHTML, like Gecko) Chrome/147.0.7727.137 Mobile Safari/537.36 (compatible; Googlebot/2.1; +http://www.google.com/bot.html)"
74.7.242.22 - - [12/May/2026:06:47:23 +1000] "GET /wp-json/oembed/1.0/embed?format=xml&url=https%3A%2F%2Fwww.coridyan.com%2Famerican-express-casino-cashback-casino-australia%2F HTTP/2" 200 1474 "https://www.coridyan.com/american-express-casino-cashback-casino-australia/" "Mozilla/5.0 AppleWebKit/537.36 (KHTML, like Gecko; compatible; GPTBot/1.3; +https://openai.com/gptbot)"
74.7.242.22 - - [12/May/2026:06:47:25 +1000] "GET /wp-json/oembed/1.0/embed?format=xml&url=https%3A%2F%2Fwww.coridyan.com%2Fbetbetbet-casino-no-deposit-bonus-au-2026%2F HTTP/2" 200 1475 "https://www.coridyan.com/betbetbet-casino-no-deposit-bonus-au-2026/" "Mozilla/5.0 AppleWebKit/537.36 (KHTML, like Gecko; compatible; GPTBot/1.3; +https://openai.com/gptbot)"
192.178.4.100 - - [12/May/2026:06:47:26 +1000] "GET /content.php?product/83053162 HTTP/1.1" 200 28473 "-" "Mozilla/5.0 (Linux; Android 6.0.1; Nexus 5X Build/MMB29P) AppleWebKit/537.36 (KHTML, like Gecko) Chrome/147.0.7727.137 Mobile Safari/537.36 (compatible; GoogleOther)"
74.7.242.22 - - [12/May/2026:06:47:27 +1000] "GET /wp-json/oembed/1.0/embed?format=xml&url=https%3A%2F%2Fwww.coridyan.com%2Fvulkan-vegas-%25ef%25b8%258f-piecdziesiat-ds-szesc-kasyno-sts-kasyno-000-pln-nadprogram-150-ds%2F HTTP/2" 200 1909 "https://www.coridyan.com/vulkan-vegas-%ef%b8%8f-piecdziesiat-ds-szesc-kasyno-sts-kasyno-000-pln-nadprogram-150-ds/" "Mozilla/5.0 AppleWebKit/537.36 (KHTML, like Gecko; compatible; GPTBot/1.3; +https://openai.com/gptbot)"
74.7.242.22 - - [12/May/2026:06:47:29 +1000] "GET /wp-json/oembed/1.0/embed?url=https%3A%2F%2Fwww.coridyan.com%2Fque-practique-ranura-quick-hit-poker-texas-holdem-vacation-station-bono-en-internet-vano-sobre-monitor-total-%25e0%25b8%25aa%25e0%25b8%25a5%25e0%25b9%2587%25e0%25b8%25ad%25e0%25b8%2595%25e0%25b8%2597%25e0%25b8%2594%25e0%25b8%25a5%25e0%25b8%25ad%2F HTTP/2" 200 1769 "https://www.coridyan.com/que-practique-ranura-quick-hit-poker-texas-holdem-vacation-station-bono-en-internet-vano-sobre-monitor-total-%e0%b8%aa%e0%b8%a5%e0%b9%87%e0%b8%ad%e0%b8%95%e0%b8%97%e0%b8%94%e0%b8%a5%e0%b8%ad/" "Mozilla/5.0 AppleWebKit/537.36 (KHTML, like Gecko; compatible; GPTBot/1.3; +https://openai.com/gptbot)"
74.7.242.22 - - [12/May/2026:06:47:31 +1000] "GET /wp-json/oembed/1.0/embed?format=xml&url=https%3A%2F%2Fwww.coridyan.com%2Fcasino-fruity-australia%2F HTTP/2" 200 1444 "https://www.coridyan.com/casino-fruity-australia/" "Mozilla/5.0 AppleWebKit/537.36 (KHTML, like Gecko; compatible; GPTBot/1.3; +https://openai.com/gptbot)"
57.141.14.105 - - [12/May/2026:06:47:32 +1000] "GET /products/detail/55098226 HTTP/2" 200 137741 "-" "meta-externalagent/1.1 (+https://developers.facebook.com/docs/sharing/webmasters/crawler)"
74.7.242.22 - - [12/May/2026:06:47:34 +1000] "GET /wp-json/oembed/1.0/embed?format=xml&url=https%3A%2F%2Fwww.coridyan.com%2Fchristmas-casino-slots%2F HTTP/2" 200 1451 "https://www.coridyan.com/christmas-casino-slots/" "Mozilla/5.0 AppleWebKit/537.36 (KHTML, like Gecko; compatible; GPTBot/1.3; +https://openai.com/gptbot)"
74.7.242.22 - - [12/May/2026:06:47:36 +1000] "GET /wp-json/oembed/1.0/embed?format=xml&url=https%3A%2F%2Fwww.coridyan.com%2Fgenii-casino-australia%2F HTTP/2" 200 1451 "https://www.coridyan.com/genii-casino-australia/" "Mozilla/5.0 AppleWebKit/537.36 (KHTML, like Gecko; compatible; GPTBot/1.3; +https://openai.com/gptbot)"
74.7.242.22 - - [12/May/2026:06:47:38 +1000] "GET /wp-json/oembed/1.0/embed?format=xml&url=https%3A%2F%2Fwww.coridyan.com%2Fblackjack-betrug-casino%2F HTTP/2" 200 1453 "https://www.coridyan.com/blackjack-betrug-casino/" "Mozilla/5.0 AppleWebKit/537.36 (KHTML, like Gecko; compatible; GPTBot/1.3; +https://openai.com/gptbot)"
74.7.242.22 - - [12/May/2026:06:47:40 +1000] "GET /wp-json/oembed/1.0/embed?format=xml&url=https%3A%2F%2Fwww.coridyan.com%2Fwinning-slot-australia%2F HTTP/2" 200 1465 "https://www.coridyan.com/winning-slot-australia/" "Mozilla/5.0 AppleWebKit/537.36 (KHTML, like Gecko; compatible; GPTBot/1.3; +https://openai.com/gptbot)"
216.73.216.86 - - [12/May/2026:06:47:40 +1000] "GET /thundering-buffalo-ports-real-money-video-slot-100-percent-free-gamble-trial/feed/ HTTP/2" 200 517 "-" "Mozilla/5.0 AppleWebKit/537.36 (KHTML, like Gecko; compatible; ClaudeBot/1.0; +claudebot@anthropic.com)"
216.73.216.86 - - [12/May/2026:06:47:40 +1000] "GET /?p=28421 HTTP/2" 200 22 "-" "Mozilla/5.0 AppleWebKit/537.36 (KHTML, like Gecko; compatible; ClaudeBot/1.0; +claudebot@anthropic.com)"
74.7.242.22 - - [12/May/2026:06:47:42 +1000] "GET /wp-json/oembed/1.0/embed?format=xml&url=https%3A%2F%2Fwww.coridyan.com%2Fblackjack-coach-online%2F HTTP/2" 200 1477 "https://www.coridyan.com/blackjack-coach-online/" "Mozilla/5.0 AppleWebKit/537.36 (KHTML, like Gecko; compatible; GPTBot/1.3; +https://openai.com/gptbot)"
74.7.242.22 - - [12/May/2026:06:47:44 +1000] "GET /wp-json/oembed/1.0/embed?format=xml&url=https%3A%2F%2Fwww.coridyan.com%2Fbingo-lincoln-australia%2F HTTP/2" 200 22 "https://www.coridyan.com/bingo-lincoln-australia/" "Mozilla/5.0 AppleWebKit/537.36 (KHTML, like Gecko; compatible; GPTBot/1.3; +https://openai.com/gptbot)"
192.178.4.100 - - [12/May/2026:06:47:41 +1000] "GET /?products/detail/59183065 HTTP/1.1" 200 32108 "-" "Mozilla/5.0 (Linux; Android 6.0.1; Nexus 5X Build/MMB29P) AppleWebKit/537.36 (KHTML, like Gecko) Chrome/147.0.7727.137 Mobile Safari/537.36 (compatible; Googlebot/2.1; +http://www.google.com/bot.html)"
74.7.242.22 - - [12/May/2026:06:47:44 +1000] "GET /wp-json/oembed/1.0/embed?format=xml&url=https%3A%2F%2Fwww.coridyan.com%2Fbuffalo-slots-australia%2F HTTP/2" 200 1455 "https://www.coridyan.com/buffalo-slots-australia/" "Mozilla/5.0 AppleWebKit/537.36 (KHTML, like Gecko; compatible; GPTBot/1.3; +https://openai.com/gptbot)"
74.7.242.22 - - [12/May/2026:06:47:46 +1000] "GET /wp-json/oembed/1.0/embed?format=xml&url=https%3A%2F%2Fwww.coridyan.com%2Fonline-casino-gunwharf%2F HTTP/2" 200 1449 "https://www.coridyan.com/online-casino-gunwharf/" "Mozilla/5.0 AppleWebKit/537.36 (KHTML, like Gecko; compatible; GPTBot/1.3; +https://openai.com/gptbot)"
74.7.242.22 - - [12/May/2026:06:47:49 +1000] "GET /wp-json/oembed/1.0/embed?format=xml&url=https%3A%2F%2Fwww.coridyan.com%2Fwinner-bingo-australia%2F HTTP/2" 200 22 "https://www.coridyan.com/winner-bingo-australia/" "Mozilla/5.0 AppleWebKit/537.36 (KHTML, like Gecko; compatible; GPTBot/1.3; +https://openai.com/gptbot)"
74.7.242.22 - - [12/May/2026:06:47:50 +1000] "GET /%22https:/www.coridyan.com/que-practique-ranura-quick-hit-poker-texas-holdem-vacation-station-bono-en-internet-vano-sobre-monitor-total-%e0%b8%aa%e0%b8%a5%e0%b9%87%e0%b8%ad%e0%b8%95%e0%b8%97%e0%b8%94%e0%b8%a5%e0%b8%ad/embed/ HTTP/2" 200 35663 "https://www.coridyan.com/wp-json/oembed/1.0/embed?url=https%3A%2F%2Fwww.coridyan.com%2Fque-practique-ranura-quick-hit-poker-texas-holdem-vacation-station-bono-en-internet-vano-sobre-monitor-total-%25e0%25b8%25aa%25e0%25b8%25a5%25e0%25b9%2587%25e0%25b8%25ad%25e0%25b8%2595%25e0%25b8%2597%25e0%25b8%2594%25e0%25b8%25a5%25e0%25b8%25ad%2F" "Mozilla/5.0 AppleWebKit/537.36 (KHTML, like Gecko; compatible; GPTBot/1.3; +https://openai.com/gptbot)"
74.7.242.22 - - [12/May/2026:06:47:52 +1000] "GET /wp-json/oembed/1.0/embed?format=xml&url=https%3A%2F%2Fwww.coridyan.com%2Fpyramid-slot-australia%2F HTTP/2" 200 1458 "https://www.coridyan.com/pyramid-slot-australia/" "Mozilla/5.0 AppleWebKit/537.36 (KHTML, like Gecko; compatible; GPTBot/1.3; +https://openai.com/gptbot)"
74.7.242.22 - - [12/May/2026:06:47:54 +1000] "GET /wp-json/oembed/1.0/embed?format=xml&url=https%3A%2F%2Fwww.coridyan.com%2Fvisa-casinos-australia%2F HTTP/2" 200 1451 "https://www.coridyan.com/visa-casinos-australia/" "Mozilla/5.0 AppleWebKit/537.36 (KHTML, like Gecko; compatible; GPTBot/1.3; +https://openai.com/gptbot)"
74.7.242.22 - - [12/May/2026:06:47:56 +1000] "GET /wp-json/oembed/1.0/embed?format=xml&url=https%3A%2F%2Fwww.coridyan.com%2Fimmersive-roulette-live%2F HTTP/2" 200 1439 "https://www.coridyan.com/immersive-roulette-live/" "Mozilla/5.0 AppleWebKit/537.36 (KHTML, like Gecko; compatible; GPTBot/1.3; +https://openai.com/gptbot)"
74.7.242.22 - - [12/May/2026:06:47:58 +1000] "GET /wp-json/oembed/1.0/embed?format=xml&url=https%3A%2F%2Fwww.coridyan.com%2Fonline-pokies-canberra%2F HTTP/2" 200 1462 "https://www.coridyan.com/online-pokies-canberra/" "Mozilla/5.0 AppleWebKit/537.36 (KHTML, like Gecko; compatible; GPTBot/1.3; +https://openai.com/gptbot)"
74.7.242.22 - - [12/May/2026:06:48:00 +1000] "GET /wp-json/oembed/1.0/embed?format=xml&url=https%3A%2F%2Fwww.coridyan.com%2Fplaying-online-roulette%2F HTTP/2" 200 1449 "https://www.coridyan.com/playing-online-roulette/" "Mozilla/5.0 AppleWebKit/537.36 (KHTML, like Gecko; compatible; GPTBot/1.3; +https://openai.com/gptbot)"
192.178.4.100 - - [12/May/2026:06:47:59 +1000] "GET /?products/detail/60639526 HTTP/1.1" 200 31849 "-" "Mozilla/5.0 (Linux; Android 6.0.1; Nexus 5X Build/MMB29P) AppleWebKit/537.36 (KHTML, like Gecko) Chrome/147.0.7727.137 Mobile Safari/537.36 (compatible; Googlebot/2.1; +http://www.google.com/bot.html)"
74.7.242.22 - - [12/May/2026:06:48:02 +1000] "GET /wp-json/oembed/1.0/embed?format=xml&url=https%3A%2F%2Fwww.coridyan.com%2Fcasino-roulette-formula%2F HTTP/2" 200 1464 "https://www.coridyan.com/casino-roulette-formula/" "Mozilla/5.0 AppleWebKit/537.36 (KHTML, like Gecko; compatible; GPTBot/1.3; +https://openai.com/gptbot)"
