74.7.241.16 - - [12/May/2026:05:58:13 +1000] "GET /wp-json/oembed/1.0/embed?url=https%3A%2F%2Fwww.coridyan.com%2Fthunderstruck-stormblitz-stormcraft-studios-demo-free-video-slots-no-download-needed-and-you-will-position-remark%2F HTTP/2" 200 1583 "https://www.coridyan.com/thunderstruck-stormblitz-stormcraft-studios-demo-free-video-slots-no-download-needed-and-you-will-position-remark/" "Mozilla/5.0 AppleWebKit/537.36 (KHTML, like Gecko; compatible; GPTBot/1.3; +https://openai.com/gptbot)"
74.7.241.16 - - [12/May/2026:05:58:14 +1000] "GET /wp-json/oembed/1.0/embed?format=xml&url=https%3A%2F%2Fwww.coridyan.com%2Fking-of-da-vincis-treasure-slot-no-deposit-bonus-ones-nile-position-remark-gamble-trial-video-game-at-no-cost-on-line%2F HTTP/2" 200 1648 "https://www.coridyan.com/king-of-da-vincis-treasure-slot-no-deposit-bonus-ones-nile-position-remark-gamble-trial-video-game-at-no-cost-on-line/" "Mozilla/5.0 AppleWebKit/537.36 (KHTML, like Gecko; compatible; GPTBot/1.3; +https://openai.com/gptbot)"
57.141.14.74 - - [12/May/2026:05:58:15 +1000] "GET /products/detail/66047968 HTTP/2" 200 137741 "-" "meta-externalagent/1.1 (+https://developers.facebook.com/docs/sharing/webmasters/crawler)"
74.7.241.16 - - [12/May/2026:05:58:16 +1000] "GET /wp-json/oembed/1.0/embed?format=xml&url=https%3A%2F%2Fwww.coridyan.com%2F200-no-deposit-bonus-codes-2026-australia%2F HTTP/2" 200 1462 "https://www.coridyan.com/200-no-deposit-bonus-codes-2026-australia/" "Mozilla/5.0 AppleWebKit/537.36 (KHTML, like Gecko; compatible; GPTBot/1.3; +https://openai.com/gptbot)"
192.178.4.100 - - [12/May/2026:05:58:15 +1000] "GET /content.php?product/106903330 HTTP/1.1" 200 28533 "-" "Mozilla/5.0 (Linux; Android 6.0.1; Nexus 5X Build/MMB29P) AppleWebKit/537.36 (KHTML, like Gecko) Chrome/147.0.7727.137 Mobile Safari/537.36 (compatible; GoogleOther)"
74.7.241.16 - - [12/May/2026:05:58:18 +1000] "GET /wp-json/oembed/1.0/embed?format=xml&url=https%3A%2F%2Fwww.coridyan.com%2Fbet3000-pramie-kode-april-2026-100-voucher%2F HTTP/2" 200 1646 "https://www.coridyan.com/bet3000-pramie-kode-april-2026-100-voucher/" "Mozilla/5.0 AppleWebKit/537.36 (KHTML, like Gecko; compatible; GPTBot/1.3; +https://openai.com/gptbot)"
74.7.241.16 - - [12/May/2026:05:58:19 +1000] "GET /wp-json/oembed/1.0/embed?url=https%3A%2F%2Fwww.coridyan.com%2Fplay-miss-cat-totally-free-zero-casino-slots-empire-mobile-free-download-trial%2F HTTP/2" 200 1681 "https://www.coridyan.com/play-miss-cat-totally-free-zero-casino-slots-empire-mobile-free-download-trial/" "Mozilla/5.0 AppleWebKit/537.36 (KHTML, like Gecko; compatible; GPTBot/1.3; +https://openai.com/gptbot)"
74.7.241.16 - - [12/May/2026:05:58:21 +1000] "GET /wp-json/oembed/1.0/embed?format=xml&url=https%3A%2F%2Fwww.coridyan.com%2Fcoins-casino-no-deposit%2F HTTP/2" 200 1454 "https://www.coridyan.com/coins-casino-no-deposit/" "Mozilla/5.0 AppleWebKit/537.36 (KHTML, like Gecko; compatible; GPTBot/1.3; +https://openai.com/gptbot)"
74.7.241.16 - - [12/May/2026:05:58:23 +1000] "GET /wp-json/oembed/1.0/embed?format=xml&url=https%3A%2F%2Fwww.coridyan.com%2Fminimum-3-deposit-pay-by-mobile-casino-australia%2F HTTP/2" 200 1470 "https://www.coridyan.com/minimum-3-deposit-pay-by-mobile-casino-australia/" "Mozilla/5.0 AppleWebKit/537.36 (KHTML, like Gecko; compatible; GPTBot/1.3; +https://openai.com/gptbot)"
74.7.241.16 - - [12/May/2026:05:58:24 +1000] "GET /wp-json/oembed/1.0/embed?format=xml&url=https%3A%2F%2Fwww.coridyan.com%2Fminimum-2-deposit-pay-by-mobile-casino-australia%2F HTTP/2" 200 1489 "https://www.coridyan.com/minimum-2-deposit-pay-by-mobile-casino-australia/" "Mozilla/5.0 AppleWebKit/537.36 (KHTML, like Gecko; compatible; GPTBot/1.3; +https://openai.com/gptbot)"
74.7.241.16 - - [12/May/2026:05:58:26 +1000] "GET /wp-json/oembed/1.0/embed?format=xml&url=https%3A%2F%2Fwww.coridyan.com%2Ffree-credit-casino-games%2F HTTP/2" 200 1450 "https://www.coridyan.com/free-credit-casino-games/" "Mozilla/5.0 AppleWebKit/537.36 (KHTML, like Gecko; compatible; GPTBot/1.3; +https://openai.com/gptbot)"
74.7.241.16 - - [12/May/2026:05:58:28 +1000] "GET /wp-json/oembed/1.0/embed?format=xml&url=https%3A%2F%2Fwww.coridyan.com%2Fmobiel-casino-free-spins%2F HTTP/2" 200 1435 "https://www.coridyan.com/mobiel-casino-free-spins/" "Mozilla/5.0 AppleWebKit/537.36 (KHTML, like Gecko; compatible; GPTBot/1.3; +https://openai.com/gptbot)"
74.7.241.16 - - [12/May/2026:05:58:30 +1000] "GET /wp-json/oembed/1.0/embed?format=xml&url=https%3A%2F%2Fwww.coridyan.com%2Fcash-bingo-app-australia%2F HTTP/2" 200 22 "https://www.coridyan.com/cash-bingo-app-australia/" "Mozilla/5.0 AppleWebKit/537.36 (KHTML, like Gecko; compatible; GPTBot/1.3; +https://openai.com/gptbot)"
216.73.216.86 - - [12/May/2026:05:58:30 +1000] "GET /?p=53098 HTTP/2" 200 22 "-" "Mozilla/5.0 AppleWebKit/537.36 (KHTML, like Gecko; compatible; ClaudeBot/1.0; +claudebot@anthropic.com)"
74.7.241.16 - - [12/May/2026:05:58:30 +1000] "GET /%22https:/www.coridyan.com/thunderstruck-stormblitz-stormcraft-studios-demo-free-video-slots-no-download-needed-and-you-will-position-remark/embed/ HTTP/2" 200 35709 "https://www.coridyan.com/wp-json/oembed/1.0/embed?url=https%3A%2F%2Fwww.coridyan.com%2Fthunderstruck-stormblitz-stormcraft-studios-demo-free-video-slots-no-download-needed-and-you-will-position-remark%2F" "Mozilla/5.0 AppleWebKit/537.36 (KHTML, like Gecko; compatible; GPTBot/1.3; +https://openai.com/gptbot)"
74.7.241.16 - - [12/May/2026:05:58:33 +1000] "GET /wp-json/oembed/1.0/embed?format=xml&url=https%3A%2F%2Fwww.coridyan.com%2Fonline-casino-phone-bill%2F HTTP/2" 200 1470 "https://www.coridyan.com/online-casino-phone-bill/" "Mozilla/5.0 AppleWebKit/537.36 (KHTML, like Gecko; compatible; GPTBot/1.3; +https://openai.com/gptbot)"
74.7.241.16 - - [12/May/2026:05:58:34 +1000] "GET /wp-json/oembed/1.0/embed?format=xml&url=https%3A%2F%2Fwww.coridyan.com%2Fonline-roulette-free-bet%2F HTTP/2" 200 1446 "https://www.coridyan.com/online-roulette-free-bet/" "Mozilla/5.0 AppleWebKit/537.36 (KHTML, like Gecko; compatible; GPTBot/1.3; +https://openai.com/gptbot)"
192.178.4.100 - - [12/May/2026:05:58:34 +1000] "GET /?products/detail/54424486 HTTP/1.1" 200 32050 "-" "Mozilla/5.0 (Linux; Android 6.0.1; Nexus 5X Build/MMB29P) AppleWebKit/537.36 (KHTML, like Gecko) Chrome/147.0.7727.137 Mobile Safari/537.36 (compatible; Googlebot/2.1; +http://www.google.com/bot.html)"
74.7.241.16 - - [12/May/2026:05:58:36 +1000] "GET /wp-json/oembed/1.0/embed?format=xml&url=https%3A%2F%2Fwww.coridyan.com%2Fbetfair-casino-au-pokies%2F HTTP/2" 200 1445 "https://www.coridyan.com/betfair-casino-au-pokies/" "Mozilla/5.0 AppleWebKit/537.36 (KHTML, like Gecko; compatible; GPTBot/1.3; +https://openai.com/gptbot)"
192.178.4.100 - - [12/May/2026:05:58:36 +1000] "GET /content.php?product/41873626 HTTP/1.1" 200 28786 "-" "Mozilla/5.0 (Linux; Android 6.0.1; Nexus 5X Build/MMB29P) AppleWebKit/537.36 (KHTML, like Gecko) Chrome/147.0.7727.137 Mobile Safari/537.36 (compatible; GoogleOther)"
74.7.241.16 - - [12/May/2026:05:58:38 +1000] "GET /%22https:/www.coridyan.com/play-miss-cat-totally-free-zero-casino-slots-empire-mobile-free-download-trial/embed/ HTTP/2" 200 35663 "https://www.coridyan.com/wp-json/oembed/1.0/embed?url=https%3A%2F%2Fwww.coridyan.com%2Fplay-miss-cat-totally-free-zero-casino-slots-empire-mobile-free-download-trial%2F" "Mozilla/5.0 AppleWebKit/537.36 (KHTML, like Gecko; compatible; GPTBot/1.3; +https://openai.com/gptbot)"
74.7.241.16 - - [12/May/2026:05:58:40 +1000] "GET /wp-json/oembed/1.0/embed?format=xml&url=https%3A%2F%2Fwww.coridyan.com%2Fnew-free-spins-australia%2F HTTP/2" 200 1459 "https://www.coridyan.com/new-free-spins-australia/" "Mozilla/5.0 AppleWebKit/537.36 (KHTML, like Gecko; compatible; GPTBot/1.3; +https://openai.com/gptbot)"
74.7.241.16 - - [12/May/2026:05:58:42 +1000] "GET /wp-json/oembed/1.0/embed?format=xml&url=https%3A%2F%2Fwww.coridyan.com%2Fcrypto-gamble-real-money%2F HTTP/2" 200 1469 "https://www.coridyan.com/crypto-gamble-real-money/" "Mozilla/5.0 AppleWebKit/537.36 (KHTML, like Gecko; compatible; GPTBot/1.3; +https://openai.com/gptbot)"
74.7.241.16 - - [12/May/2026:05:58:44 +1000] "GET /wp-json/oembed/1.0/embed?format=xml&url=https%3A%2F%2Fwww.coridyan.com%2Ffree-bet-blackjack-table%2F HTTP/2" 200 1470 "https://www.coridyan.com/free-bet-blackjack-table/" "Mozilla/5.0 AppleWebKit/537.36 (KHTML, like Gecko; compatible; GPTBot/1.3; +https://openai.com/gptbot)"
57.141.14.78 - - [12/May/2026:05:58:43 +1000] "GET /products/detail/68345128 HTTP/2" 200 137741 "-" "meta-externalagent/1.1 (+https://developers.facebook.com/docs/sharing/webmasters/crawler)"
74.7.241.16 - - [12/May/2026:05:58:45 +1000] "GET /wp-json/oembed/1.0/embed?format=xml&url=https%3A%2F%2Fwww.coridyan.com%2Fphone-deposit-new-casino%2F HTTP/2" 200 1451 "https://www.coridyan.com/phone-deposit-new-casino/" "Mozilla/5.0 AppleWebKit/537.36 (KHTML, like Gecko; compatible; GPTBot/1.3; +https://openai.com/gptbot)"
74.7.241.16 - - [12/May/2026:05:58:47 +1000] "GET /wp-json/oembed/1.0/embed?format=xml&url=https%3A%2F%2Fwww.coridyan.com%2Fpoli-online-casino-sites%2F HTTP/2" 200 1477 "https://www.coridyan.com/poli-online-casino-sites/" "Mozilla/5.0 AppleWebKit/537.36 (KHTML, like Gecko; compatible; GPTBot/1.3; +https://openai.com/gptbot)"
74.7.241.16 - - [12/May/2026:05:58:49 +1000] "GET /wp-json/oembed/1.0/embed?format=xml&url=https%3A%2F%2Fwww.coridyan.com%2Fonline-casino-dress-code%2F HTTP/2" 200 1458 "https://www.coridyan.com/online-casino-dress-code/" "Mozilla/5.0 AppleWebKit/537.36 (KHTML, like Gecko; compatible; GPTBot/1.3; +https://openai.com/gptbot)"
74.7.241.16 - - [12/May/2026:05:58:50 +1000] "GET /wp-json/oembed/1.0/embed?format=xml&url=https%3A%2F%2Fwww.coridyan.com%2Flow-risk-slots-australia%2F HTTP/2" 200 1457 "https://www.coridyan.com/low-risk-slots-australia/" "Mozilla/5.0 AppleWebKit/537.36 (KHTML, like Gecko; compatible; GPTBot/1.3; +https://openai.com/gptbot)"
74.7.241.16 - - [12/May/2026:05:58:52 +1000] "GET /wp-json/oembed/1.0/embed?format=xml&url=https%3A%2F%2Fwww.coridyan.com%2Fcasino-big-deposit-bonus%2F HTTP/2" 200 1433 "https://www.coridyan.com/casino-big-deposit-bonus/" "Mozilla/5.0 AppleWebKit/537.36 (KHTML, like Gecko; compatible; GPTBot/1.3; +https://openai.com/gptbot)"
74.7.241.16 - - [12/May/2026:05:58:54 +1000] "GET /wp-json/oembed/1.0/embed?format=xml&url=https%3A%2F%2Fwww.coridyan.com%2Fcasino-non-deposit-bonus%2F HTTP/2" 200 1445 "https://www.coridyan.com/casino-non-deposit-bonus/" "Mozilla/5.0 AppleWebKit/537.36 (KHTML, like Gecko; compatible; GPTBot/1.3; +https://openai.com/gptbot)"
74.7.241.16 - - [12/May/2026:05:58:56 +1000] "GET /wp-json/oembed/1.0/embed?format=xml&url=https%3A%2F%2Fwww.coridyan.com%2Fcredit-card-casino-sites%2F HTTP/2" 200 1477 "https://www.coridyan.com/credit-card-casino-sites/" "Mozilla/5.0 AppleWebKit/537.36 (KHTML, like Gecko; compatible; GPTBot/1.3; +https://openai.com/gptbot)"
74.7.241.16 - - [12/May/2026:05:58:57 +1000] "GET /wp-json/oembed/1.0/embed?format=xml&url=https%3A%2F%2Fwww.coridyan.com%2Fonline-casino-free-coins%2F HTTP/2" 200 1456 "https://www.coridyan.com/online-casino-free-coins/" "Mozilla/5.0 AppleWebKit/537.36 (KHTML, like Gecko; compatible; GPTBot/1.3; +https://openai.com/gptbot)"
74.7.241.16 - - [12/May/2026:05:58:59 +1000] "GET /wp-json/oembed/1.0/embed?format=xml&url=https%3A%2F%2Fwww.coridyan.com%2Fbest-online-roulette-app%2F HTTP/2" 200 1451 "https://www.coridyan.com/best-online-roulette-app/" "Mozilla/5.0 AppleWebKit/537.36 (KHTML, like Gecko; compatible; GPTBot/1.3; +https://openai.com/gptbot)"
216.73.216.86 - - [12/May/2026:05:58:59 +1000] "GET /taruhan-pendapatan-permainan-1xslot-riil/ HTTP/2" 200 40386 "-" "Mozilla/5.0 AppleWebKit/537.36 (KHTML, like Gecko; compatible; ClaudeBot/1.0; +claudebot@anthropic.com)"
74.7.241.16 - - [12/May/2026:05:59:01 +1000] "GET /wp-json/oembed/1.0/embed?format=xml&url=https%3A%2F%2Fwww.coridyan.com%2Fbest-crypto-casino-bonus%2F HTTP/2" 200 1475 "https://www.coridyan.com/best-crypto-casino-bonus/" "Mozilla/5.0 AppleWebKit/537.36 (KHTML, like Gecko; compatible; GPTBot/1.3; +https://openai.com/gptbot)"
57.141.14.3 - - [12/May/2026:05:59:00 +1000] "GET /products/detail/60817825 HTTP/2" 200 137741 "-" "meta-externalagent/1.1 (+https://developers.facebook.com/docs/sharing/webmasters/crawler)"
192.178.4.101 - - [12/May/2026:05:59:01 +1000] "GET /comment.php?products/chadco-antique-folding-glasses/14116588/ HTTP/1.1" 200 34493 "-" "Mozilla/5.0 (Linux; Android 6.0.1; Nexus 5X Build/MMB29P) AppleWebKit/537.36 (KHTML, like Gecko) Chrome/147.0.7727.137 Mobile Safari/537.36 (compatible; Googlebot/2.1; +http://www.google.com/bot.html)"
74.7.241.16 - - [12/May/2026:05:59:03 +1000] "GET /wp-json/oembed/1.0/embed?format=xml&url=https%3A%2F%2Fwww.coridyan.com%2Ffree-gem-slots-australia%2F HTTP/2" 200 1464 "https://www.coridyan.com/free-gem-slots-australia/" "Mozilla/5.0 AppleWebKit/537.36 (KHTML, like Gecko; compatible; GPTBot/1.3; +https://openai.com/gptbot)"
74.7.241.16 - - [12/May/2026:05:59:04 +1000] "GET /wp-json/oembed/1.0/embed?format=xml&url=https%3A%2F%2Fwww.coridyan.com%2Fno-deposit-casino-bonues%2F HTTP/2" 200 1464 "https://www.coridyan.com/no-deposit-casino-bonues/" "Mozilla/5.0 AppleWebKit/537.36 (KHTML, like Gecko; compatible; GPTBot/1.3; +https://openai.com/gptbot)"
74.7.241.16 - - [12/May/2026:05:59:06 +1000] "GET /wp-json/oembed/1.0/embed?format=xml&url=https%3A%2F%2Fwww.coridyan.com%2Flow-deposit-bonus-casino%2F HTTP/2" 200 1463 "https://www.coridyan.com/low-deposit-bonus-casino/" "Mozilla/5.0 AppleWebKit/537.36 (KHTML, like Gecko; compatible; GPTBot/1.3; +https://openai.com/gptbot)"
74.7.241.16 - - [12/May/2026:05:59:08 +1000] "GET /wp-json/oembed/1.0/embed?format=xml&url=https%3A%2F%2Fwww.coridyan.com%2F1c-slot-australia-casino%2F HTTP/2" 200 1456 "https://www.coridyan.com/1c-slot-australia-casino/" "Mozilla/5.0 AppleWebKit/537.36 (KHTML, like Gecko; compatible; GPTBot/1.3; +https://openai.com/gptbot)"
74.7.241.16 - - [12/May/2026:05:59:09 +1000] "GET /wp-json/oembed/1.0/embed?format=xml&url=https%3A%2F%2Fwww.coridyan.com%2Flatest-online-uk-casinos%2F HTTP/2" 200 1462 "https://www.coridyan.com/latest-online-uk-casinos/" "Mozilla/5.0 AppleWebKit/537.36 (KHTML, like Gecko; compatible; GPTBot/1.3; +https://openai.com/gptbot)"
74.7.241.16 - - [12/May/2026:05:59:11 +1000] "GET /wp-json/oembed/1.0/embed?format=xml&url=https%3A%2F%2Fwww.coridyan.com%2Fslot-and-bingo-australia%2F HTTP/2" 200 22 "https://www.coridyan.com/slot-and-bingo-australia/" "Mozilla/5.0 AppleWebKit/537.36 (KHTML, like Gecko; compatible; GPTBot/1.3; +https://openai.com/gptbot)"
74.7.241.16 - - [12/May/2026:05:59:12 +1000] "GET /wp-json/oembed/1.0/embed?format=xml&url=https%3A%2F%2Fwww.coridyan.com%2Fwager-free-crypto-casino%2F HTTP/2" 200 1465 "https://www.coridyan.com/wager-free-crypto-casino/" "Mozilla/5.0 AppleWebKit/537.36 (KHTML, like Gecko; compatible; GPTBot/1.3; +https://openai.com/gptbot)"
74.7.241.16 - - [12/May/2026:05:59:14 +1000] "GET /wp-json/oembed/1.0/embed?format=xml&url=https%3A%2F%2Fwww.coridyan.com%2Fonline-casino-daily-spin%2F HTTP/2" 200 1446 "https://www.coridyan.com/online-casino-daily-spin/" "Mozilla/5.0 AppleWebKit/537.36 (KHTML, like Gecko; compatible; GPTBot/1.3; +https://openai.com/gptbot)"
74.7.241.16 - - [12/May/2026:05:59:15 +1000] "GET /wp-json/oembed/1.0/embed?format=xml&url=https%3A%2F%2Fwww.coridyan.com%2Freadybet-casino-au-bonus%2F HTTP/2" 200 1455 "https://www.coridyan.com/readybet-casino-au-bonus/" "Mozilla/5.0 AppleWebKit/537.36 (KHTML, like Gecko; compatible; GPTBot/1.3; +https://openai.com/gptbot)"
74.7.241.16 - - [12/May/2026:05:59:17 +1000] "GET /wp-json/oembed/1.0/embed?format=xml&url=https%3A%2F%2Fwww.coridyan.com%2Ffree-credit-casino-codes%2F HTTP/2" 200 1461 "https://www.coridyan.com/free-credit-casino-codes/" "Mozilla/5.0 AppleWebKit/537.36 (KHTML, like Gecko; compatible; GPTBot/1.3; +https://openai.com/gptbot)"
192.178.4.100 - - [12/May/2026:05:59:16 +1000] "GET /content.php?product/100510306 HTTP/1.1" 200 28472 "-" "Mozilla/5.0 (Linux; Android 6.0.1; Nexus 5X Build/MMB29P) AppleWebKit/537.36 (KHTML, like Gecko) Chrome/147.0.7727.137 Mobile Safari/537.36 (compatible; GoogleOther)"
74.7.241.16 - - [12/May/2026:05:59:19 +1000] "GET /wp-json/oembed/1.0/embed?format=xml&url=https%3A%2F%2Fwww.coridyan.com%2Fnew-casino-betting-sites%2F HTTP/2" 200 1449 "https://www.coridyan.com/new-casino-betting-sites/" "Mozilla/5.0 AppleWebKit/537.36 (KHTML, like Gecko; compatible; GPTBot/1.3; +https://openai.com/gptbot)"
74.7.241.16 - - [12/May/2026:05:59:20 +1000] "GET /wp-json/oembed/1.0/embed?format=xml&url=https%3A%2F%2Fwww.coridyan.com%2Fvoted-best-online-casino%2F HTTP/2" 200 1473 "https://www.coridyan.com/voted-best-online-casino/" "Mozilla/5.0 AppleWebKit/537.36 (KHTML, like Gecko; compatible; GPTBot/1.3; +https://openai.com/gptbot)"
74.7.241.16 - - [12/May/2026:05:59:22 +1000] "GET /wp-json/oembed/1.0/embed?format=xml&url=https%3A%2F%2Fwww.coridyan.com%2Fwizbet-casino-promo-code%2F HTTP/2" 200 1447 "https://www.coridyan.com/wizbet-casino-promo-code/" "Mozilla/5.0 AppleWebKit/537.36 (KHTML, like Gecko; compatible; GPTBot/1.3; +https://openai.com/gptbot)"
74.7.241.16 - - [12/May/2026:05:59:24 +1000] "GET /wp-json/oembed/1.0/embed?format=xml&url=https%3A%2F%2Fwww.coridyan.com%2Fbest-online-casino-ideal%2F HTTP/2" 200 1461 "https://www.coridyan.com/best-online-casino-ideal/" "Mozilla/5.0 AppleWebKit/537.36 (KHTML, like Gecko; compatible; GPTBot/1.3; +https://openai.com/gptbot)"
74.7.241.16 - - [12/May/2026:05:59:25 +1000] "GET /wp-json/oembed/1.0/embed?format=xml&url=https%3A%2F%2Fwww.coridyan.com%2Fdeposit-3-get-75-bingo-australia%2F HTTP/2" 200 22 "https://www.coridyan.com/deposit-3-get-75-bingo-australia/" "Mozilla/5.0 AppleWebKit/537.36 (KHTML, like Gecko; compatible; GPTBot/1.3; +https://openai.com/gptbot)"
74.7.241.16 - - [12/May/2026:05:59:26 +1000] "GET /wp-json/oembed/1.0/embed?format=xml&url=https%3A%2F%2Fwww.coridyan.com%2Fdeposit-1-get-15-bingo-australia%2F HTTP/2" 200 22 "https://www.coridyan.com/deposit-1-get-15-bingo-australia/" "Mozilla/5.0 AppleWebKit/537.36 (KHTML, like Gecko; compatible; GPTBot/1.3; +https://openai.com/gptbot)"
74.7.241.16 - - [12/May/2026:05:59:27 +1000] "GET /wp-json/oembed/1.0/embed?format=xml&url=https%3A%2F%2Fwww.coridyan.com%2Fdeposit-2-get-75-bingo-australia%2F HTTP/2" 200 22 "https://www.coridyan.com/deposit-2-get-75-bingo-australia/" "Mozilla/5.0 AppleWebKit/537.36 (KHTML, like Gecko; compatible; GPTBot/1.3; +https://openai.com/gptbot)"
74.7.241.16 - - [12/May/2026:05:59:27 +1000] "GET /wp-json/oembed/1.0/embed?format=xml&url=https%3A%2F%2Fwww.coridyan.com%2Ffree-bonus-no-deposit-casino-uk2026%2F HTTP/2" 200 1468 "https://www.coridyan.com/free-bonus-no-deposit-casino-uk2026/" "Mozilla/5.0 AppleWebKit/537.36 (KHTML, like Gecko; compatible; GPTBot/1.3; +https://openai.com/gptbot)"
57.141.14.60 - - [12/May/2026:05:59:28 +1000] "GET /products/detail/63817435 HTTP/2" 200 137741 "-" "meta-externalagent/1.1 (+https://developers.facebook.com/docs/sharing/webmasters/crawler)"
74.7.241.16 - - [12/May/2026:05:59:29 +1000] "GET /wp-json/oembed/1.0/embed?format=xml&url=https%3A%2F%2Fwww.coridyan.com%2Fjunglebet-casino-free-spins-au-2026%2F HTTP/2" 200 1448 "https://www.coridyan.com/junglebet-casino-free-spins-au-2026/" "Mozilla/5.0 AppleWebKit/537.36 (KHTML, like Gecko; compatible; GPTBot/1.3; +https://openai.com/gptbot)"
74.7.241.16 - - [12/May/2026:05:59:31 +1000] "GET /wp-json/oembed/1.0/embed?format=xml&url=https%3A%2F%2Fwww.coridyan.com%2F27-goldwyns-fairies-for-edel-eiendom-fait-accompli-hvis-min-forbindelse-pedro-videospill-facts-net%2F HTTP/2" 200 1679 "https://www.coridyan.com/27-goldwyns-fairies-for-edel-eiendom-fait-accompli-hvis-min-forbindelse-pedro-videospill-facts-net/" "Mozilla/5.0 AppleWebKit/537.36 (KHTML, like Gecko; compatible; GPTBot/1.3; +https://openai.com/gptbot)"
74.7.241.16 - - [12/May/2026:05:59:33 +1000] "GET /wp-json/oembed/1.0/embed?format=xml&url=https%3A%2F%2Fwww.coridyan.com%2Ffree-slot-games-win-prizes%2F HTTP/2" 200 1462 "https://www.coridyan.com/free-slot-games-win-prizes/" "Mozilla/5.0 AppleWebKit/537.36 (KHTML, like Gecko; compatible; GPTBot/1.3; +https://openai.com/gptbot)"
74.7.241.16 - - [12/May/2026:05:59:34 +1000] "GET /wp-json/oembed/1.0/embed?format=xml&url=https%3A%2F%2Fwww.coridyan.com%2Finnovazione-e-sostenibilita-nel-mondo-delle-slot-un-analisi-della-nuova-generazione-di-mining-machines%2F HTTP/2" 200 1606 "https://www.coridyan.com/innovazione-e-sostenibilita-nel-mondo-delle-slot-un-analisi-della-nuova-generazione-di-mining-machines/" "Mozilla/5.0 AppleWebKit/537.36 (KHTML, like Gecko; compatible; GPTBot/1.3; +https://openai.com/gptbot)"
74.7.241.16 - - [12/May/2026:05:59:36 +1000] "GET /wp-json/oembed/1.0/embed?format=xml&url=https%3A%2F%2Fwww.coridyan.com%2Fbetreal-casino-free-spins-au-2026%2F HTTP/2" 200 1455 "https://www.coridyan.com/betreal-casino-free-spins-au-2026/" "Mozilla/5.0 AppleWebKit/537.36 (KHTML, like Gecko; compatible; GPTBot/1.3; +https://openai.com/gptbot)"
57.141.14.92 - - [12/May/2026:05:59:35 +1000] "GET /products/detail/57871855 HTTP/2" 200 137741 "-" "meta-externalagent/1.1 (+https://developers.facebook.com/docs/sharing/webmasters/crawler)"
74.7.241.16 - - [12/May/2026:05:59:38 +1000] "GET /wp-json/oembed/1.0/embed?format=xml&url=https%3A%2F%2Fwww.coridyan.com%2F57-genast-utbetalning-0-5-minuter%2F HTTP/2" 200 1587 "https://www.coridyan.com/57-genast-utbetalning-0-5-minuter/" "Mozilla/5.0 AppleWebKit/537.36 (KHTML, like Gecko; compatible; GPTBot/1.3; +https://openai.com/gptbot)"
74.7.241.16 - - [12/May/2026:05:59:39 +1000] "GET /wp-json/oembed/1.0/embed?format=xml&url=https%3A%2F%2Fwww.coridyan.com%2Fdeposit-20-get-25-bingo-australia%2F HTTP/2" 200 22 "https://www.coridyan.com/deposit-20-get-25-bingo-australia/" "Mozilla/5.0 AppleWebKit/537.36 (KHTML, like Gecko; compatible; GPTBot/1.3; +https://openai.com/gptbot)"
74.7.241.16 - - [12/May/2026:05:59:40 +1000] "GET /wp-json/oembed/1.0/embed?format=xml&url=https%3A%2F%2Fwww.coridyan.com%2Fethical-bingo-sites-australia-2026%2F HTTP/2" 200 22 "https://www.coridyan.com/ethical-bingo-sites-australia-2026/" "Mozilla/5.0 AppleWebKit/537.36 (KHTML, like Gecko; compatible; GPTBot/1.3; +https://openai.com/gptbot)"
74.7.241.16 - - [12/May/2026:05:59:41 +1000] "GET /wp-json/oembed/1.0/embed?format=xml&url=https%3A%2F%2Fwww.coridyan.com%2Fmin-10-aud-deposit-casino%2F HTTP/2" 200 1465 "https://www.coridyan.com/min-10-aud-deposit-casino/" "Mozilla/5.0 AppleWebKit/537.36 (KHTML, like Gecko; compatible; GPTBot/1.3; +https://openai.com/gptbot)"
57.141.14.33 - - [12/May/2026:05:59:41 +1000] "GET /products/detail/60544927 HTTP/2" 200 137741 "-" "meta-externalagent/1.1 (+https://developers.facebook.com/docs/sharing/webmasters/crawler)"
192.178.4.100 - - [12/May/2026:05:59:40 +1000] "GET /content.php?product/61333282 HTTP/1.1" 200 28635 "-" "Mozilla/5.0 (Linux; Android 6.0.1; Nexus 5X Build/MMB29P) AppleWebKit/537.36 (KHTML, like Gecko) Chrome/147.0.7727.137 Mobile Safari/537.36 (compatible; GoogleOther)"
74.7.241.16 - - [12/May/2026:05:59:43 +1000] "GET /wp-json/oembed/1.0/embed?format=xml&url=https%3A%2F%2Fwww.coridyan.com%2Ffree-spins-20-max-cashout%2F HTTP/2" 200 1455 "https://www.coridyan.com/free-spins-20-max-cashout/" "Mozilla/5.0 AppleWebKit/537.36 (KHTML, like Gecko; compatible; GPTBot/1.3; +https://openai.com/gptbot)"
74.7.241.16 - - [12/May/2026:05:59:44 +1000] "GET /wp-json/oembed/1.0/embed?format=xml&url=https%3A%2F%2Fwww.coridyan.com%2Fbest-ten-deposit-incentive-totally-free-spins-in-the-uk-trinocasino-partners-app-download-casinos%2F HTTP/2" 200 1627 "https://www.coridyan.com/best-ten-deposit-incentive-totally-free-spins-in-the-uk-trinocasino-partners-app-download-casinos/" "Mozilla/5.0 AppleWebKit/537.36 (KHTML, like Gecko; compatible; GPTBot/1.3; +https://openai.com/gptbot)"
74.7.241.16 - - [12/May/2026:05:59:46 +1000] "GET /wp-json/oembed/1.0/embed?format=xml&url=https%3A%2F%2Fwww.coridyan.com%2Ftop-10-rated-mobile-casinos-cat-in-vegas-play-for-fun-that-have-free-revolves-offers-2026%2F HTTP/2" 200 1621 "https://www.coridyan.com/top-10-rated-mobile-casinos-cat-in-vegas-play-for-fun-that-have-free-revolves-offers-2026/" "Mozilla/5.0 AppleWebKit/537.36 (KHTML, like Gecko; compatible; GPTBot/1.3; +https://openai.com/gptbot)"
74.7.241.16 - - [12/May/2026:05:59:48 +1000] "GET /wp-json/oembed/1.0/embed?format=xml&url=https%3A%2F%2Fwww.coridyan.com%2Ffree-spins-no-deposit-2026-step-one000-bonus-monopoly-free-coins-2026-spins%2F HTTP/2" 200 1654 "https://www.coridyan.com/free-spins-no-deposit-2026-step-one000-bonus-monopoly-free-coins-2026-spins/" "Mozilla/5.0 AppleWebKit/537.36 (KHTML, like Gecko; compatible; GPTBot/1.3; +https://openai.com/gptbot)"
74.7.241.16 - - [12/May/2026:05:59:49 +1000] "GET /wp-json/oembed/1.0/embed?format=xml&url=https%3A%2F%2Fwww.coridyan.com%2Fcasino-games-80-free-spins%2F HTTP/2" 200 1468 "https://www.coridyan.com/casino-games-80-free-spins/" "Mozilla/5.0 AppleWebKit/537.36 (KHTML, like Gecko; compatible; GPTBot/1.3; +https://openai.com/gptbot)"
74.7.241.16 - - [12/May/2026:05:59:51 +1000] "GET /wp-json/oembed/1.0/embed?format=xml&url=https%3A%2F%2Fwww.coridyan.com%2Fvinbet-casino-50-free-spins%2F HTTP/2" 200 1456 "https://www.coridyan.com/vinbet-casino-50-free-spins/" "Mozilla/5.0 AppleWebKit/537.36 (KHTML, like Gecko; compatible; GPTBot/1.3; +https://openai.com/gptbot)"
74.7.241.16 - - [12/May/2026:05:59:53 +1000] "GET /wp-json/oembed/1.0/embed?format=xml&url=https%3A%2F%2Fwww.coridyan.com%2Fkak-ustroeny-veb-servery-47%2F HTTP/2" 200 2132 "https://www.coridyan.com/kak-ustroeny-veb-servery-47/" "Mozilla/5.0 AppleWebKit/537.36 (KHTML, like Gecko; compatible; GPTBot/1.3; +https://openai.com/gptbot)"
57.141.14.98 - - [12/May/2026:05:59:54 +1000] "GET /products/detail/55979938 HTTP/2" 200 137741 "-" "meta-externalagent/1.1 (+https://developers.facebook.com/docs/sharing/webmasters/crawler)"
74.7.241.16 - - [12/May/2026:05:59:54 +1000] "GET /wp-json/oembed/1.0/embed?format=xml&url=https%3A%2F%2Fwww.coridyan.com%2Ffree-cash-sign-up-casino%2F HTTP/2" 200 1429 "https://www.coridyan.com/free-cash-sign-up-casino/" "Mozilla/5.0 AppleWebKit/537.36 (KHTML, like Gecko; compatible; GPTBot/1.3; +https://openai.com/gptbot)"
74.7.241.16 - - [12/May/2026:05:59:56 +1000] "GET /wp-json/oembed/1.0/embed?format=xml&url=https%3A%2F%2Fwww.coridyan.com%2Fbest-online-slots-for-fun%2F HTTP/2" 200 1465 "https://www.coridyan.com/best-online-slots-for-fun/" "Mozilla/5.0 AppleWebKit/537.36 (KHTML, like Gecko; compatible; GPTBot/1.3; +https://openai.com/gptbot)"
74.7.241.16 - - [12/May/2026:05:59:58 +1000] "GET /wp-json/oembed/1.0/embed?format=xml&url=https%3A%2F%2Fwww.coridyan.com%2Fplay-blackjack-like-a-pro%2F HTTP/2" 200 1465 "https://www.coridyan.com/play-blackjack-like-a-pro/" "Mozilla/5.0 AppleWebKit/537.36 (KHTML, like Gecko; compatible; GPTBot/1.3; +https://openai.com/gptbot)"
74.7.241.16 - - [12/May/2026:06:00:00 +1000] "GET /wp-json/oembed/1.0/embed?format=xml&url=https%3A%2F%2Fwww.coridyan.com%2Fplay-craps-for-real-money%2F HTTP/2" 200 1468 "https://www.coridyan.com/play-craps-for-real-money/" "Mozilla/5.0 AppleWebKit/537.36 (KHTML, like Gecko; compatible; GPTBot/1.3; +https://openai.com/gptbot)"
57.141.14.90 - - [12/May/2026:06:00:00 +1000] "GET /products/detail/62499403 HTTP/2" 200 137741 "-" "meta-externalagent/1.1 (+https://developers.facebook.com/docs/sharing/webmasters/crawler)"
74.7.241.16 - - [12/May/2026:06:00:01 +1000] "GET /wp-json/oembed/1.0/embed?format=xml&url=https%3A%2F%2Fwww.coridyan.com%2Fbest-day-for-casino-slots%2F HTTP/2" 200 1461 "https://www.coridyan.com/best-day-for-casino-slots/" "Mozilla/5.0 AppleWebKit/537.36 (KHTML, like Gecko; compatible; GPTBot/1.3; +https://openai.com/gptbot)"
192.178.4.101 - - [12/May/2026:06:00:02 +1000] "GET /content.php?product/73485802 HTTP/1.1" 200 28562 "-" "Mozilla/5.0 (Linux; Android 6.0.1; Nexus 5X Build/MMB29P) AppleWebKit/537.36 (KHTML, like Gecko) Chrome/147.0.7727.137 Mobile Safari/537.36 (compatible; Googlebot/2.1; +http://www.google.com/bot.html)"
74.7.241.16 - - [12/May/2026:06:00:04 +1000] "GET /wp-json/oembed/1.0/embed?format=xml&url=https%3A%2F%2Fwww.coridyan.com%2Fcasino-wager-free-sign-up%2F HTTP/2" 200 1488 "https://www.coridyan.com/casino-wager-free-sign-up/" "Mozilla/5.0 AppleWebKit/537.36 (KHTML, like Gecko; compatible; GPTBot/1.3; +https://openai.com/gptbot)"
74.7.241.16 - - [12/May/2026:06:00:06 +1000] "GET /wp-json/oembed/1.0/embed?format=xml&url=https%3A%2F%2Fwww.coridyan.com%2F5-free-double-wins-casino%2F HTTP/2" 200 1475 "https://www.coridyan.com/5-free-double-wins-casino/" "Mozilla/5.0 AppleWebKit/537.36 (KHTML, like Gecko; compatible; GPTBot/1.3; +https://openai.com/gptbot)"
74.7.241.16 - - [12/May/2026:06:00:10 +1000] "GET /wp-json/oembed/1.0/embed?format=xml&url=https%3A%2F%2Fwww.coridyan.com%2Feu-slot-no-deposit-bonus%2F HTTP/2" 200 1441 "https://www.coridyan.com/eu-slot-no-deposit-bonus/" "Mozilla/5.0 AppleWebKit/537.36 (KHTML, like Gecko; compatible; GPTBot/1.3; +https://openai.com/gptbot)"
74.7.241.16 - - [12/May/2026:06:00:12 +1000] "GET /wp-json/oembed/1.0/embed?format=xml&url=https%3A%2F%2Fwww.coridyan.com%2Flots-of-slots-free-coins%2F HTTP/2" 200 1449 "https://www.coridyan.com/lots-of-slots-free-coins/" "Mozilla/5.0 AppleWebKit/537.36 (KHTML, like Gecko; compatible; GPTBot/1.3; +https://openai.com/gptbot)"
74.7.241.16 - - [12/May/2026:06:00:14 +1000] "GET /wp-json/oembed/1.0/embed?format=xml&url=https%3A%2F%2Fwww.coridyan.com%2Flive-casino-sign-up-bonus%2F HTTP/2" 200 1442 "https://www.coridyan.com/live-casino-sign-up-bonus/" "Mozilla/5.0 AppleWebKit/537.36 (KHTML, like Gecko; compatible; GPTBot/1.3; +https://openai.com/gptbot)"
74.7.241.16 - - [12/May/2026:06:00:15 +1000] "GET /wp-json/oembed/1.0/embed?format=xml&url=https%3A%2F%2Fwww.coridyan.com%2Fbest-free-casino-app-ios%2F HTTP/2" 200 1460 "https://www.coridyan.com/best-free-casino-app-ios/" "Mozilla/5.0 AppleWebKit/537.36 (KHTML, like Gecko; compatible; GPTBot/1.3; +https://openai.com/gptbot)"
74.7.241.16 - - [12/May/2026:06:00:17 +1000] "GET /wp-json/oembed/1.0/embed?format=xml&url=https%3A%2F%2Fwww.coridyan.com%2Fcasino-that-lets-you-win%2F HTTP/2" 200 1447 "https://www.coridyan.com/casino-that-lets-you-win/" "Mozilla/5.0 AppleWebKit/537.36 (KHTML, like Gecko; compatible; GPTBot/1.3; +https://openai.com/gptbot)"
192.178.4.101 - - [12/May/2026:06:00:17 +1000] "GET /content.php?product/76530946 HTTP/1.1" 200 28241 "-" "Mozilla/5.0 (Linux; Android 6.0.1; Nexus 5X Build/MMB29P) AppleWebKit/537.36 (KHTML, like Gecko) Chrome/147.0.7727.137 Mobile Safari/537.36 (compatible; GoogleOther)"
74.7.241.16 - - [12/May/2026:06:00:19 +1000] "GET /wp-json/oembed/1.0/embed?format=xml&url=https%3A%2F%2Fwww.coridyan.com%2Fdr-bet-to-thunderstruck-2-slot-casino-try-out-review-offers-comment-incentives%2F HTTP/2" 200 1659 "https://www.coridyan.com/dr-bet-to-thunderstruck-2-slot-casino-try-out-review-offers-comment-incentives/" "Mozilla/5.0 AppleWebKit/537.36 (KHTML, like Gecko; compatible; GPTBot/1.3; +https://openai.com/gptbot)"
74.7.241.16 - - [12/May/2026:06:00:21 +1000] "GET /wp-json/oembed/1.0/embed?format=xml&url=https%3A%2F%2Fwww.coridyan.com%2Fonline-casino-that-accepts-pay-by-mobile-deposits%2F HTTP/2" 200 1450 "https://www.coridyan.com/online-casino-that-accepts-pay-by-mobile-deposits/" "Mozilla/5.0 AppleWebKit/537.36 (KHTML, like Gecko; compatible; GPTBot/1.3; +https://openai.com/gptbot)"
74.7.241.16 - - [12/May/2026:06:00:23 +1000] "GET /wp-json/oembed/1.0/embed?format=xml&url=https%3A%2F%2Fwww.coridyan.com%2Fhappy-twins-hitman-mobile-slot-jackpot-rtp-remark%2F HTTP/2" 200 1618 "https://www.coridyan.com/happy-twins-hitman-mobile-slot-jackpot-rtp-remark/" "Mozilla/5.0 AppleWebKit/537.36 (KHTML, like Gecko; compatible; GPTBot/1.3; +https://openai.com/gptbot)"
74.7.241.16 - - [12/May/2026:06:00:25 +1000] "GET /wp-json/oembed/1.0/embed?format=xml&url=https%3A%2F%2Fwww.coridyan.com%2Fonline-mobile-casino-australia-no-deposit-bonus%2F HTTP/2" 200 1480 "https://www.coridyan.com/online-mobile-casino-australia-no-deposit-bonus/" "Mozilla/5.0 AppleWebKit/537.36 (KHTML, like Gecko; compatible; GPTBot/1.3; +https://openai.com/gptbot)"
74.7.241.16 - - [12/May/2026:06:00:27 +1000] "GET /wp-json/oembed/1.0/embed?format=xml&url=https%3A%2F%2Fwww.coridyan.com%2Fno-deposit-sign-up-bonus-mobile-casino-australia%2F HTTP/2" 200 1476 "https://www.coridyan.com/no-deposit-sign-up-bonus-mobile-casino-australia/" "Mozilla/5.0 AppleWebKit/537.36 (KHTML, like Gecko; compatible; GPTBot/1.3; +https://openai.com/gptbot)"
74.7.241.16 - - [12/May/2026:06:00:29 +1000] "GET /wp-json/oembed/1.0/embed?format=xml&url=https%3A%2F%2Fwww.coridyan.com%2Fall-new-no-deposit-mobile-australia-casinos-site%2F HTTP/2" 200 1486 "https://www.coridyan.com/all-new-no-deposit-mobile-australia-casinos-site/" "Mozilla/5.0 AppleWebKit/537.36 (KHTML, like Gecko; compatible; GPTBot/1.3; +https://openai.com/gptbot)"
74.7.241.16 - - [12/May/2026:06:00:31 +1000] "GET /wp-json/oembed/1.0/embed?format=xml&url=https%3A%2F%2Fwww.coridyan.com%2Fvelobet-ruedas-de-azar-y-premios-en-rota%2F HTTP/2" 200 1301 "https://www.coridyan.com/velobet-ruedas-de-azar-y-premios-en-rota/" "Mozilla/5.0 AppleWebKit/537.36 (KHTML, like Gecko; compatible; GPTBot/1.3; +https://openai.com/gptbot)"
74.7.241.16 - - [12/May/2026:06:00:33 +1000] "GET /wp-json/oembed/1.0/embed?format=xml&url=https%3A%2F%2Fwww.coridyan.com%2Fla-aventura-de-azar-en-play2win-casino%2F HTTP/2" 200 1297 "https://www.coridyan.com/la-aventura-de-azar-en-play2win-casino/" "Mozilla/5.0 AppleWebKit/537.36 (KHTML, like Gecko; compatible; GPTBot/1.3; +https://openai.com/gptbot)"
74.7.241.16 - - [12/May/2026:06:00:35 +1000] "GET /wp-json/oembed/1.0/embed?format=xml&url=https%3A%2F%2Fwww.coridyan.com%2Fcasino-slot-dice-game%2F HTTP/2" 200 1451 "https://www.coridyan.com/casino-slot-dice-game/" "Mozilla/5.0 AppleWebKit/537.36 (KHTML, like Gecko; compatible; GPTBot/1.3; +https://openai.com/gptbot)"
74.7.241.16 - - [12/May/2026:06:00:37 +1000] "GET /wp-json/oembed/1.0/embed?format=xml&url=https%3A%2F%2Fwww.coridyan.com%2Ffun-game-online-casino%2F HTTP/2" 200 1468 "https://www.coridyan.com/fun-game-online-casino/" "Mozilla/5.0 AppleWebKit/537.36 (KHTML, like Gecko; compatible; GPTBot/1.3; +https://openai.com/gptbot)"
74.7.241.16 - - [12/May/2026:06:00:39 +1000] "GET /wp-json/oembed/1.0/embed?format=xml&url=https%3A%2F%2Fwww.coridyan.com%2Fmoney-slot-game-casino%2F HTTP/2" 200 1444 "https://www.coridyan.com/money-slot-game-casino/" "Mozilla/5.0 AppleWebKit/537.36 (KHTML, like Gecko; compatible; GPTBot/1.3; +https://openai.com/gptbot)"
57.141.14.95 - - [12/May/2026:06:00:39 +1000] "GET /products/detail/57806587 HTTP/2" 200 137741 "-" "meta-externalagent/1.1 (+https://developers.facebook.com/docs/sharing/webmasters/crawler)"
74.7.241.16 - - [12/May/2026:06:00:42 +1000] "GET /wp-json/oembed/1.0/embed?format=xml&url=https%3A%2F%2Fwww.coridyan.com%2Fandar-bahar-bonus-game%2F HTTP/2" 200 1439 "https://www.coridyan.com/andar-bahar-bonus-game/" "Mozilla/5.0 AppleWebKit/537.36 (KHTML, like Gecko; compatible; GPTBot/1.3; +https://openai.com/gptbot)"
74.7.241.16 - - [12/May/2026:06:00:44 +1000] "GET /wp-json/oembed/1.0/embed?format=xml&url=https%3A%2F%2Fwww.coridyan.com%2Fall-aboard-casino-game%2F HTTP/2" 200 1443 "https://www.coridyan.com/all-aboard-casino-game/" "Mozilla/5.0 AppleWebKit/537.36 (KHTML, like Gecko; compatible; GPTBot/1.3; +https://openai.com/gptbot)"
192.178.4.100 - - [12/May/2026:06:00:44 +1000] "GET /comment.php?products/under-armour-backpack/18867713/ HTTP/1.1" 200 34482 "-" "Mozilla/5.0 (Linux; Android 6.0.1; Nexus 5X Build/MMB29P) AppleWebKit/537.36 (KHTML, like Gecko) Chrome/147.0.7727.137 Mobile Safari/537.36 (compatible; GoogleOther)"
74.7.241.16 - - [12/May/2026:06:00:46 +1000] "GET /wp-json/oembed/1.0/embed?url=https%3A%2F%2Fwww.coridyan.com%2Fcasino-video-template-free-download%2F HTTP/2" 200 1446 "https://www.coridyan.com/casino-video-template-free-download/" "Mozilla/5.0 AppleWebKit/537.36 (KHTML, like Gecko; compatible; GPTBot/1.3; +https://openai.com/gptbot)"
74.7.241.16 - - [12/May/2026:06:00:48 +1000] "GET /better-internet-casino-apps-real-casino-mr-bet-login-money-us-gambling-establishment-software-2026/feed/ HTTP/2" 200 521 "https://www.coridyan.com/better-internet-casino-apps-real-casino-mr-bet-login-money-us-gambling-establishment-software-2026/" "Mozilla/5.0 AppleWebKit/537.36 (KHTML, like Gecko; compatible; GPTBot/1.3; +https://openai.com/gptbot)"
74.7.241.16 - - [12/May/2026:06:00:49 +1000] "GET /wp-json/oembed/1.0/embed?format=xml&url=https%3A%2F%2Fwww.coridyan.com%2Fno-deposit-casino-list-australia%2F HTTP/2" 200 1457 "https://www.coridyan.com/no-deposit-casino-list-australia/" "Mozilla/5.0 AppleWebKit/537.36 (KHTML, like Gecko; compatible; GPTBot/1.3; +https://openai.com/gptbot)"
57.141.14.71 - - [12/May/2026:06:00:50 +1000] "GET /products/detail/65446021 HTTP/2" 200 137741 "-" "meta-externalagent/1.1 (+https://developers.facebook.com/docs/sharing/webmasters/crawler)"
74.7.241.16 - - [12/May/2026:06:00:51 +1000] "GET /wp-json/oembed/1.0/embed?format=xml&url=https%3A%2F%2Fwww.coridyan.com%2Fclub-bar-black-casino-rizk-mobile-sheep-slot-totally-free-demo%2F HTTP/2" 200 1596 "https://www.coridyan.com/club-bar-black-casino-rizk-mobile-sheep-slot-totally-free-demo/" "Mozilla/5.0 AppleWebKit/537.36 (KHTML, like Gecko; compatible; GPTBot/1.3; +https://openai.com/gptbot)"
74.7.241.16 - - [12/May/2026:06:00:53 +1000] "GET /wp-json/oembed/1.0/embed?format=xml&url=https%3A%2F%2Fwww.coridyan.com%2Fneosurf-20-dollars-casino%2F HTTP/2" 200 1467 "https://www.coridyan.com/neosurf-20-dollars-casino/" "Mozilla/5.0 AppleWebKit/537.36 (KHTML, like Gecko; compatible; GPTBot/1.3; +https://openai.com/gptbot)"
74.7.241.16 - - [12/May/2026:06:00:55 +1000] "GET /wp-json/oembed/1.0/embed?format=xml&url=https%3A%2F%2Fwww.coridyan.com%2Fcasino-minimum-deposit-20%2F HTTP/2" 200 1452 "https://www.coridyan.com/casino-minimum-deposit-20/" "Mozilla/5.0 AppleWebKit/537.36 (KHTML, like Gecko; compatible; GPTBot/1.3; +https://openai.com/gptbot)"
74.7.241.16 - - [12/May/2026:06:00:57 +1000] "GET /wp-json/oembed/1.0/embed?format=xml&url=https%3A%2F%2Fwww.coridyan.com%2Fneosurf-10-dollars-casino%2F HTTP/2" 200 1478 "https://www.coridyan.com/neosurf-10-dollars-casino/" "Mozilla/5.0 AppleWebKit/537.36 (KHTML, like Gecko; compatible; GPTBot/1.3; +https://openai.com/gptbot)"
192.178.4.100 - - [12/May/2026:06:00:55 +1000] "GET /content.php?product/83702698 HTTP/1.1" 200 28637 "-" "Mozilla/5.0 (Linux; Android 6.0.1; Nexus 5X Build/MMB29P) AppleWebKit/537.36 (KHTML, like Gecko) Chrome/147.0.7727.137 Mobile Safari/537.36 (compatible; GoogleOther)"
74.7.241.16 - - [12/May/2026:06:00:59 +1000] "GET /wp-json/oembed/1.0/embed?format=xml&url=https%3A%2F%2Fwww.coridyan.com%2Fiw99-casino-welcome-bonus%2F HTTP/2" 200 1480 "https://www.coridyan.com/iw99-casino-welcome-bonus/" "Mozilla/5.0 AppleWebKit/537.36 (KHTML, like Gecko; compatible; GPTBot/1.3; +https://openai.com/gptbot)"
74.7.241.16 - - [12/May/2026:06:01:01 +1000] "GET /wp-json/oembed/1.0/embed?format=xml&url=https%3A%2F%2Fwww.coridyan.com%2Ftransparent-casino-australia-2026%2F HTTP/2" 200 1451 "https://www.coridyan.com/transparent-casino-australia-2026/" "Mozilla/5.0 AppleWebKit/537.36 (KHTML, like Gecko; compatible; GPTBot/1.3; +https://openai.com/gptbot)"
216.73.216.86 - - [12/May/2026:06:01:00 +1000] "GET /products/detail/68035159 HTTP/2" 200 35715 "-" "Mozilla/5.0 AppleWebKit/537.36 (KHTML, like Gecko; compatible; ClaudeBot/1.0; +claudebot@anthropic.com)"
216.73.216.86 - - [12/May/2026:06:01:00 +1000] "GET /products/detail/59507929 HTTP/2" 200 35715 "-" "Mozilla/5.0 AppleWebKit/537.36 (KHTML, like Gecko; compatible; ClaudeBot/1.0; +claudebot@anthropic.com)"
216.73.216.86 - - [12/May/2026:06:01:00 +1000] "GET /products/detail/65286208 HTTP/2" 200 35715 "-" "Mozilla/5.0 AppleWebKit/537.36 (KHTML, like Gecko; compatible; ClaudeBot/1.0; +claudebot@anthropic.com)"
216.73.216.86 - - [12/May/2026:06:01:00 +1000] "GET /products/detail/59307463 HTTP/2" 200 35709 "-" "Mozilla/5.0 AppleWebKit/537.36 (KHTML, like Gecko; compatible; ClaudeBot/1.0; +claudebot@anthropic.com)"
216.73.216.86 - - [12/May/2026:06:01:00 +1000] "GET /products/detail/56422018 HTTP/2" 200 35709 "-" "Mozilla/5.0 AppleWebKit/537.36 (KHTML, like Gecko; compatible; ClaudeBot/1.0; +claudebot@anthropic.com)"
216.73.216.86 - - [12/May/2026:06:01:00 +1000] "GET /products/detail/58968181 HTTP/2" 200 35663 "-" "Mozilla/5.0 AppleWebKit/537.36 (KHTML, like Gecko; compatible; ClaudeBot/1.0; +claudebot@anthropic.com)"
74.7.241.16 - - [12/May/2026:06:01:04 +1000] "GET /wp-json/oembed/1.0/embed?format=xml&url=https%3A%2F%2Fwww.coridyan.com%2Fdazardbet-casino-50-free-spins%2F HTTP/2" 200 1453 "https://www.coridyan.com/dazardbet-casino-50-free-spins/" "Mozilla/5.0 AppleWebKit/537.36 (KHTML, like Gecko; compatible; GPTBot/1.3; +https://openai.com/gptbot)"
74.7.241.16 - - [12/May/2026:06:01:05 +1000] "GET /wp-json/oembed/1.0/embed?format=xml&url=https%3A%2F%2Fwww.coridyan.com%2F75-dollar-free-bingo-australia%2F HTTP/2" 200 22 "https://www.coridyan.com/75-dollar-free-bingo-australia/" "Mozilla/5.0 AppleWebKit/537.36 (KHTML, like Gecko; compatible; GPTBot/1.3; +https://openai.com/gptbot)"
216.73.216.86 - - [12/May/2026:06:01:04 +1000] "GET /precisely-what-does-a-good-panda-cost/ HTTP/2" 200 39279 "-" "Mozilla/5.0 AppleWebKit/537.36 (KHTML, like Gecko; compatible; ClaudeBot/1.0; +claudebot@anthropic.com)"
216.73.216.86 - - [12/May/2026:06:01:05 +1000] "GET /?p=31406 HTTP/2" 200 22 "-" "Mozilla/5.0 AppleWebKit/537.36 (KHTML, like Gecko; compatible; ClaudeBot/1.0; +claudebot@anthropic.com)"
216.73.216.86 - - [12/May/2026:06:01:05 +1000] "GET /?p=52048 HTTP/2" 200 22 "-" "Mozilla/5.0 AppleWebKit/537.36 (KHTML, like Gecko; compatible; ClaudeBot/1.0; +claudebot@anthropic.com)"
74.7.241.16 - - [12/May/2026:06:01:06 +1000] "GET /%22https:/www.coridyan.com/casino-video-template-free-download/embed/ HTTP/2" 200 35645 "https://www.coridyan.com/wp-json/oembed/1.0/embed?url=https%3A%2F%2Fwww.coridyan.com%2Fcasino-video-template-free-download%2F" "Mozilla/5.0 AppleWebKit/537.36 (KHTML, like Gecko; compatible; GPTBot/1.3; +https://openai.com/gptbot)"
74.7.241.16 - - [12/May/2026:06:01:09 +1000] "GET /wp-json/oembed/1.0/embed?format=xml&url=https%3A%2F%2Fwww.coridyan.com%2Fcasinochan-casino-20-free-spins-no-deposit%2F HTTP/2" 200 1477 "https://www.coridyan.com/casinochan-casino-20-free-spins-no-deposit/" "Mozilla/5.0 AppleWebKit/537.36 (KHTML, like Gecko; compatible; GPTBot/1.3; +https://openai.com/gptbot)"
57.141.14.36 - - [12/May/2026:06:01:09 +1000] "GET /products/detail/69106069 HTTP/2" 200 137741 "-" "meta-externalagent/1.1 (+https://developers.facebook.com/docs/sharing/webmasters/crawler)"
74.7.241.16 - - [12/May/2026:06:01:10 +1000] "GET /wp-json/oembed/1.0/embed?format=xml&url=https%3A%2F%2Fwww.coridyan.com%2Fbeste-casino-zonder-cruks%2F HTTP/2" 200 1476 "https://www.coridyan.com/beste-casino-zonder-cruks/" "Mozilla/5.0 AppleWebKit/537.36 (KHTML, like Gecko; compatible; GPTBot/1.3; +https://openai.com/gptbot)"
74.7.241.16 - - [12/May/2026:06:01:12 +1000] "GET /wp-json/oembed/1.0/embed?format=xml&url=https%3A%2F%2Fwww.coridyan.com%2Fslodkie-wygrane-w-kasynie%2F HTTP/2" 200 1283 "https://www.coridyan.com/slodkie-wygrane-w-kasynie/" "Mozilla/5.0 AppleWebKit/537.36 (KHTML, like Gecko; compatible; GPTBot/1.3; +https://openai.com/gptbot)"
74.7.241.16 - - [12/May/2026:06:01:14 +1000] "GET /wp-json/oembed/1.0/embed?format=xml&url=https%3A%2F%2Fwww.coridyan.com%2Freel-slot-games-australia%2F HTTP/2" 200 1472 "https://www.coridyan.com/reel-slot-games-australia/" "Mozilla/5.0 AppleWebKit/537.36 (KHTML, like Gecko; compatible; GPTBot/1.3; +https://openai.com/gptbot)"
74.7.241.16 - - [12/May/2026:06:01:16 +1000] "GET /wp-json/oembed/1.0/embed?format=xml&url=https%3A%2F%2Fwww.coridyan.com%2Fa9play-casino-free-credit%2F HTTP/2" 200 1431 "https://www.coridyan.com/a9play-casino-free-credit/" "Mozilla/5.0 AppleWebKit/537.36 (KHTML, like Gecko; compatible; GPTBot/1.3; +https://openai.com/gptbot)"
74.7.241.16 - - [12/May/2026:06:01:18 +1000] "GET /wp-json/oembed/1.0/embed?format=xml&url=https%3A%2F%2Fwww.coridyan.com%2Fbiggest-free-chips-casino%2F HTTP/2" 200 1464 "https://www.coridyan.com/biggest-free-chips-casino/" "Mozilla/5.0 AppleWebKit/537.36 (KHTML, like Gecko; compatible; GPTBot/1.3; +https://openai.com/gptbot)"
74.7.241.16 - - [12/May/2026:06:01:19 +1000] "GET /wp-json/oembed/1.0/embed?format=xml&url=https%3A%2F%2Fwww.coridyan.com%2Fbeste-norske-casino-for-nett-2025-toppvalg-igang-norske-spillere%2F HTTP/2" 200 1664 "https://www.coridyan.com/beste-norske-casino-for-nett-2025-toppvalg-igang-norske-spillere/" "Mozilla/5.0 AppleWebKit/537.36 (KHTML, like Gecko; compatible; GPTBot/1.3; +https://openai.com/gptbot)"
192.178.4.100 - - [12/May/2026:06:01:18 +1000] "GET /content.php?product/59929882 HTTP/1.1" 200 28433 "-" "Mozilla/5.0 (Linux; Android 6.0.1; Nexus 5X Build/MMB29P) AppleWebKit/537.36 (KHTML, like Gecko) Chrome/147.0.7727.137 Mobile Safari/537.36 (compatible; GoogleOther)"
74.7.241.16 - - [12/May/2026:06:01:21 +1000] "GET /wp-json/oembed/1.0/embed?format=xml&url=https%3A%2F%2Fwww.coridyan.com%2Fcasino-igang-nett-beste-norske-nettcasinoer-i-2026%2F HTTP/2" 200 1633 "https://www.coridyan.com/casino-igang-nett-beste-norske-nettcasinoer-i-2026/" "Mozilla/5.0 AppleWebKit/537.36 (KHTML, like Gecko; compatible; GPTBot/1.3; +https://openai.com/gptbot)"
74.7.241.16 - - [12/May/2026:06:01:23 +1000] "GET /wp-json/oembed/1.0/embed?format=xml&url=https%3A%2F%2Fwww.coridyan.com%2Fthunderstruck-position-gamble-casino-prime-slots-mobile-totally-free-and-study-opinion%2F HTTP/2" 200 1640 "https://www.coridyan.com/thunderstruck-position-gamble-casino-prime-slots-mobile-totally-free-and-study-opinion/" "Mozilla/5.0 AppleWebKit/537.36 (KHTML, like Gecko; compatible; GPTBot/1.3; +https://openai.com/gptbot)"
74.7.241.16 - - [12/May/2026:06:01:24 +1000] "GET /wp-json/oembed/1.0/embed?format=xml&url=https%3A%2F%2Fwww.coridyan.com%2Fsportium-online-italy-mucchio-opzione-di-giochi-casino-online-abu-king-premio-ancora-funzionalita-mobili%2F HTTP/2" 200 1730 "https://www.coridyan.com/sportium-online-italy-mucchio-opzione-di-giochi-casino-online-abu-king-premio-ancora-funzionalita-mobili/" "Mozilla/5.0 AppleWebKit/537.36 (KHTML, like Gecko; compatible; GPTBot/1.3; +https://openai.com/gptbot)"
74.7.241.16 - - [12/May/2026:06:01:26 +1000] "GET /wp-json/oembed/1.0/embed?format=xml&url=https%3A%2F%2Fwww.coridyan.com%2Foffshore-slots-australia%2F HTTP/2" 200 1487 "https://www.coridyan.com/offshore-slots-australia/" "Mozilla/5.0 AppleWebKit/537.36 (KHTML, like Gecko; compatible; GPTBot/1.3; +https://openai.com/gptbot)"
74.7.241.16 - - [12/May/2026:06:01:28 +1000] "GET /wp-json/oembed/1.0/embed?format=xml&url=https%3A%2F%2Fwww.coridyan.com%2Ffairest-casino-australia%2F HTTP/2" 200 1460 "https://www.coridyan.com/fairest-casino-australia/" "Mozilla/5.0 AppleWebKit/537.36 (KHTML, like Gecko; compatible; GPTBot/1.3; +https://openai.com/gptbot)"
216.73.216.86 - - [12/May/2026:06:01:27 +1000] "GET /products/detail/62325433 HTTP/2" 200 35663 "-" "Mozilla/5.0 AppleWebKit/537.36 (KHTML, like Gecko; compatible; ClaudeBot/1.0; +claudebot@anthropic.com)"
216.73.216.86 - - [12/May/2026:06:01:27 +1000] "GET /products/detail/67446406 HTTP/2" 200 35715 "-" "Mozilla/5.0 AppleWebKit/537.36 (KHTML, like Gecko; compatible; ClaudeBot/1.0; +claudebot@anthropic.com)"
74.7.241.16 - - [12/May/2026:06:01:30 +1000] "GET /wp-json/oembed/1.0/embed?format=xml&url=https%3A%2F%2Fwww.coridyan.com%2Fgambling-spins-australia%2F HTTP/2" 200 1445 "https://www.coridyan.com/gambling-spins-australia/" "Mozilla/5.0 AppleWebKit/537.36 (KHTML, like Gecko; compatible; GPTBot/1.3; +https://openai.com/gptbot)"
216.73.216.86 - - [12/May/2026:06:01:27 +1000] "GET /products/detail/62887186 HTTP/2" 200 35663 "-" "Mozilla/5.0 AppleWebKit/537.36 (KHTML, like Gecko; compatible; ClaudeBot/1.0; +claudebot@anthropic.com)"
216.73.216.86 - - [12/May/2026:06:01:27 +1000] "GET /products/detail/62877133 HTTP/2" 200 35709 "-" "Mozilla/5.0 AppleWebKit/537.36 (KHTML, like Gecko; compatible; ClaudeBot/1.0; +claudebot@anthropic.com)"
216.73.216.86 - - [12/May/2026:06:01:27 +1000] "GET /products/detail/69953095 HTTP/2" 200 35663 "-" "Mozilla/5.0 AppleWebKit/537.36 (KHTML, like Gecko; compatible; ClaudeBot/1.0; +claudebot@anthropic.com)"
216.73.216.86 - - [12/May/2026:06:01:27 +1000] "GET /products/detail/66057265 HTTP/2" 200 35663 "-" "Mozilla/5.0 AppleWebKit/537.36 (KHTML, like Gecko; compatible; ClaudeBot/1.0; +claudebot@anthropic.com)"
216.73.216.86 - - [12/May/2026:06:01:30 +1000] "GET /products/detail/65630566 HTTP/2" 200 35663 "-" "Mozilla/5.0 AppleWebKit/537.36 (KHTML, like Gecko; compatible; ClaudeBot/1.0; +claudebot@anthropic.com)"
74.7.241.16 - - [12/May/2026:06:01:32 +1000] "GET /wp-json/oembed/1.0/embed?format=xml&url=https%3A%2F%2Fwww.coridyan.com%2Feuropean-slots-australia%2F HTTP/2" 200 1474 "https://www.coridyan.com/european-slots-australia/" "Mozilla/5.0 AppleWebKit/537.36 (KHTML, like Gecko; compatible; GPTBot/1.3; +https://openai.com/gptbot)"
216.73.216.86 - - [12/May/2026:06:01:32 +1000] "GET /products/detail/63669862 HTTP/2" 200 35663 "-" "Mozilla/5.0 AppleWebKit/537.36 (KHTML, like Gecko; compatible; ClaudeBot/1.0; +claudebot@anthropic.com)"
216.73.216.86 - - [12/May/2026:06:01:32 +1000] "GET /products/detail/67228399 HTTP/2" 200 35663 "-" "Mozilla/5.0 AppleWebKit/537.36 (KHTML, like Gecko; compatible; ClaudeBot/1.0; +claudebot@anthropic.com)"
216.73.216.86 - - [12/May/2026:06:01:33 +1000] "GET /products/detail/67944709 HTTP/2" 200 35709 "-" "Mozilla/5.0 AppleWebKit/537.36 (KHTML, like Gecko; compatible; ClaudeBot/1.0; +claudebot@anthropic.com)"
