216.73.216.86 - - [12/May/2026:06:57:02 +1000] "GET /products/detail/69161140 HTTP/2" 200 35663 "-" "Mozilla/5.0 AppleWebKit/537.36 (KHTML, like Gecko; compatible; ClaudeBot/1.0; +claudebot@anthropic.com)"
216.73.216.86 - - [12/May/2026:06:57:02 +1000] "GET /products/detail/57224989 HTTP/2" 200 35715 "-" "Mozilla/5.0 AppleWebKit/537.36 (KHTML, like Gecko; compatible; ClaudeBot/1.0; +claudebot@anthropic.com)"
74.7.242.22 - - [12/May/2026:06:57:02 +1000] "GET /wp-json/oembed/1.0/embed?format=xml&url=https%3A%2F%2Fwww.coridyan.com%2Fonline-casino-multi-currency-casino-australia%2F HTTP/2" 200 1496 "https://www.coridyan.com/online-casino-multi-currency-casino-australia/" "Mozilla/5.0 AppleWebKit/537.36 (KHTML, like Gecko; compatible; GPTBot/1.3; +https://openai.com/gptbot)"
65.108.125.120 - - [12/May/2026:06:57:03 +1000] "GET /gokkasten-offlin-echt-geld-%EF%B8%8Fgokkasten-casinos-summertime-slot-2026/feed/ HTTP/1.1" 200 1013 "-" "Mozilla/5.0 (compatible; MJ12bot/v1.4.8; http://mj12bot.com/)"
57.141.14.22 - - [12/May/2026:06:57:03 +1000] "GET /products/detail/60292135 HTTP/2" 200 137741 "-" "meta-externalagent/1.1 (+https://developers.facebook.com/docs/sharing/webmasters/crawler)"
216.73.216.86 - - [12/May/2026:06:57:04 +1000] "GET /products/detail/67061224 HTTP/2" 200 35663 "-" "Mozilla/5.0 AppleWebKit/537.36 (KHTML, like Gecko; compatible; ClaudeBot/1.0; +claudebot@anthropic.com)"
216.73.216.86 - - [12/May/2026:06:57:04 +1000] "GET /products/detail/54432154 HTTP/2" 200 35663 "-" "Mozilla/5.0 AppleWebKit/537.36 (KHTML, like Gecko; compatible; ClaudeBot/1.0; +claudebot@anthropic.com)"
216.73.216.86 - - [12/May/2026:06:57:04 +1000] "GET /products/detail/54273160 HTTP/2" 200 35663 "-" "Mozilla/5.0 AppleWebKit/537.36 (KHTML, like Gecko; compatible; ClaudeBot/1.0; +claudebot@anthropic.com)"
74.7.242.22 - - [12/May/2026:06:57:04 +1000] "GET /wp-json/oembed/1.0/embed?format=xml&url=https%3A%2F%2Fwww.coridyan.com%2Fflexepin-casino-no-wagering-casino-australia%2F HTTP/2" 200 1485 "https://www.coridyan.com/flexepin-casino-no-wagering-casino-australia/" "Mozilla/5.0 AppleWebKit/537.36 (KHTML, like Gecko; compatible; GPTBot/1.3; +https://openai.com/gptbot)"
216.73.216.86 - - [12/May/2026:06:57:05 +1000] "GET /products/detail/65063782 HTTP/2" 200 35663 "-" "Mozilla/5.0 AppleWebKit/537.36 (KHTML, like Gecko; compatible; ClaudeBot/1.0; +claudebot@anthropic.com)"
50.19.102.70 - - [12/May/2026:06:57:05 +1000] "GET /pounds-santa-slot-info-max-damage-slot-play-for-real-money-96-forty-five-rtp-upcoming-q4-2024/ HTTP/1.1" 200 42496 "-" "Mozilla/5.0 AppleWebKit/537.36 (KHTML, like Gecko; compatible; Amazonbot/0.1; +https://developer.amazon.com/support/amazonbot) Chrome/119.0.6045.214 Safari/537.36"
65.108.125.120 - - [12/May/2026:06:57:07 +1000] "GET /robots.txt HTTP/1.1" 200 585 "-" "Mozilla/5.0 (compatible; MJ12bot/v1.4.8; http://mj12bot.com/)"
192.178.4.100 - - [12/May/2026:06:57:05 +1000] "GET /?products/detail/56173285 HTTP/1.1" 200 32349 "-" "Mozilla/5.0 (Linux; Android 6.0.1; Nexus 5X Build/MMB29P) AppleWebKit/537.36 (KHTML, like Gecko) Chrome/147.0.7727.137 Mobile Safari/537.36 (compatible; Googlebot/2.1; +http://www.google.com/bot.html)"
216.73.216.86 - - [12/May/2026:06:57:07 +1000] "GET /products/detail/59745781 HTTP/2" 200 35709 "-" "Mozilla/5.0 AppleWebKit/537.36 (KHTML, like Gecko; compatible; ClaudeBot/1.0; +claudebot@anthropic.com)"
74.7.242.22 - - [12/May/2026:06:57:07 +1000] "GET /wp-json/oembed/1.0/embed?format=xml&url=https%3A%2F%2Fwww.coridyan.com%2Fpoli-casino-birthday-bonus-casino-australia%2F HTTP/2" 200 1494 "https://www.coridyan.com/poli-casino-birthday-bonus-casino-australia/" "Mozilla/5.0 AppleWebKit/537.36 (KHTML, like Gecko; compatible; GPTBot/1.3; +https://openai.com/gptbot)"
216.73.216.86 - - [12/May/2026:06:57:07 +1000] "GET /products/detail/64526617 HTTP/2" 200 35663 "-" "Mozilla/5.0 AppleWebKit/537.36 (KHTML, like Gecko; compatible; ClaudeBot/1.0; +claudebot@anthropic.com)"
216.73.216.86 - - [12/May/2026:06:57:07 +1000] "GET /products/detail/54487207 HTTP/2" 200 35715 "-" "Mozilla/5.0 AppleWebKit/537.36 (KHTML, like Gecko; compatible; ClaudeBot/1.0; +claudebot@anthropic.com)"
216.73.216.86 - - [12/May/2026:06:57:07 +1000] "GET /products/detail/61520671 HTTP/2" 200 35663 "-" "Mozilla/5.0 AppleWebKit/537.36 (KHTML, like Gecko; compatible; ClaudeBot/1.0; +claudebot@anthropic.com)"
18.208.11.93 - - [12/May/2026:06:57:08 +1000] "GET /?p=37930 HTTP/1.1" 200 515 "-" "Mozilla/5.0 AppleWebKit/537.36 (KHTML, like Gecko; compatible; Amazonbot/0.1; +https://developer.amazon.com/support/amazonbot) Chrome/119.0.6045.214 Safari/537.36"
74.7.242.22 - - [12/May/2026:06:57:09 +1000] "GET /wp-json/oembed/1.0/embed?format=xml&url=https%3A%2F%2Fwww.coridyan.com%2Fmastercard-casino-prize-draw-casino-australia%2F HTTP/2" 200 1468 "https://www.coridyan.com/mastercard-casino-prize-draw-casino-australia/" "Mozilla/5.0 AppleWebKit/537.36 (KHTML, like Gecko; compatible; GPTBot/1.3; +https://openai.com/gptbot)"
216.73.216.86 - - [12/May/2026:06:57:09 +1000] "GET /opas-pelaa-fire-joker-oikealla-rahalla-ulos-rasta-nolla-mehilaisen-step-1-talletuksen-2026-maksun-aikana-pelaa-kokeiluversiota-nyt-departamento-de-ingenieria-en-alimentos/feed/ HTTP/2" 200 603 "-" "Mozilla/5.0 AppleWebKit/537.36 (KHTML, like Gecko; compatible; ClaudeBot/1.0; +claudebot@anthropic.com)"
216.73.216.86 - - [12/May/2026:06:57:09 +1000] "GET /mr-cashman-casino-slot-games-arctic-bear-no-deposit-free-spins-review-for-real-profit-australian-continent/feed/ HTTP/2" 200 534 "-" "Mozilla/5.0 AppleWebKit/537.36 (KHTML, like Gecko; compatible; ClaudeBot/1.0; +claudebot@anthropic.com)"
216.73.216.86 - - [12/May/2026:06:57:09 +1000] "GET /diese-besten-spielbank-freispiele-ohne-einzahlung-im-die-erlaubnis-haben-book-of-ra-download-fur-handy-2026/ HTTP/2" 200 42743 "-" "Mozilla/5.0 AppleWebKit/537.36 (KHTML, like Gecko; compatible; ClaudeBot/1.0; +claudebot@anthropic.com)"
216.73.216.86 - - [12/May/2026:06:57:09 +1000] "GET /finest-zero-set-incentives-jan-2026-100-totally-free-spins-no-deposit-publication-away-from-ra-slot-napoleon-all-of-us-50-100-percent-free/ HTTP/2" 200 40780 "-" "Mozilla/5.0 AppleWebKit/537.36 (KHTML, like Gecko; compatible; ClaudeBot/1.0; +claudebot@anthropic.com)"
74.7.242.22 - - [12/May/2026:06:57:11 +1000] "GET /wp-json/oembed/1.0/embed?format=xml&url=https%3A%2F%2Fwww.coridyan.com%2Fbest-live-casino-anonymous-casino-australia%2F HTTP/2" 200 1479 "https://www.coridyan.com/best-live-casino-anonymous-casino-australia/" "Mozilla/5.0 AppleWebKit/537.36 (KHTML, like Gecko; compatible; GPTBot/1.3; +https://openai.com/gptbot)"
216.73.216.86 - - [12/May/2026:06:57:12 +1000] "GET /betspini-hasartmanguettevotte-markus-ice-kasiino-promokoodid-2026-aasta-hinnang-suureparane-400-naela-taiesti-tasuta-lisaraha/feed/ HTTP/2" 200 565 "-" "Mozilla/5.0 AppleWebKit/537.36 (KHTML, like Gecko; compatible; ClaudeBot/1.0; +claudebot@anthropic.com)"
216.73.216.86 - - [12/May/2026:06:57:12 +1000] "GET /mr-queen-of-the-nile-slot-cashman-slot-machine-yahtzee-free-spins-online-game-complimentary-if-you-dont-real-money-costa-rica-%e4%b8%ad%e8%8f%af%e6%b0%91%e5%9c%8b-%e7%94%9f%e6%97%a5%e5%bf%ab/ HTTP/2" 200 41193 "-" "Mozilla/5.0 AppleWebKit/537.36 (KHTML, like Gecko; compatible; ClaudeBot/1.0; +claudebot@anthropic.com)"
216.73.216.86 - - [12/May/2026:06:57:12 +1000] "GET /leovegas-beste-casinos-fur-online-power-stars-fixed-slots-maschinen-erreichbar-spielothek-provision-exklusives-willkommensangebot/feed/ HTTP/2" 200 564 "-" "Mozilla/5.0 AppleWebKit/537.36 (KHTML, like Gecko; compatible; ClaudeBot/1.0; +claudebot@anthropic.com)"
216.73.216.86 - - [12/May/2026:06:57:12 +1000] "GET /zagraj-w-calej-bezplatne-sudoku-internetowego-trudne-lamiglowki-sudoku-minimalna-depozyt-online-kasyno-2026-dzieki-wszelakiego-poziomach/feed/ HTTP/2" 200 577 "-" "Mozilla/5.0 AppleWebKit/537.36 (KHTML, like Gecko; compatible; ClaudeBot/1.0; +claudebot@anthropic.com)"
74.7.242.22 - - [12/May/2026:06:57:13 +1000] "GET /wp-json/oembed/1.0/embed?format=xml&url=https%3A%2F%2Fwww.coridyan.com%2Fjeton-casino-loyalty-program-casino-australia%2F HTTP/2" 200 1476 "https://www.coridyan.com/jeton-casino-loyalty-program-casino-australia/" "Mozilla/5.0 AppleWebKit/537.36 (KHTML, like Gecko; compatible; GPTBot/1.3; +https://openai.com/gptbot)"
34.196.237.236 - - [12/May/2026:06:57:13 +1000] "GET /wp-json/wp/v2/posts/17545 HTTP/1.1" 200 6093 "-" "Mozilla/5.0 AppleWebKit/537.36 (KHTML, like Gecko; compatible; Amazonbot/0.1; +https://developer.amazon.com/support/amazonbot) Chrome/119.0.6045.214 Safari/537.36"
216.73.216.86 - - [12/May/2026:06:57:14 +1000] "GET /no-deposit-beat-the-beast-cerberus-inferno-real-cash-free-spins-to-own-santas-ranch-because-of-the-gameart/ HTTP/2" 200 41157 "-" "Mozilla/5.0 AppleWebKit/537.36 (KHTML, like Gecko; compatible; ClaudeBot/1.0; +claudebot@anthropic.com)"
216.73.216.86 - - [12/May/2026:06:57:15 +1000] "GET /luckydays-us-informativer-beitrag-1-bestes-unter-anderem-sicheres-online-spielbank-fur-fantastische-casinospiele/feed/ HTTP/2" 200 542 "-" "Mozilla/5.0 AppleWebKit/537.36 (KHTML, like Gecko; compatible; ClaudeBot/1.0; +claudebot@anthropic.com)"
74.7.242.22 - - [12/May/2026:06:57:15 +1000] "GET /wp-json/oembed/1.0/embed?format=xml&url=https%3A%2F%2Fwww.coridyan.com%2Fbest-boku-casino-prize-draw-casino-australia%2F HTTP/2" 200 1492 "https://www.coridyan.com/best-boku-casino-prize-draw-casino-australia/" "Mozilla/5.0 AppleWebKit/537.36 (KHTML, like Gecko; compatible; GPTBot/1.3; +https://openai.com/gptbot)"
216.73.216.86 - - [12/May/2026:06:57:15 +1000] "GET /paddy-electricity-casino-bezplatne-revolvy-bez-vkladu-marec-spinbetter-prihlasenie-2026-allege-260-uplne-bezplatne-revolvy/feed/ HTTP/2" 200 567 "-" "Mozilla/5.0 AppleWebKit/537.36 (KHTML, like Gecko; compatible; ClaudeBot/1.0; +claudebot@anthropic.com)"
216.73.216.86 - - [12/May/2026:06:57:15 +1000] "GET /wheres-the-casino-en-linea-blackjack-gold-slots-demo-boquilla-cleopatra-reina-de-egipto-sin-cargo-y-no-ha-transpirado-sus-particulares/ HTTP/2" 200 43357 "-" "Mozilla/5.0 AppleWebKit/537.36 (KHTML, like Gecko; compatible; ClaudeBot/1.0; +claudebot@anthropic.com)"
100.28.118.16 - - [12/May/2026:06:57:16 +1000] "GET /wp-json/wp/v2/posts/30373 HTTP/1.1" 200 7486 "-" "Mozilla/5.0 AppleWebKit/537.36 (KHTML, like Gecko; compatible; Amazonbot/0.1; +https://developer.amazon.com/support/amazonbot) Chrome/119.0.6045.214 Safari/537.36"
65.108.125.120 - - [12/May/2026:06:57:16 +1000] "GET /poki-gamble%E3%81%A7%E7%84%A1%E6%96%99%E3%82%AA%E3%83%B3%E3%83%A9%E3%82%A4%E3%83%B3%E3%82%B2%E3%83%BC%E3%83%A0%E3%82%92%E4%BB%8A%E3%81%99%E3%81%90%E3%83%97%E3%83%AC%E3%82%A4%EF%BC%81/ HTTP/1.1" 200 43279 "-" "Mozilla/5.0 (compatible; MJ12bot/v1.4.8; http://mj12bot.com/)"
216.73.216.86 - - [12/May/2026:06:57:17 +1000] "GET /freispiele-inzwischen-aktuelle-freespins-abzuglich-einzahlung-casino-ladbrokes-100-kostenlose-spins-jeden-tag/feed/ HTTP/2" 200 546 "-" "Mozilla/5.0 AppleWebKit/537.36 (KHTML, like Gecko; compatible; ClaudeBot/1.0; +claudebot@anthropic.com)"
74.7.242.22 - - [12/May/2026:06:57:17 +1000] "GET /wp-json/oembed/1.0/embed?format=xml&url=https%3A%2F%2Fwww.coridyan.com%2Fpoli-casino-non-sticky-bonus-casino-australia%2F HTTP/2" 200 1475 "https://www.coridyan.com/poli-casino-non-sticky-bonus-casino-australia/" "Mozilla/5.0 AppleWebKit/537.36 (KHTML, like Gecko; compatible; GPTBot/1.3; +https://openai.com/gptbot)"
216.73.216.86 - - [12/May/2026:06:57:17 +1000] "GET /sweet-bonanza-gratis-letter-king-of-the-jungle-1-kaution-verbunden-zum-besten-geben-qua-provision/ HTTP/2" 200 43426 "-" "Mozilla/5.0 AppleWebKit/537.36 (KHTML, like Gecko; compatible; ClaudeBot/1.0; +claudebot@anthropic.com)"
216.73.216.86 - - [12/May/2026:06:57:17 +1000] "GET /finest-casino-metal-mobile-a-real-income-online-casinos-in-the-usa-march-2026/feed/ HTTP/2" 200 503 "-" "Mozilla/5.0 AppleWebKit/537.36 (KHTML, like Gecko; compatible; ClaudeBot/1.0; +claudebot@anthropic.com)"
216.73.216.86 - - [12/May/2026:06:57:17 +1000] "GET /100-percent-free-pokies-no-down-club-player-casino-paypal-load-gamble-pokies-on-the-web-free-of-charge/ HTTP/2" 200 40581 "-" "Mozilla/5.0 AppleWebKit/537.36 (KHTML, like Gecko; compatible; ClaudeBot/1.0; +claudebot@anthropic.com)"
216.73.216.86 - - [12/May/2026:06:57:17 +1000] "GET /enjoy-cool-good-fresh-fruit-frenzy-on-line-slot-game-now-assemble-3-crown-of-egypt-1-deposit-hundred-extra/ HTTP/2" 200 40914 "-" "Mozilla/5.0 AppleWebKit/537.36 (KHTML, like Gecko; compatible; ClaudeBot/1.0; +claudebot@anthropic.com)"
74.7.242.22 - - [12/May/2026:06:57:19 +1000] "GET /wp-json/oembed/1.0/embed?format=xml&url=https%3A%2F%2Fwww.coridyan.com%2Fonline-dice-games-all-casino-games-australia%2F HTTP/2" 200 1486 "https://www.coridyan.com/online-dice-games-all-casino-games-australia/" "Mozilla/5.0 AppleWebKit/537.36 (KHTML, like Gecko; compatible; GPTBot/1.3; +https://openai.com/gptbot)"
216.73.216.86 - - [12/May/2026:06:57:19 +1000] "GET /products/detail/59230837 HTTP/2" 200 35709 "-" "Mozilla/5.0 AppleWebKit/537.36 (KHTML, like Gecko; compatible; ClaudeBot/1.0; +claudebot@anthropic.com)"
216.73.216.86 - - [12/May/2026:06:57:19 +1000] "GET /products/detail/54508492 HTTP/2" 200 35663 "-" "Mozilla/5.0 AppleWebKit/537.36 (KHTML, like Gecko; compatible; ClaudeBot/1.0; +claudebot@anthropic.com)"
216.73.216.86 - - [12/May/2026:06:57:19 +1000] "GET /products/detail/63830611 HTTP/2" 200 35663 "-" "Mozilla/5.0 AppleWebKit/537.36 (KHTML, like Gecko; compatible; ClaudeBot/1.0; +claudebot@anthropic.com)"
216.73.216.86 - - [12/May/2026:06:57:19 +1000] "GET /products/detail/62131375 HTTP/2" 200 35663 "-" "Mozilla/5.0 AppleWebKit/537.36 (KHTML, like Gecko; compatible; ClaudeBot/1.0; +claudebot@anthropic.com)"
54.198.33.233 - - [12/May/2026:06:57:20 +1000] "GET /wp-json/wp/v2/posts/%22https:/www.europeanbusinessreview.com/wp-content/uploads/2022/11/10-Best-Online-Casinos-in-Monaco-Ranked-by-Games-Bonuses-for-Monaco-Players-and-More-1.jpeg/%22 HTTP/1.1" 200 617 "-" "Mozilla/5.0 AppleWebKit/537.36 (KHTML, like Gecko; compatible; Amazonbot/0.1; +https://developer.amazon.com/support/amazonbot) Chrome/119.0.6045.214 Safari/537.36"
216.73.216.86 - - [12/May/2026:06:57:19 +1000] "GET /products/detail/59562307 HTTP/2" 200 35663 "-" "Mozilla/5.0 AppleWebKit/537.36 (KHTML, like Gecko; compatible; ClaudeBot/1.0; +claudebot@anthropic.com)"
65.108.125.120 - - [12/May/2026:06:57:20 +1000] "GET /purple-mansions/feed/ HTTP/1.1" 200 926 "-" "Mozilla/5.0 (compatible; MJ12bot/v1.4.8; http://mj12bot.com/)"
74.7.242.22 - - [12/May/2026:06:57:21 +1000] "GET /wp-json/oembed/1.0/embed?format=xml&url=https%3A%2F%2Fwww.coridyan.com%2Flive-casino-non-sticky-bonus-casino-australia%2F HTTP/2" 200 1477 "https://www.coridyan.com/live-casino-non-sticky-bonus-casino-australia/" "Mozilla/5.0 AppleWebKit/537.36 (KHTML, like Gecko; compatible; GPTBot/1.3; +https://openai.com/gptbot)"
18.213.102.186 - - [12/May/2026:06:57:21 +1000] "GET /wp-json/oembed/1.0/embed?url=https://www.coridyan.com/finest-internet-50-free-spins-50-dragons-on-registration-no-deposit-casino-no-deposit-bonus-rules-2026/ HTTP/1.1" 200 2094 "-" "Mozilla/5.0 AppleWebKit/537.36 (KHTML, like Gecko; compatible; Amazonbot/0.1; +https://developer.amazon.com/support/amazonbot) Chrome/119.0.6045.214 Safari/537.36"
216.73.216.86 - - [12/May/2026:06:57:21 +1000] "GET /products/detail/57702106 HTTP/2" 200 35627 "-" "Mozilla/5.0 AppleWebKit/537.36 (KHTML, like Gecko; compatible; ClaudeBot/1.0; +claudebot@anthropic.com)"
216.73.216.86 - - [12/May/2026:06:57:22 +1000] "GET /products/detail/66010681 HTTP/2" 200 35663 "-" "Mozilla/5.0 AppleWebKit/537.36 (KHTML, like Gecko; compatible; ClaudeBot/1.0; +claudebot@anthropic.com)"
216.73.216.86 - - [12/May/2026:06:57:22 +1000] "GET /products/detail/62852761 HTTP/2" 200 35709 "-" "Mozilla/5.0 AppleWebKit/537.36 (KHTML, like Gecko; compatible; ClaudeBot/1.0; +claudebot@anthropic.com)"
74.7.242.22 - - [12/May/2026:06:57:23 +1000] "GET /wp-json/oembed/1.0/embed?format=xml&url=https%3A%2F%2Fwww.coridyan.com%2Fapple-pay-casino-free-play-casino-australia%2F HTTP/2" 200 1466 "https://www.coridyan.com/apple-pay-casino-free-play-casino-australia/" "Mozilla/5.0 AppleWebKit/537.36 (KHTML, like Gecko; compatible; GPTBot/1.3; +https://openai.com/gptbot)"
74.7.242.22 - - [12/May/2026:06:57:24 +1000] "GET /wp-json/oembed/1.0/embed?format=xml&url=https%3A%2F%2Fwww.coridyan.com%2Flive-casino-no-verification-casino-australia%2F HTTP/2" 200 1475 "https://www.coridyan.com/live-casino-no-verification-casino-australia/" "Mozilla/5.0 AppleWebKit/537.36 (KHTML, like Gecko; compatible; GPTBot/1.3; +https://openai.com/gptbot)"
65.108.125.120 - - [12/May/2026:06:57:24 +1000] "GET /quand-le-trajet-devient-terrain-de-jeu-comment-les-joueurs-mobiles-transforment-les-tables-de-casino-en-victoires-quotidiennes/feed/ HTTP/1.1" 200 1036 "-" "Mozilla/5.0 (compatible; MJ12bot/v1.4.8; http://mj12bot.com/)"
192.178.4.100 - - [12/May/2026:06:57:24 +1000] "GET /?products/detail/68529601 HTTP/1.1" 200 31659 "-" "Mozilla/5.0 (Linux; Android 6.0.1; Nexus 5X Build/MMB29P) AppleWebKit/537.36 (KHTML, like Gecko) Chrome/147.0.7727.137 Mobile Safari/537.36 (compatible; Googlebot/2.1; +http://www.google.com/bot.html)"
184.73.47.24 - - [12/May/2026:06:57:25 +1000] "GET /friidrott-ryska-armeofficeren-isinbajeva-tillats-klartecken-att-ga-vidare-arbeta-ino-iok-svt-idrott/ HTTP/1.1" 200 42092 "-" "Mozilla/5.0 AppleWebKit/537.36 (KHTML, like Gecko; compatible; Amazonbot/0.1; +https://developer.amazon.com/support/amazonbot) Chrome/119.0.6045.214 Safari/537.36"
74.7.242.22 - - [12/May/2026:06:57:26 +1000] "GET /wp-json/oembed/1.0/embed?format=xml&url=https%3A%2F%2Fwww.coridyan.com%2Fbest-paypal-casino-cashback-casino-australia%2F HTTP/2" 200 1460 "https://www.coridyan.com/best-paypal-casino-cashback-casino-australia/" "Mozilla/5.0 AppleWebKit/537.36 (KHTML, like Gecko; compatible; GPTBot/1.3; +https://openai.com/gptbot)"
57.141.14.29 - - [12/May/2026:06:57:27 +1000] "GET /products/detail/60308416 HTTP/2" 200 137741 "-" "meta-externalagent/1.1 (+https://developers.facebook.com/docs/sharing/webmasters/crawler)"
74.7.242.22 - - [12/May/2026:06:57:28 +1000] "GET /wp-json/oembed/1.0/embed?format=xml&url=https%3A%2F%2Fwww.coridyan.com%2Fjeton-casino-refer-a-friend-casino-australia%2F HTTP/2" 200 1463 "https://www.coridyan.com/jeton-casino-refer-a-friend-casino-australia/" "Mozilla/5.0 AppleWebKit/537.36 (KHTML, like Gecko; compatible; GPTBot/1.3; +https://openai.com/gptbot)"
65.108.125.120 - - [12/May/2026:06:57:29 +1000] "GET /quand-les-resolutions-du-nouvel-an-se-transforment-en-jackpots-une-analyse-scientifique-des-gains-explosifs-dans-les-casinos-modernes/ HTTP/1.1" 200 46798 "-" "Mozilla/5.0 (compatible; MJ12bot/v1.4.8; http://mj12bot.com/)"
34.227.234.246 - - [12/May/2026:06:57:30 +1000] "GET /wp-json/oembed/1.0/embed?format=xml&url=https://www.coridyan.com/red-cherry-slot-machine-free-play-and-real-money-modes-compared/ HTTP/1.1" 200 1825 "-" "Mozilla/5.0 AppleWebKit/537.36 (KHTML, like Gecko; compatible; Amazonbot/0.1; +https://developer.amazon.com/support/amazonbot) Chrome/119.0.6045.214 Safari/537.36"
74.7.242.22 - - [12/May/2026:06:57:30 +1000] "GET /wp-json/oembed/1.0/embed?format=xml&url=https%3A%2F%2Fwww.coridyan.com%2Fecheck-casino-refer-a-friend-casino-australia%2F HTTP/2" 200 1473 "https://www.coridyan.com/echeck-casino-refer-a-friend-casino-australia/" "Mozilla/5.0 AppleWebKit/537.36 (KHTML, like Gecko; compatible; GPTBot/1.3; +https://openai.com/gptbot)"
57.141.14.21 - - [12/May/2026:06:57:29 +1000] "GET /products/detail/62795548 HTTP/2" 200 137741 "-" "meta-externalagent/1.1 (+https://developers.facebook.com/docs/sharing/webmasters/crawler)"
74.7.242.22 - - [12/May/2026:06:57:32 +1000] "GET /wp-json/oembed/1.0/embed?format=xml&url=https%3A%2F%2Fwww.coridyan.com%2Fbest-neosurf-casino-cashback-casino-australia%2F HTTP/2" 200 1461 "https://www.coridyan.com/best-neosurf-casino-cashback-casino-australia/" "Mozilla/5.0 AppleWebKit/537.36 (KHTML, like Gecko; compatible; GPTBot/1.3; +https://openai.com/gptbot)"
52.2.4.213 - - [12/May/2026:06:57:33 +1000] "GET /wp-json/oembed/1.0/embed?url=https://www.coridyan.com/vm-inden-for-fodboldspil-2026-er-vulkanbet-sikker-fa-oje-pa-kampprogram-plu-helbredstilstand-herhen-tv-2/ HTTP/1.1" 200 2224 "-" "Mozilla/5.0 AppleWebKit/537.36 (KHTML, like Gecko; compatible; Amazonbot/0.1; +https://developer.amazon.com/support/amazonbot) Chrome/119.0.6045.214 Safari/537.36"
74.7.242.22 - - [12/May/2026:06:57:33 +1000] "GET /wp-json/oembed/1.0/embed?format=xml&url=https%3A%2F%2Fwww.coridyan.com%2Fbest-paypal-casino-free-play-casino-australia%2F HTTP/2" 200 1467 "https://www.coridyan.com/best-paypal-casino-free-play-casino-australia/" "Mozilla/5.0 AppleWebKit/537.36 (KHTML, like Gecko; compatible; GPTBot/1.3; +https://openai.com/gptbot)"
65.108.125.120 - - [12/May/2026:06:57:33 +1000] "GET /queen-of-your-own-shogun-slot-review-vso/ HTTP/1.1" 200 41030 "-" "Mozilla/5.0 (compatible; MJ12bot/v1.4.8; http://mj12bot.com/)"
74.7.242.22 - - [12/May/2026:06:57:35 +1000] "GET /wp-json/oembed/1.0/embed?format=xml&url=https%3A%2F%2Fwww.coridyan.com%2Fboku-casino-birthday-bonus-casino-australia%2F HTTP/2" 200 1471 "https://www.coridyan.com/boku-casino-birthday-bonus-casino-australia/" "Mozilla/5.0 AppleWebKit/537.36 (KHTML, like Gecko; compatible; GPTBot/1.3; +https://openai.com/gptbot)"
52.54.95.127 - - [12/May/2026:06:57:36 +1000] "GET /wp-json/oembed/1.0/embed?format=xml&url=https://www.coridyan.com/top-sitio-justo-ahi-10-excelentes-casinos-en-internet-mexicanos-sobre-2024/ HTTP/1.1" 200 2150 "-" "Mozilla/5.0 AppleWebKit/537.36 (KHTML, like Gecko; compatible; Amazonbot/0.1; +https://developer.amazon.com/support/amazonbot) Chrome/119.0.6045.214 Safari/537.36"
74.7.242.22 - - [12/May/2026:06:57:37 +1000] "GET /wp-json/oembed/1.0/embed?format=xml&url=https%3A%2F%2Fwww.coridyan.com%2Flive-casino-birthday-bonus-casino-australia%2F HTTP/2" 200 1454 "https://www.coridyan.com/live-casino-birthday-bonus-casino-australia/" "Mozilla/5.0 AppleWebKit/537.36 (KHTML, like Gecko; compatible; GPTBot/1.3; +https://openai.com/gptbot)"
65.108.125.120 - - [12/May/2026:06:57:38 +1000] "GET /questbet-casino-100-free-spins-no-deposit/ HTTP/1.1" 200 40328 "-" "Mozilla/5.0 (compatible; MJ12bot/v1.4.8; http://mj12bot.com/)"
74.7.242.22 - - [12/May/2026:06:57:38 +1000] "GET /wp-json/oembed/1.0/embed?format=xml&url=https%3A%2F%2Fwww.coridyan.com%2Frevolut-casino-high-roller-casino-australia%2F HTTP/2" 200 1469 "https://www.coridyan.com/revolut-casino-high-roller-casino-australia/" "Mozilla/5.0 AppleWebKit/537.36 (KHTML, like Gecko; compatible; GPTBot/1.3; +https://openai.com/gptbot)"
74.7.242.22 - - [12/May/2026:06:57:40 +1000] "GET /wp-json/oembed/1.0/embed?format=xml&url=https%3A%2F%2Fwww.coridyan.com%2Fflexepin-casino-high-roller-casino-australia%2F HTTP/2" 200 1453 "https://www.coridyan.com/flexepin-casino-high-roller-casino-australia/" "Mozilla/5.0 AppleWebKit/537.36 (KHTML, like Gecko; compatible; GPTBot/1.3; +https://openai.com/gptbot)"
74.7.242.22 - - [12/May/2026:06:57:42 +1000] "GET /wp-json/oembed/1.0/embed?format=xml&url=https%3A%2F%2Fwww.coridyan.com%2Fbest-mastercard-casino-vip-casino-australia%2F HTTP/2" 200 1463 "https://www.coridyan.com/best-mastercard-casino-vip-casino-australia/" "Mozilla/5.0 AppleWebKit/537.36 (KHTML, like Gecko; compatible; GPTBot/1.3; +https://openai.com/gptbot)"
3.93.98.99 - - [12/May/2026:06:57:42 +1000] "GET /best-no-deposit-bonus-gambling-enterprise-also-provides-promotions-in-casino-fortune-clock-no-deposit-bonus-codes-the-all-of-us-for-february-2026/ HTTP/1.1" 200 42919 "-" "Mozilla/5.0 AppleWebKit/537.36 (KHTML, like Gecko; compatible; Amazonbot/0.1; +https://developer.amazon.com/support/amazonbot) Chrome/119.0.6045.214 Safari/537.36"
65.108.125.120 - - [12/May/2026:06:57:42 +1000] "GET /rabona-casino-otevrete-sve-moznosti-u-vicerozehlnych-hry/feed/ HTTP/1.1" 200 1010 "-" "Mozilla/5.0 (compatible; MJ12bot/v1.4.8; http://mj12bot.com/)"
74.7.242.22 - - [12/May/2026:06:57:43 +1000] "GET /wp-json/oembed/1.0/embed?format=xml&url=https%3A%2F%2Fwww.coridyan.com%2Fbest-cashtocode-casino-safe-casino-australia%2F HTTP/2" 200 1463 "https://www.coridyan.com/best-cashtocode-casino-safe-casino-australia/" "Mozilla/5.0 AppleWebKit/537.36 (KHTML, like Gecko; compatible; GPTBot/1.3; +https://openai.com/gptbot)"
192.178.4.100 - - [12/May/2026:06:57:42 +1000] "GET /?products/detail/53058772 HTTP/1.1" 200 32131 "-" "Mozilla/5.0 (Linux; Android 6.0.1; Nexus 5X Build/MMB29P) AppleWebKit/537.36 (KHTML, like Gecko) Chrome/147.0.7727.137 Mobile Safari/537.36 (compatible; Googlebot/2.1; +http://www.google.com/bot.html)"
74.7.242.22 - - [12/May/2026:06:57:45 +1000] "GET /wp-json/oembed/1.0/embed?format=xml&url=https%3A%2F%2Fwww.coridyan.com%2Fbest-apple-pay-casino-safe-casino-australia%2F HTTP/2" 200 1471 "https://www.coridyan.com/best-apple-pay-casino-safe-casino-australia/" "Mozilla/5.0 AppleWebKit/537.36 (KHTML, like Gecko; compatible; GPTBot/1.3; +https://openai.com/gptbot)"
3.212.219.113 - - [12/May/2026:06:57:45 +1000] "GET /wp-json/oembed/1.0/embed?format=xml&url=https://www.coridyan.com/better-free-spins-gambling-enterprises-march-2026-no-deposit-harbors-we-lay-you-within-the-demand/ HTTP/1.1" 200 2165 "-" "Mozilla/5.0 AppleWebKit/537.36 (KHTML, like Gecko; compatible; Amazonbot/0.1; +https://developer.amazon.com/support/amazonbot) Chrome/119.0.6045.214 Safari/537.36"
65.108.125.120 - - [12/May/2026:06:57:46 +1000] "GET /raging-rhino-casino-sverige-kronan-100-free-spins-slot-comment/ HTTP/1.1" 200 42650 "-" "Mozilla/5.0 (compatible; MJ12bot/v1.4.8; http://mj12bot.com/)"
74.7.242.22 - - [12/May/2026:06:57:47 +1000] "GET /wp-json/oembed/1.0/embed?format=xml&url=https%3A%2F%2Fwww.coridyan.com%2Fbest-visa-casino-high-roller-casino-australia%2F HTTP/2" 200 1482 "https://www.coridyan.com/best-visa-casino-high-roller-casino-australia/" "Mozilla/5.0 AppleWebKit/537.36 (KHTML, like Gecko; compatible; GPTBot/1.3; +https://openai.com/gptbot)"
74.7.242.22 - - [12/May/2026:06:57:48 +1000] "GET /wp-json/oembed/1.0/embed?format=xml&url=https%3A%2F%2Fwww.coridyan.com%2F200-free-spins-add-card%2F HTTP/2" 200 1442 "https://www.coridyan.com/200-free-spins-add-card/" "Mozilla/5.0 AppleWebKit/537.36 (KHTML, like Gecko; compatible; GPTBot/1.3; +https://openai.com/gptbot)"
74.7.242.22 - - [12/May/2026:06:57:50 +1000] "GET /wp-json/oembed/1.0/embed?format=xml&url=https%3A%2F%2Fwww.coridyan.com%2Fmastercard-casino-cashback-casino-australia%2F HTTP/2" 200 1457 "https://www.coridyan.com/mastercard-casino-cashback-casino-australia/" "Mozilla/5.0 AppleWebKit/537.36 (KHTML, like Gecko; compatible; GPTBot/1.3; +https://openai.com/gptbot)"
65.108.125.120 - - [12/May/2026:06:57:51 +1000] "GET /ramses-book-deluxe-condition-remark-gamomat-100-percent-15-free-no-deposit-casinos-flame-light-slot-server-100-percent-free-demonstration-96-15-rtp-costa-rica/ HTTP/1.1" 200 41620 "-" "Mozilla/5.0 (compatible; MJ12bot/v1.4.8; http://mj12bot.com/)"
192.178.4.100 - - [12/May/2026:06:57:49 +1000] "GET /content.php?product/46517746 HTTP/1.1" 200 28543 "-" "Mozilla/5.0 (Linux; Android 6.0.1; Nexus 5X Build/MMB29P) AppleWebKit/537.36 (KHTML, like Gecko) Chrome/147.0.7727.137 Mobile Safari/537.36 (compatible; GoogleOther)"
57.141.14.30 - - [12/May/2026:06:57:51 +1000] "GET /products/detail/59818771 HTTP/2" 200 137741 "-" "meta-externalagent/1.1 (+https://developers.facebook.com/docs/sharing/webmasters/crawler)"
74.7.242.22 - - [12/May/2026:06:57:52 +1000] "GET /wp-json/oembed/1.0/embed?format=xml&url=https%3A%2F%2Fwww.coridyan.com%2Fplayolg-gambling-enterprise-comment-2026-the-brand-house-of-doom-slot-free-spins-new-og-ontario-casino%2F HTTP/2" 200 1669 "https://www.coridyan.com/playolg-gambling-enterprise-comment-2026-the-brand-house-of-doom-slot-free-spins-new-og-ontario-casino/" "Mozilla/5.0 AppleWebKit/537.36 (KHTML, like Gecko; compatible; GPTBot/1.3; +https://openai.com/gptbot)"
100.28.118.16 - - [12/May/2026:06:57:53 +1000] "GET /wp-json/oembed/1.0/embed?url=https://www.coridyan.com/doar-can-fie-ahi-verifici-istoricul-printre-cauza-prinsoare-s-asemenea-aoleu-pentrutigurile-pentru-cazinouri-telecomanda/ HTTP/1.1" 200 2205 "-" "Mozilla/5.0 AppleWebKit/537.36 (KHTML, like Gecko; compatible; Amazonbot/0.1; +https://developer.amazon.com/support/amazonbot) Chrome/119.0.6045.214 Safari/537.36"
74.7.242.22 - - [12/May/2026:06:57:53 +1000] "GET /wp-json/oembed/1.0/embed?format=xml&url=https%3A%2F%2Fwww.coridyan.com%2Ffree-spins-1000-max-win%2F HTTP/2" 200 1444 "https://www.coridyan.com/free-spins-1000-max-win/" "Mozilla/5.0 AppleWebKit/537.36 (KHTML, like Gecko; compatible; GPTBot/1.3; +https://openai.com/gptbot)"
74.7.242.22 - - [12/May/2026:06:57:55 +1000] "GET /wp-json/oembed/1.0/embed?format=xml&url=https%3A%2F%2Fwww.coridyan.com%2Fball-drop-casino%2F HTTP/2" 200 1453 "https://www.coridyan.com/ball-drop-casino/" "Mozilla/5.0 AppleWebKit/537.36 (KHTML, like Gecko; compatible; GPTBot/1.3; +https://openai.com/gptbot)"
65.108.125.120 - - [12/May/2026:06:57:55 +1000] "GET /raya-evolution-juegos-sobre-150-resident-play-de-tragamonedas-por-dinero-opciones-viking-age-casino/feed/ HTTP/1.1" 200 1021 "-" "Mozilla/5.0 (compatible; MJ12bot/v1.4.8; http://mj12bot.com/)"
74.7.242.22 - - [12/May/2026:06:57:57 +1000] "GET /wp-json/oembed/1.0/embed?format=xml&url=https%3A%2F%2Fwww.coridyan.com%2Fnon-betstop-bingo%2F HTTP/2" 200 22 "https://www.coridyan.com/non-betstop-bingo/" "Mozilla/5.0 AppleWebKit/537.36 (KHTML, like Gecko; compatible; GPTBot/1.3; +https://openai.com/gptbot)"
57.141.14.22 - - [12/May/2026:06:57:56 +1000] "GET /products/detail/60788053 HTTP/2" 200 137741 "-" "meta-externalagent/1.1 (+https://developers.facebook.com/docs/sharing/webmasters/crawler)"
52.200.251.20 - - [12/May/2026:06:57:57 +1000] "GET /finest-australian-online-ganesha-gold-bonus-pokies-crazy-wolf-pack-position-for-actual-money-february-2026/feed/ HTTP/1.1" 200 1032 "-" "Mozilla/5.0 AppleWebKit/537.36 (KHTML, like Gecko; compatible; Amazonbot/0.1; +https://developer.amazon.com/support/amazonbot) Chrome/119.0.6045.214 Safari/537.36"
74.7.242.22 - - [12/May/2026:06:57:57 +1000] "GET /wp-json/oembed/1.0/embed?format=xml&url=https%3A%2F%2Fwww.coridyan.com%2Fcraps-for-dummies%2F HTTP/2" 200 1443 "https://www.coridyan.com/craps-for-dummies/" "Mozilla/5.0 AppleWebKit/537.36 (KHTML, like Gecko; compatible; GPTBot/1.3; +https://openai.com/gptbot)"
74.7.242.22 - - [12/May/2026:06:57:59 +1000] "GET /wp-json/oembed/1.0/embed?format=xml&url=https%3A%2F%2Fwww.coridyan.com%2F0-deposit-casino%2F HTTP/2" 200 1440 "https://www.coridyan.com/0-deposit-casino/" "Mozilla/5.0 AppleWebKit/537.36 (KHTML, like Gecko; compatible; GPTBot/1.3; +https://openai.com/gptbot)"
65.108.125.120 - - [12/May/2026:06:57:59 +1000] "GET /readybet-casino-real-money-pokies-au/ HTTP/1.1" 200 40814 "-" "Mozilla/5.0 (compatible; MJ12bot/v1.4.8; http://mj12bot.com/)"
74.7.242.22 - - [12/May/2026:06:58:01 +1000] "GET /wp-json/oembed/1.0/embed?format=xml&url=https%3A%2F%2Fwww.coridyan.com%2Fcasino-live-app%2F HTTP/2" 200 1462 "https://www.coridyan.com/casino-live-app/" "Mozilla/5.0 AppleWebKit/537.36 (KHTML, like Gecko; compatible; GPTBot/1.3; +https://openai.com/gptbot)"
44.221.180.179 - - [12/May/2026:06:58:01 +1000] "GET /wp-json/wp/v2/posts/13554 HTTP/1.1" 200 8657 "-" "Mozilla/5.0 AppleWebKit/537.36 (KHTML, like Gecko; compatible; Amazonbot/0.1; +https://developer.amazon.com/support/amazonbot) Chrome/119.0.6045.214 Safari/537.36"
74.7.242.22 - - [12/May/2026:06:58:02 +1000] "GET /wp-json/oembed/1.0/embed?format=xml&url=https%3A%2F%2Fwww.coridyan.com%2Fbest-tron-casinos%2F HTTP/2" 200 1450 "https://www.coridyan.com/best-tron-casinos/" "Mozilla/5.0 AppleWebKit/537.36 (KHTML, like Gecko; compatible; GPTBot/1.3; +https://openai.com/gptbot)"
52.71.46.142 - - [12/May/2026:06:58:03 +1000] "GET /wp-json/oembed/1.0/embed?format=xml&url=https://www.coridyan.com/uitgelezene-fre-spins-kloosterzuster-deposito-bonussen-superman-casino-nederland-lentemaand-2026/ HTTP/1.1" 200 2149 "-" "Mozilla/5.0 AppleWebKit/537.36 (KHTML, like Gecko; compatible; Amazonbot/0.1; +https://developer.amazon.com/support/amazonbot) Chrome/119.0.6045.214 Safari/537.36"
74.7.242.22 - - [12/May/2026:06:58:04 +1000] "GET /wp-json/oembed/1.0/embed?format=xml&url=https%3A%2F%2Fwww.coridyan.com%2F1c-deposit-casino%2F HTTP/2" 200 1443 "https://www.coridyan.com/1c-deposit-casino/" "Mozilla/5.0 AppleWebKit/537.36 (KHTML, like Gecko; compatible; GPTBot/1.3; +https://openai.com/gptbot)"
65.108.125.120 - - [12/May/2026:06:58:04 +1000] "GET /real-cash-social-gambling-enterprises-taking-the-us-because-of-neteller-casino-mobile-slots-the-storm/ HTTP/1.1" 200 42834 "-" "Mozilla/5.0 (compatible; MJ12bot/v1.4.8; http://mj12bot.com/)"
74.7.242.22 - - [12/May/2026:06:58:06 +1000] "GET /wp-json/oembed/1.0/embed?format=xml&url=https%3A%2F%2Fwww.coridyan.com%2Freal-online-craps%2F HTTP/2" 200 1458 "https://www.coridyan.com/real-online-craps/" "Mozilla/5.0 AppleWebKit/537.36 (KHTML, like Gecko; compatible; GPTBot/1.3; +https://openai.com/gptbot)"
34.192.125.239 - - [12/May/2026:06:58:06 +1000] "GET /free-online-pokies-nz-2026-gamble-17000-50x-poker-play-online-real-money-harbors-for-free/ HTTP/1.1" 200 42487 "-" "Mozilla/5.0 AppleWebKit/537.36 (KHTML, like Gecko; compatible; Amazonbot/0.1; +https://developer.amazon.com/support/amazonbot) Chrome/119.0.6045.214 Safari/537.36"
74.7.242.22 - - [12/May/2026:06:58:07 +1000] "GET /wp-json/oembed/1.0/embed?format=xml&url=https%3A%2F%2Fwww.coridyan.com%2Fhot-online-slots%2F HTTP/2" 200 1440 "https://www.coridyan.com/hot-online-slots/" "Mozilla/5.0 AppleWebKit/537.36 (KHTML, like Gecko; compatible; GPTBot/1.3; +https://openai.com/gptbot)"
74.7.242.22 - - [12/May/2026:06:58:09 +1000] "GET /wp-json/oembed/1.0/embed?format=xml&url=https%3A%2F%2Fwww.coridyan.com%2Fbingo-in-watford%2F HTTP/2" 200 22 "https://www.coridyan.com/bingo-in-watford/" "Mozilla/5.0 AppleWebKit/537.36 (KHTML, like Gecko; compatible; GPTBot/1.3; +https://openai.com/gptbot)"
65.108.125.120 - - [12/May/2026:06:58:08 +1000] "GET /real-money-keno-casino-sites/ HTTP/1.1" 200 40396 "-" "Mozilla/5.0 (compatible; MJ12bot/v1.4.8; http://mj12bot.com/)"
3.216.86.144 - - [12/May/2026:06:58:09 +1000] "GET /finest-internet-mr-bet-bonus-casino-australia-2026-best-real-money-pokies-internet-sites-to-possess-prompt-spend-outs-on-line-casino-australia/ HTTP/1.1" 200 42764 "-" "Mozilla/5.0 AppleWebKit/537.36 (KHTML, like Gecko; compatible; Amazonbot/0.1; +https://developer.amazon.com/support/amazonbot) Chrome/119.0.6045.214 Safari/537.36"
74.7.242.22 - - [12/May/2026:06:58:10 +1000] "GET /wp-json/oembed/1.0/embed?format=xml&url=https%3A%2F%2Fwww.coridyan.com%2Fonline-casino-api%2F HTTP/2" 200 1452 "https://www.coridyan.com/online-casino-api/" "Mozilla/5.0 AppleWebKit/537.36 (KHTML, like Gecko; compatible; GPTBot/1.3; +https://openai.com/gptbot)"
74.7.242.22 - - [12/May/2026:06:58:11 +1000] "GET /wp-json/oembed/1.0/embed?format=xml&url=https%3A%2F%2Fwww.coridyan.com%2Fonline-slots-faq%2F HTTP/2" 200 1452 "https://www.coridyan.com/online-slots-faq/" "Mozilla/5.0 AppleWebKit/537.36 (KHTML, like Gecko; compatible; GPTBot/1.3; +https://openai.com/gptbot)"
192.178.4.102 - - [12/May/2026:06:58:10 +1000] "GET /?products/detail/55082035 HTTP/1.1" 200 32808 "-" "Mozilla/5.0 (Linux; Android 6.0.1; Nexus 5X Build/MMB29P) AppleWebKit/537.36 (KHTML, like Gecko) Chrome/147.0.7727.137 Mobile Safari/537.36 (compatible; Googlebot/2.1; +http://www.google.com/bot.html)"
3.94.156.104 - - [12/May/2026:06:58:12 +1000] "GET /pass-away-angeschlossen-casinos-angebot-50-freispiele-blos-einzahlung-an/ HTTP/1.1" 200 40523 "-" "Mozilla/5.0 AppleWebKit/537.36 (KHTML, like Gecko; compatible; Amazonbot/0.1; +https://developer.amazon.com/support/amazonbot) Chrome/119.0.6045.214 Safari/537.36"
74.7.242.22 - - [12/May/2026:06:58:13 +1000] "GET /wp-json/oembed/1.0/embed?format=xml&url=https%3A%2F%2Fwww.coridyan.com%2Fphone-casino-free%2F HTTP/2" 200 1476 "https://www.coridyan.com/phone-casino-free/" "Mozilla/5.0 AppleWebKit/537.36 (KHTML, like Gecko; compatible; GPTBot/1.3; +https://openai.com/gptbot)"
65.108.125.120 - - [12/May/2026:06:58:12 +1000] "GET /real-money-online-slots-australia/ HTTP/1.1" 200 40832 "-" "Mozilla/5.0 (compatible; MJ12bot/v1.4.8; http://mj12bot.com/)"
74.7.242.22 - - [12/May/2026:06:58:15 +1000] "GET /wp-json/oembed/1.0/embed?format=xml&url=https%3A%2F%2Fwww.coridyan.com%2Fcasino-free-gifts%2F HTTP/2" 200 1460 "https://www.coridyan.com/casino-free-gifts/" "Mozilla/5.0 AppleWebKit/537.36 (KHTML, like Gecko; compatible; GPTBot/1.3; +https://openai.com/gptbot)"
3.215.59.93 - - [12/May/2026:06:58:16 +1000] "GET /casumo-gambling-enterprise-hitman-1-deposit-2023-100-percent-free-gambling-enterprise-incentive-with-no-deposit-required-2026/feed/ HTTP/1.1" 200 1027 "-" "Mozilla/5.0 AppleWebKit/537.36 (KHTML, like Gecko; compatible; Amazonbot/0.1; +https://developer.amazon.com/support/amazonbot) Chrome/119.0.6045.214 Safari/537.36"
74.7.242.22 - - [12/May/2026:06:58:16 +1000] "GET /wp-json/oembed/1.0/embed?format=xml&url=https%3A%2F%2Fwww.coridyan.com%2F2-deposit-casino%2F HTTP/2" 200 1451 "https://www.coridyan.com/2-deposit-casino/" "Mozilla/5.0 AppleWebKit/537.36 (KHTML, like Gecko; compatible; GPTBot/1.3; +https://openai.com/gptbot)"
65.108.125.120 - - [12/May/2026:06:58:17 +1000] "GET /real-time-roulette-on-the-internet-finest-alive-agent-roulette-casinos/feed/ HTTP/1.1" 200 985 "-" "Mozilla/5.0 (compatible; MJ12bot/v1.4.8; http://mj12bot.com/)"
74.7.242.22 - - [12/May/2026:06:58:18 +1000] "GET /wp-json/oembed/1.0/embed?format=xml&url=https%3A%2F%2Fwww.coridyan.com%2Fcasino-spin-slot%2F HTTP/2" 200 1450 "https://www.coridyan.com/casino-spin-slot/" "Mozilla/5.0 AppleWebKit/537.36 (KHTML, like Gecko; compatible; GPTBot/1.3; +https://openai.com/gptbot)"
192.178.4.101 - - [12/May/2026:06:58:17 +1000] "GET /content.php?product/100894042 HTTP/1.1" 200 28798 "-" "Mozilla/5.0 (Linux; Android 6.0.1; Nexus 5X Build/MMB29P) AppleWebKit/537.36 (KHTML, like Gecko) Chrome/147.0.7727.137 Mobile Safari/537.36 (compatible; GoogleOther)"
74.7.242.22 - - [12/May/2026:06:58:19 +1000] "GET /wp-json/oembed/1.0/embed?format=xml&url=https%3A%2F%2Fwww.coridyan.com%2F5-gringo-casino%2F HTTP/2" 200 1430 "https://www.coridyan.com/5-gringo-casino/" "Mozilla/5.0 AppleWebKit/537.36 (KHTML, like Gecko; compatible; GPTBot/1.3; +https://openai.com/gptbot)"
44.221.180.179 - - [12/May/2026:06:58:21 +1000] "GET /wp-json/wp/v2/posts/30071 HTTP/1.1" 200 6184 "-" "Mozilla/5.0 AppleWebKit/537.36 (KHTML, like Gecko; compatible; Amazonbot/0.1; +https://developer.amazon.com/support/amazonbot) Chrome/119.0.6045.214 Safari/537.36"
74.7.242.22 - - [12/May/2026:06:58:21 +1000] "GET /wp-json/oembed/1.0/embed?format=xml&url=https%3A%2F%2Fwww.coridyan.com%2Fkazik-vavada%2F HTTP/2" 200 1980 "https://www.coridyan.com/kazik-vavada/" "Mozilla/5.0 AppleWebKit/537.36 (KHTML, like Gecko; compatible; GPTBot/1.3; +https://openai.com/gptbot)"
65.108.125.120 - - [12/May/2026:06:58:21 +1000] "GET /recenzii-cazinouri-online-bonusuri-ghiduri/ HTTP/1.1" 200 40475 "-" "Mozilla/5.0 (compatible; MJ12bot/v1.4.8; http://mj12bot.com/)"
74.7.242.22 - - [12/May/2026:06:58:23 +1000] "GET /wp-json/oembed/1.0/embed?format=xml&url=https%3A%2F%2Fwww.coridyan.com%2Ffree-keno-online%2F HTTP/2" 200 1449 "https://www.coridyan.com/free-keno-online/" "Mozilla/5.0 AppleWebKit/537.36 (KHTML, like Gecko; compatible; GPTBot/1.3; +https://openai.com/gptbot)"
74.7.242.22 - - [12/May/2026:06:58:25 +1000] "GET /wp-json/oembed/1.0/embed?format=xml&url=https%3A%2F%2Fwww.coridyan.com%2Freal-live-casino%2F HTTP/2" 200 1447 "https://www.coridyan.com/real-live-casino/" "Mozilla/5.0 AppleWebKit/537.36 (KHTML, like Gecko; compatible; GPTBot/1.3; +https://openai.com/gptbot)"
44.197.76.210 - - [12/May/2026:06:58:25 +1000] "GET /wp-json/oembed/1.0/embed?url=https://www.coridyan.com/genshin-feeling-gladiators-finale-set-finest-characters-artifact-publication/ HTTP/1.1" 200 2099 "-" "Mozilla/5.0 AppleWebKit/537.36 (KHTML, like Gecko; compatible; Amazonbot/0.1; +https://developer.amazon.com/support/amazonbot) Chrome/119.0.6045.214 Safari/537.36"
65.108.125.120 - - [12/May/2026:06:58:25 +1000] "GET /reputation-und-bewertung-von-online-casinos-ein-leitfaden-fur-verantwortungsbewusstes-spielen/ HTTP/1.1" 200 42120 "-" "Mozilla/5.0 (compatible; MJ12bot/v1.4.8; http://mj12bot.com/)"
74.7.242.22 - - [12/May/2026:06:58:26 +1000] "GET /wp-json/oembed/1.0/embed?format=xml&url=https%3A%2F%2Fwww.coridyan.com%2Ffree-keno-games%2F HTTP/2" 200 1452 "https://www.coridyan.com/free-keno-games/" "Mozilla/5.0 AppleWebKit/537.36 (KHTML, like Gecko; compatible; GPTBot/1.3; +https://openai.com/gptbot)"
74.7.242.22 - - [12/May/2026:06:58:28 +1000] "GET /wp-json/oembed/1.0/embed?format=xml&url=https%3A%2F%2Fwww.coridyan.com%2Fbest-vip-casino%2F HTTP/2" 200 1452 "https://www.coridyan.com/best-vip-casino/" "Mozilla/5.0 AppleWebKit/537.36 (KHTML, like Gecko; compatible; GPTBot/1.3; +https://openai.com/gptbot)"
57.141.14.15 - - [12/May/2026:06:58:29 +1000] "GET /products/detail/67974607 HTTP/2" 200 137741 "-" "meta-externalagent/1.1 (+https://developers.facebook.com/docs/sharing/webmasters/crawler)"
74.7.242.22 - - [12/May/2026:06:58:30 +1000] "GET /wp-json/oembed/1.0/embed?format=xml&url=https%3A%2F%2Fwww.coridyan.com%2Fcasino-slot-apk%2F HTTP/2" 200 1451 "https://www.coridyan.com/casino-slot-apk/" "Mozilla/5.0 AppleWebKit/537.36 (KHTML, like Gecko; compatible; GPTBot/1.3; +https://openai.com/gptbot)"
209.50.170.169 - - [12/May/2026:06:58:27 +1000] "POST /xmlrpc.php HTTP/1.1" 200 697 "-" "Python-xmlrpc/3.11"
65.108.125.120 - - [12/May/2026:06:58:30 +1000] "GET /revolut-casino-no-deposit-bonus-australia/ HTTP/1.1" 200 40436 "-" "Mozilla/5.0 (compatible; MJ12bot/v1.4.8; http://mj12bot.com/)"
3.229.164.203 - - [12/May/2026:06:58:30 +1000] "GET /wp-json/oembed/1.0/embed?url=https://www.coridyan.com/top-ranked-150-free-spins-no-deposit-casinos-south-africa/ HTTP/1.1" 200 2065 "-" "Mozilla/5.0 AppleWebKit/537.36 (KHTML, like Gecko; compatible; Amazonbot/0.1; +https://developer.amazon.com/support/amazonbot) Chrome/119.0.6045.214 Safari/537.36"
209.50.170.169 - - [12/May/2026:06:58:32 +1000] "POST /xmlrpc.php HTTP/1.1" 200 3469 "-" "Python-xmlrpc/3.11"
74.7.242.22 - - [12/May/2026:06:58:32 +1000] "GET /wp-json/oembed/1.0/embed?format=xml&url=https%3A%2F%2Fwww.coridyan.com%2F1-verywell-casino%2F HTTP/2" 200 1440 "https://www.coridyan.com/1-verywell-casino/" "Mozilla/5.0 AppleWebKit/537.36 (KHTML, like Gecko; compatible; GPTBot/1.3; +https://openai.com/gptbot)"
111.67.29.221 - - [12/May/2026:06:58:32 +1000] "POST /wp-cron.php?doing_wp_cron=1778533112.4155569076538085937500 HTTP/1.1" 200 445 "https://www.coridyan.com/wp-cron.php?doing_wp_cron=1778533112.4155569076538085937500" "WordPress/6.0.11; https://www.coridyan.com"
57.141.14.84 - - [12/May/2026:06:58:31 +1000] "GET /products/detail/64174870 HTTP/2" 200 137741 "-" "meta-externalagent/1.1 (+https://developers.facebook.com/docs/sharing/webmasters/crawler)"
74.7.242.22 - - [12/May/2026:06:58:33 +1000] "GET /wp-json/oembed/1.0/embed?format=xml&url=https%3A%2F%2Fwww.coridyan.com%2Ffree-bingo-card%2F HTTP/2" 200 22 "https://www.coridyan.com/free-bingo-card/" "Mozilla/5.0 AppleWebKit/537.36 (KHTML, like Gecko; compatible; GPTBot/1.3; +https://openai.com/gptbot)"
192.178.4.100 - - [12/May/2026:06:58:31 +1000] "GET /?products/detail/57530575 HTTP/1.1" 200 32119 "-" "Mozilla/5.0 (Linux; Android 6.0.1; Nexus 5X Build/MMB29P) AppleWebKit/537.36 (KHTML, like Gecko) Chrome/147.0.7727.137 Mobile Safari/537.36 (compatible; Googlebot/2.1; +http://www.google.com/bot.html)"
192.178.4.100 - - [12/May/2026:06:58:31 +1000] "GET /content.php?product/42378898 HTTP/1.1" 200 28528 "-" "Mozilla/5.0 (Linux; Android 6.0.1; Nexus 5X Build/MMB29P) AppleWebKit/537.36 (KHTML, like Gecko) Chrome/147.0.7727.137 Mobile Safari/537.36 (compatible; GoogleOther)"
34.225.87.80 - - [12/May/2026:06:58:33 +1000] "GET /wp-json/oembed/1.0/embed?format=xml&url=https://www.coridyan.com/por-oportunidad-una-pueblo-de-pamplona-ha-podido-recurrir-en-linea-bonificaciones-de-el-cuota-con-manga-larga-algun-tramite-digital-fabricado-joviales-animsa/ HTTP/1.1" 200 2262 "-" "Mozilla/5.0 AppleWebKit/537.36 (KHTML, like Gecko; compatible; Amazonbot/0.1; +https://developer.amazon.com/support/amazonbot) Chrome/119.0.6045.214 Safari/537.36"
74.7.242.22 - - [12/May/2026:06:58:34 +1000] "GET /wp-json/oembed/1.0/embed?format=xml&url=https%3A%2F%2Fwww.coridyan.com%2Freal-casino-sites%2F HTTP/2" 200 1460 "https://www.coridyan.com/real-casino-sites/" "Mozilla/5.0 AppleWebKit/537.36 (KHTML, like Gecko; compatible; GPTBot/1.3; +https://openai.com/gptbot)"
74.7.242.22 - - [12/May/2026:06:58:36 +1000] "GET /wp-json/oembed/1.0/embed?format=xml&url=https%3A%2F%2Fwww.coridyan.com%2Fbingo-oldham%2F HTTP/2" 200 22 "https://www.coridyan.com/bingo-oldham/" "Mozilla/5.0 AppleWebKit/537.36 (KHTML, like Gecko; compatible; GPTBot/1.3; +https://openai.com/gptbot)"
74.7.242.22 - - [12/May/2026:06:58:37 +1000] "GET /wp-json/oembed/1.0/embed?format=xml&url=https%3A%2F%2Fwww.coridyan.com%2Fhot-online-casino%2F HTTP/2" 200 1458 "https://www.coridyan.com/hot-online-casino/" "Mozilla/5.0 AppleWebKit/537.36 (KHTML, like Gecko; compatible; GPTBot/1.3; +https://openai.com/gptbot)"
57.141.14.37 - - [12/May/2026:06:58:36 +1000] "GET /products/detail/64507906 HTTP/2" 200 137741 "-" "meta-externalagent/1.1 (+https://developers.facebook.com/docs/sharing/webmasters/crawler)"
74.7.242.22 - - [12/May/2026:06:58:38 +1000] "GET /wp-json/oembed/1.0/embed?format=xml&url=https%3A%2F%2Fwww.coridyan.com%2Fcash-slot-casino%2F HTTP/2" 200 1446 "https://www.coridyan.com/cash-slot-casino/" "Mozilla/5.0 AppleWebKit/537.36 (KHTML, like Gecko; compatible; GPTBot/1.3; +https://openai.com/gptbot)"
65.108.125.120 - - [12/May/2026:06:58:34 +1000] "GET /rischi-e-vantaggi-dei-migliori-casino-non-aams-guida-alla-scelta-del-sito-adatto-a-te-11/feed/ HTTP/1.1" 200 1020 "-" "Mozilla/5.0 (compatible; MJ12bot/v1.4.8; http://mj12bot.com/)"
74.7.242.22 - - [12/May/2026:06:58:40 +1000] "GET /wp-json/oembed/1.0/embed?format=xml&url=https%3A%2F%2Fwww.coridyan.com%2F1c-online-slots%2F HTTP/2" 200 1457 "https://www.coridyan.com/1c-online-slots/" "Mozilla/5.0 AppleWebKit/537.36 (KHTML, like Gecko; compatible; GPTBot/1.3; +https://openai.com/gptbot)"
34.233.219.155 - - [12/May/2026:06:58:38 +1000] "GET /europes-most-private-personal-members-nightclubs/feed/ HTTP/1.1" 200 978 "-" "Mozilla/5.0 AppleWebKit/537.36 (KHTML, like Gecko; compatible; Amazonbot/0.1; +https://developer.amazon.com/support/amazonbot) Chrome/119.0.6045.214 Safari/537.36"
18.211.39.188 - - [12/May/2026:06:58:41 +1000] "GET /fairy-farm-2024-agradavel-aparelho-da-pintura-mais-lucrativa/feed/ HTTP/1.1" 200 985 "-" "Mozilla/5.0 AppleWebKit/537.36 (KHTML, like Gecko; compatible; Amazonbot/0.1; +https://developer.amazon.com/support/amazonbot) Chrome/119.0.6045.214 Safari/537.36"
74.7.242.22 - - [12/May/2026:06:58:42 +1000] "GET /wp-json/oembed/1.0/embed?format=xml&url=https%3A%2F%2Fwww.coridyan.com%2Fcasino-slot-bank%2F HTTP/2" 200 1472 "https://www.coridyan.com/casino-slot-bank/" "Mozilla/5.0 AppleWebKit/537.36 (KHTML, like Gecko; compatible; GPTBot/1.3; +https://openai.com/gptbot)"
192.178.4.100 - - [12/May/2026:06:58:42 +1000] "GET /content.php?product/65985106 HTTP/1.1" 200 28487 "-" "Mozilla/5.0 (Linux; Android 6.0.1; Nexus 5X Build/MMB29P) AppleWebKit/537.36 (KHTML, like Gecko) Chrome/147.0.7727.137 Mobile Safari/537.36 (compatible; GoogleOther)"
74.7.242.22 - - [12/May/2026:06:58:44 +1000] "GET /wp-json/oembed/1.0/embed?format=xml&url=https%3A%2F%2Fwww.coridyan.com%2Fbest-onlin-casino%2F HTTP/2" 200 1459 "https://www.coridyan.com/best-onlin-casino/" "Mozilla/5.0 AppleWebKit/537.36 (KHTML, like Gecko; compatible; GPTBot/1.3; +https://openai.com/gptbot)"
65.108.125.120 - - [12/May/2026:06:58:44 +1000] "GET /robot-trzydziesci-gratisowych-spinow-pompeii-pirate-golden-age-mummy-kasyna-online-darmowa-gra-oraz-opinie-2024/feed/ HTTP/1.1" 200 1048 "-" "Mozilla/5.0 (compatible; MJ12bot/v1.4.8; http://mj12bot.com/)"
98.84.184.80 - - [12/May/2026:06:58:44 +1000] "GET /wp-json/oembed/1.0/embed?format=xml&url=https://www.coridyan.com/pounds-santa-i24slot-ireland-bonuses-opinion-information/ HTTP/1.1" 200 2065 "-" "Mozilla/5.0 AppleWebKit/537.36 (KHTML, like Gecko; compatible; Amazonbot/0.1; +https://developer.amazon.com/support/amazonbot) Chrome/119.0.6045.214 Safari/537.36"
74.7.242.22 - - [12/May/2026:06:58:45 +1000] "GET /wp-json/oembed/1.0/embed?format=xml&url=https%3A%2F%2Fwww.coridyan.com%2Fipad-casino-sites%2F HTTP/2" 200 1448 "https://www.coridyan.com/ipad-casino-sites/" "Mozilla/5.0 AppleWebKit/537.36 (KHTML, like Gecko; compatible; GPTBot/1.3; +https://openai.com/gptbot)"
74.7.242.22 - - [12/May/2026:06:58:47 +1000] "GET /wp-json/oembed/1.0/embed?format=xml&url=https%3A%2F%2Fwww.coridyan.com%2F1e-deposit-casino%2F HTTP/2" 200 1453 "https://www.coridyan.com/1e-deposit-casino/" "Mozilla/5.0 AppleWebKit/537.36 (KHTML, like Gecko; compatible; GPTBot/1.3; +https://openai.com/gptbot)"
65.108.125.120 - - [12/May/2026:06:58:48 +1000] "GET /rollino-casino-no-deposit-promo-code-au/ HTTP/1.1" 200 40810 "-" "Mozilla/5.0 (compatible; MJ12bot/v1.4.8; http://mj12bot.com/)"
74.7.242.22 - - [12/May/2026:06:58:49 +1000] "GET /wp-json/oembed/1.0/embed?format=xml&url=https%3A%2F%2Fwww.coridyan.com%2Fbest-ideal-casino%2F HTTP/2" 200 1435 "https://www.coridyan.com/best-ideal-casino/" "Mozilla/5.0 AppleWebKit/537.36 (KHTML, like Gecko; compatible; GPTBot/1.3; +https://openai.com/gptbot)"
50.19.221.48 - - [12/May/2026:06:58:49 +1000] "GET /les-differences-parmi-les-slots-classiques-et-video-sur-slotosport-gambling-firestorm-120-free-spins-enterprise/ HTTP/1.1" 200 42468 "-" "Mozilla/5.0 AppleWebKit/537.36 (KHTML, like Gecko; compatible; Amazonbot/0.1; +https://developer.amazon.com/support/amazonbot) Chrome/119.0.6045.214 Safari/537.36"
