216.73.216.86 - - [12/May/2026:05:47:43 +1000] "GET /products/detail/60052078 HTTP/2" 200 35709 "-" "Mozilla/5.0 AppleWebKit/537.36 (KHTML, like Gecko; compatible; ClaudeBot/1.0; +claudebot@anthropic.com)"
185.76.10.140 - admin [12/May/2026:05:47:44 +1000] "POST /xmlrpc.php HTTP/1.1" 200 58397 "-" "Mozilla/5.0 (Windows NT 10.0; Win64; x64) AppleWebKit/537.36 (KHTML, like Gecko) Chrome/131.0.0.0 Safari/537.36"
57.141.14.51 - - [12/May/2026:05:47:44 +1000] "GET /products/detail/63202771 HTTP/2" 200 137741 "-" "meta-externalagent/1.1 (+https://developers.facebook.com/docs/sharing/webmasters/crawler)"
216.73.216.86 - - [12/May/2026:05:47:46 +1000] "GET /products/detail/53299864 HTTP/2" 200 35709 "-" "Mozilla/5.0 AppleWebKit/537.36 (KHTML, like Gecko; compatible; ClaudeBot/1.0; +claudebot@anthropic.com)"
216.73.216.86 - - [12/May/2026:05:47:46 +1000] "GET /products/detail/61852609 HTTP/2" 200 35663 "-" "Mozilla/5.0 AppleWebKit/537.36 (KHTML, like Gecko; compatible; ClaudeBot/1.0; +claudebot@anthropic.com)"
74.7.241.16 - - [12/May/2026:05:47:46 +1000] "GET /wp-json/oembed/1.0/embed?format=xml&url=https%3A%2F%2Fwww.coridyan.com%2Fslot-online-deposit-50-bonus-30%2F HTTP/2" 200 1435 "https://www.coridyan.com/slot-online-deposit-50-bonus-30/" "Mozilla/5.0 AppleWebKit/537.36 (KHTML, like Gecko; compatible; GPTBot/1.3; +https://openai.com/gptbot)"
185.76.10.140 - admin [12/May/2026:05:47:47 +1000] "POST /xmlrpc.php HTTP/1.1" 200 513 "-" "Mozilla/5.0 (Windows NT 10.0; Win64; x64) AppleWebKit/537.36 (KHTML, like Gecko) Chrome/131.0.0.0 Safari/537.36"
216.73.216.86 - - [12/May/2026:05:47:47 +1000] "GET /products/detail/60726520 HTTP/2" 200 35663 "-" "Mozilla/5.0 AppleWebKit/537.36 (KHTML, like Gecko; compatible; ClaudeBot/1.0; +claudebot@anthropic.com)"
111.67.29.221 - - [12/May/2026:05:47:45 +1000] "POST /wp-cron.php?doing_wp_cron=1778528865.1392230987548828125000 HTTP/1.1" 200 445 "https://www.coridyan.com/wp-cron.php?doing_wp_cron=1778528865.1392230987548828125000" "WordPress/6.0.11; https://www.coridyan.com"
74.7.241.16 - - [12/May/2026:05:47:49 +1000] "GET /wp-json/oembed/1.0/embed?format=xml&url=https%3A%2F%2Fwww.coridyan.com%2Fwizard-466-paylines-online-slot-game-away-from-odds-self-help-guide-to-online-casinos-gambling-games%2F HTTP/2" 200 1607 "https://www.coridyan.com/wizard-466-paylines-online-slot-game-away-from-odds-self-help-guide-to-online-casinos-gambling-games/" "Mozilla/5.0 AppleWebKit/537.36 (KHTML, like Gecko; compatible; GPTBot/1.3; +https://openai.com/gptbot)"
216.73.216.86 - - [12/May/2026:05:47:49 +1000] "GET /products/detail/54746929 HTTP/2" 200 35663 "-" "Mozilla/5.0 AppleWebKit/537.36 (KHTML, like Gecko; compatible; ClaudeBot/1.0; +claudebot@anthropic.com)"
216.73.216.86 - - [12/May/2026:05:47:50 +1000] "GET /products/detail/58723012 HTTP/2" 200 35709 "-" "Mozilla/5.0 AppleWebKit/537.36 (KHTML, like Gecko; compatible; ClaudeBot/1.0; +claudebot@anthropic.com)"
216.73.216.86 - - [12/May/2026:05:47:50 +1000] "GET /products/detail/65836702 HTTP/2" 200 35663 "-" "Mozilla/5.0 AppleWebKit/537.36 (KHTML, like Gecko; compatible; ClaudeBot/1.0; +claudebot@anthropic.com)"
216.73.216.86 - - [12/May/2026:05:47:50 +1000] "GET /products/detail/61449580 HTTP/2" 200 35645 "-" "Mozilla/5.0 AppleWebKit/537.36 (KHTML, like Gecko; compatible; ClaudeBot/1.0; +claudebot@anthropic.com)"
57.141.14.6 - - [12/May/2026:05:47:50 +1000] "GET /products/detail/66615589 HTTP/2" 200 137741 "-" "meta-externalagent/1.1 (+https://developers.facebook.com/docs/sharing/webmasters/crawler)"
185.76.10.140 - admin [12/May/2026:05:47:49 +1000] "POST /xmlrpc.php HTTP/1.1" 200 516 "-" "Mozilla/5.0 (Windows NT 10.0; Win64; x64) AppleWebKit/537.36 (KHTML, like Gecko) Chrome/131.0.0.0 Safari/537.36"
74.7.241.16 - - [12/May/2026:05:47:51 +1000] "GET /wp-json/oembed/1.0/embed?format=xml&url=https%3A%2F%2Fwww.coridyan.com%2Fcat-glitter-ports-ports-wager-100-percent-free-today-no-1-deposit-vikings-go-to-hell-down-load-needed%2F HTTP/2" 200 1658 "https://www.coridyan.com/cat-glitter-ports-ports-wager-100-percent-free-today-no-1-deposit-vikings-go-to-hell-down-load-needed/" "Mozilla/5.0 AppleWebKit/537.36 (KHTML, like Gecko; compatible; GPTBot/1.3; +https://openai.com/gptbot)"
216.73.216.86 - - [12/May/2026:05:47:52 +1000] "GET /products/detail/54237358 HTTP/2" 200 35663 "-" "Mozilla/5.0 AppleWebKit/537.36 (KHTML, like Gecko; compatible; ClaudeBot/1.0; +claudebot@anthropic.com)"
216.73.216.86 - - [12/May/2026:05:47:51 +1000] "GET /products/detail/55974313 HTTP/2" 200 13730 "-" "Mozilla/5.0 AppleWebKit/537.36 (KHTML, like Gecko; compatible; ClaudeBot/1.0; +claudebot@anthropic.com)"
216.73.216.86 - - [12/May/2026:05:47:52 +1000] "GET /products/detail/67756969 HTTP/2" 200 35663 "-" "Mozilla/5.0 AppleWebKit/537.36 (KHTML, like Gecko; compatible; ClaudeBot/1.0; +claudebot@anthropic.com)"
216.73.216.86 - - [12/May/2026:05:47:52 +1000] "GET /products/detail/57309526 HTTP/2" 200 35663 "-" "Mozilla/5.0 AppleWebKit/537.36 (KHTML, like Gecko; compatible; ClaudeBot/1.0; +claudebot@anthropic.com)"
216.73.216.86 - - [12/May/2026:05:47:51 +1000] "GET /products/detail/53545618 HTTP/2" 200 30114 "-" "Mozilla/5.0 AppleWebKit/537.36 (KHTML, like Gecko; compatible; ClaudeBot/1.0; +claudebot@anthropic.com)"
216.73.216.86 - - [12/May/2026:05:47:51 +1000] "GET /products/detail/54746083 HTTP/2" 200 35663 "-" "Mozilla/5.0 AppleWebKit/537.36 (KHTML, like Gecko; compatible; ClaudeBot/1.0; +claudebot@anthropic.com)"
216.73.216.86 - - [12/May/2026:05:47:53 +1000] "GET /products/detail/54888274 HTTP/2" 200 35670 "-" "Mozilla/5.0 AppleWebKit/537.36 (KHTML, like Gecko; compatible; ClaudeBot/1.0; +claudebot@anthropic.com)"
111.67.29.221 - - [12/May/2026:05:47:52 +1000] "POST /wp-cron.php?doing_wp_cron=1778528872.8672790527343750000000 HTTP/1.1" 200 445 "https://www.coridyan.com/wp-cron.php?doing_wp_cron=1778528872.8672790527343750000000" "WordPress/6.0.11; https://www.coridyan.com"
216.73.216.86 - - [12/May/2026:05:47:51 +1000] "GET /products/detail/56301211 HTTP/2" 200 35663 "-" "Mozilla/5.0 AppleWebKit/537.36 (KHTML, like Gecko; compatible; ClaudeBot/1.0; +claudebot@anthropic.com)"
185.76.10.140 - admin [12/May/2026:05:47:54 +1000] "POST /xmlrpc.php HTTP/1.1" 200 9367 "-" "Mozilla/5.0 (Windows NT 10.0; Win64; x64) AppleWebKit/537.36 (KHTML, like Gecko) Chrome/131.0.0.0 Safari/537.36"
74.7.241.16 - - [12/May/2026:05:47:54 +1000] "GET /wp-json/oembed/1.0/embed?format=xml&url=https%3A%2F%2Fwww.coridyan.com%2Fcasino-bred-aktiva-uten-gave-2024-100-rabatt%2F HTTP/2" 200 1683 "https://www.coridyan.com/casino-bred-aktiva-uten-gave-2024-100-rabatt/" "Mozilla/5.0 AppleWebKit/537.36 (KHTML, like Gecko; compatible; GPTBot/1.3; +https://openai.com/gptbot)"
200.25.47.105 - - [12/May/2026:05:47:54 +1000] "POST /xmlrpc.php HTTP/1.1" 200 11646 "-" "Mozilla/5.0 (Windows NT 10.0; Win64; x64) AppleWebKit/537.36 (KHTML, like Gecko) Chrome/114.0.0.0 Safari/537.36"
216.73.216.86 - - [12/May/2026:05:47:55 +1000] "GET /products/detail/53480458 HTTP/2" 200 35709 "-" "Mozilla/5.0 AppleWebKit/537.36 (KHTML, like Gecko; compatible; ClaudeBot/1.0; +claudebot@anthropic.com)"
216.73.216.86 - - [12/May/2026:05:47:55 +1000] "GET /products/detail/62330248 HTTP/2" 200 35663 "-" "Mozilla/5.0 AppleWebKit/537.36 (KHTML, like Gecko; compatible; ClaudeBot/1.0; +claudebot@anthropic.com)"
216.73.216.86 - - [12/May/2026:05:47:56 +1000] "GET /products/detail/58634902 HTTP/2" 200 35663 "-" "Mozilla/5.0 AppleWebKit/537.36 (KHTML, like Gecko; compatible; ClaudeBot/1.0; +claudebot@anthropic.com)"
216.73.216.86 - - [12/May/2026:05:47:56 +1000] "GET /products/detail/60717826 HTTP/2" 200 35663 "-" "Mozilla/5.0 AppleWebKit/537.36 (KHTML, like Gecko; compatible; ClaudeBot/1.0; +claudebot@anthropic.com)"
74.7.241.16 - - [12/May/2026:05:47:56 +1000] "GET /wp-json/oembed/1.0/embed?format=xml&url=https%3A%2F%2Fwww.coridyan.com%2F%25D1%2581hainluck-casino-how-to-withdraw-au%2F HTTP/2" 200 1508 "https://www.coridyan.com/%D1%81hainluck-casino-how-to-withdraw-au/" "Mozilla/5.0 AppleWebKit/537.36 (KHTML, like Gecko; compatible; GPTBot/1.3; +https://openai.com/gptbot)"
192.178.4.100 - - [12/May/2026:05:47:55 +1000] "GET /content.php?product/107668498 HTTP/1.1" 200 29160 "-" "Mozilla/5.0 (Linux; Android 6.0.1; Nexus 5X Build/MMB29P) AppleWebKit/537.36 (KHTML, like Gecko) Chrome/147.0.7727.137 Mobile Safari/537.36 (compatible; GoogleOther)"
74.7.241.16 - - [12/May/2026:05:47:58 +1000] "GET /wp-json/oembed/1.0/embed?format=xml&url=https%3A%2F%2Fwww.coridyan.com%2Fnew-bingo-online-australia%2F HTTP/2" 200 22 "https://www.coridyan.com/new-bingo-online-australia/" "Mozilla/5.0 AppleWebKit/537.36 (KHTML, like Gecko; compatible; GPTBot/1.3; +https://openai.com/gptbot)"
216.73.216.86 - - [12/May/2026:05:47:57 +1000] "GET /products/detail/59754178 HTTP/2" 200 35715 "-" "Mozilla/5.0 AppleWebKit/537.36 (KHTML, like Gecko; compatible; ClaudeBot/1.0; +claudebot@anthropic.com)"
216.73.216.86 - - [12/May/2026:05:47:57 +1000] "GET /products/detail/65097703 HTTP/2" 200 35663 "-" "Mozilla/5.0 AppleWebKit/537.36 (KHTML, like Gecko; compatible; ClaudeBot/1.0; +claudebot@anthropic.com)"
216.73.216.86 - - [12/May/2026:05:47:58 +1000] "GET /products/detail/63404668 HTTP/2" 200 35691 "-" "Mozilla/5.0 AppleWebKit/537.36 (KHTML, like Gecko; compatible; ClaudeBot/1.0; +claudebot@anthropic.com)"
216.73.216.86 - - [12/May/2026:05:47:58 +1000] "GET /products/detail/64028935 HTTP/2" 200 35709 "-" "Mozilla/5.0 AppleWebKit/537.36 (KHTML, like Gecko; compatible; ClaudeBot/1.0; +claudebot@anthropic.com)"
216.73.216.86 - - [12/May/2026:05:47:58 +1000] "GET /products/detail/58175641 HTTP/2" 200 35663 "-" "Mozilla/5.0 AppleWebKit/537.36 (KHTML, like Gecko; compatible; ClaudeBot/1.0; +claudebot@anthropic.com)"
74.7.241.16 - - [12/May/2026:05:47:59 +1000] "GET /%22https:/www.coridyan.com/all-slots-australia-casino-download/embed/ HTTP/2" 200 35663 "https://www.coridyan.com/wp-json/oembed/1.0/embed?url=https%3A%2F%2Fwww.coridyan.com%2Fall-slots-australia-casino-download%2F" "Mozilla/5.0 AppleWebKit/537.36 (KHTML, like Gecko; compatible; GPTBot/1.3; +https://openai.com/gptbot)"
216.73.216.86 - - [12/May/2026:05:47:59 +1000] "GET /products/detail/53701759 HTTP/2" 200 35663 "-" "Mozilla/5.0 AppleWebKit/537.36 (KHTML, like Gecko; compatible; ClaudeBot/1.0; +claudebot@anthropic.com)"
216.73.216.86 - - [12/May/2026:05:48:00 +1000] "GET /products/detail/65718595 HTTP/2" 200 35663 "-" "Mozilla/5.0 AppleWebKit/537.36 (KHTML, like Gecko; compatible; ClaudeBot/1.0; +claudebot@anthropic.com)"
200.25.47.105 - - [12/May/2026:05:47:57 +1000] "GET /spadegaming%E3%81%AE%E3%83%88%E3%83%A9%E3%82%A4%E3%82%A2%E3%83%AB%E3%81%A7fafafa%E3%83%9D%E3%82%B8%E3%82%B7%E3%83%A7%E3%83%B3%E3%82%92%E3%82%A4%E3%83%B3%E3%82%BF%E3%83%BC%E3%83%8D%E3%83%83%E3%83%88/ HTTP/1.1" 200 160886 "-" "Mozilla/5.0 (Windows NT 10.0; Win64; x64) AppleWebKit/537.36 (KHTML, like Gecko) Chrome/109.0.0.0 Safari/537.36"
216.73.216.86 - - [12/May/2026:05:48:01 +1000] "GET /products/detail/61802479 HTTP/2" 200 35709 "-" "Mozilla/5.0 AppleWebKit/537.36 (KHTML, like Gecko; compatible; ClaudeBot/1.0; +claudebot@anthropic.com)"
216.73.216.86 - - [12/May/2026:05:48:01 +1000] "GET /products/detail/68079592 HTTP/2" 200 35709 "-" "Mozilla/5.0 AppleWebKit/537.36 (KHTML, like Gecko; compatible; ClaudeBot/1.0; +claudebot@anthropic.com)"
74.7.241.16 - - [12/May/2026:05:48:01 +1000] "GET /wp-json/oembed/1.0/embed?format=xml&url=https%3A%2F%2Fwww.coridyan.com%2Fcasino-games-all-australia%2F HTTP/2" 200 1456 "https://www.coridyan.com/casino-games-all-australia/" "Mozilla/5.0 AppleWebKit/537.36 (KHTML, like Gecko; compatible; GPTBot/1.3; +https://openai.com/gptbot)"
216.73.216.86 - - [12/May/2026:05:48:01 +1000] "GET /products/detail/57900628 HTTP/2" 200 35663 "-" "Mozilla/5.0 AppleWebKit/537.36 (KHTML, like Gecko; compatible; ClaudeBot/1.0; +claudebot@anthropic.com)"
216.73.216.86 - - [12/May/2026:05:48:02 +1000] "GET /products/detail/68175802 HTTP/2" 200 35663 "-" "Mozilla/5.0 AppleWebKit/537.36 (KHTML, like Gecko; compatible; ClaudeBot/1.0; +claudebot@anthropic.com)"
216.73.216.86 - - [12/May/2026:05:48:02 +1000] "GET /products/detail/69310477 HTTP/2" 200 35715 "-" "Mozilla/5.0 AppleWebKit/537.36 (KHTML, like Gecko; compatible; ClaudeBot/1.0; +claudebot@anthropic.com)"
74.7.241.16 - - [12/May/2026:05:48:03 +1000] "GET /%22https:/www.coridyan.com/jingle-winner-local-casino-video-game-comment-betmgm/embed/ HTTP/2" 200 35663 "https://www.coridyan.com/wp-json/oembed/1.0/embed?url=https%3A%2F%2Fwww.coridyan.com%2Fjingle-winner-local-casino-video-game-comment-betmgm%2F" "Mozilla/5.0 AppleWebKit/537.36 (KHTML, like Gecko; compatible; GPTBot/1.3; +https://openai.com/gptbot)"
74.7.241.16 - - [12/May/2026:05:48:06 +1000] "GET /wp-json/oembed/1.0/embed?format=xml&url=https%3A%2F%2Fwww.coridyan.com%2Fbest-paypal-gambling-sites%2F HTTP/2" 200 1472 "https://www.coridyan.com/best-paypal-gambling-sites/" "Mozilla/5.0 AppleWebKit/537.36 (KHTML, like Gecko; compatible; GPTBot/1.3; +https://openai.com/gptbot)"
216.73.216.86 - - [12/May/2026:05:48:06 +1000] "GET /products/detail/57434158 HTTP/2" 200 35663 "-" "Mozilla/5.0 AppleWebKit/537.36 (KHTML, like Gecko; compatible; ClaudeBot/1.0; +claudebot@anthropic.com)"
192.178.4.101 - - [12/May/2026:05:48:05 +1000] "GET /content.php?product/85252282 HTTP/1.1" 200 28076 "-" "Mozilla/5.0 (Linux; Android 6.0.1; Nexus 5X Build/MMB29P) AppleWebKit/537.36 (KHTML, like Gecko) Chrome/147.0.7727.137 Mobile Safari/537.36 (compatible; GoogleOther)"
216.73.216.86 - - [12/May/2026:05:48:06 +1000] "GET /products/detail/60590656 HTTP/2" 200 35697 "-" "Mozilla/5.0 AppleWebKit/537.36 (KHTML, like Gecko; compatible; ClaudeBot/1.0; +claudebot@anthropic.com)"
216.73.216.86 - - [12/May/2026:05:48:06 +1000] "GET /products/detail/63679438 HTTP/2" 200 35709 "-" "Mozilla/5.0 AppleWebKit/537.36 (KHTML, like Gecko; compatible; ClaudeBot/1.0; +claudebot@anthropic.com)"
216.73.216.86 - - [12/May/2026:05:48:06 +1000] "GET /products/detail/65900080 HTTP/2" 200 35663 "-" "Mozilla/5.0 AppleWebKit/537.36 (KHTML, like Gecko; compatible; ClaudeBot/1.0; +claudebot@anthropic.com)"
216.73.216.86 - - [12/May/2026:05:48:06 +1000] "GET /products/detail/68219875 HTTP/2" 200 35621 "-" "Mozilla/5.0 AppleWebKit/537.36 (KHTML, like Gecko; compatible; ClaudeBot/1.0; +claudebot@anthropic.com)"
74.7.241.16 - - [12/May/2026:05:48:08 +1000] "GET /wp-json/oembed/1.0/embed?format=xml&url=https%3A%2F%2Fwww.coridyan.com%2Fbest-quickfire-casino-sites%2F HTTP/2" 200 1464 "https://www.coridyan.com/best-quickfire-casino-sites/" "Mozilla/5.0 AppleWebKit/537.36 (KHTML, like Gecko; compatible; GPTBot/1.3; +https://openai.com/gptbot)"
216.73.216.86 - - [12/May/2026:05:48:09 +1000] "GET /products/detail/64389718 HTTP/2" 200 35663 "-" "Mozilla/5.0 AppleWebKit/537.36 (KHTML, like Gecko; compatible; ClaudeBot/1.0; +claudebot@anthropic.com)"
216.73.216.86 - - [12/May/2026:05:48:09 +1000] "GET /products/detail/69278077 HTTP/2" 200 35663 "-" "Mozilla/5.0 AppleWebKit/537.36 (KHTML, like Gecko; compatible; ClaudeBot/1.0; +claudebot@anthropic.com)"
216.73.216.86 - - [12/May/2026:05:48:09 +1000] "GET /products/detail/60352912 HTTP/2" 200 35663 "-" "Mozilla/5.0 AppleWebKit/537.36 (KHTML, like Gecko; compatible; ClaudeBot/1.0; +claudebot@anthropic.com)"
74.7.241.16 - - [12/May/2026:05:48:10 +1000] "GET /wp-json/oembed/1.0/embed?format=xml&url=https%3A%2F%2Fwww.coridyan.com%2Fblackjack-online-free-money%2F HTTP/2" 200 1493 "https://www.coridyan.com/blackjack-online-free-money/" "Mozilla/5.0 AppleWebKit/537.36 (KHTML, like Gecko; compatible; GPTBot/1.3; +https://openai.com/gptbot)"
57.141.14.74 - - [12/May/2026:05:48:09 +1000] "GET /products/detail/60733801 HTTP/2" 200 137741 "-" "meta-externalagent/1.1 (+https://developers.facebook.com/docs/sharing/webmasters/crawler)"
216.73.216.86 - - [12/May/2026:05:48:09 +1000] "GET /products/detail/59948002 HTTP/2" 200 35663 "-" "Mozilla/5.0 AppleWebKit/537.36 (KHTML, like Gecko; compatible; ClaudeBot/1.0; +claudebot@anthropic.com)"
216.73.216.86 - - [12/May/2026:05:48:09 +1000] "GET /products/detail/60077584 HTTP/2" 200 35663 "-" "Mozilla/5.0 AppleWebKit/537.36 (KHTML, like Gecko; compatible; ClaudeBot/1.0; +claudebot@anthropic.com)"
74.7.241.16 - - [12/May/2026:05:48:11 +1000] "GET /wp-json/oembed/1.0/embed?format=xml&url=https%3A%2F%2Fwww.coridyan.com%2Fsuper-free-bingo-australia%2F HTTP/2" 200 22 "https://www.coridyan.com/super-free-bingo-australia/" "Mozilla/5.0 AppleWebKit/537.36 (KHTML, like Gecko; compatible; GPTBot/1.3; +https://openai.com/gptbot)"
216.73.216.86 - - [12/May/2026:05:48:11 +1000] "GET /products/detail/62869123 HTTP/2" 200 35715 "-" "Mozilla/5.0 AppleWebKit/537.36 (KHTML, like Gecko; compatible; ClaudeBot/1.0; +claudebot@anthropic.com)"
216.73.216.86 - - [12/May/2026:05:48:12 +1000] "GET /products/detail/57409453 HTTP/2" 200 35663 "-" "Mozilla/5.0 AppleWebKit/537.36 (KHTML, like Gecko; compatible; ClaudeBot/1.0; +claudebot@anthropic.com)"
216.73.216.86 - - [12/May/2026:05:48:12 +1000] "GET /products/detail/68854600 HTTP/2" 200 35645 "-" "Mozilla/5.0 AppleWebKit/537.36 (KHTML, like Gecko; compatible; ClaudeBot/1.0; +claudebot@anthropic.com)"
216.73.216.86 - - [12/May/2026:05:48:12 +1000] "GET /products/detail/54280108 HTTP/2" 200 35663 "-" "Mozilla/5.0 AppleWebKit/537.36 (KHTML, like Gecko; compatible; ClaudeBot/1.0; +claudebot@anthropic.com)"
74.7.241.16 - - [12/May/2026:05:48:12 +1000] "GET /wp-json/oembed/1.0/embed?format=xml&url=https%3A%2F%2Fwww.coridyan.com%2Fluogo-clicca-qui-ufficiale%2F HTTP/2" 200 1596 "https://www.coridyan.com/luogo-clicca-qui-ufficiale/" "Mozilla/5.0 AppleWebKit/537.36 (KHTML, like Gecko; compatible; GPTBot/1.3; +https://openai.com/gptbot)"
216.73.216.86 - - [12/May/2026:05:48:14 +1000] "GET /products/detail/69928930 HTTP/2" 200 35663 "-" "Mozilla/5.0 AppleWebKit/537.36 (KHTML, like Gecko; compatible; ClaudeBot/1.0; +claudebot@anthropic.com)"
74.7.241.16 - - [12/May/2026:05:48:14 +1000] "GET /wp-json/oembed/1.0/embed?format=xml&url=https%3A%2F%2Fwww.coridyan.com%2Fnew-modern-slots-australia%2F HTTP/2" 200 1470 "https://www.coridyan.com/new-modern-slots-australia/" "Mozilla/5.0 AppleWebKit/537.36 (KHTML, like Gecko; compatible; GPTBot/1.3; +https://openai.com/gptbot)"
216.73.216.86 - - [12/May/2026:05:48:14 +1000] "GET /products/detail/60943402 HTTP/2" 200 35663 "-" "Mozilla/5.0 AppleWebKit/537.36 (KHTML, like Gecko; compatible; ClaudeBot/1.0; +claudebot@anthropic.com)"
216.73.216.86 - - [12/May/2026:05:48:14 +1000] "GET /products/detail/67898935 HTTP/2" 200 35663 "-" "Mozilla/5.0 AppleWebKit/537.36 (KHTML, like Gecko; compatible; ClaudeBot/1.0; +claudebot@anthropic.com)"
216.73.216.86 - - [12/May/2026:05:48:14 +1000] "GET /products/detail/58965076 HTTP/2" 200 35709 "-" "Mozilla/5.0 AppleWebKit/537.36 (KHTML, like Gecko; compatible; ClaudeBot/1.0; +claudebot@anthropic.com)"
74.7.241.16 - - [12/May/2026:05:48:16 +1000] "GET /wp-json/oembed/1.0/embed?format=xml&url=https%3A%2F%2Fwww.coridyan.com%2Fbest-online-pokies-geelong%2F HTTP/2" 200 1473 "https://www.coridyan.com/best-online-pokies-geelong/" "Mozilla/5.0 AppleWebKit/537.36 (KHTML, like Gecko; compatible; GPTBot/1.3; +https://openai.com/gptbot)"
216.73.216.86 - - [12/May/2026:05:48:16 +1000] "GET /products/detail/54980191 HTTP/2" 200 35709 "-" "Mozilla/5.0 AppleWebKit/537.36 (KHTML, like Gecko; compatible; ClaudeBot/1.0; +claudebot@anthropic.com)"
216.73.216.86 - - [12/May/2026:05:48:16 +1000] "GET /products/detail/70043923 HTTP/2" 200 35715 "-" "Mozilla/5.0 AppleWebKit/537.36 (KHTML, like Gecko; compatible; ClaudeBot/1.0; +claudebot@anthropic.com)"
192.178.4.100 - - [12/May/2026:05:48:16 +1000] "GET /content.php?product/108185482 HTTP/1.1" 200 28214 "-" "Mozilla/5.0 (Linux; Android 6.0.1; Nexus 5X Build/MMB29P) AppleWebKit/537.36 (KHTML, like Gecko) Chrome/147.0.7727.137 Mobile Safari/537.36 (compatible; GoogleOther)"
216.73.216.86 - - [12/May/2026:05:48:17 +1000] "GET /products/detail/55733689 HTTP/2" 200 35663 "-" "Mozilla/5.0 AppleWebKit/537.36 (KHTML, like Gecko; compatible; ClaudeBot/1.0; +claudebot@anthropic.com)"
57.141.14.14 - - [12/May/2026:05:48:16 +1000] "GET /products/detail/60051286 HTTP/2" 200 137741 "-" "meta-externalagent/1.1 (+https://developers.facebook.com/docs/sharing/webmasters/crawler)"
216.73.216.86 - - [12/May/2026:05:48:17 +1000] "GET /products/detail/62376769 HTTP/2" 200 35663 "-" "Mozilla/5.0 AppleWebKit/537.36 (KHTML, like Gecko; compatible; ClaudeBot/1.0; +claudebot@anthropic.com)"
74.7.241.16 - - [12/May/2026:05:48:18 +1000] "GET /wp-json/oembed/1.0/embed?format=xml&url=https%3A%2F%2Fwww.coridyan.com%2Finstant-banking-deposit-casino%2F HTTP/2" 200 1464 "https://www.coridyan.com/instant-banking-deposit-casino/" "Mozilla/5.0 AppleWebKit/537.36 (KHTML, like Gecko; compatible; GPTBot/1.3; +https://openai.com/gptbot)"
216.73.216.86 - - [12/May/2026:05:48:19 +1000] "GET /products/detail/57168523 HTTP/2" 200 35691 "-" "Mozilla/5.0 AppleWebKit/537.36 (KHTML, like Gecko; compatible; ClaudeBot/1.0; +claudebot@anthropic.com)"
216.73.216.86 - - [12/May/2026:05:48:19 +1000] "GET /products/detail/55303471 HTTP/2" 200 35715 "-" "Mozilla/5.0 AppleWebKit/537.36 (KHTML, like Gecko; compatible; ClaudeBot/1.0; +claudebot@anthropic.com)"
216.73.216.86 - - [12/May/2026:05:48:19 +1000] "GET /products/detail/69081022 HTTP/2" 200 35709 "-" "Mozilla/5.0 AppleWebKit/537.36 (KHTML, like Gecko; compatible; ClaudeBot/1.0; +claudebot@anthropic.com)"
74.7.241.16 - - [12/May/2026:05:48:20 +1000] "GET /wp-json/oembed/1.0/embed?format=xml&url=https%3A%2F%2Fwww.coridyan.com%2Flady-luck-pokies-australia%2F HTTP/2" 200 1466 "https://www.coridyan.com/lady-luck-pokies-australia/" "Mozilla/5.0 AppleWebKit/537.36 (KHTML, like Gecko; compatible; GPTBot/1.3; +https://openai.com/gptbot)"
216.73.216.86 - - [12/May/2026:05:48:20 +1000] "GET /products/detail/68936563 HTTP/2" 200 35709 "-" "Mozilla/5.0 AppleWebKit/537.36 (KHTML, like Gecko; compatible; ClaudeBot/1.0; +claudebot@anthropic.com)"
74.7.241.16 - - [12/May/2026:05:48:22 +1000] "GET /wp-json/oembed/1.0/embed?format=xml&url=https%3A%2F%2Fwww.coridyan.com%2Fpower-blackjack-live-australia%2F HTTP/2" 200 1457 "https://www.coridyan.com/power-blackjack-live-australia/" "Mozilla/5.0 AppleWebKit/537.36 (KHTML, like Gecko; compatible; GPTBot/1.3; +https://openai.com/gptbot)"
192.178.4.100 - - [12/May/2026:05:48:20 +1000] "GET /?products/detail/69597928 HTTP/1.1" 200 32443 "-" "Mozilla/5.0 (Linux; Android 6.0.1; Nexus 5X Build/MMB29P) AppleWebKit/537.36 (KHTML, like Gecko) Chrome/147.0.7727.137 Mobile Safari/537.36 (compatible; Googlebot/2.1; +http://www.google.com/bot.html)"
74.7.241.16 - - [12/May/2026:05:48:24 +1000] "GET /wp-json/oembed/1.0/embed?format=xml&url=https%3A%2F%2Fwww.coridyan.com%2Fdeposit-2-pokies-australia%2F HTTP/2" 200 1463 "https://www.coridyan.com/deposit-2-pokies-australia/" "Mozilla/5.0 AppleWebKit/537.36 (KHTML, like Gecko; compatible; GPTBot/1.3; +https://openai.com/gptbot)"
95.111.235.131 - - [12/May/2026:05:48:26 +1000] "GET /wp-admin/css/ HTTP/1.1" 404 1109 "binance.com" "Mozilla/5.0 (Windows NT 10.0; Win64; x64) AppleWebKit/537.36 (KHTML, like Gecko) Chrome/90.0.4430.85 Safari/537.36"
57.141.14.2 - - [12/May/2026:05:48:24 +1000] "GET /products/detail/68335597 HTTP/2" 200 137741 "-" "meta-externalagent/1.1 (+https://developers.facebook.com/docs/sharing/webmasters/crawler)"
74.7.241.16 - - [12/May/2026:05:48:25 +1000] "GET /wp-json/oembed/1.0/embed?format=xml&url=https%3A%2F%2Fwww.coridyan.com%2Fnew-cluster-slots-australia%2F HTTP/2" 200 1449 "https://www.coridyan.com/new-cluster-slots-australia/" "Mozilla/5.0 AppleWebKit/537.36 (KHTML, like Gecko; compatible; GPTBot/1.3; +https://openai.com/gptbot)"
57.141.14.64 - - [12/May/2026:05:48:25 +1000] "GET /products/detail/57220570 HTTP/2" 200 137741 "-" "meta-externalagent/1.1 (+https://developers.facebook.com/docs/sharing/webmasters/crawler)"
216.73.216.86 - - [12/May/2026:05:48:26 +1000] "GET /products/detail/55123597 HTTP/2" 200 35663 "-" "Mozilla/5.0 AppleWebKit/537.36 (KHTML, like Gecko; compatible; ClaudeBot/1.0; +claudebot@anthropic.com)"
216.73.216.86 - - [12/May/2026:05:48:26 +1000] "GET /products/detail/53638237 HTTP/2" 200 35663 "-" "Mozilla/5.0 AppleWebKit/537.36 (KHTML, like Gecko; compatible; ClaudeBot/1.0; +claudebot@anthropic.com)"
216.73.216.86 - - [12/May/2026:05:48:26 +1000] "GET /products/detail/60590215 HTTP/2" 200 35663 "-" "Mozilla/5.0 AppleWebKit/537.36 (KHTML, like Gecko; compatible; ClaudeBot/1.0; +claudebot@anthropic.com)"
216.73.216.86 - - [12/May/2026:05:48:26 +1000] "GET /products/detail/55731295 HTTP/2" 200 35663 "-" "Mozilla/5.0 AppleWebKit/537.36 (KHTML, like Gecko; compatible; ClaudeBot/1.0; +claudebot@anthropic.com)"
74.7.241.16 - - [12/May/2026:05:48:27 +1000] "GET /wp-json/oembed/1.0/embed?format=xml&url=https%3A%2F%2Fwww.coridyan.com%2Fbetblitz-casino-free-spins%2F HTTP/2" 200 1488 "https://www.coridyan.com/betblitz-casino-free-spins/" "Mozilla/5.0 AppleWebKit/537.36 (KHTML, like Gecko; compatible; GPTBot/1.3; +https://openai.com/gptbot)"
216.73.216.86 - - [12/May/2026:05:48:28 +1000] "GET /products/detail/53491609 HTTP/2" 200 35663 "-" "Mozilla/5.0 AppleWebKit/537.36 (KHTML, like Gecko; compatible; ClaudeBot/1.0; +claudebot@anthropic.com)"
57.141.14.92 - - [12/May/2026:05:48:27 +1000] "GET /products/detail/58672882 HTTP/2" 200 137741 "-" "meta-externalagent/1.1 (+https://developers.facebook.com/docs/sharing/webmasters/crawler)"
192.178.4.100 - - [12/May/2026:05:48:26 +1000] "GET /content.php?product/39269578 HTTP/1.1" 200 28005 "-" "Mozilla/5.0 (Linux; Android 6.0.1; Nexus 5X Build/MMB29P) AppleWebKit/537.36 (KHTML, like Gecko) Chrome/147.0.7727.137 Mobile Safari/537.36 (compatible; GoogleOther)"
216.73.216.86 - - [12/May/2026:05:48:29 +1000] "GET /products/detail/60075244 HTTP/2" 200 35663 "-" "Mozilla/5.0 AppleWebKit/537.36 (KHTML, like Gecko; compatible; ClaudeBot/1.0; +claudebot@anthropic.com)"
216.73.216.86 - - [12/May/2026:05:48:29 +1000] "GET /products/detail/62590816 HTTP/2" 200 35663 "-" "Mozilla/5.0 AppleWebKit/537.36 (KHTML, like Gecko; compatible; ClaudeBot/1.0; +claudebot@anthropic.com)"
74.7.241.16 - - [12/May/2026:05:48:29 +1000] "GET /wp-json/oembed/1.0/embed?format=xml&url=https%3A%2F%2Fwww.coridyan.com%2Fonline-casino-blackjack-dealer%2F HTTP/2" 200 1451 "https://www.coridyan.com/online-casino-blackjack-dealer/" "Mozilla/5.0 AppleWebKit/537.36 (KHTML, like Gecko; compatible; GPTBot/1.3; +https://openai.com/gptbot)"
216.73.216.86 - - [12/May/2026:05:48:29 +1000] "GET /products/detail/60926833 HTTP/2" 200 35663 "-" "Mozilla/5.0 AppleWebKit/537.36 (KHTML, like Gecko; compatible; ClaudeBot/1.0; +claudebot@anthropic.com)"
216.73.216.86 - - [12/May/2026:05:48:30 +1000] "GET /products/detail/55448920 HTTP/2" 200 35663 "-" "Mozilla/5.0 AppleWebKit/537.36 (KHTML, like Gecko; compatible; ClaudeBot/1.0; +claudebot@anthropic.com)"
74.7.241.16 - - [12/May/2026:05:48:31 +1000] "GET /wp-json/oembed/1.0/embed?format=xml&url=https%3A%2F%2Fwww.coridyan.com%2Fbest-online-slot-providers%2F HTTP/2" 200 1442 "https://www.coridyan.com/best-online-slot-providers/" "Mozilla/5.0 AppleWebKit/537.36 (KHTML, like Gecko; compatible; GPTBot/1.3; +https://openai.com/gptbot)"
216.73.216.86 - - [12/May/2026:05:48:32 +1000] "GET /products/detail/64192177 HTTP/2" 200 35663 "-" "Mozilla/5.0 AppleWebKit/537.36 (KHTML, like Gecko; compatible; ClaudeBot/1.0; +claudebot@anthropic.com)"
57.141.14.49 - - [12/May/2026:05:48:31 +1000] "GET /products/detail/58940290 HTTP/2" 200 137741 "-" "meta-externalagent/1.1 (+https://developers.facebook.com/docs/sharing/webmasters/crawler)"
216.73.216.86 - - [12/May/2026:05:48:32 +1000] "GET /products/detail/69033070 HTTP/2" 200 35715 "-" "Mozilla/5.0 AppleWebKit/537.36 (KHTML, like Gecko; compatible; ClaudeBot/1.0; +claudebot@anthropic.com)"
74.7.241.16 - - [12/May/2026:05:48:33 +1000] "GET /wp-json/oembed/1.0/embed?format=xml&url=https%3A%2F%2Fwww.coridyan.com%2Fonline-casino-phone-number%2F HTTP/2" 200 1440 "https://www.coridyan.com/online-casino-phone-number/" "Mozilla/5.0 AppleWebKit/537.36 (KHTML, like Gecko; compatible; GPTBot/1.3; +https://openai.com/gptbot)"
216.73.216.86 - - [12/May/2026:05:48:34 +1000] "GET /products/detail/52967908 HTTP/2" 200 35663 "-" "Mozilla/5.0 AppleWebKit/537.36 (KHTML, like Gecko; compatible; ClaudeBot/1.0; +claudebot@anthropic.com)"
216.73.216.86 - - [12/May/2026:05:48:34 +1000] "GET /products/detail/67987351 HTTP/2" 200 35663 "-" "Mozilla/5.0 AppleWebKit/537.36 (KHTML, like Gecko; compatible; ClaudeBot/1.0; +claudebot@anthropic.com)"
74.7.241.16 - - [12/May/2026:05:48:35 +1000] "GET /wp-json/oembed/1.0/embed?format=xml&url=https%3A%2F%2Fwww.coridyan.com%2Fbaccarat-live-dealer-australia%2F HTTP/2" 200 1476 "https://www.coridyan.com/baccarat-live-dealer-australia/" "Mozilla/5.0 AppleWebKit/537.36 (KHTML, like Gecko; compatible; GPTBot/1.3; +https://openai.com/gptbot)"
216.73.216.86 - - [12/May/2026:05:48:36 +1000] "GET /products/detail/64626895 HTTP/2" 200 35645 "-" "Mozilla/5.0 AppleWebKit/537.36 (KHTML, like Gecko; compatible; ClaudeBot/1.0; +claudebot@anthropic.com)"
74.7.241.16 - - [12/May/2026:05:48:36 +1000] "GET /wp-json/oembed/1.0/embed?format=xml&url=https%3A%2F%2Fwww.coridyan.com%2Fblackjack-live-casino-table%2F HTTP/2" 200 1461 "https://www.coridyan.com/blackjack-live-casino-table/" "Mozilla/5.0 AppleWebKit/537.36 (KHTML, like Gecko; compatible; GPTBot/1.3; +https://openai.com/gptbot)"
216.73.216.86 - - [12/May/2026:05:48:37 +1000] "GET /products/detail/64863802 HTTP/2" 200 35663 "-" "Mozilla/5.0 AppleWebKit/537.36 (KHTML, like Gecko; compatible; ClaudeBot/1.0; +claudebot@anthropic.com)"
74.7.241.16 - - [12/May/2026:05:48:38 +1000] "GET /wp-json/oembed/1.0/embed?format=xml&url=https%3A%2F%2Fwww.coridyan.com%2Fbest-upaycard-casino-sites%2F HTTP/2" 200 1452 "https://www.coridyan.com/best-upaycard-casino-sites/" "Mozilla/5.0 AppleWebKit/537.36 (KHTML, like Gecko; compatible; GPTBot/1.3; +https://openai.com/gptbot)"
216.73.216.86 - - [12/May/2026:05:48:38 +1000] "GET /products/detail/59658319 HTTP/2" 200 35645 "-" "Mozilla/5.0 AppleWebKit/537.36 (KHTML, like Gecko; compatible; ClaudeBot/1.0; +claudebot@anthropic.com)"
216.73.216.86 - - [12/May/2026:05:48:39 +1000] "GET /products/detail/64244386 HTTP/2" 200 35663 "-" "Mozilla/5.0 AppleWebKit/537.36 (KHTML, like Gecko; compatible; ClaudeBot/1.0; +claudebot@anthropic.com)"
192.178.4.100 - - [12/May/2026:05:48:37 +1000] "GET /content.php?product/39891058 HTTP/1.1" 200 27922 "-" "Mozilla/5.0 (Linux; Android 6.0.1; Nexus 5X Build/MMB29P) AppleWebKit/537.36 (KHTML, like Gecko) Chrome/147.0.7727.137 Mobile Safari/537.36 (compatible; GoogleOther)"
74.7.241.16 - - [12/May/2026:05:48:40 +1000] "GET /wp-json/oembed/1.0/embed?format=xml&url=https%3A%2F%2Fwww.coridyan.com%2Fbest-free-casino-cocktails%2F HTTP/2" 200 1473 "https://www.coridyan.com/best-free-casino-cocktails/" "Mozilla/5.0 AppleWebKit/537.36 (KHTML, like Gecko; compatible; GPTBot/1.3; +https://openai.com/gptbot)"
216.73.216.86 - - [12/May/2026:05:48:41 +1000] "GET /products/detail/59400145 HTTP/2" 200 35663 "-" "Mozilla/5.0 AppleWebKit/537.36 (KHTML, like Gecko; compatible; ClaudeBot/1.0; +claudebot@anthropic.com)"
216.73.216.86 - - [12/May/2026:05:48:41 +1000] "GET /products/detail/65055169 HTTP/2" 200 35709 "-" "Mozilla/5.0 AppleWebKit/537.36 (KHTML, like Gecko; compatible; ClaudeBot/1.0; +claudebot@anthropic.com)"
74.7.241.16 - - [12/May/2026:05:48:42 +1000] "GET /wp-json/oembed/1.0/embed?format=xml&url=https%3A%2F%2Fwww.coridyan.com%2Fapplication-casino-argent-reel%2F HTTP/2" 200 1472 "https://www.coridyan.com/application-casino-argent-reel/" "Mozilla/5.0 AppleWebKit/537.36 (KHTML, like Gecko; compatible; GPTBot/1.3; +https://openai.com/gptbot)"
57.141.14.7 - - [12/May/2026:05:48:41 +1000] "GET /products/detail/56518903 HTTP/2" 200 137741 "-" "meta-externalagent/1.1 (+https://developers.facebook.com/docs/sharing/webmasters/crawler)"
216.73.216.86 - - [12/May/2026:05:48:43 +1000] "GET /products/detail/64674433 HTTP/2" 200 35663 "-" "Mozilla/5.0 AppleWebKit/537.36 (KHTML, like Gecko; compatible; ClaudeBot/1.0; +claudebot@anthropic.com)"
216.73.216.86 - - [12/May/2026:05:48:43 +1000] "GET /products/detail/63419680 HTTP/2" 200 35663 "-" "Mozilla/5.0 AppleWebKit/537.36 (KHTML, like Gecko; compatible; ClaudeBot/1.0; +claudebot@anthropic.com)"
95.111.235.131 - - [12/May/2026:05:48:43 +1000] "GET /.well-known/ HTTP/1.1" 200 552 "binance.com" "Mozilla/5.0 (Windows NT 10.0; Win64; x64) AppleWebKit/537.36 (KHTML, like Gecko) Chrome/90.0.4430.85 Safari/537.36"
74.7.241.16 - - [12/May/2026:05:48:43 +1000] "GET /wp-json/oembed/1.0/embed?format=xml&url=https%3A%2F%2Fwww.coridyan.com%2Ffree-blackjack-live-dealer%2F HTTP/2" 200 1463 "https://www.coridyan.com/free-blackjack-live-dealer/" "Mozilla/5.0 AppleWebKit/537.36 (KHTML, like Gecko; compatible; GPTBot/1.3; +https://openai.com/gptbot)"
216.73.216.86 - - [12/May/2026:05:48:45 +1000] "GET /products/detail/55891126 HTTP/2" 200 35663 "-" "Mozilla/5.0 AppleWebKit/537.36 (KHTML, like Gecko; compatible; ClaudeBot/1.0; +claudebot@anthropic.com)"
216.73.216.86 - - [12/May/2026:05:48:46 +1000] "GET /products/detail/62802280 HTTP/2" 200 35663 "-" "Mozilla/5.0 AppleWebKit/537.36 (KHTML, like Gecko; compatible; ClaudeBot/1.0; +claudebot@anthropic.com)"
74.7.241.16 - - [12/May/2026:05:48:46 +1000] "GET /wp-json/oembed/1.0/embed?format=xml&url=https%3A%2F%2Fwww.coridyan.com%2Fbest-quickfire-online-slots%2F HTTP/2" 200 1466 "https://www.coridyan.com/best-quickfire-online-slots/" "Mozilla/5.0 AppleWebKit/537.36 (KHTML, like Gecko; compatible; GPTBot/1.3; +https://openai.com/gptbot)"
216.73.216.86 - - [12/May/2026:05:48:47 +1000] "GET /products/detail/64631296 HTTP/2" 200 35663 "-" "Mozilla/5.0 AppleWebKit/537.36 (KHTML, like Gecko; compatible; ClaudeBot/1.0; +claudebot@anthropic.com)"
74.7.241.16 - - [12/May/2026:05:48:48 +1000] "GET /wp-json/oembed/1.0/embed?format=xml&url=https%3A%2F%2Fwww.coridyan.com%2Ftumbling-reels-slots-australia%2F HTTP/2" 200 1473 "https://www.coridyan.com/tumbling-reels-slots-australia/" "Mozilla/5.0 AppleWebKit/537.36 (KHTML, like Gecko; compatible; GPTBot/1.3; +https://openai.com/gptbot)"
216.73.216.86 - - [12/May/2026:05:48:48 +1000] "GET /products/detail/57421963 HTTP/2" 200 35663 "-" "Mozilla/5.0 AppleWebKit/537.36 (KHTML, like Gecko; compatible; ClaudeBot/1.0; +claudebot@anthropic.com)"
74.7.241.16 - - [12/May/2026:05:48:50 +1000] "GET /wp-json/oembed/1.0/embed?format=xml&url=https%3A%2F%2Fwww.coridyan.com%2Fthe-great-australia-casino%2F HTTP/2" 200 1458 "https://www.coridyan.com/the-great-australia-casino/" "Mozilla/5.0 AppleWebKit/537.36 (KHTML, like Gecko; compatible; GPTBot/1.3; +https://openai.com/gptbot)"
216.73.216.86 - - [12/May/2026:05:48:50 +1000] "GET /products/detail/58863358 HTTP/2" 200 35663 "-" "Mozilla/5.0 AppleWebKit/537.36 (KHTML, like Gecko; compatible; ClaudeBot/1.0; +claudebot@anthropic.com)"
216.73.216.86 - - [12/May/2026:05:48:51 +1000] "GET /products/detail/69382837 HTTP/2" 200 35663 "-" "Mozilla/5.0 AppleWebKit/537.36 (KHTML, like Gecko; compatible; ClaudeBot/1.0; +claudebot@anthropic.com)"
74.7.241.16 - - [12/May/2026:05:48:52 +1000] "GET /wp-json/oembed/1.0/embed?format=xml&url=https%3A%2F%2Fwww.coridyan.com%2Fonline-casino-games-rigged%2F HTTP/2" 200 1460 "https://www.coridyan.com/online-casino-games-rigged/" "Mozilla/5.0 AppleWebKit/537.36 (KHTML, like Gecko; compatible; GPTBot/1.3; +https://openai.com/gptbot)"
216.73.216.86 - - [12/May/2026:05:48:52 +1000] "GET /products/detail/64616266 HTTP/2" 200 35663 "-" "Mozilla/5.0 AppleWebKit/537.36 (KHTML, like Gecko; compatible; ClaudeBot/1.0; +claudebot@anthropic.com)"
216.73.216.86 - - [12/May/2026:05:48:52 +1000] "GET /products/detail/66725677 HTTP/2" 200 35709 "-" "Mozilla/5.0 AppleWebKit/537.36 (KHTML, like Gecko; compatible; ClaudeBot/1.0; +claudebot@anthropic.com)"
74.7.241.16 - - [12/May/2026:05:48:54 +1000] "GET /wp-json/oembed/1.0/embed?format=xml&url=https%3A%2F%2Fwww.coridyan.com%2Fmrlucky9-casino-welcome-bonus%2F HTTP/2" 200 1478 "https://www.coridyan.com/mrlucky9-casino-welcome-bonus/" "Mozilla/5.0 AppleWebKit/537.36 (KHTML, like Gecko; compatible; GPTBot/1.3; +https://openai.com/gptbot)"
216.73.216.86 - - [12/May/2026:05:48:55 +1000] "GET /products/detail/58419190 HTTP/2" 200 35663 "-" "Mozilla/5.0 AppleWebKit/537.36 (KHTML, like Gecko; compatible; ClaudeBot/1.0; +claudebot@anthropic.com)"
74.7.241.16 - - [12/May/2026:05:48:56 +1000] "GET /wp-json/oembed/1.0/embed?format=xml&url=https%3A%2F%2Fwww.coridyan.com%2Fnew-fruit-pokies-australia%2F HTTP/2" 200 1452 "https://www.coridyan.com/new-fruit-pokies-australia/" "Mozilla/5.0 AppleWebKit/537.36 (KHTML, like Gecko; compatible; GPTBot/1.3; +https://openai.com/gptbot)"
216.73.216.86 - - [12/May/2026:05:48:56 +1000] "GET /products/detail/65315593 HTTP/2" 200 35663 "-" "Mozilla/5.0 AppleWebKit/537.36 (KHTML, like Gecko; compatible; ClaudeBot/1.0; +claudebot@anthropic.com)"
74.7.241.16 - - [12/May/2026:05:48:58 +1000] "GET /wp-json/oembed/1.0/embed?format=xml&url=https%3A%2F%2Fwww.coridyan.com%2Fvideo-slot-bonus-australia%2F HTTP/2" 200 1475 "https://www.coridyan.com/video-slot-bonus-australia/" "Mozilla/5.0 AppleWebKit/537.36 (KHTML, like Gecko; compatible; GPTBot/1.3; +https://openai.com/gptbot)"
216.73.216.86 - - [12/May/2026:05:48:58 +1000] "GET /products/detail/55572013 HTTP/2" 200 35663 "-" "Mozilla/5.0 AppleWebKit/537.36 (KHTML, like Gecko; compatible; ClaudeBot/1.0; +claudebot@anthropic.com)"
192.178.4.100 - - [12/May/2026:05:48:57 +1000] "GET /content.php?product/55887922 HTTP/1.1" 200 28400 "-" "Mozilla/5.0 (Linux; Android 6.0.1; Nexus 5X Build/MMB29P) AppleWebKit/537.36 (KHTML, like Gecko) Chrome/147.0.7727.137 Mobile Safari/537.36 (compatible; GoogleOther)"
216.73.216.86 - - [12/May/2026:05:48:59 +1000] "GET /products/detail/55679392 HTTP/2" 200 35663 "-" "Mozilla/5.0 AppleWebKit/537.36 (KHTML, like Gecko; compatible; ClaudeBot/1.0; +claudebot@anthropic.com)"
74.7.241.16 - - [12/May/2026:05:49:00 +1000] "GET /wp-json/oembed/1.0/embed?format=xml&url=https%3A%2F%2Fwww.coridyan.com%2Fgambling-without-real-money%2F HTTP/2" 200 1456 "https://www.coridyan.com/gambling-without-real-money/" "Mozilla/5.0 AppleWebKit/537.36 (KHTML, like Gecko; compatible; GPTBot/1.3; +https://openai.com/gptbot)"
216.73.216.86 - - [12/May/2026:05:49:00 +1000] "GET /products/detail/59691646 HTTP/2" 200 35663 "-" "Mozilla/5.0 AppleWebKit/537.36 (KHTML, like Gecko; compatible; ClaudeBot/1.0; +claudebot@anthropic.com)"
74.7.241.16 - - [12/May/2026:05:49:01 +1000] "GET /wp-json/oembed/1.0/embed?format=xml&url=https%3A%2F%2Fwww.coridyan.com%2Freal-gambling-sites-online%2F HTTP/2" 200 1463 "https://www.coridyan.com/real-gambling-sites-online/" "Mozilla/5.0 AppleWebKit/537.36 (KHTML, like Gecko; compatible; GPTBot/1.3; +https://openai.com/gptbot)"
216.73.216.86 - - [12/May/2026:05:49:01 +1000] "GET /products/detail/58501018 HTTP/2" 200 35663 "-" "Mozilla/5.0 AppleWebKit/537.36 (KHTML, like Gecko; compatible; ClaudeBot/1.0; +claudebot@anthropic.com)"
57.141.14.8 - - [12/May/2026:05:49:02 +1000] "GET /products/detail/57085138 HTTP/2" 200 137741 "-" "meta-externalagent/1.1 (+https://developers.facebook.com/docs/sharing/webmasters/crawler)"
216.73.216.86 - - [12/May/2026:05:49:03 +1000] "GET /products/detail/69203539 HTTP/2" 200 35663 "-" "Mozilla/5.0 AppleWebKit/537.36 (KHTML, like Gecko; compatible; ClaudeBot/1.0; +claudebot@anthropic.com)"
95.111.235.131 - - [12/May/2026:05:49:03 +1000] "GET /sites/default/files/ HTTP/1.1" 200 552 "binance.com" "Mozilla/5.0 (Windows NT 10.0; Win64; x64) AppleWebKit/537.36 (KHTML, like Gecko) Chrome/90.0.4430.85 Safari/537.36"
74.7.241.16 - - [12/May/2026:05:49:03 +1000] "GET /wp-json/oembed/1.0/embed?format=xml&url=https%3A%2F%2Fwww.coridyan.com%2Fbritains-got-talent-casino%2F HTTP/2" 200 1465 "https://www.coridyan.com/britains-got-talent-casino/" "Mozilla/5.0 AppleWebKit/537.36 (KHTML, like Gecko; compatible; GPTBot/1.3; +https://openai.com/gptbot)"
216.73.216.86 - - [12/May/2026:05:49:03 +1000] "GET /products/detail/65378962 HTTP/2" 200 35663 "-" "Mozilla/5.0 AppleWebKit/537.36 (KHTML, like Gecko; compatible; ClaudeBot/1.0; +claudebot@anthropic.com)"
216.73.216.86 - - [12/May/2026:05:49:05 +1000] "GET /products/detail/68416786 HTTP/2" 200 35663 "-" "Mozilla/5.0 AppleWebKit/537.36 (KHTML, like Gecko; compatible; ClaudeBot/1.0; +claudebot@anthropic.com)"
74.7.241.16 - - [12/May/2026:05:49:05 +1000] "GET /wp-json/oembed/1.0/embed?format=xml&url=https%3A%2F%2Fwww.coridyan.com%2Fpaypal-and-online-gambling%2F HTTP/2" 200 1472 "https://www.coridyan.com/paypal-and-online-gambling/" "Mozilla/5.0 AppleWebKit/537.36 (KHTML, like Gecko; compatible; GPTBot/1.3; +https://openai.com/gptbot)"
216.73.216.86 - - [12/May/2026:05:49:06 +1000] "GET /products/detail/64867771 HTTP/2" 200 35663 "-" "Mozilla/5.0 AppleWebKit/537.36 (KHTML, like Gecko; compatible; ClaudeBot/1.0; +claudebot@anthropic.com)"
52.167.144.181 - - [12/May/2026:05:49:05 +1000] "GET /products/detail/57654172 HTTP/2" 200 31369 "-" "Mozilla/5.0 AppleWebKit/537.36 (KHTML, like Gecko; compatible; bingbot/2.0; +http://www.bing.com/bingbot.htm) Chrome/116.0.1938.76 Safari/537.36"
74.7.241.16 - - [12/May/2026:05:49:07 +1000] "GET /wp-json/oembed/1.0/embed?format=xml&url=https%3A%2F%2Fwww.coridyan.com%2Fblackjack-casino-house-edge%2F HTTP/2" 200 1452 "https://www.coridyan.com/blackjack-casino-house-edge/" "Mozilla/5.0 AppleWebKit/537.36 (KHTML, like Gecko; compatible; GPTBot/1.3; +https://openai.com/gptbot)"
216.73.216.86 - - [12/May/2026:05:49:08 +1000] "GET /products/detail/59072455 HTTP/2" 200 35663 "-" "Mozilla/5.0 AppleWebKit/537.36 (KHTML, like Gecko; compatible; ClaudeBot/1.0; +claudebot@anthropic.com)"
57.141.14.90 - - [12/May/2026:05:49:07 +1000] "GET /products/detail/61999534 HTTP/2" 200 137741 "-" "meta-externalagent/1.1 (+https://developers.facebook.com/docs/sharing/webmasters/crawler)"
216.73.216.86 - - [12/May/2026:05:49:09 +1000] "GET /products/detail/68137984 HTTP/2" 200 35663 "-" "Mozilla/5.0 AppleWebKit/537.36 (KHTML, like Gecko; compatible; ClaudeBot/1.0; +claudebot@anthropic.com)"
74.7.241.16 - - [12/May/2026:05:49:09 +1000] "GET /wp-json/oembed/1.0/embed?format=xml&url=https%3A%2F%2Fwww.coridyan.com%2Fno-kyc-verification-casino%2F HTTP/2" 200 1476 "https://www.coridyan.com/no-kyc-verification-casino/" "Mozilla/5.0 AppleWebKit/537.36 (KHTML, like Gecko; compatible; GPTBot/1.3; +https://openai.com/gptbot)"
216.73.216.86 - - [12/May/2026:05:49:09 +1000] "GET /products/detail/58319038 HTTP/2" 200 35663 "-" "Mozilla/5.0 AppleWebKit/537.36 (KHTML, like Gecko; compatible; ClaudeBot/1.0; +claudebot@anthropic.com)"
192.178.4.100 - - [12/May/2026:05:49:08 +1000] "GET /content.php?product/58270474 HTTP/1.1" 200 27829 "-" "Mozilla/5.0 (Linux; Android 6.0.1; Nexus 5X Build/MMB29P) AppleWebKit/537.36 (KHTML, like Gecko) Chrome/147.0.7727.137 Mobile Safari/537.36 (compatible; GoogleOther)"
216.73.216.86 - - [12/May/2026:05:49:10 +1000] "GET /products/detail/57410740 HTTP/2" 200 35709 "-" "Mozilla/5.0 AppleWebKit/537.36 (KHTML, like Gecko; compatible; ClaudeBot/1.0; +claudebot@anthropic.com)"
74.7.241.16 - - [12/May/2026:05:49:11 +1000] "GET /wp-json/oembed/1.0/embed?format=xml&url=https%3A%2F%2Fwww.coridyan.com%2Fbest-quickfire-online-casino%2F HTTP/2" 200 1450 "https://www.coridyan.com/best-quickfire-online-casino/" "Mozilla/5.0 AppleWebKit/537.36 (KHTML, like Gecko; compatible; GPTBot/1.3; +https://openai.com/gptbot)"
216.73.216.86 - - [12/May/2026:05:49:11 +1000] "GET /products/detail/59951350 HTTP/2" 200 35663 "-" "Mozilla/5.0 AppleWebKit/537.36 (KHTML, like Gecko; compatible; ClaudeBot/1.0; +claudebot@anthropic.com)"
216.73.216.86 - - [12/May/2026:05:49:11 +1000] "GET /products/detail/56092780 HTTP/2" 200 35663 "-" "Mozilla/5.0 AppleWebKit/537.36 (KHTML, like Gecko; compatible; ClaudeBot/1.0; +claudebot@anthropic.com)"
216.73.216.86 - - [12/May/2026:05:49:12 +1000] "GET /products/detail/70079257 HTTP/2" 200 35663 "-" "Mozilla/5.0 AppleWebKit/537.36 (KHTML, like Gecko; compatible; ClaudeBot/1.0; +claudebot@anthropic.com)"
74.7.241.16 - - [12/May/2026:05:49:13 +1000] "GET /wp-json/oembed/1.0/embed?format=xml&url=https%3A%2F%2Fwww.coridyan.com%2Fgamble-online-with-bitcoin%2F HTTP/2" 200 1455 "https://www.coridyan.com/gamble-online-with-bitcoin/" "Mozilla/5.0 AppleWebKit/537.36 (KHTML, like Gecko; compatible; GPTBot/1.3; +https://openai.com/gptbot)"
192.178.4.100 - - [12/May/2026:05:49:11 +1000] "GET /?products/detail/57469537 HTTP/1.1" 200 32615 "-" "Mozilla/5.0 (Linux; Android 6.0.1; Nexus 5X Build/MMB29P) AppleWebKit/537.36 (KHTML, like Gecko) Chrome/147.0.7727.137 Mobile Safari/537.36 (compatible; Googlebot/2.1; +http://www.google.com/bot.html)"
216.73.216.86 - - [12/May/2026:05:49:13 +1000] "GET /products/detail/59241124 HTTP/2" 200 35663 "-" "Mozilla/5.0 AppleWebKit/537.36 (KHTML, like Gecko; compatible; ClaudeBot/1.0; +claudebot@anthropic.com)"
216.73.216.86 - - [12/May/2026:05:49:14 +1000] "GET /products/detail/56465965 HTTP/2" 200 35663 "-" "Mozilla/5.0 AppleWebKit/537.36 (KHTML, like Gecko; compatible; ClaudeBot/1.0; +claudebot@anthropic.com)"
216.73.216.86 - - [12/May/2026:05:49:14 +1000] "GET /products/detail/65291833 HTTP/2" 200 35663 "-" "Mozilla/5.0 AppleWebKit/537.36 (KHTML, like Gecko; compatible; ClaudeBot/1.0; +claudebot@anthropic.com)"
74.7.241.16 - - [12/May/2026:05:49:14 +1000] "GET /wp-json/oembed/1.0/embed?format=xml&url=https%3A%2F%2Fwww.coridyan.com%2Fnew-viking-slots-australia%2F HTTP/2" 200 1453 "https://www.coridyan.com/new-viking-slots-australia/" "Mozilla/5.0 AppleWebKit/537.36 (KHTML, like Gecko; compatible; GPTBot/1.3; +https://openai.com/gptbot)"
216.73.216.86 - - [12/May/2026:05:49:15 +1000] "GET /products/detail/59039956 HTTP/2" 200 35663 "-" "Mozilla/5.0 AppleWebKit/537.36 (KHTML, like Gecko; compatible; ClaudeBot/1.0; +claudebot@anthropic.com)"
74.7.241.16 - - [12/May/2026:05:49:16 +1000] "GET /wp-json/oembed/1.0/embed?format=xml&url=https%3A%2F%2Fwww.coridyan.com%2Fnew-adventure-slots-australia%2F HTTP/2" 200 1458 "https://www.coridyan.com/new-adventure-slots-australia/" "Mozilla/5.0 AppleWebKit/537.36 (KHTML, like Gecko; compatible; GPTBot/1.3; +https://openai.com/gptbot)"
216.73.216.86 - - [12/May/2026:05:49:16 +1000] "GET /products/detail/57371545 HTTP/2" 200 35663 "-" "Mozilla/5.0 AppleWebKit/537.36 (KHTML, like Gecko; compatible; ClaudeBot/1.0; +claudebot@anthropic.com)"
216.73.216.86 - - [12/May/2026:05:49:16 +1000] "GET /products/detail/64179847 HTTP/2" 200 35663 "-" "Mozilla/5.0 AppleWebKit/537.36 (KHTML, like Gecko; compatible; ClaudeBot/1.0; +claudebot@anthropic.com)"
216.73.216.86 - - [12/May/2026:05:49:18 +1000] "GET /products/detail/60677533 HTTP/2" 200 35663 "-" "Mozilla/5.0 AppleWebKit/537.36 (KHTML, like Gecko; compatible; ClaudeBot/1.0; +claudebot@anthropic.com)"
74.7.241.16 - - [12/May/2026:05:49:18 +1000] "GET /wp-json/oembed/1.0/embed?format=xml&url=https%3A%2F%2Fwww.coridyan.com%2Fonline-casino-glassford-street%2F HTTP/2" 200 1473 "https://www.coridyan.com/online-casino-glassford-street/" "Mozilla/5.0 AppleWebKit/537.36 (KHTML, like Gecko; compatible; GPTBot/1.3; +https://openai.com/gptbot)"
216.73.216.86 - - [12/May/2026:05:49:18 +1000] "GET /products/detail/55936432 HTTP/2" 200 35663 "-" "Mozilla/5.0 AppleWebKit/537.36 (KHTML, like Gecko; compatible; ClaudeBot/1.0; +claudebot@anthropic.com)"
216.73.216.86 - - [12/May/2026:05:49:19 +1000] "GET /products/detail/70037398 HTTP/2" 200 35697 "-" "Mozilla/5.0 AppleWebKit/537.36 (KHTML, like Gecko; compatible; ClaudeBot/1.0; +claudebot@anthropic.com)"
216.73.216.86 - - [12/May/2026:05:49:19 +1000] "GET /products/detail/68888692 HTTP/2" 200 35663 "-" "Mozilla/5.0 AppleWebKit/537.36 (KHTML, like Gecko; compatible; ClaudeBot/1.0; +claudebot@anthropic.com)"
74.7.241.16 - - [12/May/2026:05:49:20 +1000] "GET /wp-json/oembed/1.0/embed?format=xml&url=https%3A%2F%2Fwww.coridyan.com%2Fonline-casino-loyalty-programs%2F HTTP/2" 200 1497 "https://www.coridyan.com/online-casino-loyalty-programs/" "Mozilla/5.0 AppleWebKit/537.36 (KHTML, like Gecko; compatible; GPTBot/1.3; +https://openai.com/gptbot)"
216.73.216.86 - - [12/May/2026:05:49:20 +1000] "GET /products/detail/63181855 HTTP/2" 200 35663 "-" "Mozilla/5.0 AppleWebKit/537.36 (KHTML, like Gecko; compatible; ClaudeBot/1.0; +claudebot@anthropic.com)"
216.73.216.86 - - [12/May/2026:05:49:21 +1000] "GET /products/detail/68393206 HTTP/2" 200 35663 "-" "Mozilla/5.0 AppleWebKit/537.36 (KHTML, like Gecko; compatible; ClaudeBot/1.0; +claudebot@anthropic.com)"
216.73.216.86 - - [12/May/2026:05:49:21 +1000] "GET /products/detail/62004052 HTTP/2" 200 35709 "-" "Mozilla/5.0 AppleWebKit/537.36 (KHTML, like Gecko; compatible; ClaudeBot/1.0; +claudebot@anthropic.com)"
216.73.216.86 - - [12/May/2026:05:49:21 +1000] "GET /products/detail/56442664 HTTP/2" 200 35663 "-" "Mozilla/5.0 AppleWebKit/537.36 (KHTML, like Gecko; compatible; ClaudeBot/1.0; +claudebot@anthropic.com)"
74.7.241.16 - - [12/May/2026:05:49:22 +1000] "GET /wp-json/oembed/1.0/embed?format=xml&url=https%3A%2F%2Fwww.coridyan.com%2Fcasino-blackjack-side-bets%2F HTTP/2" 200 1468 "https://www.coridyan.com/casino-blackjack-side-bets/" "Mozilla/5.0 AppleWebKit/537.36 (KHTML, like Gecko; compatible; GPTBot/1.3; +https://openai.com/gptbot)"
216.73.216.86 - - [12/May/2026:05:49:22 +1000] "GET /products/detail/61145830 HTTP/2" 200 35663 "-" "Mozilla/5.0 AppleWebKit/537.36 (KHTML, like Gecko; compatible; ClaudeBot/1.0; +claudebot@anthropic.com)"
57.141.14.55 - - [12/May/2026:05:49:22 +1000] "GET /products/detail/65691163 HTTP/2" 200 137741 "-" "meta-externalagent/1.1 (+https://developers.facebook.com/docs/sharing/webmasters/crawler)"
216.73.216.86 - - [12/May/2026:05:49:23 +1000] "GET /products/detail/60845824 HTTP/2" 200 35715 "-" "Mozilla/5.0 AppleWebKit/537.36 (KHTML, like Gecko; compatible; ClaudeBot/1.0; +claudebot@anthropic.com)"
