74.7.242.22 - - [12/May/2026:06:58:50 +1000] "GET /wp-json/oembed/1.0/embed?format=xml&url=https%3A%2F%2Fwww.coridyan.com%2Fone-slot-casino%2F HTTP/2" 200 1477 "https://www.coridyan.com/one-slot-casino/" "Mozilla/5.0 AppleWebKit/537.36 (KHTML, like Gecko; compatible; GPTBot/1.3; +https://openai.com/gptbot)"
74.7.242.22 - - [12/May/2026:06:58:52 +1000] "GET /wp-json/oembed/1.0/embed?format=xml&url=https%3A%2F%2Fwww.coridyan.com%2Flive-casino-offer%2F HTTP/2" 200 1440 "https://www.coridyan.com/live-casino-offer/" "Mozilla/5.0 AppleWebKit/537.36 (KHTML, like Gecko; compatible; GPTBot/1.3; +https://openai.com/gptbot)"
65.108.125.120 - - [12/May/2026:06:58:52 +1000] "GET /roulette-un-peu-france-plus-redoutables-salle-de-jeu-avec-columbus-deluxe-150-tours-gratuits-appoint-palpable/ HTTP/1.1" 200 41693 "-" "Mozilla/5.0 (compatible; MJ12bot/v1.4.8; http://mj12bot.com/)"
192.178.4.100 - - [12/May/2026:06:58:51 +1000] "GET /content.php?product/52471642 HTTP/1.1" 200 29098 "-" "Mozilla/5.0 (Linux; Android 6.0.1; Nexus 5X Build/MMB29P) AppleWebKit/537.36 (KHTML, like Gecko) Chrome/147.0.7727.137 Mobile Safari/537.36 (compatible; Googlebot/2.1; +http://www.google.com/bot.html)"
44.212.232.231 - - [12/May/2026:06:58:53 +1000] "GET /indian-dreaming-slot-auswertung-entdecke-unser-ereignis/ HTTP/1.1" 200 41255 "-" "Mozilla/5.0 AppleWebKit/537.36 (KHTML, like Gecko; compatible; Amazonbot/0.1; +https://developer.amazon.com/support/amazonbot) Chrome/119.0.6045.214 Safari/537.36"
192.178.4.100 - - [12/May/2026:06:58:52 +1000] "GET /?products/detail/56752516 HTTP/1.1" 200 34122 "-" "Mozilla/5.0 (Linux; Android 6.0.1; Nexus 5X Build/MMB29P) AppleWebKit/537.36 (KHTML, like Gecko) Chrome/147.0.7727.137 Mobile Safari/537.36 (compatible; Googlebot/2.1; +http://www.google.com/bot.html)"
74.7.242.22 - - [12/May/2026:06:58:54 +1000] "GET /wp-json/oembed/1.0/embed?format=xml&url=https%3A%2F%2Fwww.coridyan.com%2Fphone-casino-site%2F HTTP/2" 200 1444 "https://www.coridyan.com/phone-casino-site/" "Mozilla/5.0 AppleWebKit/537.36 (KHTML, like Gecko; compatible; GPTBot/1.3; +https://openai.com/gptbot)"
57.141.14.108 - - [12/May/2026:06:58:54 +1000] "GET /products/detail/67518550 HTTP/2" 200 137741 "-" "meta-externalagent/1.1 (+https://developers.facebook.com/docs/sharing/webmasters/crawler)"
74.7.242.22 - - [12/May/2026:06:58:55 +1000] "GET /wp-json/oembed/1.0/embed?format=xml&url=https%3A%2F%2Fwww.coridyan.com%2Fbest-sms-casinos%2F HTTP/2" 200 1456 "https://www.coridyan.com/best-sms-casinos/" "Mozilla/5.0 AppleWebKit/537.36 (KHTML, like Gecko; compatible; GPTBot/1.3; +https://openai.com/gptbot)"
52.204.253.129 - - [12/May/2026:06:58:57 +1000] "GET /lemon-casino-kod-promocji-z-brakiem-depozytu-2026-najpozytywniejsze-kody-bonusowe-i-bezplatne-spiny/ HTTP/1.1" 200 42609 "-" "Mozilla/5.0 AppleWebKit/537.36 (KHTML, like Gecko; compatible; Amazonbot/0.1; +https://developer.amazon.com/support/amazonbot) Chrome/119.0.6045.214 Safari/537.36"
74.7.242.22 - - [12/May/2026:06:58:57 +1000] "GET /wp-json/oembed/1.0/embed?format=xml&url=https%3A%2F%2Fwww.coridyan.com%2Feos-casino-sites%2F HTTP/2" 200 1456 "https://www.coridyan.com/eos-casino-sites/" "Mozilla/5.0 AppleWebKit/537.36 (KHTML, like Gecko; compatible; GPTBot/1.3; +https://openai.com/gptbot)"
65.108.125.120 - - [12/May/2026:06:58:57 +1000] "GET /royal-ace-a-canadian-players-guide-to-the-mobile-experience/feed/ HTTP/1.1" 200 992 "-" "Mozilla/5.0 (compatible; MJ12bot/v1.4.8; http://mj12bot.com/)"
74.7.242.22 - - [12/May/2026:06:58:59 +1000] "GET /wp-json/oembed/1.0/embed?format=xml&url=https%3A%2F%2Fwww.coridyan.com%2Freal-casino-app%2F HTTP/2" 200 1446 "https://www.coridyan.com/real-casino-app/" "Mozilla/5.0 AppleWebKit/537.36 (KHTML, like Gecko; compatible; GPTBot/1.3; +https://openai.com/gptbot)"
192.178.4.100 - - [12/May/2026:06:58:59 +1000] "GET /content.php?product/60396274 HTTP/1.1" 200 27521 "-" "Mozilla/5.0 (Linux; Android 6.0.1; Nexus 5X Build/MMB29P) AppleWebKit/537.36 (KHTML, like Gecko) Chrome/147.0.7727.137 Mobile Safari/537.36 (compatible; GoogleOther)"
74.7.242.22 - - [12/May/2026:06:59:00 +1000] "GET /wp-json/oembed/1.0/embed?format=xml&url=https%3A%2F%2Fwww.coridyan.com%2Fnorsk-bibel%2F HTTP/2" 200 1556 "https://www.coridyan.com/norsk-bibel/" "Mozilla/5.0 AppleWebKit/537.36 (KHTML, like Gecko; compatible; GPTBot/1.3; +https://openai.com/gptbot)"
65.108.125.120 - - [12/May/2026:06:59:01 +1000] "GET /running-a-blog-good-to-go-slot-payout-first-of-all-20-tips-to-boost-your-website/feed/ HTTP/1.1" 200 1005 "-" "Mozilla/5.0 (compatible; MJ12bot/v1.4.8; http://mj12bot.com/)"
23.21.175.228 - - [12/May/2026:06:59:01 +1000] "GET /wp-json/oembed/1.0/embed?format=xml&url=https://www.coridyan.com/starburst-netent-position-online-game-enjoy-totally-free-within-50-no-deposit-100-percent-free-revolves-2026-the-fresh-demonstration-mode-ministere-de-la-sante-publique/ HTTP/1.1" 200 2235 "-" "Mozilla/5.0 AppleWebKit/537.36 (KHTML, like Gecko; compatible; Amazonbot/0.1; +https://developer.amazon.com/support/amazonbot) Chrome/119.0.6045.214 Safari/537.36"
74.7.242.22 - - [12/May/2026:06:59:02 +1000] "GET /wp-json/oembed/1.0/embed?format=xml&url=https%3A%2F%2Fwww.coridyan.com%2Fcasino-cash-pot%2F HTTP/2" 200 1437 "https://www.coridyan.com/casino-cash-pot/" "Mozilla/5.0 AppleWebKit/537.36 (KHTML, like Gecko; compatible; GPTBot/1.3; +https://openai.com/gptbot)"
192.178.4.100 - - [12/May/2026:06:59:01 +1000] "GET /?products/detail/68326327 HTTP/1.1" 200 31905 "-" "Mozilla/5.0 (Linux; Android 6.0.1; Nexus 5X Build/MMB29P) AppleWebKit/537.36 (KHTML, like Gecko) Chrome/147.0.7727.137 Mobile Safari/537.36 (compatible; Googlebot/2.1; +http://www.google.com/bot.html)"
74.7.242.22 - - [12/May/2026:06:59:04 +1000] "GET /wp-json/oembed/1.0/embed?format=xml&url=https%3A%2F%2Fwww.coridyan.com%2Fbingo-for-adults%2F HTTP/2" 200 22 "https://www.coridyan.com/bingo-for-adults/" "Mozilla/5.0 AppleWebKit/537.36 (KHTML, like Gecko; compatible; GPTBot/1.3; +https://openai.com/gptbot)"
74.7.242.22 - - [12/May/2026:06:59:04 +1000] "GET /wp-json/oembed/1.0/embed?format=xml&url=https%3A%2F%2Fwww.coridyan.com%2Fvpn-slot-online%2F HTTP/2" 200 1430 "https://www.coridyan.com/vpn-slot-online/" "Mozilla/5.0 AppleWebKit/537.36 (KHTML, like Gecko; compatible; GPTBot/1.3; +https://openai.com/gptbot)"
65.108.125.120 - - [12/May/2026:06:59:05 +1000] "GET /s888-casino-no-deposit-bonus-new-players-au/ HTTP/1.1" 200 40553 "-" "Mozilla/5.0 (compatible; MJ12bot/v1.4.8; http://mj12bot.com/)"
74.7.242.22 - - [12/May/2026:06:59:06 +1000] "GET /wp-json/oembed/1.0/embed?format=xml&url=https%3A%2F%2Fwww.coridyan.com%2Fa1-deposit-casino%2F HTTP/2" 200 1469 "https://www.coridyan.com/a1-deposit-casino/" "Mozilla/5.0 AppleWebKit/537.36 (KHTML, like Gecko; compatible; GPTBot/1.3; +https://openai.com/gptbot)"
74.7.242.22 - - [12/May/2026:06:59:08 +1000] "GET /wp-json/oembed/1.0/embed?format=xml&url=https%3A%2F%2Fwww.coridyan.com%2Fcasino-around-me%2F HTTP/2" 200 1453 "https://www.coridyan.com/casino-around-me/" "Mozilla/5.0 AppleWebKit/537.36 (KHTML, like Gecko; compatible; GPTBot/1.3; +https://openai.com/gptbot)"
44.221.180.179 - - [12/May/2026:06:59:08 +1000] "GET /nettcasino-bonusspor-anerkjent-rebellion-casino-live-palogging-fliper-2025-din-bibel-pr-norske-casino-for-nett/ HTTP/1.1" 200 42346 "-" "Mozilla/5.0 AppleWebKit/537.36 (KHTML, like Gecko; compatible; Amazonbot/0.1; +https://developer.amazon.com/support/amazonbot) Chrome/119.0.6045.214 Safari/537.36"
74.7.242.22 - - [12/May/2026:06:59:09 +1000] "GET /wp-json/oembed/1.0/embed?format=xml&url=https%3A%2F%2Fwww.coridyan.com%2Fbuy-casino-online%2F HTTP/2" 200 1465 "https://www.coridyan.com/buy-casino-online/" "Mozilla/5.0 AppleWebKit/537.36 (KHTML, like Gecko; compatible; GPTBot/1.3; +https://openai.com/gptbot)"
65.108.125.120 - - [12/May/2026:06:59:09 +1000] "GET /s99-casino-au-welcome-bonus/ HTTP/1.1" 200 40683 "-" "Mozilla/5.0 (compatible; MJ12bot/v1.4.8; http://mj12bot.com/)"
74.7.242.22 - - [12/May/2026:06:59:11 +1000] "GET /wp-json/oembed/1.0/embed?format=xml&url=https%3A%2F%2Fwww.coridyan.com%2Ftop-3-blackjack%2F HTTP/2" 200 1465 "https://www.coridyan.com/top-3-blackjack/" "Mozilla/5.0 AppleWebKit/537.36 (KHTML, like Gecko; compatible; GPTBot/1.3; +https://openai.com/gptbot)"
74.7.242.22 - - [12/May/2026:06:59:13 +1000] "GET /wp-json/oembed/1.0/embed?format=xml&url=https%3A%2F%2Fwww.coridyan.com%2F4-deck-blackjack%2F HTTP/2" 200 1468 "https://www.coridyan.com/4-deck-blackjack/" "Mozilla/5.0 AppleWebKit/537.36 (KHTML, like Gecko; compatible; GPTBot/1.3; +https://openai.com/gptbot)"
65.108.125.120 - - [12/May/2026:06:59:14 +1000] "GET /safer-online-game-incentives-money/feed/ HTTP/1.1" 200 960 "-" "Mozilla/5.0 (compatible; MJ12bot/v1.4.8; http://mj12bot.com/)"
74.7.242.22 - - [12/May/2026:06:59:14 +1000] "GET /wp-json/oembed/1.0/embed?format=xml&url=https%3A%2F%2Fwww.coridyan.com%2F5e-deposit-casino%2F HTTP/2" 200 1458 "https://www.coridyan.com/5e-deposit-casino/" "Mozilla/5.0 AppleWebKit/537.36 (KHTML, like Gecko; compatible; GPTBot/1.3; +https://openai.com/gptbot)"
98.83.177.42 - - [12/May/2026:06:59:15 +1000] "GET /wp-json/wp/v2/posts/14607 HTTP/1.1" 200 8301 "-" "Mozilla/5.0 AppleWebKit/537.36 (KHTML, like Gecko; compatible; Amazonbot/0.1; +https://developer.amazon.com/support/amazonbot) Chrome/119.0.6045.214 Safari/537.36"
74.7.242.22 - - [12/May/2026:06:59:16 +1000] "GET /wp-json/oembed/1.0/embed?format=xml&url=https%3A%2F%2Fwww.coridyan.com%2Fall-poli-casinos%2F HTTP/2" 200 1464 "https://www.coridyan.com/all-poli-casinos/" "Mozilla/5.0 AppleWebKit/537.36 (KHTML, like Gecko; compatible; GPTBot/1.3; +https://openai.com/gptbot)"
74.7.242.22 - - [12/May/2026:06:59:17 +1000] "GET /wp-json/oembed/1.0/embed?format=xml&url=https%3A%2F%2Fwww.coridyan.com%2Ffree-spins-30-max-win%2F HTTP/2" 200 1436 "https://www.coridyan.com/free-spins-30-max-win/" "Mozilla/5.0 AppleWebKit/537.36 (KHTML, like Gecko; compatible; GPTBot/1.3; +https://openai.com/gptbot)"
65.108.125.120 - - [12/May/2026:06:59:18 +1000] "GET /salle-de-jeu-quelque-peu-canada-le-site-a-elimination-directe-allez-vers-du-jeu-du-argent-effectif/feed/ HTTP/1.1" 200 1025 "-" "Mozilla/5.0 (compatible; MJ12bot/v1.4.8; http://mj12bot.com/)"
192.178.4.100 - - [12/May/2026:06:59:16 +1000] "GET /?products/detail/59790952%20%20%20%20%20%20%20%20%20%20%20%20%20%20%20%20%20%20%20%20%20%20%20%20class= HTTP/1.1" 200 31634 "-" "Mozilla/5.0 (Linux; Android 6.0.1; Nexus 5X Build/MMB29P) AppleWebKit/537.36 (KHTML, like Gecko) Chrome/147.0.7727.137 Mobile Safari/537.36 (compatible; Googlebot/2.1; +http://www.google.com/bot.html)"
35.169.240.53 - - [12/May/2026:06:59:18 +1000] "GET /online-casino-boni-belohnungen-fur-herr-bet-im-casino-80-kostenlose-spins-keine-einzahlung-jedes-bestimmte-aktionen-bekommen/ HTTP/1.1" 200 43203 "-" "Mozilla/5.0 AppleWebKit/537.36 (KHTML, like Gecko; compatible; Amazonbot/0.1; +https://developer.amazon.com/support/amazonbot) Chrome/119.0.6045.214 Safari/537.36"
74.7.242.22 - - [12/May/2026:06:59:19 +1000] "GET /wp-json/oembed/1.0/embed?format=xml&url=https%3A%2F%2Fwww.coridyan.com%2Ffree-spins-75-max-win%2F HTTP/2" 200 1474 "https://www.coridyan.com/free-spins-75-max-win/" "Mozilla/5.0 AppleWebKit/537.36 (KHTML, like Gecko; compatible; GPTBot/1.3; +https://openai.com/gptbot)"
57.141.14.107 - - [12/May/2026:06:59:20 +1000] "GET /products/detail/53299117 HTTP/2" 200 137741 "-" "meta-externalagent/1.1 (+https://developers.facebook.com/docs/sharing/webmasters/crawler)"
57.141.14.79 - - [12/May/2026:06:59:20 +1000] "GET /products/detail/58830571 HTTP/2" 200 137741 "-" "meta-externalagent/1.1 (+https://developers.facebook.com/docs/sharing/webmasters/crawler)"
74.7.242.22 - - [12/May/2026:06:59:21 +1000] "GET /wp-json/oembed/1.0/embed?format=xml&url=https%3A%2F%2Fwww.coridyan.com%2Ffree-10-bet-no-deposit%2F HTTP/2" 200 1460 "https://www.coridyan.com/free-10-bet-no-deposit/" "Mozilla/5.0 AppleWebKit/537.36 (KHTML, like Gecko; compatible; GPTBot/1.3; +https://openai.com/gptbot)"
65.108.125.120 - - [12/May/2026:06:59:22 +1000] "GET /samsung-casino-no-deposit-bonus-australia/ HTTP/1.1" 200 40597 "-" "Mozilla/5.0 (compatible; MJ12bot/v1.4.8; http://mj12bot.com/)"
52.3.104.214 - - [12/May/2026:06:59:22 +1000] "GET /wp-json/oembed/1.0/embed?url=https://www.coridyan.com/tx-teas-casino-slot-games-play-100-percent-free-igt-online-slots/ HTTP/1.1" 200 2059 "-" "Mozilla/5.0 AppleWebKit/537.36 (KHTML, like Gecko; compatible; Amazonbot/0.1; +https://developer.amazon.com/support/amazonbot) Chrome/119.0.6045.214 Safari/537.36"
74.7.242.22 - - [12/May/2026:06:59:23 +1000] "GET /wp-json/oembed/1.0/embed?format=xml&url=https%3A%2F%2Fwww.coridyan.com%2F40-free-spins-add-card%2F HTTP/2" 200 1443 "https://www.coridyan.com/40-free-spins-add-card/" "Mozilla/5.0 AppleWebKit/537.36 (KHTML, like Gecko; compatible; GPTBot/1.3; +https://openai.com/gptbot)"
44.195.145.102 - - [12/May/2026:06:59:22 +1000] "GET /wp-json/oembed/1.0/embed?url=https://www.coridyan.com/enjoy-wiser-victory-large-blackjack-information-and-methods/ HTTP/1.1" 200 2109 "-" "Mozilla/5.0 AppleWebKit/537.36 (KHTML, like Gecko; compatible; Amazonbot/0.1; +https://developer.amazon.com/support/amazonbot) Chrome/119.0.6045.214 Safari/537.36"
74.7.242.22 - - [12/May/2026:06:59:24 +1000] "GET /wp-json/oembed/1.0/embed?format=xml&url=https%3A%2F%2Fwww.coridyan.com%2Fslot-bonus-free-spin-50%2F HTTP/2" 200 1470 "https://www.coridyan.com/slot-bonus-free-spin-50/" "Mozilla/5.0 AppleWebKit/537.36 (KHTML, like Gecko; compatible; GPTBot/1.3; +https://openai.com/gptbot)"
54.164.106.236 - - [12/May/2026:06:59:25 +1000] "GET /virginia-spilleautomater/feed/ HTTP/1.1" 200 932 "-" "Mozilla/5.0 AppleWebKit/537.36 (KHTML, like Gecko; compatible; Amazonbot/0.1; +https://developer.amazon.com/support/amazonbot) Chrome/119.0.6045.214 Safari/537.36"
74.7.242.22 - - [12/May/2026:06:59:26 +1000] "GET /wp-json/oembed/1.0/embed?format=xml&url=https%3A%2F%2Fwww.coridyan.com%2F75-free-spins-no-wager%2F HTTP/2" 200 1452 "https://www.coridyan.com/75-free-spins-no-wager/" "Mozilla/5.0 AppleWebKit/537.36 (KHTML, like Gecko; compatible; GPTBot/1.3; +https://openai.com/gptbot)"
65.108.125.120 - - [12/May/2026:06:59:26 +1000] "GET /securite-mobile-dans-les-tournois-de-jeux-en-ligne-un-regard-culturel-pour-bien-commencer-l-annee/feed/ HTTP/1.1" 200 1035 "-" "Mozilla/5.0 (compatible; MJ12bot/v1.4.8; http://mj12bot.com/)"
74.7.242.22 - - [12/May/2026:06:59:28 +1000] "GET /wp-json/oembed/1.0/embed?format=xml&url=https%3A%2F%2Fwww.coridyan.com%2Fnew-casino-with-20-free%2F HTTP/2" 200 1454 "https://www.coridyan.com/new-casino-with-20-free/" "Mozilla/5.0 AppleWebKit/537.36 (KHTML, like Gecko; compatible; GPTBot/1.3; +https://openai.com/gptbot)"
57.141.14.34 - - [12/May/2026:06:59:27 +1000] "GET /products/detail/62389504 HTTP/2" 200 137741 "-" "meta-externalagent/1.1 (+https://developers.facebook.com/docs/sharing/webmasters/crawler)"
52.200.58.199 - - [12/May/2026:06:59:29 +1000] "GET /wp-json/oembed/1.0/embed?format=xml&url=https://www.coridyan.com/mostbetd-bonuslari-effektiv-istifad-etmyin-yollari-6/ HTTP/1.1" 200 2133 "-" "Mozilla/5.0 AppleWebKit/537.36 (KHTML, like Gecko; compatible; Amazonbot/0.1; +https://developer.amazon.com/support/amazonbot) Chrome/119.0.6045.214 Safari/537.36"
74.7.242.22 - - [12/May/2026:06:59:29 +1000] "GET /wp-json/oembed/1.0/embed?format=xml&url=https%3A%2F%2Fwww.coridyan.com%2Fhappiest-christmas-forest-slot-comment-2026-100-percent-free-enjoy-demo%2F HTTP/2" 200 1755 "https://www.coridyan.com/happiest-christmas-forest-slot-comment-2026-100-percent-free-enjoy-demo/" "Mozilla/5.0 AppleWebKit/537.36 (KHTML, like Gecko; compatible; GPTBot/1.3; +https://openai.com/gptbot)"
65.108.125.120 - - [12/May/2026:06:59:30 +1000] "GET /seven-casino-150-free-spins-no-deposit-au/ HTTP/1.1" 200 40131 "-" "Mozilla/5.0 (compatible; MJ12bot/v1.4.8; http://mj12bot.com/)"
74.7.242.22 - - [12/May/2026:06:59:31 +1000] "GET /wp-json/oembed/1.0/embed?format=xml&url=https%3A%2F%2Fwww.coridyan.com%2Fcasumo-kasino-bonus-sourcecode-500-bonus-bedingungen-probe-2026%2F HTTP/2" 200 1698 "https://www.coridyan.com/casumo-kasino-bonus-sourcecode-500-bonus-bedingungen-probe-2026/" "Mozilla/5.0 AppleWebKit/537.36 (KHTML, like Gecko; compatible; GPTBot/1.3; +https://openai.com/gptbot)"
52.202.233.37 - - [12/May/2026:06:59:32 +1000] "GET /wp-json/oembed/1.0/embed?format=xml&url=https://www.coridyan.com/bier-haus-5-reel-drive-online-slot-lystslot-review-2026-play-free-demo/ HTTP/1.1" 200 2113 "-" "Mozilla/5.0 AppleWebKit/537.36 (KHTML, like Gecko; compatible; Amazonbot/0.1; +https://developer.amazon.com/support/amazonbot) Chrome/119.0.6045.214 Safari/537.36"
74.7.242.22 - - [12/May/2026:06:59:33 +1000] "GET /wp-json/oembed/1.0/embed?format=xml&url=https%3A%2F%2Fwww.coridyan.com%2F100-match-bonus-casino%2F HTTP/2" 200 1461 "https://www.coridyan.com/100-match-bonus-casino/" "Mozilla/5.0 AppleWebKit/537.36 (KHTML, like Gecko; compatible; GPTBot/1.3; +https://openai.com/gptbot)"
74.7.242.22 - - [12/May/2026:06:59:34 +1000] "GET /wp-json/oembed/1.0/embed?format=xml&url=https%3A%2F%2Fwww.coridyan.com%2F200-free-casino-bonus%2F HTTP/2" 200 1458 "https://www.coridyan.com/200-free-casino-bonus/" "Mozilla/5.0 AppleWebKit/537.36 (KHTML, like Gecko; compatible; GPTBot/1.3; +https://openai.com/gptbot)"
65.108.125.120 - - [12/May/2026:06:59:35 +1000] "GET /sic-bo-online-all-casino-games-australia/ HTTP/1.1" 200 40574 "-" "Mozilla/5.0 (compatible; MJ12bot/v1.4.8; http://mj12bot.com/)"
192.178.4.100 - - [12/May/2026:06:59:34 +1000] "GET /content.php?product/108699298 HTTP/1.1" 200 28260 "-" "Mozilla/5.0 (Linux; Android 6.0.1; Nexus 5X Build/MMB29P) AppleWebKit/537.36 (KHTML, like Gecko) Chrome/147.0.7727.137 Mobile Safari/537.36 (compatible; GoogleOther)"
74.7.242.22 - - [12/May/2026:06:59:36 +1000] "GET /wp-json/oembed/1.0/embed?format=xml&url=https%3A%2F%2Fwww.coridyan.com%2Fcasino-sites-400-bonus%2F HTTP/2" 200 1458 "https://www.coridyan.com/casino-sites-400-bonus/" "Mozilla/5.0 AppleWebKit/537.36 (KHTML, like Gecko; compatible; GPTBot/1.3; +https://openai.com/gptbot)"
192.178.4.100 - - [12/May/2026:06:59:35 +1000] "GET /?products/detail/55452736 HTTP/1.1" 200 32105 "-" "Mozilla/5.0 (Linux; Android 6.0.1; Nexus 5X Build/MMB29P) AppleWebKit/537.36 (KHTML, like Gecko) Chrome/147.0.7727.137 Mobile Safari/537.36 (compatible; Googlebot/2.1; +http://www.google.com/bot.html)"
3.212.205.90 - - [12/May/2026:06:59:38 +1000] "GET /wp-json/oembed/1.0/embed?url=https://www.coridyan.com/online-casino-rome-and-glory-casino-ireland-gambling-games-slots/ HTTP/1.1" 200 2136 "-" "Mozilla/5.0 AppleWebKit/537.36 (KHTML, like Gecko; compatible; Amazonbot/0.1; +https://developer.amazon.com/support/amazonbot) Chrome/119.0.6045.214 Safari/537.36"
74.7.242.22 - - [12/May/2026:06:59:38 +1000] "GET /wp-json/oembed/1.0/embed?format=xml&url=https%3A%2F%2Fwww.coridyan.com%2Ffree-100-bonus-casino%2F HTTP/2" 200 1451 "https://www.coridyan.com/free-100-bonus-casino/" "Mozilla/5.0 AppleWebKit/537.36 (KHTML, like Gecko; compatible; GPTBot/1.3; +https://openai.com/gptbot)"
74.7.242.22 - - [12/May/2026:06:59:39 +1000] "GET /wp-json/oembed/1.0/embed?format=xml&url=https%3A%2F%2Fwww.coridyan.com%2Frummy-online-100-bonus%2F HTTP/2" 200 1453 "https://www.coridyan.com/rummy-online-100-bonus/" "Mozilla/5.0 AppleWebKit/537.36 (KHTML, like Gecko; compatible; GPTBot/1.3; +https://openai.com/gptbot)"
65.108.125.120 - - [12/May/2026:06:59:40 +1000] "GET /sic-bo-online-safe-casino-australia/ HTTP/1.1" 200 40456 "-" "Mozilla/5.0 (compatible; MJ12bot/v1.4.8; http://mj12bot.com/)"
3.93.211.16 - - [12/May/2026:06:59:41 +1000] "GET /casinorecensioner-inte-me-svensk-eagles-wings-spel-person-tillstand/feed/ HTTP/1.1" 200 988 "-" "Mozilla/5.0 AppleWebKit/537.36 (KHTML, like Gecko; compatible; Amazonbot/0.1; +https://developer.amazon.com/support/amazonbot) Chrome/119.0.6045.214 Safari/537.36"
74.7.242.22 - - [12/May/2026:06:59:41 +1000] "GET /wp-json/oembed/1.0/embed?format=xml&url=https%3A%2F%2Fwww.coridyan.com%2Fgames-casino-deposit-mobile-bill%2F HTTP/2" 200 1465 "https://www.coridyan.com/games-casino-deposit-mobile-bill/" "Mozilla/5.0 AppleWebKit/537.36 (KHTML, like Gecko; compatible; GPTBot/1.3; +https://openai.com/gptbot)"
74.7.242.22 - - [12/May/2026:06:59:42 +1000] "GET /wp-json/oembed/1.0/embed?format=xml&url=https%3A%2F%2Fwww.coridyan.com%2Fcasino-site-mobile-phone-deposit%2F HTTP/2" 200 1463 "https://www.coridyan.com/casino-site-mobile-phone-deposit/" "Mozilla/5.0 AppleWebKit/537.36 (KHTML, like Gecko; compatible; GPTBot/1.3; +https://openai.com/gptbot)"
74.7.242.22 - - [12/May/2026:06:59:44 +1000] "GET /wp-json/oembed/1.0/embed?format=xml&url=https%3A%2F%2Fwww.coridyan.com%2Fcasinos-legais-em-portugal-vs-ilegais-como-13%2F HTTP/2" 200 1568 "https://www.coridyan.com/casinos-legais-em-portugal-vs-ilegais-como-13/" "Mozilla/5.0 AppleWebKit/537.36 (KHTML, like Gecko; compatible; GPTBot/1.3; +https://openai.com/gptbot)"
65.108.125.120 - - [12/May/2026:06:59:44 +1000] "GET /single-deck-blackjack-free-australia/ HTTP/1.1" 200 40646 "-" "Mozilla/5.0 (compatible; MJ12bot/v1.4.8; http://mj12bot.com/)"
52.2.83.227 - - [12/May/2026:06:59:45 +1000] "GET /not-so-long-ago-slot-review-arrival-rtp-video-slot-enjoy-100-percent-free-demo-2026/ HTTP/1.1" 200 42463 "-" "Mozilla/5.0 AppleWebKit/537.36 (KHTML, like Gecko; compatible; Amazonbot/0.1; +https://developer.amazon.com/support/amazonbot) Chrome/119.0.6045.214 Safari/537.36"
74.7.242.22 - - [12/May/2026:06:59:46 +1000] "GET /wp-json/oembed/1.0/embed?url=https%3A%2F%2Fwww.coridyan.com%2Fonline-casino-register-free-100%2F HTTP/2" 200 1437 "https://www.coridyan.com/online-casino-register-free-100/" "Mozilla/5.0 AppleWebKit/537.36 (KHTML, like Gecko; compatible; GPTBot/1.3; +https://openai.com/gptbot)"
74.7.242.22 - - [12/May/2026:06:59:47 +1000] "GET /wp-json/oembed/1.0/embed?format=xml&url=https%3A%2F%2Fwww.coridyan.com%2Fnew-mobile-casino-10-no-deposit-bonus%2F HTTP/2" 200 1474 "https://www.coridyan.com/new-mobile-casino-10-no-deposit-bonus/" "Mozilla/5.0 AppleWebKit/537.36 (KHTML, like Gecko; compatible; GPTBot/1.3; +https://openai.com/gptbot)"
74.7.242.22 - - [12/May/2026:06:59:49 +1000] "GET /wp-json/oembed/1.0/embed?format=xml&url=https%3A%2F%2Fwww.coridyan.com%2Fplay-real-money-blackjack-blackjack-casino-games%2F HTTP/2" 200 1477 "https://www.coridyan.com/play-real-money-blackjack-blackjack-casino-games/" "Mozilla/5.0 AppleWebKit/537.36 (KHTML, like Gecko; compatible; GPTBot/1.3; +https://openai.com/gptbot)"
35.174.253.85 - - [12/May/2026:06:59:49 +1000] "GET /wp-json/oembed/1.0/embed?format=xml&url=https://www.coridyan.com/lucky-days-spielbank-bonus-1000-maklercourtage-totem-towers-slot-ohne-einzahlungsbonus-100-freispiele/ HTTP/1.1" 200 2153 "-" "Mozilla/5.0 AppleWebKit/537.36 (KHTML, like Gecko; compatible; Amazonbot/0.1; +https://developer.amazon.com/support/amazonbot) Chrome/119.0.6045.214 Safari/537.36"
65.108.125.120 - - [12/May/2026:06:59:49 +1000] "GET /siti-casino-non-aams-innovative-gaming-technologies-to-watch-2/ HTTP/1.1" 200 42120 "-" "Mozilla/5.0 (compatible; MJ12bot/v1.4.8; http://mj12bot.com/)"
74.7.242.22 - - [12/May/2026:06:59:50 +1000] "GET /wp-json/oembed/1.0/embed?format=xml&url=https%3A%2F%2Fwww.coridyan.com%2Fbest-mifinity-casino-no-verification-casino-australia%2F HTTP/2" 200 1481 "https://www.coridyan.com/best-mifinity-casino-no-verification-casino-australia/" "Mozilla/5.0 AppleWebKit/537.36 (KHTML, like Gecko; compatible; GPTBot/1.3; +https://openai.com/gptbot)"
74.7.242.22 - - [12/May/2026:06:59:52 +1000] "GET /wp-json/oembed/1.0/embed?format=xml&url=https%3A%2F%2Fwww.coridyan.com%2Fpay-by-phone-bill-casino-no-wagering-casino-australia%2F HTTP/2" 200 1470 "https://www.coridyan.com/pay-by-phone-bill-casino-no-wagering-casino-australia/" "Mozilla/5.0 AppleWebKit/537.36 (KHTML, like Gecko; compatible; GPTBot/1.3; +https://openai.com/gptbot)"
44.207.207.36 - - [12/May/2026:06:59:52 +1000] "GET /titanic-slots-game-totally-free-enjoy-review-bally/feed/ HTTP/1.1" 200 980 "-" "Mozilla/5.0 AppleWebKit/537.36 (KHTML, like Gecko; compatible; Amazonbot/0.1; +https://developer.amazon.com/support/amazonbot) Chrome/119.0.6045.214 Safari/537.36"
65.108.125.120 - - [12/May/2026:06:59:53 +1000] "GET /siti-casino-non-aams-innovative-gaming-technologies-to-watch-3/ HTTP/1.1" 200 39962 "-" "Mozilla/5.0 (compatible; MJ12bot/v1.4.8; http://mj12bot.com/)"
74.7.242.22 - - [12/May/2026:06:59:54 +1000] "GET /wp-json/oembed/1.0/embed?format=xml&url=https%3A%2F%2Fwww.coridyan.com%2Fbest-neteller-casino-loyalty-program-casino-australia%2F HTTP/2" 200 1476 "https://www.coridyan.com/best-neteller-casino-loyalty-program-casino-australia/" "Mozilla/5.0 AppleWebKit/537.36 (KHTML, like Gecko; compatible; GPTBot/1.3; +https://openai.com/gptbot)"
74.7.242.22 - - [12/May/2026:06:59:56 +1000] "GET /wp-json/oembed/1.0/embed?format=xml&url=https%3A%2F%2Fwww.coridyan.com%2Freal-money-online-casino-australia-information-casino%2F HTTP/2" 200 1470 "https://www.coridyan.com/real-money-online-casino-australia-information-casino/" "Mozilla/5.0 AppleWebKit/537.36 (KHTML, like Gecko; compatible; GPTBot/1.3; +https://openai.com/gptbot)"
192.178.4.100 - - [12/May/2026:06:59:54 +1000] "GET /?products/detail/64056034 HTTP/1.1" 200 33207 "-" "Mozilla/5.0 (Linux; Android 6.0.1; Nexus 5X Build/MMB29P) AppleWebKit/537.36 (KHTML, like Gecko) Chrome/147.0.7727.137 Mobile Safari/537.36 (compatible; Googlebot/2.1; +http://www.google.com/bot.html)"
54.83.240.58 - - [12/May/2026:06:59:56 +1000] "GET /wp-json/oembed/1.0/embed?url=https://www.coridyan.com/soluciona-gratuito-en-ultra-hot-deluxe-150-tiradas-gratis-5-golden-dragon-challenge-sobre-forma-demo/ HTTP/1.1" 200 2126 "-" "Mozilla/5.0 AppleWebKit/537.36 (KHTML, like Gecko; compatible; Amazonbot/0.1; +https://developer.amazon.com/support/amazonbot) Chrome/119.0.6045.214 Safari/537.36"
74.7.242.22 - - [12/May/2026:06:59:57 +1000] "GET /wp-json/oembed/1.0/embed?format=xml&url=https%3A%2F%2Fwww.coridyan.com%2Fslot-online-pc%2F HTTP/2" 200 1442 "https://www.coridyan.com/slot-online-pc/" "Mozilla/5.0 AppleWebKit/537.36 (KHTML, like Gecko; compatible; GPTBot/1.3; +https://openai.com/gptbot)"
65.108.125.120 - - [12/May/2026:06:59:58 +1000] "GET /siti-casino-non-aams-innovative-gaming-technologies-to-watch-4/ HTTP/1.1" 200 42122 "-" "Mozilla/5.0 (compatible; MJ12bot/v1.4.8; http://mj12bot.com/)"
74.7.242.22 - - [12/May/2026:06:59:59 +1000] "GET /wp-json/oembed/1.0/embed?format=xml&url=https%3A%2F%2Fwww.coridyan.com%2Faz-casino-site%2F HTTP/2" 200 1446 "https://www.coridyan.com/az-casino-site/" "Mozilla/5.0 AppleWebKit/537.36 (KHTML, like Gecko; compatible; GPTBot/1.3; +https://openai.com/gptbot)"
57.141.14.5 - - [12/May/2026:07:00:00 +1000] "GET /products/detail/54265474 HTTP/2" 200 137741 "-" "meta-externalagent/1.1 (+https://developers.facebook.com/docs/sharing/webmasters/crawler)"
74.7.242.22 - - [12/May/2026:07:00:01 +1000] "GET /wp-json/oembed/1.0/embed?format=xml&url=https%3A%2F%2Fwww.coridyan.com%2Fcasino-app-apk%2F HTTP/2" 200 1433 "https://www.coridyan.com/casino-app-apk/" "Mozilla/5.0 AppleWebKit/537.36 (KHTML, like Gecko; compatible; GPTBot/1.3; +https://openai.com/gptbot)"
57.141.14.59 - - [12/May/2026:07:00:00 +1000] "GET /products/detail/55699408 HTTP/2" 200 137741 "-" "meta-externalagent/1.1 (+https://developers.facebook.com/docs/sharing/webmasters/crawler)"
3.229.95.193 - - [12/May/2026:07:00:01 +1000] "GET /spielsaal-pramie-teutonia-funfter-monat-des-jahres-marco-polo-spielautomat-2026-traktandum-register-100-rechtens/feed/ HTTP/1.1" 200 1047 "-" "Mozilla/5.0 AppleWebKit/537.36 (KHTML, like Gecko; compatible; Amazonbot/0.1; +https://developer.amazon.com/support/amazonbot) Chrome/119.0.6045.214 Safari/537.36"
65.108.125.120 - - [12/May/2026:07:00:02 +1000] "GET /siti-casino-non-aams-innovative-gaming-technologies-to-watch-5/ HTTP/1.1" 200 42126 "-" "Mozilla/5.0 (compatible; MJ12bot/v1.4.8; http://mj12bot.com/)"
74.7.242.22 - - [12/May/2026:07:00:03 +1000] "GET /wp-json/oembed/1.0/embed?format=xml&url=https%3A%2F%2Fwww.coridyan.com%2Ffree-pokie-video-bonanza-1-deposit-game-with-free-spins-enjoy-on-line-1-free-pokies%2F HTTP/2" 200 1607 "https://www.coridyan.com/free-pokie-video-bonanza-1-deposit-game-with-free-spins-enjoy-on-line-1-free-pokies/" "Mozilla/5.0 AppleWebKit/537.36 (KHTML, like Gecko; compatible; GPTBot/1.3; +https://openai.com/gptbot)"
57.141.14.97 - - [12/May/2026:07:00:03 +1000] "GET /products/detail/56342188 HTTP/2" 200 137741 "-" "meta-externalagent/1.1 (+https://developers.facebook.com/docs/sharing/webmasters/crawler)"
98.82.66.172 - - [12/May/2026:07:00:05 +1000] "GET /wp-json/oembed/1.0/embed?format=xml&url=https://www.coridyan.com/der-slot-spielautomat-realz-ist-beliebt-bei-spielern-in-deutschland-und-europa/ HTTP/1.1" 200 1833 "-" "Mozilla/5.0 AppleWebKit/537.36 (KHTML, like Gecko; compatible; Amazonbot/0.1; +https://developer.amazon.com/support/amazonbot) Chrome/119.0.6045.214 Safari/537.36"
74.7.242.22 - - [12/May/2026:07:00:05 +1000] "GET /%22https:/www.coridyan.com/online-casino-register-free-100/embed/ HTTP/2" 200 35663 "https://www.coridyan.com/wp-json/oembed/1.0/embed?url=https%3A%2F%2Fwww.coridyan.com%2Fonline-casino-register-free-100%2F" "Mozilla/5.0 AppleWebKit/537.36 (KHTML, like Gecko; compatible; GPTBot/1.3; +https://openai.com/gptbot)"
65.108.125.120 - - [12/May/2026:07:00:07 +1000] "GET /siti-casino-non-aams-innovative-gaming-technologies-to-watch-6/ HTTP/1.1" 200 40090 "-" "Mozilla/5.0 (compatible; MJ12bot/v1.4.8; http://mj12bot.com/)"
74.7.242.22 - - [12/May/2026:07:00:07 +1000] "GET /wp-json/oembed/1.0/embed?format=xml&url=https%3A%2F%2Fwww.coridyan.com%2F9000-harbors-500-casino-jax-app-apk-download-incentive-24h-distributions%2F HTTP/2" 200 1638 "https://www.coridyan.com/9000-harbors-500-casino-jax-app-apk-download-incentive-24h-distributions/" "Mozilla/5.0 AppleWebKit/537.36 (KHTML, like Gecko; compatible; GPTBot/1.3; +https://openai.com/gptbot)"
74.7.242.22 - - [12/May/2026:07:00:09 +1000] "GET /wp-json/oembed/1.0/embed?format=xml&url=https%3A%2F%2Fwww.coridyan.com%2Fpay-by-phone-bill-casino-vip-casino-australia%2F HTTP/2" 200 1478 "https://www.coridyan.com/pay-by-phone-bill-casino-vip-casino-australia/" "Mozilla/5.0 AppleWebKit/537.36 (KHTML, like Gecko; compatible; GPTBot/1.3; +https://openai.com/gptbot)"
74.7.242.22 - - [12/May/2026:07:00:11 +1000] "GET /wp-json/oembed/1.0/embed?format=xml&url=https%3A%2F%2Fwww.coridyan.com%2Fmigliori-casino-online-aams-classifica-lucky-crypto-casino-mobile-anche-premio-verificati%2F HTTP/2" 200 1657 "https://www.coridyan.com/migliori-casino-online-aams-classifica-lucky-crypto-casino-mobile-anche-premio-verificati/" "Mozilla/5.0 AppleWebKit/537.36 (KHTML, like Gecko; compatible; GPTBot/1.3; +https://openai.com/gptbot)"
192.178.4.102 - - [12/May/2026:07:00:10 +1000] "GET /content.php?product/61740874 HTTP/1.1" 200 27991 "-" "Mozilla/5.0 (Linux; Android 6.0.1; Nexus 5X Build/MMB29P) AppleWebKit/537.36 (KHTML, like Gecko) Chrome/147.0.7727.137 Mobile Safari/537.36 (compatible; GoogleOther)"
52.205.113.104 - - [12/May/2026:07:00:11 +1000] "GET /happy-twins-position-by-online-5-minimum-deposit-casino-game-global-100-percent-free-demo-enjoy/ HTTP/1.1" 200 41788 "-" "Mozilla/5.0 AppleWebKit/537.36 (KHTML, like Gecko; compatible; Amazonbot/0.1; +https://developer.amazon.com/support/amazonbot) Chrome/119.0.6045.214 Safari/537.36"
65.108.125.120 - - [12/May/2026:07:00:11 +1000] "GET /top-free-casino-slot-games/ HTTP/1.1" 200 40661 "-" "Mozilla/5.0 (compatible; MJ12bot/v1.4.8; http://mj12bot.com/)"
74.7.242.22 - - [12/May/2026:07:00:13 +1000] "GET /neue-spiele-spiele-im-24-casino-login-mobile-download-futuriti-casino/feed/ HTTP/2" 200 488 "https://www.coridyan.com/neue-spiele-spiele-im-24-casino-login-mobile-download-futuriti-casino/" "Mozilla/5.0 AppleWebKit/537.36 (KHTML, like Gecko; compatible; GPTBot/1.3; +https://openai.com/gptbot)"
52.73.142.41 - - [12/May/2026:07:00:14 +1000] "GET /wp-json/oembed/1.0/embed?url=https://www.coridyan.com/latwa-rozrywka-dzieki-automatach-do-odwiedzenia-komputerow-2023/ HTTP/1.1" 200 2227 "-" "Mozilla/5.0 AppleWebKit/537.36 (KHTML, like Gecko; compatible; Amazonbot/0.1; +https://developer.amazon.com/support/amazonbot) Chrome/119.0.6045.214 Safari/537.36"
192.178.4.100 - - [12/May/2026:07:00:13 +1000] "GET /?products/detail/65036548 HTTP/1.1" 200 31563 "-" "Mozilla/5.0 (Linux; Android 6.0.1; Nexus 5X Build/MMB29P) AppleWebKit/537.36 (KHTML, like Gecko) Chrome/147.0.7727.137 Mobile Safari/537.36 (compatible; Googlebot/2.1; +http://www.google.com/bot.html)"
74.7.242.22 - - [12/May/2026:07:00:15 +1000] "GET /wp-json/oembed/1.0/embed?format=xml&url=https%3A%2F%2Fwww.coridyan.com%2Fnoel-en-vip-comment-les-programmes-de-fidelite-transforment-la-chasse-aux-bonus-en-jeu-equitable%2F HTTP/2" 200 1576 "https://www.coridyan.com/noel-en-vip-comment-les-programmes-de-fidelite-transforment-la-chasse-aux-bonus-en-jeu-equitable/" "Mozilla/5.0 AppleWebKit/537.36 (KHTML, like Gecko; compatible; GPTBot/1.3; +https://openai.com/gptbot)"
74.7.242.22 - - [12/May/2026:07:00:16 +1000] "GET /wp-json/oembed/1.0/embed?format=xml&url=https%3A%2F%2Fwww.coridyan.com%2Fbest-5x-wagering-casino-casino-australia%2F HTTP/2" 200 1467 "https://www.coridyan.com/best-5x-wagering-casino-casino-australia/" "Mozilla/5.0 AppleWebKit/537.36 (KHTML, like Gecko; compatible; GPTBot/1.3; +https://openai.com/gptbot)"
65.108.125.120 - - [12/May/2026:07:00:16 +1000] "GET /top-oferte-casino-online-romania-2026-bonusuri-exclusive/ HTTP/1.1" 200 43197 "-" "Mozilla/5.0 (compatible; MJ12bot/v1.4.8; http://mj12bot.com/)"
23.21.148.226 - - [12/May/2026:07:00:17 +1000] "GET /wp-json/wp/v2/posts/29647 HTTP/1.1" 200 6037 "-" "Mozilla/5.0 AppleWebKit/537.36 (KHTML, like Gecko; compatible; Amazonbot/0.1; +https://developer.amazon.com/support/amazonbot) Chrome/119.0.6045.214 Safari/537.36"
74.7.242.22 - - [12/May/2026:07:00:18 +1000] "GET /wp-json/oembed/1.0/embed?format=xml&url=https%3A%2F%2Fwww.coridyan.com%2Fbest-slots-to-win%2F HTTP/2" 200 1442 "https://www.coridyan.com/best-slots-to-win/" "Mozilla/5.0 AppleWebKit/537.36 (KHTML, like Gecko; compatible; GPTBot/1.3; +https://openai.com/gptbot)"
74.7.242.22 - - [12/May/2026:07:00:20 +1000] "GET /wp-json/oembed/1.0/embed?format=xml&url=https%3A%2F%2Fwww.coridyan.com%2Fnew-no-kyc-casino%2F HTTP/2" 200 1458 "https://www.coridyan.com/new-no-kyc-casino/" "Mozilla/5.0 AppleWebKit/537.36 (KHTML, like Gecko; compatible; GPTBot/1.3; +https://openai.com/gptbot)"
65.108.125.120 - - [12/May/2026:07:00:21 +1000] "GET /top-pay-by-mobile-casino-sites-australia/ HTTP/1.1" 200 40668 "-" "Mozilla/5.0 (compatible; MJ12bot/v1.4.8; http://mj12bot.com/)"
18.206.47.187 - - [12/May/2026:07:00:22 +1000] "GET /drueckglueck-local-casino-one-hundred-free-take-pleasure-in-pokies-%EF%BF%BD-queen-from-nile-ministere-de-bitstarz-bonus-100-casino-los-angeles-sante-publique/ HTTP/1.1" 200 42192 "-" "Mozilla/5.0 AppleWebKit/537.36 (KHTML, like Gecko; compatible; Amazonbot/0.1; +https://developer.amazon.com/support/amazonbot) Chrome/119.0.6045.214 Safari/537.36"
74.7.242.22 - - [12/May/2026:07:00:22 +1000] "GET /wp-json/oembed/1.0/embed?format=xml&url=https%3A%2F%2Fwww.coridyan.com%2Firon-man-dos%2F HTTP/2" 200 1529 "https://www.coridyan.com/iron-man-dos/" "Mozilla/5.0 AppleWebKit/537.36 (KHTML, like Gecko; compatible; GPTBot/1.3; +https://openai.com/gptbot)"
74.7.242.22 - - [12/May/2026:07:00:24 +1000] "GET /wp-json/oembed/1.0/embed?format=xml&url=https%3A%2F%2Fwww.coridyan.com%2Fwolf-value-pokies-australian-continent-comment-2026-wolf-cost-slot%2F HTTP/2" 200 1619 "https://www.coridyan.com/wolf-value-pokies-australian-continent-comment-2026-wolf-cost-slot/" "Mozilla/5.0 AppleWebKit/537.36 (KHTML, like Gecko; compatible; GPTBot/1.3; +https://openai.com/gptbot)"
54.84.250.51 - - [12/May/2026:07:00:24 +1000] "GET /wp-json/oembed/1.0/embed?format=xml&url=https://www.coridyan.com/greatest-skrill-casinos-2026-casinos-on-trada-25-free-spins-no-deposit-the-internet-you-to-undertake-skrill/ HTTP/1.1" 200 2141 "-" "Mozilla/5.0 AppleWebKit/537.36 (KHTML, like Gecko; compatible; Amazonbot/0.1; +https://developer.amazon.com/support/amazonbot) Chrome/119.0.6045.214 Safari/537.36"
57.141.14.47 - - [12/May/2026:07:00:24 +1000] "GET /products/detail/55723609 HTTP/2" 200 137741 "-" "meta-externalagent/1.1 (+https://developers.facebook.com/docs/sharing/webmasters/crawler)"
65.108.125.120 - - [12/May/2026:07:00:26 +1000] "GET /top-ten-bitcoin-gambling-enterprises-greatest-btc-crypto-playing-internet-sites-to-possess-2025-biggest-publication-investing-reports/ HTTP/1.1" 200 42294 "-" "Mozilla/5.0 (compatible; MJ12bot/v1.4.8; http://mj12bot.com/)"
74.7.242.22 - - [12/May/2026:07:00:26 +1000] "GET /wp-json/oembed/1.0/embed?format=xml&url=https%3A%2F%2Fwww.coridyan.com%2Fbest-20x-wagering-casino-casino-australia%2F HTTP/2" 200 1476 "https://www.coridyan.com/best-20x-wagering-casino-casino-australia/" "Mozilla/5.0 AppleWebKit/537.36 (KHTML, like Gecko; compatible; GPTBot/1.3; +https://openai.com/gptbot)"
74.7.242.22 - - [12/May/2026:07:00:28 +1000] "GET /wp-json/oembed/1.0/embed?format=xml&url=https%3A%2F%2Fwww.coridyan.com%2Fbest-10x-wagering-casino-casino-australia%2F HTTP/2" 200 1447 "https://www.coridyan.com/best-10x-wagering-casino-casino-australia/" "Mozilla/5.0 AppleWebKit/537.36 (KHTML, like Gecko; compatible; GPTBot/1.3; +https://openai.com/gptbot)"
52.45.29.57 - - [12/May/2026:07:00:28 +1000] "GET /wp-json/oembed/1.0/embed?format=xml&url=https://www.coridyan.com/trolls-bridge-yggdrasil-gaming-jogue-cassino-na-internet-22bet-uma-documento-acessivel-rtp-963/ HTTP/1.1" 200 2184 "-" "Mozilla/5.0 AppleWebKit/537.36 (KHTML, like Gecko; compatible; Amazonbot/0.1; +https://developer.amazon.com/support/amazonbot) Chrome/119.0.6045.214 Safari/537.36"
74.7.242.22 - - [12/May/2026:07:00:30 +1000] "GET /wp-json/oembed/1.0/embed?format=xml&url=https%3A%2F%2Fwww.coridyan.com%2F1win-casino-aud-bonus-2026%2F HTTP/2" 200 1466 "https://www.coridyan.com/1win-casino-aud-bonus-2026/" "Mozilla/5.0 AppleWebKit/537.36 (KHTML, like Gecko; compatible; GPTBot/1.3; +https://openai.com/gptbot)"
14.254.114.149 - - [12/May/2026:07:00:30 +1000] "GET /products/detail/68835169 HTTP/1.1" 200 36275 "-" "Mozilla/5.0 (Macintosh; Intel Mac OS X 13_6_3) AppleWebKit/537.36 (KHTML, like Gecko) Chrome/127.0.6533.17 Safari/537.36"
65.108.125.120 - - [12/May/2026:07:00:31 +1000] "GET /top-ten-casino-sites-australia/ HTTP/1.1" 200 40338 "-" "Mozilla/5.0 (compatible; MJ12bot/v1.4.8; http://mj12bot.com/)"
74.7.242.22 - - [12/May/2026:07:00:32 +1000] "GET /wp-json/oembed/1.0/embed?format=xml&url=https%3A%2F%2Fwww.coridyan.com%2Fi288-casino-300-free-spins%2F HTTP/2" 200 1466 "https://www.coridyan.com/i288-casino-300-free-spins/" "Mozilla/5.0 AppleWebKit/537.36 (KHTML, like Gecko; compatible; GPTBot/1.3; +https://openai.com/gptbot)"
74.7.242.22 - - [12/May/2026:07:00:34 +1000] "GET /wp-json/oembed/1.0/embed?format=xml&url=https%3A%2F%2Fwww.coridyan.com%2Fn1bet-casino-legit-au-2026%2F HTTP/2" 200 1476 "https://www.coridyan.com/n1bet-casino-legit-au-2026/" "Mozilla/5.0 AppleWebKit/537.36 (KHTML, like Gecko; compatible; GPTBot/1.3; +https://openai.com/gptbot)"
44.193.102.198 - - [12/May/2026:07:00:34 +1000] "GET /wp-json/oembed/1.0/embed?url=https://www.coridyan.com/cose-il-casino-alpino-e-caratteristiche-delle-slot-machine-alle-alte-quote/ HTTP/1.1" 200 1805 "-" "Mozilla/5.0 AppleWebKit/537.36 (KHTML, like Gecko; compatible; Amazonbot/0.1; +https://developer.amazon.com/support/amazonbot) Chrome/119.0.6045.214 Safari/537.36"
74.7.242.22 - - [12/May/2026:07:00:35 +1000] "GET /wp-json/oembed/1.0/embed?format=xml&url=https%3A%2F%2Fwww.coridyan.com%2Fcasino-online-jocuri-de-cazino-online%2F HTTP/2" 200 1615 "https://www.coridyan.com/casino-online-jocuri-de-cazino-online/" "Mozilla/5.0 AppleWebKit/537.36 (KHTML, like Gecko; compatible; GPTBot/1.3; +https://openai.com/gptbot)"
65.108.125.120 - - [12/May/2026:07:00:35 +1000] "GET /tornado-tragamonedas-para-abastecedor-sobre-netent-asignaciones-especificas/ HTTP/1.1" 200 44485 "-" "Mozilla/5.0 (compatible; MJ12bot/v1.4.8; http://mj12bot.com/)"
52.71.216.196 - - [12/May/2026:07:00:37 +1000] "GET /wp-json/wp/v2/posts/27377 HTTP/1.1" 200 6107 "-" "Mozilla/5.0 AppleWebKit/537.36 (KHTML, like Gecko; compatible; Amazonbot/0.1; +https://developer.amazon.com/support/amazonbot) Chrome/119.0.6045.214 Safari/537.36"
74.7.242.22 - - [12/May/2026:07:00:37 +1000] "GET /wp-json/oembed/1.0/embed?format=xml&url=https%3A%2F%2Fwww.coridyan.com%2Fastropay-casino-vip-casino-australia%2F HTTP/2" 200 1454 "https://www.coridyan.com/astropay-casino-vip-casino-australia/" "Mozilla/5.0 AppleWebKit/537.36 (KHTML, like Gecko; compatible; GPTBot/1.3; +https://openai.com/gptbot)"
74.7.242.22 - - [12/May/2026:07:00:39 +1000] "GET /wp-json/oembed/1.0/embed?format=xml&url=https%3A%2F%2Fwww.coridyan.com%2Ffree-spins-100-max-win%2F HTTP/2" 200 1459 "https://www.coridyan.com/free-spins-100-max-win/" "Mozilla/5.0 AppleWebKit/537.36 (KHTML, like Gecko; compatible; GPTBot/1.3; +https://openai.com/gptbot)"
23.21.228.180 - - [12/May/2026:07:00:40 +1000] "GET /wp-json/wp/v2/posts/16611 HTTP/1.1" 200 7406 "-" "Mozilla/5.0 AppleWebKit/537.36 (KHTML, like Gecko; compatible; Amazonbot/0.1; +https://developer.amazon.com/support/amazonbot) Chrome/119.0.6045.214 Safari/537.36"
65.108.125.120 - - [12/May/2026:07:00:40 +1000] "GET /totally-crucial-link-free-spins-incentives-no-deposit-required/ HTTP/1.1" 200 42599 "-" "Mozilla/5.0 (compatible; MJ12bot/v1.4.8; http://mj12bot.com/)"
74.7.242.22 - - [12/May/2026:07:00:40 +1000] "GET /wp-json/oembed/1.0/embed?format=xml&url=https%3A%2F%2Fwww.coridyan.com%2Fscore-ten-no-put-incentive-spins-to-the-guide-away-from-lifeless-inside-the-brand-new-playgrand-gambling-establishment-casino-titan-mobile-costa-rica%2F HTTP/2" 200 1738 "https://www.coridyan.com/score-ten-no-put-incentive-spins-to-the-guide-away-from-lifeless-inside-the-brand-new-playgrand-gambling-establishment-casino-titan-mobile-costa-rica/" "Mozilla/5.0 AppleWebKit/537.36 (KHTML, like Gecko; compatible; GPTBot/1.3; +https://openai.com/gptbot)"
74.7.242.22 - - [12/May/2026:07:00:42 +1000] "GET /wp-json/oembed/1.0/embed?format=xml&url=https%3A%2F%2Fwww.coridyan.com%2Fonline-casino-australia-casinobonusca%2F HTTP/2" 200 1485 "https://www.coridyan.com/online-casino-australia-casinobonusca/" "Mozilla/5.0 AppleWebKit/537.36 (KHTML, like Gecko; compatible; GPTBot/1.3; +https://openai.com/gptbot)"
74.7.242.22 - - [12/May/2026:07:00:44 +1000] "GET /wp-json/oembed/1.0/embed?format=xml&url=https%3A%2F%2Fwww.coridyan.com%2Fcashlib-casino-free-play-casino-australia%2F HTTP/2" 200 1465 "https://www.coridyan.com/cashlib-casino-free-play-casino-australia/" "Mozilla/5.0 AppleWebKit/537.36 (KHTML, like Gecko; compatible; GPTBot/1.3; +https://openai.com/gptbot)"
65.108.125.120 - - [12/May/2026:07:00:45 +1000] "GET /totally-free-local-casino-discount-coupons-for-present-people-cats-online-slot-2026/feed/ HTTP/1.1" 200 1003 "-" "Mozilla/5.0 (compatible; MJ12bot/v1.4.8; http://mj12bot.com/)"
74.7.242.22 - - [12/May/2026:07:00:46 +1000] "GET /wp-json/oembed/1.0/embed?format=xml&url=https%3A%2F%2Fwww.coridyan.com%2Fonline-casino-prize-draw-casino-australia%2F HTTP/2" 200 1464 "https://www.coridyan.com/online-casino-prize-draw-casino-australia/" "Mozilla/5.0 AppleWebKit/537.36 (KHTML, like Gecko; compatible; GPTBot/1.3; +https://openai.com/gptbot)"
192.178.4.100 - - [12/May/2026:07:00:44 +1000] "GET /?products/detail/69230098 HTTP/1.1" 200 32259 "-" "Mozilla/5.0 (Linux; Android 6.0.1; Nexus 5X Build/MMB29P) AppleWebKit/537.36 (KHTML, like Gecko) Chrome/147.0.7727.137 Mobile Safari/537.36 (compatible; Googlebot/2.1; +http://www.google.com/bot.html)"
52.5.242.243 - - [12/May/2026:07:00:46 +1000] "GET /wp-json/wp/v2/posts/29401 HTTP/1.1" 200 6478 "-" "Mozilla/5.0 AppleWebKit/537.36 (KHTML, like Gecko; compatible; Amazonbot/0.1; +https://developer.amazon.com/support/amazonbot) Chrome/119.0.6045.214 Safari/537.36"
57.141.14.66 - - [12/May/2026:07:00:46 +1000] "GET /products/detail/69879817 HTTP/2" 200 137741 "-" "meta-externalagent/1.1 (+https://developers.facebook.com/docs/sharing/webmasters/crawler)"
74.7.242.22 - - [12/May/2026:07:00:48 +1000] "GET /wp-json/oembed/1.0/embed?format=xml&url=https%3A%2F%2Fwww.coridyan.com%2Fbest-mifinity-casino-safe-casino-australia%2F HTTP/2" 200 1468 "https://www.coridyan.com/best-mifinity-casino-safe-casino-australia/" "Mozilla/5.0 AppleWebKit/537.36 (KHTML, like Gecko; compatible; GPTBot/1.3; +https://openai.com/gptbot)"
44.209.89.189 - - [12/May/2026:07:00:48 +1000] "GET /wp-json/oembed/1.0/embed?format=xml&url=https://www.coridyan.com/demo-play-all-emboscada-tiger-slots-free-tragamonedas-jackpot-20000-play-slot-games-roadmap-additional/ HTTP/1.1" 200 2171 "-" "Mozilla/5.0 AppleWebKit/537.36 (KHTML, like Gecko; compatible; Amazonbot/0.1; +https://developer.amazon.com/support/amazonbot) Chrome/119.0.6045.214 Safari/537.36"
65.108.125.120 - - [12/May/2026:07:00:49 +1000] "GET /totally-free-pokies-australia-gamble-online-pokies-gratowin-bonus-code-enjoyment-no-install/ HTTP/1.1" 200 42734 "-" "Mozilla/5.0 (compatible; MJ12bot/v1.4.8; http://mj12bot.com/)"
74.7.242.22 - - [12/May/2026:07:00:49 +1000] "GET /wp-json/oembed/1.0/embed?format=xml&url=https%3A%2F%2Fwww.coridyan.com%2Fbest-bitcoin-casino-safe-casino-australia%2F HTTP/2" 200 1461 "https://www.coridyan.com/best-bitcoin-casino-safe-casino-australia/" "Mozilla/5.0 AppleWebKit/537.36 (KHTML, like Gecko; compatible; GPTBot/1.3; +https://openai.com/gptbot)"
192.178.4.100 - - [12/May/2026:07:00:48 +1000] "GET /?products/detail/60261544 HTTP/1.1" 200 32463 "-" "Mozilla/5.0 (Linux; Android 6.0.1; Nexus 5X Build/MMB29P) AppleWebKit/537.36 (KHTML, like Gecko) Chrome/147.0.7727.137 Mobile Safari/537.36 (compatible; Googlebot/2.1; +http://www.google.com/bot.html)"
192.178.4.100 - - [12/May/2026:07:00:49 +1000] "GET /content.php?product/71454322 HTTP/1.1" 200 28973 "-" "Mozilla/5.0 (Linux; Android 6.0.1; Nexus 5X Build/MMB29P) AppleWebKit/537.36 (KHTML, like Gecko) Chrome/147.0.7727.137 Mobile Safari/537.36 (compatible; Googlebot/2.1; +http://www.google.com/bot.html)"
74.7.242.22 - - [12/May/2026:07:00:51 +1000] "GET /wp-json/oembed/1.0/embed?format=xml&url=https%3A%2F%2Fwww.coridyan.com%2Fcrypto-casino-high-roller-casino-australia%2F HTTP/2" 200 1471 "https://www.coridyan.com/crypto-casino-high-roller-casino-australia/" "Mozilla/5.0 AppleWebKit/537.36 (KHTML, like Gecko; compatible; GPTBot/1.3; +https://openai.com/gptbot)"
18.213.102.186 - - [12/May/2026:07:00:53 +1000] "GET /wp-json/wp/v2/posts/%22https:/casino.help/wp-content/uploads/2021/08/cresus-lobby-screenshot.jpg/%22 HTTP/1.1" 200 617 "-" "Mozilla/5.0 AppleWebKit/537.36 (KHTML, like Gecko; compatible; Amazonbot/0.1; +https://developer.amazon.com/support/amazonbot) Chrome/119.0.6045.214 Safari/537.36"
74.7.242.22 - - [12/May/2026:07:00:53 +1000] "GET /wp-json/oembed/1.0/embed?format=xml&url=https%3A%2F%2Fwww.coridyan.com%2Fpayid-casino-no-wagering-casino-australia%2F HTTP/2" 200 1479 "https://www.coridyan.com/payid-casino-no-wagering-casino-australia/" "Mozilla/5.0 AppleWebKit/537.36 (KHTML, like Gecko; compatible; GPTBot/1.3; +https://openai.com/gptbot)"
34.226.89.140 - - [12/May/2026:07:00:53 +1000] "GET /tragaperras-cleopatra-juego-sobre-tragamonedas-bono-de-machance-sin-cargo/ HTTP/1.1" 200 41567 "-" "Mozilla/5.0 AppleWebKit/537.36 (KHTML, like Gecko; compatible; Amazonbot/0.1; +https://developer.amazon.com/support/amazonbot) Chrome/119.0.6045.214 Safari/537.36"
65.108.125.120 - - [12/May/2026:07:00:53 +1000] "GET /tournois-verts-comment-les-operateurs-igaming-allient-competitions-e-sportives-securite-des-paiements-et-engagement-ecologique/ HTTP/1.1" 200 46288 "-" "Mozilla/5.0 (compatible; MJ12bot/v1.4.8; http://mj12bot.com/)"
192.178.4.100 - - [12/May/2026:07:00:53 +1000] "GET /?products/detail/53432551 HTTP/1.1" 200 31740 "-" "Mozilla/5.0 (Linux; Android 6.0.1; Nexus 5X Build/MMB29P) AppleWebKit/537.36 (KHTML, like Gecko) Chrome/147.0.7727.137 Mobile Safari/537.36 (compatible; Googlebot/2.1; +http://www.google.com/bot.html)"
74.7.242.22 - - [12/May/2026:07:00:55 +1000] "GET /wp-json/oembed/1.0/embed?format=xml&url=https%3A%2F%2Fwww.coridyan.com%2Fethereum-casino-cashback-casino-australia%2F HTTP/2" 200 1459 "https://www.coridyan.com/ethereum-casino-cashback-casino-australia/" "Mozilla/5.0 AppleWebKit/537.36 (KHTML, like Gecko; compatible; GPTBot/1.3; +https://openai.com/gptbot)"
35.174.253.85 - - [12/May/2026:07:00:56 +1000] "GET /wp-json/wp/v2/posts/%22https:/s3-media0.fl.yelpcdn.com/bphoto/F39oUcgO3LdGokGQAEJt5Q/348s.jpg/%22 HTTP/1.1" 200 617 "-" "Mozilla/5.0 AppleWebKit/537.36 (KHTML, like Gecko; compatible; Amazonbot/0.1; +https://developer.amazon.com/support/amazonbot) Chrome/119.0.6045.214 Safari/537.36"
74.7.242.22 - - [12/May/2026:07:00:57 +1000] "GET /wp-json/oembed/1.0/embed?format=xml&url=https%3A%2F%2Fwww.coridyan.com%2Fapple-pay-casino-cashback-casino-australia%2F HTTP/2" 200 1471 "https://www.coridyan.com/apple-pay-casino-cashback-casino-australia/" "Mozilla/5.0 AppleWebKit/537.36 (KHTML, like Gecko; compatible; GPTBot/1.3; +https://openai.com/gptbot)"
65.108.125.120 - - [12/May/2026:07:00:58 +1000] "GET /trip2vip-casino-20-free-spins-no-deposit/ HTTP/1.1" 200 40708 "-" "Mozilla/5.0 (compatible; MJ12bot/v1.4.8; http://mj12bot.com/)"
74.7.242.22 - - [12/May/2026:07:00:58 +1000] "GET /wp-json/oembed/1.0/embed?format=xml&url=https%3A%2F%2Fwww.coridyan.com%2Fbest-ethereum-casino-safe-casino-australia%2F HTTP/2" 200 1483 "https://www.coridyan.com/best-ethereum-casino-safe-casino-australia/" "Mozilla/5.0 AppleWebKit/537.36 (KHTML, like Gecko; compatible; GPTBot/1.3; +https://openai.com/gptbot)"
