100.28.44.58 - - [12/May/2026:06:31:21 +1000] "GET /wp-json/wp/v2/posts/28630 HTTP/1.1" 200 6398 "-" "Mozilla/5.0 AppleWebKit/537.36 (KHTML, like Gecko; compatible; Amazonbot/0.1; +https://developer.amazon.com/support/amazonbot) Chrome/119.0.6045.214 Safari/537.36"
57.141.14.44 - - [12/May/2026:06:31:24 +1000] "GET /products/detail/54286354 HTTP/2" 200 137741 "-" "meta-externalagent/1.1 (+https://developers.facebook.com/docs/sharing/webmasters/crawler)"
18.232.36.1 - - [12/May/2026:06:31:25 +1000] "GET /wp-json/wp/v2/posts/13542 HTTP/1.1" 200 8263 "-" "Mozilla/5.0 AppleWebKit/537.36 (KHTML, like Gecko; compatible; Amazonbot/0.1; +https://developer.amazon.com/support/amazonbot) Chrome/119.0.6045.214 Safari/537.36"
3.215.221.125 - - [12/May/2026:06:31:26 +1000] "GET /wp-json/wp/v2/posts/%22https:/pechanga.net/03-02-2023-10-30-32-pm-1654336.jpg/%22 HTTP/1.1" 200 617 "-" "Mozilla/5.0 AppleWebKit/537.36 (KHTML, like Gecko; compatible; Amazonbot/0.1; +https://developer.amazon.com/support/amazonbot) Chrome/119.0.6045.214 Safari/537.36"
52.167.144.160 - - [12/May/2026:06:31:29 +1000] "GET /products/detail/59277853 HTTP/2" 200 31403 "-" "Mozilla/5.0 AppleWebKit/537.36 (KHTML, like Gecko; compatible; bingbot/2.0; +http://www.bing.com/bingbot.htm) Chrome/116.0.1938.76 Safari/537.36"
216.73.216.86 - - [12/May/2026:06:31:32 +1000] "GET /pokies-online-2026-play-for-free-real-cash-from-the-better-casinos/ HTTP/2" 200 40536 "-" "Mozilla/5.0 AppleWebKit/537.36 (KHTML, like Gecko; compatible; ClaudeBot/1.0; +claudebot@anthropic.com)"
216.73.216.86 - - [12/May/2026:06:31:32 +1000] "GET /titanic-1912-inglaterra-one-penny-ranura-de-bonificacion-lucky-haunter-monedas/ HTTP/2" 200 44053 "-" "Mozilla/5.0 AppleWebKit/537.36 (KHTML, like Gecko; compatible; ClaudeBot/1.0; +claudebot@anthropic.com)"
192.178.4.100 - - [12/May/2026:06:31:31 +1000] "GET /?products/detail/67362364 HTTP/1.1" 200 31664 "-" "Mozilla/5.0 (Linux; Android 6.0.1; Nexus 5X Build/MMB29P) AppleWebKit/537.36 (KHTML, like Gecko) Chrome/147.0.7727.137 Mobile Safari/537.36 (compatible; Googlebot/2.1; +http://www.google.com/bot.html)"
192.178.4.100 - - [12/May/2026:06:31:32 +1000] "GET /?products/detail/65730835 HTTP/1.1" 200 32754 "-" "Mozilla/5.0 (Linux; Android 6.0.1; Nexus 5X Build/MMB29P) AppleWebKit/537.36 (KHTML, like Gecko) Chrome/147.0.7727.137 Mobile Safari/537.36 (compatible; Googlebot/2.1; +http://www.google.com/bot.html)"
216.73.216.86 - - [12/May/2026:06:31:36 +1000] "GET /sportingbet-online-romania-platforma-si-aplicatia-cazinoului-meci-bonusuri-cauz/feed/ HTTP/2" 200 521 "-" "Mozilla/5.0 AppleWebKit/537.36 (KHTML, like Gecko; compatible; ClaudeBot/1.0; +claudebot@anthropic.com)"
216.73.216.86 - - [12/May/2026:06:31:36 +1000] "GET /beste-mobile-casinos-inside-brd-%E1%97%8E-taschentelefon-ihre-antwort-casino-spiele-qua-echtgeld/ HTTP/2" 200 43155 "-" "Mozilla/5.0 AppleWebKit/537.36 (KHTML, like Gecko; compatible; ClaudeBot/1.0; +claudebot@anthropic.com)"
57.141.14.32 - - [12/May/2026:06:31:36 +1000] "GET /products/detail/70084936 HTTP/2" 200 137741 "-" "meta-externalagent/1.1 (+https://developers.facebook.com/docs/sharing/webmasters/crawler)"
57.141.14.56 - - [12/May/2026:06:31:38 +1000] "GET /products/detail/61775866 HTTP/2" 200 137741 "-" "meta-externalagent/1.1 (+https://developers.facebook.com/docs/sharing/webmasters/crawler)"
52.202.233.37 - - [12/May/2026:06:31:41 +1000] "GET /wp-json/wp/v2/posts/%22https:/casinotops.online/wp-content/uploads/2021/08/Creus-Casino.jpeg/%22 HTTP/1.1" 200 617 "-" "Mozilla/5.0 AppleWebKit/537.36 (KHTML, like Gecko; compatible; Amazonbot/0.1; +https://developer.amazon.com/support/amazonbot) Chrome/119.0.6045.214 Safari/537.36"
57.141.14.88 - - [12/May/2026:06:31:41 +1000] "GET /products/detail/67352338 HTTP/2" 200 137741 "-" "meta-externalagent/1.1 (+https://developers.facebook.com/docs/sharing/webmasters/crawler)"
192.178.4.100 - - [12/May/2026:06:31:42 +1000] "GET /content.php?product/51978514 HTTP/1.1" 200 29086 "-" "Mozilla/5.0 (Linux; Android 6.0.1; Nexus 5X Build/MMB29P) AppleWebKit/537.36 (KHTML, like Gecko) Chrome/147.0.7727.137 Mobile Safari/537.36 (compatible; GoogleOther)"
216.73.216.86 - - [12/May/2026:06:31:49 +1000] "GET /%d8%a8%d9%87%d8%aa%d8%b1%db%8c%d9%86-%d8%a7%d9%be%d9%84%db%8c%da%a9%db%8c%d8%b4%d9%86%d9%87%d8%a7%db%8c-%d9%be%d9%88%da%a9%db%8c%d8%b2-%d8%af%d8%b1-%d8%b3%d8%b1%d8%a7%d8%b3%d8%b1-%d8%a7%d8%b3/feed/ HTTP/2" 200 624 "-" "Mozilla/5.0 AppleWebKit/537.36 (KHTML, like Gecko; compatible; ClaudeBot/1.0; +claudebot@anthropic.com)"
216.73.216.86 - - [12/May/2026:06:31:49 +1000] "GET /beste-mobile-casinos-inside-brd-%e1%97%8e-taschentelefon-ihre-antwort-casino-spiele-qua-echtgeld/feed/ HTTP/2" 200 530 "-" "Mozilla/5.0 AppleWebKit/537.36 (KHTML, like Gecko; compatible; ClaudeBot/1.0; +claudebot@anthropic.com)"
192.178.4.100 - - [12/May/2026:06:31:55 +1000] "GET /content.php?product/71419066 HTTP/1.1" 200 29242 "-" "Mozilla/5.0 (Linux; Android 6.0.1; Nexus 5X Build/MMB29P) AppleWebKit/537.36 (KHTML, like Gecko) Chrome/147.0.7727.137 Mobile Safari/537.36 (compatible; GoogleOther)"
216.73.216.86 - - [12/May/2026:06:31:55 +1000] "GET /spielsaal-spiele-liste-2026-samtliche-spielsaal-spiele-inoffizieller-mitarbeiter-zusammenfassung/feed/ HTTP/2" 200 510 "-" "Mozilla/5.0 AppleWebKit/537.36 (KHTML, like Gecko; compatible; ClaudeBot/1.0; +claudebot@anthropic.com)"
216.73.216.86 - - [12/May/2026:06:31:55 +1000] "GET /strafbaar-goldbet-bonussen-verslaan-8-omgangsvormen-afwisselend-aantal-strafbaar-te-overwinnen-noppes/ HTTP/2" 200 40474 "-" "Mozilla/5.0 AppleWebKit/537.36 (KHTML, like Gecko; compatible; ClaudeBot/1.0; +claudebot@anthropic.com)"
57.141.14.26 - - [12/May/2026:06:31:57 +1000] "GET /products/detail/66165760 HTTP/2" 200 137741 "-" "meta-externalagent/1.1 (+https://developers.facebook.com/docs/sharing/webmasters/crawler)"
57.141.14.95 - - [12/May/2026:06:31:58 +1000] "GET /products/detail/53061535 HTTP/2" 200 137741 "-" "meta-externalagent/1.1 (+https://developers.facebook.com/docs/sharing/webmasters/crawler)"
192.178.4.100 - - [12/May/2026:06:32:00 +1000] "GET /?products/detail/56459503 HTTP/1.1" 200 32363 "-" "Mozilla/5.0 (Linux; Android 6.0.1; Nexus 5X Build/MMB29P) AppleWebKit/537.36 (KHTML, like Gecko) Chrome/147.0.7727.137 Mobile Safari/537.36 (compatible; Googlebot/2.1; +http://www.google.com/bot.html)"
57.141.14.29 - - [12/May/2026:06:32:03 +1000] "GET /products/detail/54380620 HTTP/2" 200 137741 "-" "meta-externalagent/1.1 (+https://developers.facebook.com/docs/sharing/webmasters/crawler)"
52.200.142.199 - - [12/May/2026:06:32:04 +1000] "GET /gladiator-bet-casino-2026-win-around-five-hundred-free-spins-amazon-extra-discounts/feed/ HTTP/1.1" 200 1016 "-" "Mozilla/5.0 AppleWebKit/537.36 (KHTML, like Gecko; compatible; Amazonbot/0.1; +https://developer.amazon.com/support/amazonbot) Chrome/119.0.6045.214 Safari/537.36"
52.167.144.238 - - [12/May/2026:06:32:10 +1000] "GET /products/detail/57955798 HTTP/2" 200 31035 "-" "Mozilla/5.0 AppleWebKit/537.36 (KHTML, like Gecko; compatible; bingbot/2.0; +http://www.bing.com/bingbot.htm) Chrome/116.0.1938.76 Safari/537.36"
216.73.216.86 - - [12/May/2026:06:32:20 +1000] "GET /immortal-like-slot-2026-komentar-bet-real-unutar-starburst-slota-korak-1-stavite-potpuno-novu-kanadu/ HTTP/2" 200 40429 "-" "Mozilla/5.0 AppleWebKit/537.36 (KHTML, like Gecko; compatible; ClaudeBot/1.0; +claudebot@anthropic.com)"
200.25.47.105 - - [12/May/2026:06:32:18 +1000] "POST /xmlrpc.php HTTP/1.1" 200 657 "-" "Mozilla/5.0 (Windows NT 10.0; Win64; x64) AppleWebKit/537.36 (KHTML, like Gecko) Chrome/114.0.0.0 Safari/537.36"
216.73.216.86 - - [12/May/2026:06:32:20 +1000] "GET /tagesordnungspunkt-10-starburst-online-casinos-2026-bonus-free-neon-bananas-spielautomat-spins/feed/ HTTP/2" 200 0 "-" "Mozilla/5.0 AppleWebKit/537.36 (KHTML, like Gecko; compatible; ClaudeBot/1.0; +claudebot@anthropic.com)"
192.178.4.100 - - [12/May/2026:06:32:27 +1000] "GET /?products/detail/61098337 HTTP/1.1" 200 32822 "-" "Mozilla/5.0 (Linux; Android 6.0.1; Nexus 5X Build/MMB29P) AppleWebKit/537.36 (KHTML, like Gecko) Chrome/147.0.7727.137 Mobile Safari/537.36 (compatible; Googlebot/2.1; +http://www.google.com/bot.html)"
216.73.216.86 - - [12/May/2026:06:32:34 +1000] "GET /dies-beste-erreichbar-kasino-city-of-gold-kostenlose-spins-150-2026-in-brd/ HTTP/2" 200 43758 "-" "Mozilla/5.0 AppleWebKit/537.36 (KHTML, like Gecko; compatible; ClaudeBot/1.0; +claudebot@anthropic.com)"
216.73.216.86 - - [12/May/2026:06:32:34 +1000] "GET /beste-angeschlossen-spielautomaten-online-totem-island-casinos-qua-sofortuberweisung-2026/ HTTP/2" 200 42077 "-" "Mozilla/5.0 AppleWebKit/537.36 (KHTML, like Gecko; compatible; ClaudeBot/1.0; +claudebot@anthropic.com)"
200.25.47.105 - - [12/May/2026:06:32:35 +1000] "POST /xmlrpc.php HTTP/1.1" 200 10790 "-" "Mozilla/5.0 (Windows NT 10.0; Win64; x64) AppleWebKit/537.36 (KHTML, like Gecko) Chrome/114.0.0.0 Safari/537.36"
57.141.14.14 - - [12/May/2026:06:32:35 +1000] "GET /products/detail/54028063 HTTP/2" 200 137741 "-" "meta-externalagent/1.1 (+https://developers.facebook.com/docs/sharing/webmasters/crawler)"
111.67.29.221 - - [12/May/2026:06:32:37 +1000] "POST /wp-cron.php?doing_wp_cron=1778531557.2368888854980468750000 HTTP/1.1" 200 445 "https://www.coridyan.com/wp-cron.php?doing_wp_cron=1778531557.2368888854980468750000" "WordPress/6.0.11; https://www.coridyan.com"
192.178.4.100 - - [12/May/2026:06:32:43 +1000] "GET /content.php?product/72976186 HTTP/1.1" 200 29944 "-" "Mozilla/5.0 (Linux; Android 6.0.1; Nexus 5X Build/MMB29P) AppleWebKit/537.36 (KHTML, like Gecko) Chrome/147.0.7727.137 Mobile Safari/537.36 (compatible; GoogleOther)"
200.25.47.105 - - [12/May/2026:06:32:44 +1000] "GET /%E3%83%AA%E3%82%A2%E3%83%AB%E3%82%B9%E3%83%AD%E3%83%83%E3%83%88%E3%81%BE%E3%81%9F%E3%81%AF%E7%84%A1%E5%BD%A9%E8%89%B2%E3%82%B9%E3%83%AD%E3%83%83%E3%83%88%E3%81%AE%E3%82%B3%E3%83%A1%E3%83%B3%E3%83%88-n/ HTTP/1.1" 200 159216 "-" "Mozilla/5.0 (Windows NT 10.0; Win64; x64) AppleWebKit/537.36 (KHTML, like Gecko) Chrome/123.0.0.0 Safari/537.36"
216.73.216.86 - - [12/May/2026:06:32:46 +1000] "GET /seriose-verbunden-casinos-spielotheken-2026-kostenlose-spins-keine-einzahlung-shogun-teutonia/feed/ HTTP/2" 200 0 "-" "Mozilla/5.0 AppleWebKit/537.36 (KHTML, like Gecko; compatible; ClaudeBot/1.0; +claudebot@anthropic.com)"
216.73.216.86 - - [12/May/2026:06:32:46 +1000] "GET /fire-island-new-jogue-gates-of-olympus-online-york-travel-guide-news-events-things-to-esfogiteado-index-page/feed/ HTTP/2" 200 0 "-" "Mozilla/5.0 AppleWebKit/537.36 (KHTML, like Gecko; compatible; ClaudeBot/1.0; +claudebot@anthropic.com)"
107.189.10.234 - - [12/May/2026:06:32:54 +1000] "POST ///wp-login.php HTTP/1.1" 200 3731 "-" "Mozilla/5.0 (Macintosh; Intel Mac OS X 10_9_4 AppleWebKit/537.36 (KHTML, like Gecko) Chrome/36.0.1985.125 Safari/537.36"
192.178.4.100 - - [12/May/2026:06:32:54 +1000] "GET /?products/detail/68420566 HTTP/1.1" 200 41616 "-" "Mozilla/5.0 (Linux; Android 6.0.1; Nexus 5X Build/MMB29P) AppleWebKit/537.36 (KHTML, like Gecko) Chrome/147.0.7727.137 Mobile Safari/537.36 (compatible; Googlebot/2.1; +http://www.google.com/bot.html)"
216.73.216.86 - - [12/May/2026:06:32:54 +1000] "GET /wunderino-zugang-und-registration-im-spielbank-je-gamer-magic-jewels-slot-fur-geld-nicht-mehr-da-deutschland/ HTTP/2" 200 42172 "-" "Mozilla/5.0 AppleWebKit/537.36 (KHTML, like Gecko; compatible; ClaudeBot/1.0; +claudebot@anthropic.com)"
216.73.216.86 - - [12/May/2026:06:32:54 +1000] "GET /8-echtgeld-casinos-im-untersuchung-2026-spielen-sie-guns-n-roses-spielautomaten-unter-allen-umstanden-einlosen-das-rennen-machen/ HTTP/2" 200 42407 "-" "Mozilla/5.0 AppleWebKit/537.36 (KHTML, like Gecko; compatible; ClaudeBot/1.0; +claudebot@anthropic.com)"
192.178.4.100 - - [12/May/2026:06:32:56 +1000] "GET /content.php?product/65658562 HTTP/1.1" 200 27865 "-" "Mozilla/5.0 (Linux; Android 6.0.1; Nexus 5X Build/MMB29P) AppleWebKit/537.36 (KHTML, like Gecko) Chrome/147.0.7727.137 Mobile Safari/537.36 (compatible; GoogleOther)"
216.73.216.86 - - [12/May/2026:06:33:14 +1000] "GET /%E1%90%88-cool-cobber-casino-promo-code-existing-customers-no-deposit-fruit-100-percent-free-casino-slot-games-online-play-game-playtech/ HTTP/2" 200 42614 "-" "Mozilla/5.0 AppleWebKit/537.36 (KHTML, like Gecko; compatible; ClaudeBot/1.0; +claudebot@anthropic.com)"
216.73.216.86 - - [12/May/2026:06:33:14 +1000] "GET /neue-erreichbar-casinos-2026-uber-maklercourtage-weswegen-das-ganze-nur-ein-zahlenratsel-wird/feed/ HTTP/2" 200 0 "-" "Mozilla/5.0 AppleWebKit/537.36 (KHTML, like Gecko; compatible; ClaudeBot/1.0; +claudebot@anthropic.com)"
192.178.4.101 - - [12/May/2026:06:33:21 +1000] "GET /?products/detail/64335916 HTTP/1.1" 200 33118 "-" "Mozilla/5.0 (Linux; Android 6.0.1; Nexus 5X Build/MMB29P) AppleWebKit/537.36 (KHTML, like Gecko) Chrome/147.0.7727.137 Mobile Safari/537.36 (compatible; Googlebot/2.1; +http://www.google.com/bot.html)"
216.73.216.86 - - [12/May/2026:06:33:42 +1000] "GET /?p=68826 HTTP/2" 200 22 "-" "Mozilla/5.0 AppleWebKit/537.36 (KHTML, like Gecko; compatible; ClaudeBot/1.0; +claudebot@anthropic.com)"
192.178.4.101 - - [12/May/2026:06:33:43 +1000] "GET /content.php?product/53584834 HTTP/1.1" 200 28299 "-" "Mozilla/5.0 (Linux; Android 6.0.1; Nexus 5X Build/MMB29P) AppleWebKit/537.36 (KHTML, like Gecko) Chrome/147.0.7727.137 Mobile Safari/537.36 (compatible; GoogleOther)"
192.178.4.100 - - [12/May/2026:06:33:48 +1000] "GET /?products/detail/56699470 HTTP/1.1" 200 31622 "-" "Mozilla/5.0 (Linux; Android 6.0.1; Nexus 5X Build/MMB29P) AppleWebKit/537.36 (KHTML, like Gecko) Chrome/147.0.7727.137 Mobile Safari/537.36 (compatible; Googlebot/2.1; +http://www.google.com/bot.html)"
57.141.14.44 - - [12/May/2026:06:33:54 +1000] "GET /products/detail/55304515 HTTP/2" 200 137741 "-" "meta-externalagent/1.1 (+https://developers.facebook.com/docs/sharing/webmasters/crawler)"
192.178.4.100 - - [12/May/2026:06:33:57 +1000] "GET /content.php?product/95592730 HTTP/1.1" 200 28925 "-" "Mozilla/5.0 (Linux; Android 6.0.1; Nexus 5X Build/MMB29P) AppleWebKit/537.36 (KHTML, like Gecko) Chrome/147.0.7727.137 Mobile Safari/537.36 (compatible; GoogleOther)"
192.178.4.100 - - [12/May/2026:06:34:15 +1000] "GET /?products/detail/56826136 HTTP/1.1" 200 32394 "-" "Mozilla/5.0 (Linux; Android 6.0.1; Nexus 5X Build/MMB29P) AppleWebKit/537.36 (KHTML, like Gecko) Chrome/147.0.7727.137 Mobile Safari/537.36 (compatible; Googlebot/2.1; +http://www.google.com/bot.html)"
57.141.14.85 - - [12/May/2026:06:34:33 +1000] "GET /products/detail/54020746 HTTP/2" 200 137741 "-" "meta-externalagent/1.1 (+https://developers.facebook.com/docs/sharing/webmasters/crawler)"
57.141.14.28 - - [12/May/2026:06:34:34 +1000] "GET /products/detail/55058230 HTTP/2" 200 137741 "-" "meta-externalagent/1.1 (+https://developers.facebook.com/docs/sharing/webmasters/crawler)"
192.178.4.100 - - [12/May/2026:06:34:42 +1000] "GET /?products/detail/63576361 HTTP/1.1" 200 32182 "-" "Mozilla/5.0 (Linux; Android 6.0.1; Nexus 5X Build/MMB29P) AppleWebKit/537.36 (KHTML, like Gecko) Chrome/147.0.7727.137 Mobile Safari/537.36 (compatible; Googlebot/2.1; +http://www.google.com/bot.html)"
192.178.4.100 - - [12/May/2026:06:34:44 +1000] "GET /content.php?product/51500602 HTTP/1.1" 200 29124 "-" "Mozilla/5.0 (Linux; Android 6.0.1; Nexus 5X Build/MMB29P) AppleWebKit/537.36 (KHTML, like Gecko) Chrome/147.0.7727.137 Mobile Safari/537.36 (compatible; GoogleOther)"
57.141.14.42 - - [12/May/2026:06:34:52 +1000] "GET /products/detail/69741532 HTTP/2" 200 137741 "-" "meta-externalagent/1.1 (+https://developers.facebook.com/docs/sharing/webmasters/crawler)"
57.141.14.31 - - [12/May/2026:06:35:01 +1000] "GET /products/detail/53780662 HTTP/2" 200 137741 "-" "meta-externalagent/1.1 (+https://developers.facebook.com/docs/sharing/webmasters/crawler)"
192.178.4.102 - - [12/May/2026:06:35:01 +1000] "GET /content.php?product/47607106 HTTP/1.1" 200 29376 "-" "Mozilla/5.0 (Linux; Android 6.0.1; Nexus 5X Build/MMB29P) AppleWebKit/537.36 (KHTML, like Gecko) Chrome/147.0.7727.137 Mobile Safari/537.36 (compatible; GoogleOther)"
57.141.14.105 - - [12/May/2026:06:35:08 +1000] "GET /products/detail/57482353 HTTP/2" 200 137741 "-" "meta-externalagent/1.1 (+https://developers.facebook.com/docs/sharing/webmasters/crawler)"
192.178.4.100 - - [12/May/2026:06:35:09 +1000] "GET /?products/detail/64173844 HTTP/1.1" 200 32886 "-" "Mozilla/5.0 (Linux; Android 6.0.1; Nexus 5X Build/MMB29P) AppleWebKit/537.36 (KHTML, like Gecko) Chrome/147.0.7727.137 Mobile Safari/537.36 (compatible; Googlebot/2.1; +http://www.google.com/bot.html)"
57.141.14.19 - - [12/May/2026:06:35:12 +1000] "GET /products/detail/53042806 HTTP/2" 200 137741 "-" "meta-externalagent/1.1 (+https://developers.facebook.com/docs/sharing/webmasters/crawler)"
57.141.14.42 - - [12/May/2026:06:35:16 +1000] "GET /products/detail/52945660 HTTP/2" 200 137741 "-" "meta-externalagent/1.1 (+https://developers.facebook.com/docs/sharing/webmasters/crawler)"
216.73.216.86 - - [12/May/2026:06:35:26 +1000] "GET /revisao-da-crazy-coin-flip-1-deposito-slot-golden-goal/ HTTP/2" 200 42057 "-" "Mozilla/5.0 AppleWebKit/537.36 (KHTML, like Gecko; compatible; ClaudeBot/1.0; +claudebot@anthropic.com)"
192.178.4.100 - - [12/May/2026:06:35:36 +1000] "GET /?products/detail/59988655 HTTP/1.1" 200 31905 "-" "Mozilla/5.0 (Linux; Android 6.0.1; Nexus 5X Build/MMB29P) AppleWebKit/537.36 (KHTML, like Gecko) Chrome/147.0.7727.137 Mobile Safari/537.36 (compatible; Googlebot/2.1; +http://www.google.com/bot.html)"
192.178.4.100 - - [12/May/2026:06:35:45 +1000] "GET /content.php?product/43346026 HTTP/1.1" 200 28903 "-" "Mozilla/5.0 (Linux; Android 6.0.1; Nexus 5X Build/MMB29P) AppleWebKit/537.36 (KHTML, like Gecko) Chrome/147.0.7727.137 Mobile Safari/537.36 (compatible; GoogleOther)"
192.178.4.102 - - [12/May/2026:06:36:04 +1000] "GET /?products/detail/60418360 HTTP/1.1" 200 32682 "-" "Mozilla/5.0 (Linux; Android 6.0.1; Nexus 5X Build/MMB29P) AppleWebKit/537.36 (KHTML, like Gecko) Chrome/147.0.7727.137 Mobile Safari/537.36 (compatible; Googlebot/2.1; +http://www.google.com/bot.html)"
192.178.4.100 - - [12/May/2026:06:36:06 +1000] "GET /content.php?product/68618362 HTTP/1.1" 200 28145 "-" "Mozilla/5.0 (Linux; Android 6.0.1; Nexus 5X Build/MMB29P) AppleWebKit/537.36 (KHTML, like Gecko) Chrome/147.0.7727.137 Mobile Safari/537.36 (compatible; GoogleOther)"
57.141.14.107 - - [12/May/2026:06:36:06 +1000] "GET /products/detail/56882656 HTTP/2" 200 137741 "-" "meta-externalagent/1.1 (+https://developers.facebook.com/docs/sharing/webmasters/crawler)"
57.141.14.56 - - [12/May/2026:06:36:15 +1000] "GET /products/detail/67427677 HTTP/2" 200 137741 "-" "meta-externalagent/1.1 (+https://developers.facebook.com/docs/sharing/webmasters/crawler)"
57.141.14.52 - - [12/May/2026:06:36:17 +1000] "GET /products/detail/53831836 HTTP/2" 200 137741 "-" "meta-externalagent/1.1 (+https://developers.facebook.com/docs/sharing/webmasters/crawler)"
192.178.4.101 - - [12/May/2026:06:36:18 +1000] "GET /content.php?product/93640666 HTTP/1.1" 200 28672 "-" "Mozilla/5.0 (Linux; Android 6.0.1; Nexus 5X Build/MMB29P) AppleWebKit/537.36 (KHTML, like Gecko) Chrome/147.0.7727.137 Mobile Safari/537.36 (compatible; GoogleOther)"
40.77.167.235 - - [12/May/2026:06:36:21 +1000] "GET /products/detail/66767257 HTTP/2" 200 31733 "-" "Mozilla/5.0 AppleWebKit/537.36 (KHTML, like Gecko; compatible; bingbot/2.0; +http://www.bing.com/bingbot.htm) Chrome/116.0.1938.76 Safari/537.36"
57.141.14.13 - - [12/May/2026:06:36:27 +1000] "GET /products/detail/69021829 HTTP/2" 200 137741 "-" "meta-externalagent/1.1 (+https://developers.facebook.com/docs/sharing/webmasters/crawler)"
57.141.14.18 - - [12/May/2026:06:36:27 +1000] "GET /products/detail/62954317 HTTP/2" 200 137741 "-" "meta-externalagent/1.1 (+https://developers.facebook.com/docs/sharing/webmasters/crawler)"
57.141.14.91 - - [12/May/2026:06:36:28 +1000] "GET /products/detail/59702554 HTTP/2" 200 137741 "-" "meta-externalagent/1.1 (+https://developers.facebook.com/docs/sharing/webmasters/crawler)"
216.73.216.86 - - [12/May/2026:06:36:28 +1000] "GET /rollxo-casino-slot-machine-experience-variance-analysis/ HTTP/2" 200 40136 "-" "Mozilla/5.0 AppleWebKit/537.36 (KHTML, like Gecko; compatible; ClaudeBot/1.0; +claudebot@anthropic.com)"
192.178.4.100 - - [12/May/2026:06:36:31 +1000] "GET /?products/detail/68074903 HTTP/1.1" 200 32185 "-" "Mozilla/5.0 (Linux; Android 6.0.1; Nexus 5X Build/MMB29P) AppleWebKit/537.36 (KHTML, like Gecko) Chrome/147.0.7727.137 Mobile Safari/537.36 (compatible; Googlebot/2.1; +http://www.google.com/bot.html)"
192.178.4.100 - - [12/May/2026:06:36:36 +1000] "GET /content.php?product/103528786 HTTP/1.1" 200 28173 "-" "Mozilla/5.0 (Linux; Android 6.0.1; Nexus 5X Build/MMB29P) AppleWebKit/537.36 (KHTML, like Gecko) Chrome/147.0.7727.137 Mobile Safari/537.36 (compatible; Googlebot/2.1; +http://www.google.com/bot.html)"
192.178.4.100 - - [12/May/2026:06:36:37 +1000] "GET /content.php?product/60288346 HTTP/1.1" 200 28457 "-" "Mozilla/5.0 (Linux; Android 6.0.1; Nexus 5X Build/MMB29P) AppleWebKit/537.36 (KHTML, like Gecko) Chrome/147.0.7727.137 Mobile Safari/537.36 (compatible; Googlebot/2.1; +http://www.google.com/bot.html)"
57.141.14.83 - - [12/May/2026:06:36:42 +1000] "GET /products/detail/61159528 HTTP/2" 200 137741 "-" "meta-externalagent/1.1 (+https://developers.facebook.com/docs/sharing/webmasters/crawler)"
192.178.4.100 - - [12/May/2026:06:36:46 +1000] "GET /content.php?product/57162346 HTTP/1.1" 200 28917 "-" "Mozilla/5.0 (Linux; Android 6.0.1; Nexus 5X Build/MMB29P) AppleWebKit/537.36 (KHTML, like Gecko) Chrome/147.0.7727.137 Mobile Safari/537.36 (compatible; GoogleOther)"
57.141.14.11 - - [12/May/2026:06:36:49 +1000] "GET /products/detail/65034991 HTTP/2" 200 137741 "-" "meta-externalagent/1.1 (+https://developers.facebook.com/docs/sharing/webmasters/crawler)"
57.141.14.90 - - [12/May/2026:06:36:50 +1000] "GET /products/detail/58121452 HTTP/2" 200 137741 "-" "meta-externalagent/1.1 (+https://developers.facebook.com/docs/sharing/webmasters/crawler)"
57.141.14.16 - - [12/May/2026:06:36:58 +1000] "GET /products/detail/60418261 HTTP/2" 200 137741 "-" "meta-externalagent/1.1 (+https://developers.facebook.com/docs/sharing/webmasters/crawler)"
192.178.4.100 - - [12/May/2026:06:36:58 +1000] "GET /?products/detail/61284394 HTTP/1.1" 200 33178 "-" "Mozilla/5.0 (Linux; Android 6.0.1; Nexus 5X Build/MMB29P) AppleWebKit/537.36 (KHTML, like Gecko) Chrome/147.0.7727.137 Mobile Safari/537.36 (compatible; Googlebot/2.1; +http://www.google.com/bot.html)"
200.25.47.105 - - [12/May/2026:06:37:03 +1000] "POST /xmlrpc.php HTTP/1.1" 200 657 "-" "Mozilla/5.0 (Windows NT 10.0; Win64; x64) AppleWebKit/537.36 (KHTML, like Gecko) Chrome/114.0.0.0 Safari/537.36"
192.178.4.100 - - [12/May/2026:06:37:10 +1000] "GET /products/detail/53080633 HTTP/1.1" 200 31904 "-" "Mozilla/5.0 (Linux; Android 6.0.1; Nexus 5X Build/MMB29P) AppleWebKit/537.36 (KHTML, like Gecko) Chrome/147.0.7727.137 Mobile Safari/537.36 (compatible; GoogleOther)"
200.25.47.105 - - [12/May/2026:06:37:16 +1000] "POST /xmlrpc.php HTTP/1.1" 200 11828 "-" "Mozilla/5.0 (Windows NT 10.0; Win64; x64) AppleWebKit/537.36 (KHTML, like Gecko) Chrome/114.0.0.0 Safari/537.36"
111.67.29.221 - - [12/May/2026:06:37:16 +1000] "POST /wp-cron.php?doing_wp_cron=1778531836.2580471038818359375000 HTTP/1.1" 200 445 "https://www.coridyan.com/wp-cron.php?doing_wp_cron=1778531836.2580471038818359375000" "WordPress/6.0.11; https://www.coridyan.com"
216.73.216.86 - - [12/May/2026:06:37:14 +1000] "GET /playtika-nudi-betty-promo-kodovi-za-kasino-goldbet-bez-depozita-boop-kao-hit-besplatnu-online-igru-harves-unutar-kultne-suradnje-na-internetskim-protokolima/feed/ HTTP/2" 200 0 "-" "Mozilla/5.0 AppleWebKit/537.36 (KHTML, like Gecko; compatible; ClaudeBot/1.0; +claudebot@anthropic.com)"
192.178.4.100 - - [12/May/2026:06:37:20 +1000] "GET /?products/detail/65108485 HTTP/1.1" 200 32532 "-" "Mozilla/5.0 (Linux; Android 6.0.1; Nexus 5X Build/MMB29P) AppleWebKit/537.36 (KHTML, like Gecko) Chrome/147.0.7727.137 Mobile Safari/537.36 (compatible; Googlebot/2.1; +http://www.google.com/bot.html)"
200.25.47.105 - - [12/May/2026:06:37:22 +1000] "GET /1-lb-%E6%9C%80%E4%BD%8E%E5%85%A5%E9%87%91%E9%A1%8D%E3%81%AE%E3%82%AA%E3%83%B3%E3%83%A9%E3%82%A4%E3%83%B3%E3%82%AB%E3%82%B8%E3%83%8E%E3%81%A8%E8%8B%B1%E5%9B%BD%E4%BA%BA%E5%8F%82%E5%8A%A0%E8%80%85/ HTTP/1.1" 200 160936 "-" "Mozilla/5.0 (Windows NT 10.0; Win64; x64) AppleWebKit/537.36 (KHTML, like Gecko) Chrome/124.0.0.0 Safari/537.36 Edg/124.0.0.0"
192.178.4.100 - - [12/May/2026:06:37:24 +1000] "GET /?products/detail/59697352 HTTP/1.1" 200 33150 "-" "Mozilla/5.0 (Linux; Android 6.0.1; Nexus 5X Build/MMB29P) AppleWebKit/537.36 (KHTML, like Gecko) Chrome/147.0.7727.137 Mobile Safari/537.36 (compatible; Googlebot/2.1; +http://www.google.com/bot.html)"
192.178.4.100 - - [12/May/2026:06:37:32 +1000] "GET /comment.php?products/small-pivot-mach-4-carbon-xc-mountain-bike/12037188/ HTTP/1.1" 200 35588 "-" "Mozilla/5.0 (Linux; Android 6.0.1; Nexus 5X Build/MMB29P) AppleWebKit/537.36 (KHTML, like Gecko) Chrome/147.0.7727.137 Mobile Safari/537.36 (compatible; Googlebot/2.1; +http://www.google.com/bot.html)"
57.141.14.16 - - [12/May/2026:06:37:35 +1000] "GET /products/detail/64751689 HTTP/2" 200 137741 "-" "meta-externalagent/1.1 (+https://developers.facebook.com/docs/sharing/webmasters/crawler)"
192.178.4.100 - - [12/May/2026:06:37:47 +1000] "GET /content.php?product/46783066 HTTP/1.1" 200 28175 "-" "Mozilla/5.0 (Linux; Android 6.0.1; Nexus 5X Build/MMB29P) AppleWebKit/537.36 (KHTML, like Gecko) Chrome/147.0.7727.137 Mobile Safari/537.36 (compatible; GoogleOther)"
57.141.14.14 - - [12/May/2026:06:37:52 +1000] "GET /products/detail/67107916 HTTP/2" 200 137741 "-" "meta-externalagent/1.1 (+https://developers.facebook.com/docs/sharing/webmasters/crawler)"
192.178.4.100 - - [12/May/2026:06:37:57 +1000] "GET /?products/detail/55859869 HTTP/1.1" 200 32001 "-" "Mozilla/5.0 (Linux; Android 6.0.1; Nexus 5X Build/MMB29P) AppleWebKit/537.36 (KHTML, like Gecko) Chrome/147.0.7727.137 Mobile Safari/537.36 (compatible; Googlebot/2.1; +http://www.google.com/bot.html)"
192.178.4.100 - - [12/May/2026:06:37:56 +1000] "GET /?products/detail/54514054 HTTP/1.1" 200 32802 "-" "Mozilla/5.0 (Linux; Android 6.0.1; Nexus 5X Build/MMB29P) AppleWebKit/537.36 (KHTML, like Gecko) Chrome/147.0.7727.137 Mobile Safari/537.36 (compatible; Googlebot/2.1; +http://www.google.com/bot.html)"
57.141.14.90 - - [12/May/2026:06:38:08 +1000] "GET /products/detail/54953920 HTTP/2" 200 137741 "-" "meta-externalagent/1.1 (+https://developers.facebook.com/docs/sharing/webmasters/crawler)"
57.141.14.5 - - [12/May/2026:06:38:10 +1000] "GET /products/detail/55379449 HTTP/2" 200 137741 "-" "meta-externalagent/1.1 (+https://developers.facebook.com/docs/sharing/webmasters/crawler)"
192.178.4.100 - - [12/May/2026:06:38:14 +1000] "GET /content.php?product/87839962 HTTP/1.1" 200 29075 "-" "Mozilla/5.0 (Linux; Android 6.0.1; Nexus 5X Build/MMB29P) AppleWebKit/537.36 (KHTML, like Gecko) Chrome/147.0.7727.137 Mobile Safari/537.36 (compatible; GoogleOther)"
57.141.14.77 - - [12/May/2026:06:38:18 +1000] "GET /products/detail/54870760 HTTP/2" 200 137741 "-" "meta-externalagent/1.1 (+https://developers.facebook.com/docs/sharing/webmasters/crawler)"
192.178.4.100 - - [12/May/2026:06:38:19 +1000] "GET /?products/detail/60713542 HTTP/1.1" 200 31975 "-" "Mozilla/5.0 (Linux; Android 6.0.1; Nexus 5X Build/MMB29P) AppleWebKit/537.36 (KHTML, like Gecko) Chrome/147.0.7727.137 Mobile Safari/537.36 (compatible; Googlebot/2.1; +http://www.google.com/bot.html)"
216.73.216.86 - - [12/May/2026:06:38:22 +1000] "GET /?p=74429 HTTP/2" 200 22 "-" "Mozilla/5.0 AppleWebKit/537.36 (KHTML, like Gecko; compatible; ClaudeBot/1.0; +claudebot@anthropic.com)"
74.7.242.22 - - [12/May/2026:06:38:22 +1000] "GET /wp-json/oembed/1.0/embed?format=xml&url=https%3A%2F%2Fwww.coridyan.com%2Fslots-3-reel-australia%2F HTTP/2" 200 1445 "https://www.coridyan.com/slots-3-reel-australia/" "Mozilla/5.0 AppleWebKit/537.36 (KHTML, like Gecko; compatible; GPTBot/1.3; +https://openai.com/gptbot)"
216.73.216.86 - - [12/May/2026:06:38:22 +1000] "GET /greatest-on-the-web-pokies-in-australia-piled-jackpot-slot-for-real-cash-in-2026-ministere-de-los-angeles-sante-publique/feed/ HTTP/2" 200 562 "-" "Mozilla/5.0 AppleWebKit/537.36 (KHTML, like Gecko; compatible; ClaudeBot/1.0; +claudebot@anthropic.com)"
74.7.242.22 - - [12/May/2026:06:38:28 +1000] "GET /wp-json/oembed/1.0/embed?format=xml&url=https%3A%2F%2Fwww.coridyan.com%2Fno-dep-bingo-australia%2F HTTP/2" 200 22 "https://www.coridyan.com/no-dep-bingo-australia/" "Mozilla/5.0 AppleWebKit/537.36 (KHTML, like Gecko; compatible; GPTBot/1.3; +https://openai.com/gptbot)"
74.141.177.15 - - [12/May/2026:06:38:28 +1000] "GET /comment.php?products/year-end-reviewflying-star-feng-shui-appraisal/17336738/ HTTP/2" 200 21 "https://www.google.com/" "Mozilla/5.0 (Windows NT 10.0; Win64; x64) AppleWebKit/537.36 (KHTML, like Gecko) Chrome/145.0.0.0 Safari/537.36"
74.141.177.15 - - [12/May/2026:06:38:29 +1000] "GET /favicon.ico HTTP/2" 404 479 "https://www.coridyan.com/comment.php?products/year-end-reviewflying-star-feng-shui-appraisal/17336738/" "Mozilla/5.0 (Windows NT 10.0; Win64; x64) AppleWebKit/537.36 (KHTML, like Gecko) Chrome/145.0.0.0 Safari/537.36"
216.73.216.86 - - [12/May/2026:06:38:30 +1000] "GET /top-10-ofertas-infantilidade-casino-online-sem-casa-2026/feed/ HTTP/2" 200 481 "-" "Mozilla/5.0 AppleWebKit/537.36 (KHTML, like Gecko; compatible; ClaudeBot/1.0; +claudebot@anthropic.com)"
216.73.216.86 - - [12/May/2026:06:38:30 +1000] "GET /mejores-game-shows-casino/ HTTP/2" 200 42500 "-" "Mozilla/5.0 AppleWebKit/537.36 (KHTML, like Gecko; compatible; ClaudeBot/1.0; +claudebot@anthropic.com)"
74.7.242.22 - - [12/May/2026:06:38:30 +1000] "GET /wp-json/oembed/1.0/embed?format=xml&url=https%3A%2F%2Fwww.coridyan.com%2Fbig-spin-bonus-casino%2F HTTP/2" 200 1458 "https://www.coridyan.com/big-spin-bonus-casino/" "Mozilla/5.0 AppleWebKit/537.36 (KHTML, like Gecko; compatible; GPTBot/1.3; +https://openai.com/gptbot)"
57.141.14.51 - - [12/May/2026:06:38:32 +1000] "GET /products/detail/69293512 HTTP/2" 200 137741 "-" "meta-externalagent/1.1 (+https://developers.facebook.com/docs/sharing/webmasters/crawler)"
74.7.242.22 - - [12/May/2026:06:38:33 +1000] "GET /wp-json/oembed/1.0/embed?format=xml&url=https%3A%2F%2Fwww.coridyan.com%2Fid-online-casino-sites%2F HTTP/2" 200 1439 "https://www.coridyan.com/id-online-casino-sites/" "Mozilla/5.0 AppleWebKit/537.36 (KHTML, like Gecko; compatible; GPTBot/1.3; +https://openai.com/gptbot)"
57.141.14.73 - - [12/May/2026:06:38:33 +1000] "GET /products/detail/67682368 HTTP/2" 200 137741 "-" "meta-externalagent/1.1 (+https://developers.facebook.com/docs/sharing/webmasters/crawler)"
74.7.242.22 - - [12/May/2026:06:38:37 +1000] "GET /wp-json/oembed/1.0/embed?format=xml&url=https%3A%2F%2Fwww.coridyan.com%2Fbingo-how-many-numbers%2F HTTP/2" 200 22 "https://www.coridyan.com/bingo-how-many-numbers/" "Mozilla/5.0 AppleWebKit/537.36 (KHTML, like Gecko; compatible; GPTBot/1.3; +https://openai.com/gptbot)"
74.7.242.22 - - [12/May/2026:06:38:40 +1000] "GET /wp-json/oembed/1.0/embed?format=xml&url=https%3A%2F%2Fwww.coridyan.com%2Fgood-free-slots-online%2F HTTP/2" 200 1478 "https://www.coridyan.com/good-free-slots-online/" "Mozilla/5.0 AppleWebKit/537.36 (KHTML, like Gecko; compatible; GPTBot/1.3; +https://openai.com/gptbot)"
57.141.14.110 - - [12/May/2026:06:38:42 +1000] "GET /products/detail/65322946 HTTP/2" 200 137741 "-" "meta-externalagent/1.1 (+https://developers.facebook.com/docs/sharing/webmasters/crawler)"
74.7.242.22 - - [12/May/2026:06:38:43 +1000] "GET /wp-json/oembed/1.0/embed?format=xml&url=https%3A%2F%2Fwww.coridyan.com%2Ffree-spins-live-casino%2F HTTP/2" 200 1460 "https://www.coridyan.com/free-spins-live-casino/" "Mozilla/5.0 AppleWebKit/537.36 (KHTML, like Gecko; compatible; GPTBot/1.3; +https://openai.com/gptbot)"
74.7.242.22 - - [12/May/2026:06:38:47 +1000] "GET /wp-json/oembed/1.0/embed?format=xml&url=https%3A%2F%2Fwww.coridyan.com%2Fdeposit-5-bonus-casino%2F HTTP/2" 200 1443 "https://www.coridyan.com/deposit-5-bonus-casino/" "Mozilla/5.0 AppleWebKit/537.36 (KHTML, like Gecko; compatible; GPTBot/1.3; +https://openai.com/gptbot)"
192.178.4.100 - - [12/May/2026:06:38:46 +1000] "GET /kontempry-launches-avabet-in-great-britain-eastern-european-gaming-around-the-world-igaming-tech-cleverness-centre/ HTTP/1.1" 200 32280 "-" "Mozilla/5.0 (Linux; Android 6.0.1; Nexus 5X Build/MMB29P) AppleWebKit/537.36 (KHTML, like Gecko) Chrome/147.0.7727.137 Mobile Safari/537.36 (compatible; Googlebot/2.1; +http://www.google.com/bot.html)"
192.178.4.100 - - [12/May/2026:06:38:47 +1000] "GET /comment.php?products/praxis-general-science-study-book-test-prep/22422353/ HTTP/1.1" 200 34965 "-" "Mozilla/5.0 (Linux; Android 6.0.1; Nexus 5X Build/MMB29P) AppleWebKit/537.36 (KHTML, like Gecko) Chrome/147.0.7727.137 Mobile Safari/537.36 (compatible; GoogleOther)"
74.7.242.22 - - [12/May/2026:06:38:50 +1000] "GET /wp-json/oembed/1.0/embed?format=xml&url=https%3A%2F%2Fwww.coridyan.com%2Fvideo-slots-bonus-code%2F HTTP/2" 200 1441 "https://www.coridyan.com/video-slots-bonus-code/" "Mozilla/5.0 AppleWebKit/537.36 (KHTML, like Gecko; compatible; GPTBot/1.3; +https://openai.com/gptbot)"
57.141.14.38 - - [12/May/2026:06:38:50 +1000] "GET /products/detail/54854686 HTTP/2" 200 137741 "-" "meta-externalagent/1.1 (+https://developers.facebook.com/docs/sharing/webmasters/crawler)"
74.7.242.22 - - [12/May/2026:06:38:52 +1000] "GET /wp-json/oembed/1.0/embed?format=xml&url=https%3A%2F%2Fwww.coridyan.com%2Fbest-rng-online-casino%2F HTTP/2" 200 1462 "https://www.coridyan.com/best-rng-online-casino/" "Mozilla/5.0 AppleWebKit/537.36 (KHTML, like Gecko; compatible; GPTBot/1.3; +https://openai.com/gptbot)"
216.73.216.86 - - [12/May/2026:06:38:54 +1000] "GET /cool-fruit-ranch-position-review-complete-help-guide-to-provides-rtp-enjoy/feed/ HTTP/2" 200 516 "-" "Mozilla/5.0 AppleWebKit/537.36 (KHTML, like Gecko; compatible; ClaudeBot/1.0; +claudebot@anthropic.com)"
74.7.242.22 - - [12/May/2026:06:38:55 +1000] "GET /wp-json/oembed/1.0/embed?format=xml&url=https%3A%2F%2Fwww.coridyan.com%2Futtag-ino-fem-minuter%2F HTTP/2" 200 1545 "https://www.coridyan.com/uttag-ino-fem-minuter/" "Mozilla/5.0 AppleWebKit/537.36 (KHTML, like Gecko; compatible; GPTBot/1.3; +https://openai.com/gptbot)"
216.73.216.86 - - [12/May/2026:06:38:54 +1000] "GET /wunderino-probe-beste-instadebit-casino-spiele-ganz-erfahrungen-zum-glucksspielanbieter/ HTTP/2" 200 41575 "-" "Mozilla/5.0 AppleWebKit/537.36 (KHTML, like Gecko; compatible; ClaudeBot/1.0; +claudebot@anthropic.com)"
216.73.216.86 - - [12/May/2026:06:38:56 +1000] "GET /?p=60121 HTTP/2" 200 22 "-" "Mozilla/5.0 AppleWebKit/537.36 (KHTML, like Gecko; compatible; ClaudeBot/1.0; +claudebot@anthropic.com)"
74.7.242.22 - - [12/May/2026:06:38:58 +1000] "GET /wp-json/oembed/1.0/embed?format=xml&url=https%3A%2F%2Fwww.coridyan.com%2Ffruit-warp-online-slot%2F HTTP/2" 200 1448 "https://www.coridyan.com/fruit-warp-online-slot/" "Mozilla/5.0 AppleWebKit/537.36 (KHTML, like Gecko; compatible; GPTBot/1.3; +https://openai.com/gptbot)"
57.141.14.110 - - [12/May/2026:06:39:00 +1000] "GET /products/detail/69412231 HTTP/2" 200 137741 "-" "meta-externalagent/1.1 (+https://developers.facebook.com/docs/sharing/webmasters/crawler)"
74.7.242.22 - - [12/May/2026:06:39:01 +1000] "GET /wp-json/oembed/1.0/embed?format=xml&url=https%3A%2F%2Fwww.coridyan.com%2Fslot-casino-bonus-code%2F HTTP/2" 200 1465 "https://www.coridyan.com/slot-casino-bonus-code/" "Mozilla/5.0 AppleWebKit/537.36 (KHTML, like Gecko; compatible; GPTBot/1.3; +https://openai.com/gptbot)"
192.178.4.101 - - [12/May/2026:06:39:01 +1000] "GET /content.php?product/43099066 HTTP/1.1" 200 28327 "-" "Mozilla/5.0 (Linux; Android 6.0.1; Nexus 5X Build/MMB29P) AppleWebKit/537.36 (KHTML, like Gecko) Chrome/147.0.7727.137 Mobile Safari/537.36 (compatible; Googlebot/2.1; +http://www.google.com/bot.html)"
74.7.242.22 - - [12/May/2026:06:39:04 +1000] "GET /wp-json/oembed/1.0/embed?format=xml&url=https%3A%2F%2Fwww.coridyan.com%2Ffree-spins-no-gamestop%2F HTTP/2" 200 1441 "https://www.coridyan.com/free-spins-no-gamestop/" "Mozilla/5.0 AppleWebKit/537.36 (KHTML, like Gecko; compatible; GPTBot/1.3; +https://openai.com/gptbot)"
74.7.242.22 - - [12/May/2026:06:39:07 +1000] "GET /wp-json/oembed/1.0/embed?format=xml&url=https%3A%2F%2Fwww.coridyan.com%2Fbest-me-online-casino%2F HTTP/2" 200 1438 "https://www.coridyan.com/best-me-online-casino/" "Mozilla/5.0 AppleWebKit/537.36 (KHTML, like Gecko; compatible; GPTBot/1.3; +https://openai.com/gptbot)"
74.7.242.22 - - [12/May/2026:06:39:10 +1000] "GET /wp-json/oembed/1.0/embed?format=xml&url=https%3A%2F%2Fwww.coridyan.com%2Ffree-soins-no-deposit%2F HTTP/2" 200 1465 "https://www.coridyan.com/free-soins-no-deposit/" "Mozilla/5.0 AppleWebKit/537.36 (KHTML, like Gecko; compatible; GPTBot/1.3; +https://openai.com/gptbot)"
74.7.242.22 - - [12/May/2026:06:39:13 +1000] "GET /wp-json/oembed/1.0/embed?format=xml&url=https%3A%2F%2Fwww.coridyan.com%2Fbest-rtp-casino-sites%2F HTTP/2" 200 1468 "https://www.coridyan.com/best-rtp-casino-sites/" "Mozilla/5.0 AppleWebKit/537.36 (KHTML, like Gecko; compatible; GPTBot/1.3; +https://openai.com/gptbot)"
192.178.4.100 - - [12/May/2026:06:39:12 +1000] "GET /content.php?product/61687162 HTTP/1.1" 200 27899 "-" "Mozilla/5.0 (Linux; Android 6.0.1; Nexus 5X Build/MMB29P) AppleWebKit/537.36 (KHTML, like Gecko) Chrome/147.0.7727.137 Mobile Safari/537.36 (compatible; GoogleOther)"
192.178.4.101 - - [12/May/2026:06:39:13 +1000] "GET /?products/detail/57403108 HTTP/1.1" 200 31493 "-" "Mozilla/5.0 (Linux; Android 6.0.1; Nexus 5X Build/MMB29P) AppleWebKit/537.36 (KHTML, like Gecko) Chrome/147.0.7727.137 Mobile Safari/537.36 (compatible; Googlebot/2.1; +http://www.google.com/bot.html)"
74.7.242.22 - - [12/May/2026:06:39:15 +1000] "GET /wp-json/oembed/1.0/embed?format=xml&url=https%3A%2F%2Fwww.coridyan.com%2Fbest-eth-online-casino%2F HTTP/2" 200 1493 "https://www.coridyan.com/best-eth-online-casino/" "Mozilla/5.0 AppleWebKit/537.36 (KHTML, like Gecko; compatible; GPTBot/1.3; +https://openai.com/gptbot)"
74.7.242.22 - - [12/May/2026:06:39:17 +1000] "GET /wp-json/oembed/1.0/embed?format=xml&url=https%3A%2F%2Fwww.coridyan.com%2Fapple-pay-casino-sites%2F HTTP/2" 200 1458 "https://www.coridyan.com/apple-pay-casino-sites/" "Mozilla/5.0 AppleWebKit/537.36 (KHTML, like Gecko; compatible; GPTBot/1.3; +https://openai.com/gptbot)"
74.7.242.22 - - [12/May/2026:06:39:19 +1000] "GET /wp-json/oembed/1.0/embed?format=xml&url=https%3A%2F%2Fwww.coridyan.com%2Fbet-live-online-casino%2F HTTP/2" 200 1461 "https://www.coridyan.com/bet-live-online-casino/" "Mozilla/5.0 AppleWebKit/537.36 (KHTML, like Gecko; compatible; GPTBot/1.3; +https://openai.com/gptbot)"
74.7.242.22 - - [12/May/2026:06:39:21 +1000] "GET /wp-json/oembed/1.0/embed?format=xml&url=https%3A%2F%2Fwww.coridyan.com%2F1-first-deposit-casino%2F HTTP/2" 200 1455 "https://www.coridyan.com/1-first-deposit-casino/" "Mozilla/5.0 AppleWebKit/537.36 (KHTML, like Gecko; compatible; GPTBot/1.3; +https://openai.com/gptbot)"
192.178.4.100 - - [12/May/2026:06:39:21 +1000] "GET /comment.php?products/alices-adventures-in-wonderland-by-lewis-carroll-1946-2-vol/22425603/ HTTP/1.1" 200 36726 "-" "Mozilla/5.0 (Linux; Android 6.0.1; Nexus 5X Build/MMB29P) AppleWebKit/537.36 (KHTML, like Gecko) Chrome/147.0.7727.137 Mobile Safari/537.36 (compatible; GoogleOther)"
74.7.242.22 - - [12/May/2026:06:39:24 +1000] "GET /wp-json/oembed/1.0/embed?format=xml&url=https%3A%2F%2Fwww.coridyan.com%2Fbest-no-account-casino%2F HTTP/2" 200 1436 "https://www.coridyan.com/best-no-account-casino/" "Mozilla/5.0 AppleWebKit/537.36 (KHTML, like Gecko; compatible; GPTBot/1.3; +https://openai.com/gptbot)"
74.7.242.22 - - [12/May/2026:06:39:26 +1000] "GET /wp-json/oembed/1.0/embed?format=xml&url=https%3A%2F%2Fwww.coridyan.com%2Ffree-spins-coin-tales%2F HTTP/2" 200 1457 "https://www.coridyan.com/free-spins-coin-tales/" "Mozilla/5.0 AppleWebKit/537.36 (KHTML, like Gecko; compatible; GPTBot/1.3; +https://openai.com/gptbot)"
74.7.242.22 - - [12/May/2026:06:39:28 +1000] "GET /wp-json/oembed/1.0/embed?format=xml&url=https%3A%2F%2Fwww.coridyan.com%2Flow-risk-casino-offers%2F HTTP/2" 200 1463 "https://www.coridyan.com/low-risk-casino-offers/" "Mozilla/5.0 AppleWebKit/537.36 (KHTML, like Gecko; compatible; GPTBot/1.3; +https://openai.com/gptbot)"
74.7.242.22 - - [12/May/2026:06:39:31 +1000] "GET /wp-json/oembed/1.0/embed?format=xml&url=https%3A%2F%2Fwww.coridyan.com%2Fblackjack-when-to-hit%2F HTTP/2" 200 1450 "https://www.coridyan.com/blackjack-when-to-hit/" "Mozilla/5.0 AppleWebKit/537.36 (KHTML, like Gecko; compatible; GPTBot/1.3; +https://openai.com/gptbot)"
74.7.242.22 - - [12/May/2026:06:39:33 +1000] "GET /casino-arv-norges-beste-casinobonuser-inne-i-2026/embed/ HTTP/2" 200 6977 "https://www.coridyan.com/wp-json/oembed/1.0/embed?format=xml&url=https%3A%2F%2Fwww.coridyan.com%2Fcasino-arv-norges-beste-casinobonuser-inne-i-2026%2F" "Mozilla/5.0 AppleWebKit/537.36 (KHTML, like Gecko; compatible; GPTBot/1.3; +https://openai.com/gptbot)"
74.7.242.22 - - [12/May/2026:06:39:35 +1000] "GET /best-gladiator-netbet-casino-position-video-game-for-the-roar-of-your-stadium/embed/ HTTP/2" 200 6999 "https://www.coridyan.com/wp-json/oembed/1.0/embed?format=xml&url=https%3A%2F%2Fwww.coridyan.com%2Fbest-gladiator-netbet-casino-position-video-game-for-the-roar-of-your-stadium%2F" "Mozilla/5.0 AppleWebKit/537.36 (KHTML, like Gecko; compatible; GPTBot/1.3; +https://openai.com/gptbot)"
74.7.242.22 - - [12/May/2026:06:39:37 +1000] "GET /jackpot-city-casino-exclusive-bonus-au/embed/ HTTP/2" 200 6902 "https://www.coridyan.com/wp-json/oembed/1.0/embed?format=xml&url=https%3A%2F%2Fwww.coridyan.com%2Fjackpot-city-casino-exclusive-bonus-au%2F" "Mozilla/5.0 AppleWebKit/537.36 (KHTML, like Gecko; compatible; GPTBot/1.3; +https://openai.com/gptbot)"
74.7.242.22 - - [12/May/2026:06:39:39 +1000] "GET /wp-json/oembed/1.0/embed?format=xml&url=https%3A%2F%2Fwww.coridyan.com%2Ffree-cash-online-slots%2F HTTP/2" 200 1489 "https://www.coridyan.com/free-cash-online-slots/" "Mozilla/5.0 AppleWebKit/537.36 (KHTML, like Gecko; compatible; GPTBot/1.3; +https://openai.com/gptbot)"
74.7.242.22 - - [12/May/2026:06:39:41 +1000] "GET /free-online-pokies-around-australia-casino-explosive-reels-gamble-trial-pokies-instantaneously-zero-join/embed/ HTTP/2" 200 7012 "https://www.coridyan.com/wp-json/oembed/1.0/embed?format=xml&url=https%3A%2F%2Fwww.coridyan.com%2Ffree-online-pokies-around-australia-casino-explosive-reels-gamble-trial-pokies-instantaneously-zero-join%2F" "Mozilla/5.0 AppleWebKit/537.36 (KHTML, like Gecko; compatible; GPTBot/1.3; +https://openai.com/gptbot)"
192.178.4.100 - - [12/May/2026:06:39:40 +1000] "GET /?products/detail/61700590 HTTP/1.1" 200 32010 "-" "Mozilla/5.0 (Linux; Android 6.0.1; Nexus 5X Build/MMB29P) AppleWebKit/537.36 (KHTML, like Gecko) Chrome/147.0.7727.137 Mobile Safari/537.36 (compatible; Googlebot/2.1; +http://www.google.com/bot.html)"
74.7.242.22 - - [12/May/2026:06:39:43 +1000] "GET /luogo-clicca-qui-ufficiale/embed/ HTTP/2" 200 6938 "https://www.coridyan.com/wp-json/oembed/1.0/embed?format=xml&url=https%3A%2F%2Fwww.coridyan.com%2Fluogo-clicca-qui-ufficiale%2F" "Mozilla/5.0 AppleWebKit/537.36 (KHTML, like Gecko; compatible; GPTBot/1.3; +https://openai.com/gptbot)"
74.7.242.22 - - [12/May/2026:06:39:45 +1000] "GET /wp-json/oembed/1.0/embed?format=xml&url=https%3A%2F%2Fwww.coridyan.com%2Fcasino-slot-games-apk%2F HTTP/2" 200 1475 "https://www.coridyan.com/casino-slot-games-apk/" "Mozilla/5.0 AppleWebKit/537.36 (KHTML, like Gecko; compatible; GPTBot/1.3; +https://openai.com/gptbot)"
74.7.242.22 - - [12/May/2026:06:39:47 +1000] "GET /wp-json/oembed/1.0/embed?format=xml&url=https%3A%2F%2Fwww.coridyan.com%2Fcasino-blackjack-top-3%2F HTTP/2" 200 1463 "https://www.coridyan.com/casino-blackjack-top-3/" "Mozilla/5.0 AppleWebKit/537.36 (KHTML, like Gecko; compatible; GPTBot/1.3; +https://openai.com/gptbot)"
74.7.242.22 - - [12/May/2026:06:39:49 +1000] "GET /wp-json/oembed/1.0/embed?format=xml&url=https%3A%2F%2Fwww.coridyan.com%2Fbest-bf-games-casinos%2F HTTP/2" 200 1435 "https://www.coridyan.com/best-bf-games-casinos/" "Mozilla/5.0 AppleWebKit/537.36 (KHTML, like Gecko; compatible; GPTBot/1.3; +https://openai.com/gptbot)"
192.178.4.100 - - [12/May/2026:06:39:48 +1000] "GET /content.php?product/91957306 HTTP/1.1" 200 27857 "-" "Mozilla/5.0 (Linux; Android 6.0.1; Nexus 5X Build/MMB29P) AppleWebKit/537.36 (KHTML, like Gecko) Chrome/147.0.7727.137 Mobile Safari/537.36 (compatible; GoogleOther)"
74.7.242.22 - - [12/May/2026:06:39:51 +1000] "GET /wp-json/oembed/1.0/embed?format=xml&url=https%3A%2F%2Fwww.coridyan.com%2Ffree-online-craps-app%2F HTTP/2" 200 1488 "https://www.coridyan.com/free-online-craps-app/" "Mozilla/5.0 AppleWebKit/537.36 (KHTML, like Gecko; compatible; GPTBot/1.3; +https://openai.com/gptbot)"
65.111.12.240 - - [12/May/2026:06:39:52 +1000] "GET /wp-login.php HTTP/2" 200 2839 "-" "Mozilla/5.0 (Windows NT 10.0; Win64; x64) AppleWebKit/537.36 (KHTML, like Gecko) Chrome/124.0.6367.207 Safari/537.36"
74.7.242.22 - - [12/May/2026:06:39:53 +1000] "GET /wp-json/oembed/1.0/embed?format=xml&url=https%3A%2F%2Fwww.coridyan.com%2Ffree-casino-slot-money%2F HTTP/2" 200 1435 "https://www.coridyan.com/free-casino-slot-money/" "Mozilla/5.0 AppleWebKit/537.36 (KHTML, like Gecko; compatible; GPTBot/1.3; +https://openai.com/gptbot)"
74.7.242.22 - - [12/May/2026:06:39:55 +1000] "GET /wp-json/oembed/1.0/embed?format=xml&url=https%3A%2F%2Fwww.coridyan.com%2Fjust-casino-promo-code%2F HTTP/2" 200 1479 "https://www.coridyan.com/just-casino-promo-code/" "Mozilla/5.0 AppleWebKit/537.36 (KHTML, like Gecko; compatible; GPTBot/1.3; +https://openai.com/gptbot)"
65.111.12.240 - - [12/May/2026:06:39:55 +1000] "POST /xmlrpc.php HTTP/2" 200 136 "-" "Mozilla/5.0 (Windows NT 10.0; Win64; x64; rv:127.0) Gecko/20100101 Firefox/127.0"
74.7.242.22 - - [12/May/2026:06:39:57 +1000] "GET /wp-json/oembed/1.0/embed?format=xml&url=https%3A%2F%2Fwww.coridyan.com%2Fcasino-keno-free-games%2F HTTP/2" 200 1443 "https://www.coridyan.com/casino-keno-free-games/" "Mozilla/5.0 AppleWebKit/537.36 (KHTML, like Gecko; compatible; GPTBot/1.3; +https://openai.com/gptbot)"
65.111.12.240 - - [12/May/2026:06:40:00 +1000] "POST /xmlrpc.php HTTP/2" 200 2570 "-" "Mozilla/5.0 (Windows NT 10.0; Win64; x64; rv:127.0) Gecko/20100101 Firefox/127.0"
74.7.242.22 - - [12/May/2026:06:39:59 +1000] "GET /wp-json/oembed/1.0/embed?format=xml&url=https%3A%2F%2Fwww.coridyan.com%2Fahl-poker-in-australia%2F HTTP/2" 200 1464 "https://www.coridyan.com/ahl-poker-in-australia/" "Mozilla/5.0 AppleWebKit/537.36 (KHTML, like Gecko; compatible; GPTBot/1.3; +https://openai.com/gptbot)"
111.67.29.221 - - [12/May/2026:06:40:02 +1000] "POST /wp-cron.php?doing_wp_cron=1778532001.8905029296875000000000 HTTP/1.1" 200 445 "https://www.coridyan.com/wp-cron.php?doing_wp_cron=1778532001.8905029296875000000000" "WordPress/6.0.11; https://www.coridyan.com"
74.7.242.22 - - [12/May/2026:06:40:03 +1000] "GET /wp-json/oembed/1.0/embed?format=xml&url=https%3A%2F%2Fwww.coridyan.com%2Flive-casino-slot-wins%2F HTTP/2" 200 1465 "https://www.coridyan.com/live-casino-slot-wins/" "Mozilla/5.0 AppleWebKit/537.36 (KHTML, like Gecko; compatible; GPTBot/1.3; +https://openai.com/gptbot)"
74.7.242.22 - - [12/May/2026:06:40:05 +1000] "GET /wp-json/oembed/1.0/embed?format=xml&url=https%3A%2F%2Fwww.coridyan.com%2Ffree-slot-games-iphone%2F HTTP/2" 200 1457 "https://www.coridyan.com/free-slot-games-iphone/" "Mozilla/5.0 AppleWebKit/537.36 (KHTML, like Gecko; compatible; GPTBot/1.3; +https://openai.com/gptbot)"
74.7.242.22 - - [12/May/2026:06:40:07 +1000] "GET /wp-json/oembed/1.0/embed?format=xml&url=https%3A%2F%2Fwww.coridyan.com%2Fno-kyc-bitcoin-casino%2F HTTP/2" 200 1443 "https://www.coridyan.com/no-kyc-bitcoin-casino/" "Mozilla/5.0 AppleWebKit/537.36 (KHTML, like Gecko; compatible; GPTBot/1.3; +https://openai.com/gptbot)"
192.178.4.100 - - [12/May/2026:06:40:07 +1000] "GET /?products/detail/67151746 HTTP/1.1" 200 32855 "-" "Mozilla/5.0 (Linux; Android 6.0.1; Nexus 5X Build/MMB29P) AppleWebKit/537.36 (KHTML, like Gecko) Chrome/147.0.7727.137 Mobile Safari/537.36 (compatible; Googlebot/2.1; +http://www.google.com/bot.html)"
74.7.242.22 - - [12/May/2026:06:40:10 +1000] "GET /wp-json/oembed/1.0/embed?format=xml&url=https%3A%2F%2Fwww.coridyan.com%2Feu-slot-online-casino%2F HTTP/2" 200 1450 "https://www.coridyan.com/eu-slot-online-casino/" "Mozilla/5.0 AppleWebKit/537.36 (KHTML, like Gecko; compatible; GPTBot/1.3; +https://openai.com/gptbot)"
74.7.242.22 - - [12/May/2026:06:40:12 +1000] "GET /wp-json/oembed/1.0/embed?format=xml&url=https%3A%2F%2Fwww.coridyan.com%2Ffree-credit-no-deposit%2F HTTP/2" 200 1467 "https://www.coridyan.com/free-credit-no-deposit/" "Mozilla/5.0 AppleWebKit/537.36 (KHTML, like Gecko; compatible; GPTBot/1.3; +https://openai.com/gptbot)"
74.7.242.22 - - [12/May/2026:06:40:15 +1000] "GET /wp-json/oembed/1.0/embed?format=xml&url=https%3A%2F%2Fwww.coridyan.com%2F1xbet-casino-au-pokies%2F HTTP/2" 200 1423 "https://www.coridyan.com/1xbet-casino-au-pokies/" "Mozilla/5.0 AppleWebKit/537.36 (KHTML, like Gecko; compatible; GPTBot/1.3; +https://openai.com/gptbot)"
74.7.242.22 - - [12/May/2026:06:40:17 +1000] "GET /wp-json/oembed/1.0/embed?format=xml&url=https%3A%2F%2Fwww.coridyan.com%2Fbest-bw-online-casinos%2F HTTP/2" 200 1450 "https://www.coridyan.com/best-bw-online-casinos/" "Mozilla/5.0 AppleWebKit/537.36 (KHTML, like Gecko; compatible; GPTBot/1.3; +https://openai.com/gptbot)"
74.7.242.22 - - [12/May/2026:06:40:19 +1000] "GET /wp-json/oembed/1.0/embed?format=xml&url=https%3A%2F%2Fwww.coridyan.com%2Fbest-1-deposit-casino%2F HTTP/2" 200 1461 "https://www.coridyan.com/best-1-deposit-casino/" "Mozilla/5.0 AppleWebKit/537.36 (KHTML, like Gecko; compatible; GPTBot/1.3; +https://openai.com/gptbot)"
