196.199.40.223 - - [10/May/2024:23:41:17 +1000] "GET / HTTP/1.1" 200 22669 "-" "Mozilla/5.0 (X11; Linux x86_64) AppleWebKit/537.36 (KHTML, like Gecko) Chrome/114.0.0.0 Safari/537.36"
103.204.110.136 - - [10/May/2024:23:41:28 +1000] "GET /wp-content/plugins/contact-form-7/includes/js/index.js?ver=5.7.1 HTTP/1.1" 200 4944 "http://coridyan.com" "Mozilla/5.0 (X11; Linux x86_64) AppleWebKit/537.36 (KHTML, like Gecko) Chrome/114.0.0.0 Safari/537.36"
191.102.166.125 - - [10/May/2024:23:41:29 +1000] "POST /wp-json/contact-form-7/v1/contact-forms/73/feedback HTTP/1.1" 200 948 "http://coridyan.com" "Mozilla/5.0 (X11; Linux x86_64) AppleWebKit/537.36 (KHTML, like Gecko) Chrome/114.0.0.0 Safari/537.36"
89.37.121.214 - - [10/May/2024:23:45:53 +1000] "POST /xmlrpc.php HTTP/1.1" 200 638 "-" "Mozilla/5.0 (Windows NT 6.1; Win64; x64) AppleWebKit/537.36 (KHTML, like Gecko) Chrome/60.0.3112.90 Safari/537.36"
207.244.240.127 - - [10/May/2024:23:45:55 +1000] "POST /xmlrpc.php HTTP/1.1" 200 638 "-" "Mozilla/5.0 (Windows NT 10.0; Win64; x64) AppleWebKit/537.36 (KHTML, like Gecko) Chrome/68.0.3440.106 Safari/537.36"
62.171.168.97 - - [10/May/2024:23:46:02 +1000] "POST /xmlrpc.php HTTP/1.1" 200 638 "-" "Mozilla/5.0 (Windows NT 10.0; Win64; x64) AppleWebKit/537.36 (KHTML, like Gecko) Chrome/87.0.4280.141 Safari/537.36"
172.104.146.213 - - [10/May/2024:23:46:05 +1000] "POST /xmlrpc.php HTTP/1.1" 200 638 "-" "Mozilla/5.0 (Windows NT 10.0; Win64; x64) AppleWebKit/537.36 (KHTML, like Gecko) Chrome/85.0.4183.121 Safari/537.36"
62.171.168.97 - - [10/May/2024:23:46:16 +1000] "POST /xmlrpc.php HTTP/1.1" 200 638 "-" "Mozilla/5.0 (Windows NT 6.1; rv:52.0) Gecko/20100101 Firefox/52.0"
111.67.29.221 - - [10/May/2024:23:58:10 +1000] "POST /wp-cron.php?doing_wp_cron=1715349490.9586830139160156250000 HTTP/1.1" 200 203 "http://coridyan.com/wp-cron.php?doing_wp_cron=1715349490.9586830139160156250000" "WordPress/6.0.8; http://coridyan.com"
91.92.248.52 - - [10/May/2024:23:58:09 +1000] "GET //wp-content/plugins/fix/up.php HTTP/1.1" 301 435 "-" "Mozilla/5.0 (Windows NT 10.0; Win64; x64) AppleWebKit/537.36 (KHTML, like Gecko) Chrome/85.0.4183.102 Safari/537.36"
111.67.29.221 - - [11/May/2024:01:00:42 +1000] "POST /wp-cron.php?doing_wp_cron=1715353242.7358179092407226562500 HTTP/1.1" 200 203 "http://coridyan.com/wp-cron.php?doing_wp_cron=1715353242.7358179092407226562500" "WordPress/6.0.8; http://coridyan.com"
66.249.72.37 - - [11/May/2024:01:00:41 +1000] "GET /elementor-79/privacy-policy/ HTTP/1.1" 200 26959 "-" "Mozilla/5.0 (Linux; Android 6.0.1; Nexus 5X Build/MMB29P) AppleWebKit/537.36 (KHTML, like Gecko) Chrome/124.0.6367.155 Mobile Safari/537.36 (compatible; Googlebot/2.1; +http://www.google.com/bot.html)"
66.249.72.38 - - [11/May/2024:01:00:45 +1000] "GET /wp-includes/css/dist/block-library/style.min.css?ver=6.0.8 HTTP/1.1" 200 15579 "http://coridyan.com/elementor-79/privacy-policy/" "Mozilla/5.0 (Linux; Android 6.0.1; Nexus 5X Build/MMB29P) AppleWebKit/537.36 (KHTML, like Gecko) Chrome/124.0.6367.118 Mobile Safari/537.36 (compatible; Googlebot/2.1; +http://www.google.com/bot.html)"
66.249.72.37 - - [11/May/2024:01:00:48 +1000] "GET /wp-content/themes/astra/assets/js/minified/frontend.min.js?ver=3.9.4 HTTP/1.1" 200 5200 "http://coridyan.com/elementor-79/privacy-policy/" "Mozilla/5.0 (Linux; Android 6.0.1; Nexus 5X Build/MMB29P) AppleWebKit/537.36 (KHTML, like Gecko) Chrome/124.0.6367.118 Mobile Safari/537.36 (compatible; Googlebot/2.1; +http://www.google.com/bot.html)"
107.189.1.142 - - [11/May/2024:02:09:39 +1000] "GET /wp-login.php HTTP/1.1" 200 8581 "-" "Mozilla/5.0 (Windows NT 6.1; WOW64; Trident/7.0; rv:11.0) like Gecko"
111.67.29.221 - - [11/May/2024:02:09:45 +1000] "POST /wp-cron.php?doing_wp_cron=1715357385.4341390132904052734375 HTTP/1.1" 200 203 "http://coridyan.com/wp-cron.php?doing_wp_cron=1715357385.4341390132904052734375" "WordPress/6.0.8; http://coridyan.com"
107.189.1.142 - - [11/May/2024:02:11:16 +1000] "POST /wp-login.php HTTP/1.1" 200 9043 "-" "Mozilla/5.0 (Windows NT 6.1; WOW64; Trident/7.0; rv:11.0) like Gecko"
111.67.29.221 - - [11/May/2024:02:14:04 +1000] "POST /wp-cron.php?doing_wp_cron=1715357644.0430018901824951171875 HTTP/1.1" 200 203 "http://coridyan.com/wp-cron.php?doing_wp_cron=1715357644.0430018901824951171875" "WordPress/6.0.8; http://coridyan.com"
220.151.9.22 - - [11/May/2024:02:13:46 +1000] "GET / HTTP/1.1" 200 22669 "-" "curl/7.76.1"
111.67.29.221 - - [11/May/2024:02:28:55 +1000] "POST /wp-cron.php?doing_wp_cron=1715358535.2701499462127685546875 HTTP/1.1" 200 203 "http://coridyan.com/wp-cron.php?doing_wp_cron=1715358535.2701499462127685546875" "WordPress/6.0.8; http://coridyan.com"
83.217.9.94 - - [11/May/2024:02:28:53 +1000] "GET / HTTP/1.0" 200 108951 "http://coridyan.com/" "Mozilla/5.0 (Windows NT 10.0; Win64; x64) AppleWebKit/537.36 (KHTML, like Gecko) Chrome/121.0.0.0 Safari/537.36"
83.217.9.94 - - [11/May/2024:02:28:58 +1000] "POST /wp-json/contact-form-7/v1/contact-forms/73/feedback HTTP/1.0" 200 718 "http://coridyan.com/" "Mozilla/5.0 (Windows NT 10.0; Win64; x64) AppleWebKit/537.36 (KHTML, like Gecko) Chrome/121.0.0.0 Safari/537.36"
66.249.72.37 - - [11/May/2024:02:30:40 +1000] "GET /robots.txt HTTP/1.1" 200 507 "-" "Mozilla/5.0 (compatible; Googlebot/2.1; +http://www.google.com/bot.html)"
104.44.128.13 - - [11/May/2024:02:34:15 +1000] "POST /xmlrpc.php HTTP/1.1" 200 638 "-" "Mozilla/5.0 (Windows NT 6.1; WOW64; rv:41.0) Gecko/20100101 Firefox/41.0"
159.65.147.104 - - [11/May/2024:02:34:19 +1000] "POST /xmlrpc.php HTTP/1.1" 200 638 "-" "Mozilla/5.0 (Windows NT 6.1; WOW64; rv:47.0) Gecko/20100101 Firefox/47.0"
94.46.22.120 - - [11/May/2024:02:34:29 +1000] "POST /xmlrpc.php HTTP/1.1" 200 638 "-" "Mozilla/5.0 (Linux; Android 10; SM-A102U) AppleWebKit/537.36 (KHTML, like Gecko) Chrome/91.0.4472.114 Mobile Safari/537.36"
138.68.76.25 - - [11/May/2024:02:34:32 +1000] "POST /xmlrpc.php HTTP/1.1" 200 638 "-" "Mozilla/5.0 (Windows NT 10.0; Win64; x64) AppleWebKit/537.36 (KHTML, like Gecko) Chrome/86.0.4240.198 Safari/537.36"
62.171.168.97 - - [11/May/2024:02:34:39 +1000] "POST /xmlrpc.php HTTP/1.1" 200 638 "-" "Mozilla/5.0 (Windows NT 10.0; Win64; x64) AppleWebKit/537.36 (KHTML, like Gecko) Chrome/80.0.3987.149 Safari/537.36"
111.67.29.221 - - [11/May/2024:03:30:42 +1000] "POST /wp-cron.php?doing_wp_cron=1715362242.7111039161682128906250 HTTP/1.1" 200 203 "http://coridyan.com/wp-cron.php?doing_wp_cron=1715362242.7111039161682128906250" "WordPress/6.0.8; http://coridyan.com"
111.67.29.221 - - [11/May/2024:03:30:43 +1000] "POST /wp-cron.php?doing_wp_cron=1715362243.1001760959625244140625 HTTP/1.1" 200 203 "http://coridyan.com/wp-cron.php?doing_wp_cron=1715362243.1001760959625244140625" "WordPress/6.0.8; http://coridyan.com"
196.247.161.125 - - [11/May/2024:03:30:41 +1000] "GET / HTTP/1.1" 200 22616 "-" "Mozilla/5.0 (X11; Linux x86_64) AppleWebKit/537.36 (KHTML, like Gecko) Chrome/114.0.0.0 Safari/537.36"
196.242.21.34 - - [11/May/2024:03:31:17 +1000] "GET / HTTP/1.1" 200 22656 "http://coridyan.com" "Mozilla/5.0 (X11; Linux x86_64) AppleWebKit/537.36 (KHTML, like Gecko) Chrome/114.0.0.0 Safari/537.36"
196.247.162.212 - - [11/May/2024:03:31:48 +1000] "GET /elementor-79/privacy-policy/ HTTP/1.1" 200 26953 "http://coridyan.com" "Mozilla/5.0 (X11; Linux x86_64) AppleWebKit/537.36 (KHTML, like Gecko) Chrome/114.0.0.0 Safari/537.36"
196.242.89.19 - - [11/May/2024:03:32:21 +1000] "GET /comments/feed/ HTTP/1.1" 200 1888 "http://coridyan.com" "Mozilla/5.0 (X11; Linux x86_64) AppleWebKit/537.36 (KHTML, like Gecko) Chrome/114.0.0.0 Safari/537.36"
196.247.161.232 - - [11/May/2024:03:32:53 +1000] "GET /wp-content/plugins/contact-form-7/includes/js/index.js?ver=5.7.1 HTTP/1.1" 200 4944 "http://coridyan.com" "Mozilla/5.0 (X11; Linux x86_64) AppleWebKit/537.36 (KHTML, like Gecko) Chrome/114.0.0.0 Safari/537.36"
196.242.21.120 - - [11/May/2024:03:32:54 +1000] "POST /wp-json/contact-form-7/v1/contact-forms/73/feedback HTTP/1.1" 200 947 "http://coridyan.com" "Mozilla/5.0 (X11; Linux x86_64) AppleWebKit/537.36 (KHTML, like Gecko) Chrome/114.0.0.0 Safari/537.36"
68.178.148.72 - - [11/May/2024:03:49:35 +1000] "GET /wp-login.php HTTP/1.1" 200 3399 "-" "Mozilla/5.0 (X11; Fedora; Linux x86_64; rv:94.0) Gecko/20100101 Firefox/95.0"
68.178.148.72 - - [11/May/2024:03:49:37 +1000] "GET ///?author=1 HTTP/1.1" 301 298 "-" "Mozilla/5.0 (X11; Fedora; Linux x86_64; rv:94.0) Gecko/20100101 Firefox/95.0"
68.178.148.72 - - [11/May/2024:03:49:37 +1000] "GET /author/tynan_icyxf802/ HTTP/1.1" 200 21311 "http://coridyan.com///?author=1" "Mozilla/5.0 (X11; Fedora; Linux x86_64; rv:94.0) Gecko/20100101 Firefox/95.0"
68.178.148.72 - - [11/May/2024:03:49:39 +1000] "GET ///wp-json/wp/v2/users/ HTTP/1.1" 200 2543 "-" "Mozilla/5.0 (X11; Fedora; Linux x86_64; rv:94.0) Gecko/20100101 Firefox/95.0"
68.178.148.72 - - [11/May/2024:03:49:41 +1000] "GET ///?author=2 HTTP/1.1" 301 295 "-" "Mozilla/5.0 (X11; Fedora; Linux x86_64; rv:94.0) Gecko/20100101 Firefox/95.0"
68.178.148.72 - - [11/May/2024:03:49:42 +1000] "GET /author/clareabbott/ HTTP/1.1" 200 19721 "http://coridyan.com///?author=2" "Mozilla/5.0 (X11; Fedora; Linux x86_64; rv:94.0) Gecko/20100101 Firefox/95.0"
68.178.148.72 - - [11/May/2024:03:49:42 +1000] "GET ///?author=3 HTTP/1.1" 301 285 "-" "Mozilla/5.0 (X11; Fedora; Linux x86_64; rv:94.0) Gecko/20100101 Firefox/95.0"
68.178.148.72 - - [11/May/2024:03:49:43 +1000] "GET /?author=3 HTTP/1.1" 200 19720 "http://coridyan.com///?author=3" "Mozilla/5.0 (X11; Fedora; Linux x86_64; rv:94.0) Gecko/20100101 Firefox/95.0"
104.244.78.186 - - [11/May/2024:04:00:23 +1000] "GET /wp-login.php HTTP/1.1" 200 8581 "-" "Mozilla/5.0 (Windows NT 6.2; WOW64; rv:30.0) Gecko/20100101 Firefox/30.0"
104.244.78.186 - - [11/May/2024:04:00:30 +1000] "POST /wp-login.php HTTP/1.1" 200 9033 "-" "Mozilla/5.0 (Windows NT 6.2; WOW64; rv:30.0) Gecko/20100101 Firefox/30.0"
205.185.116.210 - - [11/May/2024:04:21:16 +1000] "GET /wp-login.php HTTP/1.1" 200 0 "-" "Mozilla/5.0 (Macintosh; Intel Mac OS X 10_10_0) AppleWebKit/537.36 (KHTML, like Gecko) Chrome/36.0.1985.125 Safari/537.36"
111.67.29.221 - - [11/May/2024:06:26:05 +1000] "POST /wp-cron.php?doing_wp_cron=1715372764.9920508861541748046875 HTTP/1.1" 200 203 "http://coridyan.com/wp-cron.php?doing_wp_cron=1715372764.9920508861541748046875" "WordPress/6.0.8; http://coridyan.com"
111.67.29.221 - - [11/May/2024:06:26:05 +1000] "POST /wp-cron.php?doing_wp_cron=1715372765.4159650802612304687500 HTTP/1.1" 200 203 "http://coridyan.com/wp-cron.php?doing_wp_cron=1715372765.4159650802612304687500" "WordPress/6.0.8; http://coridyan.com"
74.125.216.39 - - [11/May/2024:06:25:59 +1000] "GET /?page_id=132 HTTP/1.1" 301 341 "-" "PlayStore-Google"
74.125.216.38 - - [11/May/2024:06:26:07 +1000] "GET /elementor-79/privacy-policy/ HTTP/1.1" 200 26960 "-" "PlayStore-Google"
74.125.216.37 - - [11/May/2024:06:26:14 +1000] "GET /?page_id=132 HTTP/1.1" 301 341 "-" "PlayStore-Google"
74.125.216.37 - - [11/May/2024:06:26:21 +1000] "GET /elementor-79/privacy-policy/ HTTP/1.1" 200 26953 "-" "PlayStore-Google"
111.67.29.221 - - [11/May/2024:07:35:50 +1000] "POST /wp-cron.php?doing_wp_cron=1715376950.6707520484924316406250 HTTP/1.1" 200 203 "http://coridyan.com/wp-cron.php?doing_wp_cron=1715376950.6707520484924316406250" "WordPress/6.0.8; http://coridyan.com"
111.67.29.221 - - [11/May/2024:07:35:50 +1000] "POST /wp-cron.php?doing_wp_cron=1715376950.6707520484924316406250 HTTP/1.1" 200 203 "http://coridyan.com/wp-cron.php?doing_wp_cron=1715376950.6707520484924316406250" "WordPress/6.0.8; http://coridyan.com"
103.42.58.94 - - [11/May/2024:07:35:50 +1000] "POST /xmlrpc.php HTTP/1.1" 200 638 "-" "Mozilla/5.0 (Windows NT 10.0; Win64; x64) AppleWebKit/537.36 (KHTML, like Gecko) Chrome/85.0.4183.102 Safari/537.36"
198.12.217.103 - - [11/May/2024:07:35:47 +1000] "POST /xmlrpc.php HTTP/1.1" 200 638 "-" "Mozilla/5.0 (Windows NT 10.0; Win64; x64) AppleWebKit/537.36 (KHTML, like Gecko) Chrome/84.0.4147.105 Safari/537.36"
104.44.128.13 - - [11/May/2024:07:35:36 +1000] "POST /xmlrpc.php HTTP/1.1" 200 638 "-" "Mozilla/5.0 (Windows NT 6.2; Win64; x64) AppleWebKit/537.36 (KHTML, like Gecko) Chrome/60.0.3112.90 Safari/537.36"
111.67.29.221 - - [11/May/2024:08:12:15 +1000] "POST /wp-cron.php?doing_wp_cron=1715379135.4375510215759277343750 HTTP/1.1" 200 203 "http://coridyan.com/wp-cron.php?doing_wp_cron=1715379135.4375510215759277343750" "WordPress/6.0.8; http://coridyan.com"
158.69.23.79 - - [11/May/2024:08:12:07 +1000] "GET /wp-content/plugins/wp-catcher/front/front.css HTTP/1.1" 404 20070 "-" "Linux Mozilla"
158.69.23.79 - - [11/May/2024:08:12:18 +1000] "GET /wp-content/plugins/wp-catcher/front/front.js HTTP/1.1" 404 20070 "-" "Linux Mozilla"
111.67.29.221 - - [11/May/2024:09:24:20 +1000] "POST /wp-cron.php?doing_wp_cron=1715383460.9064939022064208984375 HTTP/1.1" 200 203 "http://coridyan.com/wp-cron.php?doing_wp_cron=1715383460.9064939022064208984375" "WordPress/6.0.8; http://coridyan.com"
43.128.100.206 - - [11/May/2024:09:24:19 +1000] "GET / HTTP/1.1" 301 313 "-" "Mozilla/5.0 (iPhone; CPU iPhone OS 13_2_3 like Mac OS X) AppleWebKit/605.1.15 (KHTML, like Gecko) Version/13.0.3 Mobile/15E148 Safari/604.1"
43.128.100.206 - - [11/May/2024:09:24:24 +1000] "GET / HTTP/1.1" 200 22667 "http://www.coridyan.com" "Mozilla/5.0 (iPhone; CPU iPhone OS 13_2_3 like Mac OS X) AppleWebKit/605.1.15 (KHTML, like Gecko) Version/13.0.3 Mobile/15E148 Safari/604.1"
132.148.121.195 - - [11/May/2024:10:02:58 +1000] "POST /xmlrpc.php HTTP/1.1" 200 638 "-" "Mozilla/5.0 (Windows NT 10.0; Win64; x64) AppleWebKit/537.36 (KHTML, like Gecko) Chrome/69.0.3497.100 Safari/537.36"
111.67.29.221 - - [11/May/2024:10:03:03 +1000] "POST /wp-cron.php?doing_wp_cron=1715385783.2510590553283691406250 HTTP/1.1" 200 203 "http://coridyan.com/wp-cron.php?doing_wp_cron=1715385783.2510590553283691406250" "WordPress/6.0.8; http://coridyan.com"
185.98.5.228 - - [11/May/2024:10:03:15 +1000] "POST /xmlrpc.php HTTP/1.1" 200 638 "-" "Mozilla/5.0 (Macintosh; Intel Mac OS X 11_4) AppleWebKit/537.36 (KHTML, like Gecko) Chrome/91.0.4472.114 Safari/537.36"
172.104.146.213 - - [11/May/2024:10:03:19 +1000] "POST /xmlrpc.php HTTP/1.1" 200 638 "-" "Mozilla/5.0 (Windows NT 10.0; Win64; x64) AppleWebKit/537.36 (KHTML, like Gecko) Chrome/72.0.3626.121 Safari/537.36"
173.255.237.184 - - [11/May/2024:10:03:24 +1000] "POST /xmlrpc.php HTTP/1.1" 200 638 "-" "Mozilla/5.0 (Macintosh; Intel Mac OS X 10_10; rv:33.0) Gecko/20100101 Firefox/33.0"
62.171.168.97 - - [11/May/2024:10:03:34 +1000] "POST /xmlrpc.php HTTP/1.1" 200 638 "-" "Mozilla/5.0 (Windows NT 10.0; Win64; x64; rv:58.0) Gecko/20100101 Firefox/58.0"
207.244.240.127 - - [11/May/2024:10:03:40 +1000] "POST /xmlrpc.php HTTP/1.1" 200 638 "-" "Mozilla/5.0 (Windows NT 10.0; Win64; x64) AppleWebKit/537.36 (KHTML, like Gecko) Chrome/80.0.3987.132 Safari/537.36"
165.22.48.172 - - [11/May/2024:10:10:53 +1000] "GET /wp-includes/wlwmanifest.xml HTTP/1.1" 200 837 "-" "python-requests/2.21.0"
165.22.48.172 - - [11/May/2024:10:10:53 +1000] "GET /administrator/index.php HTTP/1.1" 301 420 "-" "python-requests/2.21.0"
165.22.48.172 - - [11/May/2024:10:10:58 +1000] "GET /view-source: HTTP/1.1" 404 18876 "-" "python-requests/2.21.0"
165.22.48.172 - - [11/May/2024:10:11:01 +1000] "GET /misc/ajax.js HTTP/1.1" 404 18876 "-" "python-requests/2.21.0"
149.28.166.111 - - [11/May/2024:11:18:02 +1000] "POST /wp-cron.php?doing_wp_cron=1715390282.7738609313964843750000 HTTP/1.1" 200 203 "http://coridyan.com/wp-cron.php?doing_wp_cron=1715390282.7738609313964843750000" "WordPress/6.0.8; http://coridyan.com"
52.167.144.57 - - [11/May/2024:11:39:04 +1000] "GET /robots.txt HTTP/1.1" 200 507 "-" "Mozilla/5.0 AppleWebKit/537.36 (KHTML, like Gecko; compatible; bingbot/2.0; +http://www.bing.com/bingbot.htm) Chrome/116.0.1938.76 Safari/537.36"
111.67.29.221 - - [11/May/2024:11:39:10 +1000] "POST /wp-cron.php?doing_wp_cron=1715391550.4920890331268310546875 HTTP/1.1" 200 203 "http://coridyan.com/wp-cron.php?doing_wp_cron=1715391550.4920890331268310546875" "WordPress/6.0.8; http://coridyan.com"
52.167.144.211 - - [11/May/2024:11:39:20 +1000] "GET /sitemap_index.xml HTTP/1.1" 200 658 "-" "Mozilla/5.0 AppleWebKit/537.36 (KHTML, like Gecko; compatible; bingbot/2.0; +http://www.bing.com/bingbot.htm) Chrome/116.0.1938.76 Safari/537.36"
52.167.144.211 - - [11/May/2024:11:42:11 +1000] "GET /sitemap_index.xml HTTP/1.1" 200 658 "-" "Mozilla/5.0 AppleWebKit/537.36 (KHTML, like Gecko; compatible; bingbot/2.0; +http://www.bing.com/bingbot.htm) Chrome/116.0.1938.76 Safari/537.36"
111.67.29.221 - - [11/May/2024:12:13:24 +1000] "POST /wp-cron.php?doing_wp_cron=1715393604.8612310886383056640625 HTTP/1.1" 200 203 "http://coridyan.com/wp-cron.php?doing_wp_cron=1715393604.8612310886383056640625" "WordPress/6.0.8; http://coridyan.com"
38.242.214.232 - - [11/May/2024:12:13:23 +1000] "GET / HTTP/1.1" 200 22669 "-" "Scrapy/1.7.3 (+https://scrapy.org)"
108.165.101.13 - - [11/May/2024:12:20:30 +1000] "GET /.env HTTP/1.1" 404 18876 "-" "Mozilla/5.0 (Macintosh; Intel Mac OS X 10_10_1) AppleWebKit/537.36 (KHTML, like Gecko) Chrome/39.0.2171.95 Safari/537.36"
108.165.101.13 - - [11/May/2024:12:20:34 +1000] "GET /sendgrid.env HTTP/1.1" 404 18889 "-" "Mozilla/5.0 (Macintosh; Intel Mac OS X 10_10_1) AppleWebKit/537.36 (KHTML, like Gecko) Chrome/39.0.2171.95 Safari/537.36"
108.165.101.13 - - [11/May/2024:12:20:37 +1000] "GET /core/.env HTTP/1.1" 404 18876 "-" "Mozilla/5.0 (Macintosh; Intel Mac OS X 10_10_1) AppleWebKit/537.36 (KHTML, like Gecko) Chrome/39.0.2171.95 Safari/537.36"
108.165.101.13 - - [11/May/2024:12:20:38 +1000] "GET /vendor/.env HTTP/1.1" 404 18876 "-" "Mozilla/5.0 (Macintosh; Intel Mac OS X 10_10_1) AppleWebKit/537.36 (KHTML, like Gecko) Chrome/39.0.2171.95 Safari/537.36"
108.165.101.13 - - [11/May/2024:12:20:39 +1000] "GET /assets/.env HTTP/1.1" 404 18876 "-" "Mozilla/5.0 (Macintosh; Intel Mac OS X 10_10_1) AppleWebKit/537.36 (KHTML, like Gecko) Chrome/39.0.2171.95 Safari/537.36"
108.165.101.13 - - [11/May/2024:12:20:40 +1000] "GET /storage/.env HTTP/1.1" 404 18876 "-" "Mozilla/5.0 (Macintosh; Intel Mac OS X 10_10_1) AppleWebKit/537.36 (KHTML, like Gecko) Chrome/39.0.2171.95 Safari/537.36"
108.165.101.13 - - [11/May/2024:12:20:41 +1000] "GET /public/.env HTTP/1.1" 404 18876 "-" "Mozilla/5.0 (Macintosh; Intel Mac OS X 10_10_1) AppleWebKit/537.36 (KHTML, like Gecko) Chrome/39.0.2171.95 Safari/537.36"
108.165.101.13 - - [11/May/2024:12:20:42 +1000] "GET /app/.env HTTP/1.1" 404 18889 "-" "Mozilla/5.0 (Macintosh; Intel Mac OS X 10_10_1) AppleWebKit/537.36 (KHTML, like Gecko) Chrome/39.0.2171.95 Safari/537.36"
108.165.101.13 - - [11/May/2024:12:20:43 +1000] "GET /admin/.env HTTP/1.1" 404 18876 "-" "Mozilla/5.0 (Macintosh; Intel Mac OS X 10_10_1) AppleWebKit/537.36 (KHTML, like Gecko) Chrome/39.0.2171.95 Safari/537.36"
108.165.101.13 - - [11/May/2024:12:20:44 +1000] "GET /laravel/.env HTTP/1.1" 404 18876 "-" "Mozilla/5.0 (Macintosh; Intel Mac OS X 10_10_1) AppleWebKit/537.36 (KHTML, like Gecko) Chrome/39.0.2171.95 Safari/537.36"
108.165.101.13 - - [11/May/2024:12:20:45 +1000] "POST / HTTP/1.1" 200 22656 "-" "Mozilla/5.0 (Macintosh; Intel Mac OS X 10_10_1) AppleWebKit/537.36 (KHTML, like Gecko) Chrome/39.0.2171.95 Safari/537.36"
108.165.101.13 - - [11/May/2024:12:20:46 +1000] "GET /vendor/phpunit/phpunit/src/Util/PHP/eval-stdin.php HTTP/1.1" 404 20070 "-" "Mozilla/5.0 (Macintosh; Intel Mac OS X 10_10_1) AppleWebKit/537.36 (KHTML, like Gecko) Chrome/39.0.2171.95 Safari/537.36"
111.67.29.221 - - [11/May/2024:12:33:18 +1000] "POST /wp-cron.php?doing_wp_cron=1715394798.2280900478363037109375 HTTP/1.1" 200 203 "http://coridyan.com/wp-cron.php?doing_wp_cron=1715394798.2280900478363037109375" "WordPress/6.0.8; http://coridyan.com"
45.61.188.192 - - [11/May/2024:12:33:16 +1000] "GET /wp-login.php HTTP/1.1" 200 8581 "-" "Mozilla/5.0 (Macintosh; Intel Mac OS X 10.9; rv:30.0) Gecko/20100101 Firefox/30.0"
132.148.121.195 - - [11/May/2024:12:33:18 +1000] "POST /xmlrpc.php HTTP/1.1" 200 638 "-" "Mozilla/5.0 (Windows NT 6.0; rv:34.0) Gecko/20100101 Firefox/34.0"
45.61.188.192 - - [11/May/2024:12:33:20 +1000] "POST /wp-login.php HTTP/1.1" 200 9043 "-" "Mozilla/5.0 (Macintosh; Intel Mac OS X 10.9; rv:30.0) Gecko/20100101 Firefox/30.0"
39.105.223.219 - - [11/May/2024:12:33:29 +1000] "POST /xmlrpc.php HTTP/1.1" 200 638 "-" "Mozilla/5.0 (Windows NT 10.0; Win64; x64) AppleWebKit/537.36 (KHTML, like Gecko) Chrome/85.0.4183.102 Safari/537.36"
207.180.228.139 - - [11/May/2024:12:33:29 +1000] "POST /xmlrpc.php HTTP/1.1" 200 638 "-" "Mozilla/5.0 (Windows NT 10.0; Win64; x64) AppleWebKit/537.36 (KHTML, like Gecko) Chrome/80.0.3987.132 Safari/537.36"
207.180.228.139 - - [11/May/2024:12:33:31 +1000] "POST /xmlrpc.php HTTP/1.1" 200 638 "-" "Mozilla/5.0 (Linux; Android 6.0.1; RedMi Note 5 Build/RB3N5C; wv) AppleWebKit/537.36 (KHTML, like Gecko) Version/4.0 Chrome/68.0.3440.91 Mobile Safari/537.36"
212.18.46.166 - - [11/May/2024:12:33:40 +1000] "POST /xmlrpc.php HTTP/1.1" 200 638 "-" "Mozilla/5.0 (Windows NT 6.1; rv:17.0) Gecko/20100101 Firefox/20.6.14"
138.68.76.25 - - [11/May/2024:12:33:41 +1000] "POST /xmlrpc.php HTTP/1.1" 200 638 "-" "Mozilla/5.0 (Windows NT 10.0; Win64; x64; rv:78.0) Gecko/20100101 Firefox/78.0"
185.98.5.228 - - [11/May/2024:12:33:46 +1000] "POST /xmlrpc.php HTTP/1.1" 200 638 "-" "Mozilla/5.0 (Windows NT 10.0; Win64; x64) AppleWebKit/537.36 (KHTML, like Gecko) Chrome/87.0.4280.88 Safari/537.36"
91.108.120.36 - - [11/May/2024:12:33:51 +1000] "POST /xmlrpc.php HTTP/1.1" 200 638 "-" "Mozilla/5.0 (Windows NT 10.0) AppleWebKit/537.36 (KHTML, like Gecko) Chrome/91.0.4472.114 Safari/537.36"
185.98.5.103 - - [11/May/2024:12:33:56 +1000] "POST /xmlrpc.php HTTP/1.1" 200 638 "-" "Mozilla/5.0 (Windows NT 6.1) AppleWebKit/537.36 (KHTML, like Gecko) Chrome/56.0.2924.76 Safari/537.36"
143.110.219.13 - - [11/May/2024:12:42:19 +1000] "GET / HTTP/1.1" 200 22656 "-" "Mozilla/5.0 (Macintosh; Intel Mac OS X 10_15_7) AppleWebKit/537.36 (KHTML, like Gecko) Chrome/121.0.0.0 Safari/537.36"
111.67.29.221 - - [11/May/2024:13:24:34 +1000] "POST /wp-cron.php?doing_wp_cron=1715397874.8958299160003662109375 HTTP/1.1" 200 203 "http://coridyan.com/wp-cron.php?doing_wp_cron=1715397874.8958299160003662109375" "WordPress/6.0.8; http://coridyan.com"
111.67.29.221 - - [11/May/2024:13:24:33 +1000] "POST /wp-cron.php?doing_wp_cron=1715397873.8544631004333496093750 HTTP/1.1" 200 203 "http://coridyan.com/wp-cron.php?doing_wp_cron=1715397873.8544631004333496093750" "WordPress/6.0.8; http://coridyan.com"
66.249.72.38 - - [11/May/2024:13:24:25 +1000] "GET / HTTP/1.1" 200 22667 "-" "Mozilla/5.0 (Linux; Android 6.0.1; Nexus 5X Build/MMB29P) AppleWebKit/537.36 (KHTML, like Gecko) Chrome/124.0.6367.155 Mobile Safari/537.36 (compatible; Googlebot/2.1; +http://www.google.com/bot.html)"
66.249.72.38 - - [11/May/2024:13:24:40 +1000] "GET /wp-content/themes/astra/assets/css/minified/compatibility/contact-form-7-main.min.css?ver=3.9.4 HTTP/1.1" 200 870 "http://coridyan.com/" "Mozilla/5.0 (Linux; Android 6.0.1; Nexus 5X Build/MMB29P) AppleWebKit/537.36 (KHTML, like Gecko) Chrome/124.0.6367.118 Mobile Safari/537.36 (compatible; Googlebot/2.1; +http://www.google.com/bot.html)"
66.249.72.38 - - [11/May/2024:13:24:42 +1000] "GET /wp-content/themes/astra/assets/css/minified/main.min.css?ver=3.9.4 HTTP/1.1" 200 10734 "http://coridyan.com/" "Mozilla/5.0 (Linux; Android 6.0.1; Nexus 5X Build/MMB29P) AppleWebKit/537.36 (KHTML, like Gecko) Chrome/124.0.6367.118 Mobile Safari/537.36 (compatible; Googlebot/2.1; +http://www.google.com/bot.html)"
66.249.72.37 - - [11/May/2024:13:24:45 +1000] "GET /wp-content/plugins/contact-form-7/includes/css/styles.css?ver=5.7.1 HTTP/1.1" 200 1511 "http://coridyan.com/" "Mozilla/5.0 (Linux; Android 6.0.1; Nexus 5X Build/MMB29P) AppleWebKit/537.36 (KHTML, like Gecko) Chrome/124.0.6367.118 Mobile Safari/537.36 (compatible; Googlebot/2.1; +http://www.google.com/bot.html)"
66.249.72.37 - - [11/May/2024:13:24:47 +1000] "GET /wp-content/plugins/contact-form-7/includes/swv/js/index.js?ver=5.7.1 HTTP/1.1" 200 3717 "http://coridyan.com/" "Mozilla/5.0 (Linux; Android 6.0.1; Nexus 5X Build/MMB29P) AppleWebKit/537.36 (KHTML, like Gecko) Chrome/124.0.6367.118 Mobile Safari/537.36 (compatible; Googlebot/2.1; +http://www.google.com/bot.html)"
66.249.72.37 - - [11/May/2024:13:24:48 +1000] "GET /wp-content/themes/astra/assets/css/minified/menu-animation.min.css?ver=3.9.4 HTTP/1.1" 200 876 "http://coridyan.com/" "Mozilla/5.0 (Linux; Android 6.0.1; Nexus 5X Build/MMB29P) AppleWebKit/537.36 (KHTML, like Gecko) Chrome/124.0.6367.118 Mobile Safari/537.36 (compatible; Googlebot/2.1; +http://www.google.com/bot.html)"
66.249.72.37 - - [11/May/2024:13:24:50 +1000] "GET /wp-includes/css/dist/block-library/style.min.css?ver=6.0.8 HTTP/1.1" 200 15579 "http://coridyan.com/" "Mozilla/5.0 (Linux; Android 6.0.1; Nexus 5X Build/MMB29P) AppleWebKit/537.36 (KHTML, like Gecko) Chrome/124.0.6367.118 Mobile Safari/537.36 (compatible; Googlebot/2.1; +http://www.google.com/bot.html)"
66.249.72.37 - - [11/May/2024:13:24:51 +1000] "GET /wp-content/themes/astra/assets/js/minified/frontend.min.js?ver=3.9.4 HTTP/1.1" 200 5200 "http://coridyan.com/" "Mozilla/5.0 (Linux; Android 6.0.1; Nexus 5X Build/MMB29P) AppleWebKit/537.36 (KHTML, like Gecko) Chrome/124.0.6367.118 Mobile Safari/537.36 (compatible; Googlebot/2.1; +http://www.google.com/bot.html)"
165.22.48.172 - - [11/May/2024:13:46:20 +1000] "GET /Mshell.php HTTP/1.1" 404 18875 "www.google.com" "Mozlila/5.0 (Linux; Android 7.0; SM-G892A Bulid/NRD90M; wv) AppleWebKit/537.36 (KHTML, like Gecko) Version/4.0 Chrome/60.0.3112.107 Moblie Safari/537.36"
111.67.29.221 - - [11/May/2024:13:46:26 +1000] "POST /wp-cron.php?doing_wp_cron=1715399186.6040489673614501953125 HTTP/1.1" 200 203 "http://coridyan.com/wp-cron.php?doing_wp_cron=1715399186.6040489673614501953125" "WordPress/6.0.8; http://coridyan.com"
111.67.29.221 - - [11/May/2024:14:13:22 +1000] "POST /wp-cron.php?doing_wp_cron=1715400801.7904770374298095703125 HTTP/1.1" 200 203 "http://coridyan.com/wp-cron.php?doing_wp_cron=1715400801.7904770374298095703125" "WordPress/6.0.8; http://coridyan.com"
104.133.108.96 - - [11/May/2024:14:13:25 +1000] "GET /wp-content/themes/astra/assets/css/minified/main.min.css?ver=3.9.4 HTTP/1.1" 200 10734 "http://coridyan.com/" "Mozilla/5.0 (X11; CrOS x86_64 14541.0.0) AppleWebKit/537.36 (KHTML, like Gecko) Chrome/124.0.0.0 Safari/537.36"
104.133.108.96 - - [11/May/2024:14:13:25 +1000] "GET /wp-content/themes/astra/assets/css/minified/menu-animation.min.css?ver=3.9.4 HTTP/1.1" 200 876 "http://coridyan.com/" "Mozilla/5.0 (X11; CrOS x86_64 14541.0.0) AppleWebKit/537.36 (KHTML, like Gecko) Chrome/124.0.0.0 Safari/537.36"
104.133.108.96 - - [11/May/2024:14:13:25 +1000] "GET /wp-includes/js/wp-emoji-release.min.js?ver=6.0.8 HTTP/1.1" 200 6172 "http://coridyan.com/" "Mozilla/5.0 (X11; CrOS x86_64 14541.0.0) AppleWebKit/537.36 (KHTML, like Gecko) Chrome/124.0.0.0 Safari/537.36"
104.133.108.96 - - [11/May/2024:14:13:25 +1000] "GET /wp-includes/css/dist/block-library/style.min.css?ver=6.0.8 HTTP/1.1" 200 15579 "http://coridyan.com/" "Mozilla/5.0 (X11; CrOS x86_64 14541.0.0) AppleWebKit/537.36 (KHTML, like Gecko) Chrome/124.0.0.0 Safari/537.36"
104.133.108.96 - - [11/May/2024:14:13:25 +1000] "GET /wp-content/plugins/contact-form-7/includes/css/styles.css?ver=5.7.1 HTTP/1.1" 200 1511 "http://coridyan.com/" "Mozilla/5.0 (X11; CrOS x86_64 14541.0.0) AppleWebKit/537.36 (KHTML, like Gecko) Chrome/124.0.0.0 Safari/537.36"
104.133.108.96 - - [11/May/2024:14:13:25 +1000] "GET /wp-content/themes/astra/assets/css/minified/compatibility/contact-form-7-main.min.css?ver=3.9.4 HTTP/1.1" 200 870 "http://coridyan.com/" "Mozilla/5.0 (X11; CrOS x86_64 14541.0.0) AppleWebKit/537.36 (KHTML, like Gecko) Chrome/124.0.0.0 Safari/537.36"
104.133.108.96 - - [11/May/2024:14:13:14 +1000] "GET / HTTP/1.1" 200 22669 "-" "Mozilla/5.0 (X11; CrOS x86_64 14541.0.0) AppleWebKit/537.36 (KHTML, like Gecko) Chrome/124.0.0.0 Safari/537.36"
104.133.108.96 - - [11/May/2024:14:13:26 +1000] "GET /wp-content/uploads/2022/08/Coridyan-Logo-RGB-154x154.png HTTP/1.1" 200 8748 "http://coridyan.com/" "Mozilla/5.0 (X11; CrOS x86_64 14541.0.0) AppleWebKit/537.36 (KHTML, like Gecko) Chrome/124.0.0.0 Safari/537.36"
104.133.108.96 - - [11/May/2024:14:13:26 +1000] "GET /wp-content/uploads/2022/08/Hand_icon_Coridyan-1-3-300x212.png HTTP/1.1" 200 13816 "http://coridyan.com/" "Mozilla/5.0 (X11; CrOS x86_64 14541.0.0) AppleWebKit/537.36 (KHTML, like Gecko) Chrome/124.0.0.0 Safari/537.36"
104.133.108.96 - - [11/May/2024:14:13:26 +1000] "GET /wp-content/themes/astra/assets/js/minified/frontend.min.js?ver=3.9.4 HTTP/1.1" 200 5200 "http://coridyan.com/" "Mozilla/5.0 (X11; CrOS x86_64 14541.0.0) AppleWebKit/537.36 (KHTML, like Gecko) Chrome/124.0.0.0 Safari/537.36"
104.133.108.96 - - [11/May/2024:14:13:26 +1000] "GET /wp-content/uploads/2022/08/Mobile_icon_Coridyan-1-1-300x212.png HTTP/1.1" 200 16430 "http://coridyan.com/" "Mozilla/5.0 (X11; CrOS x86_64 14541.0.0) AppleWebKit/537.36 (KHTML, like Gecko) Chrome/124.0.0.0 Safari/537.36"
104.133.108.96 - - [11/May/2024:14:13:26 +1000] "GET /wp-content/uploads/2022/08/Solar_House-icon2_Coridyan-1-300x212.png HTTP/1.1" 200 17750 "http://coridyan.com/" "Mozilla/5.0 (X11; CrOS x86_64 14541.0.0) AppleWebKit/537.36 (KHTML, like Gecko) Chrome/124.0.0.0 Safari/537.36"
104.133.108.96 - - [11/May/2024:14:13:26 +1000] "GET /wp-content/plugins/contact-form-7/includes/swv/js/index.js?ver=5.7.1 HTTP/1.1" 200 3717 "http://coridyan.com/" "Mozilla/5.0 (X11; CrOS x86_64 14541.0.0) AppleWebKit/537.36 (KHTML, like Gecko) Chrome/124.0.0.0 Safari/537.36"
104.133.108.96 - - [11/May/2024:14:13:26 +1000] "GET /wp-content/uploads/2022/08/cropped-Coridyan-Logo-RGB-300x300.png HTTP/1.1" 200 19879 "http://coridyan.com/" "Mozilla/5.0 (X11; CrOS x86_64 14541.0.0) AppleWebKit/537.36 (KHTML, like Gecko) Chrome/124.0.0.0 Safari/537.36"
104.133.108.96 - - [11/May/2024:14:13:26 +1000] "GET /wp-content/uploads/2022/08/Green_Banner_Coridyan-1024x563.png HTTP/1.1" 200 87438 "http://coridyan.com/" "Mozilla/5.0 (X11; CrOS x86_64 14541.0.0) AppleWebKit/537.36 (KHTML, like Gecko) Chrome/124.0.0.0 Safari/537.36"
104.133.108.96 - - [11/May/2024:14:13:26 +1000] "GET /wp-content/plugins/contact-form-7/includes/js/index.js?ver=5.7.1 HTTP/1.1" 200 4944 "http://coridyan.com/" "Mozilla/5.0 (X11; CrOS x86_64 14541.0.0) AppleWebKit/537.36 (KHTML, like Gecko) Chrome/124.0.0.0 Safari/537.36"
104.133.108.96 - - [11/May/2024:14:13:26 +1000] "GET /wp-content/uploads/2022/08/Top-image-banner-Coridyan.png HTTP/1.1" 200 264184 "http://coridyan.com/" "Mozilla/5.0 (X11; CrOS x86_64 14541.0.0) AppleWebKit/537.36 (KHTML, like Gecko) Chrome/124.0.0.0 Safari/537.36"
66.249.72.37 - - [11/May/2024:14:13:26 +1000] "GET / HTTP/1.1" 200 22656 "-" "GoogleOther"
104.133.108.96 - - [11/May/2024:14:13:27 +1000] "GET /wp-content/uploads/2022/08/cropped-Coridyan-Logo-RGB-32x32.png HTTP/1.1" 200 1405 "http://coridyan.com/" "Mozilla/5.0 (X11; CrOS x86_64 14541.0.0) AppleWebKit/537.36 (KHTML, like Gecko) Chrome/124.0.0.0 Safari/537.36"
104.133.108.96 - - [11/May/2024:14:13:27 +1000] "GET /wp-json/contact-form-7/v1/contact-forms/73/feedback/schema HTTP/1.1" 200 824 "http://coridyan.com/" "Mozilla/5.0 (X11; CrOS x86_64 14541.0.0) AppleWebKit/537.36 (KHTML, like Gecko) Chrome/124.0.0.0 Safari/537.36"
104.133.108.96 - - [11/May/2024:14:13:30 +1000] "GET /wp-content/uploads/2022/08/qendercore_logo-768x112.png HTTP/1.1" 200 24126 "http://coridyan.com/" "Mozilla/5.0 (X11; CrOS x86_64 14541.0.0) AppleWebKit/537.36 (KHTML, like Gecko) Chrome/124.0.0.0 Safari/537.36"
104.133.108.96 - - [11/May/2024:14:13:30 +1000] "GET /wp-content/uploads/2022/08/Data_Security_icon_Coridyan-1-300x266.png HTTP/1.1" 200 14493 "http://coridyan.com/" "Mozilla/5.0 (X11; CrOS x86_64 14541.0.0) AppleWebKit/537.36 (KHTML, like Gecko) Chrome/124.0.0.0 Safari/537.36"
104.133.108.96 - - [11/May/2024:14:13:30 +1000] "GET /wp-content/uploads/2022/08/Solar_Battery_icon_Coridyan-1-1-300x266.png HTTP/1.1" 200 12310 "http://coridyan.com/" "Mozilla/5.0 (X11; CrOS x86_64 14541.0.0) AppleWebKit/537.36 (KHTML, like Gecko) Chrome/124.0.0.0 Safari/537.36"
104.133.108.96 - - [11/May/2024:14:13:30 +1000] "GET /wp-content/uploads/2022/08/Machine_Learning_icon_Coridyan-1-1-300x266.png HTTP/1.1" 200 22511 "http://coridyan.com/" "Mozilla/5.0 (X11; CrOS x86_64 14541.0.0) AppleWebKit/537.36 (KHTML, like Gecko) Chrome/124.0.0.0 Safari/537.36"
104.133.108.96 - - [11/May/2024:14:13:30 +1000] "GET /wp-content/uploads/2022/08/Pool_Pump_Round-icon_Coridyan-2.png HTTP/1.1" 200 19814 "http://coridyan.com/" "Mozilla/5.0 (X11; CrOS x86_64 14541.0.0) AppleWebKit/537.36 (KHTML, like Gecko) Chrome/124.0.0.0 Safari/537.36"
104.133.108.96 - - [11/May/2024:14:13:30 +1000] "GET /wp-content/uploads/2022/08/Air_Con_Round-icon_Coridyan.png HTTP/1.1" 200 18924 "http://coridyan.com/" "Mozilla/5.0 (X11; CrOS x86_64 14541.0.0) AppleWebKit/537.36 (KHTML, like Gecko) Chrome/124.0.0.0 Safari/537.36"
104.133.108.96 - - [11/May/2024:14:13:30 +1000] "GET /wp-content/uploads/2022/08/Temperature_Round-icon_Coridyan.png HTTP/1.1" 200 11421 "http://coridyan.com/" "Mozilla/5.0 (X11; CrOS x86_64 14541.0.0) AppleWebKit/537.36 (KHTML, like Gecko) Chrome/124.0.0.0 Safari/537.36"
104.133.108.96 - - [11/May/2024:14:13:30 +1000] "GET /wp-content/uploads/2022/08/Boiler_Round-icon_Coridyan.png HTTP/1.1" 200 11875 "http://coridyan.com/" "Mozilla/5.0 (X11; CrOS x86_64 14541.0.0) AppleWebKit/537.36 (KHTML, like Gecko) Chrome/124.0.0.0 Safari/537.36"
104.133.108.96 - - [11/May/2024:14:13:31 +1000] "GET /wp-content/uploads/2022/08/EV_Round-icon_Coridyan.png HTTP/1.1" 200 12905 "http://coridyan.com/" "Mozilla/5.0 (X11; CrOS x86_64 14541.0.0) AppleWebKit/537.36 (KHTML, like Gecko) Chrome/124.0.0.0 Safari/537.36"
104.133.108.96 - - [11/May/2024:14:13:30 +1000] "GET /wp-content/uploads/2022/08/Green_Dot_Banner_Deep_Coridyan-1024x648.png HTTP/1.1" 200 161740 "http://coridyan.com/" "Mozilla/5.0 (X11; CrOS x86_64 14541.0.0) AppleWebKit/537.36 (KHTML, like Gecko) Chrome/124.0.0.0 Safari/537.36"
111.67.29.221 - - [11/May/2024:14:35:49 +1000] "POST /wp-cron.php?doing_wp_cron=1715402149.9110438823699951171875 HTTP/1.1" 200 203 "http://coridyan.com/wp-cron.php?doing_wp_cron=1715402149.9110438823699951171875" "WordPress/6.0.8; http://coridyan.com"
111.67.29.221 - - [11/May/2024:14:35:48 +1000] "POST /wp-cron.php?doing_wp_cron=1715402148.7084050178527832031250 HTTP/1.1" 200 203 "http://coridyan.com/wp-cron.php?doing_wp_cron=1715402148.7084050178527832031250" "WordPress/6.0.8; http://coridyan.com"
149.56.160.231 - - [11/May/2024:14:35:42 +1000] "GET / HTTP/1.1" 301 313 "-" "Mozilla/5.0 (compatible; Dataprovider.com)"
149.56.160.231 - - [11/May/2024:14:35:50 +1000] "GET / HTTP/1.1" 200 109046 "-" "Mozilla/5.0 (compatible; Dataprovider.com)"
149.56.160.231 - - [11/May/2024:14:35:52 +1000] "GET /robots.txt HTTP/1.1" 200 507 "-" "Mozilla/5.0 (compatible; Dataprovider.com)"
149.56.160.231 - - [11/May/2024:14:35:56 +1000] "GET /sitemap_index.xml HTTP/1.1" 200 1033 "-" "Mozilla/5.0 (compatible; Dataprovider.com)"
149.56.160.231 - - [11/May/2024:14:35:57 +1000] "GET /elementor-79/privacy-policy/ HTTP/1.1" 200 110790 "-" "Mozilla/5.0 (compatible; Dataprovider.com)"
149.56.160.231 - - [11/May/2024:14:35:59 +1000] "GET /security.txt HTTP/1.1" 301 418 "-" "Mozilla/5.0 (compatible; Dataprovider.com)"
149.56.160.231 - - [11/May/2024:14:35:59 +1000] "GET /security.txt HTTP/1.1" 404 87702 "http://www.coridyan.com/security.txt" "Mozilla/5.0 (compatible; Dataprovider.com)"
149.56.160.231 - - [11/May/2024:14:36:00 +1000] "GET /.well-known/security.txt HTTP/1.1" 301 430 "-" "Mozilla/5.0 (compatible; Dataprovider.com)"
149.56.160.231 - - [11/May/2024:14:36:00 +1000] "GET /.well-known/security.txt HTTP/1.1" 404 87678 "http://www.coridyan.com/.well-known/security.txt" "Mozilla/5.0 (compatible; Dataprovider.com)"
149.56.160.231 - - [11/May/2024:14:36:01 +1000] "GET /ads.txt HTTP/1.1" 301 413 "-" "Mozilla/5.0 (compatible; Dataprovider.com)"
149.56.160.231 - - [11/May/2024:14:36:01 +1000] "GET /ads.txt HTTP/1.1" 404 87702 "http://www.coridyan.com/ads.txt" "Mozilla/5.0 (compatible; Dataprovider.com)"
149.56.160.231 - - [11/May/2024:14:36:02 +1000] "GET / HTTP/1.1" 200 109064 "-" "Mozilla/5.0 (Linux; Android 10; SM-G981B) AppleWebKit/537.36 (KHTML, like Gecko) Chrome/80.0.3987.162 Mobile Safari/537.36"
149.56.160.231 - - [11/May/2024:14:36:03 +1000] "GET /humans.txt HTTP/1.1" 301 416 "-" "Mozilla/5.0 (compatible; Dataprovider.com)"
149.56.160.231 - - [11/May/2024:14:36:03 +1000] "GET /humans.txt HTTP/1.1" 404 87702 "http://www.coridyan.com/humans.txt" "Mozilla/5.0 (compatible; Dataprovider.com)"
149.56.150.193 - - [11/May/2024:14:36:21 +1000] "GET / HTTP/1.1" 301 313 "-" "Mozilla/5.0 (compatible; Dataprovider.com)"
149.56.150.193 - - [11/May/2024:14:36:22 +1000] "GET / HTTP/1.1" 200 22656 "-" "Mozilla/5.0 (compatible; Dataprovider.com)"
149.56.150.193 - - [11/May/2024:14:36:23 +1000] "GET /wp-includes/css/dist/block-library/style.min.css?ver=6.0.8 HTTP/1.1" 200 15579 "http://coridyan.com/" "Mozilla/5.0 (compatible; Dataprovider.com)"
149.56.150.193 - - [11/May/2024:14:36:23 +1000] "GET /wp-content/themes/astra/assets/css/minified/menu-animation.min.css?ver=3.9.4 HTTP/1.1" 200 876 "http://coridyan.com/" "Mozilla/5.0 (compatible; Dataprovider.com)"
149.56.150.193 - - [11/May/2024:14:36:23 +1000] "GET /wp-content/themes/astra/assets/css/minified/main.min.css?ver=3.9.4 HTTP/1.1" 200 10734 "http://coridyan.com/" "Mozilla/5.0 (compatible; Dataprovider.com)"
149.56.150.193 - - [11/May/2024:14:36:23 +1000] "GET /wp-includes/js/wp-emoji-release.min.js?ver=6.0.8 HTTP/1.1" 200 6172 "http://coridyan.com/" "Mozilla/5.0 (compatible; Dataprovider.com)"
149.56.150.193 - - [11/May/2024:14:36:23 +1000] "GET /wp-content/plugins/contact-form-7/includes/css/styles.css?ver=5.7.1 HTTP/1.1" 200 1511 "http://coridyan.com/" "Mozilla/5.0 (compatible; Dataprovider.com)"
149.56.150.193 - - [11/May/2024:14:36:23 +1000] "GET /wp-content/themes/astra/assets/css/minified/compatibility/contact-form-7-main.min.css?ver=3.9.4 HTTP/1.1" 200 870 "http://coridyan.com/" "Mozilla/5.0 (compatible; Dataprovider.com)"
149.56.150.193 - - [11/May/2024:14:36:23 +1000] "GET /wp-content/themes/astra/assets/js/minified/frontend.min.js?ver=3.9.4 HTTP/1.1" 200 5200 "http://coridyan.com/" "Mozilla/5.0 (compatible; Dataprovider.com)"
149.56.150.193 - - [11/May/2024:14:36:23 +1000] "GET /wp-content/plugins/contact-form-7/includes/swv/js/index.js?ver=5.7.1 HTTP/1.1" 200 3717 "http://coridyan.com/" "Mozilla/5.0 (compatible; Dataprovider.com)"
149.56.150.193 - - [11/May/2024:14:36:23 +1000] "GET /wp-content/plugins/contact-form-7/includes/js/index.js?ver=5.7.1 HTTP/1.1" 200 4944 "http://coridyan.com/" "Mozilla/5.0 (compatible; Dataprovider.com)"
149.56.150.193 - - [11/May/2024:14:36:23 +1000] "GET /wp-content/uploads/2022/08/Coridyan-Logo-RGB-154x154.png HTTP/1.1" 200 8748 "http://coridyan.com/" "Mozilla/5.0 (compatible; Dataprovider.com)"
149.56.150.193 - - [11/May/2024:14:36:24 +1000] "GET /wp-content/uploads/2022/08/Hand_icon_Coridyan-1-3.png HTTP/1.1" 200 16830 "http://coridyan.com/" "Mozilla/5.0 (compatible; Dataprovider.com)"
149.56.150.193 - - [11/May/2024:14:36:24 +1000] "GET /wp-content/uploads/2022/08/cropped-Coridyan-Logo-RGB-300x300.png HTTP/1.1" 200 19879 "http://coridyan.com/" "Mozilla/5.0 (compatible; Dataprovider.com)"
149.56.150.193 - - [11/May/2024:14:36:24 +1000] "GET /wp-content/uploads/2022/08/Mobile_icon_Coridyan-1-1.png HTTP/1.1" 200 24788 "http://coridyan.com/" "Mozilla/5.0 (compatible; Dataprovider.com)"
149.56.150.193 - - [11/May/2024:14:36:24 +1000] "GET /wp-content/uploads/2022/08/Solar_House-icon2_Coridyan-1.png HTTP/1.1" 200 21965 "http://coridyan.com/" "Mozilla/5.0 (compatible; Dataprovider.com)"
149.56.150.193 - - [11/May/2024:14:36:24 +1000] "GET /wp-json/contact-form-7/v1/contact-forms/73/feedback/schema HTTP/1.1" 200 824 "http://coridyan.com/" "Mozilla/5.0 (compatible; Dataprovider.com)"
149.56.150.193 - - [11/May/2024:14:36:24 +1000] "GET /wp-content/uploads/2022/08/qendercore_logo-768x112.png HTTP/1.1" 200 24126 "http://coridyan.com/" "Mozilla/5.0 (compatible; Dataprovider.com)"
149.56.150.193 - - [11/May/2024:14:36:24 +1000] "GET /wp-content/uploads/2022/08/Data_Security_icon_Coridyan-1-300x266.png HTTP/1.1" 200 14493 "http://coridyan.com/" "Mozilla/5.0 (compatible; Dataprovider.com)"
149.56.150.193 - - [11/May/2024:14:36:24 +1000] "GET /wp-content/uploads/2022/08/Solar_Battery_icon_Coridyan-1-1-300x266.png HTTP/1.1" 200 12310 "http://coridyan.com/" "Mozilla/5.0 (compatible; Dataprovider.com)"
149.56.150.193 - - [11/May/2024:14:36:24 +1000] "GET /wp-content/uploads/2022/08/Machine_Learning_icon_Coridyan-1-1-300x266.png HTTP/1.1" 200 22511 "http://coridyan.com/" "Mozilla/5.0 (compatible; Dataprovider.com)"
149.56.150.193 - - [11/May/2024:14:36:24 +1000] "GET /wp-content/uploads/2022/08/Green_Banner_Coridyan-1024x563.png HTTP/1.1" 200 87438 "http://coridyan.com/" "Mozilla/5.0 (compatible; Dataprovider.com)"
149.56.150.193 - - [11/May/2024:14:36:25 +1000] "GET /wp-content/uploads/2022/08/Pool_Pump_Round-icon_Coridyan-2.png HTTP/1.1" 200 19814 "http://coridyan.com/" "Mozilla/5.0 (compatible; Dataprovider.com)"
149.56.150.193 - - [11/May/2024:14:36:24 +1000] "GET /wp-content/uploads/2022/08/Top-image-banner-Coridyan.png HTTP/1.1" 200 264184 "http://coridyan.com/" "Mozilla/5.0 (compatible; Dataprovider.com)"
149.56.150.193 - - [11/May/2024:14:36:25 +1000] "GET /wp-content/uploads/2022/08/Air_Con_Round-icon_Coridyan.png HTTP/1.1" 200 18924 "http://coridyan.com/" "Mozilla/5.0 (compatible; Dataprovider.com)"
149.56.150.193 - - [11/May/2024:14:36:25 +1000] "GET /wp-content/uploads/2022/08/Temperature_Round-icon_Coridyan.png HTTP/1.1" 200 11421 "http://coridyan.com/" "Mozilla/5.0 (compatible; Dataprovider.com)"
149.56.150.193 - - [11/May/2024:14:36:25 +1000] "GET /wp-content/uploads/2022/08/Boiler_Round-icon_Coridyan.png HTTP/1.1" 200 11875 "http://coridyan.com/" "Mozilla/5.0 (compatible; Dataprovider.com)"
149.56.150.193 - - [11/May/2024:14:36:25 +1000] "GET /wp-content/uploads/2022/08/EV_Round-icon_Coridyan.png HTTP/1.1" 200 12905 "http://coridyan.com/" "Mozilla/5.0 (compatible; Dataprovider.com)"
149.56.150.193 - - [11/May/2024:14:36:25 +1000] "GET /wp-content/uploads/2022/08/Green_Dot_Banner_Deep_Coridyan-1024x648.png HTTP/1.1" 200 161740 "http://coridyan.com/" "Mozilla/5.0 (compatible; Dataprovider.com)"
165.22.48.172 - - [11/May/2024:14:52:27 +1000] "GET /about.php HTTP/1.1" 404 18876 "-" "python-requests/2.21.0"
165.22.48.172 - - [11/May/2024:14:52:30 +1000] "GET /lv.php HTTP/1.1" 404 18885 "-" "python-requests/2.21.0"
198.71.237.3 - - [11/May/2024:15:21:42 +1000] "POST /xmlrpc.php HTTP/1.1" 200 638 "-" "Mozilla/5.0 (Windows NT 6.1; WOW64; rv:40.0) Gecko/20100101 Firefox/40.1"
212.18.46.166 - - [11/May/2024:15:21:43 +1000] "POST /xmlrpc.php HTTP/1.1" 200 638 "-" "Mozilla/5.0 (Windows NT 10.0; WOW64; rv:54.0) Gecko/20100101 Firefox/54.0"
62.171.168.97 - - [11/May/2024:15:21:56 +1000] "POST /xmlrpc.php HTTP/1.1" 200 638 "-" "Mozilla/5.0 (Macintosh; Intel Mac OS X 10_10; rv:33.0) Gecko/20100101 Firefox/33.0"
185.107.112.77 - - [11/May/2024:15:22:02 +1000] "POST /xmlrpc.php HTTP/1.1" 200 638 "-" "Mozilla/5.0 (Windows NT 10.0; Win64; x64) AppleWebKit/537.36 (KHTML, like Gecko) Chrome/69.0.3497.100 Safari/537.36"
43.136.133.204 - - [11/May/2024:15:22:12 +1000] "POST /xmlrpc.php HTTP/1.1" 200 638 "-" "Mozilla/5.0 (Windows NT 10.0; Win64; x64) AppleWebKit/537.36 (KHTML, like Gecko) Chrome/90.0.4430.93 Safari/537.36"
111.67.29.221 - - [11/May/2024:15:38:38 +1000] "POST /wp-cron.php?doing_wp_cron=1715405918.3109700679779052734375 HTTP/1.1" 200 203 "http://coridyan.com/wp-cron.php?doing_wp_cron=1715405918.3109700679779052734375" "WordPress/6.0.8; http://coridyan.com"
111.67.29.221 - - [11/May/2024:15:38:37 +1000] "POST /wp-cron.php?doing_wp_cron=1715405917.2638518810272216796875 HTTP/1.1" 200 203 "http://coridyan.com/wp-cron.php?doing_wp_cron=1715405917.2638518810272216796875" "WordPress/6.0.8; http://coridyan.com"
54.212.221.246 - - [11/May/2024:15:38:31 +1000] "GET / HTTP/1.1" 200 109016 "-" "Mozilla/5.0 (Macintosh; Intel Mac OS X 10_15_7) AppleWebKit/537.36 (KHTML, like Gecko) Chrome/122.0.0.0 Safari/537.36"
91.92.255.55 - - [11/May/2024:15:57:46 +1000] "GET /simple.php HTTP/1.1" 404 18875 "www.google.com" "Mozlila/5.0 (Linux; Android 7.0; SM-G892A Bulid/NRD90M; wv) AppleWebKit/537.36 (KHTML, like Gecko) Version/4.0 Chrome/60.0.3112.107 Moblie Safari/537.36"
91.92.255.55 - - [11/May/2024:15:58:15 +1000] "GET /simple.php HTTP/1.1" 404 18875 "www.google.com" "Mozlila/5.0 (Linux; Android 7.0; SM-G892A Bulid/NRD90M; wv) AppleWebKit/537.36 (KHTML, like Gecko) Version/4.0 Chrome/60.0.3112.107 Moblie Safari/537.36"
91.92.255.55 - - [11/May/2024:15:58:52 +1000] "GET /admin.php?520 HTTP/1.1" 404 18875 "www.google.com" "Mozlila/5.0 (Linux; Android 7.0; SM-G892A Bulid/NRD90M; wv) AppleWebKit/537.36 (KHTML, like Gecko) Version/4.0 Chrome/60.0.3112.107 Moblie Safari/537.36"
91.92.242.199 - - [11/May/2024:16:24:25 +1000] "GET /wp-content/plugins/wp-ver.php HTTP/1.1" 404 19989 "https://www.google.com" "Mozilla/5.0 (Linux; Android 7.0; SM-G892A Build/NRD90M; wv) AppleWebKit/537.36 (KHTML, like Gecko) Version/4.0 Chrome/60.0.3112.107 Mobile Safari/537.36"
91.92.242.199 - - [11/May/2024:16:24:38 +1000] "GET /wp-content/wp-ver.php HTTP/1.1" 404 18875 "https://www.google.com" "Mozilla/5.0 (Linux; Android 7.0; SM-G892A Build/NRD90M; wv) AppleWebKit/537.36 (KHTML, like Gecko) Version/4.0 Chrome/60.0.3112.107 Mobile Safari/537.36"
91.92.242.199 - - [11/May/2024:16:24:42 +1000] "GET /wp-ver.php HTTP/1.1" 404 18875 "https://www.google.com" "Mozilla/5.0 (Linux; Android 7.0; SM-G892A Build/NRD90M; wv) AppleWebKit/537.36 (KHTML, like Gecko) Version/4.0 Chrome/60.0.3112.107 Mobile Safari/537.36"
198.98.59.200 - - [11/May/2024:16:39:43 +1000] "GET /wp-login.php HTTP/1.1" 200 8581 "-" "Mozilla/5.0 (X11; Ubuntu; Linux x86_64; rv:31.0) Gecko/20100101 Firefox/31.0"
111.67.29.221 - - [11/May/2024:16:39:50 +1000] "POST /wp-cron.php?doing_wp_cron=1715409590.0293149948120117187500 HTTP/1.1" 200 203 "http://coridyan.com/wp-cron.php?doing_wp_cron=1715409590.0293149948120117187500" "WordPress/6.0.8; http://coridyan.com"
198.98.59.200 - - [11/May/2024:16:39:51 +1000] "POST /wp-login.php HTTP/1.1" 200 9049 "-" "Mozilla/5.0 (X11; Ubuntu; Linux x86_64; rv:31.0) Gecko/20100101 Firefox/31.0"
103.145.50.60 - - [11/May/2024:17:31:24 +1000] "POST /xmlrpc.php HTTP/1.1" 200 638 "-" "Mozilla/5.0 (Macintosh; Intel Mac OS X 10_10; rv:33.0) Gecko/20100101 Firefox/33.0"
111.67.29.221 - - [11/May/2024:17:31:25 +1000] "POST /wp-cron.php?doing_wp_cron=1715412685.8065760135650634765625 HTTP/1.1" 200 203 "http://coridyan.com/wp-cron.php?doing_wp_cron=1715412685.8065760135650634765625" "WordPress/6.0.8; http://coridyan.com"
212.18.46.166 - - [11/May/2024:17:31:30 +1000] "POST /xmlrpc.php HTTP/1.1" 200 638 "-" "Mozilla/5.0 (Windows; U; Windows NT 5.1; en-US; rv:1.7.12) Gecko/20050915 Firefox/1.0.7"
138.68.76.25 - - [11/May/2024:17:31:44 +1000] "POST /xmlrpc.php HTTP/1.1" 200 638 "-" "Mozilla/5.0 (Windows NT 6.1; WOW64; rv:47.0) Gecko/20100101 Firefox/47.0"
62.171.168.97 - - [11/May/2024:17:31:48 +1000] "POST /xmlrpc.php HTTP/1.1" 200 638 "-" "Mozilla/5.0 (Windows NT 10.0; Win64; x64; rv:59.0) Gecko/20100101 Firefox/59.0"
103.92.235.82 - - [11/May/2024:17:32:03 +1000] "POST /xmlrpc.php HTTP/1.1" 200 638 "-" "Mozilla/5.0 (Windows NT 10.0; Win64; x64; rv:61.0) Gecko/20100101 Firefox/61.0"
111.67.29.221 - - [11/May/2024:17:33:17 +1000] "POST /wp-cron.php?doing_wp_cron=1715412797.3751730918884277343750 HTTP/1.1" 200 203 "http://coridyan.com/wp-cron.php?doing_wp_cron=1715412797.3751730918884277343750" "WordPress/6.0.8; http://coridyan.com"
74.125.216.37 - - [11/May/2024:17:33:15 +1000] "GET /?page_id=132 HTTP/1.1" 301 341 "-" "PlayStore-Google"
74.125.216.37 - - [11/May/2024:17:33:17 +1000] "GET /elementor-79/privacy-policy/ HTTP/1.1" 200 26960 "-" "PlayStore-Google"
74.125.216.37 - - [11/May/2024:17:33:20 +1000] "GET /?page_id=132 HTTP/1.1" 301 341 "-" "PlayStore-Google"
74.125.216.37 - - [11/May/2024:17:33:22 +1000] "GET /elementor-79/privacy-policy/ HTTP/1.1" 200 26960 "-" "PlayStore-Google"
74.125.216.37 - - [11/May/2024:17:33:23 +1000] "GET /wp-content/plugins/contact-form-7/includes/swv/js/index.js?ver=5.7.1 HTTP/1.1" 200 3717 "http://coridyan.com/elementor-79/privacy-policy/" "PlayStore-Google"
74.125.216.37 - - [11/May/2024:17:33:25 +1000] "GET /wp-includes/js/wp-emoji-release.min.js?ver=6.0.8 HTTP/1.1" 200 6172 "http://coridyan.com/elementor-79/privacy-policy/" "PlayStore-Google"
74.125.216.37 - - [11/May/2024:17:33:27 +1000] "GET /wp-content/themes/astra/assets/css/minified/main.min.css?ver=3.9.4 HTTP/1.1" 200 10734 "http://coridyan.com/elementor-79/privacy-policy/" "PlayStore-Google"
74.125.216.37 - - [11/May/2024:17:33:29 +1000] "GET /wp-content/themes/astra/assets/css/minified/menu-animation.min.css?ver=3.9.4 HTTP/1.1" 200 876 "http://coridyan.com/elementor-79/privacy-policy/" "PlayStore-Google"
74.125.216.37 - - [11/May/2024:17:33:32 +1000] "GET /wp-content/themes/astra/assets/css/minified/compatibility/contact-form-7-main.min.css?ver=3.9.4 HTTP/1.1" 200 870 "http://coridyan.com/elementor-79/privacy-policy/" "PlayStore-Google"
165.22.48.172 - - [11/May/2024:17:38:26 +1000] "GET /wp-content/plugins/shell/about.php HTTP/1.1" 404 20070 "www.google.com" "Mozlila/5.0 (Linux; Android 7.0; SM-G892A Bulid/NRD90M; wv) AppleWebKit/537.36 (KHTML, like Gecko) Version/4.0 Chrome/60.0.3112.107 Moblie Safari/537.36"
165.22.48.172 - - [11/May/2024:17:38:42 +1000] "GET /wp-content/plugins/fix/up.php HTTP/1.1" 404 20087 "www.google.com" "Mozlila/5.0 (Linux; Android 7.0; SM-G892A Bulid/NRD90M; wv) AppleWebKit/537.36 (KHTML, like Gecko) Version/4.0 Chrome/60.0.3112.107 Moblie Safari/537.36"
