185.98.5.103 - - [13/May/2024:01:55:18 +1000] "POST /xmlrpc.php HTTP/1.1" 200 638 "-" "Mozilla/5.0 (Windows NT 10.0; Win64; x64) AppleWebKit/537.36 (KHTML, like Gecko) Chrome/60.0.3112.113 Safari/537.36"
103.221.223.238 - - [13/May/2024:01:55:20 +1000] "POST /xmlrpc.php HTTP/1.1" 200 638 "-" "Mozilla/5.0 (Windows NT 5.1; rv:30.0) Gecko/20100101 Firefox/30.0"
80.239.141.135 - - [13/May/2024:01:55:24 +1000] "POST /xmlrpc.php HTTP/1.1" 200 638 "-" "Mozilla/5.0 (Windows NT 6.1; WOW64; rv:41.0) Gecko/20100101 Firefox/41.0"
62.171.168.97 - - [13/May/2024:01:55:27 +1000] "POST /xmlrpc.php HTTP/1.1" 200 638 "-" "Mozilla/5.0 (iPad; CPU OS 14_6 like Mac OS X) AppleWebKit/605.1.15 (KHTML, like Gecko) CriOS/91.0.4472.80 Mobile/15E148 Safari/604.1"
98.142.102.90 - - [13/May/2024:01:55:30 +1000] "POST /xmlrpc.php HTTP/1.1" 200 638 "-" "Mozilla/5.0 (Windows NT 10.0; Win64; x64) AppleWebKit/537.36 (KHTML, like Gecko) Chrome/90.0.4430.93 Safari/537.36"
80.239.141.135 - - [13/May/2024:01:55:31 +1000] "POST /xmlrpc.php HTTP/1.1" 200 638 "-" "Mozilla/5.0 (Windows NT 6.1; Win64; x64; rv:61.0) Gecko/20100101 Firefox/61.0"
8.219.54.193 - - [13/May/2024:01:55:34 +1000] "POST /xmlrpc.php HTTP/1.1" 200 638 "-" "Mozilla/5.0 (Linux; Android 10; LM-Q720) AppleWebKit/537.36 (KHTML, like Gecko) Chrome/91.0.4472.114 Mobile Safari/537.36"
107.189.7.155 - - [13/May/2024:02:23:49 +1000] "GET /wp-login.php HTTP/1.1" 200 0 "-" "Mozilla/5.0 (Windows NT 6.3; WOW64; Trident/7.0; rv:11.0) like Gecko"
111.67.29.221 - - [13/May/2024:02:50:55 +1000] "POST /wp-cron.php?doing_wp_cron=1715532655.5949249267578125000000 HTTP/1.1" 200 203 "http://coridyan.com/wp-cron.php?doing_wp_cron=1715532655.5949249267578125000000" "WordPress/6.0.8; http://coridyan.com"
77.237.240.95 - - [13/May/2024:02:50:52 +1000] "GET / HTTP/1.1" 200 109076 "-" "Mozilla/5.0 (Windows NT 10.0; Win64; x64) AppleWebKit/537.36 (KHTML, like Gecko) Chrome/80.0.3987.149 Safari/537.36"
77.237.240.95 - - [13/May/2024:02:50:58 +1000] "GET /?author=1 HTTP/1.1" 301 335 "-" "Mozilla/5.0 (Windows NT 10.0; Win64; x64) AppleWebKit/537.36 (KHTML, like Gecko) Chrome/80.0.3987.149 Safari/537.36"
77.237.240.95 - - [13/May/2024:02:51:03 +1000] "GET /?author=2 HTTP/1.1" 301 332 "-" "Mozilla/5.0 (Windows NT 10.0; Win64; x64) AppleWebKit/537.36 (KHTML, like Gecko) Chrome/80.0.3987.149 Safari/537.36"
77.237.240.95 - - [13/May/2024:02:51:06 +1000] "GET /wp-json/wp/v2/users/ HTTP/1.1" 200 8046 "-" "Mozilla/5.0 (Windows NT 10.0; Win64; x64) AppleWebKit/537.36 (KHTML, like Gecko) Chrome/80.0.3987.149 Safari/537.36"
77.237.240.95 - - [13/May/2024:02:51:09 +1000] "POST /xmlrpc.php HTTP/1.1" 200 675 "-" "Mozilla/5.0 (Windows NT 10.0; Win64; x64) AppleWebKit/537.36 (KHTML, like Gecko) Chrome/80.0.3987.149 Safari/537.36"
77.237.240.95 - - [13/May/2024:02:51:11 +1000] "POST /xmlrpc.php HTTP/1.1" 200 673 "-" "Mozilla/5.0 (Windows NT 10.0; Win64; x64) AppleWebKit/537.36 (KHTML, like Gecko) Chrome/80.0.3987.149 Safari/537.36"
77.237.240.95 - - [13/May/2024:02:51:11 +1000] "POST /xmlrpc.php HTTP/1.1" 200 675 "-" "Mozilla/5.0 (Windows NT 10.0; Win64; x64) AppleWebKit/537.36 (KHTML, like Gecko) Chrome/80.0.3987.149 Safari/537.36"
77.237.240.95 - - [13/May/2024:02:51:12 +1000] "POST /xmlrpc.php HTTP/1.1" 200 673 "-" "Mozilla/5.0 (Windows NT 10.0; Win64; x64) AppleWebKit/537.36 (KHTML, like Gecko) Chrome/80.0.3987.149 Safari/537.36"
77.237.240.95 - - [13/May/2024:02:51:13 +1000] "POST /xmlrpc.php HTTP/1.1" 200 673 "-" "Mozilla/5.0 (Windows NT 10.0; Win64; x64) AppleWebKit/537.36 (KHTML, like Gecko) Chrome/80.0.3987.149 Safari/537.36"
77.237.240.95 - - [13/May/2024:02:51:13 +1000] "POST /xmlrpc.php HTTP/1.1" 200 673 "-" "Mozilla/5.0 (Windows NT 10.0; Win64; x64) AppleWebKit/537.36 (KHTML, like Gecko) Chrome/80.0.3987.149 Safari/537.36"
77.237.240.95 - - [13/May/2024:02:51:15 +1000] "POST /xmlrpc.php HTTP/1.1" 200 673 "-" "Mozilla/5.0 (Windows NT 10.0; Win64; x64) AppleWebKit/537.36 (KHTML, like Gecko) Chrome/80.0.3987.149 Safari/537.36"
77.237.240.95 - - [13/May/2024:02:51:17 +1000] "POST /xmlrpc.php HTTP/1.1" 200 673 "-" "Mozilla/5.0 (Windows NT 10.0; Win64; x64) AppleWebKit/537.36 (KHTML, like Gecko) Chrome/80.0.3987.149 Safari/537.36"
77.237.240.95 - - [13/May/2024:02:51:20 +1000] "POST /xmlrpc.php HTTP/1.1" 200 673 "-" "Mozilla/5.0 (Windows NT 10.0; Win64; x64) AppleWebKit/537.36 (KHTML, like Gecko) Chrome/80.0.3987.149 Safari/537.36"
77.237.240.95 - - [13/May/2024:02:51:24 +1000] "POST /xmlrpc.php HTTP/1.1" 200 673 "-" "Mozilla/5.0 (Windows NT 10.0; Win64; x64) AppleWebKit/537.36 (KHTML, like Gecko) Chrome/80.0.3987.149 Safari/537.36"
77.237.240.95 - - [13/May/2024:02:51:29 +1000] "POST /xmlrpc.php HTTP/1.1" 200 673 "-" "Mozilla/5.0 (Windows NT 10.0; Win64; x64) AppleWebKit/537.36 (KHTML, like Gecko) Chrome/80.0.3987.149 Safari/537.36"
77.237.240.95 - - [13/May/2024:02:51:34 +1000] "POST /xmlrpc.php HTTP/1.1" 200 673 "-" "Mozilla/5.0 (Windows NT 10.0; Win64; x64) AppleWebKit/537.36 (KHTML, like Gecko) Chrome/80.0.3987.149 Safari/537.36"
77.237.240.95 - - [13/May/2024:02:51:46 +1000] "POST /xmlrpc.php HTTP/1.1" 200 673 "-" "Mozilla/5.0 (Windows NT 10.0; Win64; x64) AppleWebKit/537.36 (KHTML, like Gecko) Chrome/80.0.3987.149 Safari/537.36"
77.237.240.95 - - [13/May/2024:02:52:01 +1000] "POST /xmlrpc.php HTTP/1.1" 200 673 "-" "Mozilla/5.0 (Windows NT 10.0; Win64; x64) AppleWebKit/537.36 (KHTML, like Gecko) Chrome/80.0.3987.149 Safari/537.36"
77.237.240.95 - - [13/May/2024:02:52:16 +1000] "POST /xmlrpc.php HTTP/1.1" 200 673 "-" "Mozilla/5.0 (Windows NT 10.0; Win64; x64) AppleWebKit/537.36 (KHTML, like Gecko) Chrome/80.0.3987.149 Safari/537.36"
77.237.240.95 - - [13/May/2024:02:52:31 +1000] "POST /xmlrpc.php HTTP/1.1" 200 673 "-" "Mozilla/5.0 (Windows NT 10.0; Win64; x64) AppleWebKit/537.36 (KHTML, like Gecko) Chrome/80.0.3987.149 Safari/537.36"
77.237.240.95 - - [13/May/2024:02:52:45 +1000] "POST /xmlrpc.php HTTP/1.1" 200 673 "-" "Mozilla/5.0 (Windows NT 10.0; Win64; x64) AppleWebKit/537.36 (KHTML, like Gecko) Chrome/80.0.3987.149 Safari/537.36"
77.237.240.95 - - [13/May/2024:02:53:01 +1000] "POST /xmlrpc.php HTTP/1.1" 200 673 "-" "Mozilla/5.0 (Windows NT 10.0; Win64; x64) AppleWebKit/537.36 (KHTML, like Gecko) Chrome/80.0.3987.149 Safari/537.36"
77.237.240.95 - - [13/May/2024:02:53:16 +1000] "POST /xmlrpc.php HTTP/1.1" 200 673 "-" "Mozilla/5.0 (Windows NT 10.0; Win64; x64) AppleWebKit/537.36 (KHTML, like Gecko) Chrome/80.0.3987.149 Safari/537.36"
77.237.240.95 - - [13/May/2024:02:53:31 +1000] "POST /xmlrpc.php HTTP/1.1" 200 673 "-" "Mozilla/5.0 (Windows NT 10.0; Win64; x64) AppleWebKit/537.36 (KHTML, like Gecko) Chrome/80.0.3987.149 Safari/537.36"
77.237.240.95 - - [13/May/2024:02:53:46 +1000] "POST /xmlrpc.php HTTP/1.1" 200 673 "-" "Mozilla/5.0 (Windows NT 10.0; Win64; x64) AppleWebKit/537.36 (KHTML, like Gecko) Chrome/80.0.3987.149 Safari/537.36"
77.237.240.95 - - [13/May/2024:02:54:01 +1000] "POST /xmlrpc.php HTTP/1.1" 200 673 "-" "Mozilla/5.0 (Windows NT 10.0; Win64; x64) AppleWebKit/537.36 (KHTML, like Gecko) Chrome/80.0.3987.149 Safari/537.36"
77.237.240.95 - - [13/May/2024:02:54:16 +1000] "POST /xmlrpc.php HTTP/1.1" 200 673 "-" "Mozilla/5.0 (Windows NT 10.0; Win64; x64) AppleWebKit/537.36 (KHTML, like Gecko) Chrome/80.0.3987.149 Safari/537.36"
77.237.240.95 - - [13/May/2024:02:54:31 +1000] "POST /xmlrpc.php HTTP/1.1" 200 673 "-" "Mozilla/5.0 (Windows NT 10.0; Win64; x64) AppleWebKit/537.36 (KHTML, like Gecko) Chrome/80.0.3987.149 Safari/537.36"
77.237.240.95 - - [13/May/2024:02:54:46 +1000] "POST /xmlrpc.php HTTP/1.1" 200 673 "-" "Mozilla/5.0 (Windows NT 10.0; Win64; x64) AppleWebKit/537.36 (KHTML, like Gecko) Chrome/80.0.3987.149 Safari/537.36"
77.237.240.95 - - [13/May/2024:02:55:01 +1000] "POST /xmlrpc.php HTTP/1.1" 200 673 "-" "Mozilla/5.0 (Windows NT 10.0; Win64; x64) AppleWebKit/537.36 (KHTML, like Gecko) Chrome/80.0.3987.149 Safari/537.36"
77.237.240.95 - - [13/May/2024:02:55:16 +1000] "POST /xmlrpc.php HTTP/1.1" 200 673 "-" "Mozilla/5.0 (Windows NT 10.0; Win64; x64) AppleWebKit/537.36 (KHTML, like Gecko) Chrome/80.0.3987.149 Safari/537.36"
77.237.240.95 - - [13/May/2024:02:55:31 +1000] "POST /xmlrpc.php HTTP/1.1" 200 673 "-" "Mozilla/5.0 (Windows NT 10.0; Win64; x64) AppleWebKit/537.36 (KHTML, like Gecko) Chrome/80.0.3987.149 Safari/537.36"
77.237.240.95 - - [13/May/2024:02:55:46 +1000] "POST /xmlrpc.php HTTP/1.1" 200 673 "-" "Mozilla/5.0 (Windows NT 10.0; Win64; x64) AppleWebKit/537.36 (KHTML, like Gecko) Chrome/80.0.3987.149 Safari/537.36"
77.237.240.95 - - [13/May/2024:02:56:01 +1000] "POST /xmlrpc.php HTTP/1.1" 200 673 "-" "Mozilla/5.0 (Windows NT 10.0; Win64; x64) AppleWebKit/537.36 (KHTML, like Gecko) Chrome/80.0.3987.149 Safari/537.36"
77.237.240.95 - - [13/May/2024:02:56:16 +1000] "POST /xmlrpc.php HTTP/1.1" 200 673 "-" "Mozilla/5.0 (Windows NT 10.0; Win64; x64) AppleWebKit/537.36 (KHTML, like Gecko) Chrome/80.0.3987.149 Safari/537.36"
113.177.48.148 - - [13/May/2024:03:01:39 +1000] "GET / HTTP/1.1" 200 22632 "-" "Mozilla/5.0 (Windows NT 10.0; Win64; x64) AppleWebKit/537.36 (KHTML, like Gecko) Chrome/120.0.0.0 Safari/537.36"
113.177.48.148 - - [13/May/2024:03:01:42 +1000] "GET /comments/feed/ HTTP/1.1" 200 1851 "-" "Mozilla/5.0 (Windows NT 10.0; Win64; x64) AppleWebKit/537.36 (KHTML, like Gecko) Chrome/120.0.0.0 Safari/537.36"
20.191.194.43 - - [13/May/2024:03:10:12 +1000] "GET / HTTP/1.1" 200 14492 "-" "Mozilla/5.0 (Macintosh; Intel Mac OS X 10.13; rv:71.0) Gecko/20100101 Firefox/71.0"
20.191.194.43 - - [13/May/2024:03:10:19 +1000] "GET / HTTP/1.1" 200 22592 "-" "Mozilla/5.0 (Macintosh; Intel Mac OS X 10.13; rv:71.0) Gecko/20100101 Firefox/71.0"
107.189.7.155 - - [13/May/2024:03:16:57 +1000] "GET /wp-login.php HTTP/1.1" 200 8581 "-" "Mozilla/5.0 (X11; Linux x86_64) AppleWebKit/537.36 (KHTML, like Gecko) Ubuntu Chromium/34.0.1847.116 Chrome/34.0.1847.116 Safari/537.36"
107.189.7.155 - - [13/May/2024:03:17:00 +1000] "POST /wp-login.php HTTP/1.1" 200 9033 "-" "Mozilla/5.0 (X11; Linux x86_64) AppleWebKit/537.36 (KHTML, like Gecko) Ubuntu Chromium/34.0.1847.116 Chrome/34.0.1847.116 Safari/537.36"
188.225.21.131 - - [13/May/2024:03:47:05 +1000] "POST /xmlrpc.php HTTP/1.1" 200 638 "-" "Mozilla/5.0 (Windows NT 10.0; Win64; x64; rv:57.0) Gecko/20100101 Firefox/57.0"
110.40.135.44 - - [13/May/2024:03:47:03 +1000] "POST /xmlrpc.php HTTP/1.1" 200 638 "-" "Mozilla/5.0 (Windows NT 10.0; Win64; x64) AppleWebKit/537.36 (KHTML, like Gecko) Chrome/79.0.3945.130 Safari/537.36"
111.67.29.221 - - [13/May/2024:03:47:09 +1000] "POST /wp-cron.php?doing_wp_cron=1715536029.3302600383758544921875 HTTP/1.1" 200 203 "http://coridyan.com/wp-cron.php?doing_wp_cron=1715536029.3302600383758544921875" "WordPress/6.0.8; http://coridyan.com"
47.242.146.158 - - [13/May/2024:03:47:17 +1000] "POST /xmlrpc.php HTTP/1.1" 200 638 "-" "Mozilla/5.0 (Windows NT 5.1; rv:52.0) Gecko/20100101 Firefox/52.0"
138.68.76.25 - - [13/May/2024:03:47:20 +1000] "POST /xmlrpc.php HTTP/1.1" 200 638 "-" "Mozilla/5.0 (Windows NT 6.3; Win64; x64) AppleWebKit/537.36 (KHTML, like Gecko) Chrome/60.0.3112.113 Safari/537.36"
47.242.146.158 - - [13/May/2024:03:47:25 +1000] "POST /xmlrpc.php HTTP/1.1" 200 638 "-" "Mozilla/5.0 (Windows NT 10.0; Win64; x64; rv:66.0) Gecko/20100101 Firefox/66.0"
212.18.46.166 - - [13/May/2024:03:47:26 +1000] "POST /xmlrpc.php HTTP/1.1" 200 638 "-" "Mozilla/5.0 (Windows NT 10.0; Win64; x64) AppleWebKit/537.36 (KHTML, like Gecko) Chrome/83.0.4103.116 Safari/537.36"
64.227.180.29 - - [13/May/2024:03:47:27 +1000] "POST /xmlrpc.php HTTP/1.1" 200 638 "-" "Mozilla/5.0 (Windows NT 6.1; rv:17.0) Gecko/20100101 Firefox/20.6.14"
207.180.228.139 - - [13/May/2024:03:48:00 +1000] "POST /xmlrpc.php HTTP/1.1" 200 638 "-" "Mozilla/5.0 (Windows NT 10.0; Win64; x64; rv:61.0) Gecko/20100101 Firefox/61.0"
40.77.167.3 - - [13/May/2024:04:22:29 +1000] "GET /sitemap_index.xml HTTP/1.1" 200 658 "-" "Mozilla/5.0 AppleWebKit/537.36 (KHTML, like Gecko; compatible; bingbot/2.0; +http://www.bing.com/bingbot.htm) Chrome/116.0.1938.76 Safari/537.36"
93.174.93.127 - - [13/May/2024:04:24:30 +1000] "POST /wp-content/plugins/uploadify/includes/process_upload.php HTTP/1.1" 404 20070 "-" "Mozilla/5.0 (Macintosh; Intel Mac OS X 10_15_7) AppleWebKit/537.36 (KHTML, like Gecko) Chrome/124.0.0.0 Safari/537.36"
111.67.29.221 - - [13/May/2024:04:24:32 +1000] "POST /wp-cron.php?doing_wp_cron=1715538272.0320079326629638671875 HTTP/1.1" 200 203 "http://coridyan.com/wp-cron.php?doing_wp_cron=1715538272.0320079326629638671875" "WordPress/6.0.8; http://coridyan.com"
46.146.230.89 - - [13/May/2024:05:33:25 +1000] "GET / HTTP/1.0" 200 108951 "http://coridyan.com/" "Mozilla/5.0 (Windows NT 10.0; Win64; x64) AppleWebKit/537.36 (KHTML, like Gecko) Chrome/121.0.0.0 Safari/537.36"
111.67.29.221 - - [13/May/2024:05:33:37 +1000] "POST /wp-cron.php?doing_wp_cron=1715542417.5492229461669921875000 HTTP/1.1" 200 203 "http://coridyan.com/wp-cron.php?doing_wp_cron=1715542417.5492229461669921875000" "WordPress/6.0.8; http://coridyan.com"
111.67.29.221 - - [13/May/2024:05:33:36 +1000] "POST /wp-cron.php?doing_wp_cron=1715542416.3672180175781250000000 HTTP/1.1" 200 203 "http://coridyan.com/wp-cron.php?doing_wp_cron=1715542416.3672180175781250000000" "WordPress/6.0.8; http://coridyan.com"
46.146.230.89 - - [13/May/2024:05:33:43 +1000] "POST /wp-json/contact-form-7/v1/contact-forms/73/feedback HTTP/1.0" 200 718 "http://coridyan.com/" "Mozilla/5.0 (Windows NT 10.0; Win64; x64) AppleWebKit/537.36 (KHTML, like Gecko) Chrome/121.0.0.0 Safari/537.36"
121.40.213.12 - - [13/May/2024:05:42:21 +1000] "POST /xmlrpc.php HTTP/1.1" 200 638 "-" "Mozilla/5.0 (Windows NT 10.0; Win64; x64; rv:65.0) Gecko/20100101 Firefox/65.0"
109.235.174.18 - - [13/May/2024:05:42:19 +1000] "POST /xmlrpc.php HTTP/1.1" 200 638 "-" "Mozilla/5.0 (Windows NT 10.0; Win64; x64) AppleWebKit/537.36 (KHTML, like Gecko) Chrome/91.0.4472.114 Safari/537.36"
101.43.151.37 - - [13/May/2024:05:42:17 +1000] "POST /xmlrpc.php HTTP/1.1" 200 638 "-" "Mozilla/5.0 (Windows NT 6.0; rv:34.0) Gecko/20100101 Firefox/34.0"
101.43.151.37 - - [13/May/2024:05:42:28 +1000] "POST /xmlrpc.php HTTP/1.1" 200 638 "-" "Mozilla/5.0 (iPad; CPU OS 14_6 like Mac OS X) AppleWebKit/605.1.15 (KHTML, like Gecko) CriOS/91.0.4472.80 Mobile/15E148 Safari/604.1"
8.219.54.193 - - [13/May/2024:05:42:29 +1000] "POST /xmlrpc.php HTTP/1.1" 200 638 "-" "Mozilla/5.0 (Windows NT 6.1; WOW64; rv:52.0) Gecko/20100101 Firefox/52.0"
184.168.114.42 - - [13/May/2024:05:42:32 +1000] "POST /xmlrpc.php HTTP/1.1" 200 638 "-" "Mozilla/5.0 (Windows NT 10.0; Win64; x64; rv:61.0) Gecko/20100101 Firefox/61.0"
207.180.228.139 - - [13/May/2024:05:42:38 +1000] "POST /xmlrpc.php HTTP/1.1" 200 638 "-" "Mozilla/5.0 (Windows NT 5.1; rv:7.0.1) Gecko/20100101 Firefox/7.0.1"
94.46.22.120 - - [13/May/2024:05:42:38 +1000] "POST /xmlrpc.php HTTP/1.1" 200 638 "-" "Mozilla/5.0 (Windows NT 10.0; Win64; x64) AppleWebKit/537.36 (KHTML, like Gecko) Chrome/83.0.4103.116 Safari/537.36"
57.128.17.175 - - [13/May/2024:05:42:43 +1000] "POST /xmlrpc.php HTTP/1.1" 200 638 "-" "Mozilla/5.0 (Windows NT 10.0; Win64; x64) AppleWebKit/537.36 (KHTML, like Gecko) Chrome/91.0.4472.114 Safari/537.36"
103.221.223.238 - - [13/May/2024:05:42:45 +1000] "POST /xmlrpc.php HTTP/1.1" 200 638 "-" "Mozilla/5.0 (Windows NT 6.1) AppleWebKit/537.36 (KHTML, like Gecko) Chrome/56.0.2924.76 Safari/537.36"
101.133.163.146 - - [13/May/2024:05:42:52 +1000] "POST /xmlrpc.php HTTP/1.1" 200 638 "-" "Mozilla/5.0 (Windows NT 10.0; Win64; x64) AppleWebKit/537.36 (KHTML, like Gecko) Chrome/64.0.3282.186 Safari/537.36"
173.255.237.184 - - [13/May/2024:05:42:53 +1000] "POST /xmlrpc.php HTTP/1.1" 200 638 "-" "Mozilla/5.0 (Linux; Android 10; SM-A205U) AppleWebKit/537.36 (KHTML, like Gecko) Chrome/91.0.4472.114 Mobile Safari/537.36"
95.217.225.28 - - [13/May/2024:05:42:55 +1000] "POST /xmlrpc.php HTTP/1.1" 200 638 "-" "Mozilla/5.0 (Linux; Android 10) AppleWebKit/537.36 (KHTML, like Gecko) Chrome/91.0.4472.114 Mobile Safari/537.36"
68.178.145.4 - - [13/May/2024:05:42:58 +1000] "POST /xmlrpc.php HTTP/1.1" 200 638 "-" "Mozilla/5.0 (Windows; U; Windows NT 5.1; en-US; rv:1.7.10) Gecko/20050716 Firefox/1.0.6"
45.130.202.47 - - [13/May/2024:06:01:40 +1000] "GET / HTTP/1.1" 200 22669 "-" "Mozilla/5.0 (X11; Linux x86_64) AppleWebKit/537.36 (KHTML, like Gecko) Chrome/114.0.0.0 Safari/537.36 Vivaldi/5.3.2679.68"
45.130.202.2 - - [13/May/2024:06:01:43 +1000] "GET /wp-content/plugins/contact-form-7/includes/js/index.js?ver=5.7.1 HTTP/1.1" 200 4944 "http://coridyan.com" "Mozilla/5.0 (X11; Linux x86_64) AppleWebKit/537.36 (KHTML, like Gecko) Chrome/114.0.0.0 Safari/537.36 Vivaldi/5.3.2679.68"
45.130.202.132 - - [13/May/2024:06:01:44 +1000] "POST /wp-json/contact-form-7/v1/contact-forms/73/feedback HTTP/1.1" 200 948 "http://coridyan.com" "Mozilla/5.0 (X11; Linux x86_64) AppleWebKit/537.36 (KHTML, like Gecko) Chrome/114.0.0.0 Safari/537.36 Vivaldi/5.3.2679.68"
111.67.29.221 - - [13/May/2024:07:46:03 +1000] "POST /wp-cron.php?doing_wp_cron=1715550363.4815630912780761718750 HTTP/1.1" 200 203 "http://coridyan.com/wp-cron.php?doing_wp_cron=1715550363.4815630912780761718750" "WordPress/6.0.8; http://coridyan.com"
101.43.151.37 - - [13/May/2024:07:46:00 +1000] "POST /xmlrpc.php HTTP/1.1" 200 638 "-" "Mozilla/5.0 (Windows NT 6.1; WOW64; rv:41.0) Gecko/20100101 Firefox/41.0"
207.180.228.139 - - [13/May/2024:07:45:56 +1000] "POST /xmlrpc.php HTTP/1.1" 200 638 "-" "Mozilla/5.0 (Windows NT 6.1; WOW64; rv:44.0) Gecko/20100101 Firefox/44.0"
111.67.29.221 - - [13/May/2024:07:46:03 +1000] "POST /wp-cron.php?doing_wp_cron=1715550363.4815649986267089843750 HTTP/1.1" 200 203 "http://coridyan.com/wp-cron.php?doing_wp_cron=1715550363.4815649986267089843750" "WordPress/6.0.8; http://coridyan.com"
120.78.9.235 - - [13/May/2024:07:46:10 +1000] "POST /xmlrpc.php HTTP/1.1" 200 638 "-" "Mozilla/5.0 (Windows NT 10.0; Win64; x64) AppleWebKit/537.36 (KHTML, like Gecko) Chrome/81.0.4044.138 Safari/537.36"
184.168.114.22 - - [13/May/2024:07:46:10 +1000] "POST /xmlrpc.php HTTP/1.1" 200 638 "-" "Mozilla/5.0 (Windows NT 5.1; rv:33.0) Gecko/20100101 Firefox/33.0"
66.29.134.113 - - [13/May/2024:07:46:10 +1000] "POST /xmlrpc.php HTTP/1.1" 200 638 "-" "Mozilla/5.0 (Linux; Android 10; SM-G960U) AppleWebKit/537.36 (KHTML, like Gecko) Chrome/91.0.4472.114 Mobile Safari/537.36"
68.178.145.4 - - [13/May/2024:07:46:12 +1000] "POST /xmlrpc.php HTTP/1.1" 200 638 "-" "Mozilla/5.0 (Windows NT 10.0) AppleWebKit/537.36 (KHTML, like Gecko) Chrome/91.0.4472.114 Safari/537.36"
212.18.46.166 - - [13/May/2024:07:46:25 +1000] "POST /xmlrpc.php HTTP/1.1" 200 638 "-" "Mozilla/5.0 (Linux; Android 10; LM-X420) AppleWebKit/537.36 (KHTML, like Gecko) Chrome/91.0.4472.114 Mobile Safari/537.36"
86.111.38.33 - - [13/May/2024:07:46:35 +1000] "POST /xmlrpc.php HTTP/1.1" 200 638 "-" "Mozilla/5.0 (Windows NT 10.0) AppleWebKit/537.36 (KHTML, like Gecko) Chrome/91.0.4472.114 Safari/537.36"
172.104.146.213 - - [13/May/2024:07:46:40 +1000] "POST /xmlrpc.php HTTP/1.1" 200 638 "-" "Mozilla/5.0 (Windows NT 10.0; Win64; x64) AppleWebKit/537.36 (KHTML, like Gecko) Chrome/80.0.3987.132 Safari/537.36"
45.61.186.166 - - [13/May/2024:08:09:39 +1000] "GET /wp-login.php HTTP/1.1" 200 8581 "-" "Mozilla/5.0 (X11; Ubuntu; Linux x86_64; rv:31.0) Gecko/20100101 Firefox/31.0"
45.61.186.166 - - [13/May/2024:08:09:47 +1000] "POST /wp-login.php HTTP/1.1" 200 9043 "-" "Mozilla/5.0 (X11; Ubuntu; Linux x86_64; rv:31.0) Gecko/20100101 Firefox/31.0"
111.67.29.221 - - [13/May/2024:09:25:56 +1000] "POST /wp-cron.php?doing_wp_cron=1715556356.8568809032440185546875 HTTP/1.1" 200 203 "http://coridyan.com/wp-cron.php?doing_wp_cron=1715556356.8568809032440185546875" "WordPress/6.0.8; http://coridyan.com"
111.67.29.221 - - [13/May/2024:09:25:55 +1000] "POST /wp-cron.php?doing_wp_cron=1715556355.7928199768066406250000 HTTP/1.1" 200 203 "http://coridyan.com/wp-cron.php?doing_wp_cron=1715556355.7928199768066406250000" "WordPress/6.0.8; http://coridyan.com"
198.203.28.199 - - [13/May/2024:09:25:49 +1000] "GET / HTTP/1.1" 200 22669 "-" "Mozilla/5.0 (X11; Linux x86_64) AppleWebKit/537.36 (KHTML, like Gecko) Chrome/114.0.0.0 Safari/537.36 Vivaldi/5.3.2679.68"
198.203.28.199 - - [13/May/2024:09:25:59 +1000] "GET /wp-content/plugins/contact-form-7/includes/js/index.js?ver=5.7.1 HTTP/1.1" 200 4944 "http://coridyan.com" "Mozilla/5.0 (X11; Linux x86_64) AppleWebKit/537.36 (KHTML, like Gecko) Chrome/114.0.0.0 Safari/537.36 Vivaldi/5.3.2679.68"
198.203.28.199 - - [13/May/2024:09:26:03 +1000] "POST /wp-json/contact-form-7/v1/contact-forms/73/feedback HTTP/1.1" 200 949 "http://coridyan.com" "Mozilla/5.0 (X11; Linux x86_64) AppleWebKit/537.36 (KHTML, like Gecko) Chrome/114.0.0.0 Safari/537.36 Vivaldi/5.3.2679.68"
47.242.146.158 - - [13/May/2024:09:27:46 +1000] "POST /xmlrpc.php HTTP/1.1" 200 638 "-" "Mozilla/5.0 (Macintosh; Intel Mac OS X 11_4) AppleWebKit/537.36 (KHTML, like Gecko) Chrome/91.0.4472.114 Safari/537.36"
111.67.29.221 - - [13/May/2024:09:27:47 +1000] "POST /wp-cron.php?doing_wp_cron=1715556467.7262148857116699218750 HTTP/1.1" 200 203 "http://coridyan.com/wp-cron.php?doing_wp_cron=1715556467.7262148857116699218750" "WordPress/6.0.8; http://coridyan.com"
95.217.225.28 - - [13/May/2024:09:27:49 +1000] "POST /xmlrpc.php HTTP/1.1" 200 638 "-" "Mozilla/5.0 (Windows NT 10.0; Win64; x64) AppleWebKit/537.36 (KHTML, like Gecko) Chrome/78.0.3904.108 Safari/537.36"
64.227.180.29 - - [13/May/2024:09:27:57 +1000] "POST /xmlrpc.php HTTP/1.1" 200 638 "-" "Mozilla/5.0 (Windows NT 6.1; Win64; x64; rv:57.0) Gecko/20100101 Firefox/57.0"
47.236.17.226 - - [13/May/2024:09:28:00 +1000] "POST /xmlrpc.php HTTP/1.1" 200 638 "-" "Mozilla/5.0 (X11; Linux x86_64) AppleWebKit/537.36 (KHTML, like Gecko) Chrome/44.0.2403.157 Safari/537.36"
101.133.163.146 - - [13/May/2024:09:28:03 +1000] "POST /xmlrpc.php HTTP/1.1" 200 638 "-" "Mozilla/5.0 (Windows NT 6.1; Win64; x64; rv:25.0) Gecko/20100101 Firefox/29.0"
101.43.151.37 - - [13/May/2024:09:28:06 +1000] "POST /xmlrpc.php HTTP/1.1" 200 638 "-" "Mozilla/5.0 (Windows NT 10.0; Win64; x64) AppleWebKit/537.36 (KHTML, like Gecko) Chrome/74.0.3729.157 Safari/537.36"
110.40.135.44 - - [13/May/2024:09:28:20 +1000] "POST /xmlrpc.php HTTP/1.1" 200 638 "-" "Mozilla/5.0 (Windows NT 10.0; Win64; x64) AppleWebKit/537.36 (KHTML, like Gecko) Chrome/74.0.3729.169 Safari/537.36"
80.239.141.135 - - [13/May/2024:09:28:25 +1000] "POST /xmlrpc.php HTTP/1.1" 200 638 "-" "Mozilla/5.0 (Windows NT 10.0; Win64; x64; rv:58.0) Gecko/20100101 Firefox/58.0"
188.128.213.254 - - [13/May/2024:09:28:27 +1000] "POST /xmlrpc.php HTTP/1.1" 200 638 "-" "Mozilla/5.0 (Windows NT 10.0; Win64; x64) AppleWebKit/537.36 (KHTML, like Gecko) Chrome/84.0.4147.135 Safari/537.36"
212.18.46.166 - - [13/May/2024:09:28:31 +1000] "POST /xmlrpc.php HTTP/1.1" 200 638 "-" "Mozilla/5.0 (Windows NT 10.0; Win64; x64; rv:67.0) Gecko/20100101 Firefox/67.0"
207.180.228.139 - - [13/May/2024:09:28:35 +1000] "POST /xmlrpc.php HTTP/1.1" 200 638 "-" "Mozilla/5.0 (Windows NT 6.1; Win64; x64; rv:57.0) Gecko/20100101 Firefox/57.0"
182.43.70.143 - - [13/May/2024:09:33:23 +1000] "GET / HTTP/1.1" 301 313 "-" "Mozilla/5.0 (iPhone; CPU iPhone OS 13_2_3 like Mac OS X) AppleWebKit/605.1.15 (KHTML, like Gecko) Version/13.0.3 Mobile/15E148 Safari/604.1"
66.249.71.132 - - [13/May/2024:09:59:02 +1000] "GET /elementor-79/privacy-policy/ HTTP/1.1" 200 26959 "-" "Mozilla/5.0 (Linux; Android 6.0.1; Nexus 5X Build/MMB29P) AppleWebKit/537.36 (KHTML, like Gecko) Chrome/124.0.6367.155 Mobile Safari/537.36 (compatible; Googlebot/2.1; +http://www.google.com/bot.html)"
146.70.170.41 - - [13/May/2024:10:04:37 +1000] "GET / HTTP/1.0" 200 108951 "http://coridyan.com/" "Mozilla/5.0 (Windows NT 10.0; Win64; x64) AppleWebKit/537.36 (KHTML, like Gecko) Chrome/120.0.6099.71 Safari/537.36"
146.70.170.41 - - [13/May/2024:10:04:42 +1000] "POST /wp-json/contact-form-7/v1/contact-forms/73/feedback HTTP/1.0" 200 718 "http://coridyan.com/" "Mozilla/5.0 (Windows NT 10.0; Win64; x64) AppleWebKit/537.36 (KHTML, like Gecko) Chrome/120.0.6099.71 Safari/537.36"
103.241.43.200 - - [13/May/2024:11:14:43 +1000] "POST /xmlrpc.php HTTP/1.1" 200 638 "-" "Mozilla/5.0 (Windows NT 10.0; Win64; x64) AppleWebKit/537.36 (KHTML, like Gecko) Chrome/90.0.4430.212 Safari/537.36"
111.67.29.221 - - [13/May/2024:11:14:50 +1000] "POST /wp-cron.php?doing_wp_cron=1715562890.8653299808502197265625 HTTP/1.1" 200 203 "http://coridyan.com/wp-cron.php?doing_wp_cron=1715562890.8653299808502197265625" "WordPress/6.0.8; http://coridyan.com"
188.225.21.131 - - [13/May/2024:11:14:57 +1000] "POST /xmlrpc.php HTTP/1.1" 200 638 "-" "Mozilla/5.0 (Windows NT 6.1; WOW64; rv:40.0) Gecko/20100101 Firefox/40.1"
110.40.135.44 - - [13/May/2024:11:14:59 +1000] "POST /xmlrpc.php HTTP/1.1" 200 638 "-" "Mozilla/5.0 (Windows NT 6.1) AppleWebKit/537.36 (KHTML, like Gecko) Chrome/56.0.2924.76 Safari/537.36"
144.24.149.178 - - [13/May/2024:11:15:13 +1000] "POST /xmlrpc.php HTTP/1.1" 200 638 "-" "Mozilla/5.0 (Windows NT 10.0) AppleWebKit/537.36 (KHTML, like Gecko) Chrome/72.0.3626.121 Safari/537.36"
62.171.168.97 - - [13/May/2024:11:15:22 +1000] "POST /xmlrpc.php HTTP/1.1" 200 638 "-" "Mozilla/5.0 (Windows NT 6.1; WOW64; rv:47.0) Gecko/20100101 Firefox/47.0"
212.18.46.166 - - [13/May/2024:11:15:38 +1000] "POST /xmlrpc.php HTTP/1.1" 200 638 "-" "Mozilla/5.0 (Windows NT 10.0; Win64; x64) AppleWebKit/537.36 (KHTML, like Gecko) Chrome/79.0.3945.117 Safari/537.36"
149.28.166.111 - - [13/May/2024:11:18:02 +1000] "POST /wp-cron.php?doing_wp_cron=1715563082.2890229225158691406250 HTTP/1.1" 200 203 "http://coridyan.com/wp-cron.php?doing_wp_cron=1715563082.2890229225158691406250" "WordPress/6.0.8; http://coridyan.com"
206.189.233.36 - - [13/May/2024:11:24:56 +1000] "GET / HTTP/1.1" 200 109000 "-" "-"
206.189.233.36 - - [13/May/2024:11:25:00 +1000] "GET / HTTP/1.1" 200 65960 "-" "Mozilla/5.0 (Linux; Android 6.0; HTC One M9 Build/MRA672967) AppleWebKit/537.36 (KHTML, like Gecko) Chrome/52.0.1866.98 Mobile Safari/537.3"
206.189.233.36 - - [13/May/2024:11:25:01 +1000] "GET /server HTTP/1.1" 200 0 "-" "Go-http-client/1.1"
206.189.233.36 - - [13/May/2024:11:25:04 +1000] "GET /.vscode/sftp.json HTTP/1.1" 404 18839 "-" "Go-http-client/1.1"
206.189.233.36 - - [13/May/2024:11:25:05 +1000] "GET /about HTTP/1.1" 404 18839 "-" "Go-http-client/1.1"
206.189.233.36 - - [13/May/2024:11:25:06 +1000] "GET /debug/default/view?panel=config HTTP/1.1" 404 20033 "-" "Go-http-client/1.1"
206.189.233.36 - - [13/May/2024:11:25:07 +1000] "GET /v2/_catalog HTTP/1.1" 404 18839 "-" "Go-http-client/1.1"
206.189.233.36 - - [13/May/2024:11:25:08 +1000] "GET /ecp/Current/exporttool/microsoft.exchange.ediscovery.exporttool.application HTTP/1.1" 404 20033 "-" "Go-http-client/1.1"
206.189.233.36 - - [13/May/2024:11:25:09 +1000] "GET /server-status HTTP/1.1" 404 18839 "-" "Go-http-client/1.1"
206.189.233.36 - - [13/May/2024:11:25:10 +1000] "GET /login.action HTTP/1.1" 404 18839 "-" "Go-http-client/1.1"
206.189.233.36 - - [13/May/2024:11:25:10 +1000] "GET /_all_dbs HTTP/1.1" 404 18839 "-" "Mozilla/5.0 (l9scan/2.0.132323e29323e27363e2131313; +https://leakix.net)"
206.189.233.36 - - [13/May/2024:11:25:11 +1000] "GET /.DS_Store HTTP/1.1" 404 18839 "-" "Go-http-client/1.1"
206.189.233.36 - - [13/May/2024:11:25:13 +1000] "GET /.env HTTP/1.1" 404 18839 "-" "Go-http-client/1.1"
206.189.233.36 - - [13/May/2024:11:25:14 +1000] "GET /.git/config HTTP/1.1" 403 892 "-" "Go-http-client/1.1"
206.189.233.36 - - [13/May/2024:11:25:14 +1000] "GET /s/132323e29323e27363e2131313/_/;/META-INF/maven/com.atlassian.jira/jira-webapp-dist/pom.properties HTTP/1.1" 404 20033 "-" "Go-http-client/1.1"
206.189.233.36 - - [13/May/2024:11:25:15 +1000] "GET /config.json HTTP/1.1" 404 18839 "-" "Go-http-client/1.1"
206.189.233.36 - - [13/May/2024:11:25:16 +1000] "GET /telescope/requests HTTP/1.1" 404 18813 "-" "Go-http-client/1.1"
206.189.233.36 - - [13/May/2024:11:25:17 +1000] "GET /?rest_route=/wp/v2/users/ HTTP/1.1" 200 2543 "-" "Go-http-client/1.1"
66.249.92.35 - - [13/May/2024:11:26:12 +1000] "GET /?page_id=132 HTTP/1.1" 301 341 "-" "PlayStore-Google"
66.249.92.36 - - [13/May/2024:11:26:15 +1000] "GET /elementor-79/privacy-policy/ HTTP/1.1" 200 26960 "-" "PlayStore-Google"
66.249.92.35 - - [13/May/2024:11:26:18 +1000] "GET /?page_id=132 HTTP/1.1" 301 341 "-" "PlayStore-Google"
66.249.92.35 - - [13/May/2024:11:26:20 +1000] "GET /elementor-79/privacy-policy/ HTTP/1.1" 200 26953 "-" "PlayStore-Google"
66.249.92.35 - - [13/May/2024:11:26:22 +1000] "GET /wp-content/themes/astra/assets/css/minified/compatibility/contact-form-7-main.min.css?ver=3.9.4 HTTP/1.1" 200 870 "http://coridyan.com/elementor-79/privacy-policy/" "PlayStore-Google"
66.249.92.35 - - [13/May/2024:11:26:23 +1000] "GET /wp-includes/css/dist/block-library/style.min.css?ver=6.0.8 HTTP/1.1" 200 15579 "http://coridyan.com/elementor-79/privacy-policy/" "PlayStore-Google"
66.249.92.35 - - [13/May/2024:11:26:24 +1000] "GET /wp-includes/js/wp-emoji-release.min.js?ver=6.0.8 HTTP/1.1" 200 6172 "http://coridyan.com/elementor-79/privacy-policy/" "PlayStore-Google"
66.249.92.35 - - [13/May/2024:11:26:26 +1000] "GET /wp-content/plugins/contact-form-7/includes/css/styles.css?ver=5.7.1 HTTP/1.1" 200 1511 "http://coridyan.com/elementor-79/privacy-policy/" "PlayStore-Google"
66.249.92.35 - - [13/May/2024:11:26:27 +1000] "GET /wp-content/themes/astra/assets/css/minified/menu-animation.min.css?ver=3.9.4 HTTP/1.1" 200 876 "http://coridyan.com/elementor-79/privacy-policy/" "PlayStore-Google"
66.249.92.35 - - [13/May/2024:11:26:29 +1000] "GET /wp-content/uploads/2022/08/cropped-Coridyan-Logo-RGB-300x300.png HTTP/1.1" 200 19879 "http://coridyan.com/elementor-79/privacy-policy/" "PlayStore-Google"
66.249.92.35 - - [13/May/2024:11:26:30 +1000] "GET /wp-content/plugins/contact-form-7/includes/swv/js/index.js?ver=5.7.1 HTTP/1.1" 200 3717 "http://coridyan.com/elementor-79/privacy-policy/" "PlayStore-Google"
66.249.92.35 - - [13/May/2024:11:26:32 +1000] "GET /wp-content/plugins/contact-form-7/includes/js/index.js?ver=5.7.1 HTTP/1.1" 200 4944 "http://coridyan.com/elementor-79/privacy-policy/" "PlayStore-Google"
111.67.29.221 - - [13/May/2024:11:31:17 +1000] "POST /wp-cron.php?doing_wp_cron=1715563877.5762429237365722656250 HTTP/1.1" 200 203 "http://coridyan.com/wp-cron.php?doing_wp_cron=1715563877.5762429237365722656250" "WordPress/6.0.8; http://coridyan.com"
146.70.170.41 - - [13/May/2024:11:31:15 +1000] "GET / HTTP/1.0" 200 108951 "http://coridyan.com/" "Mozilla/5.0 (Windows NT 10.0; Win64; x64) AppleWebKit/537.36 (KHTML, like Gecko) Chrome/114.0.5735.289 Safari/537.36"
146.70.170.41 - - [13/May/2024:11:31:21 +1000] "POST /wp-json/contact-form-7/v1/contact-forms/73/feedback HTTP/1.0" 200 718 "http://coridyan.com/" "Mozilla/5.0 (Windows NT 10.0; Win64; x64) AppleWebKit/537.36 (KHTML, like Gecko) Chrome/114.0.5735.289 Safari/537.36"
209.141.45.102 - - [13/May/2024:11:35:36 +1000] "GET /wp-login.php HTTP/1.1" 200 8581 "-" "Mozilla/5.0 (Windows NT 6.1) AppleWebKit/537.36 (KHTML, like Gecko) Chrome/36.0.1985.125 Safari/537.36"
209.141.45.102 - - [13/May/2024:11:35:44 +1000] "POST /wp-login.php HTTP/1.1" 200 9043 "-" "Mozilla/5.0 (Windows NT 6.1) AppleWebKit/537.36 (KHTML, like Gecko) Chrome/36.0.1985.125 Safari/537.36"
211.176.125.70 - - [13/May/2024:11:46:11 +1000] "GET / HTTP/1.0" 200 22556 "-" "Mozilla/5.0 (compatible; MSIE 10.0; Windows NT 6.2; Trident/6.0)"
95.65.104.100 - - [13/May/2024:11:50:39 +1000] "GET / HTTP/1.0" 200 108951 "http://coridyan.com/" "Mozilla/5.0 (Windows NT 10.0; Win64; x64) AppleWebKit/537.36 (KHTML, like Gecko) Chrome/114.0.5735.289 Safari/537.36"
95.65.104.100 - - [13/May/2024:11:50:43 +1000] "POST /wp-json/contact-form-7/v1/contact-forms/73/feedback HTTP/1.0" 200 718 "http://coridyan.com/" "Mozilla/5.0 (Windows NT 10.0; Win64; x64) AppleWebKit/537.36 (KHTML, like Gecko) Chrome/114.0.5735.289 Safari/537.36"
85.208.136.13 - - [13/May/2024:11:51:21 +1000] "GET / HTTP/1.0" 200 108951 "http://coridyan.com/" "Mozilla/5.0 (Windows NT 6.1; Win64; x64) AppleWebKit/537.36 (KHTML, like Gecko) Chrome/108.0.0.0 Safari/537.36"
85.208.136.13 - - [13/May/2024:11:51:26 +1000] "POST /wp-json/contact-form-7/v1/contact-forms/73/feedback HTTP/1.0" 200 718 "http://coridyan.com/" "Mozilla/5.0 (Windows NT 6.1; Win64; x64) AppleWebKit/537.36 (KHTML, like Gecko) Chrome/108.0.0.0 Safari/537.36"
157.245.40.234 - - [13/May/2024:11:52:13 +1000] "GET / HTTP/1.1" 200 22656 "-" "Mozilla/5.0 (Macintosh; Intel Mac OS X 10_15_7) AppleWebKit/537.36 (KHTML, like Gecko) Chrome/121.0.0.0 Safari/537.36"
93.174.93.127 - - [13/May/2024:11:52:21 +1000] "POST /wp-content/plugins/uploadify/includes/process_upload.php HTTP/1.1" 404 20070 "-" "Mozilla/5.0 (Macintosh; Intel Mac OS X 10_15_7) AppleWebKit/537.36 (KHTML, like Gecko) Chrome/124.0.0.0 Safari/537.36"
66.249.66.37 - - [13/May/2024:12:10:59 +1000] "GET / HTTP/1.1" 200 22667 "-" "Mozilla/5.0 (Linux; Android 6.0.1; Nexus 5X Build/MMB29P) AppleWebKit/537.36 (KHTML, like Gecko) Chrome/124.0.6367.155 Mobile Safari/537.36 (compatible; Googlebot/2.1; +http://www.google.com/bot.html)"
66.249.66.35 - - [13/May/2024:12:11:09 +1000] "GET /wp-json/contact-form-7/v1/contact-forms/73/feedback/schema HTTP/1.1" 200 824 "http://coridyan.com/" "Mozilla/5.0 (Linux; Android 6.0.1; Nexus 5X Build/MMB29P) AppleWebKit/537.36 (KHTML, like Gecko) Chrome/124.0.6367.118 Mobile Safari/537.36 (compatible; Googlebot/2.1; +http://www.google.com/bot.html)"
103.221.223.238 - - [13/May/2024:13:07:08 +1000] "POST /xmlrpc.php HTTP/1.1" 200 638 "-" "Mozilla/5.0 (Windows NT 6.2; Win64; x64) AppleWebKit/537.36 (KHTML, like Gecko) Chrome/60.0.3112.90 Safari/537.36"
62.171.168.97 - - [13/May/2024:13:07:08 +1000] "POST /xmlrpc.php HTTP/1.1" 200 638 "-" "Mozilla/5.0 (Windows NT 6.1; WOW64; rv:44.0) Gecko/20100101 Firefox/44.0"
103.145.50.60 - - [13/May/2024:13:07:17 +1000] "POST /xmlrpc.php HTTP/1.1" 200 638 "-" "Mozilla/5.0 (Windows; U; Windows NT 5.1; en-US; rv:1.7.12) Gecko/20050915 Firefox/1.0.7"
47.100.130.170 - - [13/May/2024:13:07:30 +1000] "POST /xmlrpc.php HTTP/1.1" 200 638 "-" "Mozilla/5.0 (Windows NT 6.1; WOW64; rv:38.0) Gecko/20100101 Firefox/38.0"
212.18.46.166 - - [13/May/2024:13:07:36 +1000] "POST /xmlrpc.php HTTP/1.1" 200 638 "-" "Mozilla/5.0 (Windows NT 6.1; WOW64; rv:40.0) Gecko/20100101 Firefox/40.1"
107.180.118.175 - - [13/May/2024:13:07:40 +1000] "POST /xmlrpc.php HTTP/1.1" 200 638 "-" "Mozilla/5.0 (Windows NT 5.1; rv:52.0) Gecko/20100101 Firefox/52.0"
101.43.151.37 - - [13/May/2024:13:07:47 +1000] "POST /xmlrpc.php HTTP/1.1" 200 638 "-" "Mozilla/5.0 (Windows NT 10.0; WOW64; rv:54.0) Gecko/20100101 Firefox/54.0"
111.67.29.221 - - [13/May/2024:13:22:49 +1000] "POST /wp-cron.php?doing_wp_cron=1715570569.4902820587158203125000 HTTP/1.1" 200 203 "http://coridyan.com/wp-cron.php?doing_wp_cron=1715570569.4902820587158203125000" "WordPress/6.0.8; http://coridyan.com"
34.138.156.189 - - [13/May/2024:13:22:47 +1000] "GET /robots.txt HTTP/1.0" 301 286 "-" "ZoominfoBot (zoominfobot at zoominfo dot com)"
34.138.156.189 - - [13/May/2024:13:22:51 +1000] "GET /robots.txt HTTP/1.0" 200 470 "-" "ZoominfoBot (zoominfobot at zoominfo dot com)"
34.138.156.189 - - [13/May/2024:13:22:53 +1000] "GET / HTTP/1.0" 301 276 "-" "ZoominfoBot (zoominfobot at zoominfo dot com)"
111.67.29.221 - - [13/May/2024:13:33:34 +1000] "POST /wp-cron.php?doing_wp_cron=1715571214.3807768821716308593750 HTTP/1.1" 200 203 "http://coridyan.com/wp-cron.php?doing_wp_cron=1715571214.3807768821716308593750" "WordPress/6.0.8; http://coridyan.com"
34.138.156.189 - - [13/May/2024:13:33:32 +1000] "GET /robots.txt HTTP/1.0" 200 470 "-" "ZoominfoBot (zoominfobot at zoominfo dot com)"
34.138.156.189 - - [13/May/2024:13:33:35 +1000] "GET / HTTP/1.0" 200 22556 "-" "ZoominfoBot (zoominfobot at zoominfo dot com)"
139.196.95.112 - - [13/May/2024:14:28:12 +1000] "GET /magmi/web/download_file.php?file=../../app/etc/local.xml HTTP/1.1" 200 0 "-" "Mozilla/5.0 (X11; Ubuntu; Linux i686; rv:28.0) Gecko/20100101 Firefox/72.0"
111.67.29.221 - - [13/May/2024:14:28:32 +1000] "POST /wp-cron.php?doing_wp_cron=1715574512.1204249858856201171875 HTTP/1.1" 200 203 "http://coridyan.com/wp-cron.php?doing_wp_cron=1715574512.1204249858856201171875" "WordPress/6.0.8; http://coridyan.com"
139.196.95.112 - - [13/May/2024:14:28:22 +1000] "GET /shop/magmi/web/download_file.php?file=../../app/etc/local.xml HTTP/1.1" 200 0 "-" "Mozilla/5.0 (X11; Ubuntu; Linux i686; rv:28.0) Gecko/20100101 Firefox/72.0"
141.98.162.12 - - [13/May/2024:14:44:40 +1000] "GET / HTTP/1.0" 200 108951 "http://coridyan.com/" "Mozilla/5.0 (Windows NT 10.0; Win64; x64) AppleWebKit/537.36 (KHTML, like Gecko) Chrome/120.0.0.0 Iron Safari/537.36"
141.98.162.12 - - [13/May/2024:14:44:49 +1000] "POST /wp-json/contact-form-7/v1/contact-forms/73/feedback HTTP/1.0" 200 718 "http://coridyan.com/" "Mozilla/5.0 (Windows NT 10.0; Win64; x64) AppleWebKit/537.36 (KHTML, like Gecko) Chrome/120.0.0.0 Iron Safari/537.36"
194.67.93.3 - - [13/May/2024:14:46:07 +1000] "GET /wp-content/plugins/wp-photo-album-plus/wppa-admin-styles.css HTTP/1.1" 404 92355 "-" "Mozilla/5.0 (Windows NT 10.0; WOW64) AppleWebKit/537.36 (KHTML, like Gecko) Chrome/87.0.4280.88 YaBrowser/20.12.2.105 Yowser/2.5 Safari/537.36"
172.104.146.213 - - [13/May/2024:15:12:20 +1000] "POST /xmlrpc.php HTTP/1.1" 200 638 "-" "Mozilla/5.0 (iPad; CPU OS 14_6 like Mac OS X) AppleWebKit/605.1.15 (KHTML, like Gecko) CriOS/91.0.4472.80 Mobile/15E148 Safari/604.1"
62.171.168.97 - - [13/May/2024:15:12:23 +1000] "POST /xmlrpc.php HTTP/1.1" 200 638 "-" "Mozilla/5.0 (Windows NT 6.1; rv:17.0) Gecko/20100101 Firefox/20.6.14"
120.78.9.235 - - [13/May/2024:15:12:21 +1000] "POST /xmlrpc.php HTTP/1.1" 200 638 "-" "Mozilla/5.0 (Windows NT 10.0; Win64; x64) AppleWebKit/537.36 (KHTML, like Gecko) Chrome/57.0.2987.133 Safari/537.36"
185.98.5.228 - - [13/May/2024:15:12:31 +1000] "POST /xmlrpc.php HTTP/1.1" 200 638 "-" "Mozilla/5.0 (Windows NT 10.0; Win64; x64; rv:63.0) Gecko/20100101 Firefox/63.0"
47.100.130.170 - - [13/May/2024:15:12:32 +1000] "POST /xmlrpc.php HTTP/1.1" 200 638 "-" "Mozilla/5.0 (Windows NT 10.0; Win64; x64) AppleWebKit/537.36 (KHTML, like Gecko) Chrome/85.0.4183.102 Safari/537.36"
62.171.168.97 - - [13/May/2024:15:12:41 +1000] "POST /xmlrpc.php HTTP/1.1" 200 638 "-" "Mozilla/5.0 (Macintosh; Intel Mac OS X 10_10; rv:33.0) Gecko/20100101 Firefox/33.0"
62.171.168.97 - - [13/May/2024:15:12:43 +1000] "POST /xmlrpc.php HTTP/1.1" 200 638 "-" "Mozilla/5.0 (Windows NT 6.1; rv:17.0) Gecko/20100101 Firefox/20.6.14"
172.104.146.213 - - [13/May/2024:15:12:50 +1000] "POST /xmlrpc.php HTTP/1.1" 200 638 "-" "Mozilla/5.0 (Windows NT 10.0; Win64; x64; rv:59.0) Gecko/20100101 Firefox/59.0"
210.245.90.251 - - [13/May/2024:15:12:58 +1000] "POST /xmlrpc.php HTTP/1.1" 200 638 "-" "Mozilla/5.0 (Windows; U; Windows NT 5.1; en-US; rv:1.7.12) Gecko/20050915 Firefox/1.0.7"
111.67.29.221 - - [13/May/2024:15:41:58 +1000] "POST /wp-cron.php?doing_wp_cron=1715578918.4769220352172851562500 HTTP/1.1" 200 203 "http://coridyan.com/wp-cron.php?doing_wp_cron=1715578918.4769220352172851562500" "WordPress/6.0.8; http://coridyan.com"
66.249.71.132 - - [13/May/2024:15:41:52 +1000] "GET /sitemap_index.xml HTTP/1.1" 200 658 "-" "Mozilla/5.0 (compatible; Googlebot/2.1; +http://www.google.com/bot.html)"
66.249.66.37 - - [13/May/2024:16:14:41 +1000] "GET /author-sitemap.xml HTTP/1.1" 200 702 "-" "Mozilla/5.0 (compatible; Googlebot/2.1; +http://www.google.com/bot.html)"
111.67.29.221 - - [13/May/2024:16:23:44 +1000] "POST /wp-cron.php?doing_wp_cron=1715581424.9363949298858642578125 HTTP/1.1" 200 203 "http://coridyan.com/wp-cron.php?doing_wp_cron=1715581424.9363949298858642578125" "WordPress/6.0.8; http://coridyan.com"
66.249.71.131 - - [13/May/2024:16:23:42 +1000] "GET / HTTP/1.1" 200 22669 "-" "Mozilla/5.0 (compatible; Googlebot/2.1; +http://www.google.com/bot.html)"
66.249.66.37 - - [13/May/2024:16:23:49 +1000] "GET / HTTP/1.1" 200 22654 "-" "Mozilla/5.0 (Linux; Android 6.0.1; Nexus 5X Build/MMB29P) AppleWebKit/537.36 (KHTML, like Gecko) Chrome/99.0.4844.84 Mobile Safari/537.36 (compatible; Googlebot/2.1; +http://www.google.com/bot.html)"
66.249.66.36 - - [13/May/2024:16:23:50 +1000] "GET /wp-json/contact-form-7/v1/contact-forms/73/feedback/schema HTTP/1.1" 200 824 "http://coridyan.com/" "Mozilla/5.0 AppleWebKit/537.36 (KHTML, like Gecko; compatible; Googlebot/2.1; +http://www.google.com/bot.html) Chrome/124.0.6367.118 Safari/537.36"
66.249.71.131 - - [13/May/2024:16:23:55 +1000] "GET /wp-json/contact-form-7/v1/contact-forms/73/feedback/schema HTTP/1.1" 200 824 "http://coridyan.com/" "Mozilla/5.0 (Linux; Android 6.0.1; Nexus 5X Build/MMB29P) AppleWebKit/537.36 (KHTML, like Gecko) Chrome/124.0.6367.118 Mobile Safari/537.36 (compatible; Googlebot/2.1; +http://www.google.com/bot.html)"
111.67.29.221 - - [13/May/2024:16:44:18 +1000] "POST /wp-cron.php?doing_wp_cron=1715582658.7807550430297851562500 HTTP/1.1" 200 203 "http://coridyan.com/wp-cron.php?doing_wp_cron=1715582658.7807550430297851562500" "WordPress/6.0.8; http://coridyan.com"
216.131.105.246 - - [13/May/2024:16:44:13 +1000] "GET / HTTP/1.0" 200 108951 "http://coridyan.com/" "Mozilla/5.0 (Windows NT 10.0; Win64; x64) AppleWebKit/537.36 (KHTML, like Gecko) Chrome/120.0.0.0 Iron Safari/537.36"
216.131.105.246 - - [13/May/2024:16:44:22 +1000] "POST /wp-json/contact-form-7/v1/contact-forms/73/feedback HTTP/1.0" 200 718 "http://coridyan.com/" "Mozilla/5.0 (Windows NT 10.0; Win64; x64) AppleWebKit/537.36 (KHTML, like Gecko) Chrome/120.0.0.0 Iron Safari/537.36"
51.79.229.157 - - [13/May/2024:16:56:19 +1000] "POST /xmlrpc.php HTTP/1.1" 200 638 "-" "Mozilla/5.0 (Windows NT 10.0; Win64; x64) AppleWebKit/537.36 (KHTML, like Gecko) Chrome/74.0.3729.169 Safari/537.36"
101.43.151.37 - - [13/May/2024:16:56:19 +1000] "POST /xmlrpc.php HTTP/1.1" 200 638 "-" "Mozilla/5.0 (Linux; Android 10; SM-N960U) AppleWebKit/537.36 (KHTML, like Gecko) Chrome/91.0.4472.114 Mobile Safari/537.36"
94.46.22.120 - - [13/May/2024:16:56:33 +1000] "POST /xmlrpc.php HTTP/1.1" 200 638 "-" "Mozilla/5.0 (Windows NT 10.0; Win64; x64) AppleWebKit/537.36 (KHTML, like Gecko) Chrome/57.0.2987.133 Safari/537.36"
8.219.54.193 - - [13/May/2024:16:56:39 +1000] "POST /xmlrpc.php HTTP/1.1" 200 638 "-" "Mozilla/5.0 (Windows NT 10.0; Win64; x64) AppleWebKit/537.36 (KHTML, like Gecko) Chrome/80.0.3987.132 Safari/537.36"
188.225.21.131 - - [13/May/2024:16:56:42 +1000] "POST /xmlrpc.php HTTP/1.1" 200 638 "-" "Mozilla/5.0 (Windows NT 10.0; WOW64; rv:54.0) Gecko/20100101 Firefox/54.0"
110.40.135.44 - - [13/May/2024:16:56:43 +1000] "POST /xmlrpc.php HTTP/1.1" 200 638 "-" "Mozilla/5.0 (Windows NT 10.0; Win64; x64) AppleWebKit/537.36 (KHTML, like Gecko) Chrome/87.0.4280.88 Safari/537.36"
43.136.133.204 - - [13/May/2024:16:56:52 +1000] "POST /xmlrpc.php HTTP/1.1" 200 638 "-" "Mozilla/5.0 (Windows NT 10.0; Win64; x64) AppleWebKit/537.36 (KHTML, like Gecko) Chrome/61.0.3163.100 Safari/537.36"
212.18.46.166 - - [13/May/2024:16:56:52 +1000] "POST /xmlrpc.php HTTP/1.1" 200 638 "-" "Mozilla/5.0 (Windows NT 10.0; WOW64; rv:52.0) Gecko/20100101 Firefox/52.0"
62.171.168.97 - - [13/May/2024:16:56:56 +1000] "POST /xmlrpc.php HTTP/1.1" 200 638 "-" "Mozilla/5.0 (Windows NT 10.0; Win64; x64; rv:85.0) Gecko/20100101 Firefox/85.0"
111.67.29.221 - - [13/May/2024:17:35:04 +1000] "POST /wp-cron.php?doing_wp_cron=1715585704.3969449996948242187500 HTTP/1.1" 200 203 "http://coridyan.com/wp-cron.php?doing_wp_cron=1715585704.3969449996948242187500" "WordPress/6.0.8; http://coridyan.com"
34.73.172.96 - - [13/May/2024:17:34:55 +1000] "GET /robots.txt HTTP/1.0" 200 470 "-" "ZoominfoBot (zoominfobot at zoominfo dot com)"
34.73.172.96 - - [13/May/2024:17:35:05 +1000] "GET /xmlrpc.php?rsd HTTP/1.0" 200 555 "-" "ZoominfoBot (zoominfobot at zoominfo dot com)"
111.67.29.221 - - [13/May/2024:17:35:03 +1000] "POST /wp-cron.php?doing_wp_cron=1715585703.1631720066070556640625 HTTP/1.1" 200 203 "http://coridyan.com/wp-cron.php?doing_wp_cron=1715585703.1631720066070556640625" "WordPress/6.0.8; http://coridyan.com"
89.248.174.182 - - [13/May/2024:17:53:59 +1000] "GET / HTTP/1.1" 200 22669 "-" "Mozilla/5.0 (Windows NT 10.0; Win64; x64) AppleWebKit/537.36 (KHTML, like Gecko) Chrome/88.0.4324.150 Safari/537.36"
66.249.92.37 - - [13/May/2024:18:11:10 +1000] "GET /?page_id=132 HTTP/1.1" 301 341 "-" "PlayStore-Google"
66.249.92.35 - - [13/May/2024:18:11:16 +1000] "GET /elementor-79/privacy-policy/ HTTP/1.1" 200 26960 "-" "PlayStore-Google"
66.249.92.35 - - [13/May/2024:18:11:22 +1000] "GET /?page_id=132 HTTP/1.1" 301 341 "-" "PlayStore-Google"
66.249.92.35 - - [13/May/2024:18:11:27 +1000] "GET /wp-content/themes/astra/assets/css/minified/main.min.css?ver=3.9.4 HTTP/1.1" 200 10734 "http://coridyan.com/elementor-79/privacy-policy/" "PlayStore-Google"
66.249.92.35 - - [13/May/2024:18:11:31 +1000] "GET /wp-content/uploads/2022/08/Coridyan-Logo-RGB-154x154.png HTTP/1.1" 200 8748 "http://coridyan.com/elementor-79/privacy-policy/" "PlayStore-Google"
216.131.110.210 - - [13/May/2024:18:20:31 +1000] "GET / HTTP/1.0" 200 108951 "http://coridyan.com/" "Mozilla/5.0 (Windows NT 10.0; Win64; x64) AppleWebKit/537.36 (KHTML, like Gecko) Chrome/122.0.0.0 Safari/537.36"
216.131.110.210 - - [13/May/2024:18:20:37 +1000] "POST /wp-json/contact-form-7/v1/contact-forms/73/feedback HTTP/1.0" 200 718 "http://coridyan.com/" "Mozilla/5.0 (Windows NT 10.0; Win64; x64) AppleWebKit/537.36 (KHTML, like Gecko) Chrome/122.0.0.0 Safari/537.36"
111.67.29.221 - - [13/May/2024:18:37:21 +1000] "POST /wp-cron.php?doing_wp_cron=1715589441.1381471157073974609375 HTTP/1.1" 200 203 "http://coridyan.com/wp-cron.php?doing_wp_cron=1715589441.1381471157073974609375" "WordPress/6.0.8; http://coridyan.com"
93.82.140.137 - - [13/May/2024:18:37:13 +1000] "GET / HTTP/1.0" 200 108951 "http://coridyan.com/" "Mozilla/5.0 (Windows NT 10.0; Win64; x64) AppleWebKit/537.36 (KHTML, like Gecko) Chrome/120.0.0.0 Safari/537.36"
93.82.140.137 - - [13/May/2024:18:37:26 +1000] "POST /wp-json/contact-form-7/v1/contact-forms/73/feedback HTTP/1.0" 200 718 "http://coridyan.com/" "Mozilla/5.0 (Windows NT 10.0; Win64; x64) AppleWebKit/537.36 (KHTML, like Gecko) Chrome/120.0.0.0 Safari/537.36"
89.248.174.11 - - [13/May/2024:18:41:05 +1000] "GET / HTTP/1.1" 200 22669 "-" "Mozilla/5.0 (Windows NT 10.0; Win64; x64) AppleWebKit/537.36 (KHTML, like Gecko) Chrome/120.0.0.0 Safari/537.3"
138.68.76.25 - - [13/May/2024:18:48:05 +1000] "POST /xmlrpc.php HTTP/1.1" 200 638 "-" "Mozilla/5.0 (Windows NT 6.1; WOW64; rv:18.0) Gecko/20100101 Firefox/18.0"
57.128.17.175 - - [13/May/2024:18:48:08 +1000] "POST /xmlrpc.php HTTP/1.1" 200 638 "-" "Mozilla/5.0 (Windows NT 6.1; Win64; x64) AppleWebKit/537.36 (KHTML, like Gecko) Chrome/60.0.3112.90 Safari/537.36"
101.133.163.146 - - [13/May/2024:18:48:14 +1000] "POST /xmlrpc.php HTTP/1.1" 200 638 "-" "Mozilla/5.0 (Windows NT 6.2; Win64; x64) AppleWebKit/537.36 (KHTML, like Gecko) Chrome/60.0.3112.90 Safari/537.36"
188.225.21.131 - - [13/May/2024:18:48:18 +1000] "POST /xmlrpc.php HTTP/1.1" 200 638 "-" "Mozilla/5.0 (Windows NT 6.1; Win64; x64) AppleWebKit/537.36 (KHTML, like Gecko) Chrome/74.0.3729.169 Safari/537.36"
101.43.151.37 - - [13/May/2024:18:48:21 +1000] "POST /xmlrpc.php HTTP/1.1" 200 638 "-" "Mozilla/5.0 (Windows; U; Windows NT 5.1; en-US; rv:1.7.12) Gecko/20050915 Firefox/1.0.7"
91.203.111.18 - - [13/May/2024:18:48:43 +1000] "POST /xmlrpc.php HTTP/1.1" 200 638 "-" "Mozilla/5.0 (Windows NT 10.0; Win64; x64) AppleWebKit/537.36 (KHTML, like Gecko) Chrome/57.0.2987.133 Safari/537.36"
64.227.180.29 - - [13/May/2024:18:48:50 +1000] "POST /xmlrpc.php HTTP/1.1" 200 638 "-" "Mozilla/5.0 (Windows NT 10.0; Win64; x64; rv:85.0) Gecko/20100101 Firefox/85.0"
66.249.71.131 - - [13/May/2024:18:48:52 +1000] "GET / HTTP/1.1" 200 22667 "-" "Mozilla/5.0 (Linux; Android 6.0.1; Nexus 5X Build/MMB29P) AppleWebKit/537.36 (KHTML, like Gecko) Chrome/124.0.6367.155 Mobile Safari/537.36 (compatible; GoogleOther)"
132.148.121.195 - - [13/May/2024:18:48:53 +1000] "POST /xmlrpc.php HTTP/1.1" 200 638 "-" "Mozilla/5.0 (Windows NT 10.0; Win64; x64; rv:63.0) Gecko/20100101 Firefox/63.0"
66.249.66.35 - - [13/May/2024:18:48:56 +1000] "GET /wp-content/plugins/contact-form-7/includes/js/index.js?ver=5.7.1 HTTP/1.1" 200 4944 "http://coridyan.com/" "Mozilla/5.0 (Linux; Android 6.0.1; Nexus 5X Build/MMB29P) AppleWebKit/537.36 (KHTML, like Gecko) Chrome/124.0.6367.118 Mobile Safari/537.36 (compatible; Googlebot/2.1; +http://www.google.com/bot.html)"
66.249.71.131 - - [13/May/2024:18:48:57 +1000] "GET /wp-includes/js/wp-emoji-release.min.js?ver=6.0.8 HTTP/1.1" 200 6172 "http://coridyan.com/" "Mozilla/5.0 (Linux; Android 6.0.1; Nexus 5X Build/MMB29P) AppleWebKit/537.36 (KHTML, like Gecko) Chrome/124.0.6367.118 Mobile Safari/537.36 (compatible; Googlebot/2.1; +http://www.google.com/bot.html)"
68.178.155.222 - - [13/May/2024:18:48:57 +1000] "POST /xmlrpc.php HTTP/1.1" 200 638 "-" "Mozilla/5.0 (Windows NT 10.0; Win64; x64) AppleWebKit/537.36 (KHTML, like Gecko) Chrome/57.0.2987.133 Safari/537.36"
66.249.66.36 - - [13/May/2024:18:48:58 +1000] "GET /wp-content/themes/astra/assets/js/minified/frontend.min.js?ver=3.9.4 HTTP/1.1" 200 5200 "http://coridyan.com/" "Mozilla/5.0 (Linux; Android 6.0.1; Nexus 5X Build/MMB29P) AppleWebKit/537.36 (KHTML, like Gecko) Chrome/124.0.6367.118 Mobile Safari/537.36 (compatible; Googlebot/2.1; +http://www.google.com/bot.html)"
66.249.66.35 - - [13/May/2024:18:48:58 +1000] "GET /wp-json/contact-form-7/v1/contact-forms/73/feedback/schema HTTP/1.1" 200 824 "http://coridyan.com/" "Mozilla/5.0 (Linux; Android 6.0.1; Nexus 5X Build/MMB29P) AppleWebKit/537.36 (KHTML, like Gecko) Chrome/124.0.6367.118 Mobile Safari/537.36 (compatible; Googlebot/2.1; +http://www.google.com/bot.html)"
66.249.66.35 - - [13/May/2024:19:04:10 +1000] "GET /robots.txt HTTP/1.1" 200 507 "-" "Mozilla/5.0 (compatible; Googlebot/2.1; +http://www.google.com/bot.html)"
