66.249.66.37 - - [13/May/2024:19:04:10 +1000] "GET / HTTP/1.1" 200 22656 "-" "Mozilla/5.0 (compatible; Googlebot/2.1; +http://www.google.com/bot.html)"
34.73.172.96 - - [13/May/2024:19:04:34 +1000] "GET /feed/ HTTP/1.0" 200 2599 "-" "ZoominfoBot (zoominfobot at zoominfo dot com)"
89.248.172.92 - - [13/May/2024:19:38:03 +1000] "GET /wp-json/wpgmza/v1/markers HTTP/1.1" 404 718 "-" "python-requests/2.31.0"
111.67.29.221 - - [13/May/2024:19:38:09 +1000] "POST /wp-cron.php?doing_wp_cron=1715593089.4466750621795654296875 HTTP/1.1" 200 203 "http://coridyan.com/wp-cron.php?doing_wp_cron=1715593089.4466750621795654296875" "WordPress/6.0.8; http://coridyan.com"
111.67.29.221 - - [13/May/2024:20:07:44 +1000] "POST /wp-cron.php?doing_wp_cron=1715594864.2756290435791015625000 HTTP/1.1" 200 203 "http://coridyan.com/wp-cron.php?doing_wp_cron=1715594864.2756290435791015625000" "WordPress/6.0.8; http://coridyan.com"
89.248.172.115 - - [13/May/2024:20:07:36 +1000] "POST /wp-admin/admin-ajax.php HTTP/1.1" 400 546 "-" "Mozilla/5.0 (X11; Ubuntu; Linux x86_64) AppleWebKit/605.1.15 (KHTML, like Gecko) Version/17.0 Safari/605.1.15"
89.248.172.174 - - [13/May/2024:20:16:33 +1000] "GET /wp-content/plugins/wp-statistics/readme.txt HTTP/1.1" 404 20070 "-" "python-requests/2.31.0"
43.134.89.111 - - [13/May/2024:20:23:22 +1000] "GET / HTTP/1.1" 200 22667 "-" "Mozilla/5.0 (iPhone; CPU iPhone OS 13_2_3 like Mac OS X) AppleWebKit/605.1.15 (KHTML, like Gecko) Version/13.0.3 Mobile/15E148 Safari/604.1"
58.96.84.112 - - [13/May/2024:20:30:04 +1000] "GET / HTTP/1.1" 200 17424 "-" "Mozilla/5.0 (Windows NT 10.0; Win64; x64; rv:125.0) Gecko/20100101 Firefox/125.0"
58.96.84.112 - - [13/May/2024:20:30:08 +1000] "GET / HTTP/1.1" 200 22656 "https://www.google.com/" "Mozilla/5.0 (Windows NT 10.0; Win64; x64; rv:125.0) Gecko/20100101 Firefox/125.0"
58.96.84.112 - - [13/May/2024:20:30:09 +1000] "GET /wp-content/themes/astra/assets/css/minified/main.min.css?ver=3.9.4 HTTP/1.1" 200 10734 "http://coridyan.com/" "Mozilla/5.0 (Windows NT 10.0; Win64; x64; rv:125.0) Gecko/20100101 Firefox/125.0"
58.96.84.112 - - [13/May/2024:20:30:09 +1000] "GET /wp-content/plugins/contact-form-7/includes/css/styles.css?ver=5.7.1 HTTP/1.1" 200 1511 "http://coridyan.com/" "Mozilla/5.0 (Windows NT 10.0; Win64; x64; rv:125.0) Gecko/20100101 Firefox/125.0"
58.96.84.112 - - [13/May/2024:20:30:09 +1000] "GET /wp-content/themes/astra/assets/css/minified/menu-animation.min.css?ver=3.9.4 HTTP/1.1" 200 876 "http://coridyan.com/" "Mozilla/5.0 (Windows NT 10.0; Win64; x64; rv:125.0) Gecko/20100101 Firefox/125.0"
58.96.84.112 - - [13/May/2024:20:30:10 +1000] "GET /wp-content/themes/astra/assets/css/minified/compatibility/contact-form-7-main.min.css?ver=3.9.4 HTTP/1.1" 200 870 "http://coridyan.com/" "Mozilla/5.0 (Windows NT 10.0; Win64; x64; rv:125.0) Gecko/20100101 Firefox/125.0"
58.96.84.112 - - [13/May/2024:20:30:10 +1000] "GET /wp-content/themes/astra/assets/js/minified/frontend.min.js?ver=3.9.4 HTTP/1.1" 200 5200 "http://coridyan.com/" "Mozilla/5.0 (Windows NT 10.0; Win64; x64; rv:125.0) Gecko/20100101 Firefox/125.0"
58.96.84.112 - - [13/May/2024:20:30:10 +1000] "GET /wp-content/plugins/contact-form-7/includes/swv/js/index.js?ver=5.7.1 HTTP/1.1" 200 3717 "http://coridyan.com/" "Mozilla/5.0 (Windows NT 10.0; Win64; x64; rv:125.0) Gecko/20100101 Firefox/125.0"
58.96.84.112 - - [13/May/2024:20:30:10 +1000] "GET /wp-content/plugins/contact-form-7/includes/js/index.js?ver=5.7.1 HTTP/1.1" 200 4944 "http://coridyan.com/" "Mozilla/5.0 (Windows NT 10.0; Win64; x64; rv:125.0) Gecko/20100101 Firefox/125.0"
58.96.84.112 - - [13/May/2024:20:30:10 +1000] "GET /wp-includes/js/wp-emoji-release.min.js?ver=6.0.8 HTTP/1.1" 200 6172 "http://coridyan.com/" "Mozilla/5.0 (Windows NT 10.0; Win64; x64; rv:125.0) Gecko/20100101 Firefox/125.0"
58.96.84.112 - - [13/May/2024:20:30:10 +1000] "GET /wp-includes/css/dist/block-library/style.min.css?ver=6.0.8 HTTP/1.1" 200 15579 "http://coridyan.com/" "Mozilla/5.0 (Windows NT 10.0; Win64; x64; rv:125.0) Gecko/20100101 Firefox/125.0"
58.96.84.112 - - [13/May/2024:20:30:11 +1000] "GET /wp-content/uploads/2022/08/cropped-Coridyan-Logo-RGB-300x300.png HTTP/1.1" 200 19879 "http://coridyan.com/" "Mozilla/5.0 (Windows NT 10.0; Win64; x64; rv:125.0) Gecko/20100101 Firefox/125.0"
58.96.84.112 - - [13/May/2024:20:30:11 +1000] "GET /wp-content/uploads/2022/08/Mobile_icon_Coridyan-1-1.png HTTP/1.1" 200 24788 "http://coridyan.com/" "Mozilla/5.0 (Windows NT 10.0; Win64; x64; rv:125.0) Gecko/20100101 Firefox/125.0"
58.96.84.112 - - [13/May/2024:20:30:11 +1000] "GET /wp-content/uploads/2022/08/Coridyan-Logo-RGB-300x300.png HTTP/1.1" 200 17903 "http://coridyan.com/" "Mozilla/5.0 (Windows NT 10.0; Win64; x64; rv:125.0) Gecko/20100101 Firefox/125.0"
58.96.84.112 - - [13/May/2024:20:30:12 +1000] "GET /wp-content/uploads/2022/08/cropped-Coridyan-Logo-RGB-192x192.png HTTP/1.1" 200 11690 "http://coridyan.com/" "Mozilla/5.0 (Windows NT 10.0; Win64; x64; rv:125.0) Gecko/20100101 Firefox/125.0"
58.96.84.112 - - [13/May/2024:20:30:12 +1000] "GET /wp-content/uploads/2022/08/cropped-Coridyan-Logo-RGB-32x32.png HTTP/1.1" 200 1405 "http://coridyan.com/" "Mozilla/5.0 (Windows NT 10.0; Win64; x64; rv:125.0) Gecko/20100101 Firefox/125.0"
58.96.84.112 - - [13/May/2024:20:30:11 +1000] "GET /wp-json/contact-form-7/v1/contact-forms/73/feedback/schema HTTP/1.1" 200 824 "http://coridyan.com/" "Mozilla/5.0 (Windows NT 10.0; Win64; x64; rv:125.0) Gecko/20100101 Firefox/125.0"
58.96.84.112 - - [13/May/2024:20:30:13 +1000] "GET /wp-content/uploads/2022/08/Hand_icon_Coridyan-1-3.png HTTP/1.1" 200 16830 "http://coridyan.com/" "Mozilla/5.0 (Windows NT 10.0; Win64; x64; rv:125.0) Gecko/20100101 Firefox/125.0"
58.96.84.112 - - [13/May/2024:20:30:13 +1000] "GET /wp-content/uploads/2022/08/Solar_House-icon2_Coridyan-1.png HTTP/1.1" 200 21965 "http://coridyan.com/" "Mozilla/5.0 (Windows NT 10.0; Win64; x64; rv:125.0) Gecko/20100101 Firefox/125.0"
58.96.84.112 - - [13/May/2024:20:30:11 +1000] "GET /wp-content/uploads/2022/08/Top-image-banner-Coridyan.png HTTP/1.1" 200 264184 "http://coridyan.com/" "Mozilla/5.0 (Windows NT 10.0; Win64; x64; rv:125.0) Gecko/20100101 Firefox/125.0"
58.96.84.112 - - [13/May/2024:20:30:30 +1000] "GET /wp-content/uploads/2022/08/qendercore_logo-768x112.png HTTP/1.1" 200 24126 "http://coridyan.com/" "Mozilla/5.0 (Windows NT 10.0; Win64; x64; rv:125.0) Gecko/20100101 Firefox/125.0"
58.96.84.112 - - [13/May/2024:20:30:29 +1000] "GET /wp-content/uploads/2022/08/Green_Banner_Coridyan.png HTTP/1.1" 200 87055 "http://coridyan.com/" "Mozilla/5.0 (Windows NT 10.0; Win64; x64; rv:125.0) Gecko/20100101 Firefox/125.0"
58.96.84.112 - - [13/May/2024:20:30:30 +1000] "GET /wp-content/uploads/2022/08/Solar_Battery_icon_Coridyan-1-1.png HTTP/1.1" 200 11465 "http://coridyan.com/" "Mozilla/5.0 (Windows NT 10.0; Win64; x64; rv:125.0) Gecko/20100101 Firefox/125.0"
58.96.84.112 - - [13/May/2024:20:30:30 +1000] "GET /wp-content/uploads/2022/08/Data_Security_icon_Coridyan-1.png HTTP/1.1" 200 18043 "http://coridyan.com/" "Mozilla/5.0 (Windows NT 10.0; Win64; x64; rv:125.0) Gecko/20100101 Firefox/125.0"
58.96.84.112 - - [13/May/2024:20:30:30 +1000] "GET /wp-content/uploads/2022/08/Machine_Learning_icon_Coridyan-1-1.png HTTP/1.1" 200 24301 "http://coridyan.com/" "Mozilla/5.0 (Windows NT 10.0; Win64; x64; rv:125.0) Gecko/20100101 Firefox/125.0"
58.96.84.112 - - [13/May/2024:20:30:31 +1000] "GET /wp-content/uploads/2022/08/Temperature_Round-icon_Coridyan.png HTTP/1.1" 200 11421 "http://coridyan.com/" "Mozilla/5.0 (Windows NT 10.0; Win64; x64; rv:125.0) Gecko/20100101 Firefox/125.0"
58.96.84.112 - - [13/May/2024:20:30:30 +1000] "GET /wp-content/uploads/2022/08/Air_Con_Round-icon_Coridyan.png HTTP/1.1" 200 18924 "http://coridyan.com/" "Mozilla/5.0 (Windows NT 10.0; Win64; x64; rv:125.0) Gecko/20100101 Firefox/125.0"
58.96.84.112 - - [13/May/2024:20:30:31 +1000] "GET /wp-content/uploads/2022/08/Pool_Pump_Round-icon_Coridyan-2.png HTTP/1.1" 200 19814 "http://coridyan.com/" "Mozilla/5.0 (Windows NT 10.0; Win64; x64; rv:125.0) Gecko/20100101 Firefox/125.0"
58.96.84.112 - - [13/May/2024:20:30:31 +1000] "GET /wp-content/uploads/2022/08/Boiler_Round-icon_Coridyan.png HTTP/1.1" 200 11875 "http://coridyan.com/" "Mozilla/5.0 (Windows NT 10.0; Win64; x64; rv:125.0) Gecko/20100101 Firefox/125.0"
58.96.84.112 - - [13/May/2024:20:30:31 +1000] "GET /wp-content/uploads/2022/08/EV_Round-icon_Coridyan.png HTTP/1.1" 200 12905 "http://coridyan.com/" "Mozilla/5.0 (Windows NT 10.0; Win64; x64; rv:125.0) Gecko/20100101 Firefox/125.0"
58.96.84.112 - - [13/May/2024:20:30:30 +1000] "GET /wp-content/uploads/2022/08/Green_Dot_Banner_Deep_Coridyan.png HTTP/1.1" 200 181233 "http://coridyan.com/" "Mozilla/5.0 (Windows NT 10.0; Win64; x64; rv:125.0) Gecko/20100101 Firefox/125.0"
111.67.29.221 - - [13/May/2024:20:50:05 +1000] "POST /wp-cron.php?doing_wp_cron=1715597405.0182039737701416015625 HTTP/1.1" 200 203 "http://coridyan.com/wp-cron.php?doing_wp_cron=1715597405.0182039737701416015625" "WordPress/6.0.8; http://coridyan.com"
34.73.172.96 - - [13/May/2024:20:49:57 +1000] "GET /comments/feed/ HTTP/1.0" 200 1850 "-" "ZoominfoBot (zoominfobot at zoominfo dot com)"
198.98.52.150 - - [13/May/2024:20:50:42 +1000] "GET /wp-login.php HTTP/1.1" 200 8581 "-" "Mozilla/5.0 (Windows NT 6.1; WOW64; rv:29.0) Gecko/20100101 Firefox/29.0"
198.98.52.150 - - [13/May/2024:20:50:46 +1000] "POST /wp-login.php HTTP/1.1" 200 9049 "-" "Mozilla/5.0 (Windows NT 6.1; WOW64; rv:29.0) Gecko/20100101 Firefox/29.0"
193.29.15.252 - - [13/May/2024:21:26:42 +1000] "GET / HTTP/1.1" 200 22675 "-" "Mozilla/5.0 zgrab/0.x"
34.73.172.96 - - [13/May/2024:21:32:24 +1000] "GET /elementor-79/privacy-policy/ HTTP/1.0" 200 26859 "-" "ZoominfoBot (zoominfobot at zoominfo dot com)"
111.67.29.221 - - [13/May/2024:21:32:27 +1000] "POST /wp-cron.php?doing_wp_cron=1715599947.1152598857879638671875 HTTP/1.1" 200 203 "http://coridyan.com/wp-cron.php?doing_wp_cron=1715599947.1152598857879638671875" "WordPress/6.0.8; http://coridyan.com"
46.250.233.72 - - [13/May/2024:21:35:54 +1000] "GET /wp-content/plugins/acf-frontend-form-element/assets/js/try-pro-min.js HTTP/1.1" 404 92371 "-" "Mozilla/5.0 (Windows NT 10.0; Win64; x64) AppleWebKit/537.36 (KHTML, like Gecko) Chrome/87.0.4280.66 Safari/537.36"
23.106.16.158 - - [13/May/2024:22:52:45 +1000] "GET / HTTP/1.1" 200 22688 "-" "Mozilla/5.0 (X11; Ubuntu; Linux i686; rv:114.0) Gecko/20100101 Firefox/114.0"
23.106.26.22 - - [13/May/2024:22:52:48 +1000] "GET / HTTP/1.1" 200 22675 "http://coridyan.com" "Mozilla/5.0 (X11; Ubuntu; Linux i686; rv:114.0) Gecko/20100101 Firefox/114.0"
23.80.164.110 - - [13/May/2024:22:52:54 +1000] "GET / HTTP/1.1" 200 22675 "http://coridyan.com" "Mozilla/5.0 (X11; Ubuntu; Linux i686; rv:114.0) Gecko/20100101 Firefox/114.0"
172.255.93.23 - - [13/May/2024:22:52:57 +1000] "GET /elementor-79/privacy-policy/ HTTP/1.1" 200 26948 "http://coridyan.com" "Mozilla/5.0 (X11; Ubuntu; Linux i686; rv:114.0) Gecko/20100101 Firefox/114.0"
23.106.16.79 - - [13/May/2024:22:52:58 +1000] "GET /xmlrpc.php?rsd HTTP/1.1" 200 593 "http://coridyan.com" "Mozilla/5.0 (X11; Ubuntu; Linux i686; rv:114.0) Gecko/20100101 Firefox/114.0"
23.106.27.197 - - [13/May/2024:22:52:59 +1000] "GET /comments/feed/ HTTP/1.1" 200 1887 "http://coridyan.com" "Mozilla/5.0 (X11; Ubuntu; Linux i686; rv:114.0) Gecko/20100101 Firefox/114.0"
23.80.164.156 - - [13/May/2024:22:53:00 +1000] "GET /wp-json/wp/v2/pages/79 HTTP/1.1" 200 5976 "http://coridyan.com" "Mozilla/5.0 (X11; Ubuntu; Linux i686; rv:114.0) Gecko/20100101 Firefox/114.0"
23.80.164.9 - - [13/May/2024:22:53:01 +1000] "GET /feed/ HTTP/1.1" 200 2633 "http://coridyan.com" "Mozilla/5.0 (X11; Ubuntu; Linux i686; rv:114.0) Gecko/20100101 Firefox/114.0"
23.82.41.157 - - [13/May/2024:22:53:02 +1000] "GET /wp-json/ HTTP/1.1" 200 19668 "http://coridyan.com" "Mozilla/5.0 (X11; Ubuntu; Linux i686; rv:114.0) Gecko/20100101 Firefox/114.0"
172.255.93.204 - - [13/May/2024:22:53:03 +1000] "GET /wp-includes/wlwmanifest.xml HTTP/1.1" 200 837 "http://coridyan.com" "Mozilla/5.0 (X11; Ubuntu; Linux i686; rv:114.0) Gecko/20100101 Firefox/114.0"
23.106.18.187 - - [13/May/2024:22:53:04 +1000] "GET /wp-content/plugins/contact-form-7/includes/js/index.js?ver=5.7.1 HTTP/1.1" 200 4944 "http://coridyan.com" "Mozilla/5.0 (X11; Ubuntu; Linux i686; rv:114.0) Gecko/20100101 Firefox/114.0"
23.106.20.16 - - [13/May/2024:22:53:05 +1000] "POST /wp-json/contact-form-7/v1/contact-forms/73/feedback HTTP/1.1" 200 949 "http://coridyan.com" "Mozilla/5.0 (X11; Ubuntu; Linux i686; rv:114.0) Gecko/20100101 Firefox/114.0"
45.61.184.25 - - [13/May/2024:22:56:26 +1000] "GET /wp-login.php HTTP/1.1" 200 8581 "-" "Mozilla/5.0 (Windows NT 6.1; rv:24.0) Gecko/20100101 Firefox/24.0"
45.61.184.25 - - [13/May/2024:22:56:28 +1000] "POST /wp-login.php HTTP/1.1" 200 9033 "-" "Mozilla/5.0 (Windows NT 6.1; rv:24.0) Gecko/20100101 Firefox/24.0"
178.208.67.39 - - [13/May/2024:23:01:33 +1000] "GET /wp-content/plugins/wp-photo-album-plus/wppa-admin-styles.css HTTP/1.1" 404 92365 "-" "Mozilla/5.0 (Linux; Android 7.0; Moto G (4)) AppleWebKit/537.36 (KHTML, like Gecko) Chrome/84.0.4143.7 Mobile Safari/537.36 Chrome-Lighthouse"
66.249.65.74 - - [13/May/2024:23:18:50 +1000] "GET /favicon.ico HTTP/1.1" 200 113790 "-" "Googlebot-Image/1.0"
52.167.144.57 - - [13/May/2024:23:24:10 +1000] "GET /robots.txt HTTP/1.1" 200 507 "-" "Mozilla/5.0 AppleWebKit/537.36 (KHTML, like Gecko; compatible; bingbot/2.0; +http://www.bing.com/bingbot.htm) Chrome/116.0.1938.76 Safari/537.36"
52.167.144.179 - - [13/May/2024:23:24:22 +1000] "GET /sitemap_index.xml HTTP/1.1" 200 658 "-" "Mozilla/5.0 AppleWebKit/537.36 (KHTML, like Gecko; compatible; bingbot/2.0; +http://www.bing.com/bingbot.htm) Chrome/116.0.1938.76 Safari/537.36"
5.188.62.21 - - [14/May/2024:00:27:38 +1000] "GET /xmlrpc.php HTTP/1.1" 405 343 "-" "Mozilla/5.0 (Windows NT 10.0; Win64; x64) AppleWebKit/537.36 (KHTML, like Gecko) Chrome/100.0.4758.11 Safari/537.36"
111.67.29.221 - - [14/May/2024:00:27:44 +1000] "POST /wp-cron.php?doing_wp_cron=1715610464.4706859588623046875000 HTTP/1.1" 200 203 "http://coridyan.com/wp-cron.php?doing_wp_cron=1715610464.4706859588623046875000" "WordPress/6.0.8; http://coridyan.com"
5.188.62.21 - - [14/May/2024:00:27:41 +1000] "GET /xmlrpc.php HTTP/1.1" 405 343 "-" "Mozilla/5.0 (Windows NT 10.0; Win64; x64) AppleWebKit/537.36 (KHTML, like Gecko) Chrome/99.0.4844.84 Safari/537.36"
5.188.62.21 - - [14/May/2024:00:27:40 +1000] "GET /xmlrpc.php HTTP/1.1" 405 343 "-" "Mozilla/5.0 (Windows NT 10.0; Win64; x64) AppleWebKit/537.36 (KHTML, like Gecko) Chrome/100.0.4895.86 Safari/537.36"
5.188.62.21 - - [14/May/2024:00:27:49 +1000] "POST /xmlrpc.php HTTP/1.1" 200 531 "-" "Mozilla/5.0 (Windows NT 10.0; Win64; x64) AppleWebKit/537.36 (KHTML, like Gecko) Chrome/99.0.4844.84 Safari/537.36"
5.188.62.21 - - [14/May/2024:00:27:49 +1000] "POST /xmlrpc.php HTTP/1.1" 200 531 "-" "Mozilla/5.0 (Windows NT 10.0; Win64; x64) AppleWebKit/537.36 (KHTML, like Gecko) Chrome/100.0.4895.86 Safari/537.36"
111.67.29.221 - - [14/May/2024:00:27:50 +1000] "POST /wp-cron.php?doing_wp_cron=1715610470.2336409091949462890625 HTTP/1.1" 200 203 "http://coridyan.com/wp-cron.php?doing_wp_cron=1715610470.2336409091949462890625" "WordPress/6.0.8; http://coridyan.com"
5.188.62.21 - - [14/May/2024:00:27:49 +1000] "POST /xmlrpc.php HTTP/1.1" 200 531 "-" "Mozilla/5.0 (Windows NT 10.0; Win64; x64) AppleWebKit/537.36 (KHTML, like Gecko) Chrome/100.0.4758.11 Safari/537.36"
111.67.29.221 - - [14/May/2024:00:36:56 +1000] "POST /wp-cron.php?doing_wp_cron=1715611016.7685589790344238281250 HTTP/1.1" 200 203 "http://coridyan.com/wp-cron.php?doing_wp_cron=1715611016.7685589790344238281250" "WordPress/6.0.8; http://coridyan.com"
216.131.105.246 - - [14/May/2024:00:36:49 +1000] "GET / HTTP/1.0" 200 108941 "http://coridyan.com/" "Mozilla/5.0 (Windows NT 10.0; Win64; x64) AppleWebKit/537.36 (KHTML, like Gecko) Chrome/119.0.0.0 Safari/537.36"
216.131.105.246 - - [14/May/2024:00:37:01 +1000] "POST /wp-json/contact-form-7/v1/contact-forms/73/feedback HTTP/1.0" 200 718 "http://coridyan.com/" "Mozilla/5.0 (Windows NT 10.0; Win64; x64) AppleWebKit/537.36 (KHTML, like Gecko) Chrome/119.0.0.0 Safari/537.36"
216.24.216.242 - - [14/May/2024:00:46:21 +1000] "GET / HTTP/1.0" 200 108941 "http://coridyan.com/" "Mozilla/5.0 (Windows NT 10.0) AppleWebKit/537.36 (KHTML, like Gecko) Chrome/103.0.0.0 Safari/537.36"
23.104.184.237 - - [14/May/2024:01:31:19 +1000] "GET / HTTP/1.1" 200 22688 "-" "Mozilla/5.0 (X11; Ubuntu; Linux i686; rv:114.0) Gecko/20100101 Firefox/114.0"
111.67.29.221 - - [14/May/2024:01:31:25 +1000] "POST /wp-cron.php?doing_wp_cron=1715614285.7173790931701660156250 HTTP/1.1" 200 203 "http://coridyan.com/wp-cron.php?doing_wp_cron=1715614285.7173790931701660156250" "WordPress/6.0.8; http://coridyan.com"
37.72.186.231 - - [14/May/2024:01:31:29 +1000] "GET /wp-content/plugins/contact-form-7/includes/js/index.js?ver=5.7.1 HTTP/1.1" 200 4944 "http://coridyan.com" "Mozilla/5.0 (X11; Ubuntu; Linux i686; rv:114.0) Gecko/20100101 Firefox/114.0"
165.231.103.243 - - [14/May/2024:01:31:30 +1000] "POST /wp-json/contact-form-7/v1/contact-forms/73/feedback HTTP/1.1" 200 948 "http://coridyan.com" "Mozilla/5.0 (X11; Ubuntu; Linux i686; rv:114.0) Gecko/20100101 Firefox/114.0"
111.67.29.221 - - [14/May/2024:01:51:22 +1000] "POST /wp-cron.php?doing_wp_cron=1715615482.5217330455780029296875 HTTP/1.1" 200 203 "http://coridyan.com/wp-cron.php?doing_wp_cron=1715615482.5217330455780029296875" "WordPress/6.0.8; http://coridyan.com"
5.161.117.18 - - [14/May/2024:01:51:19 +1000] "GET /wp-content/plugins/uncode-core/includes/assets/js/uncode-featured-images.js HTTP/1.1" 404 92382 "-" "Mozilla/5.0 (iPhone; CPU iPhone OS 13_7 like Mac OS X) AppleWebKit/605.1.15 (KHTML, like Gecko) Version/13.1.2 Mobile/15E148 Safari/604.1"
111.67.29.221 - - [14/May/2024:01:51:21 +1000] "POST /wp-cron.php?doing_wp_cron=1715615481.4032430648803710937500 HTTP/1.1" 200 203 "http://coridyan.com/wp-cron.php?doing_wp_cron=1715615481.4032430648803710937500" "WordPress/6.0.8; http://coridyan.com"
111.67.29.221 - - [14/May/2024:03:51:52 +1000] "POST /wp-cron.php?doing_wp_cron=1715622712.7058050632476806640625 HTTP/1.1" 200 203 "http://coridyan.com/wp-cron.php?doing_wp_cron=1715622712.7058050632476806640625" "WordPress/6.0.8; http://coridyan.com"
111.67.29.221 - - [14/May/2024:03:51:53 +1000] "POST /wp-cron.php?doing_wp_cron=1715622713.3005390167236328125000 HTTP/1.1" 200 203 "http://coridyan.com/wp-cron.php?doing_wp_cron=1715622713.3005390167236328125000" "WordPress/6.0.8; http://coridyan.com"
102.129.145.141 - - [14/May/2024:03:51:45 +1000] "GET / HTTP/1.1" 200 22688 "-" "Mozilla/5.0 (X11; Ubuntu; Linux i686; rv:114.0) Gecko/20100101 Firefox/114.0"
102.129.145.141 - - [14/May/2024:03:51:55 +1000] "GET / HTTP/1.1" 200 22668 "http://coridyan.com" "Mozilla/5.0 (X11; Ubuntu; Linux i686; rv:114.0) Gecko/20100101 Firefox/114.0"
102.129.145.141 - - [14/May/2024:03:52:01 +1000] "GET / HTTP/1.1" 200 22668 "http://coridyan.com" "Mozilla/5.0 (X11; Ubuntu; Linux i686; rv:114.0) Gecko/20100101 Firefox/114.0"
102.129.145.141 - - [14/May/2024:03:52:06 +1000] "GET /elementor-79/privacy-policy/ HTTP/1.1" 200 26941 "http://coridyan.com" "Mozilla/5.0 (X11; Ubuntu; Linux i686; rv:114.0) Gecko/20100101 Firefox/114.0"
102.129.145.141 - - [14/May/2024:03:52:08 +1000] "GET /xmlrpc.php?rsd HTTP/1.1" 200 593 "http://coridyan.com" "Mozilla/5.0 (X11; Ubuntu; Linux i686; rv:114.0) Gecko/20100101 Firefox/114.0"
102.129.145.141 - - [14/May/2024:03:52:09 +1000] "GET /comments/feed/ HTTP/1.1" 200 1887 "http://coridyan.com" "Mozilla/5.0 (X11; Ubuntu; Linux i686; rv:114.0) Gecko/20100101 Firefox/114.0"
102.129.145.141 - - [14/May/2024:03:52:10 +1000] "GET /wp-json/wp/v2/pages/79 HTTP/1.1" 200 5976 "http://coridyan.com" "Mozilla/5.0 (X11; Ubuntu; Linux i686; rv:114.0) Gecko/20100101 Firefox/114.0"
102.129.145.141 - - [14/May/2024:03:52:12 +1000] "GET /feed/ HTTP/1.1" 200 2633 "http://coridyan.com" "Mozilla/5.0 (X11; Ubuntu; Linux i686; rv:114.0) Gecko/20100101 Firefox/114.0"
102.129.145.141 - - [14/May/2024:03:52:17 +1000] "GET /wp-json/ HTTP/1.1" 200 19668 "http://coridyan.com" "Mozilla/5.0 (X11; Ubuntu; Linux i686; rv:114.0) Gecko/20100101 Firefox/114.0"
102.129.145.141 - - [14/May/2024:03:52:19 +1000] "GET /wp-includes/wlwmanifest.xml HTTP/1.1" 200 837 "http://coridyan.com" "Mozilla/5.0 (X11; Ubuntu; Linux i686; rv:114.0) Gecko/20100101 Firefox/114.0"
102.129.145.141 - - [14/May/2024:03:52:20 +1000] "GET /wp-content/plugins/contact-form-7/includes/js/index.js?ver=5.7.1 HTTP/1.1" 200 4944 "http://coridyan.com" "Mozilla/5.0 (X11; Ubuntu; Linux i686; rv:114.0) Gecko/20100101 Firefox/114.0"
102.129.145.141 - - [14/May/2024:03:52:31 +1000] "POST /wp-json/contact-form-7/v1/contact-forms/73/feedback HTTP/1.1" 200 947 "http://coridyan.com" "Mozilla/5.0 (X11; Ubuntu; Linux i686; rv:114.0) Gecko/20100101 Firefox/114.0"
156.67.27.154 - - [14/May/2024:04:08:22 +1000] "GET /wp-content/plugins/learning-management-system/readme.txt HTTP/1.1" 404 20070 "-" "Mozilla/5.0 (Linux; Android 10; K) AppleWebKit/537.36 (KHTML, like Gecko) Chrome/124.0.6367.54 Mobile Safari/537.36"
156.67.27.154 - - [14/May/2024:04:08:44 +1000] "GET /wp-content/plugins/woocommerce-simple-registration/readme.txt HTTP/1.1" 404 20070 "-" "Mozilla/5.0 (Linux; Android 11; ONEPLUS A6013) AppleWebKit/537.36 (KHTML, like Gecko) Chrome/124.0.6367.54 Mobile Safari/537.36"
156.67.27.154 - - [14/May/2024:04:08:46 +1000] "GET /wp-content/plugins/miniorange-2-factor-authentication/readme.txt HTTP/1.1" 404 20070 "-" "Mozilla/5.0 (Windows NT 10.0; Win64; x64) AppleWebKit/537.36 (KHTML, like Gecko) Chrome/124.0.0.0 Safari/537.36"
156.67.27.154 - - [14/May/2024:04:08:49 +1000] "GET /wp-content/plugins/miniorange-malware-protection/readme.txt HTTP/1.1" 404 20070 "-" "Mozilla/5.0 (iPhone; CPU iPhone OS 17_4 like Mac OS X) AppleWebKit/605.1.15 (KHTML, like Gecko) CriOS/124.0.6367.68 Mobile/15E148 Safari/604.1"
156.67.27.154 - - [14/May/2024:04:08:52 +1000] "GET /wp-content/plugins/instawp-connect/readme.txt HTTP/1.1" 404 20070 "-" "Mozilla/5.0 (iPhone; CPU iPhone OS 17_4 like Mac OS X) AppleWebKit/605.1.15 (KHTML, like Gecko) CriOS/124.0.6367.68 Mobile/15E148 Safari/604.1"
156.67.27.154 - - [14/May/2024:04:09:10 +1000] "GET /wp-content/plugins/masterstudy-lms-learning-management-system/readme.txt HTTP/1.1" 404 20070 "-" "Mozilla/5.0 (Linux; Android 11; ONEPLUS A6013) AppleWebKit/537.36 (KHTML, like Gecko) Chrome/124.0.6367.54 Mobile Safari/537.36"
156.67.27.154 - - [14/May/2024:04:09:11 +1000] "GET /wp-content/plugins/activedemand/readme.txt HTTP/1.1" 404 20070 "-" "Mozilla/5.0 (Linux; Android 11; ONEPLUS A6013) AppleWebKit/537.36 (KHTML, like Gecko) Chrome/124.0.6367.54 Mobile Safari/537.36"
156.67.27.154 - - [14/May/2024:04:09:16 +1000] "GET /wp-content/plugins/phppoet-checkout-fields/readme.txt HTTP/1.1" 404 20070 "-" "Mozilla/5.0 (Linux; Android 10; K) AppleWebKit/537.36 (KHTML, like Gecko) Chrome/124.0.6367.54 Mobile Safari/537.36"
156.67.27.154 - - [14/May/2024:04:09:21 +1000] "GET / HTTP/1.1" 200 22675 "-" "Mozilla/5.0 (Windows NT 10.0; Win64; x64) AppleWebKit/537.36 (KHTML, like Gecko) Chrome/124.0.0.0 Safari/537.36"
5.133.192.175 - - [14/May/2024:04:14:54 +1000] "GET /robots.txt HTTP/1.1" 200 470 "-" "Mozilla/5.0 (Windows NT 6.1; Win64; x64; rv:109.0) Gecko/20100101 Firefox/115"
192.36.198.80 - - [14/May/2024:04:14:58 +1000] "GET / HTTP/1.1" 200 22651 "-" "Mozilla/5.0 (Windows NT 6.1; Win64; x64; rv:109.0) Gecko/20100101 Firefox/115"
193.105.234.217 - - [14/May/2024:04:33:10 +1000] "GET /wp-login.php HTTP/1.1" 200 3398 "-" "Mozilla/5.0 (X11; Fedora; Linux x86_64; rv:94.0) Gecko/20100101 Firefox/95.0"
111.67.29.221 - - [14/May/2024:04:33:13 +1000] "POST /wp-cron.php?doing_wp_cron=1715625193.1891400814056396484375 HTTP/1.1" 200 203 "http://coridyan.com/wp-cron.php?doing_wp_cron=1715625193.1891400814056396484375" "WordPress/6.0.8; http://coridyan.com"
193.105.234.217 - - [14/May/2024:04:33:16 +1000] "GET ///?author=1 HTTP/1.1" 301 298 "-" "Mozilla/5.0 (X11; Fedora; Linux x86_64; rv:94.0) Gecko/20100101 Firefox/95.0"
193.105.234.217 - - [14/May/2024:04:33:18 +1000] "GET /author/tynan_icyxf802/ HTTP/1.1" 200 21298 "http://coridyan.com///?author=1" "Mozilla/5.0 (X11; Fedora; Linux x86_64; rv:94.0) Gecko/20100101 Firefox/95.0"
193.105.234.217 - - [14/May/2024:04:33:20 +1000] "GET ///wp-json/wp/v2/users/ HTTP/1.1" 200 2534 "-" "Mozilla/5.0 (X11; Fedora; Linux x86_64; rv:94.0) Gecko/20100101 Firefox/95.0"
193.105.234.217 - - [14/May/2024:04:33:22 +1000] "GET ///?author=2 HTTP/1.1" 301 295 "-" "Mozilla/5.0 (X11; Fedora; Linux x86_64; rv:94.0) Gecko/20100101 Firefox/95.0"
193.105.234.217 - - [14/May/2024:04:33:24 +1000] "GET /author/clareabbott/ HTTP/1.1" 200 19721 "http://coridyan.com///?author=2" "Mozilla/5.0 (X11; Fedora; Linux x86_64; rv:94.0) Gecko/20100101 Firefox/95.0"
193.105.234.217 - - [14/May/2024:04:33:25 +1000] "GET ///?author=3 HTTP/1.1" 301 285 "-" "Mozilla/5.0 (X11; Fedora; Linux x86_64; rv:94.0) Gecko/20100101 Firefox/95.0"
193.105.234.217 - - [14/May/2024:04:33:27 +1000] "GET /?author=3 HTTP/1.1" 200 19720 "http://coridyan.com///?author=3" "Mozilla/5.0 (X11; Fedora; Linux x86_64; rv:94.0) Gecko/20100101 Firefox/95.0"
45.80.158.74 - - [14/May/2024:06:19:28 +1000] "GET /wp-login.php HTTP/1.1" 200 3435 "-" "Mozilla/5.0"
45.80.158.74 - - [14/May/2024:06:19:37 +1000] "GET /?author=1 HTTP/1.1" 301 335 "-" "Mozilla/5.0"
45.80.158.74 - - [14/May/2024:06:19:39 +1000] "GET /?author=2 HTTP/1.1" 301 332 "-" "Mozilla/5.0"
45.80.158.74 - - [14/May/2024:06:19:40 +1000] "GET /?author=3 HTTP/1.1" 200 19757 "-" "Mozilla/5.0"
45.80.158.74 - - [14/May/2024:06:19:41 +1000] "GET /?author=4 HTTP/1.1" 404 18876 "-" "Mozilla/5.0"
209.141.45.102 - - [14/May/2024:06:23:22 +1000] "GET /wp-login.php HTTP/1.1" 200 8581 "-" "Mozilla/5.0 (Macintosh; Intel Mac OS X 10_9_3) AppleWebKit/537.36 (KHTML, like Gecko) Chrome/35.0.1916.153 Safari/537.36"
209.141.45.102 - - [14/May/2024:06:23:24 +1000] "POST /wp-login.php HTTP/1.1" 200 9043 "-" "Mozilla/5.0 (Macintosh; Intel Mac OS X 10_9_3) AppleWebKit/537.36 (KHTML, like Gecko) Chrome/35.0.1916.153 Safari/537.36"
66.249.90.104 - - [14/May/2024:06:43:03 +1000] "GET /?page_id=132 HTTP/1.1" 301 341 "-" "PlayStore-Google"
111.67.29.221 - - [14/May/2024:06:43:09 +1000] "POST /wp-cron.php?doing_wp_cron=1715632989.2654850482940673828125 HTTP/1.1" 200 203 "http://coridyan.com/wp-cron.php?doing_wp_cron=1715632989.2654850482940673828125" "WordPress/6.0.8; http://coridyan.com"
66.249.90.105 - - [14/May/2024:06:43:10 +1000] "GET /elementor-79/privacy-policy/ HTTP/1.1" 200 26955 "-" "PlayStore-Google"
66.249.90.104 - - [14/May/2024:06:43:17 +1000] "GET /?page_id=132 HTTP/1.1" 301 341 "-" "PlayStore-Google"
66.249.90.104 - - [14/May/2024:06:43:22 +1000] "GET /elementor-79/privacy-policy/ HTTP/1.1" 200 26948 "-" "PlayStore-Google"
107.189.7.25 - - [14/May/2024:06:58:25 +1000] "GET /wp-login.php HTTP/1.1" 200 8581 "-" "Mozilla/5.0 (Macintosh; Intel Mac OS X 10_8_5) AppleWebKit/537.36 (KHTML, like Gecko) Chrome/36.0.1985.125 Safari/537.36"
107.189.7.25 - - [14/May/2024:06:58:27 +1000] "POST /wp-login.php HTTP/1.1" 200 9043 "-" "Mozilla/5.0 (Macintosh; Intel Mac OS X 10_8_5) AppleWebKit/537.36 (KHTML, like Gecko) Chrome/36.0.1985.125 Safari/537.36"
111.67.29.221 - - [14/May/2024:07:14:03 +1000] "POST /wp-cron.php?doing_wp_cron=1715634843.5535459518432617187500 HTTP/1.1" 200 203 "http://coridyan.com/wp-cron.php?doing_wp_cron=1715634843.5535459518432617187500" "WordPress/6.0.8; http://coridyan.com"
94.156.69.36 - - [14/May/2024:07:13:57 +1000] "GET /simple.php HTTP/1.1" 404 18875 "www.google.com" "Mozilla/5.0 (Linux; Android 7.0; SM-G892A Build/NRD90M; wv) AppleWebKit/537.36 (KHTML, like Gecko) Version/4.0 Chrome/60.0.3112.107 Mobile Safari/537.36"
94.156.69.36 - - [14/May/2024:07:14:50 +1000] "GET /chosen.php HTTP/1.1" 404 18875 "www.google.com" "Mozilla/5.0 (Linux; Android 7.0; SM-G892A Build/NRD90M; wv) AppleWebKit/537.36 (KHTML, like Gecko) Version/4.0 Chrome/60.0.3112.107 Mobile Safari/537.36"
94.156.69.36 - - [14/May/2024:07:15:32 +1000] "GET /inputs.php HTTP/1.1" 404 18875 "www.google.com" "Mozilla/5.0 (Linux; Android 7.0; SM-G892A Build/NRD90M; wv) AppleWebKit/537.36 (KHTML, like Gecko) Version/4.0 Chrome/60.0.3112.107 Mobile Safari/537.36"
208.109.75.135 - - [14/May/2024:07:19:48 +1000] "GET /wp-content/plugins/wp-photo-album-plus/wppa-admin-styles.css HTTP/1.1" 404 92365 "-" "Mozilla/5.0 (iPhone; CPU iPhone OS 12_3_1 like Mac OS X) AppleWebKit/605.1.15 (KHTML, like Gecko) Version/12.1.1 Mobile/15E148 Safari/604.1"
125.94.144.102 - - [14/May/2024:07:52:21 +1000] "GET / HTTP/1.1" 301 313 "-" "Mozilla/5.0 (iPhone; CPU iPhone OS 13_2_3 like Mac OS X) AppleWebKit/605.1.15 (KHTML, like Gecko) Version/13.0.3 Mobile/15E148 Safari/604.1"
125.94.144.102 - - [14/May/2024:07:52:26 +1000] "GET / HTTP/1.1" 200 22686 "http://www.coridyan.com" "Mozilla/5.0 (iPhone; CPU iPhone OS 13_2_3 like Mac OS X) AppleWebKit/605.1.15 (KHTML, like Gecko) Version/13.0.3 Mobile/15E148 Safari/604.1"
5.157.0.170 - - [14/May/2024:07:59:35 +1000] "GET / HTTP/1.1" 200 22675 "-" "Mozilla/5.0 (X11; Ubuntu; Linux i686; rv:114.0) Gecko/20100101 Firefox/114.0"
196.199.104.237 - - [14/May/2024:07:59:39 +1000] "GET /wp-content/plugins/contact-form-7/includes/js/index.js?ver=5.7.1 HTTP/1.1" 200 4944 "http://coridyan.com" "Mozilla/5.0 (X11; Ubuntu; Linux i686; rv:114.0) Gecko/20100101 Firefox/114.0"
37.72.186.231 - - [14/May/2024:07:59:40 +1000] "POST /wp-json/contact-form-7/v1/contact-forms/73/feedback HTTP/1.1" 200 947 "http://coridyan.com" "Mozilla/5.0 (X11; Ubuntu; Linux i686; rv:114.0) Gecko/20100101 Firefox/114.0"
111.67.29.221 - - [14/May/2024:08:58:37 +1000] "POST /wp-cron.php?doing_wp_cron=1715641117.8744540214538574218750 HTTP/1.1" 200 203 "http://coridyan.com/wp-cron.php?doing_wp_cron=1715641117.8744540214538574218750" "WordPress/6.0.8; http://coridyan.com"
111.67.29.221 - - [14/May/2024:08:58:38 +1000] "POST /wp-cron.php?doing_wp_cron=1715641118.3775949478149414062500 HTTP/1.1" 200 203 "http://coridyan.com/wp-cron.php?doing_wp_cron=1715641118.3775949478149414062500" "WordPress/6.0.8; http://coridyan.com"
178.175.128.39 - - [14/May/2024:08:58:32 +1000] "GET / HTTP/1.0" 200 108941 "http://coridyan.com/" "Mozilla/5.0 (Windows NT 11.0; WOW64) AppleWebKit/537.36 (KHTML, like Gecko) Chrome/114.0.5814.214 Safari/537.36"
178.175.128.39 - - [14/May/2024:08:58:41 +1000] "POST /wp-json/contact-form-7/v1/contact-forms/73/feedback HTTP/1.0" 200 718 "http://coridyan.com/" "Mozilla/5.0 (Windows NT 11.0; WOW64) AppleWebKit/537.36 (KHTML, like Gecko) Chrome/114.0.5814.214 Safari/537.36"
111.67.29.221 - - [14/May/2024:09:32:52 +1000] "POST /wp-cron.php?doing_wp_cron=1715643172.1160879135131835937500 HTTP/1.1" 200 203 "http://coridyan.com/wp-cron.php?doing_wp_cron=1715643172.1160879135131835937500" "WordPress/6.0.8; http://coridyan.com"
37.139.53.25 - - [14/May/2024:09:32:45 +1000] "GET / HTTP/1.0" 200 108941 "http://coridyan.com/" "Mozilla/5.0 (Windows NT 10.0; Win64; x64) AppleWebKit/537.36 (KHTML, like Gecko) Chrome/114.0.0.0 Safari/537.36"
37.139.53.25 - - [14/May/2024:09:32:55 +1000] "POST /wp-json/contact-form-7/v1/contact-forms/73/feedback HTTP/1.0" 200 718 "http://coridyan.com/" "Mozilla/5.0 (Windows NT 10.0; Win64; x64) AppleWebKit/537.36 (KHTML, like Gecko) Chrome/114.0.0.0 Safari/537.36"
89.252.24.138 - - [14/May/2024:09:36:41 +1000] "POST /index.php HTTP/1.1" 200 109008 "-" "Mozilla/5.0 (Windows NT 6.0; Win64; x64) AppleWebKit/537.36 (KHTML, like Gecko) Chrome/65.0.3152.119 Safari/537.36"
111.67.29.221 - - [14/May/2024:11:14:41 +1000] "POST /wp-cron.php?doing_wp_cron=1715649281.0239620208740234375000 HTTP/1.1" 200 203 "http://coridyan.com/wp-cron.php?doing_wp_cron=1715649281.0239620208740234375000" "WordPress/6.0.8; http://coridyan.com"
91.92.242.199 - - [14/May/2024:11:14:34 +1000] "GET /simple.php HTTP/1.1" 404 18875 "www.google.com" "Mozlila/5.0 (Linux; Android 7.0; SM-G892A Bulid/NRD90M; wv) AppleWebKit/537.36 (KHTML, like Gecko) Version/4.0 Chrome/60.0.3112.107 Moblie Safari/537.36"
111.67.29.221 - - [14/May/2024:11:14:40 +1000] "POST /wp-cron.php?doing_wp_cron=1715649279.9700839519500732421875 HTTP/1.1" 200 203 "http://coridyan.com/wp-cron.php?doing_wp_cron=1715649279.9700839519500732421875" "WordPress/6.0.8; http://coridyan.com"
91.92.242.199 - - [14/May/2024:11:14:59 +1000] "GET /wp-content/plugins/wp-ver.php HTTP/1.1" 404 20070 "www.google.com" "Mozlila/5.0 (Linux; Android 7.0; SM-G892A Bulid/NRD90M; wv) AppleWebKit/537.36 (KHTML, like Gecko) Version/4.0 Chrome/60.0.3112.107 Moblie Safari/537.36"
91.92.242.199 - - [14/May/2024:11:15:24 +1000] "GET /sample.php?pd=1&mapname=ova.html&a=vx000&dstr=@Ovatools HTTP/1.1" 404 18875 "www.google.com" "Mozlila/5.0 (Linux; Android 7.0; SM-G892A Bulid/NRD90M; wv) AppleWebKit/537.36 (KHTML, like Gecko) Version/4.0 Chrome/60.0.3112.107 Moblie Safari/537.36"
149.28.166.111 - - [14/May/2024:11:18:02 +1000] "POST /wp-cron.php?doing_wp_cron=1715649482.2618548870086669921875 HTTP/1.1" 200 203 "http://coridyan.com/wp-cron.php?doing_wp_cron=1715649482.2618548870086669921875" "WordPress/6.0.8; http://coridyan.com"
111.67.29.221 - - [14/May/2024:12:42:21 +1000] "POST /wp-cron.php?doing_wp_cron=1715654541.9444379806518554687500 HTTP/1.1" 200 203 "http://coridyan.com/wp-cron.php?doing_wp_cron=1715654541.9444379806518554687500" "WordPress/6.0.8; http://coridyan.com"
92.204.139.118 - - [14/May/2024:12:42:15 +1000] "POST /xmlrpc.php HTTP/1.1" 200 518 "-" "Mozilla/5.0 (X11; Fedora; Linux x86_64; rv:94.0) Gecko/20100101 Firefox/95.0"
165.84.162.121 - - [14/May/2024:12:53:08 +1000] "POST /xmlrpc.php HTTP/1.1" 200 518 "-" "Mozilla/5.0 (X11; Fedora; Linux x86_64; rv:94.0) Gecko/20100101 Firefox/95.0"
134.122.27.24 - - [14/May/2024:13:05:06 +1000] "POST /xmlrpc.php HTTP/1.1" 200 518 "-" "Mozilla/5.0 (X11; Fedora; Linux x86_64; rv:94.0) Gecko/20100101 Firefox/95.0"
111.67.29.221 - - [14/May/2024:13:07:51 +1000] "POST /wp-cron.php?doing_wp_cron=1715656071.7023460865020751953125 HTTP/1.1" 200 203 "http://coridyan.com/wp-cron.php?doing_wp_cron=1715656071.7023460865020751953125" "WordPress/6.0.8; http://coridyan.com"
81.181.56.49 - - [14/May/2024:13:07:45 +1000] "GET / HTTP/1.0" 200 108941 "http://coridyan.com/" "Mozilla/5.0 (Windows NT 11.0; WOW64) AppleWebKit/537.36 (KHTML, like Gecko) Chrome/114.0.5814.214 Safari/537.36"
81.181.56.49 - - [14/May/2024:13:07:54 +1000] "POST /wp-json/contact-form-7/v1/contact-forms/73/feedback HTTP/1.0" 200 718 "http://coridyan.com/" "Mozilla/5.0 (Windows NT 11.0; WOW64) AppleWebKit/537.36 (KHTML, like Gecko) Chrome/114.0.5814.214 Safari/537.36"
116.118.48.75 - - [14/May/2024:13:18:35 +1000] "POST /xmlrpc.php HTTP/1.1" 200 518 "-" "Mozilla/5.0 (X11; Fedora; Linux x86_64; rv:94.0) Gecko/20100101 Firefox/95.0"
111.67.29.221 - - [14/May/2024:13:46:06 +1000] "POST /wp-cron.php?doing_wp_cron=1715658366.7442669868469238281250 HTTP/1.1" 200 203 "http://coridyan.com/wp-cron.php?doing_wp_cron=1715658366.7442669868469238281250" "WordPress/6.0.8; http://coridyan.com"
45.117.162.84 - - [14/May/2024:13:45:58 +1000] "POST /xmlrpc.php HTTP/1.1" 200 518 "-" "Mozilla/5.0 (X11; Fedora; Linux x86_64; rv:94.0) Gecko/20100101 Firefox/95.0"
111.67.29.221 - - [14/May/2024:13:59:56 +1000] "POST /wp-cron.php?doing_wp_cron=1715659196.6710629463195800781250 HTTP/1.1" 200 203 "http://coridyan.com/wp-cron.php?doing_wp_cron=1715659196.6710629463195800781250" "WordPress/6.0.8; http://coridyan.com"
45.80.158.74 - - [14/May/2024:13:59:54 +1000] "POST /wp-login.php HTTP/1.1" 200 9031 "-" "Mozilla/5.0"
45.80.158.74 - - [14/May/2024:13:59:54 +1000] "POST /wp-login.php HTTP/1.1" 200 9025 "-" "Mozilla/5.0"
45.80.158.74 - - [14/May/2024:13:59:54 +1000] "POST /wp-login.php HTTP/1.1" 200 9015 "-" "Mozilla/5.0"
111.67.29.221 - - [14/May/2024:13:59:56 +1000] "POST /wp-cron.php?doing_wp_cron=1715659196.6718339920043945312500 HTTP/1.1" 200 203 "http://coridyan.com/wp-cron.php?doing_wp_cron=1715659196.6718339920043945312500" "WordPress/6.0.8; http://coridyan.com"
139.196.25.23 - - [14/May/2024:14:00:58 +1000] "POST /xmlrpc.php HTTP/1.1" 200 518 "-" "Mozilla/5.0 (X11; Fedora; Linux x86_64; rv:94.0) Gecko/20100101 Firefox/95.0"
134.122.27.24 - - [14/May/2024:14:15:57 +1000] "POST /xmlrpc.php HTTP/1.1" 200 518 "-" "Mozilla/5.0 (X11; Fedora; Linux x86_64; rv:94.0) Gecko/20100101 Firefox/95.0"
72.167.56.43 - - [14/May/2024:14:31:22 +1000] "POST /xmlrpc.php HTTP/1.1" 200 518 "-" "Mozilla/5.0 (X11; Fedora; Linux x86_64; rv:94.0) Gecko/20100101 Firefox/95.0"
111.67.29.221 - - [14/May/2024:14:31:24 +1000] "POST /wp-cron.php?doing_wp_cron=1715661084.7391350269317626953125 HTTP/1.1" 200 203 "http://coridyan.com/wp-cron.php?doing_wp_cron=1715661084.7391350269317626953125" "WordPress/6.0.8; http://coridyan.com"
103.130.219.209 - - [14/May/2024:14:47:13 +1000] "POST /xmlrpc.php HTTP/1.1" 200 518 "-" "Mozilla/5.0 (X11; Fedora; Linux x86_64; rv:94.0) Gecko/20100101 Firefox/95.0"
217.76.155.236 - - [14/May/2024:15:04:21 +1000] "POST /xmlrpc.php HTTP/1.1" 200 518 "-" "Mozilla/5.0 (X11; Fedora; Linux x86_64; rv:94.0) Gecko/20100101 Firefox/95.0"
45.61.188.192 - - [14/May/2024:15:04:29 +1000] "GET /wp-login.php HTTP/1.1" 200 8581 "-" "Mozilla/5.0 (iPhone; CPU iPhone OS 7_1_1 like Mac OS X) AppleWebKit/537.51.2 (KHTML, like Gecko) Version/7.0 Mobile/11D201 Safari/9537.53"
45.61.188.192 - - [14/May/2024:15:04:31 +1000] "POST /wp-login.php HTTP/1.1" 200 9049 "-" "Mozilla/5.0 (iPhone; CPU iPhone OS 7_1_1 like Mac OS X) AppleWebKit/537.51.2 (KHTML, like Gecko) Version/7.0 Mobile/11D201 Safari/9537.53"
112.175.184.32 - - [14/May/2024:15:21:19 +1000] "POST /xmlrpc.php HTTP/1.1" 200 518 "-" "Mozilla/5.0 (X11; Fedora; Linux x86_64; rv:94.0) Gecko/20100101 Firefox/95.0"
111.67.29.221 - - [14/May/2024:15:36:47 +1000] "POST /wp-cron.php?doing_wp_cron=1715665007.9199399948120117187500 HTTP/1.1" 200 203 "http://coridyan.com/wp-cron.php?doing_wp_cron=1715665007.9199399948120117187500" "WordPress/6.0.8; http://coridyan.com"
62.68.147.68 - - [14/May/2024:15:36:39 +1000] "POST /agm.php HTTP/1.1" 404 18876 "-" "Mozilla/4.0 (compatible; MSIE 6.0; Windows NT 5.1; SV1)"
111.67.29.221 - - [14/May/2024:15:36:46 +1000] "POST /wp-cron.php?doing_wp_cron=1715665006.8710920810699462890625 HTTP/1.1" 200 203 "http://coridyan.com/wp-cron.php?doing_wp_cron=1715665006.8710920810699462890625" "WordPress/6.0.8; http://coridyan.com"
43.231.127.212 - - [14/May/2024:15:38:37 +1000] "POST /xmlrpc.php HTTP/1.1" 200 518 "-" "Mozilla/5.0 (X11; Fedora; Linux x86_64; rv:94.0) Gecko/20100101 Firefox/95.0"
178.175.128.39 - - [14/May/2024:15:54:27 +1000] "GET / HTTP/1.0" 200 108941 "http://coridyan.com/" "Mozilla/5.0 (Windows NT 11.0; WOW64) AppleWebKit/537.36 (KHTML, like Gecko) Chrome/114.0.5814.214 Safari/537.36"
178.175.128.39 - - [14/May/2024:15:54:31 +1000] "POST /wp-json/contact-form-7/v1/contact-forms/73/feedback HTTP/1.0" 200 718 "http://coridyan.com/" "Mozilla/5.0 (Windows NT 11.0; WOW64) AppleWebKit/537.36 (KHTML, like Gecko) Chrome/114.0.5814.214 Safari/537.36"
74.208.227.29 - - [14/May/2024:15:57:02 +1000] "POST /xmlrpc.php HTTP/1.1" 200 518 "-" "Mozilla/5.0 (X11; Fedora; Linux x86_64; rv:94.0) Gecko/20100101 Firefox/95.0"
165.231.193.126 - - [14/May/2024:16:00:32 +1000] "GET / HTTP/1.1" 200 109027 "-" "Mozilla/5.0 (Windows NT 10.0; WOW64; rv:45.0) Gecko/20100101 Firefox/45.0"
165.231.193.126 - - [14/May/2024:16:00:37 +1000] "GET /wp-admin/admin-ajax.php?action=duplicator_download&file=%2F..%2Fwp-config.php HTTP/1.1" 400 478 "-" "Mozilla/5.0 (Windows NT 10.0; WOW64; rv:45.0) Gecko/20100101 Firefox/45.0"
165.231.193.126 - - [14/May/2024:16:00:39 +1000] "GET /wp-config.php.bak HTTP/1.1" 404 87678 "-" "Mozilla/5.0 (Windows NT 10.0; WOW64; rv:45.0) Gecko/20100101 Firefox/45.0"
165.231.193.126 - - [14/May/2024:16:00:43 +1000] "GET /wp-admin/admin-ajax.php?action=revslider_show_image&img=..%2Fwp-config.php HTTP/1.1" 400 478 "-" "Mozilla/5.0 (Windows NT 10.0; WOW64; rv:45.0) Gecko/20100101 Firefox/45.0"
165.231.193.126 - - [14/May/2024:16:00:45 +1000] "GET /wp-config.php~ HTTP/1.1" 404 87678 "-" "Mozilla/5.0 (Windows NT 10.0; WOW64; rv:45.0) Gecko/20100101 Firefox/45.0"
165.231.193.126 - - [14/May/2024:16:00:48 +1000] "GET /wp-config.php.save HTTP/1.1" 404 87678 "-" "Mozilla/5.0 (Windows NT 10.0; WOW64; rv:45.0) Gecko/20100101 Firefox/45.0"
165.231.193.126 - - [14/May/2024:16:00:50 +1000] "GET /wp-config.php.old HTTP/1.1" 404 87678 "-" "Mozilla/5.0 (Windows NT 10.0; WOW64; rv:45.0) Gecko/20100101 Firefox/45.0"
165.231.193.126 - - [14/May/2024:16:00:53 +1000] "GET /wp-config.phpe HTTP/1.1" 404 87678 "-" "Mozilla/5.0 (Windows NT 10.0; WOW64; rv:45.0) Gecko/20100101 Firefox/45.0"
165.231.193.126 - - [14/May/2024:16:00:55 +1000] "GET /wp-config.php_old HTTP/1.1" 404 87678 "-" "Mozilla/5.0 (Windows NT 10.0; WOW64; rv:45.0) Gecko/20100101 Firefox/45.0"
165.231.193.126 - - [14/May/2024:16:00:58 +1000] "GET /?aam-media=wp-config.php HTTP/1.1" 200 109051 "-" "Mozilla/5.0 (Windows NT 10.0; WOW64; rv:45.0) Gecko/20100101 Firefox/45.0"
165.231.193.126 - - [14/May/2024:16:01:00 +1000] "GET /wp-config.phpOLD HTTP/1.1" 404 87678 "-" "Mozilla/5.0 (Windows NT 10.0; WOW64; rv:45.0) Gecko/20100101 Firefox/45.0"
165.231.193.126 - - [14/May/2024:16:01:02 +1000] "GET /wp-config.php_ HTTP/1.1" 404 87678 "-" "Mozilla/5.0 (Windows NT 10.0; WOW64; rv:45.0) Gecko/20100101 Firefox/45.0"
165.231.193.126 - - [14/May/2024:16:01:05 +1000] "GET /wp-config.php1 HTTP/1.1" 404 87678 "-" "Mozilla/5.0 (Windows NT 10.0; WOW64; rv:45.0) Gecko/20100101 Firefox/45.0"
165.231.193.126 - - [14/May/2024:16:01:07 +1000] "GET /wp-config.php.backup HTTP/1.1" 404 87678 "-" "Mozilla/5.0 (Windows NT 10.0; WOW64; rv:45.0) Gecko/20100101 Firefox/45.0"
165.231.193.126 - - [14/May/2024:16:01:09 +1000] "GET /wp-config.php.org HTTP/1.1" 404 87678 "-" "Mozilla/5.0 (Windows NT 10.0; WOW64; rv:45.0) Gecko/20100101 Firefox/45.0"
165.231.193.126 - - [14/May/2024:16:01:12 +1000] "GET /wp-content/plugins/cherry-plugin/admin/import-export/download-content.php?file=..%2F..%2F..%2F..%2F..%2Fwp-config.php HTTP/1.1" 404 92355 "-" "Mozilla/5.0 (Windows NT 10.0; WOW64; rv:45.0) Gecko/20100101 Firefox/45.0"
165.231.193.126 - - [14/May/2024:16:01:14 +1000] "GET /wp-config HTTP/1.1" 404 87678 "-" "Mozilla/5.0 (Windows NT 10.0; WOW64; rv:45.0) Gecko/20100101 Firefox/45.0"
165.231.193.126 - - [14/May/2024:16:01:16 +1000] "GET /wp-config.php-old HTTP/1.1" 404 87678 "-" "Mozilla/5.0 (Windows NT 10.0; WOW64; rv:45.0) Gecko/20100101 Firefox/45.0"
165.231.193.126 - - [14/May/2024:16:01:18 +1000] "GET /wp-config.old HTTP/1.1" 404 87678 "-" "Mozilla/5.0 (Windows NT 10.0; WOW64; rv:45.0) Gecko/20100101 Firefox/45.0"
165.231.193.126 - - [14/May/2024:16:01:21 +1000] "GET /wp-config.php.orig HTTP/1.1" 404 87678 "-" "Mozilla/5.0 (Windows NT 10.0; WOW64; rv:45.0) Gecko/20100101 Firefox/45.0"
165.231.193.126 - - [14/May/2024:16:01:23 +1000] "GET /wp-config.php_bak HTTP/1.1" 404 87679 "-" "Mozilla/5.0 (Windows NT 10.0; WOW64; rv:45.0) Gecko/20100101 Firefox/45.0"
165.231.193.126 - - [14/May/2024:16:01:25 +1000] "GET /wp-config.bak HTTP/1.1" 404 87678 "-" "Mozilla/5.0 (Windows NT 10.0; WOW64; rv:45.0) Gecko/20100101 Firefox/45.0"
165.231.193.126 - - [14/May/2024:16:01:27 +1000] "GET /wp-content/plugins/multi-plugin-installer/mpi_download.php?filepath=..%2F..%2F..%2F&filename=wp-config.php HTTP/1.1" 404 92355 "-" "Mozilla/5.0 (Windows NT 10.0; WOW64; rv:45.0) Gecko/20100101 Firefox/45.0"
165.231.193.126 - - [14/May/2024:16:01:30 +1000] "GET /wp-config.php.bk HTTP/1.1" 404 87678 "-" "Mozilla/5.0 (Windows NT 10.0; WOW64; rv:45.0) Gecko/20100101 Firefox/45.0"
165.231.193.126 - - [14/May/2024:16:01:32 +1000] "GET /wp-config.php2 HTTP/1.1" 404 87678 "-" "Mozilla/5.0 (Windows NT 10.0; WOW64; rv:45.0) Gecko/20100101 Firefox/45.0"
165.231.193.126 - - [14/May/2024:16:01:35 +1000] "GET /wp-config.php?aam-media=1 HTTP/1.1" 200 240 "-" "Mozilla/5.0 (Windows NT 10.0; WOW64; rv:45.0) Gecko/20100101 Firefox/45.0"
165.231.193.126 - - [14/May/2024:16:01:36 +1000] "GET /wp-config.txt HTTP/1.1" 404 87678 "-" "Mozilla/5.0 (Windows NT 10.0; WOW64; rv:45.0) Gecko/20100101 Firefox/45.0"
165.231.193.126 - - [14/May/2024:16:01:38 +1000] "GET /wp-config.php.bkp HTTP/1.1" 404 87678 "-" "Mozilla/5.0 (Windows NT 10.0; WOW64; rv:45.0) Gecko/20100101 Firefox/45.0"
165.231.193.126 - - [14/May/2024:16:01:40 +1000] "GET /wp-config.php-bak HTTP/1.1" 404 87678 "-" "Mozilla/5.0 (Windows NT 10.0; WOW64; rv:45.0) Gecko/20100101 Firefox/45.0"
165.231.193.126 - - [14/May/2024:16:01:42 +1000] "GET /wp-config.php_orig HTTP/1.1" 404 87678 "-" "Mozilla/5.0 (Windows NT 10.0; WOW64; rv:45.0) Gecko/20100101 Firefox/45.0"
165.231.193.126 - - [14/May/2024:16:01:45 +1000] "GET /wp-config.orig HTTP/1.1" 404 87678 "-" "Mozilla/5.0 (Windows NT 10.0; WOW64; rv:45.0) Gecko/20100101 Firefox/45.0"
165.231.193.126 - - [14/May/2024:16:01:47 +1000] "GET /wp-config.php.txt HTTP/1.1" 404 87678 "-" "Mozilla/5.0 (Windows NT 10.0; WOW64; rv:45.0) Gecko/20100101 Firefox/45.0"
165.231.193.126 - - [14/May/2024:16:01:49 +1000] "GET /wp-config.php_bk HTTP/1.1" 404 87678 "-" "Mozilla/5.0 (Windows NT 10.0; WOW64; rv:45.0) Gecko/20100101 Firefox/45.0"
165.231.193.126 - - [14/May/2024:16:01:51 +1000] "GET /wp-config.php__ HTTP/1.1" 404 87679 "-" "Mozilla/5.0 (Windows NT 10.0; WOW64; rv:45.0) Gecko/20100101 Firefox/45.0"
165.231.193.126 - - [14/May/2024:16:01:54 +1000] "GET /wp-content/themes/mTheme-Unus/css/css.php?files=..%2F..%2F..%2F..%2Fwp-config.php HTTP/1.1" 404 92354 "-" "Mozilla/5.0 (Windows NT 10.0; WOW64; rv:45.0) Gecko/20100101 Firefox/45.0"
165.231.193.126 - - [14/May/2024:16:01:56 +1000] "GET /wp-config.php_original HTTP/1.1" 404 87678 "-" "Mozilla/5.0 (Windows NT 10.0; WOW64; rv:45.0) Gecko/20100101 Firefox/45.0"
165.231.193.126 - - [14/May/2024:16:01:58 +1000] "GET /wp-config.php_backup HTTP/1.1" 404 87678 "-" "Mozilla/5.0 (Windows NT 10.0; WOW64; rv:45.0) Gecko/20100101 Firefox/45.0"
165.231.193.126 - - [14/May/2024:16:02:00 +1000] "GET /wp-config.php-original HTTP/1.1" 404 87678 "-" "Mozilla/5.0 (Windows NT 10.0; WOW64; rv:45.0) Gecko/20100101 Firefox/45.0"
165.231.193.126 - - [14/May/2024:16:02:03 +1000] "GET /wp-config.php.original HTTP/1.1" 404 87678 "-" "Mozilla/5.0 (Windows NT 10.0; WOW64; rv:45.0) Gecko/20100101 Firefox/45.0"
165.231.193.126 - - [14/May/2024:16:02:05 +1000] "GET /wp-config.php- HTTP/1.1" 404 87678 "-" "Mozilla/5.0 (Windows NT 10.0; WOW64; rv:45.0) Gecko/20100101 Firefox/45.0"
165.231.193.126 - - [14/May/2024:16:02:08 +1000] "GET /wp-config.php HTTP/1.1" 200 240 "-" "Mozilla/5.0 (Windows NT 10.0; WOW64; rv:45.0) Gecko/20100101 Firefox/45.0"
165.231.193.126 - - [14/May/2024:16:02:09 +1000] "GET /wp-content/plugins/adaptive-images/adaptive-images-script.php?adaptive-images-settings[source_file]=..%2F..%2F..%2Fwp-config.php HTTP/1.1" 404 92355 "-" "Mozilla/5.0 (Windows NT 10.0; WOW64; rv:45.0) Gecko/20100101 Firefox/45.0"
165.231.193.126 - - [14/May/2024:16:02:11 +1000] "GET /wp%E2%80%94admin/admin%E2%80%94ajax.php?action=duplicator_download&file=%2F..%2Fwp-config.php HTTP/1.1" 404 87678 "-" "Mozilla/5.0 (Windows NT 10.0; WOW64; rv:45.0) Gecko/20100101 Firefox/45.0"
165.231.193.126 - - [14/May/2024:16:02:14 +1000] "GET /wp-admin/admin-ajax.php?action=duplicator_download&file=..%2Fwp-config.php HTTP/1.1" 400 478 "-" "Mozilla/5.0 (Windows NT 10.0; WOW64; rv:45.0) Gecko/20100101 Firefox/45.0"
165.231.193.126 - - [14/May/2024:16:02:15 +1000] "GET /wp-config.php-backup HTTP/1.1" 404 87678 "-" "Mozilla/5.0 (Windows NT 10.0; WOW64; rv:45.0) Gecko/20100101 Firefox/45.0"
165.231.193.126 - - [14/May/2024:16:02:17 +1000] "GET /?mdocs-img-preview=wp-config.php HTTP/1.1" 200 109060 "-" "Mozilla/5.0 (Windows NT 10.0; WOW64; rv:45.0) Gecko/20100101 Firefox/45.0"
165.231.193.126 - - [14/May/2024:16:02:20 +1000] "GET /wp-admin/tools.php?page=backup_manager&download_backup_file=..%2Fwp-config.php HTTP/1.1" 302 556 "-" "Mozilla/5.0 (Windows NT 10.0; WOW64; rv:45.0) Gecko/20100101 Firefox/45.0"
165.231.193.126 - - [14/May/2024:16:02:21 +1000] "GET /wp-login.php?redirect_to=http%3A%2F%2Fcoridyan.com%2Fwp-admin%2Ftools.php%3Fpage%3Dbackup_manager%26download_backup_file%3D..%252Fwp-config.php&reauth=1 HTTP/1.1" 200 10874 "-" "Mozilla/5.0 (Windows NT 10.0; WOW64; rv:45.0) Gecko/20100101 Firefox/45.0"
165.231.193.126 - - [14/May/2024:16:02:22 +1000] "GET /wp-content/plugins/google-mp3-audio-player/direct_download.php?file=..%2F..%2F..%2Fwp-config.php HTTP/1.1" 404 92354 "-" "Mozilla/5.0 (Windows NT 10.0; WOW64; rv:45.0) Gecko/20100101 Firefox/45.0"
165.231.193.126 - - [14/May/2024:16:02:25 +1000] "GET /wp-content/plugins/firestats/php/tools/get_config.php HTTP/1.1" 404 92354 "-" "Mozilla/5.0 (Windows NT 10.0; WOW64; rv:45.0) Gecko/20100101 Firefox/45.0"
165.231.193.126 - - [14/May/2024:16:02:27 +1000] "GET /wp-admin/tools.php?page=backup_manager&download_backup_file=oldBackups%2F..%2F..%2Fwp-config.php HTTP/1.1" 302 578 "-" "Mozilla/5.0 (Windows NT 10.0; WOW64; rv:45.0) Gecko/20100101 Firefox/45.0"
165.231.193.126 - - [14/May/2024:16:02:28 +1000] "GET /wp-login.php?redirect_to=http%3A%2F%2Fcoridyan.com%2Fwp-admin%2Ftools.php%3Fpage%3Dbackup_manager%26download_backup_file%3DoldBackups%252F..%252F..%252Fwp-config.php&reauth=1 HTTP/1.1" 200 10935 "-" "Mozilla/5.0 (Windows NT 10.0; WOW64; rv:45.0) Gecko/20100101 Firefox/45.0"
165.231.193.126 - - [14/May/2024:16:02:29 +1000] "GET /wp-config.backup HTTP/1.1" 404 87678 "-" "Mozilla/5.0 (Windows NT 10.0; WOW64; rv:45.0) Gecko/20100101 Firefox/45.0"
165.231.193.126 - - [14/May/2024:16:02:32 +1000] "GET /wp-config.php.new HTTP/1.1" 404 87678 "-" "Mozilla/5.0 (Windows NT 10.0; WOW64; rv:45.0) Gecko/20100101 Firefox/45.0"
165.231.193.126 - - [14/May/2024:16:02:34 +1000] "GET /wp-config.php.save.1 HTTP/1.1" 404 87678 "-" "Mozilla/5.0 (Windows NT 10.0; WOW64; rv:45.0) Gecko/20100101 Firefox/45.0"
