160.22.108.208 - - [10/May/2026:18:13:32 +1000] "POST /wp-login.php HTTP/2" 200 2659 "https://www.pgkdistribution.com.au/wp-login.php" "Mozilla/5.0 (Windows NT 10.0; Win64; x64) AppleWebKit/537.36 (KHTML, like Gecko) Chrome/133.0.0.0 Safari/537.36"
152.42.134.236 - - [10/May/2026:18:13:33 +1000] "GET /wp-login.php HTTP/2" 200 2507 "https://pgkdistribution.com.au/wp-login.php" "Mozilla/5.0 (Windows NT 10.0; Win64; x64; rv:133.0) Gecko/20100101 Firefox/133.0"
145.239.194.219 - - [10/May/2026:18:15:24 +1000] "GET /wp-login.php HTTP/2" 301 795 "-" "Mozilla/5.0 (Windows NT 10.0; Win64; x64; rv:133.0) Gecko/20100101 Firefox/133.0"
111.67.29.221 - - [10/May/2026:18:15:26 +1000] "POST /wp-cron.php?doing_wp_cron=1778400925.9888339042663574218750 HTTP/1.1" 200 538 "-" "WordPress/6.9.4; https://www.pgkdistribution.com.au"
52.204.71.8 - - [10/May/2026:18:15:21 +1000] "GET /product-category/electricals-2/dc-cable/ HTTP/1.1" 200 31198 "-" "Mozilla/5.0 AppleWebKit/537.36 (KHTML, like Gecko; compatible; Amazonbot/0.1; +https://developer.amazon.com/support/amazonbot) Chrome/119.0.6045.214 Safari/537.36"
145.239.194.219 - - [10/May/2026:18:15:26 +1000] "GET /wp-login.php HTTP/2" 200 2507 "https://pgkdistribution.com.au/wp-login.php" "Mozilla/5.0 (Windows NT 10.0; Win64; x64; rv:133.0) Gecko/20100101 Firefox/133.0"
145.239.194.219 - - [10/May/2026:18:15:28 +1000] "POST /wp-login.php HTTP/2" 301 795 "https://pgkdistribution.com.au/wp-login.php" "Mozilla/5.0 (Windows NT 10.0; Win64; x64; rv:133.0) Gecko/20100101 Firefox/133.0"
145.239.194.219 - - [10/May/2026:18:15:28 +1000] "GET /wp-login.php HTTP/2" 200 2507 "https://pgkdistribution.com.au/wp-login.php" "Mozilla/5.0 (Windows NT 10.0; Win64; x64; rv:133.0) Gecko/20100101 Firefox/133.0"
34.101.189.231 - - [10/May/2026:18:16:02 +1000] "GET /wp-login.php HTTP/2" 301 795 "-" "Mozilla/5.0 (Windows NT 10.0; WOW64) AppleWebKit/537.36 (KHTML, like Gecko) Chrome/133.0.0.0 Safari/537.36"
34.101.189.231 - - [10/May/2026:18:16:03 +1000] "GET /wp-login.php HTTP/2" 200 2507 "https://pgkdistribution.com.au/wp-login.php" "Mozilla/5.0 (Windows NT 10.0; WOW64) AppleWebKit/537.36 (KHTML, like Gecko) Chrome/133.0.0.0 Safari/537.36"
34.101.189.231 - - [10/May/2026:18:16:12 +1000] "POST /wp-login.php HTTP/2" 301 795 "https://pgkdistribution.com.au/wp-login.php" "Mozilla/5.0 (Windows NT 10.0; WOW64) AppleWebKit/537.36 (KHTML, like Gecko) Chrome/133.0.0.0 Safari/537.36"
34.101.189.231 - - [10/May/2026:18:16:12 +1000] "GET /wp-login.php HTTP/2" 200 2507 "https://pgkdistribution.com.au/wp-login.php" "Mozilla/5.0 (Windows NT 10.0; WOW64) AppleWebKit/537.36 (KHTML, like Gecko) Chrome/133.0.0.0 Safari/537.36"
111.67.29.221 - - [10/May/2026:18:16:59 +1000] "POST /wp-cron.php?doing_wp_cron=1778401019.5909020900726318359375 HTTP/1.1" 200 538 "-" "WordPress/6.9.4; https://www.pgkdistribution.com.au"
3.226.202.248 - - [10/May/2026:18:16:52 +1000] "GET /robots.txt HTTP/1.1" 200 1012 "-" "Mozilla/5.0 (Macintosh; Intel Mac OS X 10_10_1) AppleWebKit/600.2.5 (KHTML, like Gecko) Version/8.0.2 Safari/600.2.5 (Gort)"
111.67.29.221 - - [10/May/2026:18:17:20 +1000] "POST /wp-cron.php?doing_wp_cron=1778401040.9033360481262207031250 HTTP/1.1" 200 538 "-" "WordPress/6.9.4; https://www.pgkdistribution.com.au"
34.141.230.59 - - [10/May/2026:18:17:18 +1000] "GET /product/soltaro-aaa-lithium-battery/?add-to-cart=1061 HTTP/2" 200 35009 "-" "LinkupBot/1.0 (LinkupBot for web indexing; https://linkup.so/bot; bot@linkup.so)"
66.116.235.214 - - [10/May/2026:18:17:27 +1000] "GET /wp-login.php HTTP/2" 301 795 "-" "Mozilla/5.0 (Windows NT 10.0; Win64; x64) AppleWebKit/537.36 (KHTML, like Gecko) Chrome/133.0.0.0 Safari/537.36 Edg/133.0.0.0"
111.67.29.221 - - [10/May/2026:18:17:33 +1000] "POST /wp-cron.php?doing_wp_cron=1778401053.3191680908203125000000 HTTP/1.1" 200 538 "-" "WordPress/6.9.4; https://www.pgkdistribution.com.au"
66.116.235.214 - - [10/May/2026:18:17:31 +1000] "GET /wp-login.php HTTP/2" 200 2507 "https://pgkdistribution.com.au/wp-login.php" "Mozilla/5.0 (Windows NT 10.0; Win64; x64) AppleWebKit/537.36 (KHTML, like Gecko) Chrome/133.0.0.0 Safari/537.36 Edg/133.0.0.0"
66.116.235.214 - - [10/May/2026:18:17:36 +1000] "POST /wp-login.php HTTP/2" 301 795 "https://pgkdistribution.com.au/wp-login.php" "Mozilla/5.0 (Windows NT 10.0; Win64; x64) AppleWebKit/537.36 (KHTML, like Gecko) Chrome/133.0.0.0 Safari/537.36 Edg/133.0.0.0"
66.116.235.214 - - [10/May/2026:18:17:37 +1000] "GET /wp-login.php HTTP/2" 200 2507 "https://pgkdistribution.com.au/wp-login.php" "Mozilla/5.0 (Windows NT 10.0; Win64; x64) AppleWebKit/537.36 (KHTML, like Gecko) Chrome/133.0.0.0 Safari/537.36 Edg/133.0.0.0"
222.165.190.235 - - [10/May/2026:18:18:38 +1000] "GET /wp-login.php HTTP/2" 301 795 "-" "Mozilla/5.0 (Macintosh; Intel Mac OS X 11_7_10) AppleWebKit/537.36 (KHTML, like Gecko) Chrome/133.0.0.0 Safari/537.36"
111.67.29.221 - - [10/May/2026:18:18:43 +1000] "POST /wp-cron.php?doing_wp_cron=1778401123.1985850334167480468750 HTTP/1.1" 200 538 "-" "WordPress/6.9.4; https://www.pgkdistribution.com.au"
222.165.190.235 - - [10/May/2026:18:18:41 +1000] "GET /wp-login.php HTTP/2" 200 2507 "https://pgkdistribution.com.au/wp-login.php" "Mozilla/5.0 (Macintosh; Intel Mac OS X 11_7_10) AppleWebKit/537.36 (KHTML, like Gecko) Chrome/133.0.0.0 Safari/537.36"
222.165.190.235 - - [10/May/2026:18:18:43 +1000] "POST /wp-login.php HTTP/2" 301 795 "https://pgkdistribution.com.au/wp-login.php" "Mozilla/5.0 (Macintosh; Intel Mac OS X 11_7_10) AppleWebKit/537.36 (KHTML, like Gecko) Chrome/133.0.0.0 Safari/537.36"
222.165.190.235 - - [10/May/2026:18:18:43 +1000] "GET /wp-login.php HTTP/2" 200 2507 "https://pgkdistribution.com.au/wp-login.php" "Mozilla/5.0 (Macintosh; Intel Mac OS X 11_7_10) AppleWebKit/537.36 (KHTML, like Gecko) Chrome/133.0.0.0 Safari/537.36"
95.216.210.177 - - [10/May/2026:18:18:58 +1000] "GET /wp-login.php HTTP/2" 200 2507 "-" "Mozilla/5.0 (X11; Ubuntu; Linux x86_64; rv:133.0) Gecko/20100101 Firefox/133.0"
95.216.210.177 - - [10/May/2026:18:19:00 +1000] "POST /wp-login.php HTTP/2" 200 2660 "https://www.pgkdistribution.com.au/wp-login.php" "Mozilla/5.0 (X11; Ubuntu; Linux x86_64; rv:133.0) Gecko/20100101 Firefox/133.0"
179.108.84.136 - - [10/May/2026:18:19:31 +1000] "GET /wp-login.php HTTP/2" 301 795 "-" "Mozilla/5.0 (X11; Fedora; Linux x86_64) AppleWebKit/537.36 (KHTML, like Gecko) Chrome/133.0.0.0 Safari/537.36"
111.67.29.221 - - [10/May/2026:18:19:43 +1000] "POST /wp-cron.php?doing_wp_cron=1778401183.0609190464019775390625 HTTP/1.1" 200 538 "-" "WordPress/6.9.4; https://www.pgkdistribution.com.au"
179.108.84.136 - - [10/May/2026:18:19:40 +1000] "GET /wp-login.php HTTP/2" 200 2507 "https://pgkdistribution.com.au/wp-login.php" "Mozilla/5.0 (X11; Fedora; Linux x86_64) AppleWebKit/537.36 (KHTML, like Gecko) Chrome/133.0.0.0 Safari/537.36"
179.108.84.136 - - [10/May/2026:18:19:45 +1000] "POST /wp-login.php HTTP/2" 301 795 "https://pgkdistribution.com.au/wp-login.php" "Mozilla/5.0 (X11; Fedora; Linux x86_64) AppleWebKit/537.36 (KHTML, like Gecko) Chrome/133.0.0.0 Safari/537.36"
88.216.64.6 - - [10/May/2026:18:19:45 +1000] "GET /cookie-policy/ HTTP/2" 200 30369 "-" "Mozilla/5.0 (Macintosh; Intel Mac OS X 10_15_7) AppleWebKit/537.36 (KHTML, like Gecko) Chrome/142.0.0.0 Safari/537.36"
179.108.84.136 - - [10/May/2026:18:19:47 +1000] "GET /wp-login.php HTTP/2" 200 2507 "https://pgkdistribution.com.au/wp-login.php" "Mozilla/5.0 (X11; Fedora; Linux x86_64) AppleWebKit/537.36 (KHTML, like Gecko) Chrome/133.0.0.0 Safari/537.36"
208.109.188.137 - - [10/May/2026:18:19:49 +1000] "GET /wp-login.php HTTP/2" 200 2507 "-" "Mozilla/5.0 (Windows NT 10.0; WOW64) AppleWebKit/537.36 (KHTML, like Gecko) Chrome/133.0.0.0 Safari/537.36"
208.109.188.137 - - [10/May/2026:18:19:50 +1000] "POST /wp-login.php HTTP/2" 200 2654 "https://www.pgkdistribution.com.au/wp-login.php" "Mozilla/5.0 (Windows NT 10.0; WOW64) AppleWebKit/537.36 (KHTML, like Gecko) Chrome/133.0.0.0 Safari/537.36"
160.250.186.220 - - [10/May/2026:18:20:01 +1000] "GET /wp-login.php HTTP/2" 301 795 "-" "Mozilla/5.0 (Windows NT 10.0; Win64; x64; rv:133.0) Gecko/20100101 Firefox/133.0"
111.67.29.221 - - [10/May/2026:18:20:10 +1000] "POST /wp-cron.php?doing_wp_cron=1778401210.3500609397888183593750 HTTP/1.1" 200 538 "-" "WordPress/6.9.4; https://www.pgkdistribution.com.au"
160.250.186.220 - - [10/May/2026:18:20:07 +1000] "GET /wp-login.php HTTP/2" 200 2507 "https://pgkdistribution.com.au/wp-login.php" "Mozilla/5.0 (Windows NT 10.0; Win64; x64; rv:133.0) Gecko/20100101 Firefox/133.0"
160.250.186.220 - - [10/May/2026:18:20:11 +1000] "POST /wp-login.php HTTP/2" 301 795 "https://pgkdistribution.com.au/wp-login.php" "Mozilla/5.0 (Windows NT 10.0; Win64; x64; rv:133.0) Gecko/20100101 Firefox/133.0"
160.250.186.220 - - [10/May/2026:18:20:12 +1000] "GET /wp-login.php HTTP/2" 200 2507 "https://pgkdistribution.com.au/wp-login.php" "Mozilla/5.0 (Windows NT 10.0; Win64; x64; rv:133.0) Gecko/20100101 Firefox/133.0"
111.67.29.221 - - [10/May/2026:18:20:37 +1000] "POST /wp-cron.php?doing_wp_cron=1778401237.8874990940093994140625 HTTP/1.1" 200 538 "-" "WordPress/6.9.4; https://www.pgkdistribution.com.au"
217.20.124.76 - - [10/May/2026:18:20:36 +1000] "GET /wp-login.php HTTP/2" 200 2507 "-" "Mozilla/5.0 (Macintosh; Intel Mac OS X 10_15_7) AppleWebKit/537.36 (KHTML, like Gecko) Chrome/133.0.0.0 Safari/537.36 Edg/133.0.0.0"
217.20.124.76 - - [10/May/2026:18:20:38 +1000] "POST /wp-login.php HTTP/2" 200 2659 "https://www.pgkdistribution.com.au/wp-login.php" "Mozilla/5.0 (Macintosh; Intel Mac OS X 10_15_7) AppleWebKit/537.36 (KHTML, like Gecko) Chrome/133.0.0.0 Safari/537.36 Edg/133.0.0.0"
78.142.18.172 - - [10/May/2026:18:20:47 +1000] "GET /wp-login.php HTTP/2" 301 795 "-" "Mozilla/5.0 (Windows NT 10.0; Win64; x64; rv:133.0) Gecko/20100101 Firefox/133.0"
78.142.18.172 - - [10/May/2026:18:20:49 +1000] "GET /wp-login.php HTTP/2" 200 2507 "https://pgkdistribution.com.au/wp-login.php" "Mozilla/5.0 (Windows NT 10.0; Win64; x64; rv:133.0) Gecko/20100101 Firefox/133.0"
78.142.18.172 - - [10/May/2026:18:20:51 +1000] "POST /wp-login.php HTTP/2" 301 795 "https://pgkdistribution.com.au/wp-login.php" "Mozilla/5.0 (Windows NT 10.0; Win64; x64; rv:133.0) Gecko/20100101 Firefox/133.0"
78.142.18.172 - - [10/May/2026:18:20:51 +1000] "GET /wp-login.php HTTP/2" 200 2507 "https://pgkdistribution.com.au/wp-login.php" "Mozilla/5.0 (Windows NT 10.0; Win64; x64; rv:133.0) Gecko/20100101 Firefox/133.0"
94.23.67.41 - - [10/May/2026:18:22:36 +1000] "GET /wp-login.php HTTP/2" 301 795 "-" "Mozilla/5.0 (Windows NT 10.0) AppleWebKit/537.36 (KHTML, like Gecko) Chrome/133.0.0.0 Safari/537.36"
111.67.29.221 - - [10/May/2026:18:22:40 +1000] "POST /wp-cron.php?doing_wp_cron=1778401360.1284229755401611328125 HTTP/1.1" 200 538 "-" "WordPress/6.9.4; https://www.pgkdistribution.com.au"
94.23.67.41 - - [10/May/2026:18:22:38 +1000] "GET /wp-login.php HTTP/2" 200 2507 "https://pgkdistribution.com.au/wp-login.php" "Mozilla/5.0 (Windows NT 10.0) AppleWebKit/537.36 (KHTML, like Gecko) Chrome/133.0.0.0 Safari/537.36"
94.23.67.41 - - [10/May/2026:18:22:40 +1000] "POST /wp-login.php HTTP/2" 301 795 "https://pgkdistribution.com.au/wp-login.php" "Mozilla/5.0 (Windows NT 10.0) AppleWebKit/537.36 (KHTML, like Gecko) Chrome/133.0.0.0 Safari/537.36"
94.23.67.41 - - [10/May/2026:18:22:40 +1000] "GET /wp-login.php HTTP/2" 200 2507 "https://pgkdistribution.com.au/wp-login.php" "Mozilla/5.0 (Windows NT 10.0) AppleWebKit/537.36 (KHTML, like Gecko) Chrome/133.0.0.0 Safari/537.36"
198.251.71.113 - - [10/May/2026:18:24:53 +1000] "GET /wp-login.php HTTP/2" 301 795 "-" "Mozilla/5.0 (X11; Ubuntu; Linux x86_64; rv:133.0) Gecko/20100101 Firefox/133.0"
111.67.29.221 - - [10/May/2026:18:24:57 +1000] "POST /wp-cron.php?doing_wp_cron=1778401497.1671290397644042968750 HTTP/1.1" 200 538 "-" "WordPress/6.9.4; https://www.pgkdistribution.com.au"
198.251.71.113 - - [10/May/2026:18:24:55 +1000] "GET /wp-login.php HTTP/2" 200 2507 "https://pgkdistribution.com.au/wp-login.php" "Mozilla/5.0 (X11; Ubuntu; Linux x86_64; rv:133.0) Gecko/20100101 Firefox/133.0"
198.251.71.113 - - [10/May/2026:18:24:57 +1000] "POST /wp-login.php HTTP/2" 301 795 "https://pgkdistribution.com.au/wp-login.php" "Mozilla/5.0 (X11; Ubuntu; Linux x86_64; rv:133.0) Gecko/20100101 Firefox/133.0"
198.251.71.113 - - [10/May/2026:18:24:57 +1000] "GET /wp-login.php HTTP/2" 200 2507 "https://pgkdistribution.com.au/wp-login.php" "Mozilla/5.0 (X11; Ubuntu; Linux x86_64; rv:133.0) Gecko/20100101 Firefox/133.0"
160.250.186.220 - - [10/May/2026:18:25:48 +1000] "GET /wp-login.php HTTP/2" 301 795 "-" "Mozilla/5.0 (X11; Fedora; Linux x86_64) AppleWebKit/537.36 (KHTML, like Gecko) Chrome/133.0.0.0 Safari/537.36"
160.250.186.220 - purchasing [10/May/2026:18:26:00 +1000] "GET /wp-json/wp/v2/users/me HTTP/2" 301 795 "-" "Mozilla/5.0 (X11; Fedora; Linux x86_64) AppleWebKit/537.36 (KHTML, like Gecko) Chrome/133.0.0.0 Safari/537.36"
111.67.29.221 - - [10/May/2026:18:26:06 +1000] "POST /wp-cron.php?doing_wp_cron=1778401566.2506270408630371093750 HTTP/1.1" 200 538 "-" "WordPress/6.9.4; https://www.pgkdistribution.com.au"
160.250.186.220 - - [10/May/2026:18:26:03 +1000] "GET /wp-json/wp/v2/users/me HTTP/2" 401 102 "https://pgkdistribution.com.au/wp-json/wp/v2/users/me" "Mozilla/5.0 (X11; Fedora; Linux x86_64) AppleWebKit/537.36 (KHTML, like Gecko) Chrome/133.0.0.0 Safari/537.36"
200.69.20.165 - - [10/May/2026:18:26:12 +1000] "GET /wp-login.php HTTP/2" 200 2507 "-" "Mozilla/5.0 (Macintosh; Intel Mac OS X 10_15_7) AppleWebKit/537.36 (KHTML, like Gecko) Chrome/133.0.0.0 Safari/537.36 Edg/133.0.0.0"
200.69.20.165 - - [10/May/2026:18:26:14 +1000] "POST /wp-login.php HTTP/2" 200 2660 "https://www.pgkdistribution.com.au/wp-login.php" "Mozilla/5.0 (Macintosh; Intel Mac OS X 10_15_7) AppleWebKit/537.36 (KHTML, like Gecko) Chrome/133.0.0.0 Safari/537.36 Edg/133.0.0.0"
103.50.205.131 - - [10/May/2026:18:26:52 +1000] "GET /wp-login.php HTTP/2" 301 795 "-" "Mozilla/5.0 (Macintosh; Intel Mac OS X 10_15_7) AppleWebKit/537.36 (KHTML, like Gecko) Chrome/133.0.0.0 Safari/537.36 Edg/133.0.0.0"
111.67.29.221 - - [10/May/2026:18:26:53 +1000] "POST /wp-cron.php?doing_wp_cron=1778401613.1419489383697509765625 HTTP/1.1" 200 538 "-" "WordPress/6.9.4; https://www.pgkdistribution.com.au"
154.29.237.177 - - [10/May/2026:18:26:51 +1000] "GET /cookie-policy/ HTTP/2" 200 30369 "-" "Mozilla/5.0 (Macintosh; Intel Mac OS X 10_15_7) AppleWebKit/537.36 (KHTML, like Gecko) Chrome/142.0.0.0 Safari/537.36"
103.50.205.131 - - [10/May/2026:18:26:53 +1000] "GET /wp-login.php HTTP/2" 200 2507 "https://pgkdistribution.com.au/wp-login.php" "Mozilla/5.0 (Macintosh; Intel Mac OS X 10_15_7) AppleWebKit/537.36 (KHTML, like Gecko) Chrome/133.0.0.0 Safari/537.36 Edg/133.0.0.0"
103.50.205.131 - - [10/May/2026:18:26:55 +1000] "POST /wp-login.php HTTP/2" 301 795 "https://pgkdistribution.com.au/wp-login.php" "Mozilla/5.0 (Macintosh; Intel Mac OS X 10_15_7) AppleWebKit/537.36 (KHTML, like Gecko) Chrome/133.0.0.0 Safari/537.36 Edg/133.0.0.0"
103.50.205.131 - - [10/May/2026:18:26:55 +1000] "GET /wp-login.php HTTP/2" 200 2507 "https://pgkdistribution.com.au/wp-login.php" "Mozilla/5.0 (Macintosh; Intel Mac OS X 10_15_7) AppleWebKit/537.36 (KHTML, like Gecko) Chrome/133.0.0.0 Safari/537.36 Edg/133.0.0.0"
168.119.170.38 - - [10/May/2026:18:27:14 +1000] "GET /wp-login.php HTTP/2" 301 795 "-" "Mozilla/5.0 (Macintosh; Intel Mac OS X 11_7_10) AppleWebKit/537.36 (KHTML, like Gecko) Chrome/133.0.0.0 Safari/537.36"
167.71.226.156 - - [10/May/2026:18:27:14 +1000] "GET /wp-login.php HTTP/2" 200 2507 "-" "Mozilla/5.0 (X11; Linux x86_64; rv:133.0) Gecko/20100101 Firefox/133.0"
168.119.170.38 - - [10/May/2026:18:27:15 +1000] "GET /wp-login.php HTTP/2" 200 2507 "https://pgkdistribution.com.au/wp-login.php" "Mozilla/5.0 (Macintosh; Intel Mac OS X 11_7_10) AppleWebKit/537.36 (KHTML, like Gecko) Chrome/133.0.0.0 Safari/537.36"
168.119.170.38 - - [10/May/2026:18:27:17 +1000] "POST /wp-login.php HTTP/2" 301 795 "https://pgkdistribution.com.au/wp-login.php" "Mozilla/5.0 (Macintosh; Intel Mac OS X 11_7_10) AppleWebKit/537.36 (KHTML, like Gecko) Chrome/133.0.0.0 Safari/537.36"
111.67.29.221 - - [10/May/2026:18:27:18 +1000] "POST /wp-cron.php?doing_wp_cron=1778401638.6894180774688720703125 HTTP/1.1" 200 538 "-" "WordPress/6.9.4; https://www.pgkdistribution.com.au"
167.71.226.156 - - [10/May/2026:18:27:17 +1000] "POST /wp-login.php HTTP/2" 200 2654 "https://www.pgkdistribution.com.au/wp-login.php" "Mozilla/5.0 (X11; Linux x86_64; rv:133.0) Gecko/20100101 Firefox/133.0"
168.119.170.38 - - [10/May/2026:18:27:18 +1000] "GET /wp-login.php HTTP/2" 200 2507 "https://pgkdistribution.com.au/wp-login.php" "Mozilla/5.0 (Macintosh; Intel Mac OS X 11_7_10) AppleWebKit/537.36 (KHTML, like Gecko) Chrome/133.0.0.0 Safari/537.36"
111.67.29.221 - - [10/May/2026:18:28:01 +1000] "POST /wp-cron.php?doing_wp_cron=1778401681.0939249992370605468750 HTTP/1.1" 200 538 "-" "WordPress/6.9.4; https://www.pgkdistribution.com.au"
167.71.132.111 - - [10/May/2026:18:27:59 +1000] "GET /wp-login.php HTTP/2" 200 2507 "-" "Mozilla/5.0 (X11; Linux i686) AppleWebKit/537.36 (KHTML, like Gecko) Chrome/133.0.0.0 Safari/537.36"
167.71.132.111 - - [10/May/2026:18:28:01 +1000] "POST /wp-login.php HTTP/2" 200 2659 "https://www.pgkdistribution.com.au/wp-login.php" "Mozilla/5.0 (X11; Linux i686) AppleWebKit/537.36 (KHTML, like Gecko) Chrome/133.0.0.0 Safari/537.36"
111.67.29.221 - - [10/May/2026:18:29:28 +1000] "POST /wp-cron.php?doing_wp_cron=1778401768.5012400150299072265625 HTTP/1.1" 200 538 "-" "WordPress/6.9.4; https://www.pgkdistribution.com.au"
148.113.128.178 - - [10/May/2026:18:29:26 +1000] "GET /product/solis-3p-5000w-dual-mppt/ HTTP/2" 200 34499 "-" "Mozilla/5.0 (compatible; AhrefsBot/7.0; +http://ahrefs.com/robot/)"
111.67.29.221 - - [10/May/2026:18:31:01 +1000] "POST /wp-cron.php?doing_wp_cron=1778401861.8266370296478271484375 HTTP/1.1" 200 538 "-" "WordPress/6.9.4; https://www.pgkdistribution.com.au"
66.249.70.173 - - [10/May/2026:18:30:59 +1000] "GET /product/2x6mm%C2%B2-iec-62930-dc-cable-100m/ HTTP/1.1" 200 36089 "-" "Mozilla/5.0 (Linux; Android 6.0.1; Nexus 5X Build/MMB29P) AppleWebKit/537.36 (KHTML, like Gecko) Chrome/147.0.7727.137 Mobile Safari/537.36 (compatible; Googlebot/2.1; +http://www.google.com/bot.html)"
167.71.226.156 - - [10/May/2026:18:32:09 +1000] "GET /wp-login.php HTTP/2" 301 795 "-" "Mozilla/5.0 (X11; CrOS x86_64 14541.0.0) AppleWebKit/537.36 (KHTML, like Gecko) Chrome/133.0.0.0 Safari/537.36"
111.67.29.221 - - [10/May/2026:18:32:13 +1000] "POST /wp-cron.php?doing_wp_cron=1778401933.6816210746765136718750 HTTP/1.1" 200 538 "-" "WordPress/6.9.4; https://www.pgkdistribution.com.au"
167.71.226.156 - - [10/May/2026:18:32:11 +1000] "GET /wp-login.php HTTP/2" 200 2507 "https://pgkdistribution.com.au/wp-login.php" "Mozilla/5.0 (X11; CrOS x86_64 14541.0.0) AppleWebKit/537.36 (KHTML, like Gecko) Chrome/133.0.0.0 Safari/537.36"
167.71.226.156 - - [10/May/2026:18:32:15 +1000] "POST /wp-login.php HTTP/2" 301 795 "https://pgkdistribution.com.au/wp-login.php" "Mozilla/5.0 (X11; CrOS x86_64 14541.0.0) AppleWebKit/537.36 (KHTML, like Gecko) Chrome/133.0.0.0 Safari/537.36"
111.67.29.221 - - [10/May/2026:18:32:19 +1000] "POST /wp-cron.php?doing_wp_cron=1778401939.5395131111145019531250 HTTP/1.1" 200 538 "-" "WordPress/6.9.4; https://www.pgkdistribution.com.au"
167.71.226.156 - - [10/May/2026:18:32:17 +1000] "GET /wp-login.php HTTP/2" 200 2507 "https://pgkdistribution.com.au/wp-login.php" "Mozilla/5.0 (X11; CrOS x86_64 14541.0.0) AppleWebKit/537.36 (KHTML, like Gecko) Chrome/133.0.0.0 Safari/537.36"
121.200.217.28 - - [10/May/2026:18:32:55 +1000] "GET /wp-login.php HTTP/2" 301 795 "-" "Mozilla/5.0 (X11; Linux x86_64) AppleWebKit/537.36 (KHTML, like Gecko) Chrome/133.0.0.0 Safari/537.36 Edg/133.0.0.0"
111.67.29.221 - - [10/May/2026:18:32:59 +1000] "POST /wp-cron.php?doing_wp_cron=1778401979.2673280239105224609375 HTTP/1.1" 200 538 "-" "WordPress/6.9.4; https://www.pgkdistribution.com.au"
121.200.217.28 - - [10/May/2026:18:32:57 +1000] "GET /wp-login.php HTTP/2" 200 2507 "https://pgkdistribution.com.au/wp-login.php" "Mozilla/5.0 (X11; Linux x86_64) AppleWebKit/537.36 (KHTML, like Gecko) Chrome/133.0.0.0 Safari/537.36 Edg/133.0.0.0"
121.200.217.28 - - [10/May/2026:18:32:59 +1000] "POST /wp-login.php HTTP/2" 301 795 "https://pgkdistribution.com.au/wp-login.php" "Mozilla/5.0 (X11; Linux x86_64) AppleWebKit/537.36 (KHTML, like Gecko) Chrome/133.0.0.0 Safari/537.36 Edg/133.0.0.0"
121.200.217.28 - - [10/May/2026:18:33:00 +1000] "GET /wp-login.php HTTP/2" 200 2507 "https://pgkdistribution.com.au/wp-login.php" "Mozilla/5.0 (X11; Linux x86_64) AppleWebKit/537.36 (KHTML, like Gecko) Chrome/133.0.0.0 Safari/537.36 Edg/133.0.0.0"
111.67.29.221 - - [10/May/2026:18:33:50 +1000] "POST /wp-cron.php?doing_wp_cron=1778402030.3249828815460205078125 HTTP/1.1" 200 538 "-" "WordPress/6.9.4; https://www.pgkdistribution.com.au"
46.32.229.28 - murphylwatt [10/May/2026:18:33:47 +1000] "GET /wp-json/wp/v2/users/me HTTP/2" 401 102 "-" "Mozilla/5.0 (Windows NT 10.0) AppleWebKit/537.36 (KHTML, like Gecko) Chrome/133.0.0.0 Safari/537.36"
198.251.71.113 - - [10/May/2026:18:34:04 +1000] "GET /wp-login.php HTTP/2" 200 2507 "-" "Mozilla/5.0 (X11; Linux i686) AppleWebKit/537.36 (KHTML, like Gecko) Chrome/133.0.0.0 Safari/537.36"
198.251.71.113 - - [10/May/2026:18:34:09 +1000] "POST /wp-login.php HTTP/2" 200 2654 "https://www.pgkdistribution.com.au/wp-login.php" "Mozilla/5.0 (X11; Linux i686) AppleWebKit/537.36 (KHTML, like Gecko) Chrome/133.0.0.0 Safari/537.36"
44.222.176.12 - - [10/May/2026:18:34:18 +1000] "GET /wp-content/uploads/2021/06/Soltaro-6-10K-4G.png HTTP/1.1" 301 1347 "-" "Mozilla/5.0 (Windows NT 10.0; Win64; x64) AppleWebKit/537.36 (KHTML, like Gecko) Chrome/120.0.0.0 Safari/537.36"
44.222.176.12 - - [10/May/2026:18:34:19 +1000] "GET /wp-content/uploads/2021/06/Soltaro-6-10K-4G.png HTTP/1.1" 200 244618 "-" "Mozilla/5.0 (Windows NT 10.0; Win64; x64) AppleWebKit/537.36 (KHTML, like Gecko) Chrome/120.0.0.0 Safari/537.36"
145.239.194.219 - - [10/May/2026:18:34:44 +1000] "GET /wp-login.php HTTP/2" 301 795 "-" "Mozilla/5.0 (Windows NT 10.0) AppleWebKit/537.36 (KHTML, like Gecko) Chrome/133.0.0.0 Safari/537.36"
111.67.29.221 - - [10/May/2026:18:34:48 +1000] "POST /wp-cron.php?doing_wp_cron=1778402088.1284999847412109375000 HTTP/1.1" 200 538 "-" "WordPress/6.9.4; https://www.pgkdistribution.com.au"
145.239.194.219 - - [10/May/2026:18:34:45 +1000] "GET /wp-login.php HTTP/2" 200 2507 "https://pgkdistribution.com.au/wp-login.php" "Mozilla/5.0 (Windows NT 10.0) AppleWebKit/537.36 (KHTML, like Gecko) Chrome/133.0.0.0 Safari/537.36"
145.239.194.219 - - [10/May/2026:18:34:48 +1000] "POST /wp-login.php HTTP/2" 301 795 "https://pgkdistribution.com.au/wp-login.php" "Mozilla/5.0 (Windows NT 10.0) AppleWebKit/537.36 (KHTML, like Gecko) Chrome/133.0.0.0 Safari/537.36"
145.239.194.219 - - [10/May/2026:18:34:48 +1000] "GET /wp-login.php HTTP/2" 200 2507 "https://pgkdistribution.com.au/wp-login.php" "Mozilla/5.0 (Windows NT 10.0) AppleWebKit/537.36 (KHTML, like Gecko) Chrome/133.0.0.0 Safari/537.36"
66.116.235.214 - - [10/May/2026:18:35:02 +1000] "GET /wp-login.php HTTP/2" 301 795 "-" "Mozilla/5.0 (X11; Fedora; Linux x86_64) AppleWebKit/537.36 (KHTML, like Gecko) Chrome/133.0.0.0 Safari/537.36"
111.67.29.221 - - [10/May/2026:18:35:04 +1000] "POST /wp-cron.php?doing_wp_cron=1778402104.4653930664062500000000 HTTP/1.1" 200 538 "-" "WordPress/6.9.4; https://www.pgkdistribution.com.au"
160.22.108.208 - - [10/May/2026:18:35:01 +1000] "GET /wp-login.php HTTP/2" 200 2507 "-" "Mozilla/5.0 (Windows NT 10.0; Win64; x64) AppleWebKit/537.36 (KHTML, like Gecko) Chrome/133.0.0.0 Safari/537.36"
40.77.167.68 - - [10/May/2026:18:35:05 +1000] "GET /product/solar-pv-label-kit-basic/ HTTP/2" 301 795 "-" "Mozilla/5.0 AppleWebKit/537.36 (KHTML, like Gecko; compatible; bingbot/2.0; +http://www.bing.com/bingbot.htm) Chrome/116.0.1938.76 Safari/537.36"
160.22.108.208 - - [10/May/2026:18:35:05 +1000] "POST /wp-login.php HTTP/2" 200 2659 "https://www.pgkdistribution.com.au/wp-login.php" "Mozilla/5.0 (Windows NT 10.0; Win64; x64) AppleWebKit/537.36 (KHTML, like Gecko) Chrome/133.0.0.0 Safari/537.36"
66.116.235.214 - - [10/May/2026:18:35:06 +1000] "GET /wp-login.php HTTP/2" 200 2507 "https://pgkdistribution.com.au/wp-login.php" "Mozilla/5.0 (X11; Fedora; Linux x86_64) AppleWebKit/537.36 (KHTML, like Gecko) Chrome/133.0.0.0 Safari/537.36"
66.116.235.214 - - [10/May/2026:18:35:09 +1000] "POST /wp-login.php HTTP/2" 301 795 "https://pgkdistribution.com.au/wp-login.php" "Mozilla/5.0 (X11; Fedora; Linux x86_64) AppleWebKit/537.36 (KHTML, like Gecko) Chrome/133.0.0.0 Safari/537.36"
66.116.235.214 - - [10/May/2026:18:35:09 +1000] "GET /wp-login.php HTTP/2" 200 2507 "https://pgkdistribution.com.au/wp-login.php" "Mozilla/5.0 (X11; Fedora; Linux x86_64) AppleWebKit/537.36 (KHTML, like Gecko) Chrome/133.0.0.0 Safari/537.36"
74.7.242.11 - - [10/May/2026:18:36:48 +1000] "GET /wp-content/plugins/woo-gutenberg-products-block/build/product-categories.css?ver=10.8.1 HTTP/2" 200 544 "https://www.pgkdistribution.com.au/page/12/?s" "Mozilla/5.0 AppleWebKit/537.36 (KHTML, like Gecko; compatible; GPTBot/1.3; +https://openai.com/gptbot)"
74.7.242.27 - - [10/May/2026:18:36:48 +1000] "GET /wp-content/uploads/2021/06/Cable-Tie-Steel-End-Data-Sheet.pdf HTTP/2" 301 795 "https://www.pgkdistribution.com.au" "Mozilla/5.0 AppleWebKit/537.36 (KHTML, like Gecko; compatible; GPTBot/1.3; +https://openai.com/gptbot)"
74.7.242.11 - - [10/May/2026:18:36:51 +1000] "GET /wp-content/plugins/storefront-homepage-contact-section/assets/css/style.css?ver=6.7.2 HTTP/2" 200 549 "https://www.pgkdistribution.com.au/page/12/?s" "Mozilla/5.0 AppleWebKit/537.36 (KHTML, like Gecko; compatible; GPTBot/1.3; +https://openai.com/gptbot)"
74.7.242.27 - - [10/May/2026:18:36:51 +1000] "GET /wp-content/uploads/2022/03/Genuine-Branch-MC4-Connectors.pdf HTTP/2" 301 795 "https://www.pgkdistribution.com.au" "Mozilla/5.0 AppleWebKit/537.36 (KHTML, like Gecko; compatible; GPTBot/1.3; +https://openai.com/gptbot)"
74.7.242.11 - - [10/May/2026:18:36:54 +1000] "GET /wp-content/plugins/storefront-footer-bar/assets/css/style.css?ver=6.7.2 HTTP/2" 200 263 "https://www.pgkdistribution.com.au/page/12/?s" "Mozilla/5.0 AppleWebKit/537.36 (KHTML, like Gecko; compatible; GPTBot/1.3; +https://openai.com/gptbot)"
74.7.242.27 - - [10/May/2026:18:36:54 +1000] "GET /wp-content/uploads/2023/02/MC4-Multi-Contact-Spanner.pdf HTTP/2" 301 795 "https://www.pgkdistribution.com.au" "Mozilla/5.0 AppleWebKit/537.36 (KHTML, like Gecko; compatible; GPTBot/1.3; +https://openai.com/gptbot)"
74.7.242.11 - - [10/May/2026:18:36:56 +1000] "GET /wp-content/plugins/woo-gutenberg-products-block/build/reviews-by-category.css?ver=10.8.1 HTTP/2" 200 1619 "https://www.pgkdistribution.com.au/page/12/?s" "Mozilla/5.0 AppleWebKit/537.36 (KHTML, like Gecko; compatible; GPTBot/1.3; +https://openai.com/gptbot)"
74.7.242.27 - - [10/May/2026:18:36:56 +1000] "GET /wp-content/uploads/2021/06/Crimping-Tool-for-Non-insulated-Terminal.pdf HTTP/2" 301 795 "https://www.pgkdistribution.com.au" "Mozilla/5.0 AppleWebKit/537.36 (KHTML, like Gecko; compatible; GPTBot/1.3; +https://openai.com/gptbot)"
74.7.242.27 - - [10/May/2026:18:36:59 +1000] "GET /wp-content/uploads/2021/06/Cable-Glands-Data-Sheet.pdf HTTP/2" 301 795 "https://www.pgkdistribution.com.au" "Mozilla/5.0 AppleWebKit/537.36 (KHTML, like Gecko; compatible; GPTBot/1.3; +https://openai.com/gptbot)"
74.7.242.11 - - [10/May/2026:18:36:59 +1000] "GET /wp-content/plugins/woo-gutenberg-products-block/build/single-product.css?ver=10.8.1 HTTP/2" 200 328 "https://www.pgkdistribution.com.au/page/12/?s" "Mozilla/5.0 AppleWebKit/537.36 (KHTML, like Gecko; compatible; GPTBot/1.3; +https://openai.com/gptbot)"
74.7.242.27 - - [10/May/2026:18:37:01 +1000] "GET /wp-content/uploads/2021/06/SE019C.pdf HTTP/2" 301 795 "https://www.pgkdistribution.com.au" "Mozilla/5.0 AppleWebKit/537.36 (KHTML, like Gecko; compatible; GPTBot/1.3; +https://openai.com/gptbot)"
74.7.242.11 - - [10/May/2026:18:37:01 +1000] "GET /wp-content/plugins/gutentor/dist/gutentor-woocommerce.css?ver=3.2.7 HTTP/2" 200 567 "https://www.pgkdistribution.com.au/page/12/?s" "Mozilla/5.0 AppleWebKit/537.36 (KHTML, like Gecko; compatible; GPTBot/1.3; +https://openai.com/gptbot)"
74.7.242.27 - - [10/May/2026:18:37:02 +1000] "GET /wp-content/uploads/2022/05/Solar-PV-Label-Kit-Disconnection-Point.pdf HTTP/2" 301 795 "https://www.pgkdistribution.com.au" "Mozilla/5.0 AppleWebKit/537.36 (KHTML, like Gecko; compatible; GPTBot/1.3; +https://openai.com/gptbot)"
111.67.29.221 - - [10/May/2026:18:37:06 +1000] "POST /wp-cron.php?doing_wp_cron=1778402226.3846569061279296875000 HTTP/1.1" 200 538 "-" "WordPress/6.9.4; https://www.pgkdistribution.com.au"
74.7.242.11 - - [10/May/2026:18:37:03 +1000] "GET /wp-content/plugins/if-menu/assets/if-menu-site.css?ver=6.7.2 HTTP/2" 404 29338 "https://www.pgkdistribution.com.au/page/12/?s" "Mozilla/5.0 AppleWebKit/537.36 (KHTML, like Gecko; compatible; GPTBot/1.3; +https://openai.com/gptbot)"
74.7.242.11 - - [10/May/2026:18:37:06 +1000] "GET /wp-content/plugins/woocommerce-table-rate-shipping/assets/js/frontend-checkout.min.js?ver=3.1.4 HTTP/2" 200 196 "https://www.pgkdistribution.com.au/page/12/?s" "Mozilla/5.0 AppleWebKit/537.36 (KHTML, like Gecko; compatible; GPTBot/1.3; +https://openai.com/gptbot)"
74.7.242.11 - - [10/May/2026:18:37:08 +1000] "GET /wp-content/plugins/woo-gutenberg-products-block/build/product-rating-stars.css?ver=10.8.1 HTTP/2" 200 770 "https://www.pgkdistribution.com.au/page/12/?s" "Mozilla/5.0 AppleWebKit/537.36 (KHTML, like Gecko; compatible; GPTBot/1.3; +https://openai.com/gptbot)"
46.32.229.28 - - [10/May/2026:18:37:09 +1000] "GET /wp-login.php HTTP/2" 301 795 "-" "Mozilla/5.0 (Macintosh; Intel Mac OS X 14_7_4) AppleWebKit/537.36 (KHTML, like Gecko) Chrome/133.0.0.0 Safari/537.36"
74.7.242.11 - - [10/May/2026:18:37:09 +1000] "GET /wp-content/plugins/woo-gutenberg-products-block/build/all-reviews.css?ver=10.8.1 HTTP/2" 200 1619 "https://www.pgkdistribution.com.au/page/12/?s" "Mozilla/5.0 AppleWebKit/537.36 (KHTML, like Gecko; compatible; GPTBot/1.3; +https://openai.com/gptbot)"
74.7.242.11 - - [10/May/2026:18:37:11 +1000] "GET /wp-content/plugins/woo-gutenberg-products-block/build/customer-account.css?ver=10.8.1 HTTP/2" 200 319 "https://www.pgkdistribution.com.au/page/12/?s" "Mozilla/5.0 AppleWebKit/537.36 (KHTML, like Gecko; compatible; GPTBot/1.3; +https://openai.com/gptbot)"
74.7.242.11 - - [10/May/2026:18:37:12 +1000] "GET /wp-content/plugins/woo-gutenberg-products-block/build/product-reviews.css?ver=10.8.1 HTTP/2" 200 375 "https://www.pgkdistribution.com.au/page/12/?s" "Mozilla/5.0 AppleWebKit/537.36 (KHTML, like Gecko; compatible; GPTBot/1.3; +https://openai.com/gptbot)"
46.32.229.28 - - [10/May/2026:18:37:11 +1000] "GET /wp-login.php HTTP/2" 200 2507 "https://pgkdistribution.com.au/wp-login.php" "Mozilla/5.0 (Macintosh; Intel Mac OS X 14_7_4) AppleWebKit/537.36 (KHTML, like Gecko) Chrome/133.0.0.0 Safari/537.36"
46.32.229.28 - - [10/May/2026:18:37:14 +1000] "POST /wp-login.php HTTP/2" 301 795 "https://pgkdistribution.com.au/wp-login.php" "Mozilla/5.0 (Macintosh; Intel Mac OS X 14_7_4) AppleWebKit/537.36 (KHTML, like Gecko) Chrome/133.0.0.0 Safari/537.36"
74.7.242.11 - - [10/May/2026:18:37:13 +1000] "GET /?s HTTP/2" 200 32274 "https://www.pgkdistribution.com.au/page/12/?s" "Mozilla/5.0 AppleWebKit/537.36 (KHTML, like Gecko; compatible; GPTBot/1.3; +https://openai.com/gptbot)"
74.7.242.11 - - [10/May/2026:18:37:15 +1000] "GET /wp-content/uploads/2021/06/Cable-Tie-Steel-End-Data-Sheet.pdf HTTP/2" 200 413874 "https://pgkdistribution.com.au" "Mozilla/5.0 AppleWebKit/537.36 (KHTML, like Gecko; compatible; GPTBot/1.3; +https://openai.com/gptbot)"
74.7.242.11 - - [10/May/2026:18:37:17 +1000] "GET /wp-content/uploads/2021/06/Crimping-Tool-for-Non-insulated-Terminal.pdf HTTP/2" 200 411970 "https://pgkdistribution.com.au" "Mozilla/5.0 AppleWebKit/537.36 (KHTML, like Gecko; compatible; GPTBot/1.3; +https://openai.com/gptbot)"
46.32.229.28 - - [10/May/2026:18:37:16 +1000] "GET /wp-login.php HTTP/2" 200 2507 "https://pgkdistribution.com.au/wp-login.php" "Mozilla/5.0 (Macintosh; Intel Mac OS X 14_7_4) AppleWebKit/537.36 (KHTML, like Gecko) Chrome/133.0.0.0 Safari/537.36"
74.7.242.11 - - [10/May/2026:18:37:18 +1000] "GET /wp-content/uploads/2021/06/SE019C.pdf HTTP/2" 200 839270 "https://pgkdistribution.com.au" "Mozilla/5.0 AppleWebKit/537.36 (KHTML, like Gecko; compatible; GPTBot/1.3; +https://openai.com/gptbot)"
74.7.242.11 - - [10/May/2026:18:37:19 +1000] "GET /wp-content/uploads/2021/06/Cable-Glands-Data-Sheet.pdf HTTP/2" 200 436469 "https://pgkdistribution.com.au" "Mozilla/5.0 AppleWebKit/537.36 (KHTML, like Gecko; compatible; GPTBot/1.3; +https://openai.com/gptbot)"
74.7.242.11 - - [10/May/2026:18:37:19 +1000] "GET /wp-content/uploads/2022/05/Solar-PV-Label-Kit-Disconnection-Point.pdf HTTP/2" 200 893608 "https://pgkdistribution.com.au" "Mozilla/5.0 AppleWebKit/537.36 (KHTML, like Gecko; compatible; GPTBot/1.3; +https://openai.com/gptbot)"
74.7.242.11 - - [10/May/2026:18:37:20 +1000] "GET /wp-content/uploads/2023/02/MC4-Multi-Contact-Spanner.pdf HTTP/2" 200 370076 "https://pgkdistribution.com.au" "Mozilla/5.0 AppleWebKit/537.36 (KHTML, like Gecko; compatible; GPTBot/1.3; +https://openai.com/gptbot)"
111.67.29.221 - - [10/May/2026:18:37:23 +1000] "POST /wp-cron.php?doing_wp_cron=1778402243.0182349681854248046875 HTTP/1.1" 200 538 "-" "WordPress/6.9.4; https://www.pgkdistribution.com.au"
74.7.242.11 - - [10/May/2026:18:37:21 +1000] "GET /page/11/?s HTTP/2" 200 28931 "https://www.pgkdistribution.com.au/page/12/?s" "Mozilla/5.0 AppleWebKit/537.36 (KHTML, like Gecko; compatible; GPTBot/1.3; +https://openai.com/gptbot)"
74.7.242.11 - - [10/May/2026:18:37:23 +1000] "GET /page/17/?s HTTP/2" 200 27869 "https://www.pgkdistribution.com.au/page/12/?s" "Mozilla/5.0 AppleWebKit/537.36 (KHTML, like Gecko; compatible; GPTBot/1.3; +https://openai.com/gptbot)"
74.7.242.11 - - [10/May/2026:18:37:25 +1000] "GET /page/13/?s HTTP/2" 200 29119 "https://www.pgkdistribution.com.au/page/12/?s" "Mozilla/5.0 AppleWebKit/537.36 (KHTML, like Gecko; compatible; GPTBot/1.3; +https://openai.com/gptbot)"
74.7.242.11 - - [10/May/2026:18:37:28 +1000] "GET /wp-content/plugins/advanced-product-fields-for-woocommerce/assets/js/frontend.min.js?ver=1.6.6 HTTP/2" 200 2102 "https://www.pgkdistribution.com.au/page/12/?s" "Mozilla/5.0 AppleWebKit/537.36 (KHTML, like Gecko; compatible; GPTBot/1.3; +https://openai.com/gptbot)"
111.67.29.221 - - [10/May/2026:18:37:31 +1000] "POST /wp-cron.php?doing_wp_cron=1778402251.0016570091247558593750 HTTP/1.1" 200 538 "-" "WordPress/6.9.4; https://www.pgkdistribution.com.au"
74.7.242.11 - - [10/May/2026:18:37:28 +1000] "GET /page/2/?s HTTP/2" 200 28785 "https://www.pgkdistribution.com.au/?s" "Mozilla/5.0 AppleWebKit/537.36 (KHTML, like Gecko; compatible; GPTBot/1.3; +https://openai.com/gptbot)"
74.7.242.11 - - [10/May/2026:18:37:31 +1000] "GET /wp-content/plugins/tier-pricing-table/assets/frontend/product-tiered-pricing-table.min.js?ver=6.3.0 HTTP/2" 200 4713 "https://www.pgkdistribution.com.au/page/12/?s" "Mozilla/5.0 AppleWebKit/537.36 (KHTML, like Gecko; compatible; GPTBot/1.3; +https://openai.com/gptbot)"
74.7.242.11 - - [10/May/2026:18:37:31 +1000] "GET /search/feed/rss2/ HTTP/2" 200 1234 "https://www.pgkdistribution.com.au/page/12/?s" "Mozilla/5.0 AppleWebKit/537.36 (KHTML, like Gecko; compatible; GPTBot/1.3; +https://openai.com/gptbot)"
74.7.242.11 - - [10/May/2026:18:37:33 +1000] "GET /wp-content/plugins/mailchimp-for-woocommerce/public/js/mailchimp-woocommerce-public.min.js?ver=2.7.2.01 HTTP/2" 200 2143 "https://www.pgkdistribution.com.au/page/12/?s" "Mozilla/5.0 AppleWebKit/537.36 (KHTML, like Gecko; compatible; GPTBot/1.3; +https://openai.com/gptbot)"
74.7.242.11 - - [10/May/2026:18:37:34 +1000] "GET /wp-includes/js/wp-emoji-release.min.js?ver=6.7.2 HTTP/2" 200 4949 "https://www.pgkdistribution.com.au/page/12/?s" "Mozilla/5.0 AppleWebKit/537.36 (KHTML, like Gecko; compatible; GPTBot/1.3; +https://openai.com/gptbot)"
74.7.242.11 - - [10/May/2026:18:37:34 +1000] "GET /wp-content/themes/storefront/assets/js/footer.min.js?ver=3.9.1 HTTP/2" 200 326 "https://www.pgkdistribution.com.au/page/12/?s" "Mozilla/5.0 AppleWebKit/537.36 (KHTML, like Gecko; compatible; GPTBot/1.3; +https://openai.com/gptbot)"
74.7.242.11 - - [10/May/2026:18:37:35 +1000] "GET /wp-content/plugins/gutentor/assets/js/gutentor.js?ver=3.2.7 HTTP/2" 200 11561 "https://www.pgkdistribution.com.au/page/12/?s" "Mozilla/5.0 AppleWebKit/537.36 (KHTML, like Gecko; compatible; GPTBot/1.3; +https://openai.com/gptbot)"
74.7.242.11 - - [10/May/2026:18:37:35 +1000] "GET /page/10/?s HTTP/2" 200 28696 "https://www.pgkdistribution.com.au/page/11/?s" "Mozilla/5.0 AppleWebKit/537.36 (KHTML, like Gecko; compatible; GPTBot/1.3; +https://openai.com/gptbot)"
74.7.242.11 - - [10/May/2026:18:37:38 +1000] "GET /page/16/?s HTTP/2" 200 62203 "https://www.pgkdistribution.com.au/page/17/?s" "Mozilla/5.0 AppleWebKit/537.36 (KHTML, like Gecko; compatible; GPTBot/1.3; +https://openai.com/gptbot)"
74.7.242.11 - - [10/May/2026:18:37:43 +1000] "GET /page/14/?s HTTP/2" 200 29000 "https://www.pgkdistribution.com.au/page/13/?s" "Mozilla/5.0 AppleWebKit/537.36 (KHTML, like Gecko; compatible; GPTBot/1.3; +https://openai.com/gptbot)"
74.7.242.11 - - [10/May/2026:18:37:45 +1000] "GET /wp-content/themes/storefront/assets/js/navigation.min.js?ver=3.9.1 HTTP/2" 200 843 "https://www.pgkdistribution.com.au/page/12/?s" "Mozilla/5.0 AppleWebKit/537.36 (KHTML, like Gecko; compatible; GPTBot/1.3; +https://openai.com/gptbot)"
160.250.186.220 - wmxr4 [10/May/2026:18:37:48 +1000] "GET /wp-json/wp/v2/users/me HTTP/2" 301 795 "-" "Mozilla/5.0 (Macintosh; Intel Mac OS X 10_15_7) AppleWebKit/537.36 (KHTML, like Gecko) Chrome/133.0.0.0 Safari/537.36 Edg/133.0.0.0"
74.7.242.11 - - [10/May/2026:18:37:46 +1000] "GET /page/3/?s HTTP/2" 200 33679 "https://www.pgkdistribution.com.au/page/2/?s" "Mozilla/5.0 AppleWebKit/537.36 (KHTML, like Gecko; compatible; GPTBot/1.3; +https://openai.com/gptbot)"
74.7.242.11 - - [10/May/2026:18:37:49 +1000] "GET /wp-content/themes/storefront/assets/js/woocommerce/header-cart.min.js?ver=3.9.1 HTTP/2" 200 255 "https://www.pgkdistribution.com.au/page/12/?s" "Mozilla/5.0 AppleWebKit/537.36 (KHTML, like Gecko; compatible; GPTBot/1.3; +https://openai.com/gptbot)"
74.7.242.11 - - [10/May/2026:18:37:50 +1000] "GET /wp-content/plugins/contact-form-7/includes/js/index.js?ver=5.7.7 HTTP/2" 200 4008 "https://www.pgkdistribution.com.au/page/12/?s" "Mozilla/5.0 AppleWebKit/537.36 (KHTML, like Gecko; compatible; GPTBot/1.3; +https://openai.com/gptbot)"
74.7.242.11 - - [10/May/2026:18:37:50 +1000] "GET /wp-content/plugins/contact-form-7/modules/recaptcha/index.js?ver=5.7.7 HTTP/2" 200 417 "https://www.pgkdistribution.com.au/page/12/?s" "Mozilla/5.0 AppleWebKit/537.36 (KHTML, like Gecko; compatible; GPTBot/1.3; +https://openai.com/gptbot)"
74.7.242.11 - - [10/May/2026:18:37:51 +1000] "GET /wp-content/plugins/contact-form-7/includes/swv/js/index.js?ver=5.7.7 HTTP/2" 200 3369 "https://www.pgkdistribution.com.au/page/12/?s" "Mozilla/5.0 AppleWebKit/537.36 (KHTML, like Gecko; compatible; GPTBot/1.3; +https://openai.com/gptbot)"
74.7.242.11 - - [10/May/2026:18:37:51 +1000] "GET /wp-content/plugins/woo-gutenberg-products-block/build/product-add-to-cart.css?ver=10.8.1 HTTP/2" 200 1200 "https://www.pgkdistribution.com.au/page/12/?s" "Mozilla/5.0 AppleWebKit/537.36 (KHTML, like Gecko; compatible; GPTBot/1.3; +https://openai.com/gptbot)"
74.7.242.11 - - [10/May/2026:18:37:52 +1000] "GET /wp-content/plugins/woo-gutenberg-products-block/build/product-button.css?ver=10.8.1 HTTP/2" 200 742 "https://www.pgkdistribution.com.au/page/12/?s" "Mozilla/5.0 AppleWebKit/537.36 (KHTML, like Gecko; compatible; GPTBot/1.3; +https://openai.com/gptbot)"
160.250.186.220 - - [10/May/2026:18:37:50 +1000] "GET /wp-json/wp/v2/users/me HTTP/2" 401 102 "https://pgkdistribution.com.au/wp-json/wp/v2/users/me" "Mozilla/5.0 (Macintosh; Intel Mac OS X 10_15_7) AppleWebKit/537.36 (KHTML, like Gecko) Chrome/133.0.0.0 Safari/537.36 Edg/133.0.0.0"
74.7.242.11 - - [10/May/2026:18:37:52 +1000] "GET /page/9/?s HTTP/2" 200 28596 "https://www.pgkdistribution.com.au/page/10/?s" "Mozilla/5.0 AppleWebKit/537.36 (KHTML, like Gecko; compatible; GPTBot/1.3; +https://openai.com/gptbot)"
74.7.242.11 - - [10/May/2026:18:37:55 +1000] "GET /page/15/?s HTTP/2" 200 36959 "https://www.pgkdistribution.com.au/page/16/?s" "Mozilla/5.0 AppleWebKit/537.36 (KHTML, like Gecko; compatible; GPTBot/1.3; +https://openai.com/gptbot)"
74.7.242.11 - - [10/May/2026:18:37:58 +1000] "GET /wp-content/plugins/woo-gutenberg-products-block/build/product-rating.css?ver=10.8.1 HTTP/2" 200 193 "https://www.pgkdistribution.com.au/page/12/?s" "Mozilla/5.0 AppleWebKit/537.36 (KHTML, like Gecko; compatible; GPTBot/1.3; +https://openai.com/gptbot)"
74.7.242.11 - - [10/May/2026:18:37:58 +1000] "GET /wp-content/themes/storefront/style.css?ver=3.9.1 HTTP/2" 200 8134 "https://www.pgkdistribution.com.au/page/12/?s" "Mozilla/5.0 AppleWebKit/537.36 (KHTML, like Gecko; compatible; GPTBot/1.3; +https://openai.com/gptbot)"
74.7.242.11 - - [10/May/2026:18:37:59 +1000] "GET /page/4/?s HTTP/2" 200 29074 "https://www.pgkdistribution.com.au/page/3/?s" "Mozilla/5.0 AppleWebKit/537.36 (KHTML, like Gecko; compatible; GPTBot/1.3; +https://openai.com/gptbot)"
74.7.242.11 - - [10/May/2026:18:38:02 +1000] "GET /wp-content/plugins/woo-gutenberg-products-block/build/product-sku.css?ver=10.8.1 HTTP/2" 200 210 "https://www.pgkdistribution.com.au/page/12/?s" "Mozilla/5.0 AppleWebKit/537.36 (KHTML, like Gecko; compatible; GPTBot/1.3; +https://openai.com/gptbot)"
74.7.242.11 - - [10/May/2026:18:38:03 +1000] "GET /wp-content/plugins/woo-gutenberg-products-block/build/product-title.css?ver=10.8.1 HTTP/2" 200 574 "https://www.pgkdistribution.com.au/page/12/?s" "Mozilla/5.0 AppleWebKit/537.36 (KHTML, like Gecko; compatible; GPTBot/1.3; +https://openai.com/gptbot)"
74.7.242.11 - - [10/May/2026:18:38:03 +1000] "GET /wp-content/plugins/woo-gutenberg-products-block/build/reviews-by-product.css?ver=10.8.1 HTTP/2" 200 1619 "https://www.pgkdistribution.com.au/page/12/?s" "Mozilla/5.0 AppleWebKit/537.36 (KHTML, like Gecko; compatible; GPTBot/1.3; +https://openai.com/gptbot)"
74.7.242.11 - - [10/May/2026:18:38:04 +1000] "GET /wp-content/plugins/woo-gutenberg-products-block/build/product-sale-badge.css?ver=10.8.1 HTTP/2" 200 300 "https://www.pgkdistribution.com.au/page/12/?s" "Mozilla/5.0 AppleWebKit/537.36 (KHTML, like Gecko; compatible; GPTBot/1.3; +https://openai.com/gptbot)"
74.7.242.11 - - [10/May/2026:18:38:04 +1000] "GET /wp-content/plugins/woo-gutenberg-products-block/build/product-results-count.css?ver=10.8.1 HTTP/2" 200 192 "https://www.pgkdistribution.com.au/page/12/?s" "Mozilla/5.0 AppleWebKit/537.36 (KHTML, like Gecko; compatible; GPTBot/1.3; +https://openai.com/gptbot)"
74.7.242.11 - - [10/May/2026:18:38:05 +1000] "GET /wp-content/plugins/woo-gutenberg-products-block/build/product-query.css?ver=10.8.1 HTTP/2" 200 287 "https://www.pgkdistribution.com.au/page/12/?s" "Mozilla/5.0 AppleWebKit/537.36 (KHTML, like Gecko; compatible; GPTBot/1.3; +https://openai.com/gptbot)"
74.7.242.11 - - [10/May/2026:18:38:06 +1000] "GET /wp-content/plugins/woo-gutenberg-products-block/build/product-image.css?ver=10.8.1 HTTP/2" 200 793 "https://www.pgkdistribution.com.au/page/12/?s" "Mozilla/5.0 AppleWebKit/537.36 (KHTML, like Gecko; compatible; GPTBot/1.3; +https://openai.com/gptbot)"
74.7.242.11 - - [10/May/2026:18:38:06 +1000] "GET /wp-content/plugins/woo-gutenberg-products-block/build/product-stock-indicator.css?ver=10.8.1 HTTP/2" 200 199 "https://www.pgkdistribution.com.au/page/12/?s" "Mozilla/5.0 AppleWebKit/537.36 (KHTML, like Gecko; compatible; GPTBot/1.3; +https://openai.com/gptbot)"
74.7.242.11 - - [10/May/2026:18:38:07 +1000] "GET /page/8/?s HTTP/2" 200 49108 "https://www.pgkdistribution.com.au/page/9/?s" "Mozilla/5.0 AppleWebKit/537.36 (KHTML, like Gecko; compatible; GPTBot/1.3; +https://openai.com/gptbot)"
74.7.242.11 - - [10/May/2026:18:38:11 +1000] "GET /wp-content/plugins/woo-gutenberg-products-block/build/product-details.css?ver=10.8.1 HTTP/2" 200 324 "https://www.pgkdistribution.com.au/page/12/?s" "Mozilla/5.0 AppleWebKit/537.36 (KHTML, like Gecko; compatible; GPTBot/1.3; +https://openai.com/gptbot)"
74.7.242.11 - - [10/May/2026:18:38:12 +1000] "GET /wp-content/plugins/woo-gutenberg-products-block/build/featured-product.css?ver=10.8.1 HTTP/2" 200 894 "https://www.pgkdistribution.com.au/page/12/?s" "Mozilla/5.0 AppleWebKit/537.36 (KHTML, like Gecko; compatible; GPTBot/1.3; +https://openai.com/gptbot)"
74.7.242.11 - - [10/May/2026:18:38:12 +1000] "GET /wp-content/plugins/woo-gutenberg-products-block/build/product-summary.css?ver=10.8.1 HTTP/2" 200 452 "https://www.pgkdistribution.com.au/page/12/?s" "Mozilla/5.0 AppleWebKit/537.36 (KHTML, like Gecko; compatible; GPTBot/1.3; +https://openai.com/gptbot)"
74.7.242.11 - - [10/May/2026:18:38:12 +1000] "GET /wp-content/plugins/woo-gutenberg-products-block/build/product-search.css?ver=10.8.1 HTTP/2" 200 344 "https://www.pgkdistribution.com.au/page/12/?s" "Mozilla/5.0 AppleWebKit/537.36 (KHTML, like Gecko; compatible; GPTBot/1.3; +https://openai.com/gptbot)"
20.0.53.108 - - [10/May/2026:18:38:11 +1000] "GET /ac-isolators/ HTTP/2" 200 30815 "-" "Mozilla/5.0 AppleWebKit/537.36 (KHTML, like Gecko); compatible; ChatGPT-User/1.0; +https://openai.com/bot"
74.7.242.11 - - [10/May/2026:18:38:13 +1000] "GET /page/5/?s HTTP/2" 200 28746 "https://www.pgkdistribution.com.au/page/4/?s" "Mozilla/5.0 AppleWebKit/537.36 (KHTML, like Gecko; compatible; GPTBot/1.3; +https://openai.com/gptbot)"
74.7.242.11 - - [10/May/2026:18:38:16 +1000] "GET /wp-content/plugins/woo-gutenberg-products-block/build/checkout.css?ver=10.8.1 HTTP/2" 200 8689 "https://www.pgkdistribution.com.au/page/12/?s" "Mozilla/5.0 AppleWebKit/537.36 (KHTML, like Gecko; compatible; GPTBot/1.3; +https://openai.com/gptbot)"
74.7.242.11 - - [10/May/2026:18:38:17 +1000] "GET /wp-content/plugins/woo-gutenberg-products-block/build/product-image-gallery.css?ver=10.8.1 HTTP/2" 200 254 "https://www.pgkdistribution.com.au/page/12/?s" "Mozilla/5.0 AppleWebKit/537.36 (KHTML, like Gecko; compatible; GPTBot/1.3; +https://openai.com/gptbot)"
74.7.242.11 - - [10/May/2026:18:38:17 +1000] "GET /wp-content/plugins/woo-gutenberg-products-block/build/wc-blocks.css?ver=10.8.1 HTTP/2" 200 2252 "https://www.pgkdistribution.com.au/page/12/?s" "Mozilla/5.0 AppleWebKit/537.36 (KHTML, like Gecko; compatible; GPTBot/1.3; +https://openai.com/gptbot)"
74.7.242.11 - - [10/May/2026:18:38:18 +1000] "GET /wp-content/plugins/woo-gutenberg-products-block/build/all-products.css?ver=10.8.1 HTTP/2" 200 3897 "https://www.pgkdistribution.com.au/page/12/?s" "Mozilla/5.0 AppleWebKit/537.36 (KHTML, like Gecko; compatible; GPTBot/1.3; +https://openai.com/gptbot)"
74.7.242.11 - - [10/May/2026:18:38:18 +1000] "GET /wp-content/plugins/woo-gutenberg-products-block/build/packages-style.css?ver=10.8.1 HTTP/2" 200 3307 "https://www.pgkdistribution.com.au/page/12/?s" "Mozilla/5.0 AppleWebKit/537.36 (KHTML, like Gecko; compatible; GPTBot/1.3; +https://openai.com/gptbot)"
111.67.29.221 - - [10/May/2026:18:38:23 +1000] "POST /wp-cron.php?doing_wp_cron=1778402303.4884920120239257812500 HTTP/1.1" 200 538 "-" "WordPress/6.9.4; https://www.pgkdistribution.com.au"
74.7.242.11 - - [10/May/2026:18:38:19 +1000] "GET /page/7/?s HTTP/2" 200 52256 "https://www.pgkdistribution.com.au/page/8/?s" "Mozilla/5.0 AppleWebKit/537.36 (KHTML, like Gecko; compatible; GPTBot/1.3; +https://openai.com/gptbot)"
74.7.242.11 - - [10/May/2026:18:38:24 +1000] "GET /wp-content/plugins/woo-gutenberg-products-block/build/active-filters.css?ver=10.8.1 HTTP/2" 200 1791 "https://www.pgkdistribution.com.au/page/12/?s" "Mozilla/5.0 AppleWebKit/537.36 (KHTML, like Gecko; compatible; GPTBot/1.3; +https://openai.com/gptbot)"
74.7.242.11 - - [10/May/2026:18:38:24 +1000] "GET /wp-content/plugins/woo-gutenberg-products-block/build/mini-cart.css?ver=10.8.1 HTTP/2" 200 2343 "https://www.pgkdistribution.com.au/page/12/?s" "Mozilla/5.0 AppleWebKit/537.36 (KHTML, like Gecko; compatible; GPTBot/1.3; +https://openai.com/gptbot)"
74.7.242.11 - - [10/May/2026:18:38:25 +1000] "GET /wp-content/plugins/woo-gutenberg-products-block/build/breadcrumbs.css?ver=10.8.1 HTTP/2" 200 190 "https://www.pgkdistribution.com.au/page/12/?s" "Mozilla/5.0 AppleWebKit/537.36 (KHTML, like Gecko; compatible; GPTBot/1.3; +https://openai.com/gptbot)"
74.7.242.11 - - [10/May/2026:18:38:25 +1000] "GET /wp-content/plugins/woo-gutenberg-products-block/build/catalog-sorting.css?ver=10.8.1 HTTP/2" 200 219 "https://www.pgkdistribution.com.au/page/12/?s" "Mozilla/5.0 AppleWebKit/537.36 (KHTML, like Gecko; compatible; GPTBot/1.3; +https://openai.com/gptbot)"
74.7.242.11 - - [10/May/2026:18:38:26 +1000] "GET /page/6/?s HTTP/2" 200 33369 "https://www.pgkdistribution.com.au/page/5/?s" "Mozilla/5.0 AppleWebKit/537.36 (KHTML, like Gecko; compatible; GPTBot/1.3; +https://openai.com/gptbot)"
74.7.242.11 - - [10/May/2026:18:38:29 +1000] "GET /wp-content/plugins/woo-gutenberg-products-block/build/mini-cart-contents.css?ver=10.8.1 HTTP/2" 200 2442 "https://www.pgkdistribution.com.au/page/12/?s" "Mozilla/5.0 AppleWebKit/537.36 (KHTML, like Gecko; compatible; GPTBot/1.3; +https://openai.com/gptbot)"
74.7.242.11 - - [10/May/2026:18:38:29 +1000] "GET /wp-content/plugins/woo-gutenberg-products-block/build/add-to-cart-form.css?ver=10.8.1 HTTP/2" 200 303 "https://www.pgkdistribution.com.au/page/12/?s" "Mozilla/5.0 AppleWebKit/537.36 (KHTML, like Gecko; compatible; GPTBot/1.3; +https://openai.com/gptbot)"
