31.57.184.104 - - [10/May/2026:16:39:52 +1000] "GET /wp-admin/index.php HTTP/1.1" 302 589 "https://pgkdistribution.com.au/wp-login.php" "Mozilla/5.0 (Macintosh; Intel Mac OS X 13_6_1) AppleWebKit/605.1.15 (KHTML, like Gecko) Version/17.1 Safari/605.1.15"
31.57.184.104 - - [10/May/2026:16:39:54 +1000] "GET /wp-login.php?redirect_to=https%3A%2F%2Fwww.pgkdistribution.com.au%2Fwp-admin%2Findex.php&reauth=1 HTTP/1.1" 200 5387 "https://pgkdistribution.com.au/wp-login.php" "Mozilla/5.0 (Macintosh; Intel Mac OS X 13_6_1) AppleWebKit/605.1.15 (KHTML, like Gecko) Version/17.1 Safari/605.1.15"
31.57.184.104 - - [10/May/2026:16:39:57 +1000] "POST /wp-login.php HTTP/1.1" 301 1312 "https://pgkdistribution.com.au/wp-login.php" "Mozilla/5.0 (Macintosh; Intel Mac OS X 10_15_7) AppleWebKit/537.36 (KHTML, like Gecko) Chrome/121.0.0.0 Safari/537.36"
31.57.184.104 - - [10/May/2026:16:39:57 +1000] "GET /wp-admin/index.php HTTP/1.1" 301 1140 "https://pgkdistribution.com.au/wp-login.php" "Mozilla/5.0 (Macintosh; Intel Mac OS X 13_6_1; rv:121.0) Gecko/20100101 Firefox/121.0"
139.59.3.17 - - [10/May/2026:16:39:56 +1000] "GET /wp-login.php HTTP/2" 200 2507 "-" "Mozilla/5.0 (Macintosh; Intel Mac OS X 10_15_7) AppleWebKit/537.36 (KHTML, like Gecko) Chrome/133.0.0.0 Safari/537.36 Edg/133.0.0.0"
31.57.184.104 - - [10/May/2026:16:39:57 +1000] "GET /wp-admin/index.php HTTP/1.1" 302 589 "https://pgkdistribution.com.au/wp-login.php" "Mozilla/5.0 (Macintosh; Intel Mac OS X 13_6_1; rv:121.0) Gecko/20100101 Firefox/121.0"
139.59.3.17 - - [10/May/2026:16:39:58 +1000] "POST /wp-login.php HTTP/2" 200 2659 "https://www.pgkdistribution.com.au/wp-login.php" "Mozilla/5.0 (Macintosh; Intel Mac OS X 10_15_7) AppleWebKit/537.36 (KHTML, like Gecko) Chrome/133.0.0.0 Safari/537.36 Edg/133.0.0.0"
31.57.184.104 - - [10/May/2026:16:39:59 +1000] "GET /wp-login.php?redirect_to=https%3A%2F%2Fwww.pgkdistribution.com.au%2Fwp-admin%2Findex.php&reauth=1 HTTP/1.1" 200 5387 "https://pgkdistribution.com.au/wp-login.php" "Mozilla/5.0 (Macintosh; Intel Mac OS X 13_6_1; rv:121.0) Gecko/20100101 Firefox/121.0"
31.57.184.104 - - [10/May/2026:16:40:02 +1000] "POST /wp-login.php HTTP/1.1" 301 1312 "https://pgkdistribution.com.au/wp-login.php" "Mozilla/5.0 (Macintosh; Intel Mac OS X 13_6_1) AppleWebKit/537.36 (KHTML, like Gecko) Chrome/118.0.0.0 Safari/537.36"
31.57.184.104 - - [10/May/2026:16:40:02 +1000] "GET /wp-admin/index.php HTTP/1.1" 301 1140 "https://pgkdistribution.com.au/wp-login.php" "Mozilla/5.0 (Windows NT 10.0; Win64; x64; rv:119.0) Gecko/20100101 Firefox/119.0"
114.119.157.37 - - [10/May/2026:16:40:04 +1000] "GET /product-category/air-conditioning/air-conditioner/ HTTP/1.1" 301 1313 "https://pgkdistribution.com.au/product/7-1kw-reverse-cycle-split-system/" "Mozilla/5.0 (Linux; Android 7.0;) AppleWebKit/537.36 (KHTML, like Gecko) Mobile Safari/537.36 (compatible; PetalBot;+https://webmaster.petalsearch.com/site/petalbot)"
31.57.184.104 - - [10/May/2026:16:40:02 +1000] "GET /wp-admin/index.php HTTP/1.1" 302 589 "https://pgkdistribution.com.au/wp-login.php" "Mozilla/5.0 (Windows NT 10.0; Win64; x64; rv:119.0) Gecko/20100101 Firefox/119.0"
31.57.184.104 - - [10/May/2026:16:40:05 +1000] "GET /wp-login.php?redirect_to=https%3A%2F%2Fwww.pgkdistribution.com.au%2Fwp-admin%2Findex.php&reauth=1 HTTP/1.1" 200 5387 "https://pgkdistribution.com.au/wp-login.php" "Mozilla/5.0 (Windows NT 10.0; Win64; x64; rv:119.0) Gecko/20100101 Firefox/119.0"
114.119.157.37 - - [10/May/2026:16:40:07 +1000] "GET /product-category/air-conditioning/air-conditioner/ HTTP/1.1" 200 29487 "https://pgkdistribution.com.au/product/7-1kw-reverse-cycle-split-system/" "Mozilla/5.0 (Linux; Android 7.0;) AppleWebKit/537.36 (KHTML, like Gecko) Mobile Safari/537.36 (compatible; PetalBot;+https://webmaster.petalsearch.com/site/petalbot)"
31.57.184.104 - - [10/May/2026:16:40:10 +1000] "POST /wp-login.php HTTP/1.1" 301 1312 "https://pgkdistribution.com.au/wp-login.php" "Mozilla/5.0 (Windows NT 11.0; Win64; x64) AppleWebKit/537.36 (KHTML, like Gecko) Chrome/119.0.0.0 Safari/537.36"
31.57.184.104 - - [10/May/2026:16:40:10 +1000] "GET /wp-admin/index.php HTTP/1.1" 301 1140 "https://pgkdistribution.com.au/wp-login.php" "Mozilla/5.0 (X11; Linux x86_64) AppleWebKit/537.36 (KHTML, like Gecko) Chrome/121.0.0.0 Safari/537.36"
31.57.184.104 - - [10/May/2026:16:40:10 +1000] "GET /wp-admin/index.php HTTP/1.1" 302 589 "https://pgkdistribution.com.au/wp-login.php" "Mozilla/5.0 (X11; Linux x86_64) AppleWebKit/537.36 (KHTML, like Gecko) Chrome/121.0.0.0 Safari/537.36"
31.57.184.104 - - [10/May/2026:16:40:13 +1000] "GET /wp-login.php?redirect_to=https%3A%2F%2Fwww.pgkdistribution.com.au%2Fwp-admin%2Findex.php&reauth=1 HTTP/1.1" 200 5387 "https://pgkdistribution.com.au/wp-login.php" "Mozilla/5.0 (X11; Linux x86_64) AppleWebKit/537.36 (KHTML, like Gecko) Chrome/121.0.0.0 Safari/537.36"
31.57.184.104 - - [10/May/2026:16:40:15 +1000] "POST /wp-login.php HTTP/1.1" 301 1312 "https://pgkdistribution.com.au/wp-login.php" "Mozilla/5.0 (Macintosh; Intel Mac OS X 13_6_1) AppleWebKit/605.1.15 (KHTML, like Gecko) Version/17.2 Safari/605.1.15"
31.57.184.104 - - [10/May/2026:16:40:16 +1000] "GET /wp-admin/index.php HTTP/1.1" 301 1140 "https://pgkdistribution.com.au/wp-login.php" "Mozilla/5.0 (Macintosh; Intel Mac OS X 13_6_1) AppleWebKit/605.1.15 (KHTML, like Gecko) Version/17.0 Safari/605.1.15"
111.67.29.221 - - [10/May/2026:16:40:18 +1000] "POST /wp-cron.php?doing_wp_cron=1778395218.4012300968170166015625 HTTP/1.1" 200 538 "-" "WordPress/6.9.4; https://www.pgkdistribution.com.au"
31.57.184.104 - - [10/May/2026:16:40:16 +1000] "GET /wp-admin/index.php HTTP/1.1" 302 589 "https://pgkdistribution.com.au/wp-login.php" "Mozilla/5.0 (Macintosh; Intel Mac OS X 13_6_1) AppleWebKit/605.1.15 (KHTML, like Gecko) Version/17.0 Safari/605.1.15"
31.57.184.104 - - [10/May/2026:16:40:18 +1000] "GET /wp-login.php?redirect_to=https%3A%2F%2Fwww.pgkdistribution.com.au%2Fwp-admin%2Findex.php&reauth=1 HTTP/1.1" 200 5387 "https://pgkdistribution.com.au/wp-login.php" "Mozilla/5.0 (Macintosh; Intel Mac OS X 13_6_1) AppleWebKit/605.1.15 (KHTML, like Gecko) Version/17.0 Safari/605.1.15"
31.57.184.104 - - [10/May/2026:16:40:21 +1000] "POST /wp-login.php HTTP/1.1" 301 1275 "https://pgkdistribution.com.au/wp-login.php" "Mozilla/5.0 (Windows NT 11.0; Win64; x64) AppleWebKit/537.36 (KHTML, like Gecko) Chrome/121.0.0.0 Safari/537.36"
31.57.184.104 - - [10/May/2026:16:40:22 +1000] "GET /wp-admin/index.php HTTP/1.1" 301 1318 "https://pgkdistribution.com.au/wp-login.php" "Mozilla/5.0 (Macintosh; Intel Mac OS X 13_6_1) AppleWebKit/605.1.15 (KHTML, like Gecko) Version/17.1 Safari/605.1.15"
31.57.184.104 - - [10/May/2026:16:40:22 +1000] "GET /wp-admin/index.php HTTP/1.1" 302 589 "https://pgkdistribution.com.au/wp-login.php" "Mozilla/5.0 (Macintosh; Intel Mac OS X 13_6_1) AppleWebKit/605.1.15 (KHTML, like Gecko) Version/17.1 Safari/605.1.15"
31.57.184.104 - - [10/May/2026:16:40:25 +1000] "GET /wp-login.php?redirect_to=https%3A%2F%2Fwww.pgkdistribution.com.au%2Fwp-admin%2Findex.php&reauth=1 HTTP/1.1" 200 5387 "https://pgkdistribution.com.au/wp-login.php" "Mozilla/5.0 (Macintosh; Intel Mac OS X 13_6_1) AppleWebKit/605.1.15 (KHTML, like Gecko) Version/17.1 Safari/605.1.15"
31.57.184.104 - - [10/May/2026:16:40:28 +1000] "POST /wp-login.php HTTP/1.1" 301 1312 "https://pgkdistribution.com.au/wp-login.php" "Mozilla/5.0 (Macintosh; Intel Mac OS X 13_6_1) AppleWebKit/605.1.15 (KHTML, like Gecko) Version/17.1 Safari/605.1.15"
31.57.184.104 - - [10/May/2026:16:40:28 +1000] "GET /wp-admin/index.php HTTP/1.1" 301 1140 "https://pgkdistribution.com.au/wp-login.php" "Mozilla/5.0 (Windows NT 10.0; Win64; x64; rv:118.0) Gecko/20100101 Firefox/118.0"
31.57.184.104 - - [10/May/2026:16:40:28 +1000] "GET /wp-admin/index.php HTTP/1.1" 302 589 "https://pgkdistribution.com.au/wp-login.php" "Mozilla/5.0 (Windows NT 10.0; Win64; x64; rv:118.0) Gecko/20100101 Firefox/118.0"
31.57.184.104 - - [10/May/2026:16:40:31 +1000] "GET /wp-login.php?redirect_to=https%3A%2F%2Fwww.pgkdistribution.com.au%2Fwp-admin%2Findex.php&reauth=1 HTTP/1.1" 200 5387 "https://pgkdistribution.com.au/wp-login.php" "Mozilla/5.0 (Windows NT 10.0; Win64; x64; rv:118.0) Gecko/20100101 Firefox/118.0"
31.57.184.104 - - [10/May/2026:16:40:34 +1000] "POST /wp-login.php HTTP/1.1" 301 1312 "https://pgkdistribution.com.au/wp-login.php" "Mozilla/5.0 (Windows NT 11.0; Win64; x64) AppleWebKit/537.36 (KHTML, like Gecko) Chrome/119.0.0.0 Safari/537.36"
31.57.184.104 - - [10/May/2026:16:40:34 +1000] "GET /wp-admin/index.php HTTP/1.1" 301 1140 "https://pgkdistribution.com.au/wp-login.php" "Mozilla/5.0 (Windows NT 11.0; Win64; x64; rv:120.0) Gecko/20100101 Firefox/120.0"
31.57.184.104 - - [10/May/2026:16:40:34 +1000] "GET /wp-admin/index.php HTTP/1.1" 302 589 "https://pgkdistribution.com.au/wp-login.php" "Mozilla/5.0 (Windows NT 11.0; Win64; x64; rv:120.0) Gecko/20100101 Firefox/120.0"
31.57.184.104 - - [10/May/2026:16:40:36 +1000] "GET /wp-login.php?redirect_to=https%3A%2F%2Fwww.pgkdistribution.com.au%2Fwp-admin%2Findex.php&reauth=1 HTTP/1.1" 200 5387 "https://pgkdistribution.com.au/wp-login.php" "Mozilla/5.0 (Windows NT 11.0; Win64; x64; rv:120.0) Gecko/20100101 Firefox/120.0"
31.57.184.104 - - [10/May/2026:16:40:39 +1000] "POST /wp-login.php HTTP/1.1" 301 1312 "https://pgkdistribution.com.au/wp-login.php" "Mozilla/5.0 (X11; Ubuntu; Linux x86_64) AppleWebKit/537.36 (KHTML, like Gecko) Chrome/118.0.0.0 Safari/537.36"
31.57.184.104 - - [10/May/2026:16:40:39 +1000] "GET /wp-admin/index.php HTTP/1.1" 301 1140 "https://pgkdistribution.com.au/wp-login.php" "Mozilla/5.0 (X11; Ubuntu; Linux x86_64) AppleWebKit/537.36 (KHTML, like Gecko) Chrome/120.0.0.0 Safari/537.36"
31.57.184.104 - - [10/May/2026:16:40:40 +1000] "GET /wp-admin/index.php HTTP/1.1" 302 589 "https://pgkdistribution.com.au/wp-login.php" "Mozilla/5.0 (X11; Ubuntu; Linux x86_64) AppleWebKit/537.36 (KHTML, like Gecko) Chrome/120.0.0.0 Safari/537.36"
31.57.184.104 - - [10/May/2026:16:40:42 +1000] "GET /wp-login.php?redirect_to=https%3A%2F%2Fwww.pgkdistribution.com.au%2Fwp-admin%2Findex.php&reauth=1 HTTP/1.1" 200 5387 "https://pgkdistribution.com.au/wp-login.php" "Mozilla/5.0 (X11; Ubuntu; Linux x86_64) AppleWebKit/537.36 (KHTML, like Gecko) Chrome/120.0.0.0 Safari/537.36"
31.57.184.104 - - [10/May/2026:16:40:44 +1000] "POST /wp-login.php HTTP/1.1" 301 1312 "https://pgkdistribution.com.au/wp-login.php" "Mozilla/5.0 (X11; Ubuntu; Linux x86_64) AppleWebKit/537.36 (KHTML, like Gecko) Chrome/120.0.0.0 Safari/537.36"
31.57.184.104 - - [10/May/2026:16:40:45 +1000] "GET /wp-admin/index.php HTTP/1.1" 301 1140 "https://pgkdistribution.com.au/wp-login.php" "Mozilla/5.0 (Macintosh; Intel Mac OS X 10_15_7) AppleWebKit/537.36 (KHTML, like Gecko) Chrome/120.0.0.0 Safari/537.36"
66.249.70.172 - - [10/May/2026:16:40:43 +1000] "GET /product/end-clamp-35mm-black/ HTTP/1.1" 200 35995 "-" "Mozilla/5.0 (Linux; Android 6.0.1; Nexus 5X Build/MMB29P) AppleWebKit/537.36 (KHTML, like Gecko) Chrome/147.0.7727.137 Mobile Safari/537.36 (compatible; Googlebot/2.1; +http://www.google.com/bot.html)"
31.57.184.104 - - [10/May/2026:16:40:45 +1000] "GET /wp-admin/index.php HTTP/1.1" 302 589 "https://pgkdistribution.com.au/wp-login.php" "Mozilla/5.0 (Macintosh; Intel Mac OS X 10_15_7) AppleWebKit/537.36 (KHTML, like Gecko) Chrome/120.0.0.0 Safari/537.36"
31.57.184.104 - - [10/May/2026:16:40:47 +1000] "GET /wp-login.php?redirect_to=https%3A%2F%2Fwww.pgkdistribution.com.au%2Fwp-admin%2Findex.php&reauth=1 HTTP/1.1" 200 5387 "https://pgkdistribution.com.au/wp-login.php" "Mozilla/5.0 (Macintosh; Intel Mac OS X 10_15_7) AppleWebKit/537.36 (KHTML, like Gecko) Chrome/120.0.0.0 Safari/537.36"
31.57.184.104 - - [10/May/2026:16:40:50 +1000] "POST /wp-login.php HTTP/1.1" 301 1312 "https://pgkdistribution.com.au/wp-login.php" "Mozilla/5.0 (Macintosh; Intel Mac OS X 13_6_1; rv:121.0) Gecko/20100101 Firefox/121.0"
31.57.184.104 - - [10/May/2026:16:40:50 +1000] "GET /wp-admin/index.php HTTP/1.1" 301 1140 "https://pgkdistribution.com.au/wp-login.php" "Mozilla/5.0 (Windows NT 10.0; Win64; x64) AppleWebKit/537.36 (KHTML, like Gecko) Chrome/121.0.0.0 Safari/537.36"
78.142.18.172 - - [10/May/2026:16:40:51 +1000] "GET /wp-login.php HTTP/2" 301 795 "-" "Mozilla/5.0 (Windows NT 10.0; Win64; x64) AppleWebKit/537.36 (KHTML, like Gecko) Chrome/133.0.0.0 Safari/537.36"
31.57.184.104 - - [10/May/2026:16:40:50 +1000] "GET /wp-admin/index.php HTTP/1.1" 302 589 "https://pgkdistribution.com.au/wp-login.php" "Mozilla/5.0 (Windows NT 10.0; Win64; x64) AppleWebKit/537.36 (KHTML, like Gecko) Chrome/121.0.0.0 Safari/537.36"
78.142.18.172 - - [10/May/2026:16:40:52 +1000] "GET /wp-login.php HTTP/2" 200 2507 "https://pgkdistribution.com.au/wp-login.php" "Mozilla/5.0 (Windows NT 10.0; Win64; x64) AppleWebKit/537.36 (KHTML, like Gecko) Chrome/133.0.0.0 Safari/537.36"
78.142.18.172 - - [10/May/2026:16:40:55 +1000] "POST /wp-login.php HTTP/2" 301 795 "https://pgkdistribution.com.au/wp-login.php" "Mozilla/5.0 (Windows NT 10.0; Win64; x64) AppleWebKit/537.36 (KHTML, like Gecko) Chrome/133.0.0.0 Safari/537.36"
31.57.184.104 - - [10/May/2026:16:40:53 +1000] "GET /wp-login.php?redirect_to=https%3A%2F%2Fwww.pgkdistribution.com.au%2Fwp-admin%2Findex.php&reauth=1 HTTP/1.1" 200 5387 "https://pgkdistribution.com.au/wp-login.php" "Mozilla/5.0 (Windows NT 10.0; Win64; x64) AppleWebKit/537.36 (KHTML, like Gecko) Chrome/121.0.0.0 Safari/537.36"
31.57.184.104 - - [10/May/2026:16:40:56 +1000] "POST /wp-login.php HTTP/1.1" 301 1312 "https://pgkdistribution.com.au/wp-login.php" "Mozilla/5.0 (Macintosh; Intel Mac OS X 13_6_1) AppleWebKit/605.1.15 (KHTML, like Gecko) Version/16.6 Safari/605.1.15"
31.57.184.104 - - [10/May/2026:16:40:56 +1000] "GET /wp-admin/index.php HTTP/1.1" 301 1140 "https://pgkdistribution.com.au/wp-login.php" "Mozilla/5.0 (Macintosh; Intel Mac OS X 13_6_1) AppleWebKit/605.1.15 (KHTML, like Gecko) Version/17.2 Safari/605.1.15"
78.142.18.172 - - [10/May/2026:16:40:55 +1000] "GET /wp-login.php HTTP/2" 200 2507 "https://pgkdistribution.com.au/wp-login.php" "Mozilla/5.0 (Windows NT 10.0; Win64; x64) AppleWebKit/537.36 (KHTML, like Gecko) Chrome/133.0.0.0 Safari/537.36"
31.57.184.104 - - [10/May/2026:16:40:56 +1000] "GET /wp-admin/index.php HTTP/1.1" 302 589 "https://pgkdistribution.com.au/wp-login.php" "Mozilla/5.0 (Macintosh; Intel Mac OS X 13_6_1) AppleWebKit/605.1.15 (KHTML, like Gecko) Version/17.2 Safari/605.1.15"
31.57.184.104 - - [10/May/2026:16:40:59 +1000] "GET /wp-login.php?redirect_to=https%3A%2F%2Fwww.pgkdistribution.com.au%2Fwp-admin%2Findex.php&reauth=1 HTTP/1.1" 200 5387 "https://pgkdistribution.com.au/wp-login.php" "Mozilla/5.0 (Macintosh; Intel Mac OS X 13_6_1) AppleWebKit/605.1.15 (KHTML, like Gecko) Version/17.2 Safari/605.1.15"
31.57.184.104 - - [10/May/2026:16:41:01 +1000] "POST /wp-login.php HTTP/1.1" 301 1312 "https://pgkdistribution.com.au/wp-login.php" "Mozilla/5.0 (Windows NT 10.0; Win64; x64) AppleWebKit/537.36 (KHTML, like Gecko) Chrome/119.0.0.0 Safari/537.36"
31.57.184.104 - - [10/May/2026:16:41:02 +1000] "GET /wp-admin/index.php HTTP/1.1" 301 1140 "https://pgkdistribution.com.au/wp-login.php" "Mozilla/5.0 (Windows NT 10.0; Win64; x64) AppleWebKit/537.36 (KHTML, like Gecko) Chrome/118.0.0.0 Safari/537.36"
66.249.70.172 - - [10/May/2026:16:40:50 +1000] "POST /wp-admin/admin-ajax.php HTTP/1.1" 200 0 "https://www.pgkdistribution.com.au/product/end-clamp-35mm-black/" "Mozilla/5.0 (Linux; Android 6.0.1; Nexus 5X Build/MMB29P) AppleWebKit/537.36 (KHTML, like Gecko) Chrome/147.0.7727.137 Mobile Safari/537.36 (compatible; Googlebot/2.1; +http://www.google.com/bot.html)"
31.57.184.104 - - [10/May/2026:16:41:02 +1000] "GET /wp-admin/index.php HTTP/1.1" 302 589 "https://pgkdistribution.com.au/wp-login.php" "Mozilla/5.0 (Windows NT 10.0; Win64; x64) AppleWebKit/537.36 (KHTML, like Gecko) Chrome/118.0.0.0 Safari/537.36"
31.57.184.104 - - [10/May/2026:16:41:04 +1000] "GET /wp-login.php?redirect_to=https%3A%2F%2Fwww.pgkdistribution.com.au%2Fwp-admin%2Findex.php&reauth=1 HTTP/1.1" 200 5387 "https://pgkdistribution.com.au/wp-login.php" "Mozilla/5.0 (Windows NT 10.0; Win64; x64) AppleWebKit/537.36 (KHTML, like Gecko) Chrome/118.0.0.0 Safari/537.36"
66.249.70.171 - - [10/May/2026:16:41:06 +1000] "POST /?wc-ajax=get_refreshed_fragments HTTP/1.1" 200 1190 "https://www.pgkdistribution.com.au/product/end-clamp-35mm-black/" "Mozilla/5.0 (Linux; Android 6.0.1; Nexus 5X Build/MMB29P) AppleWebKit/537.36 (KHTML, like Gecko) Chrome/147.0.7727.137 Mobile Safari/537.36 (compatible; Googlebot/2.1; +http://www.google.com/bot.html)"
31.57.184.104 - - [10/May/2026:16:41:08 +1000] "POST /wp-login.php HTTP/1.1" 301 1312 "https://pgkdistribution.com.au/wp-login.php" "Mozilla/5.0 (Macintosh; Intel Mac OS X 10_15_7; rv:121.0) Gecko/20100101 Firefox/121.0"
31.57.184.104 - - [10/May/2026:16:41:08 +1000] "GET /wp-admin/index.php HTTP/1.1" 301 1140 "https://pgkdistribution.com.au/wp-login.php" "Mozilla/5.0 (Macintosh; Intel Mac OS X 13_6_1) AppleWebKit/537.36 (KHTML, like Gecko) Chrome/119.0.0.0 Safari/537.36"
31.57.184.104 - - [10/May/2026:16:41:09 +1000] "GET /wp-admin/index.php HTTP/1.1" 302 589 "https://pgkdistribution.com.au/wp-login.php" "Mozilla/5.0 (Macintosh; Intel Mac OS X 13_6_1) AppleWebKit/537.36 (KHTML, like Gecko) Chrome/119.0.0.0 Safari/537.36"
31.57.184.104 - - [10/May/2026:16:41:12 +1000] "GET /wp-login.php?redirect_to=https%3A%2F%2Fwww.pgkdistribution.com.au%2Fwp-admin%2Findex.php&reauth=1 HTTP/1.1" 200 5387 "https://pgkdistribution.com.au/wp-login.php" "Mozilla/5.0 (Macintosh; Intel Mac OS X 13_6_1) AppleWebKit/537.36 (KHTML, like Gecko) Chrome/119.0.0.0 Safari/537.36"
31.57.184.104 - - [10/May/2026:16:41:15 +1000] "POST /wp-login.php HTTP/1.1" 301 1312 "https://pgkdistribution.com.au/wp-login.php" "Mozilla/5.0 (Macintosh; Intel Mac OS X 13_6_1) AppleWebKit/605.1.15 (KHTML, like Gecko) Version/17.2 Safari/605.1.15"
31.57.184.104 - - [10/May/2026:16:41:15 +1000] "GET /wp-admin/index.php HTTP/1.1" 301 1140 "https://pgkdistribution.com.au/wp-login.php" "Mozilla/5.0 (Macintosh; Intel Mac OS X 10_15_7) AppleWebKit/605.1.15 (KHTML, like Gecko) Version/17.2 Safari/605.1.15"
111.67.29.221 - - [10/May/2026:16:41:18 +1000] "POST /wp-cron.php?doing_wp_cron=1778395278.4163858890533447265625 HTTP/1.1" 200 538 "-" "WordPress/6.9.4; https://www.pgkdistribution.com.au"
31.57.184.104 - - [10/May/2026:16:41:15 +1000] "GET /wp-admin/index.php HTTP/1.1" 302 589 "https://pgkdistribution.com.au/wp-login.php" "Mozilla/5.0 (Macintosh; Intel Mac OS X 10_15_7) AppleWebKit/605.1.15 (KHTML, like Gecko) Version/17.2 Safari/605.1.15"
31.57.184.104 - - [10/May/2026:16:41:18 +1000] "GET /wp-login.php?redirect_to=https%3A%2F%2Fwww.pgkdistribution.com.au%2Fwp-admin%2Findex.php&reauth=1 HTTP/1.1" 200 5387 "https://pgkdistribution.com.au/wp-login.php" "Mozilla/5.0 (Macintosh; Intel Mac OS X 10_15_7) AppleWebKit/605.1.15 (KHTML, like Gecko) Version/17.2 Safari/605.1.15"
31.57.184.104 - - [10/May/2026:16:41:22 +1000] "POST /wp-login.php HTTP/1.1" 301 1312 "https://pgkdistribution.com.au/wp-login.php" "Mozilla/5.0 (X11; Linux x86_64) AppleWebKit/537.36 (KHTML, like Gecko) Chrome/121.0.0.0 Safari/537.36"
31.57.184.104 - - [10/May/2026:16:41:22 +1000] "GET /wp-admin/index.php HTTP/1.1" 301 1140 "https://pgkdistribution.com.au/wp-login.php" "Mozilla/5.0 (Windows NT 11.0; Win64; x64) AppleWebKit/537.36 (KHTML, like Gecko) Chrome/120.0.0.0 Safari/537.36"
31.57.184.104 - - [10/May/2026:16:41:22 +1000] "GET /wp-admin/index.php HTTP/1.1" 302 589 "https://pgkdistribution.com.au/wp-login.php" "Mozilla/5.0 (Windows NT 11.0; Win64; x64) AppleWebKit/537.36 (KHTML, like Gecko) Chrome/120.0.0.0 Safari/537.36"
111.67.29.221 - - [10/May/2026:16:41:26 +1000] "POST /wp-cron.php?doing_wp_cron=1778395286.7128539085388183593750 HTTP/1.1" 200 538 "-" "WordPress/6.9.4; https://www.pgkdistribution.com.au"
31.57.184.104 - - [10/May/2026:16:41:25 +1000] "GET /wp-login.php?redirect_to=https%3A%2F%2Fwww.pgkdistribution.com.au%2Fwp-admin%2Findex.php&reauth=1 HTTP/1.1" 200 5387 "https://pgkdistribution.com.au/wp-login.php" "Mozilla/5.0 (Windows NT 11.0; Win64; x64) AppleWebKit/537.36 (KHTML, like Gecko) Chrome/120.0.0.0 Safari/537.36"
31.57.184.104 - - [10/May/2026:16:41:27 +1000] "POST /wp-login.php HTTP/1.1" 301 1312 "https://pgkdistribution.com.au/wp-login.php" "Mozilla/5.0 (Macintosh; Intel Mac OS X 13_6_1) AppleWebKit/537.36 (KHTML, like Gecko) Chrome/119.0.0.0 Safari/537.36"
31.57.184.104 - - [10/May/2026:16:41:28 +1000] "GET /wp-admin/index.php HTTP/1.1" 301 1140 "https://pgkdistribution.com.au/wp-login.php" "Mozilla/5.0 (Windows NT 10.0; Win64; x64; rv:118.0) Gecko/20100101 Firefox/118.0"
31.57.184.104 - - [10/May/2026:16:41:28 +1000] "GET /wp-admin/index.php HTTP/1.1" 302 589 "https://pgkdistribution.com.au/wp-login.php" "Mozilla/5.0 (Windows NT 10.0; Win64; x64; rv:118.0) Gecko/20100101 Firefox/118.0"
31.57.184.104 - - [10/May/2026:16:41:30 +1000] "GET /wp-login.php?redirect_to=https%3A%2F%2Fwww.pgkdistribution.com.au%2Fwp-admin%2Findex.php&reauth=1 HTTP/1.1" 200 5387 "https://pgkdistribution.com.au/wp-login.php" "Mozilla/5.0 (Windows NT 10.0; Win64; x64; rv:118.0) Gecko/20100101 Firefox/118.0"
31.57.184.104 - - [10/May/2026:16:41:33 +1000] "POST /wp-login.php HTTP/1.1" 301 1312 "https://pgkdistribution.com.au/wp-login.php" "Mozilla/5.0 (Windows NT 10.0; Win64; x64; rv:120.0) Gecko/20100101 Firefox/120.0"
31.57.184.104 - - [10/May/2026:16:41:33 +1000] "GET /wp-admin/index.php HTTP/1.1" 301 1140 "https://pgkdistribution.com.au/wp-login.php" "Mozilla/5.0 (Windows NT 10.0; Win64; x64) AppleWebKit/537.36 (KHTML, like Gecko) Chrome/119.0.0.0 Safari/537.36"
31.57.184.104 - - [10/May/2026:16:41:33 +1000] "GET /wp-admin/index.php HTTP/1.1" 302 589 "https://pgkdistribution.com.au/wp-login.php" "Mozilla/5.0 (Windows NT 10.0; Win64; x64) AppleWebKit/537.36 (KHTML, like Gecko) Chrome/119.0.0.0 Safari/537.36"
31.57.184.104 - - [10/May/2026:16:41:35 +1000] "GET /wp-login.php?redirect_to=https%3A%2F%2Fwww.pgkdistribution.com.au%2Fwp-admin%2Findex.php&reauth=1 HTTP/1.1" 200 5387 "https://pgkdistribution.com.au/wp-login.php" "Mozilla/5.0 (Windows NT 10.0; Win64; x64) AppleWebKit/537.36 (KHTML, like Gecko) Chrome/119.0.0.0 Safari/537.36"
31.57.184.104 - - [10/May/2026:16:41:38 +1000] "POST /wp-login.php HTTP/1.1" 301 1312 "https://pgkdistribution.com.au/wp-login.php" "Mozilla/5.0 (Macintosh; Intel Mac OS X 10_15_7) AppleWebKit/537.36 (KHTML, like Gecko) Chrome/121.0.0.0 Safari/537.36"
31.57.184.104 - - [10/May/2026:16:41:38 +1000] "GET /wp-admin/index.php HTTP/1.1" 301 1140 "https://pgkdistribution.com.au/wp-login.php" "Mozilla/5.0 (Windows NT 10.0; Win64; x64; rv:119.0) Gecko/20100101 Firefox/119.0"
31.57.184.104 - - [10/May/2026:16:41:38 +1000] "GET /wp-admin/index.php HTTP/1.1" 302 589 "https://pgkdistribution.com.au/wp-login.php" "Mozilla/5.0 (Windows NT 10.0; Win64; x64; rv:119.0) Gecko/20100101 Firefox/119.0"
31.57.184.104 - - [10/May/2026:16:41:40 +1000] "GET /wp-login.php?redirect_to=https%3A%2F%2Fwww.pgkdistribution.com.au%2Fwp-admin%2Findex.php&reauth=1 HTTP/1.1" 200 5387 "https://pgkdistribution.com.au/wp-login.php" "Mozilla/5.0 (Windows NT 10.0; Win64; x64; rv:119.0) Gecko/20100101 Firefox/119.0"
31.57.184.104 - - [10/May/2026:16:41:43 +1000] "POST /wp-login.php HTTP/1.1" 301 1312 "https://pgkdistribution.com.au/wp-login.php" "Mozilla/5.0 (Windows NT 10.0; Win64; x64; rv:121.0) Gecko/20100101 Firefox/121.0"
31.57.184.104 - - [10/May/2026:16:41:43 +1000] "GET /wp-admin/index.php HTTP/1.1" 301 1140 "https://pgkdistribution.com.au/wp-login.php" "Mozilla/5.0 (Macintosh; Intel Mac OS X 13_6_1) AppleWebKit/605.1.15 (KHTML, like Gecko) Version/17.1 Safari/605.1.15"
198.251.71.113 - - [10/May/2026:16:41:43 +1000] "GET /wp-login.php HTTP/2" 200 2507 "-" "Mozilla/5.0 (Macintosh; Intel Mac OS X 11_7_10) AppleWebKit/537.36 (KHTML, like Gecko) Chrome/133.0.0.0 Safari/537.36"
31.57.184.104 - - [10/May/2026:16:41:44 +1000] "GET /wp-admin/index.php HTTP/1.1" 302 589 "https://pgkdistribution.com.au/wp-login.php" "Mozilla/5.0 (Macintosh; Intel Mac OS X 13_6_1) AppleWebKit/605.1.15 (KHTML, like Gecko) Version/17.1 Safari/605.1.15"
198.251.71.113 - - [10/May/2026:16:41:45 +1000] "POST /wp-login.php HTTP/2" 200 2660 "https://www.pgkdistribution.com.au/wp-login.php" "Mozilla/5.0 (Macintosh; Intel Mac OS X 11_7_10) AppleWebKit/537.36 (KHTML, like Gecko) Chrome/133.0.0.0 Safari/537.36"
31.57.184.104 - - [10/May/2026:16:41:46 +1000] "GET /wp-login.php?redirect_to=https%3A%2F%2Fwww.pgkdistribution.com.au%2Fwp-admin%2Findex.php&reauth=1 HTTP/1.1" 200 5387 "https://pgkdistribution.com.au/wp-login.php" "Mozilla/5.0 (Macintosh; Intel Mac OS X 13_6_1) AppleWebKit/605.1.15 (KHTML, like Gecko) Version/17.1 Safari/605.1.15"
31.57.184.104 - - [10/May/2026:16:41:48 +1000] "POST /wp-login.php HTTP/1.1" 301 1312 "https://pgkdistribution.com.au/wp-login.php" "Mozilla/5.0 (Macintosh; Intel Mac OS X 10_15_7; rv:120.0) Gecko/20100101 Firefox/120.0"
31.57.184.104 - - [10/May/2026:16:41:49 +1000] "GET /wp-admin/index.php HTTP/1.1" 301 1140 "https://pgkdistribution.com.au/wp-login.php" "Mozilla/5.0 (Windows NT 11.0; Win64; x64) AppleWebKit/537.36 (KHTML, like Gecko) Chrome/118.0.0.0 Safari/537.36"
31.57.184.104 - - [10/May/2026:16:41:49 +1000] "GET /wp-admin/index.php HTTP/1.1" 302 589 "https://pgkdistribution.com.au/wp-login.php" "Mozilla/5.0 (Windows NT 11.0; Win64; x64) AppleWebKit/537.36 (KHTML, like Gecko) Chrome/118.0.0.0 Safari/537.36"
31.57.184.104 - - [10/May/2026:16:41:51 +1000] "GET /wp-login.php?redirect_to=https%3A%2F%2Fwww.pgkdistribution.com.au%2Fwp-admin%2Findex.php&reauth=1 HTTP/1.1" 200 5387 "https://pgkdistribution.com.au/wp-login.php" "Mozilla/5.0 (Windows NT 11.0; Win64; x64) AppleWebKit/537.36 (KHTML, like Gecko) Chrome/118.0.0.0 Safari/537.36"
54.39.89.73 - - [10/May/2026:16:41:51 +1000] "GET /product/1x6mm%C2%B2-iec-62930-dc-cable-100m/ HTTP/2" 200 34844 "-" "Mozilla/5.0 (compatible; AhrefsBot/7.0; +http://ahrefs.com/robot/)"
31.57.184.104 - - [10/May/2026:16:41:54 +1000] "POST /wp-login.php HTTP/1.1" 301 1312 "https://pgkdistribution.com.au/wp-login.php" "Mozilla/5.0 (X11; Ubuntu; Linux x86_64) AppleWebKit/537.36 (KHTML, like Gecko) Chrome/119.0.0.0 Safari/537.36"
31.57.184.104 - - [10/May/2026:16:41:54 +1000] "GET /wp-admin/index.php HTTP/1.1" 301 1140 "https://pgkdistribution.com.au/wp-login.php" "Mozilla/5.0 (Macintosh; Intel Mac OS X 10_15_7) AppleWebKit/605.1.15 (KHTML, like Gecko) Version/17.0 Safari/605.1.15"
31.57.184.104 - - [10/May/2026:16:41:54 +1000] "GET /wp-admin/index.php HTTP/1.1" 302 589 "https://pgkdistribution.com.au/wp-login.php" "Mozilla/5.0 (Macintosh; Intel Mac OS X 10_15_7) AppleWebKit/605.1.15 (KHTML, like Gecko) Version/17.0 Safari/605.1.15"
31.57.184.104 - - [10/May/2026:16:41:57 +1000] "GET /wp-login.php?redirect_to=https%3A%2F%2Fwww.pgkdistribution.com.au%2Fwp-admin%2Findex.php&reauth=1 HTTP/1.1" 200 5387 "https://pgkdistribution.com.au/wp-login.php" "Mozilla/5.0 (Macintosh; Intel Mac OS X 10_15_7) AppleWebKit/605.1.15 (KHTML, like Gecko) Version/17.0 Safari/605.1.15"
31.57.184.104 - - [10/May/2026:16:42:00 +1000] "POST /wp-login.php HTTP/1.1" 301 1312 "https://pgkdistribution.com.au/wp-login.php" "Mozilla/5.0 (X11; Linux x86_64) AppleWebKit/537.36 (KHTML, like Gecko) Chrome/118.0.0.0 Safari/537.36"
31.57.184.104 - - [10/May/2026:16:42:00 +1000] "GET /wp-admin/index.php HTTP/1.1" 301 1140 "https://pgkdistribution.com.au/wp-login.php" "Mozilla/5.0 (Macintosh; Intel Mac OS X 10_15_7) AppleWebKit/605.1.15 (KHTML, like Gecko) Version/17.0 Safari/605.1.15"
31.57.184.104 - - [10/May/2026:16:42:00 +1000] "GET /wp-admin/index.php HTTP/1.1" 302 589 "https://pgkdistribution.com.au/wp-login.php" "Mozilla/5.0 (Macintosh; Intel Mac OS X 10_15_7) AppleWebKit/605.1.15 (KHTML, like Gecko) Version/17.0 Safari/605.1.15"
31.57.184.104 - - [10/May/2026:16:42:02 +1000] "GET /wp-login.php?redirect_to=https%3A%2F%2Fwww.pgkdistribution.com.au%2Fwp-admin%2Findex.php&reauth=1 HTTP/1.1" 200 5387 "https://pgkdistribution.com.au/wp-login.php" "Mozilla/5.0 (Macintosh; Intel Mac OS X 10_15_7) AppleWebKit/605.1.15 (KHTML, like Gecko) Version/17.0 Safari/605.1.15"
31.57.184.104 - - [10/May/2026:16:42:05 +1000] "POST /wp-login.php HTTP/1.1" 301 1312 "https://pgkdistribution.com.au/wp-login.php" "Mozilla/5.0 (X11; Linux x86_64) AppleWebKit/537.36 (KHTML, like Gecko) Chrome/118.0.0.0 Safari/537.36"
31.57.184.104 - - [10/May/2026:16:42:05 +1000] "GET /wp-admin/index.php HTTP/1.1" 301 1140 "https://pgkdistribution.com.au/wp-login.php" "Mozilla/5.0 (Macintosh; Intel Mac OS X 13_6_1) AppleWebKit/537.36 (KHTML, like Gecko) Chrome/119.0.0.0 Safari/537.36"
31.57.184.104 - - [10/May/2026:16:42:05 +1000] "GET /wp-admin/index.php HTTP/1.1" 302 589 "https://pgkdistribution.com.au/wp-login.php" "Mozilla/5.0 (Macintosh; Intel Mac OS X 13_6_1) AppleWebKit/537.36 (KHTML, like Gecko) Chrome/119.0.0.0 Safari/537.36"
31.57.184.104 - - [10/May/2026:16:42:08 +1000] "GET /wp-login.php?redirect_to=https%3A%2F%2Fwww.pgkdistribution.com.au%2Fwp-admin%2Findex.php&reauth=1 HTTP/1.1" 200 5387 "https://pgkdistribution.com.au/wp-login.php" "Mozilla/5.0 (Macintosh; Intel Mac OS X 13_6_1) AppleWebKit/537.36 (KHTML, like Gecko) Chrome/119.0.0.0 Safari/537.36"
31.57.184.104 - - [10/May/2026:16:42:10 +1000] "POST /wp-login.php HTTP/1.1" 301 1312 "https://pgkdistribution.com.au/wp-login.php" "Mozilla/5.0 (Macintosh; Intel Mac OS X 10_15_7) AppleWebKit/605.1.15 (KHTML, like Gecko) Version/17.1 Safari/605.1.15"
31.57.184.104 - - [10/May/2026:16:42:11 +1000] "GET /wp-admin/index.php HTTP/1.1" 301 1140 "https://pgkdistribution.com.au/wp-login.php" "Mozilla/5.0 (X11; Linux x86_64) AppleWebKit/537.36 (KHTML, like Gecko) Chrome/119.0.0.0 Safari/537.36"
31.57.184.104 - - [10/May/2026:16:42:11 +1000] "GET /wp-admin/index.php HTTP/1.1" 302 589 "https://pgkdistribution.com.au/wp-login.php" "Mozilla/5.0 (X11; Linux x86_64) AppleWebKit/537.36 (KHTML, like Gecko) Chrome/119.0.0.0 Safari/537.36"
31.57.184.104 - - [10/May/2026:16:42:13 +1000] "GET /wp-login.php?redirect_to=https%3A%2F%2Fwww.pgkdistribution.com.au%2Fwp-admin%2Findex.php&reauth=1 HTTP/1.1" 200 5387 "https://pgkdistribution.com.au/wp-login.php" "Mozilla/5.0 (X11; Linux x86_64) AppleWebKit/537.36 (KHTML, like Gecko) Chrome/119.0.0.0 Safari/537.36"
31.57.184.104 - - [10/May/2026:16:42:16 +1000] "POST /wp-login.php HTTP/1.1" 301 1312 "https://pgkdistribution.com.au/wp-login.php" "Mozilla/5.0 (Macintosh; Intel Mac OS X 10_15_7) AppleWebKit/537.36 (KHTML, like Gecko) Chrome/121.0.0.0 Safari/537.36"
31.57.184.104 - - [10/May/2026:16:42:16 +1000] "GET /wp-admin/index.php HTTP/1.1" 301 1140 "https://pgkdistribution.com.au/wp-login.php" "Mozilla/5.0 (Windows NT 11.0; Win64; x64; rv:118.0) Gecko/20100101 Firefox/118.0"
31.57.184.104 - - [10/May/2026:16:42:17 +1000] "GET /wp-admin/index.php HTTP/1.1" 302 589 "https://pgkdistribution.com.au/wp-login.php" "Mozilla/5.0 (Windows NT 11.0; Win64; x64; rv:118.0) Gecko/20100101 Firefox/118.0"
31.57.184.104 - - [10/May/2026:16:42:19 +1000] "GET /wp-login.php?redirect_to=https%3A%2F%2Fwww.pgkdistribution.com.au%2Fwp-admin%2Findex.php&reauth=1 HTTP/1.1" 200 5387 "https://pgkdistribution.com.au/wp-login.php" "Mozilla/5.0 (Windows NT 11.0; Win64; x64; rv:118.0) Gecko/20100101 Firefox/118.0"
31.57.184.104 - - [10/May/2026:16:42:21 +1000] "POST /wp-login.php HTTP/1.1" 301 1312 "https://pgkdistribution.com.au/wp-login.php" "Mozilla/5.0 (Macintosh; Intel Mac OS X 13_6_1) AppleWebKit/537.36 (KHTML, like Gecko) Chrome/121.0.0.0 Safari/537.36"
31.57.184.104 - - [10/May/2026:16:42:21 +1000] "GET /wp-admin/index.php HTTP/1.1" 301 1140 "https://pgkdistribution.com.au/wp-login.php" "Mozilla/5.0 (Windows NT 11.0; Win64; x64) AppleWebKit/537.36 (KHTML, like Gecko) Chrome/118.0.0.0 Safari/537.36"
31.57.184.104 - - [10/May/2026:16:42:22 +1000] "GET /wp-admin/index.php HTTP/1.1" 302 589 "https://pgkdistribution.com.au/wp-login.php" "Mozilla/5.0 (Windows NT 11.0; Win64; x64) AppleWebKit/537.36 (KHTML, like Gecko) Chrome/118.0.0.0 Safari/537.36"
31.57.184.104 - - [10/May/2026:16:42:24 +1000] "GET /wp-login.php?redirect_to=https%3A%2F%2Fwww.pgkdistribution.com.au%2Fwp-admin%2Findex.php&reauth=1 HTTP/1.1" 200 5387 "https://pgkdistribution.com.au/wp-login.php" "Mozilla/5.0 (Windows NT 11.0; Win64; x64) AppleWebKit/537.36 (KHTML, like Gecko) Chrome/118.0.0.0 Safari/537.36"
31.57.184.104 - - [10/May/2026:16:42:27 +1000] "POST /wp-login.php HTTP/1.1" 301 1312 "https://pgkdistribution.com.au/wp-login.php" "Mozilla/5.0 (Windows NT 10.0; Win64; x64) AppleWebKit/537.36 (KHTML, like Gecko) Chrome/119.0.0.0 Safari/537.36"
31.57.184.104 - - [10/May/2026:16:42:27 +1000] "GET /wp-admin/index.php HTTP/1.1" 301 1140 "https://pgkdistribution.com.au/wp-login.php" "Mozilla/5.0 (Windows NT 10.0; Win64; x64; rv:119.0) Gecko/20100101 Firefox/119.0"
111.67.29.221 - - [10/May/2026:16:42:29 +1000] "POST /wp-cron.php?doing_wp_cron=1778395349.6685070991516113281250 HTTP/1.1" 200 538 "-" "WordPress/6.9.4; https://www.pgkdistribution.com.au"
31.57.184.104 - - [10/May/2026:16:42:27 +1000] "GET /wp-admin/index.php HTTP/1.1" 302 589 "https://pgkdistribution.com.au/wp-login.php" "Mozilla/5.0 (Windows NT 10.0; Win64; x64; rv:119.0) Gecko/20100101 Firefox/119.0"
31.57.184.104 - - [10/May/2026:16:42:29 +1000] "GET /wp-login.php?redirect_to=https%3A%2F%2Fwww.pgkdistribution.com.au%2Fwp-admin%2Findex.php&reauth=1 HTTP/1.1" 200 5387 "https://pgkdistribution.com.au/wp-login.php" "Mozilla/5.0 (Windows NT 10.0; Win64; x64; rv:119.0) Gecko/20100101 Firefox/119.0"
31.57.184.104 - - [10/May/2026:16:42:32 +1000] "POST /wp-login.php HTTP/1.1" 301 1312 "https://pgkdistribution.com.au/wp-login.php" "Mozilla/5.0 (Macintosh; Intel Mac OS X 10_15_7) AppleWebKit/537.36 (KHTML, like Gecko) Chrome/118.0.0.0 Safari/537.36"
31.57.184.104 - - [10/May/2026:16:42:32 +1000] "GET /wp-admin/index.php HTTP/1.1" 301 1140 "https://pgkdistribution.com.au/wp-login.php" "Mozilla/5.0 (Macintosh; Intel Mac OS X 13_6_1) AppleWebKit/605.1.15 (KHTML, like Gecko) Version/17.1 Safari/605.1.15"
31.57.184.104 - - [10/May/2026:16:42:33 +1000] "GET /wp-admin/index.php HTTP/1.1" 302 589 "https://pgkdistribution.com.au/wp-login.php" "Mozilla/5.0 (Macintosh; Intel Mac OS X 13_6_1) AppleWebKit/605.1.15 (KHTML, like Gecko) Version/17.1 Safari/605.1.15"
31.57.184.104 - - [10/May/2026:16:42:36 +1000] "GET /wp-login.php?redirect_to=https%3A%2F%2Fwww.pgkdistribution.com.au%2Fwp-admin%2Findex.php&reauth=1 HTTP/1.1" 200 5387 "https://pgkdistribution.com.au/wp-login.php" "Mozilla/5.0 (Macintosh; Intel Mac OS X 13_6_1) AppleWebKit/605.1.15 (KHTML, like Gecko) Version/17.1 Safari/605.1.15"
31.57.184.104 - - [10/May/2026:16:42:38 +1000] "POST /wp-login.php HTTP/1.1" 301 1312 "https://pgkdistribution.com.au/wp-login.php" "Mozilla/5.0 (Macintosh; Intel Mac OS X 10_15_7; rv:120.0) Gecko/20100101 Firefox/120.0"
31.57.184.104 - - [10/May/2026:16:42:38 +1000] "GET /wp-admin/index.php HTTP/1.1" 301 1140 "https://pgkdistribution.com.au/wp-login.php" "Mozilla/5.0 (Macintosh; Intel Mac OS X 13_6_1) AppleWebKit/537.36 (KHTML, like Gecko) Chrome/120.0.0.0 Safari/537.36"
31.57.184.104 - - [10/May/2026:16:42:39 +1000] "GET /wp-admin/index.php HTTP/1.1" 302 589 "https://pgkdistribution.com.au/wp-login.php" "Mozilla/5.0 (Macintosh; Intel Mac OS X 13_6_1) AppleWebKit/537.36 (KHTML, like Gecko) Chrome/120.0.0.0 Safari/537.36"
31.57.184.104 - - [10/May/2026:16:42:41 +1000] "GET /wp-login.php?redirect_to=https%3A%2F%2Fwww.pgkdistribution.com.au%2Fwp-admin%2Findex.php&reauth=1 HTTP/1.1" 200 5387 "https://pgkdistribution.com.au/wp-login.php" "Mozilla/5.0 (Macintosh; Intel Mac OS X 13_6_1) AppleWebKit/537.36 (KHTML, like Gecko) Chrome/120.0.0.0 Safari/537.36"
31.57.184.104 - - [10/May/2026:16:42:43 +1000] "POST /wp-login.php HTTP/1.1" 301 1312 "https://pgkdistribution.com.au/wp-login.php" "Mozilla/5.0 (Windows NT 11.0; Win64; x64; rv:120.0) Gecko/20100101 Firefox/120.0"
31.57.184.104 - - [10/May/2026:16:42:44 +1000] "GET /wp-admin/index.php HTTP/1.1" 301 1140 "https://pgkdistribution.com.au/wp-login.php" "Mozilla/5.0 (Macintosh; Intel Mac OS X 13_6_1) AppleWebKit/605.1.15 (KHTML, like Gecko) Version/17.0 Safari/605.1.15"
31.57.184.104 - - [10/May/2026:16:42:44 +1000] "GET /wp-admin/index.php HTTP/1.1" 302 589 "https://pgkdistribution.com.au/wp-login.php" "Mozilla/5.0 (Macintosh; Intel Mac OS X 13_6_1) AppleWebKit/605.1.15 (KHTML, like Gecko) Version/17.0 Safari/605.1.15"
31.57.184.104 - - [10/May/2026:16:42:46 +1000] "GET /wp-login.php?redirect_to=https%3A%2F%2Fwww.pgkdistribution.com.au%2Fwp-admin%2Findex.php&reauth=1 HTTP/1.1" 200 5387 "https://pgkdistribution.com.au/wp-login.php" "Mozilla/5.0 (Macintosh; Intel Mac OS X 13_6_1) AppleWebKit/605.1.15 (KHTML, like Gecko) Version/17.0 Safari/605.1.15"
31.57.184.104 - - [10/May/2026:16:42:49 +1000] "POST /wp-login.php HTTP/1.1" 301 1312 "https://pgkdistribution.com.au/wp-login.php" "Mozilla/5.0 (X11; Linux x86_64) AppleWebKit/537.36 (KHTML, like Gecko) Chrome/121.0.0.0 Safari/537.36"
31.57.184.104 - - [10/May/2026:16:42:49 +1000] "GET /wp-admin/index.php HTTP/1.1" 301 1140 "https://pgkdistribution.com.au/wp-login.php" "Mozilla/5.0 (Windows NT 10.0; Win64; x64) AppleWebKit/537.36 (KHTML, like Gecko) Chrome/118.0.0.0 Safari/537.36"
31.57.184.104 - - [10/May/2026:16:42:49 +1000] "GET /wp-admin/index.php HTTP/1.1" 302 589 "https://pgkdistribution.com.au/wp-login.php" "Mozilla/5.0 (Windows NT 10.0; Win64; x64) AppleWebKit/537.36 (KHTML, like Gecko) Chrome/118.0.0.0 Safari/537.36"
31.57.184.104 - - [10/May/2026:16:42:51 +1000] "GET /wp-login.php?redirect_to=https%3A%2F%2Fwww.pgkdistribution.com.au%2Fwp-admin%2Findex.php&reauth=1 HTTP/1.1" 200 5387 "https://pgkdistribution.com.au/wp-login.php" "Mozilla/5.0 (Windows NT 10.0; Win64; x64) AppleWebKit/537.36 (KHTML, like Gecko) Chrome/118.0.0.0 Safari/537.36"
31.57.184.104 - - [10/May/2026:16:42:54 +1000] "POST /wp-login.php HTTP/1.1" 301 1312 "https://pgkdistribution.com.au/wp-login.php" "Mozilla/5.0 (X11; Ubuntu; Linux x86_64) AppleWebKit/537.36 (KHTML, like Gecko) Chrome/121.0.0.0 Safari/537.36"
31.57.184.104 - - [10/May/2026:16:42:54 +1000] "GET /wp-admin/index.php HTTP/1.1" 301 1140 "https://pgkdistribution.com.au/wp-login.php" "Mozilla/5.0 (Macintosh; Intel Mac OS X 10_15_7) AppleWebKit/537.36 (KHTML, like Gecko) Chrome/120.0.0.0 Safari/537.36"
31.57.184.104 - - [10/May/2026:16:42:54 +1000] "GET /wp-admin/index.php HTTP/1.1" 302 589 "https://pgkdistribution.com.au/wp-login.php" "Mozilla/5.0 (Macintosh; Intel Mac OS X 10_15_7) AppleWebKit/537.36 (KHTML, like Gecko) Chrome/120.0.0.0 Safari/537.36"
31.57.184.104 - - [10/May/2026:16:42:57 +1000] "GET /wp-login.php?redirect_to=https%3A%2F%2Fwww.pgkdistribution.com.au%2Fwp-admin%2Findex.php&reauth=1 HTTP/1.1" 200 5387 "https://pgkdistribution.com.au/wp-login.php" "Mozilla/5.0 (Macintosh; Intel Mac OS X 10_15_7) AppleWebKit/537.36 (KHTML, like Gecko) Chrome/120.0.0.0 Safari/537.36"
31.57.184.104 - - [10/May/2026:16:43:00 +1000] "POST /wp-login.php HTTP/1.1" 301 1312 "https://pgkdistribution.com.au/wp-login.php" "Mozilla/5.0 (Windows NT 11.0; Win64; x64; rv:120.0) Gecko/20100101 Firefox/120.0"
31.57.184.104 - - [10/May/2026:16:43:00 +1000] "GET /wp-admin/index.php HTTP/1.1" 301 1140 "https://pgkdistribution.com.au/wp-login.php" "Mozilla/5.0 (Windows NT 10.0; Win64; x64) AppleWebKit/537.36 (KHTML, like Gecko) Chrome/119.0.0.0 Safari/537.36"
31.57.184.104 - - [10/May/2026:16:43:00 +1000] "GET /wp-admin/index.php HTTP/1.1" 302 589 "https://pgkdistribution.com.au/wp-login.php" "Mozilla/5.0 (Windows NT 10.0; Win64; x64) AppleWebKit/537.36 (KHTML, like Gecko) Chrome/119.0.0.0 Safari/537.36"
31.57.184.104 - - [10/May/2026:16:43:03 +1000] "GET /wp-login.php?redirect_to=https%3A%2F%2Fwww.pgkdistribution.com.au%2Fwp-admin%2Findex.php&reauth=1 HTTP/1.1" 200 5387 "https://pgkdistribution.com.au/wp-login.php" "Mozilla/5.0 (Windows NT 10.0; Win64; x64) AppleWebKit/537.36 (KHTML, like Gecko) Chrome/119.0.0.0 Safari/537.36"
31.57.184.104 - - [10/May/2026:16:43:06 +1000] "POST /wp-login.php HTTP/1.1" 301 1275 "https://pgkdistribution.com.au/wp-login.php" "Mozilla/5.0 (X11; Linux x86_64) AppleWebKit/537.36 (KHTML, like Gecko) Chrome/119.0.0.0 Safari/537.36"
31.57.184.104 - - [10/May/2026:16:43:07 +1000] "GET /wp-admin/index.php HTTP/1.1" 301 1318 "https://pgkdistribution.com.au/wp-login.php" "Mozilla/5.0 (X11; Ubuntu; Linux x86_64) AppleWebKit/537.36 (KHTML, like Gecko) Chrome/121.0.0.0 Safari/537.36"
31.57.184.104 - - [10/May/2026:16:43:07 +1000] "GET /wp-admin/index.php HTTP/1.1" 302 589 "https://pgkdistribution.com.au/wp-login.php" "Mozilla/5.0 (X11; Ubuntu; Linux x86_64) AppleWebKit/537.36 (KHTML, like Gecko) Chrome/121.0.0.0 Safari/537.36"
31.57.184.104 - - [10/May/2026:16:43:09 +1000] "GET /wp-login.php?redirect_to=https%3A%2F%2Fwww.pgkdistribution.com.au%2Fwp-admin%2Findex.php&reauth=1 HTTP/1.1" 200 5387 "https://pgkdistribution.com.au/wp-login.php" "Mozilla/5.0 (X11; Ubuntu; Linux x86_64) AppleWebKit/537.36 (KHTML, like Gecko) Chrome/121.0.0.0 Safari/537.36"
31.57.184.104 - - [10/May/2026:16:43:13 +1000] "POST /wp-login.php HTTP/1.1" 301 1312 "https://pgkdistribution.com.au/wp-login.php" "Mozilla/5.0 (X11; Linux x86_64) AppleWebKit/537.36 (KHTML, like Gecko) Chrome/119.0.0.0 Safari/537.36"
31.57.184.104 - - [10/May/2026:16:43:13 +1000] "GET /wp-admin/index.php HTTP/1.1" 301 1140 "https://pgkdistribution.com.au/wp-login.php" "Mozilla/5.0 (Macintosh; Intel Mac OS X 13_6_1) AppleWebKit/537.36 (KHTML, like Gecko) Chrome/118.0.0.0 Safari/537.36"
31.57.184.104 - - [10/May/2026:16:43:13 +1000] "GET /wp-admin/index.php HTTP/1.1" 302 589 "https://pgkdistribution.com.au/wp-login.php" "Mozilla/5.0 (Macintosh; Intel Mac OS X 13_6_1) AppleWebKit/537.36 (KHTML, like Gecko) Chrome/118.0.0.0 Safari/537.36"
31.57.184.104 - - [10/May/2026:16:43:15 +1000] "GET /wp-login.php?redirect_to=https%3A%2F%2Fwww.pgkdistribution.com.au%2Fwp-admin%2Findex.php&reauth=1 HTTP/1.1" 200 5387 "https://pgkdistribution.com.au/wp-login.php" "Mozilla/5.0 (Macintosh; Intel Mac OS X 13_6_1) AppleWebKit/537.36 (KHTML, like Gecko) Chrome/118.0.0.0 Safari/537.36"
31.57.184.104 - - [10/May/2026:16:43:18 +1000] "POST /wp-login.php HTTP/1.1" 301 1312 "https://pgkdistribution.com.au/wp-login.php" "Mozilla/5.0 (Macintosh; Intel Mac OS X 10_15_7) AppleWebKit/537.36 (KHTML, like Gecko) Chrome/121.0.0.0 Safari/537.36"
31.57.184.104 - - [10/May/2026:16:43:19 +1000] "GET /wp-admin/index.php HTTP/1.1" 301 1140 "https://pgkdistribution.com.au/wp-login.php" "Mozilla/5.0 (X11; Ubuntu; Linux x86_64) AppleWebKit/537.36 (KHTML, like Gecko) Chrome/118.0.0.0 Safari/537.36"
111.67.29.221 - - [10/May/2026:16:43:21 +1000] "POST /wp-cron.php?doing_wp_cron=1778395401.2783849239349365234375 HTTP/1.1" 200 538 "-" "WordPress/6.9.4; https://www.pgkdistribution.com.au"
31.57.184.104 - - [10/May/2026:16:43:19 +1000] "GET /wp-admin/index.php HTTP/1.1" 302 589 "https://pgkdistribution.com.au/wp-login.php" "Mozilla/5.0 (X11; Ubuntu; Linux x86_64) AppleWebKit/537.36 (KHTML, like Gecko) Chrome/118.0.0.0 Safari/537.36"
31.57.184.104 - - [10/May/2026:16:43:21 +1000] "GET /wp-login.php?redirect_to=https%3A%2F%2Fwww.pgkdistribution.com.au%2Fwp-admin%2Findex.php&reauth=1 HTTP/1.1" 200 5387 "https://pgkdistribution.com.au/wp-login.php" "Mozilla/5.0 (X11; Ubuntu; Linux x86_64) AppleWebKit/537.36 (KHTML, like Gecko) Chrome/118.0.0.0 Safari/537.36"
43.230.201.87 - - [10/May/2026:16:44:12 +1000] "GET /wp-login.php HTTP/2" 301 795 "-" "Mozilla/5.0 (Macintosh; Intel Mac OS X 10_15_7) AppleWebKit/537.36 (KHTML, like Gecko) Chrome/133.0.0.0 Safari/537.36 Edg/133.0.0.0"
43.230.201.87 - - [10/May/2026:16:44:13 +1000] "GET /wp-login.php HTTP/2" 200 2507 "https://pgkdistribution.com.au/wp-login.php" "Mozilla/5.0 (Macintosh; Intel Mac OS X 10_15_7) AppleWebKit/537.36 (KHTML, like Gecko) Chrome/133.0.0.0 Safari/537.36 Edg/133.0.0.0"
43.230.201.87 - - [10/May/2026:16:44:17 +1000] "POST /wp-login.php HTTP/2" 301 795 "https://pgkdistribution.com.au/wp-login.php" "Mozilla/5.0 (Macintosh; Intel Mac OS X 10_15_7) AppleWebKit/537.36 (KHTML, like Gecko) Chrome/133.0.0.0 Safari/537.36 Edg/133.0.0.0"
111.67.29.221 - - [10/May/2026:16:44:19 +1000] "POST /wp-cron.php?doing_wp_cron=1778395459.5824630260467529296875 HTTP/1.1" 200 538 "-" "WordPress/6.9.4; https://www.pgkdistribution.com.au"
43.230.201.87 - - [10/May/2026:16:44:17 +1000] "GET /wp-login.php HTTP/2" 200 2507 "https://pgkdistribution.com.au/wp-login.php" "Mozilla/5.0 (Macintosh; Intel Mac OS X 10_15_7) AppleWebKit/537.36 (KHTML, like Gecko) Chrome/133.0.0.0 Safari/537.36 Edg/133.0.0.0"
202.92.6.73 - - [10/May/2026:16:45:03 +1000] "GET /wp-login.php HTTP/2" 301 795 "-" "Mozilla/5.0 (X11; Linux x86_64) AppleWebKit/537.36 (KHTML, like Gecko) Chrome/133.0.0.0 Safari/537.36 Edg/133.0.0.0"
111.67.29.221 - - [10/May/2026:16:45:06 +1000] "POST /wp-cron.php?doing_wp_cron=1778395506.1340498924255371093750 HTTP/1.1" 200 538 "-" "WordPress/6.9.4; https://www.pgkdistribution.com.au"
44.242.53.252 - - [10/May/2026:16:45:03 +1000] "GET /wp-login.php HTTP/2" 200 2507 "-" "Mozilla/5.0 (Windows NT 10.0; Win64; x64) AppleWebKit/537.36 (KHTML, like Gecko) Chrome/133.0.0.0 Safari/537.36"
202.92.6.73 - - [10/May/2026:16:45:05 +1000] "GET /wp-login.php HTTP/2" 200 2507 "https://pgkdistribution.com.au/wp-login.php" "Mozilla/5.0 (X11; Linux x86_64) AppleWebKit/537.36 (KHTML, like Gecko) Chrome/133.0.0.0 Safari/537.36 Edg/133.0.0.0"
202.92.6.73 - - [10/May/2026:16:45:07 +1000] "POST /wp-login.php HTTP/2" 301 795 "https://pgkdistribution.com.au/wp-login.php" "Mozilla/5.0 (X11; Linux x86_64) AppleWebKit/537.36 (KHTML, like Gecko) Chrome/133.0.0.0 Safari/537.36 Edg/133.0.0.0"
44.242.53.252 - - [10/May/2026:16:45:06 +1000] "POST /wp-login.php HTTP/2" 200 2654 "https://www.pgkdistribution.com.au/wp-login.php" "Mozilla/5.0 (Windows NT 10.0; Win64; x64) AppleWebKit/537.36 (KHTML, like Gecko) Chrome/133.0.0.0 Safari/537.36"
46.22.135.218 - - [10/May/2026:16:45:10 +1000] "GET /wp-login.php HTTP/2" 301 795 "-" "Mozilla/5.0 (Macintosh; Intel Mac OS X 10_15_7) AppleWebKit/605.1.15 (KHTML, like Gecko) Version/18.3 Safari/605.1.15"
202.92.6.73 - - [10/May/2026:16:45:08 +1000] "GET /wp-login.php HTTP/2" 200 2507 "https://pgkdistribution.com.au/wp-login.php" "Mozilla/5.0 (X11; Linux x86_64) AppleWebKit/537.36 (KHTML, like Gecko) Chrome/133.0.0.0 Safari/537.36 Edg/133.0.0.0"
46.22.135.218 - - [10/May/2026:16:45:11 +1000] "GET /wp-login.php HTTP/2" 200 2507 "https://pgkdistribution.com.au/wp-login.php" "Mozilla/5.0 (Macintosh; Intel Mac OS X 10_15_7) AppleWebKit/605.1.15 (KHTML, like Gecko) Version/18.3 Safari/605.1.15"
46.22.135.218 - - [10/May/2026:16:45:13 +1000] "POST /wp-login.php HTTP/2" 301 795 "https://pgkdistribution.com.au/wp-login.php" "Mozilla/5.0 (Macintosh; Intel Mac OS X 10_15_7) AppleWebKit/605.1.15 (KHTML, like Gecko) Version/18.3 Safari/605.1.15"
46.22.135.218 - - [10/May/2026:16:45:13 +1000] "GET /wp-login.php HTTP/2" 200 2507 "https://pgkdistribution.com.au/wp-login.php" "Mozilla/5.0 (Macintosh; Intel Mac OS X 10_15_7) AppleWebKit/605.1.15 (KHTML, like Gecko) Version/18.3 Safari/605.1.15"
43.129.54.214 - - [10/May/2026:16:45:21 +1000] "GET /wp-login.php HTTP/2" 301 795 "-" "Mozilla/5.0 (Macintosh; Intel Mac OS X 11_7_10) AppleWebKit/537.36 (KHTML, like Gecko) Chrome/133.0.0.0 Safari/537.36"
111.67.29.221 - - [10/May/2026:16:45:24 +1000] "POST /wp-cron.php?doing_wp_cron=1778395524.0733358860015869140625 HTTP/1.1" 200 538 "-" "WordPress/6.9.4; https://www.pgkdistribution.com.au"
43.129.54.214 - - [10/May/2026:16:45:22 +1000] "GET /wp-login.php HTTP/2" 200 2507 "https://pgkdistribution.com.au/wp-login.php" "Mozilla/5.0 (Macintosh; Intel Mac OS X 11_7_10) AppleWebKit/537.36 (KHTML, like Gecko) Chrome/133.0.0.0 Safari/537.36"
43.129.54.214 - - [10/May/2026:16:45:24 +1000] "POST /wp-login.php HTTP/2" 301 795 "https://pgkdistribution.com.au/wp-login.php" "Mozilla/5.0 (Macintosh; Intel Mac OS X 11_7_10) AppleWebKit/537.36 (KHTML, like Gecko) Chrome/133.0.0.0 Safari/537.36"
43.129.54.214 - - [10/May/2026:16:45:24 +1000] "GET /wp-login.php HTTP/2" 200 2507 "https://pgkdistribution.com.au/wp-login.php" "Mozilla/5.0 (Macintosh; Intel Mac OS X 11_7_10) AppleWebKit/537.36 (KHTML, like Gecko) Chrome/133.0.0.0 Safari/537.36"
82.196.25.136 - - [10/May/2026:16:45:41 +1000] "GET /wp-login.php HTTP/2" 301 795 "-" "Mozilla/5.0 (Windows NT 10.0) AppleWebKit/537.36 (KHTML, like Gecko) Chrome/133.0.0.0 Safari/537.36"
192.254.226.61 - - [10/May/2026:16:45:39 +1000] "GET /wp-login.php HTTP/2" 200 2507 "-" "Mozilla/5.0 (X11; Linux i686) AppleWebKit/537.36 (KHTML, like Gecko) Chrome/133.0.0.0 Safari/537.36"
82.196.25.136 - - [10/May/2026:16:45:43 +1000] "GET /wp-login.php HTTP/2" 200 2507 "https://pgkdistribution.com.au/wp-login.php" "Mozilla/5.0 (Windows NT 10.0) AppleWebKit/537.36 (KHTML, like Gecko) Chrome/133.0.0.0 Safari/537.36"
82.196.25.136 - - [10/May/2026:16:45:55 +1000] "POST /wp-login.php HTTP/2" 301 795 "https://pgkdistribution.com.au/wp-login.php" "Mozilla/5.0 (Windows NT 10.0) AppleWebKit/537.36 (KHTML, like Gecko) Chrome/133.0.0.0 Safari/537.36"
82.196.25.136 - - [10/May/2026:16:45:55 +1000] "GET /wp-login.php HTTP/2" 200 2507 "https://pgkdistribution.com.au/wp-login.php" "Mozilla/5.0 (Windows NT 10.0) AppleWebKit/537.36 (KHTML, like Gecko) Chrome/133.0.0.0 Safari/537.36"
192.254.226.61 - - [10/May/2026:16:45:55 +1000] "POST /wp-login.php HTTP/2" 200 2659 "https://www.pgkdistribution.com.au/wp-login.php" "Mozilla/5.0 (X11; Linux i686) AppleWebKit/537.36 (KHTML, like Gecko) Chrome/133.0.0.0 Safari/537.36"
45.236.128.46 - - [10/May/2026:16:46:28 +1000] "GET /wp-login.php HTTP/2" 301 795 "-" "Mozilla/5.0 (X11; Fedora; Linux x86_64) AppleWebKit/537.36 (KHTML, like Gecko) Chrome/133.0.0.0 Safari/537.36"
111.67.29.221 - - [10/May/2026:16:46:37 +1000] "POST /wp-cron.php?doing_wp_cron=1778395597.2857589721679687500000 HTTP/1.1" 200 538 "-" "WordPress/6.9.4; https://www.pgkdistribution.com.au"
