110.249.202.228 - - [10/May/2026:19:04:51 +1000] "GET /wp-content/uploads/2021/05/linkedin.png HTTP/2" 301 795 "https://www.pgkdistribution.com.au/" "Mozilla/5.0 (Linux; Android 5.0) AppleWebKit/537.36 (KHTML, like Gecko) Mobile Safari/537.36 (compatible; Bytespider; https://zhanzhang.toutiao.com/)"
110.249.202.28 - - [10/May/2026:19:04:51 +1000] "GET /wp-content/uploads/2021/05/linkedin.png HTTP/2" 200 2841 "https://www.pgkdistribution.com.au/" "Mozilla/5.0 (Linux; Android 5.0) AppleWebKit/537.36 (KHTML, like Gecko) Mobile Safari/537.36 (compatible; Bytespider; https://zhanzhang.toutiao.com/)"
110.249.202.28 - - [10/May/2026:19:04:51 +1000] "POST /?wc-ajax=get_refreshed_fragments HTTP/2" 200 379 "https://www.pgkdistribution.com.au/ev-chargers/" "Mozilla/5.0 (Linux; Android 5.0) AppleWebKit/537.36 (KHTML, like Gecko) Mobile Safari/537.36 (compatible; Bytespider; https://zhanzhang.toutiao.com/)"
110.249.202.198 - - [10/May/2026:19:05:09 +1000] "GET /wp-content/uploads/2021/05/AC-Weatherproof-Isolator-Installation-Manual.pdf HTTP/2" 200 114625 "-" "Mozilla/5.0 (Linux; Android 5.0) AppleWebKit/537.36 (KHTML, like Gecko) Mobile Safari/537.36 (compatible; Bytespider; https://zhanzhang.toutiao.com/)"
111.225.148.234 - - [10/May/2026:19:05:10 +1000] "GET /product/solar-pv-label-kit-disconnection-point/ HTTP/2" 301 795 "-" "Mozilla/5.0 (Linux; Android 5.0) AppleWebKit/537.36 (KHTML, like Gecko) Mobile Safari/537.36 (compatible; Bytespider; https://zhanzhang.toutiao.com/)"
66.249.64.101 - - [10/May/2026:19:05:13 +1000] "GET /product-tag/sale/ HTTP/1.1" 301 1317 "-" "Mozilla/5.0 (Linux; Android 6.0.1; Nexus 5X Build/MMB29P) AppleWebKit/537.36 (KHTML, like Gecko) Chrome/147.0.7727.137 Mobile Safari/537.36 (compatible; Googlebot/2.1; +http://www.google.com/bot.html)"
111.67.29.221 - - [10/May/2026:19:05:14 +1000] "POST /wp-cron.php?doing_wp_cron=1778403914.2735600471496582031250 HTTP/1.1" 200 538 "-" "WordPress/6.9.4; https://www.pgkdistribution.com.au"
111.225.148.17 - - [10/May/2026:19:05:12 +1000] "GET /product/solar-pv-label-kit-disconnection-point/ HTTP/2" 200 34696 "-" "Mozilla/5.0 (Linux; Android 5.0) AppleWebKit/537.36 (KHTML, like Gecko) Mobile Safari/537.36 (compatible; Bytespider; https://zhanzhang.toutiao.com/)"
111.225.148.17 - - [10/May/2026:19:05:15 +1000] "GET /wp-content/plugins/user-registration-plugin-for-woocommerce/front/css/afreg_front.css?ver=1.0 HTTP/2" 200 536 "https://www.pgkdistribution.com.au/product/solar-pv-label-kit-disconnection-point/" "Mozilla/5.0 (Linux; Android 5.0) AppleWebKit/537.36 (KHTML, like Gecko) Mobile Safari/537.36 (compatible; Bytespider; https://zhanzhang.toutiao.com/)"
111.225.148.17 - - [10/May/2026:19:05:15 +1000] "GET /wp-content/plugins/gutentor/assets/library/fontawesome/css/all.min.css?ver=5.12.0 HTTP/2" 200 11931 "https://www.pgkdistribution.com.au/product/solar-pv-label-kit-disconnection-point/" "Mozilla/5.0 (Linux; Android 5.0) AppleWebKit/537.36 (KHTML, like Gecko) Mobile Safari/537.36 (compatible; Bytespider; https://zhanzhang.toutiao.com/)"
111.225.148.17 - - [10/May/2026:19:05:15 +1000] "GET /wp-content/plugins/woocommerce/assets/client/blocks/wc-blocks.css?ver=wc-10.7.0 HTTP/2" 200 2391 "https://www.pgkdistribution.com.au/product/solar-pv-label-kit-disconnection-point/" "Mozilla/5.0 (Linux; Android 5.0) AppleWebKit/537.36 (KHTML, like Gecko) Mobile Safari/537.36 (compatible; Bytespider; https://zhanzhang.toutiao.com/)"
111.225.148.17 - - [10/May/2026:19:05:15 +1000] "GET /wp-content/plugins/gutentor/assets/library/animatecss/animate.min.css?ver=3.7.2 HTTP/2" 200 4011 "https://www.pgkdistribution.com.au/product/solar-pv-label-kit-disconnection-point/" "Mozilla/5.0 (Linux; Android 5.0) AppleWebKit/537.36 (KHTML, like Gecko) Mobile Safari/537.36 (compatible; Bytespider; https://zhanzhang.toutiao.com/)"
111.225.148.17 - - [10/May/2026:19:05:15 +1000] "GET /wp-includes/css/dist/preferences/style.min.css?ver=6.9.4 HTTP/2" 200 337 "https://www.pgkdistribution.com.au/product/solar-pv-label-kit-disconnection-point/" "Mozilla/5.0 (Linux; Android 5.0) AppleWebKit/537.36 (KHTML, like Gecko) Mobile Safari/537.36 (compatible; Bytespider; https://zhanzhang.toutiao.com/)"
111.225.148.17 - - [10/May/2026:19:05:16 +1000] "GET /wp-content/plugins/woocommerce/assets/css/photoswipe/default-skin/default-skin.min.css?ver=10.7.0 HTTP/2" 200 1759 "https://www.pgkdistribution.com.au/product/solar-pv-label-kit-disconnection-point/" "Mozilla/5.0 (Linux; Android 5.0) AppleWebKit/537.36 (KHTML, like Gecko) Mobile Safari/537.36 (compatible; Bytespider; https://zhanzhang.toutiao.com/)"
111.225.148.17 - - [10/May/2026:19:05:16 +1000] "GET /wp-content/themes/storefront/assets/css/base/icons.css?ver=4.6.1 HTTP/2" 200 14127 "https://www.pgkdistribution.com.au/product/solar-pv-label-kit-disconnection-point/" "Mozilla/5.0 (Linux; Android 5.0) AppleWebKit/537.36 (KHTML, like Gecko) Mobile Safari/537.36 (compatible; Bytespider; https://zhanzhang.toutiao.com/)"
111.225.148.17 - - [10/May/2026:19:05:15 +1000] "GET /wp-content/plugins/gutentor/dist/blocks.style.build.css?ver=3.5.3 HTTP/2" 200 24490 "https://www.pgkdistribution.com.au/product/solar-pv-label-kit-disconnection-point/" "Mozilla/5.0 (Linux; Android 5.0) AppleWebKit/537.36 (KHTML, like Gecko) Mobile Safari/537.36 (compatible; Bytespider; https://zhanzhang.toutiao.com/)"
111.67.29.221 - - [10/May/2026:19:05:18 +1000] "POST /wp-cron.php?doing_wp_cron=1778403918.5103809833526611328125 HTTP/1.1" 200 538 "-" "WordPress/6.9.4; https://www.pgkdistribution.com.au"
66.249.70.172 - - [10/May/2026:19:05:16 +1000] "GET /product-tag/sale/ HTTP/1.1" 200 29223 "-" "Mozilla/5.0 (Linux; Android 6.0.1; Nexus 5X Build/MMB29P) AppleWebKit/537.36 (KHTML, like Gecko) Chrome/147.0.7727.137 Mobile Safari/537.36 (compatible; Googlebot/2.1; +http://www.google.com/bot.html)"
111.225.148.17 - - [10/May/2026:19:05:16 +1000] "GET /wp-content/plugins/storefront-homepage-contact-section/assets/css/style.css?ver=6.9.4 HTTP/2" 200 549 "https://www.pgkdistribution.com.au/product/solar-pv-label-kit-disconnection-point/" "Mozilla/5.0 (Linux; Android 5.0) AppleWebKit/537.36 (KHTML, like Gecko) Mobile Safari/537.36 (compatible; Bytespider; https://zhanzhang.toutiao.com/)"
111.225.148.17 - - [10/May/2026:19:05:16 +1000] "GET /wp-content/uploads/2022/05/SE019DP-457x224.png HTTP/2" 206 500 "https://www.pgkdistribution.com.au/product/solar-pv-label-kit-disconnection-point/" "Mozilla/5.0 (Linux; Android 5.0) AppleWebKit/537.36 (KHTML, like Gecko) Mobile Safari/537.36 (compatible; Bytespider; https://zhanzhang.toutiao.com/)"
111.225.148.17 - - [10/May/2026:19:05:19 +1000] "GET /wp-content/plugins/advanced-product-fields-for-woocommerce/assets/js/frontend.min.js?ver=1.6.17 HTTP/2" 200 2102 "https://www.pgkdistribution.com.au/product/solar-pv-label-kit-disconnection-point/" "Mozilla/5.0 (Linux; Android 5.0) AppleWebKit/537.36 (KHTML, like Gecko) Mobile Safari/537.36 (compatible; Bytespider; https://zhanzhang.toutiao.com/)"
52.167.144.175 - - [10/May/2026:19:05:18 +1000] "GET /product/pgk-1500v-dc-isolator-bare/ HTTP/2" 200 35304 "-" "Mozilla/5.0 AppleWebKit/537.36 (KHTML, like Gecko; compatible; bingbot/2.0; +http://www.bing.com/bingbot.htm) Chrome/116.0.1938.76 Safari/537.36"
111.225.148.17 - - [10/May/2026:19:05:21 +1000] "GET /wp-content/plugins/mailchimp-for-woocommerce/public/js/mailchimp-woocommerce-public.min.js?ver=5.5.1.07 HTTP/2" 200 2143 "https://www.pgkdistribution.com.au/product/solar-pv-label-kit-disconnection-point/" "Mozilla/5.0 (Linux; Android 5.0) AppleWebKit/537.36 (KHTML, like Gecko) Mobile Safari/537.36 (compatible; Bytespider; https://zhanzhang.toutiao.com/)"
111.225.148.234 - - [10/May/2026:19:05:21 +1000] "GET /wp-content/uploads/2021/05/facebook.png HTTP/2" 301 795 "https://www.pgkdistribution.com.au/" "Mozilla/5.0 (Linux; Android 5.0) AppleWebKit/537.36 (KHTML, like Gecko) Mobile Safari/537.36 (compatible; Bytespider; https://zhanzhang.toutiao.com/)"
111.225.148.17 - - [10/May/2026:19:05:21 +1000] "GET /wp-content/plugins/woocommerce-table-rate-shipping/assets/js/frontend-checkout.min.js?ver=3.5.8 HTTP/2" 200 196 "https://www.pgkdistribution.com.au/product/solar-pv-label-kit-disconnection-point/" "Mozilla/5.0 (Linux; Android 5.0) AppleWebKit/537.36 (KHTML, like Gecko) Mobile Safari/537.36 (compatible; Bytespider; https://zhanzhang.toutiao.com/)"
111.225.148.17 - - [10/May/2026:19:05:21 +1000] "GET /wp-content/themes/storefront/assets/js/woocommerce/extensions/brands.min.js?ver=4.6.1 HTTP/2" 200 258 "https://www.pgkdistribution.com.au/product/solar-pv-label-kit-disconnection-point/" "Mozilla/5.0 (Linux; Android 5.0) AppleWebKit/537.36 (KHTML, like Gecko) Mobile Safari/537.36 (compatible; Bytespider; https://zhanzhang.toutiao.com/)"
111.225.148.17 - - [10/May/2026:19:05:21 +1000] "GET /wp-content/themes/storefront/assets/js/sticky-add-to-cart.min.js?ver=4.6.1 HTTP/2" 200 416 "https://www.pgkdistribution.com.au/product/solar-pv-label-kit-disconnection-point/" "Mozilla/5.0 (Linux; Android 5.0) AppleWebKit/537.36 (KHTML, like Gecko) Mobile Safari/537.36 (compatible; Bytespider; https://zhanzhang.toutiao.com/)"
111.225.148.17 - - [10/May/2026:19:05:21 +1000] "GET /wp-includes/js/dist/dom-ready.min.js?ver=f77871ff7694fffea381 HTTP/2" 200 275 "https://www.pgkdistribution.com.au/product/solar-pv-label-kit-disconnection-point/" "Mozilla/5.0 (Linux; Android 5.0) AppleWebKit/537.36 (KHTML, like Gecko) Mobile Safari/537.36 (compatible; Bytespider; https://zhanzhang.toutiao.com/)"
111.225.148.17 - - [10/May/2026:19:05:21 +1000] "GET /wp-content/plugins/woocommerce/assets/js/frontend/woocommerce.min.js?ver=10.7.0 HTTP/2" 200 1332 "https://www.pgkdistribution.com.au/product/solar-pv-label-kit-disconnection-point/" "Mozilla/5.0 (Linux; Android 5.0) AppleWebKit/537.36 (KHTML, like Gecko) Mobile Safari/537.36 (compatible; Bytespider; https://zhanzhang.toutiao.com/)"
111.225.148.17 - - [10/May/2026:19:05:21 +1000] "GET /wp-content/uploads/2021/05/SE030M-500x500-1-356x356.jpg HTTP/2" 206 500 "https://www.pgkdistribution.com.au/product/solar-pv-label-kit-disconnection-point/" "Mozilla/5.0 (Linux; Android 5.0) AppleWebKit/537.36 (KHTML, like Gecko) Mobile Safari/537.36 (compatible; Bytespider; https://zhanzhang.toutiao.com/)"
111.225.148.17 - - [10/May/2026:19:05:21 +1000] "GET /wp-content/uploads/2021/05/SE073-500x500-1-356x356.jpg HTTP/2" 206 500 "https://www.pgkdistribution.com.au/product/solar-pv-label-kit-disconnection-point/" "Mozilla/5.0 (Linux; Android 5.0) AppleWebKit/537.36 (KHTML, like Gecko) Mobile Safari/537.36 (compatible; Bytespider; https://zhanzhang.toutiao.com/)"
111.225.148.234 - - [10/May/2026:19:05:21 +1000] "GET /wp-content/uploads/2021/05/Twitter.png HTTP/2" 301 795 "https://www.pgkdistribution.com.au/" "Mozilla/5.0 (Linux; Android 5.0) AppleWebKit/537.36 (KHTML, like Gecko) Mobile Safari/537.36 (compatible; Bytespider; https://zhanzhang.toutiao.com/)"
111.225.148.234 - - [10/May/2026:19:05:21 +1000] "GET /wp-content/uploads/2021/05/linkedin.png HTTP/2" 301 795 "https://www.pgkdistribution.com.au/" "Mozilla/5.0 (Linux; Android 5.0) AppleWebKit/537.36 (KHTML, like Gecko) Mobile Safari/537.36 (compatible; Bytespider; https://zhanzhang.toutiao.com/)"
111.225.148.17 - - [10/May/2026:19:05:21 +1000] "GET /wp-content/uploads/2021/05/facebook.png HTTP/2" 200 2373 "https://www.pgkdistribution.com.au/" "Mozilla/5.0 (Linux; Android 5.0) AppleWebKit/537.36 (KHTML, like Gecko) Mobile Safari/537.36 (compatible; Bytespider; https://zhanzhang.toutiao.com/)"
66.249.70.171 - - [10/May/2026:19:05:23 +1000] "GET /wp-content/plugins/mailchimp-for-woocommerce/public/js/mailchimp-woocommerce-public.min.js?ver=5.5.1.07 HTTP/1.1" 200 2749 "https://www.pgkdistribution.com.au/product-tag/sale/" "Mozilla/5.0 (Linux; Android 6.0.1; Nexus 5X Build/MMB29P) AppleWebKit/537.36 (KHTML, like Gecko) Chrome/147.0.7727.137 Mobile Safari/537.36 (compatible; Googlebot/2.1; +http://www.google.com/bot.html)"
111.225.148.17 - - [10/May/2026:19:05:22 +1000] "POST /?wc-ajax=get_refreshed_fragments HTTP/2" 200 379 "https://www.pgkdistribution.com.au/product/solar-pv-label-kit-disconnection-point/" "Mozilla/5.0 (Linux; Android 5.0) AppleWebKit/537.36 (KHTML, like Gecko) Mobile Safari/537.36 (compatible; Bytespider; https://zhanzhang.toutiao.com/)"
111.225.148.17 - - [10/May/2026:19:05:22 +1000] "POST /wp-admin/admin-ajax.php HTTP/2" 200 0 "https://www.pgkdistribution.com.au/product/solar-pv-label-kit-disconnection-point/" "Mozilla/5.0 (Linux; Android 5.0) AppleWebKit/537.36 (KHTML, like Gecko) Mobile Safari/537.36 (compatible; Bytespider; https://zhanzhang.toutiao.com/)"
66.249.70.171 - - [10/May/2026:19:05:25 +1000] "GET /wp-content/themes/storefront/assets/js/woocommerce/extensions/brands.min.js?ver=4.6.1 HTTP/1.1" 200 684 "https://www.pgkdistribution.com.au/product-tag/sale/" "Mozilla/5.0 (Linux; Android 6.0.1; Nexus 5X Build/MMB29P) AppleWebKit/537.36 (KHTML, like Gecko) Chrome/147.0.7727.137 Mobile Safari/537.36 (compatible; Googlebot/2.1; +http://www.google.com/bot.html)"
110.249.201.114 - - [10/May/2026:19:05:34 +1000] "GET /wp-content/uploads/2022/02/1x10mm%C2%B2-IEC-62930-DC-Cable.pdf HTTP/2" 200 114625 "-" "Mozilla/5.0 (Linux; Android 5.0) AppleWebKit/537.36 (KHTML, like Gecko) Mobile Safari/537.36 (compatible; Bytespider; https://zhanzhang.toutiao.com/)"
34.141.230.59 - - [10/May/2026:19:05:31 +1000] "GET /product/7-1kw-reverse-cycle-split-system/?add-to-cart=1408 HTTP/2" 200 34559 "-" "LinkupBot/1.0 (LinkupBot for web indexing; https://linkup.so/bot; bot@linkup.so)"
179.108.84.136 - - [10/May/2026:19:06:12 +1000] "GET /wp-login.php HTTP/2" 301 795 "-" "Mozilla/5.0 (Macintosh; Intel Mac OS X 10_15_7) AppleWebKit/605.1.15 (KHTML, like Gecko) Version/18.3 Safari/605.1.15"
43.159.152.184 - - [10/May/2026:19:06:11 +1000] "GET / HTTP/1.1" 200 43390 "http://pgkdistribution.com.au" "Mozilla/5.0 (iPhone; CPU iPhone OS 13_2_3 like Mac OS X) AppleWebKit/605.1.15 (KHTML, like Gecko) Version/13.0.3 Mobile/15E148 Safari/604.1"
111.67.29.221 - - [10/May/2026:19:06:26 +1000] "POST /wp-cron.php?doing_wp_cron=1778403986.2024600505828857421875 HTTP/1.1" 200 538 "-" "WordPress/6.9.4; https://www.pgkdistribution.com.au"
14.234.40.4 - - [10/May/2026:19:06:23 +1000] "GET /product/solis-3p-50kw-four-mppt HTTP/1.1" 301 602 "https://www.pgkdistribution.com.au/" "Mozilla/5.0 (Macintosh; Intel Mac OS X 10_15_7) AppleWebKit/537.36 (KHTML, like Gecko) Chrome/129.0.6668.59 Safari/537.36"
14.234.40.4 - - [10/May/2026:19:06:26 +1000] "GET /product/solis-3p-50kw-four-mppt/ HTTP/1.1" 200 35379 "https://www.pgkdistribution.com.au/" "Mozilla/5.0 (Macintosh; Intel Mac OS X 10_15_7) AppleWebKit/537.36 (KHTML, like Gecko) Chrome/129.0.6668.59 Safari/537.36"
179.108.84.136 - lokeshkumar234 [10/May/2026:19:06:36 +1000] "GET /wp-json/wp/v2/users/me HTTP/2" 301 795 "-" "Mozilla/5.0 (Macintosh; Intel Mac OS X 10_15_7) AppleWebKit/605.1.15 (KHTML, like Gecko) Version/18.3 Safari/605.1.15"
167.172.79.172 - - [10/May/2026:19:06:41 +1000] "GET /wp-login.php HTTP/2" 301 795 "-" "Mozilla/5.0 (X11; Linux x86_64) AppleWebKit/537.36 (KHTML, like Gecko) Chrome/133.0.0.0 Safari/537.36 Edg/133.0.0.0"
167.172.79.172 - - [10/May/2026:19:06:42 +1000] "GET /wp-login.php HTTP/2" 200 2507 "https://pgkdistribution.com.au/wp-login.php" "Mozilla/5.0 (X11; Linux x86_64) AppleWebKit/537.36 (KHTML, like Gecko) Chrome/133.0.0.0 Safari/537.36 Edg/133.0.0.0"
167.172.79.172 - - [10/May/2026:19:06:44 +1000] "POST /wp-login.php HTTP/2" 301 795 "https://pgkdistribution.com.au/wp-login.php" "Mozilla/5.0 (X11; Linux x86_64) AppleWebKit/537.36 (KHTML, like Gecko) Chrome/133.0.0.0 Safari/537.36 Edg/133.0.0.0"
110.249.201.134 - - [10/May/2026:19:06:44 +1000] "GET /wp-content/uploads/2021/05/PGK-1200V-SAA-Certificate.pdf HTTP/2" 301 795 "-" "Mozilla/5.0 (Linux; Android 5.0) AppleWebKit/537.36 (KHTML, like Gecko) Mobile Safari/537.36 (compatible; Bytespider; https://zhanzhang.toutiao.com/)"
110.249.201.50 - - [10/May/2026:19:06:46 +1000] "GET /wp-content/uploads/2021/05/PGK-1200V-SAA-Certificate.pdf HTTP/2" 200 49125 "-" "Mozilla/5.0 (Linux; Android 5.0) AppleWebKit/537.36 (KHTML, like Gecko) Mobile Safari/537.36 (compatible; Bytespider; https://zhanzhang.toutiao.com/)"
167.172.79.172 - - [10/May/2026:19:06:45 +1000] "GET /wp-login.php HTTP/2" 200 2507 "https://pgkdistribution.com.au/wp-login.php" "Mozilla/5.0 (X11; Linux x86_64) AppleWebKit/537.36 (KHTML, like Gecko) Chrome/133.0.0.0 Safari/537.36 Edg/133.0.0.0"
198.232.1.135 - - [10/May/2026:19:07:01 +1000] "GET /cookie-policy/ HTTP/2" 200 30369 "-" "Mozilla/5.0 (Macintosh; Intel Mac OS X 10_15_7) AppleWebKit/537.36 (KHTML, like Gecko) Chrome/142.0.0.0 Safari/537.36"
111.67.29.221 - - [10/May/2026:19:07:37 +1000] "POST /wp-cron.php?doing_wp_cron=1778404057.4253358840942382812500 HTTP/1.1" 200 538 "-" "WordPress/6.9.4; https://www.pgkdistribution.com.au"
212.227.21.19 - - [10/May/2026:19:07:35 +1000] "GET /robots.txt HTTP/1.1" 200 1012 "-" "Mozilla/5.0 (compatible; MJ12bot/v1.4.8; http://mj12bot.com/)"
212.227.21.19 - - [10/May/2026:19:07:39 +1000] "GET /product/1x10mm%C2%B2-iec-62930-dc-cable-100m/ HTTP/1.1" 200 35522 "-" "Mozilla/5.0 (compatible; MJ12bot/v1.4.8; http://mj12bot.com/)"
212.227.21.19 - - [10/May/2026:19:07:45 +1000] "GET /product/1x10mm%C2%B2-iec-62930-dc-cable-500m/ HTTP/1.1" 200 35494 "-" "Mozilla/5.0 (compatible; MJ12bot/v1.4.8; http://mj12bot.com/)"
212.227.21.19 - - [10/May/2026:19:07:50 +1000] "GET /product/1x4mm%C2%B2-iec-62930-dc-cable-100m/ HTTP/1.1" 200 35188 "-" "Mozilla/5.0 (compatible; MJ12bot/v1.4.8; http://mj12bot.com/)"
212.227.21.19 - - [10/May/2026:19:07:56 +1000] "GET /product/1x4mm%C2%B2-iec-62930-dc-cable-500m/ HTTP/1.1" 200 35509 "-" "Mozilla/5.0 (compatible; MJ12bot/v1.4.8; http://mj12bot.com/)"
212.227.21.19 - - [10/May/2026:19:08:02 +1000] "GET /product/1x6mm%C2%B2-iec-62930-dc-cable-100m/ HTTP/1.1" 200 35422 "-" "Mozilla/5.0 (compatible; MJ12bot/v1.4.8; http://mj12bot.com/)"
212.227.21.19 - - [10/May/2026:19:08:07 +1000] "GET /product/1x6mm%C2%B2-iec-62930-dc-cable-500m/ HTTP/1.1" 200 35477 "-" "Mozilla/5.0 (compatible; MJ12bot/v1.4.8; http://mj12bot.com/)"
64.226.120.21 - - [10/May/2026:19:08:11 +1000] "GET /wp-login.php HTTP/2" 301 795 "-" "Mozilla/5.0 (Macintosh; Intel Mac OS X 10_15_7) AppleWebKit/537.36 (KHTML, like Gecko) Chrome/133.0.0.0 Safari/537.36"
64.226.120.21 - - [10/May/2026:19:08:12 +1000] "GET /wp-login.php HTTP/2" 200 2507 "https://pgkdistribution.com.au/wp-login.php" "Mozilla/5.0 (Macintosh; Intel Mac OS X 10_15_7) AppleWebKit/537.36 (KHTML, like Gecko) Chrome/133.0.0.0 Safari/537.36"
64.226.120.21 - - [10/May/2026:19:08:14 +1000] "POST /wp-login.php HTTP/2" 301 795 "https://pgkdistribution.com.au/wp-login.php" "Mozilla/5.0 (Macintosh; Intel Mac OS X 10_15_7) AppleWebKit/537.36 (KHTML, like Gecko) Chrome/133.0.0.0 Safari/537.36"
212.227.21.19 - - [10/May/2026:19:08:12 +1000] "GET /product/2x10mm%C2%B2-1500v-dc-cable-500m/ HTTP/1.1" 200 35502 "-" "Mozilla/5.0 (compatible; MJ12bot/v1.4.8; http://mj12bot.com/)"
64.226.120.21 - - [10/May/2026:19:08:15 +1000] "GET /wp-login.php HTTP/2" 200 2507 "https://pgkdistribution.com.au/wp-login.php" "Mozilla/5.0 (Macintosh; Intel Mac OS X 10_15_7) AppleWebKit/537.36 (KHTML, like Gecko) Chrome/133.0.0.0 Safari/537.36"
111.67.29.221 - - [10/May/2026:19:08:21 +1000] "POST /wp-cron.php?doing_wp_cron=1778404101.8167979717254638671875 HTTP/1.1" 200 538 "-" "WordPress/6.9.4; https://www.pgkdistribution.com.au"
212.227.21.19 - - [10/May/2026:19:08:18 +1000] "GET /product/2x16mm%C2%B2-iec-62930-dc-cable-100m/ HTTP/1.1" 200 35685 "-" "Mozilla/5.0 (compatible; MJ12bot/v1.4.8; http://mj12bot.com/)"
212.227.21.19 - - [10/May/2026:19:08:24 +1000] "GET /product/2x16mm%C2%B2-iec-62930-dc-cable-500m/ HTTP/1.1" 200 35772 "-" "Mozilla/5.0 (compatible; MJ12bot/v1.4.8; http://mj12bot.com/)"
212.227.21.19 - - [10/May/2026:19:08:30 +1000] "GET /product/2x4mm%C2%B2-iec-62930-dc-cable-100m/ HTTP/1.1" 200 35514 "-" "Mozilla/5.0 (compatible; MJ12bot/v1.4.8; http://mj12bot.com/)"
212.227.21.19 - - [10/May/2026:19:08:35 +1000] "GET /product/2x4mm%C2%B2-iec-62930-dc-cable-500m/ HTTP/1.1" 200 35075 "-" "Mozilla/5.0 (compatible; MJ12bot/v1.4.8; http://mj12bot.com/)"
212.227.21.19 - - [10/May/2026:19:08:41 +1000] "GET /product/2x6mm%C2%B2-iec-62930-dc-cable-100m/ HTTP/1.1" 200 35439 "-" "Mozilla/5.0 (compatible; MJ12bot/v1.4.8; http://mj12bot.com/)"
212.227.21.19 - - [10/May/2026:19:08:46 +1000] "GET /product/earthing-cable-10mm%C2%B2/ HTTP/1.1" 200 35557 "-" "Mozilla/5.0 (compatible; MJ12bot/v1.4.8; http://mj12bot.com/)"
52.202.233.37 - - [10/May/2026:19:09:19 +1000] "GET /product/160a-pv-dc-moulded-case-circuit-breaker/ HTTP/1.1" 301 1311 "-" "Mozilla/5.0 AppleWebKit/537.36 (KHTML, like Gecko; compatible; Amazonbot/0.1; +https://developer.amazon.com/support/amazonbot) Chrome/119.0.6045.214 Safari/537.36"
111.67.29.221 - - [10/May/2026:19:09:20 +1000] "POST /wp-cron.php?doing_wp_cron=1778404160.8458108901977539062500 HTTP/1.1" 200 538 "-" "WordPress/6.9.4; https://www.pgkdistribution.com.au"
52.205.113.104 - - [10/May/2026:19:09:18 +1000] "GET /product/80a-pv-dc-moulded-case-circuit-breaker/ HTTP/1.1" 200 35467 "-" "Mozilla/5.0 AppleWebKit/537.36 (KHTML, like Gecko; compatible; Amazonbot/0.1; +https://developer.amazon.com/support/amazonbot) Chrome/119.0.6045.214 Safari/537.36"
111.225.149.38 - - [10/May/2026:19:09:21 +1000] "GET /wp-content/uploads/2021/05/DC-Isolator-Installation-Manual.pdf HTTP/2" 301 795 "-" "Mozilla/5.0 (Linux; Android 5.0) AppleWebKit/537.36 (KHTML, like Gecko) Mobile Safari/537.36 (compatible; Bytespider; https://zhanzhang.toutiao.com/)"
34.226.89.140 - - [10/May/2026:19:09:20 +1000] "GET /product/160a-pv-dc-moulded-case-circuit-breaker/ HTTP/1.1" 200 35219 "-" "Mozilla/5.0 AppleWebKit/537.36 (KHTML, like Gecko; compatible; Amazonbot/0.1; +https://developer.amazon.com/support/amazonbot) Chrome/119.0.6045.214 Safari/537.36"
111.225.149.181 - - [10/May/2026:19:09:24 +1000] "GET /wp-content/uploads/2021/05/DC-Isolator-Installation-Manual.pdf HTTP/2" 200 49125 "-" "Mozilla/5.0 (Linux; Android 5.0) AppleWebKit/537.36 (KHTML, like Gecko) Mobile Safari/537.36 (compatible; Bytespider; https://zhanzhang.toutiao.com/)"
54.84.147.79 - - [10/May/2026:19:09:22 +1000] "GET /product/inner-clamp-35mm-silver/ HTTP/1.1" 200 35326 "-" "Mozilla/5.0 AppleWebKit/537.36 (KHTML, like Gecko; compatible; Amazonbot/0.1; +https://developer.amazon.com/support/amazonbot) Chrome/119.0.6045.214 Safari/537.36"
147.135.37.185 - - [10/May/2026:19:09:25 +1000] "GET /wp-login.php HTTP/2" 301 795 "-" "Mozilla/5.0 (X11; Linux i686) AppleWebKit/537.36 (KHTML, like Gecko) Chrome/133.0.0.0 Safari/537.36"
98.84.184.80 - - [10/May/2026:19:09:26 +1000] "GET /product/pgk-4p-1500v-35a-din-railmount/ HTTP/1.1" 200 35679 "-" "Mozilla/5.0 AppleWebKit/537.36 (KHTML, like Gecko; compatible; Amazonbot/0.1; +https://developer.amazon.com/support/amazonbot) Chrome/119.0.6045.214 Safari/537.36"
111.225.148.91 - - [10/May/2026:19:09:44 +1000] "GET /cookie-policy/ HTTP/2" 200 30369 "-" "Mozilla/5.0 (Linux; Android 5.0) AppleWebKit/537.36 (KHTML, like Gecko) Mobile Safari/537.36 (compatible; Bytespider; https://zhanzhang.toutiao.com/)"
111.225.148.91 - - [10/May/2026:19:09:48 +1000] "GET /wp-content/plugins/gutentor/assets/library/animatecss/animate.min.css?ver=3.7.2 HTTP/2" 200 4011 "https://www.pgkdistribution.com.au/cookie-policy/" "Mozilla/5.0 (Linux; Android 5.0) AppleWebKit/537.36 (KHTML, like Gecko) Mobile Safari/537.36 (compatible; Bytespider; https://zhanzhang.toutiao.com/)"
111.225.148.91 - - [10/May/2026:19:09:49 +1000] "GET /wp-content/plugins/gutentor/assets/library/wpness-grid/wpness-grid.css?ver=1.0.0 HTTP/2" 200 2693 "https://www.pgkdistribution.com.au/cookie-policy/" "Mozilla/5.0 (Linux; Android 5.0) AppleWebKit/537.36 (KHTML, like Gecko) Mobile Safari/537.36 (compatible; Bytespider; https://zhanzhang.toutiao.com/)"
111.225.148.91 - - [10/May/2026:19:09:49 +1000] "GET /wp-includes/css/dist/preferences/style.min.css?ver=6.9.4 HTTP/2" 200 337 "https://www.pgkdistribution.com.au/cookie-policy/" "Mozilla/5.0 (Linux; Android 5.0) AppleWebKit/537.36 (KHTML, like Gecko) Mobile Safari/537.36 (compatible; Bytespider; https://zhanzhang.toutiao.com/)"
111.225.148.91 - - [10/May/2026:19:09:49 +1000] "GET /wp-content/plugins/advanced-product-fields-for-woocommerce/assets/css/frontend.min.css?ver=1.6.17 HTTP/2" 200 427 "https://www.pgkdistribution.com.au/cookie-policy/" "Mozilla/5.0 (Linux; Android 5.0) AppleWebKit/537.36 (KHTML, like Gecko) Mobile Safari/537.36 (compatible; Bytespider; https://zhanzhang.toutiao.com/)"
111.225.148.91 - - [10/May/2026:19:09:49 +1000] "GET /wp-content/themes/storefront/assets/css/woocommerce/woocommerce.css?ver=4.6.1 HTTP/2" 200 8579 "https://www.pgkdistribution.com.au/cookie-policy/" "Mozilla/5.0 (Linux; Android 5.0) AppleWebKit/537.36 (KHTML, like Gecko) Mobile Safari/537.36 (compatible; Bytespider; https://zhanzhang.toutiao.com/)"
111.225.148.91 - - [10/May/2026:19:09:49 +1000] "GET /wp-content/plugins/gutentor/dist/gutentor-woocommerce.css?ver=3.5.3 HTTP/2" 200 567 "https://www.pgkdistribution.com.au/cookie-policy/" "Mozilla/5.0 (Linux; Android 5.0) AppleWebKit/537.36 (KHTML, like Gecko) Mobile Safari/537.36 (compatible; Bytespider; https://zhanzhang.toutiao.com/)"
111.225.148.91 - - [10/May/2026:19:09:49 +1000] "GET /wp-includes/js/jquery/jquery-migrate.min.js?ver=3.4.1 HTTP/2" 200 4678 "https://www.pgkdistribution.com.au/cookie-policy/" "Mozilla/5.0 (Linux; Android 5.0) AppleWebKit/537.36 (KHTML, like Gecko) Mobile Safari/537.36 (compatible; Bytespider; https://zhanzhang.toutiao.com/)"
111.225.148.91 - - [10/May/2026:19:09:49 +1000] "GET /wp-content/plugins/gutentor/assets/library/wow/wow.min.js?ver=1.2.1 HTTP/2" 200 2636 "https://www.pgkdistribution.com.au/cookie-policy/" "Mozilla/5.0 (Linux; Android 5.0) AppleWebKit/537.36 (KHTML, like Gecko) Mobile Safari/537.36 (compatible; Bytespider; https://zhanzhang.toutiao.com/)"
111.225.148.91 - - [10/May/2026:19:09:49 +1000] "GET /wp-content/plugins/contact-form-7/includes/swv/js/index.js?ver=6.1.3 HTTP/2" 200 3369 "https://www.pgkdistribution.com.au/cookie-policy/" "Mozilla/5.0 (Linux; Android 5.0) AppleWebKit/537.36 (KHTML, like Gecko) Mobile Safari/537.36 (compatible; Bytespider; https://zhanzhang.toutiao.com/)"
173.255.247.77 - - [10/May/2026:19:09:49 +1000] "GET /wp-login.php HTTP/2" 200 2507 "-" "Mozilla/5.0 (Windows NT 10.0; WOW64) AppleWebKit/537.36 (KHTML, like Gecko) Chrome/133.0.0.0 Safari/537.36"
111.225.148.91 - - [10/May/2026:19:09:52 +1000] "GET /wp-content/plugins/woocommerce/assets/js/sourcebuster/sourcebuster.min.js?ver=10.7.0 HTTP/2" 200 4609 "https://www.pgkdistribution.com.au/cookie-policy/" "Mozilla/5.0 (Linux; Android 5.0) AppleWebKit/537.36 (KHTML, like Gecko) Mobile Safari/537.36 (compatible; Bytespider; https://zhanzhang.toutiao.com/)"
111.225.148.91 - - [10/May/2026:19:09:52 +1000] "GET /wp-content/themes/homestore/assets/js/homestore.min.js?ver=2.0.33 HTTP/2" 200 901 "https://www.pgkdistribution.com.au/cookie-policy/" "Mozilla/5.0 (Linux; Android 5.0) AppleWebKit/537.36 (KHTML, like Gecko) Mobile Safari/537.36 (compatible; Bytespider; https://zhanzhang.toutiao.com/)"
173.255.247.77 - - [10/May/2026:19:09:51 +1000] "POST /wp-login.php HTTP/2" 200 2660 "https://www.pgkdistribution.com.au/wp-login.php" "Mozilla/5.0 (Windows NT 10.0; WOW64) AppleWebKit/537.36 (KHTML, like Gecko) Chrome/133.0.0.0 Safari/537.36"
111.225.148.150 - - [10/May/2026:19:09:53 +1000] "GET /wp-content/uploads/2021/05/facebook.png HTTP/2" 301 795 "https://www.pgkdistribution.com.au/" "Mozilla/5.0 (Linux; Android 5.0) AppleWebKit/537.36 (KHTML, like Gecko) Mobile Safari/537.36 (compatible; Bytespider; https://zhanzhang.toutiao.com/)"
111.225.148.150 - - [10/May/2026:19:09:53 +1000] "GET /wp-content/uploads/2021/05/linkedin.png HTTP/2" 301 795 "https://www.pgkdistribution.com.au/" "Mozilla/5.0 (Linux; Android 5.0) AppleWebKit/537.36 (KHTML, like Gecko) Mobile Safari/537.36 (compatible; Bytespider; https://zhanzhang.toutiao.com/)"
111.225.148.150 - - [10/May/2026:19:09:53 +1000] "GET /wp-content/uploads/2021/05/Twitter.png HTTP/2" 301 795 "https://www.pgkdistribution.com.au/" "Mozilla/5.0 (Linux; Android 5.0) AppleWebKit/537.36 (KHTML, like Gecko) Mobile Safari/537.36 (compatible; Bytespider; https://zhanzhang.toutiao.com/)"
111.67.29.221 - - [10/May/2026:19:09:56 +1000] "POST /wp-cron.php?doing_wp_cron=1778404196.3632700443267822265625 HTTP/1.1" 200 538 "-" "WordPress/6.9.4; https://www.pgkdistribution.com.au"
111.225.148.91 - - [10/May/2026:19:09:53 +1000] "POST /?wc-ajax=get_refreshed_fragments HTTP/2" 200 379 "https://www.pgkdistribution.com.au/cookie-policy/" "Mozilla/5.0 (Linux; Android 5.0) AppleWebKit/537.36 (KHTML, like Gecko) Mobile Safari/537.36 (compatible; Bytespider; https://zhanzhang.toutiao.com/)"
111.225.148.121 - - [10/May/2026:19:10:08 +1000] "GET /wp-content/uploads/2022/02/2x4mm%C2%B2-IEC-62930-DC-Cable.pdf HTTP/2" 200 114625 "-" "Mozilla/5.0 (Linux; Android 5.0) AppleWebKit/537.36 (KHTML, like Gecko) Mobile Safari/537.36 (compatible; Bytespider; https://zhanzhang.toutiao.com/)"
91.224.199.123 - - [10/May/2026:19:10:17 +1000] "GET /wp-login.php HTTP/2" 301 795 "-" "Mozilla/5.0 (Macintosh; Intel Mac OS X 11_7_10) AppleWebKit/537.36 (KHTML, like Gecko) Chrome/133.0.0.0 Safari/537.36"
111.67.29.221 - - [10/May/2026:19:10:21 +1000] "POST /wp-cron.php?doing_wp_cron=1778404221.8369140625000000000000 HTTP/1.1" 200 538 "-" "WordPress/6.9.4; https://www.pgkdistribution.com.au"
91.224.199.123 - - [10/May/2026:19:10:19 +1000] "GET /wp-login.php HTTP/2" 200 2534 "https://pgkdistribution.com.au/wp-login.php" "Mozilla/5.0 (Macintosh; Intel Mac OS X 11_7_10) AppleWebKit/537.36 (KHTML, like Gecko) Chrome/133.0.0.0 Safari/537.36"
91.224.199.123 - - [10/May/2026:19:10:22 +1000] "POST /wp-login.php HTTP/2" 301 795 "https://pgkdistribution.com.au/wp-login.php" "Mozilla/5.0 (Macintosh; Intel Mac OS X 11_7_10) AppleWebKit/537.36 (KHTML, like Gecko) Chrome/133.0.0.0 Safari/537.36"
91.224.199.123 - - [10/May/2026:19:10:22 +1000] "GET /wp-login.php HTTP/2" 200 2507 "https://pgkdistribution.com.au/wp-login.php" "Mozilla/5.0 (Macintosh; Intel Mac OS X 11_7_10) AppleWebKit/537.36 (KHTML, like Gecko) Chrome/133.0.0.0 Safari/537.36"
111.225.148.135 - - [10/May/2026:19:10:33 +1000] "GET /product/air-purifier-600 HTTP/2" 301 795 "-" "Mozilla/5.0 (Linux; Android 5.0) AppleWebKit/537.36 (KHTML, like Gecko) Mobile Safari/537.36 (compatible; Bytespider; https://zhanzhang.toutiao.com/)"
147.135.37.185 - - [10/May/2026:19:10:34 +1000] "GET /wp-login.php HTTP/2" 301 795 "-" "Mozilla/5.0 (Windows NT 10.0; WOW64) AppleWebKit/537.36 (KHTML, like Gecko) Chrome/133.0.0.0 Safari/537.36"
147.135.37.185 - - [10/May/2026:19:10:36 +1000] "GET /wp-login.php HTTP/2" 200 2507 "https://pgkdistribution.com.au/wp-login.php" "Mozilla/5.0 (Windows NT 10.0; WOW64) AppleWebKit/537.36 (KHTML, like Gecko) Chrome/133.0.0.0 Safari/537.36"
111.225.148.48 - - [10/May/2026:19:10:36 +1000] "GET /product/air-purifier-600 HTTP/2" 301 0 "-" "Mozilla/5.0 (Linux; Android 5.0) AppleWebKit/537.36 (KHTML, like Gecko) Mobile Safari/537.36 (compatible; Bytespider; https://zhanzhang.toutiao.com/)"
147.135.37.185 - - [10/May/2026:19:10:38 +1000] "POST /wp-login.php HTTP/2" 301 795 "https://pgkdistribution.com.au/wp-login.php" "Mozilla/5.0 (Windows NT 10.0; WOW64) AppleWebKit/537.36 (KHTML, like Gecko) Chrome/133.0.0.0 Safari/537.36"
111.225.148.48 - - [10/May/2026:19:10:38 +1000] "GET /product/air-purifier-600/ HTTP/2" 200 34461 "-" "Mozilla/5.0 (Linux; Android 5.0) AppleWebKit/537.36 (KHTML, like Gecko) Mobile Safari/537.36 (compatible; Bytespider; https://zhanzhang.toutiao.com/)"
147.135.37.185 - - [10/May/2026:19:10:39 +1000] "GET /wp-login.php HTTP/2" 200 2507 "https://pgkdistribution.com.au/wp-login.php" "Mozilla/5.0 (Windows NT 10.0; WOW64) AppleWebKit/537.36 (KHTML, like Gecko) Chrome/133.0.0.0 Safari/537.36"
111.225.148.48 - - [10/May/2026:19:10:42 +1000] "GET /wp-content/plugins/user-registration-plugin-for-woocommerce/front/css/afreg_color_spectrum.css?ver=1.0 HTTP/2" 200 3713 "https://www.pgkdistribution.com.au/product/air-purifier-600/" "Mozilla/5.0 (Linux; Android 5.0) AppleWebKit/537.36 (KHTML, like Gecko) Mobile Safari/537.36 (compatible; Bytespider; https://zhanzhang.toutiao.com/)"
111.225.148.48 - - [10/May/2026:19:10:42 +1000] "GET /wp-content/plugins/gutentor/assets/library/animatecss/animate.min.css?ver=3.7.2 HTTP/2" 200 4011 "https://www.pgkdistribution.com.au/product/air-purifier-600/" "Mozilla/5.0 (Linux; Android 5.0) AppleWebKit/537.36 (KHTML, like Gecko) Mobile Safari/537.36 (compatible; Bytespider; https://zhanzhang.toutiao.com/)"
111.225.148.48 - - [10/May/2026:19:10:42 +1000] "GET /wp-content/plugins/woocommerce/assets/css/photoswipe/photoswipe.min.css?ver=10.7.0 HTTP/2" 200 846 "https://www.pgkdistribution.com.au/product/air-purifier-600/" "Mozilla/5.0 (Linux; Android 5.0) AppleWebKit/537.36 (KHTML, like Gecko) Mobile Safari/537.36 (compatible; Bytespider; https://zhanzhang.toutiao.com/)"
111.225.148.48 - - [10/May/2026:19:10:42 +1000] "GET /wp-content/themes/storefront/style.css?ver=4.6.1 HTTP/2" 200 8134 "https://www.pgkdistribution.com.au/product/air-purifier-600/" "Mozilla/5.0 (Linux; Android 5.0) AppleWebKit/537.36 (KHTML, like Gecko) Mobile Safari/537.36 (compatible; Bytespider; https://zhanzhang.toutiao.com/)"
111.225.148.48 - - [10/May/2026:19:10:42 +1000] "GET /wp-content/plugins/woocommerce/assets/css/photoswipe/default-skin/default-skin.min.css?ver=10.7.0 HTTP/2" 200 1759 "https://www.pgkdistribution.com.au/product/air-purifier-600/" "Mozilla/5.0 (Linux; Android 5.0) AppleWebKit/537.36 (KHTML, like Gecko) Mobile Safari/537.36 (compatible; Bytespider; https://zhanzhang.toutiao.com/)"
111.225.148.48 - - [10/May/2026:19:10:42 +1000] "GET /wp-content/themes/storefront/assets/css/base/icons.css?ver=4.6.1 HTTP/2" 200 14127 "https://www.pgkdistribution.com.au/product/air-purifier-600/" "Mozilla/5.0 (Linux; Android 5.0) AppleWebKit/537.36 (KHTML, like Gecko) Mobile Safari/537.36 (compatible; Bytespider; https://zhanzhang.toutiao.com/)"
111.225.148.48 - - [10/May/2026:19:10:42 +1000] "GET /wp-content/plugins/storefront-homepage-contact-section/assets/css/style.css?ver=6.9.4 HTTP/2" 200 549 "https://www.pgkdistribution.com.au/product/air-purifier-600/" "Mozilla/5.0 (Linux; Android 5.0) AppleWebKit/537.36 (KHTML, like Gecko) Mobile Safari/537.36 (compatible; Bytespider; https://zhanzhang.toutiao.com/)"
111.225.148.48 - - [10/May/2026:19:10:42 +1000] "GET /wp-includes/js/jquery/jquery.min.js?ver=3.7.1 HTTP/2" 200 29744 "https://www.pgkdistribution.com.au/product/air-purifier-600/" "Mozilla/5.0 (Linux; Android 5.0) AppleWebKit/537.36 (KHTML, like Gecko) Mobile Safari/537.36 (compatible; Bytespider; https://zhanzhang.toutiao.com/)"
111.225.148.48 - - [10/May/2026:19:10:45 +1000] "GET /wp-content/plugins/gutentor/assets/library/wow/wow.min.js?ver=1.2.1 HTTP/2" 200 2636 "https://www.pgkdistribution.com.au/product/air-purifier-600/" "Mozilla/5.0 (Linux; Android 5.0) AppleWebKit/537.36 (KHTML, like Gecko) Mobile Safari/537.36 (compatible; Bytespider; https://zhanzhang.toutiao.com/)"
111.225.148.48 - - [10/May/2026:19:10:46 +1000] "GET /wp-content/uploads/2023/01/AP600-457x457.png HTTP/2" 206 500 "https://www.pgkdistribution.com.au/product/air-purifier-600/" "Mozilla/5.0 (Linux; Android 5.0) AppleWebKit/537.36 (KHTML, like Gecko) Mobile Safari/537.36 (compatible; Bytespider; https://zhanzhang.toutiao.com/)"
111.225.148.48 - - [10/May/2026:19:10:48 +1000] "GET /wp-content/themes/storefront/assets/js/navigation.min.js?ver=4.6.1 HTTP/2" 200 843 "https://www.pgkdistribution.com.au/product/air-purifier-600/" "Mozilla/5.0 (Linux; Android 5.0) AppleWebKit/537.36 (KHTML, like Gecko) Mobile Safari/537.36 (compatible; Bytespider; https://zhanzhang.toutiao.com/)"
111.225.148.48 - - [10/May/2026:19:10:48 +1000] "GET /wp-content/plugins/woocommerce/assets/js/sourcebuster/sourcebuster.min.js?ver=10.7.0 HTTP/2" 200 4609 "https://www.pgkdistribution.com.au/product/air-purifier-600/" "Mozilla/5.0 (Linux; Android 5.0) AppleWebKit/537.36 (KHTML, like Gecko) Mobile Safari/537.36 (compatible; Bytespider; https://zhanzhang.toutiao.com/)"
111.225.148.48 - - [10/May/2026:19:10:48 +1000] "GET /wp-includes/js/dist/dom-ready.min.js?ver=f77871ff7694fffea381 HTTP/2" 200 275 "https://www.pgkdistribution.com.au/product/air-purifier-600/" "Mozilla/5.0 (Linux; Android 5.0) AppleWebKit/537.36 (KHTML, like Gecko) Mobile Safari/537.36 (compatible; Bytespider; https://zhanzhang.toutiao.com/)"
111.225.148.48 - - [10/May/2026:19:10:48 +1000] "GET /wp-content/plugins/gutentor/assets/js/gutentor.js?ver=3.5.3 HTTP/2" 200 11561 "https://www.pgkdistribution.com.au/product/air-purifier-600/" "Mozilla/5.0 (Linux; Android 5.0) AppleWebKit/537.36 (KHTML, like Gecko) Mobile Safari/537.36 (compatible; Bytespider; https://zhanzhang.toutiao.com/)"
111.225.148.48 - - [10/May/2026:19:10:48 +1000] "GET /wp-includes/js/dist/vendor/wp-polyfill.min.js?ver=3.15.0 HTTP/2" 200 11540 "https://www.pgkdistribution.com.au/product/air-purifier-600/" "Mozilla/5.0 (Linux; Android 5.0) AppleWebKit/537.36 (KHTML, like Gecko) Mobile Safari/537.36 (compatible; Bytespider; https://zhanzhang.toutiao.com/)"
111.225.148.48 - - [10/May/2026:19:10:49 +1000] "GET /wp-content/uploads/2023/01/Soltaro-EV-Charger-356x356.jpg HTTP/2" 206 500 "https://www.pgkdistribution.com.au/product/air-purifier-600/" "Mozilla/5.0 (Linux; Android 5.0) AppleWebKit/537.36 (KHTML, like Gecko) Mobile Safari/537.36 (compatible; Bytespider; https://zhanzhang.toutiao.com/)"
111.225.148.135 - - [10/May/2026:19:10:49 +1000] "GET /wp-content/uploads/2021/05/facebook.png HTTP/2" 301 795 "https://www.pgkdistribution.com.au/" "Mozilla/5.0 (Linux; Android 5.0) AppleWebKit/537.36 (KHTML, like Gecko) Mobile Safari/537.36 (compatible; Bytespider; https://zhanzhang.toutiao.com/)"
111.225.148.135 - - [10/May/2026:19:10:51 +1000] "GET /wp-content/uploads/2021/05/linkedin.png HTTP/2" 301 795 "https://www.pgkdistribution.com.au/" "Mozilla/5.0 (Linux; Android 5.0) AppleWebKit/537.36 (KHTML, like Gecko) Mobile Safari/537.36 (compatible; Bytespider; https://zhanzhang.toutiao.com/)"
111.225.148.135 - - [10/May/2026:19:10:51 +1000] "GET /wp-content/uploads/2021/05/Twitter.png HTTP/2" 301 795 "https://www.pgkdistribution.com.au/" "Mozilla/5.0 (Linux; Android 5.0) AppleWebKit/537.36 (KHTML, like Gecko) Mobile Safari/537.36 (compatible; Bytespider; https://zhanzhang.toutiao.com/)"
111.225.148.48 - - [10/May/2026:19:10:52 +1000] "GET /wp-content/uploads/2023/01/AP600.png HTTP/2" 206 500 "https://www.pgkdistribution.com.au/product/air-purifier-600/" "Mozilla/5.0 (Linux; Android 5.0) AppleWebKit/537.36 (KHTML, like Gecko) Mobile Safari/537.36 (compatible; Bytespider; https://zhanzhang.toutiao.com/)"
111.225.148.48 - - [10/May/2026:19:10:51 +1000] "POST /?wc-ajax=get_refreshed_fragments HTTP/2" 200 379 "https://www.pgkdistribution.com.au/product/air-purifier-600/" "Mozilla/5.0 (Linux; Android 5.0) AppleWebKit/537.36 (KHTML, like Gecko) Mobile Safari/537.36 (compatible; Bytespider; https://zhanzhang.toutiao.com/)"
111.225.148.48 - - [10/May/2026:19:10:51 +1000] "POST /wp-admin/admin-ajax.php HTTP/2" 200 36 "https://www.pgkdistribution.com.au/product/air-purifier-600/" "Mozilla/5.0 (Linux; Android 5.0) AppleWebKit/537.36 (KHTML, like Gecko) Mobile Safari/537.36 (compatible; Bytespider; https://zhanzhang.toutiao.com/)"
110.249.202.198 - - [10/May/2026:19:10:57 +1000] "GET / HTTP/2" 200 42564 "-" "Mozilla/5.0 (Linux; Android 5.0) AppleWebKit/537.36 (KHTML, like Gecko) Mobile Safari/537.36 (compatible; Bytespider; https://zhanzhang.toutiao.com/)"
110.249.202.198 - - [10/May/2026:19:11:03 +1000] "GET /wp-content/plugins/gutentor/assets/library/slick/slick.min.css?ver=1.8.1 HTTP/2" 200 395 "https://www.pgkdistribution.com.au/" "Mozilla/5.0 (Linux; Android 5.0) AppleWebKit/537.36 (KHTML, like Gecko) Mobile Safari/537.36 (compatible; Bytespider; https://zhanzhang.toutiao.com/)"
110.249.202.198 - - [10/May/2026:19:11:03 +1000] "GET /wp-content/plugins/gutentor/assets/library/animatecss/animate.min.css?ver=3.7.2 HTTP/2" 200 4011 "https://www.pgkdistribution.com.au/" "Mozilla/5.0 (Linux; Android 5.0) AppleWebKit/537.36 (KHTML, like Gecko) Mobile Safari/537.36 (compatible; Bytespider; https://zhanzhang.toutiao.com/)"
110.249.202.198 - - [10/May/2026:19:11:03 +1000] "GET /wp-content/themes/storefront/assets/css/base/gutenberg-blocks.css?ver=4.6.1 HTTP/2" 200 3289 "https://www.pgkdistribution.com.au/" "Mozilla/5.0 (Linux; Android 5.0) AppleWebKit/537.36 (KHTML, like Gecko) Mobile Safari/537.36 (compatible; Bytespider; https://zhanzhang.toutiao.com/)"
110.249.202.198 - - [10/May/2026:19:11:03 +1000] "GET /wp-content/plugins/contact-form-7/includes/css/styles.css?ver=6.1.3 HTTP/2" 200 899 "https://www.pgkdistribution.com.au/" "Mozilla/5.0 (Linux; Android 5.0) AppleWebKit/537.36 (KHTML, like Gecko) Mobile Safari/537.36 (compatible; Bytespider; https://zhanzhang.toutiao.com/)"
110.249.202.198 - - [10/May/2026:19:11:03 +1000] "GET /wp-content/plugins/advanced-product-fields-for-woocommerce/assets/css/frontend.min.css?ver=1.6.17 HTTP/2" 200 427 "https://www.pgkdistribution.com.au/" "Mozilla/5.0 (Linux; Android 5.0) AppleWebKit/537.36 (KHTML, like Gecko) Mobile Safari/537.36 (compatible; Bytespider; https://zhanzhang.toutiao.com/)"
110.249.202.198 - - [10/May/2026:19:11:03 +1000] "GET /wp-content/themes/homestore/style.css?ver=2.0.33 HTTP/2" 200 11227 "https://www.pgkdistribution.com.au/" "Mozilla/5.0 (Linux; Android 5.0) AppleWebKit/537.36 (KHTML, like Gecko) Mobile Safari/537.36 (compatible; Bytespider; https://zhanzhang.toutiao.com/)"
110.249.202.198 - - [10/May/2026:19:11:03 +1000] "GET /wp-content/plugins/gutentor/assets/library/wow/wow.min.js?ver=1.2.1 HTTP/2" 200 2636 "https://www.pgkdistribution.com.au/" "Mozilla/5.0 (Linux; Android 5.0) AppleWebKit/537.36 (KHTML, like Gecko) Mobile Safari/537.36 (compatible; Bytespider; https://zhanzhang.toutiao.com/)"
110.249.202.198 - - [10/May/2026:19:11:03 +1000] "GET /wp-includes/js/dist/i18n.min.js?ver=c26c3dc7bed366793375 HTTP/2" 200 2119 "https://www.pgkdistribution.com.au/" "Mozilla/5.0 (Linux; Android 5.0) AppleWebKit/537.36 (KHTML, like Gecko) Mobile Safari/537.36 (compatible; Bytespider; https://zhanzhang.toutiao.com/)"
110.249.202.198 - - [10/May/2026:19:11:03 +1000] "GET /wp-content/uploads/2021/05/PGK-Grey-font.png HTTP/2" 206 500 "https://www.pgkdistribution.com.au/" "Mozilla/5.0 (Linux; Android 5.0) AppleWebKit/537.36 (KHTML, like Gecko) Mobile Safari/537.36 (compatible; Bytespider; https://zhanzhang.toutiao.com/)"
110.249.202.198 - - [10/May/2026:19:11:03 +1000] "GET /wp-content/plugins/contact-form-7/includes/swv/js/index.js?ver=6.1.3 HTTP/2" 200 3369 "https://www.pgkdistribution.com.au/" "Mozilla/5.0 (Linux; Android 5.0) AppleWebKit/537.36 (KHTML, like Gecko) Mobile Safari/537.36 (compatible; Bytespider; https://zhanzhang.toutiao.com/)"
110.249.202.198 - - [10/May/2026:19:11:03 +1000] "GET /wp-content/plugins/woocommerce/assets/js/sourcebuster/sourcebuster.min.js?ver=10.7.0 HTTP/2" 200 4609 "https://www.pgkdistribution.com.au/" "Mozilla/5.0 (Linux; Android 5.0) AppleWebKit/537.36 (KHTML, like Gecko) Mobile Safari/537.36 (compatible; Bytespider; https://zhanzhang.toutiao.com/)"
110.249.202.198 - - [10/May/2026:19:11:03 +1000] "GET /wp-content/plugins/smart-slider-3/Public/SmartSlider3/Application/Frontend/Assets/dist/n2.min.js?ver=5ea20ab3 HTTP/2" 200 12016 "https://www.pgkdistribution.com.au/" "Mozilla/5.0 (Linux; Android 5.0) AppleWebKit/537.36 (KHTML, like Gecko) Mobile Safari/537.36 (compatible; Bytespider; https://zhanzhang.toutiao.com/)"
110.249.202.109 - - [10/May/2026:19:11:04 +1000] "GET /wp-content/uploads/2021/05/facebook.png HTTP/2" 301 795 "https://www.pgkdistribution.com.au/" "Mozilla/5.0 (Linux; Android 5.0) AppleWebKit/537.36 (KHTML, like Gecko) Mobile Safari/537.36 (compatible; Bytespider; https://zhanzhang.toutiao.com/)"
110.249.202.109 - - [10/May/2026:19:11:04 +1000] "GET /wp-content/uploads/2021/05/linkedin.png HTTP/2" 301 795 "https://www.pgkdistribution.com.au/" "Mozilla/5.0 (Linux; Android 5.0) AppleWebKit/537.36 (KHTML, like Gecko) Mobile Safari/537.36 (compatible; Bytespider; https://zhanzhang.toutiao.com/)"
110.249.202.109 - - [10/May/2026:19:11:04 +1000] "GET /wp-content/uploads/2021/05/Twitter.png HTTP/2" 301 795 "https://www.pgkdistribution.com.au/" "Mozilla/5.0 (Linux; Android 5.0) AppleWebKit/537.36 (KHTML, like Gecko) Mobile Safari/537.36 (compatible; Bytespider; https://zhanzhang.toutiao.com/)"
110.249.202.198 - - [10/May/2026:19:11:04 +1000] "POST /?wc-ajax=get_refreshed_fragments HTTP/2" 200 379 "https://www.pgkdistribution.com.au/" "Mozilla/5.0 (Linux; Android 5.0) AppleWebKit/537.36 (KHTML, like Gecko) Mobile Safari/537.36 (compatible; Bytespider; https://zhanzhang.toutiao.com/)"
110.249.201.197 - - [10/May/2026:19:11:22 +1000] "GET /wp-content/uploads/2021/05/AC-Weatherproof-Isolator-Installation-Manual.pdf HTTP/2" 200 114625 "-" "Mozilla/5.0 (Linux; Android 5.0) AppleWebKit/537.36 (KHTML, like Gecko) Mobile Safari/537.36 (compatible; Bytespider; https://zhanzhang.toutiao.com/)"
110.249.202.20 - - [10/May/2026:19:11:47 +1000] "GET /product/solar-pv-label-kit-disconnection-point/ HTTP/2" 301 795 "-" "Mozilla/5.0 (Linux; Android 5.0) AppleWebKit/537.36 (KHTML, like Gecko) Mobile Safari/537.36 (compatible; Bytespider; https://zhanzhang.toutiao.com/)"
111.67.29.221 - - [10/May/2026:19:11:50 +1000] "POST /wp-cron.php?doing_wp_cron=1778404310.8317649364471435546875 HTTP/1.1" 200 538 "-" "WordPress/6.9.4; https://www.pgkdistribution.com.au"
110.249.202.93 - - [10/May/2026:19:11:48 +1000] "GET /product/solar-pv-label-kit-disconnection-point/ HTTP/2" 200 34664 "-" "Mozilla/5.0 (Linux; Android 5.0) AppleWebKit/537.36 (KHTML, like Gecko) Mobile Safari/537.36 (compatible; Bytespider; https://zhanzhang.toutiao.com/)"
110.249.202.93 - - [10/May/2026:19:11:51 +1000] "GET /wp-content/plugins/gutentor/assets/library/animatecss/animate.min.css?ver=3.7.2 HTTP/2" 200 4011 "https://www.pgkdistribution.com.au/product/solar-pv-label-kit-disconnection-point/" "Mozilla/5.0 (Linux; Android 5.0) AppleWebKit/537.36 (KHTML, like Gecko) Mobile Safari/537.36 (compatible; Bytespider; https://zhanzhang.toutiao.com/)"
110.249.202.93 - - [10/May/2026:19:11:51 +1000] "GET /wp-content/plugins/woocommerce/assets/css/photoswipe/default-skin/default-skin.min.css?ver=10.7.0 HTTP/2" 200 1759 "https://www.pgkdistribution.com.au/product/solar-pv-label-kit-disconnection-point/" "Mozilla/5.0 (Linux; Android 5.0) AppleWebKit/537.36 (KHTML, like Gecko) Mobile Safari/537.36 (compatible; Bytespider; https://zhanzhang.toutiao.com/)"
110.249.202.93 - - [10/May/2026:19:11:51 +1000] "GET /wp-content/plugins/hide-price-add-to-cart-button/assets/js/afwhp_front.js?ver=1.0 HTTP/2" 200 67 "https://www.pgkdistribution.com.au/product/solar-pv-label-kit-disconnection-point/" "Mozilla/5.0 (Linux; Android 5.0) AppleWebKit/537.36 (KHTML, like Gecko) Mobile Safari/537.36 (compatible; Bytespider; https://zhanzhang.toutiao.com/)"
110.249.202.93 - - [10/May/2026:19:11:52 +1000] "GET /wp-content/plugins/gutentor/dist/gutentor-woocommerce.css?ver=3.5.3 HTTP/2" 200 567 "https://www.pgkdistribution.com.au/product/solar-pv-label-kit-disconnection-point/" "Mozilla/5.0 (Linux; Android 5.0) AppleWebKit/537.36 (KHTML, like Gecko) Mobile Safari/537.36 (compatible; Bytespider; https://zhanzhang.toutiao.com/)"
110.249.202.93 - - [10/May/2026:19:11:52 +1000] "GET /wp-content/plugins/mailchimp-for-woocommerce/public/js/mailchimp-woocommerce-public.min.js?ver=5.5.1.07 HTTP/2" 200 2143 "https://www.pgkdistribution.com.au/product/solar-pv-label-kit-disconnection-point/" "Mozilla/5.0 (Linux; Android 5.0) AppleWebKit/537.36 (KHTML, like Gecko) Mobile Safari/537.36 (compatible; Bytespider; https://zhanzhang.toutiao.com/)"
110.249.202.20 - - [10/May/2026:19:11:52 +1000] "GET /wp-content/uploads/2021/05/Twitter.png HTTP/2" 301 795 "https://www.pgkdistribution.com.au/" "Mozilla/5.0 (Linux; Android 5.0) AppleWebKit/537.36 (KHTML, like Gecko) Mobile Safari/537.36 (compatible; Bytespider; https://zhanzhang.toutiao.com/)"
110.249.202.93 - - [10/May/2026:19:11:52 +1000] "GET /wp-content/themes/homestore/assets/js/homestore.min.js?ver=2.0.33 HTTP/2" 200 901 "https://www.pgkdistribution.com.au/product/solar-pv-label-kit-disconnection-point/" "Mozilla/5.0 (Linux; Android 5.0) AppleWebKit/537.36 (KHTML, like Gecko) Mobile Safari/537.36 (compatible; Bytespider; https://zhanzhang.toutiao.com/)"
110.249.202.93 - - [10/May/2026:19:11:52 +1000] "GET /wp-content/plugins/woocommerce/assets/js/frontend/cart-fragments.min.js?ver=10.7.0 HTTP/2" 200 943 "https://www.pgkdistribution.com.au/product/solar-pv-label-kit-disconnection-point/" "Mozilla/5.0 (Linux; Android 5.0) AppleWebKit/537.36 (KHTML, like Gecko) Mobile Safari/537.36 (compatible; Bytespider; https://zhanzhang.toutiao.com/)"
110.249.202.20 - - [10/May/2026:19:11:52 +1000] "GET /wp-content/uploads/2021/05/facebook.png HTTP/2" 301 795 "https://www.pgkdistribution.com.au/" "Mozilla/5.0 (Linux; Android 5.0) AppleWebKit/537.36 (KHTML, like Gecko) Mobile Safari/537.36 (compatible; Bytespider; https://zhanzhang.toutiao.com/)"
110.249.202.20 - - [10/May/2026:19:11:52 +1000] "GET /wp-content/uploads/2021/05/linkedin.png HTTP/2" 301 795 "https://www.pgkdistribution.com.au/" "Mozilla/5.0 (Linux; Android 5.0) AppleWebKit/537.36 (KHTML, like Gecko) Mobile Safari/537.36 (compatible; Bytespider; https://zhanzhang.toutiao.com/)"
110.249.202.93 - - [10/May/2026:19:11:52 +1000] "GET /wp-content/uploads/2021/05/SE071-500x500-1-356x356.jpg HTTP/2" 206 500 "https://www.pgkdistribution.com.au/product/solar-pv-label-kit-disconnection-point/" "Mozilla/5.0 (Linux; Android 5.0) AppleWebKit/537.36 (KHTML, like Gecko) Mobile Safari/537.36 (compatible; Bytespider; https://zhanzhang.toutiao.com/)"
