160.250.186.220 - - [10/May/2026:04:35:01 +1000] "POST /wp-login.php HTTP/2" 301 795 "https://pgkdistribution.com.au/wp-login.php" "Mozilla/5.0 (X11; Fedora; Linux x86_64) AppleWebKit/537.36 (KHTML, like Gecko) Chrome/133.0.0.0 Safari/537.36"
160.250.186.220 - - [10/May/2026:04:35:02 +1000] "GET /wp-login.php HTTP/2" 200 2507 "https://pgkdistribution.com.au/wp-login.php" "Mozilla/5.0 (X11; Fedora; Linux x86_64) AppleWebKit/537.36 (KHTML, like Gecko) Chrome/133.0.0.0 Safari/537.36"
34.141.230.59 - - [10/May/2026:04:35:14 +1000] "GET /product/solis-1p-1500w-single-mppt/ HTTP/2" 200 35542 "-" "LinkupBot/1.0 (LinkupBot for web indexing; https://linkup.so/bot; bot@linkup.so)"
111.67.29.221 - - [10/May/2026:04:35:24 +1000] "POST /wp-cron.php?doing_wp_cron=1778351724.2122530937194824218750 HTTP/1.1" 200 538 "-" "WordPress/6.9.4; https://www.pgkdistribution.com.au"
34.141.230.59 - - [10/May/2026:04:35:20 +1000] "GET /product/solis-3p-20kw-four-mppt/ HTTP/2" 200 35318 "-" "LinkupBot/1.0 (LinkupBot for web indexing; https://linkup.so/bot; bot@linkup.so)"
34.141.230.59 - - [10/May/2026:04:35:27 +1000] "GET /product/pgk-600v-20a-2p-np-dc-breaker/ HTTP/2" 200 35494 "-" "LinkupBot/1.0 (LinkupBot for web indexing; https://linkup.so/bot; bot@linkup.so)"
111.67.29.221 - - [10/May/2026:04:37:07 +1000] "POST /wp-cron.php?doing_wp_cron=1778351827.0693509578704833984375 HTTP/1.1" 200 538 "-" "WordPress/6.9.4; https://www.pgkdistribution.com.au"
216.73.217.75 - - [10/May/2026:04:37:04 +1000] "GET /robots.txt HTTP/2" 200 454 "-" "Mozilla/5.0 AppleWebKit/537.36 (KHTML, like Gecko; compatible; ClaudeBot/1.0; +claudebot@anthropic.com)"
216.73.217.75 - - [10/May/2026:04:37:07 +1000] "GET /sitemap_index.xml HTTP/2" 200 440 "-" "Mozilla/5.0 AppleWebKit/537.36 (KHTML, like Gecko; compatible; ClaudeBot/1.0; +claudebot@anthropic.com)"
111.67.29.221 - - [10/May/2026:04:37:32 +1000] "POST /wp-cron.php?doing_wp_cron=1778351852.0315129756927490234375 HTTP/1.1" 200 538 "-" "WordPress/6.9.4; https://www.pgkdistribution.com.au"
51.68.107.159 - - [10/May/2026:04:37:30 +1000] "GET /robots.txt HTTP/1.1" 200 1049 "-" "Mozilla/5.0 (compatible; MJ12bot/v2.0.5; http://mj12bot.com/)"
51.68.107.159 - - [10/May/2026:04:37:32 +1000] "GET / HTTP/1.1" 200 43803 "-" "Mozilla/5.0 (compatible; MJ12bot/v2.0.5; http://mj12bot.com/)"
111.67.29.221 - - [10/May/2026:04:39:37 +1000] "POST /wp-cron.php?doing_wp_cron=1778351977.6561639308929443359375 HTTP/1.1" 200 538 "-" "WordPress/6.9.4; https://www.pgkdistribution.com.au"
45.142.193.140 - - [10/May/2026:04:39:35 +1000] "HEAD /wp-content/uploads/data.sql HTTP/2" 404 0 "-" "Mozilla/5.0 (Windows NT 10.0; Win64; x64) AppleWebKit/537.36 (KHTML, like Gecko) Chrome/121.0.0.0 Safari/537.36"
111.67.29.221 - - [10/May/2026:04:40:23 +1000] "POST /wp-cron.php?doing_wp_cron=1778352023.0531809329986572265625 HTTP/1.1" 200 538 "-" "WordPress/6.9.4; https://www.pgkdistribution.com.au"
45.142.193.140 - - [10/May/2026:04:40:20 +1000] "HEAD /dbdump.sql HTTP/2" 404 0 "-" "Mozilla/5.0 (Windows NT 10.0; Win64; x64) AppleWebKit/537.36 (KHTML, like Gecko) Chrome/121.0.0.0 Safari/537.36"
50.6.229.148 - - [10/May/2026:04:41:37 +1000] "GET /wp-login.php HTTP/2" 301 795 "-" "Mozilla/5.0 (Macintosh; Intel Mac OS X 10_15_7) AppleWebKit/605.1.15 (KHTML, like Gecko) Version/18.3 Safari/605.1.15"
111.67.29.221 - - [10/May/2026:04:41:41 +1000] "POST /wp-cron.php?doing_wp_cron=1778352101.2185521125793457031250 HTTP/1.1" 200 538 "-" "WordPress/6.9.4; https://www.pgkdistribution.com.au"
50.6.229.148 - - [10/May/2026:04:41:38 +1000] "GET /wp-login.php HTTP/2" 200 2507 "https://pgkdistribution.com.au/wp-login.php" "Mozilla/5.0 (Macintosh; Intel Mac OS X 10_15_7) AppleWebKit/605.1.15 (KHTML, like Gecko) Version/18.3 Safari/605.1.15"
50.6.229.148 - - [10/May/2026:04:41:41 +1000] "POST /wp-login.php HTTP/2" 301 795 "https://pgkdistribution.com.au/wp-login.php" "Mozilla/5.0 (Macintosh; Intel Mac OS X 10_15_7) AppleWebKit/605.1.15 (KHTML, like Gecko) Version/18.3 Safari/605.1.15"
54.39.210.73 - - [10/May/2026:04:41:41 +1000] "GET /sitemap_index.xml HTTP/2" 200 440 "-" "Mozilla/5.0 (compatible; AhrefsBot/7.0; +http://ahrefs.com/robot/)"
50.6.229.148 - - [10/May/2026:04:41:42 +1000] "GET /wp-login.php HTTP/2" 200 2507 "https://pgkdistribution.com.au/wp-login.php" "Mozilla/5.0 (Macintosh; Intel Mac OS X 10_15_7) AppleWebKit/605.1.15 (KHTML, like Gecko) Version/18.3 Safari/605.1.15"
212.119.40.151 - - [10/May/2026:04:41:43 +1000] "GET /my-account/ HTTP/1.1" 200 35154 "https://www.pgkdistribution.com.au/my-account/" "Mozilla/5.0 (Windows NT 6.3; Win64; x64) AppleWebKit/537.36 (KHTML, like Gecko) Chrome/103.0.0.0 Safari/537.36"
54.39.89.161 - - [10/May/2026:04:41:46 +1000] "GET /post-sitemap.xml HTTP/2" 200 380 "-" "Mozilla/5.0 (compatible; AhrefsBot/7.0; +http://ahrefs.com/robot/)"
111.67.29.221 - - [10/May/2026:04:41:53 +1000] "POST /wp-cron.php?doing_wp_cron=1778352113.4297599792480468750000 HTTP/1.1" 200 538 "-" "WordPress/6.9.4; https://www.pgkdistribution.com.au"
51.161.37.214 - - [10/May/2026:04:41:50 +1000] "GET /page-sitemap.xml HTTP/2" 200 1463 "-" "Mozilla/5.0 (compatible; AhrefsBot/7.0; +http://ahrefs.com/robot/)"
148.113.128.181 - - [10/May/2026:04:41:56 +1000] "GET /product-sitemap.xml HTTP/2" 200 3368 "-" "Mozilla/5.0 (compatible; AhrefsBot/7.0; +http://ahrefs.com/robot/)"
45.142.193.140 - - [10/May/2026:04:41:58 +1000] "HEAD /wp-content/uploads/backup.sql HTTP/2" 404 0 "-" "Mozilla/5.0 (Windows NT 10.0; Win64; x64) AppleWebKit/537.36 (KHTML, like Gecko) Chrome/121.0.0.0 Safari/537.36"
54.39.203.172 - - [10/May/2026:04:42:01 +1000] "GET /category-sitemap.xml HTTP/2" 200 388 "-" "Mozilla/5.0 (compatible; AhrefsBot/7.0; +http://ahrefs.com/robot/)"
54.39.89.136 - - [10/May/2026:04:42:06 +1000] "GET /product_cat-sitemap.xml HTTP/2" 200 750 "-" "Mozilla/5.0 (compatible; AhrefsBot/7.0; +http://ahrefs.com/robot/)"
51.161.37.33 - - [10/May/2026:04:42:10 +1000] "GET /product_tag-sitemap.xml HTTP/2" 200 418 "-" "Mozilla/5.0 (compatible; AhrefsBot/7.0; +http://ahrefs.com/robot/)"
142.44.233.134 - - [10/May/2026:04:42:14 +1000] "GET /product_shipping_class-sitemap.xml HTTP/2" 200 411 "-" "Mozilla/5.0 (compatible; AhrefsBot/7.0; +http://ahrefs.com/robot/)"
111.67.29.221 - - [10/May/2026:04:42:20 +1000] "POST /wp-cron.php?doing_wp_cron=1778352140.2263789176940917968750 HTTP/1.1" 200 538 "-" "WordPress/6.9.4; https://www.pgkdistribution.com.au"
54.39.210.102 - - [10/May/2026:04:42:18 +1000] "GET /author-sitemap.xml HTTP/2" 200 379 "-" "Mozilla/5.0 (compatible; AhrefsBot/7.0; +http://ahrefs.com/robot/)"
111.67.29.221 - - [10/May/2026:04:44:07 +1000] "POST /wp-cron.php?doing_wp_cron=1778352247.2271521091461181640625 HTTP/1.1" 200 538 "-" "WordPress/6.9.4; https://www.pgkdistribution.com.au"
66.249.70.171 - - [10/May/2026:04:44:03 +1000] "GET /product/soltaro-aio2-5kw-10kwh/ HTTP/1.1" 200 36258 "-" "googlebot-smart-phone"
111.67.29.221 - - [10/May/2026:04:45:04 +1000] "POST /wp-cron.php?doing_wp_cron=1778352304.2419190406799316406250 HTTP/1.1" 200 538 "-" "WordPress/6.9.4; https://www.pgkdistribution.com.au"
212.119.40.151 - - [10/May/2026:04:45:01 +1000] "POST /my-account/ HTTP/1.1" 200 35271 "https://www.pgkdistribution.com.au/my-account/" "Mozilla/5.0 (Windows NT 6.3; Win64; x64) AppleWebKit/537.36 (KHTML, like Gecko) Chrome/103.0.0.0 Safari/537.36"
212.119.40.151 - - [10/May/2026:04:45:06 +1000] "GET /xmlrpc.php HTTP/1.1" 405 585 "https://www.pgkdistribution.com.au/my-account/" "Mozilla/5.0 (Windows NT 6.3; Win64; x64) AppleWebKit/537.36 (KHTML, like Gecko) Chrome/103.0.0.0 Safari/537.36"
212.119.40.151 - - [10/May/2026:04:45:10 +1000] "POST /xmlrpc.php HTTP/1.1" 200 773 "https://www.pgkdistribution.com.au/xmlrpc.php" "Mozilla/5.0 (Windows NT 6.3; Win64; x64) AppleWebKit/537.36 (KHTML, like Gecko) Chrome/103.0.0.0 Safari/537.36"
212.119.40.151 - - [10/May/2026:04:45:15 +1000] "POST /xmlrpc.php HTTP/1.1" 200 773 "https://www.pgkdistribution.com.au/xmlrpc.php" "Mozilla/5.0 (Windows NT 6.3; Win64; x64) AppleWebKit/537.36 (KHTML, like Gecko) Chrome/103.0.0.0 Safari/537.36"
111.67.29.221 - - [10/May/2026:04:45:22 +1000] "POST /wp-cron.php?doing_wp_cron=1778352322.2230489253997802734375 HTTP/1.1" 200 538 "-" "WordPress/6.9.4; https://www.pgkdistribution.com.au"
212.119.40.151 - - [10/May/2026:04:45:19 +1000] "GET /my-account/ HTTP/1.1" 200 35154 "https://www.pgkdistribution.com.au/xmlrpc.php" "Mozilla/5.0 (Windows NT 6.3; Win64; x64) AppleWebKit/537.36 (KHTML, like Gecko) Chrome/103.0.0.0 Safari/537.36"
212.119.40.151 - - [10/May/2026:04:45:24 +1000] "GET /wp-admin/post-new.php HTTP/1.1" 302 770 "https://www.pgkdistribution.com.au/my-account/" "Mozilla/5.0 (Windows NT 6.3; Win64; x64) AppleWebKit/537.36 (KHTML, like Gecko) Chrome/103.0.0.0 Safari/537.36"
212.119.40.151 - - [10/May/2026:04:45:31 +1000] "GET /wp-login.php?redirect_to=https%3A%2F%2Fwww.pgkdistribution.com.au%2Fwp-admin%2Fpost-new.php&reauth=1 HTTP/1.1" 200 5569 "https://www.pgkdistribution.com.au/wp-admin/post-new.php" "Mozilla/5.0 (Windows NT 6.3; Win64; x64) AppleWebKit/537.36 (KHTML, like Gecko) Chrome/103.0.0.0 Safari/537.36"
160.250.186.220 - - [10/May/2026:04:46:03 +1000] "GET /wp-login.php HTTP/2" 200 2507 "-" "Mozilla/5.0 (Macintosh; Intel Mac OS X 10_15_7) AppleWebKit/537.36 (KHTML, like Gecko) Chrome/133.0.0.0 Safari/537.36 Edg/133.0.0.0"
160.250.186.220 - - [10/May/2026:04:46:05 +1000] "POST /wp-login.php HTTP/2" 200 2657 "https://www.pgkdistribution.com.au/wp-login.php" "Mozilla/5.0 (Macintosh; Intel Mac OS X 10_15_7) AppleWebKit/537.36 (KHTML, like Gecko) Chrome/133.0.0.0 Safari/537.36 Edg/133.0.0.0"
57.141.14.48 - - [10/May/2026:04:46:37 +1000] "GET /news_sitemap.xml HTTP/2" 301 795 "-" "meta-externalagent/1.1 (+https://developers.facebook.com/docs/sharing/webmasters/crawler)"
185.209.229.195 - - [10/May/2026:04:48:05 +1000] "GET /wp-login.php HTTP/2" 301 795 "-" "Mozilla/5.0 (Windows NT 10.0; Win64; x64; rv:133.0) Gecko/20100101 Firefox/133.0"
111.67.29.221 - - [10/May/2026:04:48:18 +1000] "POST /wp-cron.php?doing_wp_cron=1778352498.6763069629669189453125 HTTP/1.1" 200 538 "-" "WordPress/6.9.4; https://www.pgkdistribution.com.au"
185.209.229.195 - - [10/May/2026:04:48:09 +1000] "GET /wp-login.php HTTP/2" 200 2507 "https://pgkdistribution.com.au/wp-login.php" "Mozilla/5.0 (Windows NT 10.0; Win64; x64; rv:133.0) Gecko/20100101 Firefox/133.0"
185.209.229.195 - - [10/May/2026:04:48:19 +1000] "POST /wp-login.php HTTP/2" 301 795 "https://pgkdistribution.com.au/wp-login.php" "Mozilla/5.0 (Windows NT 10.0; Win64; x64; rv:133.0) Gecko/20100101 Firefox/133.0"
185.209.229.195 - - [10/May/2026:04:48:21 +1000] "GET /wp-login.php HTTP/2" 200 2507 "https://pgkdistribution.com.au/wp-login.php" "Mozilla/5.0 (Windows NT 10.0; Win64; x64; rv:133.0) Gecko/20100101 Firefox/133.0"
143.198.222.65 - - [10/May/2026:04:49:20 +1000] "GET /wp-login.php/wp-login.php HTTP/1.1" 301 1325 "-" "Mozilla/5.0 (X11; Linux x86_64) AppleWebKit/537.36 (KHTML, like Gecko) Chrome/134.0.0.0 Safari/537.36"
111.67.29.221 - - [10/May/2026:04:49:24 +1000] "POST /wp-cron.php?doing_wp_cron=1778352563.9912569522857666015625 HTTP/1.1" 200 538 "-" "WordPress/6.9.4; https://www.pgkdistribution.com.au"
143.198.222.65 - - [10/May/2026:04:49:21 +1000] "GET /wp-login.php/wp-login.php HTTP/1.1" 200 3361 "-" "Mozilla/5.0 (X11; Linux x86_64) AppleWebKit/537.36 (KHTML, like Gecko) Chrome/134.0.0.0 Safari/537.36"
143.198.222.65 - - [10/May/2026:04:49:24 +1000] "POST /wp-login.php/wp-login.php HTTP/1.1" 301 1325 "-" "Mozilla/5.0 (X11; Linux x86_64) AppleWebKit/537.36 (KHTML, like Gecko) Chrome/134.0.0.0 Safari/537.36"
143.198.222.65 - - [10/May/2026:04:49:25 +1000] "GET /wp-login.php/wp-login.php HTTP/1.1" 200 3183 "-" "Mozilla/5.0 (X11; Linux x86_64) AppleWebKit/537.36 (KHTML, like Gecko) Chrome/134.0.0.0 Safari/537.36"
143.198.222.65 - - [10/May/2026:04:49:26 +1000] "GET /wp-login.php/wp-admin/ HTTP/1.1" 301 1144 "-" "Mozilla/5.0 (X11; Linux x86_64) AppleWebKit/537.36 (KHTML, like Gecko) Chrome/134.0.0.0 Safari/537.36"
143.198.222.65 - - [10/May/2026:04:49:26 +1000] "GET /wp-login.php/wp-admin/ HTTP/1.1" 200 3183 "-" "Mozilla/5.0 (X11; Linux x86_64) AppleWebKit/537.36 (KHTML, like Gecko) Chrome/134.0.0.0 Safari/537.36"
111.67.29.221 - - [10/May/2026:04:50:44 +1000] "POST /wp-cron.php?doing_wp_cron=1778352644.0601940155029296875000 HTTP/1.1" 200 538 "-" "WordPress/6.9.4; https://www.pgkdistribution.com.au"
45.142.193.140 - - [10/May/2026:04:50:41 +1000] "HEAD /wp-content/uploads/database.sql HTTP/2" 404 0 "-" "Mozilla/5.0 (Windows NT 10.0; Win64; x64) AppleWebKit/537.36 (KHTML, like Gecko) Chrome/121.0.0.0 Safari/537.36"
185.9.19.90 - - [10/May/2026:04:51:09 +1000] "POST /owa/auth.owa HTTP/1.1" 301 1312 "https://pgkdistribution.com.au/owa/auth/logon.aspx?replaceCurrent=1&url=https%3a%2f%2fpgkdistribution.com.au%2fowa%2f" "Mozilla/5.0 (Windows NT 10.0; Win64; x64) AppleWebKit/537.36 (KHTML, like Gecko) Chrome/96.0.4664.110 Safari/537.36"
111.67.29.221 - - [10/May/2026:04:52:30 +1000] "POST /wp-cron.php?doing_wp_cron=1778352750.0106289386749267578125 HTTP/1.1" 200 538 "-" "WordPress/6.9.4; https://www.pgkdistribution.com.au"
139.59.184.99 - - [10/May/2026:04:52:27 +1000] "GET /wp-login.php HTTP/2" 200 2507 "-" "Mozilla/5.0 (Macintosh; Intel Mac OS X 10_15_7) AppleWebKit/537.36 (KHTML, like Gecko) Chrome/133.0.0.0 Safari/537.36 Edg/133.0.0.0"
139.59.184.99 - - [10/May/2026:04:52:30 +1000] "POST /wp-login.php HTTP/2" 200 2657 "https://www.pgkdistribution.com.au/wp-login.php" "Mozilla/5.0 (Macintosh; Intel Mac OS X 10_15_7) AppleWebKit/537.36 (KHTML, like Gecko) Chrome/133.0.0.0 Safari/537.36 Edg/133.0.0.0"
5.134.122.237 - - [10/May/2026:04:54:25 +1000] "GET /wp-login.php HTTP/2" 301 795 "-" "Mozilla/5.0 (X11; Ubuntu; Linux x86_64; rv:133.0) Gecko/20100101 Firefox/133.0"
111.67.29.221 - - [10/May/2026:04:54:30 +1000] "POST /wp-cron.php?doing_wp_cron=1778352870.7711989879608154296875 HTTP/1.1" 200 538 "-" "WordPress/6.9.4; https://www.pgkdistribution.com.au"
5.134.122.237 - - [10/May/2026:04:54:26 +1000] "GET /wp-login.php HTTP/2" 200 2507 "https://pgkdistribution.com.au/wp-login.php" "Mozilla/5.0 (X11; Ubuntu; Linux x86_64; rv:133.0) Gecko/20100101 Firefox/133.0"
5.134.122.237 - - [10/May/2026:04:54:31 +1000] "POST /wp-login.php HTTP/2" 301 795 "https://pgkdistribution.com.au/wp-login.php" "Mozilla/5.0 (X11; Ubuntu; Linux x86_64; rv:133.0) Gecko/20100101 Firefox/133.0"
5.134.122.237 - - [10/May/2026:04:54:31 +1000] "GET /wp-login.php HTTP/2" 200 2507 "https://pgkdistribution.com.au/wp-login.php" "Mozilla/5.0 (X11; Ubuntu; Linux x86_64; rv:133.0) Gecko/20100101 Firefox/133.0"
111.67.29.221 - - [10/May/2026:04:55:51 +1000] "POST /wp-cron.php?doing_wp_cron=1778352951.5655009746551513671875 HTTP/1.1" 200 538 "-" "WordPress/6.9.4; https://www.pgkdistribution.com.au"
223.109.252.222 - - [10/May/2026:04:55:48 +1000] "GET / HTTP/1.1" 200 43886 "-" "Sogou web spider/4.0(+http://www.sogou.com/docs/help/webmasters.htm#07)"
111.67.29.221 - - [10/May/2026:04:57:01 +1000] "POST /wp-cron.php?doing_wp_cron=1778353021.1210629940032958984375 HTTP/1.1" 200 538 "-" "WordPress/6.9.4; https://www.pgkdistribution.com.au"
45.142.193.140 - - [10/May/2026:04:56:58 +1000] "HEAD /fullbackup.sql HTTP/2" 404 0 "-" "Mozilla/5.0 (Windows NT 10.0; Win64; x64) AppleWebKit/537.36 (KHTML, like Gecko) Chrome/121.0.0.0 Safari/537.36"
43.165.7.135 - - [10/May/2026:04:57:08 +1000] "GET /product-category/storage/miscellaneous/ HTTP/1.1" 200 29553 "-" "Mozilla/5.0 (iPhone; CPU iPhone OS 13_2_3 like Mac OS X) AppleWebKit/605.1.15 (KHTML, like Gecko) Version/13.0.3 Mobile/15E148 Safari/604.1"
111.67.29.221 - - [10/May/2026:04:57:36 +1000] "POST /wp-cron.php?doing_wp_cron=1778353056.0319719314575195312500 HTTP/1.1" 200 538 "-" "WordPress/6.9.4; https://www.pgkdistribution.com.au"
40.77.167.143 - - [10/May/2026:04:57:33 +1000] "GET /product/electrical-lockdogs/ HTTP/2" 200 35801 "-" "Mozilla/5.0 AppleWebKit/537.36 (KHTML, like Gecko; compatible; bingbot/2.0; +http://www.bing.com/bingbot.htm) Chrome/116.0.1938.76 Safari/537.36"
103.247.197.1 - - [10/May/2026:04:57:42 +1000] "GET /robots.txt HTTP/1.1" 301 1310 "-" "Mozilla/5.0 (Macintosh; Intel Mac OS X 13.7; rv:126.0) Gecko/20100101 Firefox/126.0"
41.108.193.196 - - [10/May/2026:04:57:45 +1000] "GET /robots.txt HTTP/1.1" 200 1049 "-" "Mozilla/5.0 (Macintosh; Intel Mac OS X 13.7; rv:126.0) Gecko/20100101 Firefox/126.0"
111.67.29.221 - - [10/May/2026:04:58:36 +1000] "POST /wp-cron.php?doing_wp_cron=1778353116.3529949188232421875000 HTTP/1.1" 200 538 "-" "WordPress/6.9.4; https://www.pgkdistribution.com.au"
45.142.193.140 - - [10/May/2026:04:58:34 +1000] "HEAD /wp-content/mysql.sql HTTP/2" 404 0 "-" "Mozilla/5.0 (Windows NT 10.0; Win64; x64) AppleWebKit/537.36 (KHTML, like Gecko) Chrome/121.0.0.0 Safari/537.36"
14.175.42.111 - - [10/May/2026:04:59:00 +1000] "GET /wp-json/oembed/1.0/embed?format=xml&url=https%3A%2F%2Fwww.pgkdistribution.com.au%2Fterms-and-conditions-of-sale%2F HTTP/1.1" 200 2217 "-" "Mozilla/5.0 (Macintosh; Intel Mac OS X 10_15_7) AppleWebKit/537.36 (KHTML, like Gecko) Chrome/100.0.4896.75 Safari/537.36"
111.67.29.221 - - [10/May/2026:04:59:41 +1000] "POST /wp-cron.php?doing_wp_cron=1778353179.3047719001770019531250 HTTP/1.1" 200 538 "-" "WordPress/6.9.4; https://www.pgkdistribution.com.au"
51.79.230.3 - - [10/May/2026:04:59:36 +1000] "GET /wp-login.php HTTP/2" 200 2507 "-" "Mozilla/5.0 (Macintosh; Intel Mac OS X 10_15_7) AppleWebKit/537.36 (KHTML, like Gecko) Chrome/133.0.0.0 Safari/537.36 Edg/133.0.0.0"
222.254.13.87 - - [10/May/2026:04:59:38 +1000] "GET /wp-json/oembed/1.0/embed?url=https%3A%2F%2Fwww.pgkdistribution.com.au%2Fproduct%2Fsolar-pv-label-kit-deluxe%2F HTTP/1.1" 200 2178 "-" "Mozilla/5.0 (Windows NT 10.0; Win64; x64) AppleWebKit/537.36 (KHTML, like Gecko) Chrome/80.0.3987.163 Safari/537.36"
51.79.230.3 - - [10/May/2026:04:59:41 +1000] "POST /wp-login.php HTTP/2" 200 2657 "https://www.pgkdistribution.com.au/wp-login.php" "Mozilla/5.0 (Macintosh; Intel Mac OS X 10_15_7) AppleWebKit/537.36 (KHTML, like Gecko) Chrome/133.0.0.0 Safari/537.36 Edg/133.0.0.0"
111.67.29.221 - - [10/May/2026:05:00:43 +1000] "POST /wp-cron.php?doing_wp_cron=1778353243.2854299545288085937500 HTTP/1.1" 200 538 "-" "WordPress/6.9.4; https://www.pgkdistribution.com.au"
197.244.117.237 - - [10/May/2026:05:00:40 +1000] "GET / HTTP/1.1" 200 43944 "-" "Mozilla/5.0 (iPhone; CPU iPhone OS 12_4 like Mac OS X) AppleWebKit/605.1.15 (KHTML, like Gecko) Mobile/15E148 MicroMessenger/7.0.5(0x17000523) NetType/WIFI Language/zh_CN"
121.200.217.28 - - [10/May/2026:05:01:10 +1000] "GET /wp-login.php HTTP/2" 301 795 "-" "Mozilla/5.0 (X11; Linux i686) AppleWebKit/537.36 (KHTML, like Gecko) Chrome/133.0.0.0 Safari/537.36"
121.200.217.28 - - [10/May/2026:05:01:13 +1000] "GET /wp-login.php HTTP/2" 200 2507 "https://pgkdistribution.com.au/wp-login.php" "Mozilla/5.0 (X11; Linux i686) AppleWebKit/537.36 (KHTML, like Gecko) Chrome/133.0.0.0 Safari/537.36"
121.200.217.28 - - [10/May/2026:05:01:15 +1000] "POST /wp-login.php HTTP/2" 301 795 "https://pgkdistribution.com.au/wp-login.php" "Mozilla/5.0 (X11; Linux i686) AppleWebKit/537.36 (KHTML, like Gecko) Chrome/133.0.0.0 Safari/537.36"
111.67.29.221 - - [10/May/2026:05:01:18 +1000] "POST /wp-cron.php?doing_wp_cron=1778353278.5903251171112060546875 HTTP/1.1" 200 538 "-" "WordPress/6.9.4; https://www.pgkdistribution.com.au"
121.200.217.28 - - [10/May/2026:05:01:16 +1000] "GET /wp-login.php HTTP/2" 200 2507 "https://pgkdistribution.com.au/wp-login.php" "Mozilla/5.0 (X11; Linux i686) AppleWebKit/537.36 (KHTML, like Gecko) Chrome/133.0.0.0 Safari/537.36"
62.171.170.26 - - [10/May/2026:05:04:00 +1000] "GET /wp-admin/css/ HTTP/1.1" 404 1109 "binance.com" "Mozilla/5.0 (Windows NT 10.0; Win64; x64) AppleWebKit/537.36 (KHTML, like Gecko) Chrome/90.0.4430.85 Safari/537.36"
111.67.29.221 - - [10/May/2026:05:04:21 +1000] "POST /wp-cron.php?doing_wp_cron=1778353461.8374240398406982421875 HTTP/1.1" 200 538 "-" "WordPress/6.9.4; https://www.pgkdistribution.com.au"
52.3.155.146 - - [10/May/2026:05:04:18 +1000] "GET /product/solis-3p-50kw-four-mppt/ HTTP/1.1" 200 36115 "-" "Mozilla/5.0 AppleWebKit/537.36 (KHTML, like Gecko; compatible; Amazonbot/0.1; +https://developer.amazon.com/support/amazonbot) Chrome/119.0.6045.214 Safari/537.36"
62.171.170.26 - - [10/May/2026:05:04:50 +1000] "GET /.well-known/ HTTP/1.1" 404 30467 "binance.com" "Mozilla/5.0 (Windows NT 10.0; Win64; x64) AppleWebKit/537.36 (KHTML, like Gecko) Chrome/90.0.4430.85 Safari/537.36"
111.67.29.221 - - [10/May/2026:05:05:50 +1000] "POST /wp-cron.php?doing_wp_cron=1778353550.2150099277496337890625 HTTP/1.1" 200 538 "-" "WordPress/6.9.4; https://www.pgkdistribution.com.au"
62.171.170.26 - - [10/May/2026:05:05:47 +1000] "GET /sites/default/files/ HTTP/1.1" 404 30600 "binance.com" "Mozilla/5.0 (Windows NT 10.0; Win64; x64) AppleWebKit/537.36 (KHTML, like Gecko) Chrome/90.0.4430.85 Safari/537.36"
34.132.86.60 - - [10/May/2026:05:06:04 +1000] "GET / HTTP/1.1" 200 44308 "-" "Mozilla/5.0 (Windows NT 6.2; Win64; x64) AppleWebKit/537.36 (KHTML, like Gecko) Chrome/32.0.1667.0 Safari/537.36"
44.207.69.106 - - [10/May/2026:05:06:50 +1000] "GET /contact-us/ HTTP/1.1" 301 1274 "-" "Mozilla/5.0 AppleWebKit/537.36 (KHTML, like Gecko; compatible; Amazonbot/0.1; +https://developer.amazon.com/support/amazonbot) Chrome/119.0.6045.214 Safari/537.36"
66.249.89.163 - - [10/May/2026:05:06:52 +1000] "GET /.well-known/assetlinks.json HTTP/1.1" 301 1327 "-" "Mozilla/5.0 (Windows NT 10.0; Win64; x64)AppleWebKit/537.36 (KHTML, like Gecko) Chrome/91.0.4472.101 Safari/537.36"
111.67.29.221 - - [10/May/2026:05:06:54 +1000] "POST /wp-cron.php?doing_wp_cron=1778353614.6322989463806152343750 HTTP/1.1" 200 538 "-" "WordPress/6.9.4; https://www.pgkdistribution.com.au"
3.223.134.5 - - [10/May/2026:05:06:51 +1000] "GET /contact-us/ HTTP/1.1" 200 33250 "-" "Mozilla/5.0 AppleWebKit/537.36 (KHTML, like Gecko; compatible; Amazonbot/0.1; +https://developer.amazon.com/support/amazonbot) Chrome/119.0.6045.214 Safari/537.36"
222.165.190.235 - - [10/May/2026:05:06:56 +1000] "GET /wp-login.php HTTP/2" 200 2507 "-" "Mozilla/5.0 (Macintosh; Intel Mac OS X 10_15_7) AppleWebKit/537.36 (KHTML, like Gecko) Chrome/133.0.0.0 Safari/537.36 Edg/133.0.0.0"
222.165.190.235 - - [10/May/2026:05:06:58 +1000] "POST /wp-login.php HTTP/2" 200 2657 "https://www.pgkdistribution.com.au/wp-login.php" "Mozilla/5.0 (Macintosh; Intel Mac OS X 10_15_7) AppleWebKit/537.36 (KHTML, like Gecko) Chrome/133.0.0.0 Safari/537.36 Edg/133.0.0.0"
62.171.170.26 - - [10/May/2026:05:06:58 +1000] "GET /admin/controller/extension/extension/ HTTP/1.1" 404 30601 "binance.com" "Mozilla/5.0 (Windows NT 10.0; Win64; x64) AppleWebKit/537.36 (KHTML, like Gecko) Chrome/90.0.4430.85 Safari/537.36"
74.125.151.173 - - [10/May/2026:05:07:06 +1000] "GET /.well-known/assetlinks.json HTTP/1.1" 404 30475 "-" "Mozilla/5.0 (Windows NT 10.0; Win64; x64)AppleWebKit/537.36 (KHTML, like Gecko) Chrome/91.0.4472.101 Safari/537.36"
111.67.29.221 - - [10/May/2026:05:07:25 +1000] "POST /wp-cron.php?doing_wp_cron=1778353645.0177500247955322265625 HTTP/1.1" 200 538 "-" "WordPress/6.9.4; https://www.pgkdistribution.com.au"
66.249.70.172 - - [10/May/2026:05:07:22 +1000] "GET /solar-inverters/ HTTP/1.1" 200 32862 "-" "Mozilla/5.0 (Linux; Android 6.0.1; Nexus 5X Build/MMB29P) AppleWebKit/537.36 (KHTML, like Gecko) Chrome/147.0.7727.116 Mobile Safari/537.36 (compatible; GoogleOther)"
66.249.70.171 - - [10/May/2026:05:07:32 +1000] "GET /wp-content/plugins/user-registration-plugin-for-woocommerce/front/css/afreg_front.css?ver=1.0 HTTP/1.1" 200 1212 "https://www.pgkdistribution.com.au/solar-inverters/" "Mozilla/5.0 (Linux; Android 6.0.1; Nexus 5X Build/MMB29P) AppleWebKit/537.36 (KHTML, like Gecko) Chrome/147.0.7727.116 Mobile Safari/537.36 (compatible; GoogleOther)"
66.249.70.171 - - [10/May/2026:05:07:42 +1000] "GET /wp-content/plugins/user-registration-plugin-for-woocommerce/front/css/afreg_color_spectrum.css?ver=1.0 HTTP/1.1" 200 4391 "https://www.pgkdistribution.com.au/solar-inverters/" "Mozilla/5.0 (Linux; Android 6.0.1; Nexus 5X Build/MMB29P) AppleWebKit/537.36 (KHTML, like Gecko) Chrome/147.0.7727.116 Mobile Safari/537.36 (compatible; GoogleOther)"
66.249.70.171 - - [10/May/2026:05:07:51 +1000] "GET /wp-content/plugins/gutentor/assets/library/wpness-grid/wpness-grid.css?ver=1.0.0 HTTP/1.1" 200 3371 "https://www.pgkdistribution.com.au/solar-inverters/" "Mozilla/5.0 (Linux; Android 6.0.1; Nexus 5X Build/MMB29P) AppleWebKit/537.36 (KHTML, like Gecko) Chrome/147.0.7727.116 Mobile Safari/537.36 (compatible; GoogleOther)"
78.142.18.172 - - [10/May/2026:05:07:55 +1000] "GET /wp-login.php HTTP/2" 301 795 "-" "Mozilla/5.0 (Macintosh; Intel Mac OS X 14_7_4) AppleWebKit/537.36 (KHTML, like Gecko) Chrome/133.0.0.0 Safari/537.36"
66.249.70.171 - - [10/May/2026:05:07:58 +1000] "GET /wp-content/plugins/woocommerce/assets/client/blocks/wc-blocks.css?ver=wc-10.7.0 HTTP/1.1" 200 3069 "https://www.pgkdistribution.com.au/solar-inverters/" "Mozilla/5.0 (Linux; Android 6.0.1; Nexus 5X Build/MMB29P) AppleWebKit/537.36 (KHTML, like Gecko) Chrome/147.0.7727.116 Mobile Safari/537.36 (compatible; GoogleOther)"
111.67.29.221 - - [10/May/2026:05:07:59 +1000] "POST /wp-cron.php?doing_wp_cron=1778353679.6386229991912841796875 HTTP/1.1" 200 538 "-" "WordPress/6.9.4; https://www.pgkdistribution.com.au"
78.142.18.172 - - [10/May/2026:05:07:57 +1000] "GET /wp-login.php HTTP/2" 200 2507 "https://pgkdistribution.com.au/wp-login.php" "Mozilla/5.0 (Macintosh; Intel Mac OS X 14_7_4) AppleWebKit/537.36 (KHTML, like Gecko) Chrome/133.0.0.0 Safari/537.36"
78.142.18.172 - - [10/May/2026:05:08:00 +1000] "POST /wp-login.php HTTP/2" 301 795 "https://pgkdistribution.com.au/wp-login.php" "Mozilla/5.0 (Macintosh; Intel Mac OS X 14_7_4) AppleWebKit/537.36 (KHTML, like Gecko) Chrome/133.0.0.0 Safari/537.36"
78.142.18.172 - - [10/May/2026:05:08:00 +1000] "GET /wp-login.php HTTP/2" 200 2507 "https://pgkdistribution.com.au/wp-login.php" "Mozilla/5.0 (Macintosh; Intel Mac OS X 14_7_4) AppleWebKit/537.36 (KHTML, like Gecko) Chrome/133.0.0.0 Safari/537.36"
62.171.170.26 - - [10/May/2026:05:08:00 +1000] "GET /uploads/ HTTP/1.1" 404 30458 "binance.com" "Mozilla/5.0 (Windows NT 10.0; Win64; x64) AppleWebKit/537.36 (KHTML, like Gecko) Chrome/90.0.4430.85 Safari/537.36"
66.249.70.171 - - [10/May/2026:05:08:05 +1000] "GET /wp-content/plugins/gutentor/assets/library/animatecss/animate.min.css?ver=3.7.2 HTTP/1.1" 200 4689 "https://www.pgkdistribution.com.au/solar-inverters/" "Mozilla/5.0 (Linux; Android 6.0.1; Nexus 5X Build/MMB29P) AppleWebKit/537.36 (KHTML, like Gecko) Chrome/147.0.7727.116 Mobile Safari/537.36 (compatible; GoogleOther)"
40.77.167.241 - - [10/May/2026:05:08:04 +1000] "GET /product/pgk-4p-wp-enclosures-ip66/ HTTP/2" 200 35515 "-" "Mozilla/5.0 AppleWebKit/537.36 (KHTML, like Gecko; compatible; bingbot/2.0; +http://www.bing.com/bingbot.htm) Chrome/116.0.1938.76 Safari/537.36"
66.249.70.172 - - [10/May/2026:05:08:08 +1000] "GET /product/pv-ezrack-grounding-lug-std/ HTTP/1.1" 200 36342 "-" "Mozilla/5.0 (Linux; Android 6.0.1; Nexus 5X Build/MMB29P) AppleWebKit/537.36 (KHTML, like Gecko) Chrome/147.0.7727.137 Mobile Safari/537.36 (compatible; Googlebot/2.1; +http://www.google.com/bot.html)"
43.135.134.127 - - [10/May/2026:05:08:08 +1000] "GET /dc-cable/ HTTP/1.1" 200 32865 "-" "Mozilla/5.0 (iPhone; CPU iPhone OS 13_2_3 like Mac OS X) AppleWebKit/605.1.15 (KHTML, like Gecko) Version/13.0.3 Mobile/15E148 Safari/604.1"
66.249.70.171 - - [10/May/2026:05:08:14 +1000] "GET /wp-includes/css/dist/preferences/style.min.css?ver=6.9.4 HTTP/1.1" 200 1013 "https://www.pgkdistribution.com.au/solar-inverters/" "Mozilla/5.0 (Linux; Android 6.0.1; Nexus 5X Build/MMB29P) AppleWebKit/537.36 (KHTML, like Gecko) Chrome/147.0.7727.116 Mobile Safari/537.36 (compatible; GoogleOther)"
66.249.70.173 - - [10/May/2026:05:08:21 +1000] "GET /wp-content/themes/storefront/assets/css/base/gutenberg-blocks.css?ver=4.6.1 HTTP/1.1" 200 3967 "https://www.pgkdistribution.com.au/solar-inverters/" "Mozilla/5.0 (Linux; Android 6.0.1; Nexus 5X Build/MMB29P) AppleWebKit/537.36 (KHTML, like Gecko) Chrome/147.0.7727.116 Mobile Safari/537.36 (compatible; GoogleOther)"
40.77.167.254 - - [10/May/2026:05:08:28 +1000] "GET /wp-content/themes/storefront/assets/js/sticky-add-to-cart.min.js?ver=4.6.1 HTTP/2" 200 416 "https://www.pgkdistribution.com.au/product/pgk-4p-wp-enclosures-ip66/" "Mozilla/5.0 AppleWebKit/537.36 (KHTML, like Gecko; compatible; bingbot/2.0; +http://www.bing.com/bingbot.htm) Chrome/136.0.0.0 Safari/537.36 AppleWebKit/537.36 (KHTML, like Gecko; compatible; bingbot/2.0; +http://www.bing.com/bingbot.htm) Chrome/116.0.1938.76 Safari/537.36"
66.249.70.171 - - [10/May/2026:05:08:29 +1000] "GET /wp-includes/css/dist/patterns/style.min.css?ver=6.9.4 HTTP/1.1" 200 1297 "https://www.pgkdistribution.com.au/solar-inverters/" "Mozilla/5.0 (Linux; Android 6.0.1; Nexus 5X Build/MMB29P) AppleWebKit/537.36 (KHTML, like Gecko) Chrome/147.0.7727.116 Mobile Safari/537.36 (compatible; GoogleOther)"
66.249.70.172 - - [10/May/2026:05:08:24 +1000] "POST /wp-admin/admin-ajax.php HTTP/1.1" 200 0 "https://www.pgkdistribution.com.au/product/pv-ezrack-grounding-lug-std/" "Mozilla/5.0 (Linux; Android 6.0.1; Nexus 5X Build/MMB29P) AppleWebKit/537.36 (KHTML, like Gecko) Chrome/147.0.7727.137 Mobile Safari/537.36 (compatible; Googlebot/2.1; +http://www.google.com/bot.html)"
111.67.29.221 - - [10/May/2026:05:08:35 +1000] "POST /wp-cron.php?doing_wp_cron=1778353715.5281100273132324218750 HTTP/1.1" 200 538 "-" "WordPress/6.9.4; https://www.pgkdistribution.com.au"
66.249.70.171 - - [10/May/2026:05:08:32 +1000] "POST /?wc-ajax=get_refreshed_fragments HTTP/1.1" 200 1190 "https://www.pgkdistribution.com.au/product/pv-ezrack-grounding-lug-std/" "Mozilla/5.0 (Linux; Android 6.0.1; Nexus 5X Build/MMB29P) AppleWebKit/537.36 (KHTML, like Gecko) Chrome/147.0.7727.137 Mobile Safari/537.36 (compatible; Googlebot/2.1; +http://www.google.com/bot.html)"
66.249.70.173 - - [10/May/2026:05:08:39 +1000] "GET /wp-content/plugins/storefront-hamburger-menu/assets/css/style.css?ver=1.2.2 HTTP/1.1" 200 1293 "https://www.pgkdistribution.com.au/solar-inverters/" "Mozilla/5.0 (Linux; Android 6.0.1; Nexus 5X Build/MMB29P) AppleWebKit/537.36 (KHTML, like Gecko) Chrome/147.0.7727.116 Mobile Safari/537.36 (compatible; GoogleOther)"
66.249.64.100 - - [10/May/2026:05:08:47 +1000] "GET /wp-content/uploads/2023/01/Solis-1P7-8K-5G.jpg HTTP/1.1" 301 1346 "https://www.pgkdistribution.com.au/" "Mozilla/5.0 (Linux; Android 6.0.1; Nexus 5X Build/MMB29P) AppleWebKit/537.36 (KHTML, like Gecko) Chrome/147.0.7727.116 Mobile Safari/537.36 (compatible; GoogleOther)"
66.249.70.173 - - [10/May/2026:05:08:51 +1000] "GET /wp-content/plugins/storefront-homepage-contact-section/assets/css/style.css?ver=6.9.4 HTTP/1.1" 200 1225 "https://www.pgkdistribution.com.au/solar-inverters/" "Mozilla/5.0 (Linux; Android 6.0.1; Nexus 5X Build/MMB29P) AppleWebKit/537.36 (KHTML, like Gecko) Chrome/147.0.7727.116 Mobile Safari/537.36 (compatible; GoogleOther)"
66.249.70.173 - - [10/May/2026:05:08:55 +1000] "GET /wp-content/plugins/tier-pricing-table/assets/frontend/main.css?ver=8.3.0 HTTP/1.1" 200 2357 "https://www.pgkdistribution.com.au/solar-inverters/" "Mozilla/5.0 (Linux; Android 6.0.1; Nexus 5X Build/MMB29P) AppleWebKit/537.36 (KHTML, like Gecko) Chrome/147.0.7727.116 Mobile Safari/537.36 (compatible; GoogleOther)"
66.249.70.172 - - [10/May/2026:05:09:01 +1000] "GET /wp-content/plugins/hide-price-add-to-cart-button/assets/css/afwhp_front.css?ver=1.0 HTTP/1.1" 200 906 "https://www.pgkdistribution.com.au/solar-inverters/" "Mozilla/5.0 (Linux; Android 6.0.1; Nexus 5X Build/MMB29P) AppleWebKit/537.36 (KHTML, like Gecko) Chrome/147.0.7727.116 Mobile Safari/537.36 (compatible; GoogleOther)"
66.249.70.173 - - [10/May/2026:05:09:08 +1000] "GET /wp-includes/css/dist/editor/style.min.css?ver=6.9.4 HTTP/1.1" 200 10102 "https://www.pgkdistribution.com.au/solar-inverters/" "Mozilla/5.0 (Linux; Android 6.0.1; Nexus 5X Build/MMB29P) AppleWebKit/537.36 (KHTML, like Gecko) Chrome/147.0.7727.116 Mobile Safari/537.36 (compatible; GoogleOther)"
62.171.170.26 - - [10/May/2026:05:09:04 +1000] "GET /images/ HTTP/1.1" 404 30461 "binance.com" "Mozilla/5.0 (Windows NT 10.0; Win64; x64) AppleWebKit/537.36 (KHTML, like Gecko) Chrome/90.0.4430.85 Safari/537.36"
66.249.70.171 - - [10/May/2026:05:09:11 +1000] "GET /wp-includes/css/dist/reusable-blocks/style.min.css?ver=6.9.4 HTTP/1.1" 200 913 "https://www.pgkdistribution.com.au/solar-inverters/" "Mozilla/5.0 (Linux; Android 6.0.1; Nexus 5X Build/MMB29P) AppleWebKit/537.36 (KHTML, like Gecko) Chrome/147.0.7727.116 Mobile Safari/537.36 (compatible; GoogleOther)"
66.249.70.171 - - [10/May/2026:05:09:15 +1000] "GET /wp-includes/css/dist/block-editor/style.min.css?ver=6.9.4 HTTP/1.1" 200 16166 "https://www.pgkdistribution.com.au/solar-inverters/" "Mozilla/5.0 (Linux; Android 6.0.1; Nexus 5X Build/MMB29P) AppleWebKit/537.36 (KHTML, like Gecko) Chrome/147.0.7727.116 Mobile Safari/537.36 (compatible; GoogleOther)"
66.249.70.171 - - [10/May/2026:05:09:17 +1000] "GET /wp-content/plugins/gutentor/assets/library/fontawesome/css/all.min.css?ver=5.12.0 HTTP/1.1" 200 12432 "https://www.pgkdistribution.com.au/solar-inverters/" "Mozilla/5.0 (Linux; Android 6.0.1; Nexus 5X Build/MMB29P) AppleWebKit/537.36 (KHTML, like Gecko) Chrome/147.0.7727.116 Mobile Safari/537.36 (compatible; GoogleOther)"
111.67.29.221 - - [10/May/2026:05:09:18 +1000] "POST /wp-cron.php?doing_wp_cron=1778353758.0063118934631347656250 HTTP/1.1" 200 538 "-" "WordPress/6.9.4; https://www.pgkdistribution.com.au"
66.249.70.172 - - [10/May/2026:05:09:23 +1000] "GET /wp-content/uploads/2021/05/PGK-Grey-font.png HTTP/1.1" 200 300890 "https://www.pgkdistribution.com.au/solar-inverters/" "Mozilla/5.0 (Linux; Android 6.0.1; Nexus 5X Build/MMB29P) AppleWebKit/537.36 (KHTML, like Gecko) Chrome/147.0.7727.116 Mobile Safari/537.36 (compatible; GoogleOther)"
66.249.70.171 - - [10/May/2026:05:09:29 +1000] "GET /wp-content/uploads/2023/01/Solis-1P7-8K-5G.jpg HTTP/1.1" 200 6464 "https://www.pgkdistribution.com.au/" "Mozilla/5.0 (Linux; Android 6.0.1; Nexus 5X Build/MMB29P) AppleWebKit/537.36 (KHTML, like Gecko) Chrome/147.0.7727.116 Mobile Safari/537.36 (compatible; GoogleOther)"
66.249.70.171 - - [10/May/2026:05:09:38 +1000] "GET /wp-content/plugins/woocommerce/assets/js/frontend/cart-fragments.min.js?ver=10.7.0 HTTP/1.1" 200 1546 "https://www.pgkdistribution.com.au/solar-inverters/" "Mozilla/5.0 (Linux; Android 6.0.1; Nexus 5X Build/MMB29P) AppleWebKit/537.36 (KHTML, like Gecko) Chrome/147.0.7727.116 Mobile Safari/537.36 (compatible; GoogleOther)"
66.249.70.171 - - [10/May/2026:05:09:40 +1000] "GET /wp-content/plugins/gutentor/assets/library/wow/wow.min.js?ver=1.2.1 HTTP/1.1" 200 3064 "https://www.pgkdistribution.com.au/solar-inverters/" "Mozilla/5.0 (Linux; Android 6.0.1; Nexus 5X Build/MMB29P) AppleWebKit/537.36 (KHTML, like Gecko) Chrome/147.0.7727.116 Mobile Safari/537.36 (compatible; GoogleOther)"
66.249.70.171 - - [10/May/2026:05:09:43 +1000] "GET /wp-content/plugins/mailchimp-for-woocommerce/public/js/mailchimp-woocommerce-public.min.js?ver=5.5.1.07 HTTP/1.1" 200 2571 "https://www.pgkdistribution.com.au/solar-inverters/" "Mozilla/5.0 (Linux; Android 6.0.1; Nexus 5X Build/MMB29P) AppleWebKit/537.36 (KHTML, like Gecko) Chrome/147.0.7727.116 Mobile Safari/537.36 (compatible; GoogleOther)"
66.249.70.171 - - [10/May/2026:05:09:45 +1000] "GET /wp-content/themes/storefront/assets/js/woocommerce/header-cart.min.js?ver=4.6.1 HTTP/1.1" 200 681 "https://www.pgkdistribution.com.au/solar-inverters/" "Mozilla/5.0 (Linux; Android 6.0.1; Nexus 5X Build/MMB29P) AppleWebKit/537.36 (KHTML, like Gecko) Chrome/147.0.7727.116 Mobile Safari/537.36 (compatible; GoogleOther)"
66.249.70.171 - - [10/May/2026:05:09:47 +1000] "GET /wp-includes/js/dist/hooks.min.js?ver=dd5603f07f9220ed27f1 HTTP/1.1" 200 2280 "https://www.pgkdistribution.com.au/solar-inverters/" "Mozilla/5.0 (Linux; Android 6.0.1; Nexus 5X Build/MMB29P) AppleWebKit/537.36 (KHTML, like Gecko) Chrome/147.0.7727.116 Mobile Safari/537.36 (compatible; GoogleOther)"
66.249.70.171 - - [10/May/2026:05:09:49 +1000] "GET /wp-content/plugins/gutentor/assets/js/gutentor.js?ver=3.5.3 HTTP/1.1" 200 11990 "https://www.pgkdistribution.com.au/solar-inverters/" "Mozilla/5.0 (Linux; Android 6.0.1; Nexus 5X Build/MMB29P) AppleWebKit/537.36 (KHTML, like Gecko) Chrome/147.0.7727.116 Mobile Safari/537.36 (compatible; GoogleOther)"
66.249.70.171 - - [10/May/2026:05:09:52 +1000] "GET /wp-content/plugins/storefront-hamburger-menu/assets/js/frontend.min.js?ver=1.2.2 HTTP/1.1" 200 643 "https://www.pgkdistribution.com.au/solar-inverters/" "Mozilla/5.0 (Linux; Android 6.0.1; Nexus 5X Build/MMB29P) AppleWebKit/537.36 (KHTML, like Gecko) Chrome/147.0.7727.116 Mobile Safari/537.36 (compatible; GoogleOther)"
66.249.70.171 - - [10/May/2026:05:09:55 +1000] "GET /wp-content/plugins/woocommerce-table-rate-shipping/assets/js/frontend-checkout.min.js?ver=3.5.8 HTTP/1.1" 200 622 "https://www.pgkdistribution.com.au/solar-inverters/" "Mozilla/5.0 (Linux; Android 6.0.1; Nexus 5X Build/MMB29P) AppleWebKit/537.36 (KHTML, like Gecko) Chrome/147.0.7727.116 Mobile Safari/537.36 (compatible; GoogleOther)"
66.249.70.171 - - [10/May/2026:05:09:57 +1000] "GET /wp-content/plugins/advanced-product-fields-for-woocommerce/assets/js/frontend.min.js?ver=1.6.17 HTTP/1.1" 200 2530 "https://www.pgkdistribution.com.au/solar-inverters/" "Mozilla/5.0 (Linux; Android 6.0.1; Nexus 5X Build/MMB29P) AppleWebKit/537.36 (KHTML, like Gecko) Chrome/147.0.7727.116 Mobile Safari/537.36 (compatible; GoogleOther)"
66.249.64.100 - - [10/May/2026:05:10:01 +1000] "GET /wp-content/uploads/2021/05/Twitter.png HTTP/1.1" 301 1338 "https://www.pgkdistribution.com.au/" "Mozilla/5.0 (Linux; Android 6.0.1; Nexus 5X Build/MMB29P) AppleWebKit/537.36 (KHTML, like Gecko) Chrome/147.0.7727.116 Mobile Safari/537.36 (compatible; GoogleOther)"
66.249.70.173 - - [10/May/2026:05:10:08 +1000] "GET /wp-includes/js/dist/i18n.min.js?ver=c26c3dc7bed366793375 HTTP/1.1" 200 2725 "https://www.pgkdistribution.com.au/solar-inverters/" "Mozilla/5.0 (Linux; Android 6.0.1; Nexus 5X Build/MMB29P) AppleWebKit/537.36 (KHTML, like Gecko) Chrome/147.0.7727.116 Mobile Safari/537.36 (compatible; GoogleOther)"
66.249.70.171 - - [10/May/2026:05:10:10 +1000] "GET /wp-content/plugins/woocommerce/assets/js/frontend/add-to-cart.min.js?ver=10.7.0 HTTP/1.1" 200 1902 "https://www.pgkdistribution.com.au/solar-inverters/" "Mozilla/5.0 (Linux; Android 6.0.1; Nexus 5X Build/MMB29P) AppleWebKit/537.36 (KHTML, like Gecko) Chrome/147.0.7727.116 Mobile Safari/537.36 (compatible; GoogleOther)"
66.249.70.172 - - [10/May/2026:05:10:12 +1000] "GET /wp-content/themes/homestore/assets/js/homestore.min.js?ver=2.0.33 HTTP/1.1" 200 1505 "https://www.pgkdistribution.com.au/solar-inverters/" "Mozilla/5.0 (Linux; Android 6.0.1; Nexus 5X Build/MMB29P) AppleWebKit/537.36 (KHTML, like Gecko) Chrome/147.0.7727.116 Mobile Safari/537.36 (compatible; GoogleOther)"
66.249.70.171 - - [10/May/2026:05:10:17 +1000] "GET /wp-content/plugins/contact-form-7/includes/js/index.js?ver=6.1.3 HTTP/1.1" 200 4614 "https://www.pgkdistribution.com.au/solar-inverters/" "Mozilla/5.0 (Linux; Android 6.0.1; Nexus 5X Build/MMB29P) AppleWebKit/537.36 (KHTML, like Gecko) Chrome/147.0.7727.116 Mobile Safari/537.36 (compatible; GoogleOther)"
66.249.70.171 - - [10/May/2026:05:10:19 +1000] "GET /wp-content/plugins/woocommerce/assets/js/sourcebuster/sourcebuster.min.js?ver=10.7.0 HTTP/1.1" 200 5037 "https://www.pgkdistribution.com.au/solar-inverters/" "Mozilla/5.0 (Linux; Android 6.0.1; Nexus 5X Build/MMB29P) AppleWebKit/537.36 (KHTML, like Gecko) Chrome/147.0.7727.116 Mobile Safari/537.36 (compatible; GoogleOther)"
111.67.29.221 - - [10/May/2026:05:10:20 +1000] "POST /wp-cron.php?doing_wp_cron=1778353820.3929800987243652343750 HTTP/1.1" 200 538 "-" "WordPress/6.9.4; https://www.pgkdistribution.com.au"
62.171.170.26 - - [10/May/2026:05:10:16 +1000] "GET /files/ HTTP/1.1" 404 30460 "binance.com" "Mozilla/5.0 (Windows NT 10.0; Win64; x64) AppleWebKit/537.36 (KHTML, like Gecko) Chrome/90.0.4430.85 Safari/537.36"
66.249.64.99 - - [10/May/2026:05:10:27 +1000] "GET /wp-content/uploads/2021/05/linkedin.png HTTP/1.1" 301 1339 "https://www.pgkdistribution.com.au/" "Mozilla/5.0 (Linux; Android 6.0.1; Nexus 5X Build/MMB29P) AppleWebKit/537.36 (KHTML, like Gecko) Chrome/147.0.7727.116 Mobile Safari/537.36 (compatible; GoogleOther)"
66.249.64.99 - - [10/May/2026:05:10:31 +1000] "GET /wp-content/uploads/2021/05/facebook.png HTTP/1.1" 301 1339 "https://www.pgkdistribution.com.au/" "Mozilla/5.0 (Linux; Android 6.0.1; Nexus 5X Build/MMB29P) AppleWebKit/537.36 (KHTML, like Gecko) Chrome/147.0.7727.116 Mobile Safari/537.36 (compatible; GoogleOther)"
66.249.70.171 - - [10/May/2026:05:10:34 +1000] "GET /wp-content/themes/storefront/assets/js/navigation.min.js?ver=4.6.1 HTTP/1.1" 200 1447 "https://www.pgkdistribution.com.au/solar-inverters/" "Mozilla/5.0 (Linux; Android 6.0.1; Nexus 5X Build/MMB29P) AppleWebKit/537.36 (KHTML, like Gecko) Chrome/147.0.7727.116 Mobile Safari/537.36 (compatible; GoogleOther)"
34.141.230.59 - - [10/May/2026:05:10:36 +1000] "GET /product/cable-gland-5-hole/ HTTP/2" 200 36176 "-" "LinkupBot/1.0 (LinkupBot for web indexing; https://linkup.so/bot; bot@linkup.so)"
66.249.70.171 - - [10/May/2026:05:10:40 +1000] "GET /wp-content/plugins/woocommerce/assets/js/frontend/order-attribution.min.js?ver=10.7.0 HTTP/1.1" 200 1625 "https://www.pgkdistribution.com.au/solar-inverters/" "Mozilla/5.0 (Linux; Android 6.0.1; Nexus 5X Build/MMB29P) AppleWebKit/537.36 (KHTML, like Gecko) Chrome/147.0.7727.116 Mobile Safari/537.36 (compatible; GoogleOther)"
66.249.70.171 - - [10/May/2026:05:10:41 +1000] "GET /wp-content/themes/storefront/assets/js/woocommerce/extensions/brands.min.js?ver=4.6.1 HTTP/1.1" 200 684 "https://www.pgkdistribution.com.au/solar-inverters/" "Mozilla/5.0 (Linux; Android 6.0.1; Nexus 5X Build/MMB29P) AppleWebKit/537.36 (KHTML, like Gecko) Chrome/147.0.7727.116 Mobile Safari/537.36 (compatible; GoogleOther)"
34.141.230.59 - - [10/May/2026:05:10:40 +1000] "GET /product/3-5kw-reverse-cycle-split-system/ HTTP/2" 200 35632 "-" "LinkupBot/1.0 (LinkupBot for web indexing; https://linkup.so/bot; bot@linkup.so)"
66.249.70.171 - - [10/May/2026:05:10:48 +1000] "GET /wp-content/plugins/woocommerce/assets/js/frontend/woocommerce.min.js?ver=10.7.0 HTTP/1.1" 200 1937 "https://www.pgkdistribution.com.au/solar-inverters/" "Mozilla/5.0 (Linux; Android 6.0.1; Nexus 5X Build/MMB29P) AppleWebKit/537.36 (KHTML, like Gecko) Chrome/147.0.7727.116 Mobile Safari/537.36 (compatible; GoogleOther)"
66.249.70.171 - - [10/May/2026:05:10:50 +1000] "GET /wp-content/plugins/contact-form-7/includes/swv/js/index.js?ver=6.1.3 HTTP/1.1" 200 3797 "https://www.pgkdistribution.com.au/solar-inverters/" "Mozilla/5.0 (Linux; Android 6.0.1; Nexus 5X Build/MMB29P) AppleWebKit/537.36 (KHTML, like Gecko) Chrome/147.0.7727.116 Mobile Safari/537.36 (compatible; GoogleOther)"
66.249.70.171 - - [10/May/2026:05:10:52 +1000] "GET /wp-content/themes/storefront/assets/js/footer.min.js?ver=4.6.1 HTTP/1.1" 200 752 "https://www.pgkdistribution.com.au/solar-inverters/" "Mozilla/5.0 (Linux; Android 6.0.1; Nexus 5X Build/MMB29P) AppleWebKit/537.36 (KHTML, like Gecko) Chrome/147.0.7727.116 Mobile Safari/537.36 (compatible; GoogleOther)"
66.249.70.171 - - [10/May/2026:05:10:54 +1000] "GET /wp-content/plugins/woocommerce/assets/js/jquery-blockui/jquery.blockUI.min.js?ver=2.7.0-wc.10.7.0 HTTP/1.1" 200 3705 "https://www.pgkdistribution.com.au/solar-inverters/" "Mozilla/5.0 (Linux; Android 6.0.1; Nexus 5X Build/MMB29P) AppleWebKit/537.36 (KHTML, like Gecko) Chrome/147.0.7727.116 Mobile Safari/537.36 (compatible; GoogleOther)"
66.249.70.171 - - [10/May/2026:05:11:00 +1000] "GET /wp-content/uploads/2021/05/Twitter.png HTTP/1.1" 200 4355 "https://www.pgkdistribution.com.au/" "Mozilla/5.0 (Linux; Android 6.0.1; Nexus 5X Build/MMB29P) AppleWebKit/537.36 (KHTML, like Gecko) Chrome/147.0.7727.116 Mobile Safari/537.36 (compatible; GoogleOther)"
66.249.70.171 - - [10/May/2026:05:11:04 +1000] "GET /wp-content/uploads/2021/05/linkedin.png HTTP/1.1" 200 3519 "https://www.pgkdistribution.com.au/" "Mozilla/5.0 (Linux; Android 6.0.1; Nexus 5X Build/MMB29P) AppleWebKit/537.36 (KHTML, like Gecko) Chrome/147.0.7727.116 Mobile Safari/537.36 (compatible; GoogleOther)"
66.249.70.171 - - [10/May/2026:05:11:08 +1000] "GET /wp-content/uploads/2021/05/facebook.png HTTP/1.1" 200 3051 "https://www.pgkdistribution.com.au/" "Mozilla/5.0 (Linux; Android 6.0.1; Nexus 5X Build/MMB29P) AppleWebKit/537.36 (KHTML, like Gecko) Chrome/147.0.7727.116 Mobile Safari/537.36 (compatible; GoogleOther)"
85.208.96.204 - - [10/May/2026:05:11:11 +1000] "GET /robots.txt HTTP/1.1" 200 1012 "-" "Mozilla/5.0 (compatible; SemrushBot/7~bl; +http://www.semrush.com/bot.html)"
85.208.96.202 - - [10/May/2026:05:11:14 +1000] "GET /product/65amps-pv-dc-moulded-case-circuit-breaker/ HTTP/1.1" 200 36162 "-" "Mozilla/5.0 (compatible; SemrushBot/7~bl; +http://www.semrush.com/bot.html)"
111.67.29.221 - - [10/May/2026:05:11:38 +1000] "POST /wp-cron.php?doing_wp_cron=1778353898.6686980724334716796875 HTTP/1.1" 200 538 "-" "WordPress/6.9.4; https://www.pgkdistribution.com.au"
34.141.230.59 - - [10/May/2026:05:11:35 +1000] "GET /product/cable-gland-2-hole/?add-to-cart=169 HTTP/2" 200 35487 "-" "LinkupBot/1.0 (LinkupBot for web indexing; https://linkup.so/bot; bot@linkup.so)"
111.67.29.221 - - [10/May/2026:05:12:17 +1000] "POST /wp-cron.php?doing_wp_cron=1778353937.0480690002441406250000 HTTP/1.1" 200 538 "-" "WordPress/6.9.4; https://www.pgkdistribution.com.au"
51.68.236.90 - - [10/May/2026:05:12:14 +1000] "GET /robots.txt HTTP/1.1" 200 1049 "-" "Mozilla/5.0 (compatible; MJ12bot/v2.0.5; http://mj12bot.com/)"
51.68.236.90 - - [10/May/2026:05:12:17 +1000] "GET / HTTP/1.1" 200 43803 "-" "Mozilla/5.0 (compatible; MJ12bot/v2.0.5; http://mj12bot.com/)"
111.67.29.221 - - [10/May/2026:05:12:57 +1000] "POST /wp-cron.php?doing_wp_cron=1778353977.2675709724426269531250 HTTP/1.1" 200 538 "-" "WordPress/6.9.4; https://www.pgkdistribution.com.au"
121.229.156.18 - - [10/May/2026:05:12:53 +1000] "GET / HTTP/1.1" 200 43981 "-" "MQQBrowser/26 Mozilla/5.0 (Linux; U; Android 4.4.2; zh-cn; MB200 Build/GRJ22; CyanogenMod-7) AppleWebKit/533.1 (KHTML, like Gecko) Version/4.0 Mobile Safari/533.1 (compatible; Sogou web spider/4.0; +http://www.sogou.com/docs/help/webmasters.htm#07)"
111.67.29.221 - - [10/May/2026:05:13:36 +1000] "POST /wp-cron.php?doing_wp_cron=1778354016.6930110454559326171875 HTTP/1.1" 200 538 "-" "WordPress/6.9.4; https://www.pgkdistribution.com.au"
178.79.173.199 - - [10/May/2026:05:13:33 +1000] "GET /wp-login.php HTTP/2" 200 2507 "-" "Mozilla/5.0 (Macintosh; Intel Mac OS X 10_15_7) AppleWebKit/537.36 (KHTML, like Gecko) Chrome/133.0.0.0 Safari/537.36 Edg/133.0.0.0"
178.79.173.199 - - [10/May/2026:05:13:37 +1000] "POST /wp-login.php HTTP/2" 200 2657 "https://www.pgkdistribution.com.au/wp-login.php" "Mozilla/5.0 (Macintosh; Intel Mac OS X 10_15_7) AppleWebKit/537.36 (KHTML, like Gecko) Chrome/133.0.0.0 Safari/537.36 Edg/133.0.0.0"
74.91.224.220 - - [10/May/2026:05:14:14 +1000] "GET /wp-login.php HTTP/2" 301 795 "-" "Mozilla/5.0 (Windows NT 10.0; WOW64) AppleWebKit/537.36 (KHTML, like Gecko) Chrome/133.0.0.0 Safari/537.36"
111.67.29.221 - - [10/May/2026:05:14:18 +1000] "POST /wp-cron.php?doing_wp_cron=1778354058.2503969669342041015625 HTTP/1.1" 200 538 "-" "WordPress/6.9.4; https://www.pgkdistribution.com.au"
74.91.224.220 - - [10/May/2026:05:14:15 +1000] "GET /wp-login.php HTTP/2" 200 2507 "https://pgkdistribution.com.au/wp-login.php" "Mozilla/5.0 (Windows NT 10.0; WOW64) AppleWebKit/537.36 (KHTML, like Gecko) Chrome/133.0.0.0 Safari/537.36"
74.91.224.220 - - [10/May/2026:05:14:18 +1000] "POST /wp-login.php HTTP/2" 301 795 "https://pgkdistribution.com.au/wp-login.php" "Mozilla/5.0 (Windows NT 10.0; WOW64) AppleWebKit/537.36 (KHTML, like Gecko) Chrome/133.0.0.0 Safari/537.36"
74.91.224.220 - - [10/May/2026:05:14:19 +1000] "GET /wp-login.php HTTP/2" 200 2507 "https://pgkdistribution.com.au/wp-login.php" "Mozilla/5.0 (Windows NT 10.0; WOW64) AppleWebKit/537.36 (KHTML, like Gecko) Chrome/133.0.0.0 Safari/537.36"
43.154.127.188 - - [10/May/2026:05:14:34 +1000] "GET /usb-battery/ HTTP/1.1" 200 31271 "-" "Mozilla/5.0 (iPhone; CPU iPhone OS 13_2_3 like Mac OS X) AppleWebKit/605.1.15 (KHTML, like Gecko) Version/13.0.3 Mobile/15E148 Safari/604.1"
65.21.195.20 - - [10/May/2026:05:18:34 +1000] "GET / HTTP/2" 301 795 "-" "Mozilla/5.0 (Macintosh; Intel Mac OS X 10_15_7) AppleWebKit/537.36 (KHTML, like Gecko) Chrome/143.0.0.0 Safari/537.36"
111.67.29.221 - - [10/May/2026:05:18:50 +1000] "POST /wp-cron.php?doing_wp_cron=1778354330.4163060188293457031250 HTTP/1.1" 200 538 "-" "WordPress/6.9.4; https://www.pgkdistribution.com.au"
65.21.195.20 - - [10/May/2026:05:18:36 +1000] "GET / HTTP/2" 200 43058 "-" "Mozilla/5.0 (Macintosh; Intel Mac OS X 10_15_7) AppleWebKit/537.36 (KHTML, like Gecko) Chrome/143.0.0.0 Safari/537.36"
112.86.225.244 - - [10/May/2026:05:19:08 +1000] "GET / HTTP/1.1" 200 25018 "-" "Sogou web spider/4.0(+http://www.sogou.com/docs/help/webmasters.htm#07)"
111.67.29.221 - - [10/May/2026:05:19:35 +1000] "POST /wp-cron.php?doing_wp_cron=1778354375.6533479690551757812500 HTTP/1.1" 200 538 "-" "WordPress/6.9.4; https://www.pgkdistribution.com.au"
112.86.225.244 - - [10/May/2026:05:19:32 +1000] "GET / HTTP/1.1" 200 43981 "-" "Sogou web spider/4.0(+http://www.sogou.com/docs/help/webmasters.htm#07)"
65.21.195.20 - - [10/May/2026:05:19:41 +1000] "GET /contact-us/ HTTP/2" 200 32457 "-" "Mozilla/5.0 (Macintosh; Intel Mac OS X 10_15_7) AppleWebKit/537.36 (KHTML, like Gecko) Chrome/143.0.0.0 Safari/537.36"
