101.119.100.27 - - [10/May/2026:12:20:53 +1000] "GET /ac-isolators/ HTTP/2" 200 27292 "https://www.google.com/" "Mozilla/5.0 (Linux; Android 10; K) AppleWebKit/537.36 (KHTML, like Gecko) Chrome/148.0.0.0 Mobile Safari/537.36"
72.167.150.128 - - [10/May/2026:12:20:55 +1000] "GET /wp-login.php HTTP/2" 200 2507 "-" "Mozilla/5.0 (Windows NT 10.0; Win64; x64) AppleWebKit/537.36 (KHTML, like Gecko) Chrome/133.0.0.0 Safari/537.36"
101.119.100.27 - - [10/May/2026:12:21:04 +1000] "GET /wp-content/plugins/user-registration-plugin-for-woocommerce/front/css/afreg_front.css?ver=1.0 HTTP/2" 200 536 "https://www.pgkdistribution.com.au/ac-isolators/" "Mozilla/5.0 (Linux; Android 10; K) AppleWebKit/537.36 (KHTML, like Gecko) Chrome/148.0.0.0 Mobile Safari/537.36"
101.119.100.27 - - [10/May/2026:12:21:04 +1000] "GET /wp-content/plugins/user-registration-plugin-for-woocommerce/front/css/afreg_color_spectrum.css?ver=1.0 HTTP/2" 200 3713 "https://www.pgkdistribution.com.au/ac-isolators/" "Mozilla/5.0 (Linux; Android 10; K) AppleWebKit/537.36 (KHTML, like Gecko) Chrome/148.0.0.0 Mobile Safari/537.36"
101.119.100.27 - - [10/May/2026:12:21:04 +1000] "GET /wp-content/plugins/gutentor/assets/library/fontawesome/css/all.min.css?ver=5.12.0 HTTP/2" 200 11931 "https://www.pgkdistribution.com.au/ac-isolators/" "Mozilla/5.0 (Linux; Android 10; K) AppleWebKit/537.36 (KHTML, like Gecko) Chrome/148.0.0.0 Mobile Safari/537.36"
101.119.100.27 - - [10/May/2026:12:21:04 +1000] "GET /wp-content/plugins/gutentor/assets/library/wpness-grid/wpness-grid.css?ver=1.0.0 HTTP/2" 200 2693 "https://www.pgkdistribution.com.au/ac-isolators/" "Mozilla/5.0 (Linux; Android 10; K) AppleWebKit/537.36 (KHTML, like Gecko) Chrome/148.0.0.0 Mobile Safari/537.36"
101.119.100.27 - - [10/May/2026:12:21:04 +1000] "GET /wp-content/plugins/gutentor/assets/library/animatecss/animate.min.css?ver=3.7.2 HTTP/2" 200 4011 "https://www.pgkdistribution.com.au/ac-isolators/" "Mozilla/5.0 (Linux; Android 10; K) AppleWebKit/537.36 (KHTML, like Gecko) Chrome/148.0.0.0 Mobile Safari/537.36"
101.119.100.27 - - [10/May/2026:12:21:04 +1000] "GET /wp-includes/css/dist/components/style.min.css?ver=6.9.4 HTTP/2" 200 13467 "https://www.pgkdistribution.com.au/ac-isolators/" "Mozilla/5.0 (Linux; Android 10; K) AppleWebKit/537.36 (KHTML, like Gecko) Chrome/148.0.0.0 Mobile Safari/537.36"
101.119.100.27 - - [10/May/2026:12:21:04 +1000] "GET /wp-includes/css/dist/preferences/style.min.css?ver=6.9.4 HTTP/2" 200 337 "https://www.pgkdistribution.com.au/ac-isolators/" "Mozilla/5.0 (Linux; Android 10; K) AppleWebKit/537.36 (KHTML, like Gecko) Chrome/148.0.0.0 Mobile Safari/537.36"
101.119.100.27 - - [10/May/2026:12:21:04 +1000] "GET /wp-includes/css/dist/block-editor/style.min.css?ver=6.9.4 HTTP/2" 200 15486 "https://www.pgkdistribution.com.au/ac-isolators/" "Mozilla/5.0 (Linux; Android 10; K) AppleWebKit/537.36 (KHTML, like Gecko) Chrome/148.0.0.0 Mobile Safari/537.36"
101.119.100.27 - - [10/May/2026:12:21:04 +1000] "GET /wp-includes/css/dist/reusable-blocks/style.min.css?ver=6.9.4 HTTP/2" 200 237 "https://www.pgkdistribution.com.au/ac-isolators/" "Mozilla/5.0 (Linux; Android 10; K) AppleWebKit/537.36 (KHTML, like Gecko) Chrome/148.0.0.0 Mobile Safari/537.36"
101.119.100.27 - - [10/May/2026:12:21:04 +1000] "GET /wp-includes/css/dist/patterns/style.min.css?ver=6.9.4 HTTP/2" 200 621 "https://www.pgkdistribution.com.au/ac-isolators/" "Mozilla/5.0 (Linux; Android 10; K) AppleWebKit/537.36 (KHTML, like Gecko) Chrome/148.0.0.0 Mobile Safari/537.36"
101.119.100.27 - - [10/May/2026:12:21:04 +1000] "GET /wp-includes/css/dist/editor/style.min.css?ver=6.9.4 HTTP/2" 200 9424 "https://www.pgkdistribution.com.au/ac-isolators/" "Mozilla/5.0 (Linux; Android 10; K) AppleWebKit/537.36 (KHTML, like Gecko) Chrome/148.0.0.0 Mobile Safari/537.36"
101.119.100.27 - - [10/May/2026:12:21:04 +1000] "GET /wp-content/plugins/gutentor/dist/blocks.style.build.css?ver=3.5.3 HTTP/2" 200 24490 "https://www.pgkdistribution.com.au/ac-isolators/" "Mozilla/5.0 (Linux; Android 10; K) AppleWebKit/537.36 (KHTML, like Gecko) Chrome/148.0.0.0 Mobile Safari/537.36"
101.119.100.27 - - [10/May/2026:12:21:04 +1000] "GET /wp-content/themes/storefront/assets/css/base/gutenberg-blocks.css?ver=4.6.1 HTTP/2" 200 3289 "https://www.pgkdistribution.com.au/ac-isolators/" "Mozilla/5.0 (Linux; Android 10; K) AppleWebKit/537.36 (KHTML, like Gecko) Chrome/148.0.0.0 Mobile Safari/537.36"
101.119.100.27 - - [10/May/2026:12:21:04 +1000] "GET /wp-content/plugins/advanced-product-fields-for-woocommerce/assets/css/frontend.min.css?ver=1.6.17 HTTP/2" 200 427 "https://www.pgkdistribution.com.au/ac-isolators/" "Mozilla/5.0 (Linux; Android 10; K) AppleWebKit/537.36 (KHTML, like Gecko) Chrome/148.0.0.0 Mobile Safari/537.36"
101.119.100.27 - - [10/May/2026:12:21:04 +1000] "GET /wp-content/plugins/contact-form-7/includes/css/styles.css?ver=6.1.3 HTTP/2" 200 899 "https://www.pgkdistribution.com.au/ac-isolators/" "Mozilla/5.0 (Linux; Android 10; K) AppleWebKit/537.36 (KHTML, like Gecko) Chrome/148.0.0.0 Mobile Safari/537.36"
101.119.100.27 - - [10/May/2026:12:21:04 +1000] "GET /wp-content/plugins/hide-price-add-to-cart-button/assets/css/afwhp_front.css?ver=1.0 HTTP/2" 200 230 "https://www.pgkdistribution.com.au/ac-isolators/" "Mozilla/5.0 (Linux; Android 10; K) AppleWebKit/537.36 (KHTML, like Gecko) Chrome/148.0.0.0 Mobile Safari/537.36"
101.119.100.27 - - [10/May/2026:12:21:04 +1000] "GET /wp-content/plugins/tier-pricing-table/assets/frontend/main.css?ver=8.3.0 HTTP/2" 200 1679 "https://www.pgkdistribution.com.au/ac-isolators/" "Mozilla/5.0 (Linux; Android 10; K) AppleWebKit/537.36 (KHTML, like Gecko) Chrome/148.0.0.0 Mobile Safari/537.36"
101.119.100.27 - - [10/May/2026:12:21:04 +1000] "GET /wp-content/themes/storefront/style.css?ver=4.6.1 HTTP/2" 200 8134 "https://www.pgkdistribution.com.au/ac-isolators/" "Mozilla/5.0 (Linux; Android 10; K) AppleWebKit/537.36 (KHTML, like Gecko) Chrome/148.0.0.0 Mobile Safari/537.36"
101.119.100.27 - - [10/May/2026:12:21:04 +1000] "GET /wp-content/themes/storefront/assets/css/base/icons.css?ver=4.6.1 HTTP/2" 200 14127 "https://www.pgkdistribution.com.au/ac-isolators/" "Mozilla/5.0 (Linux; Android 10; K) AppleWebKit/537.36 (KHTML, like Gecko) Chrome/148.0.0.0 Mobile Safari/537.36"
101.119.100.27 - - [10/May/2026:12:21:04 +1000] "GET /wp-content/plugins/storefront-hamburger-menu/assets/css/style.css?ver=1.2.2 HTTP/2" 200 617 "https://www.pgkdistribution.com.au/ac-isolators/" "Mozilla/5.0 (Linux; Android 10; K) AppleWebKit/537.36 (KHTML, like Gecko) Chrome/148.0.0.0 Mobile Safari/537.36"
101.119.100.27 - - [10/May/2026:12:21:04 +1000] "GET /wp-content/themes/storefront/assets/css/woocommerce/woocommerce.css?ver=4.6.1 HTTP/2" 200 8579 "https://www.pgkdistribution.com.au/ac-isolators/" "Mozilla/5.0 (Linux; Android 10; K) AppleWebKit/537.36 (KHTML, like Gecko) Chrome/148.0.0.0 Mobile Safari/537.36"
101.119.100.27 - - [10/May/2026:12:21:04 +1000] "GET /wp-content/themes/homestore/style.css?ver=2.0.33 HTTP/2" 200 11227 "https://www.pgkdistribution.com.au/ac-isolators/" "Mozilla/5.0 (Linux; Android 10; K) AppleWebKit/537.36 (KHTML, like Gecko) Chrome/148.0.0.0 Mobile Safari/537.36"
101.119.100.27 - - [10/May/2026:12:21:04 +1000] "GET /wp-content/themes/storefront/assets/css/woocommerce/extensions/brands.css?ver=4.6.1 HTTP/2" 200 672 "https://www.pgkdistribution.com.au/ac-isolators/" "Mozilla/5.0 (Linux; Android 10; K) AppleWebKit/537.36 (KHTML, like Gecko) Chrome/148.0.0.0 Mobile Safari/537.36"
101.119.100.27 - - [10/May/2026:12:21:04 +1000] "GET /wp-content/plugins/storefront-footer-bar/assets/css/style.css?ver=6.9.4 HTTP/2" 200 263 "https://www.pgkdistribution.com.au/ac-isolators/" "Mozilla/5.0 (Linux; Android 10; K) AppleWebKit/537.36 (KHTML, like Gecko) Chrome/148.0.0.0 Mobile Safari/537.36"
101.119.100.27 - - [10/May/2026:12:21:04 +1000] "GET /wp-content/plugins/storefront-homepage-contact-section/assets/css/style.css?ver=6.9.4 HTTP/2" 200 549 "https://www.pgkdistribution.com.au/ac-isolators/" "Mozilla/5.0 (Linux; Android 10; K) AppleWebKit/537.36 (KHTML, like Gecko) Chrome/148.0.0.0 Mobile Safari/537.36"
101.119.100.27 - - [10/May/2026:12:21:04 +1000] "GET /wp-includes/js/jquery/jquery.min.js?ver=3.7.1 HTTP/2" 200 29744 "https://www.pgkdistribution.com.au/ac-isolators/" "Mozilla/5.0 (Linux; Android 10; K) AppleWebKit/537.36 (KHTML, like Gecko) Chrome/148.0.0.0 Mobile Safari/537.36"
101.119.100.27 - - [10/May/2026:12:21:04 +1000] "GET /wp-includes/js/jquery/jquery-migrate.min.js?ver=3.4.1 HTTP/2" 200 4678 "https://www.pgkdistribution.com.au/ac-isolators/" "Mozilla/5.0 (Linux; Android 10; K) AppleWebKit/537.36 (KHTML, like Gecko) Chrome/148.0.0.0 Mobile Safari/537.36"
101.119.100.27 - - [10/May/2026:12:21:04 +1000] "GET /wp-content/plugins/user-registration-plugin-for-woocommerce/front/js/afreg_front.js?ver=1.0 HTTP/2" 200 1634 "https://www.pgkdistribution.com.au/ac-isolators/" "Mozilla/5.0 (Linux; Android 10; K) AppleWebKit/537.36 (KHTML, like Gecko) Chrome/148.0.0.0 Mobile Safari/537.36"
101.119.100.27 - - [10/May/2026:12:21:04 +1000] "GET /wp-content/plugins/user-registration-plugin-for-woocommerce/front/js/afreg_color_spectrum.js?ver=1.0 HTTP/2" 200 17081 "https://www.pgkdistribution.com.au/ac-isolators/" "Mozilla/5.0 (Linux; Android 10; K) AppleWebKit/537.36 (KHTML, like Gecko) Chrome/148.0.0.0 Mobile Safari/537.36"
101.119.100.27 - - [10/May/2026:12:21:04 +1000] "GET /wp-content/plugins/hide-price-add-to-cart-button/assets/js/afwhp_front.js?ver=1.0 HTTP/2" 200 67 "https://www.pgkdistribution.com.au/ac-isolators/" "Mozilla/5.0 (Linux; Android 10; K) AppleWebKit/537.36 (KHTML, like Gecko) Chrome/148.0.0.0 Mobile Safari/537.36"
101.119.100.27 - - [10/May/2026:12:21:04 +1000] "GET /wp-content/plugins/hide-price-add-to-cart-button/assets/js/jquery.popupoverlay.js?ver=1.0 HTTP/2" 200 5342 "https://www.pgkdistribution.com.au/ac-isolators/" "Mozilla/5.0 (Linux; Android 10; K) AppleWebKit/537.36 (KHTML, like Gecko) Chrome/148.0.0.0 Mobile Safari/537.36"
101.119.100.27 - - [10/May/2026:12:21:04 +1000] "GET /wp-content/plugins/tier-pricing-table/assets/frontend/product-tiered-pricing-table.min.js?ver=8.3.0 HTTP/2" 200 4713 "https://www.pgkdistribution.com.au/ac-isolators/" "Mozilla/5.0 (Linux; Android 10; K) AppleWebKit/537.36 (KHTML, like Gecko) Chrome/148.0.0.0 Mobile Safari/537.36"
101.119.100.27 - - [10/May/2026:12:21:04 +1000] "GET /wp-content/plugins/woocommerce/assets/client/blocks/wc-blocks.css?ver=wc-10.7.0 HTTP/2" 200 2391 "https://www.pgkdistribution.com.au/ac-isolators/" "Mozilla/5.0 (Linux; Android 10; K) AppleWebKit/537.36 (KHTML, like Gecko) Chrome/148.0.0.0 Mobile Safari/537.36"
101.119.100.27 - - [10/May/2026:12:21:04 +1000] "GET /wp-content/plugins/gutentor/dist/gutentor-woocommerce.css?ver=3.5.3 HTTP/2" 200 567 "https://www.pgkdistribution.com.au/ac-isolators/" "Mozilla/5.0 (Linux; Android 10; K) AppleWebKit/537.36 (KHTML, like Gecko) Chrome/148.0.0.0 Mobile Safari/537.36"
101.119.100.27 - - [10/May/2026:12:21:04 +1000] "GET /wp-content/uploads/2021/05/PGK-Grey-font.png HTTP/2" 200 300208 "https://www.pgkdistribution.com.au/ac-isolators/" "Mozilla/5.0 (Linux; Android 10; K) AppleWebKit/537.36 (KHTML, like Gecko) Chrome/148.0.0.0 Mobile Safari/537.36"
101.119.100.27 - - [10/May/2026:12:21:05 +1000] "GET /wp-content/plugins/gutentor/assets/library/wow/wow.min.js?ver=1.2.1 HTTP/1.1" 200 2636 "https://www.pgkdistribution.com.au/ac-isolators/" "Mozilla/5.0 (Linux; Android 10; K) AppleWebKit/537.36 (KHTML, like Gecko) Chrome/148.0.0.0 Mobile Safari/537.36"
101.119.100.27 - - [10/May/2026:12:21:05 +1000] "GET /wp-content/plugins/advanced-product-fields-for-woocommerce/assets/js/frontend.min.js?ver=1.6.17 HTTP/1.1" 200 2102 "https://www.pgkdistribution.com.au/ac-isolators/" "Mozilla/5.0 (Linux; Android 10; K) AppleWebKit/537.36 (KHTML, like Gecko) Chrome/148.0.0.0 Mobile Safari/537.36"
101.119.100.27 - - [10/May/2026:12:21:05 +1000] "GET /wp-includes/js/dist/hooks.min.js?ver=dd5603f07f9220ed27f1 HTTP/1.1" 200 1852 "https://www.pgkdistribution.com.au/ac-isolators/" "Mozilla/5.0 (Linux; Android 10; K) AppleWebKit/537.36 (KHTML, like Gecko) Chrome/148.0.0.0 Mobile Safari/537.36"
101.119.100.27 - - [10/May/2026:12:21:05 +1000] "GET /wp-includes/js/dist/i18n.min.js?ver=c26c3dc7bed366793375 HTTP/1.1" 200 2119 "https://www.pgkdistribution.com.au/ac-isolators/" "Mozilla/5.0 (Linux; Android 10; K) AppleWebKit/537.36 (KHTML, like Gecko) Chrome/148.0.0.0 Mobile Safari/537.36"
101.119.100.27 - - [10/May/2026:12:21:05 +1000] "GET /wp-content/plugins/contact-form-7/includes/swv/js/index.js?ver=6.1.3 HTTP/1.1" 200 3369 "https://www.pgkdistribution.com.au/ac-isolators/" "Mozilla/5.0 (Linux; Android 10; K) AppleWebKit/537.36 (KHTML, like Gecko) Chrome/148.0.0.0 Mobile Safari/537.36"
101.119.100.27 - - [10/May/2026:12:21:05 +1000] "GET /wp-content/plugins/contact-form-7/includes/js/index.js?ver=6.1.3 HTTP/1.1" 200 4008 "https://www.pgkdistribution.com.au/ac-isolators/" "Mozilla/5.0 (Linux; Android 10; K) AppleWebKit/537.36 (KHTML, like Gecko) Chrome/148.0.0.0 Mobile Safari/537.36"
101.119.100.27 - - [10/May/2026:12:21:05 +1000] "GET /wp-content/plugins/woocommerce-table-rate-shipping/assets/js/frontend-checkout.min.js?ver=3.5.8 HTTP/1.1" 200 196 "https://www.pgkdistribution.com.au/ac-isolators/" "Mozilla/5.0 (Linux; Android 10; K) AppleWebKit/537.36 (KHTML, like Gecko) Chrome/148.0.0.0 Mobile Safari/537.36"
101.119.100.27 - - [10/May/2026:12:21:05 +1000] "GET /wp-content/plugins/mailchimp-for-woocommerce/public/js/mailchimp-woocommerce-public.min.js?ver=5.5.1.07 HTTP/1.1" 200 2143 "https://www.pgkdistribution.com.au/ac-isolators/" "Mozilla/5.0 (Linux; Android 10; K) AppleWebKit/537.36 (KHTML, like Gecko) Chrome/148.0.0.0 Mobile Safari/537.36"
101.119.100.27 - - [10/May/2026:12:21:05 +1000] "GET /wp-content/themes/storefront/assets/js/navigation.min.js?ver=4.6.1 HTTP/1.1" 200 843 "https://www.pgkdistribution.com.au/ac-isolators/" "Mozilla/5.0 (Linux; Android 10; K) AppleWebKit/537.36 (KHTML, like Gecko) Chrome/148.0.0.0 Mobile Safari/537.36"
101.119.100.27 - - [10/May/2026:12:21:05 +1000] "GET /wp-content/plugins/storefront-hamburger-menu/assets/js/frontend.min.js?ver=1.2.2 HTTP/1.1" 200 217 "https://www.pgkdistribution.com.au/ac-isolators/" "Mozilla/5.0 (Linux; Android 10; K) AppleWebKit/537.36 (KHTML, like Gecko) Chrome/148.0.0.0 Mobile Safari/537.36"
101.119.100.27 - - [10/May/2026:12:21:05 +1000] "GET /wp-content/plugins/woocommerce/assets/js/frontend/order-attribution.min.js?ver=10.7.0 HTTP/1.1" 200 1020 "https://www.pgkdistribution.com.au/ac-isolators/" "Mozilla/5.0 (Linux; Android 10; K) AppleWebKit/537.36 (KHTML, like Gecko) Chrome/148.0.0.0 Mobile Safari/537.36"
101.119.100.27 - - [10/May/2026:12:21:05 +1000] "GET /wp-content/themes/storefront/assets/js/woocommerce/header-cart.min.js?ver=4.6.1 HTTP/1.1" 200 255 "https://www.pgkdistribution.com.au/ac-isolators/" "Mozilla/5.0 (Linux; Android 10; K) AppleWebKit/537.36 (KHTML, like Gecko) Chrome/148.0.0.0 Mobile Safari/537.36"
101.119.100.27 - - [10/May/2026:12:21:05 +1000] "GET /wp-content/themes/storefront/assets/js/footer.min.js?ver=4.6.1 HTTP/1.1" 200 326 "https://www.pgkdistribution.com.au/ac-isolators/" "Mozilla/5.0 (Linux; Android 10; K) AppleWebKit/537.36 (KHTML, like Gecko) Chrome/148.0.0.0 Mobile Safari/537.36"
101.119.100.27 - - [10/May/2026:12:21:05 +1000] "GET /wp-content/themes/homestore/assets/js/homestore.min.js?ver=2.0.33 HTTP/1.1" 200 901 "https://www.pgkdistribution.com.au/ac-isolators/" "Mozilla/5.0 (Linux; Android 10; K) AppleWebKit/537.36 (KHTML, like Gecko) Chrome/148.0.0.0 Mobile Safari/537.36"
101.119.100.27 - - [10/May/2026:12:21:05 +1000] "GET /wp-content/themes/storefront/assets/js/woocommerce/extensions/brands.min.js?ver=4.6.1 HTTP/1.1" 200 258 "https://www.pgkdistribution.com.au/ac-isolators/" "Mozilla/5.0 (Linux; Android 10; K) AppleWebKit/537.36 (KHTML, like Gecko) Chrome/148.0.0.0 Mobile Safari/537.36"
101.119.100.27 - - [10/May/2026:12:21:05 +1000] "GET /wp-content/plugins/woocommerce/assets/js/jquery-blockui/jquery.blockUI.min.js?ver=2.7.0-wc.10.7.0 HTTP/1.1" 200 3277 "https://www.pgkdistribution.com.au/ac-isolators/" "Mozilla/5.0 (Linux; Android 10; K) AppleWebKit/537.36 (KHTML, like Gecko) Chrome/148.0.0.0 Mobile Safari/537.36"
101.119.100.27 - - [10/May/2026:12:21:05 +1000] "GET /wp-content/plugins/woocommerce/assets/js/frontend/add-to-cart.min.js?ver=10.7.0 HTTP/1.1" 200 1296 "https://www.pgkdistribution.com.au/ac-isolators/" "Mozilla/5.0 (Linux; Android 10; K) AppleWebKit/537.36 (KHTML, like Gecko) Chrome/148.0.0.0 Mobile Safari/537.36"
101.119.100.27 - - [10/May/2026:12:21:05 +1000] "GET /wp-content/plugins/woocommerce/assets/js/js-cookie/js.cookie.min.js?ver=2.1.4-wc.10.7.0 HTTP/1.1" 200 760 "https://www.pgkdistribution.com.au/ac-isolators/" "Mozilla/5.0 (Linux; Android 10; K) AppleWebKit/537.36 (KHTML, like Gecko) Chrome/148.0.0.0 Mobile Safari/537.36"
101.119.100.27 - - [10/May/2026:12:21:05 +1000] "GET /wp-content/plugins/woocommerce/assets/js/frontend/woocommerce.min.js?ver=10.7.0 HTTP/1.1" 200 1332 "https://www.pgkdistribution.com.au/ac-isolators/" "Mozilla/5.0 (Linux; Android 10; K) AppleWebKit/537.36 (KHTML, like Gecko) Chrome/148.0.0.0 Mobile Safari/537.36"
101.119.100.27 - - [10/May/2026:12:21:05 +1000] "GET /wp-content/plugins/woocommerce/assets/js/frontend/cart-fragments.min.js?ver=10.7.0 HTTP/1.1" 200 943 "https://www.pgkdistribution.com.au/ac-isolators/" "Mozilla/5.0 (Linux; Android 10; K) AppleWebKit/537.36 (KHTML, like Gecko) Chrome/148.0.0.0 Mobile Safari/537.36"
101.119.100.27 - - [10/May/2026:12:21:05 +1000] "GET /wp-content/plugins/woocommerce/assets/js/sourcebuster/sourcebuster.min.js?ver=10.7.0 HTTP/1.1" 200 4609 "https://www.pgkdistribution.com.au/ac-isolators/" "Mozilla/5.0 (Linux; Android 10; K) AppleWebKit/537.36 (KHTML, like Gecko) Chrome/148.0.0.0 Mobile Safari/537.36"
101.119.100.27 - - [10/May/2026:12:21:05 +1000] "GET /wp-content/plugins/gutentor/assets/js/gutentor.js?ver=3.5.3 HTTP/1.1" 200 11561 "https://www.pgkdistribution.com.au/ac-isolators/" "Mozilla/5.0 (Linux; Android 10; K) AppleWebKit/537.36 (KHTML, like Gecko) Chrome/148.0.0.0 Mobile Safari/537.36"
101.119.100.27 - - [10/May/2026:12:21:05 +1000] "GET /wp-content/uploads/2021/05/facebook.png HTTP/2" 301 795 "https://www.pgkdistribution.com.au/" "Mozilla/5.0 (Linux; Android 10; K) AppleWebKit/537.36 (KHTML, like Gecko) Chrome/148.0.0.0 Mobile Safari/537.36"
101.119.100.27 - - [10/May/2026:12:21:05 +1000] "GET /wp-content/uploads/2021/05/linkedin.png HTTP/2" 301 795 "https://www.pgkdistribution.com.au/" "Mozilla/5.0 (Linux; Android 10; K) AppleWebKit/537.36 (KHTML, like Gecko) Chrome/148.0.0.0 Mobile Safari/537.36"
101.119.100.27 - - [10/May/2026:12:21:05 +1000] "GET /wp-content/uploads/2021/05/Twitter.png HTTP/2" 301 795 "https://www.pgkdistribution.com.au/" "Mozilla/5.0 (Linux; Android 10; K) AppleWebKit/537.36 (KHTML, like Gecko) Chrome/148.0.0.0 Mobile Safari/537.36"
101.119.100.27 - - [10/May/2026:12:21:05 +1000] "GET /wp-content/themes/storefront/assets/fonts/fa-solid-900.woff2 HTTP/1.1" 200 79444 "https://www.pgkdistribution.com.au/wp-content/themes/storefront/assets/css/base/icons.css?ver=4.6.1" "Mozilla/5.0 (Linux; Android 10; K) AppleWebKit/537.36 (KHTML, like Gecko) Chrome/148.0.0.0 Mobile Safari/537.36"
101.119.100.27 - - [10/May/2026:12:21:05 +1000] "GET /wp-content/uploads/2021/05/facebook.png HTTP/1.1" 200 2373 "https://www.pgkdistribution.com.au/" "Mozilla/5.0 (Linux; Android 10; K) AppleWebKit/537.36 (KHTML, like Gecko) Chrome/148.0.0.0 Mobile Safari/537.36"
101.119.100.27 - - [10/May/2026:12:21:05 +1000] "GET /wp-content/uploads/2021/05/linkedin.png HTTP/1.1" 200 2841 "https://www.pgkdistribution.com.au/" "Mozilla/5.0 (Linux; Android 10; K) AppleWebKit/537.36 (KHTML, like Gecko) Chrome/148.0.0.0 Mobile Safari/537.36"
101.119.100.27 - - [10/May/2026:12:21:05 +1000] "GET /wp-content/uploads/2021/05/Twitter.png HTTP/1.1" 200 3677 "https://www.pgkdistribution.com.au/" "Mozilla/5.0 (Linux; Android 10; K) AppleWebKit/537.36 (KHTML, like Gecko) Chrome/148.0.0.0 Mobile Safari/537.36"
72.167.150.128 - - [10/May/2026:12:21:04 +1000] "POST /wp-login.php HTTP/2" 200 2657 "https://www.pgkdistribution.com.au/wp-login.php" "Mozilla/5.0 (Windows NT 10.0; Win64; x64) AppleWebKit/537.36 (KHTML, like Gecko) Chrome/133.0.0.0 Safari/537.36"
101.119.100.27 - - [10/May/2026:12:21:10 +1000] "GET /wp-content/uploads/2021/05/cropped-PGK-Grey-font-192x192.png HTTP/1.1" 200 15320 "https://www.pgkdistribution.com.au/ac-isolators/" "Mozilla/5.0 (Linux; Android 10; K) AppleWebKit/537.36 (KHTML, like Gecko) Chrome/148.0.0.0 Mobile Safari/537.36"
101.119.100.27 - - [10/May/2026:12:21:10 +1000] "GET /wp-content/uploads/2021/05/cropped-PGK-Grey-font-180x180.png HTTP/1.1" 200 14339 "https://www.pgkdistribution.com.au/ac-isolators/" "Mozilla/5.0 (Linux; Android 10; K) AppleWebKit/537.36 (KHTML, like Gecko) Chrome/148.0.0.0 Mobile Safari/537.36"
101.119.100.27 - - [10/May/2026:12:21:09 +1000] "POST /?wc-ajax=get_refreshed_fragments HTTP/1.1" 200 379 "https://www.pgkdistribution.com.au/ac-isolators/" "Mozilla/5.0 (Linux; Android 10; K) AppleWebKit/537.36 (KHTML, like Gecko) Chrome/148.0.0.0 Mobile Safari/537.36"
111.67.29.221 - - [10/May/2026:12:22:49 +1000] "POST /wp-cron.php?doing_wp_cron=1778379769.9369029998779296875000 HTTP/1.1" 200 538 "-" "WordPress/6.9.4; https://www.pgkdistribution.com.au"
52.167.144.157 - - [10/May/2026:12:22:47 +1000] "GET /product/solar-pv-label-kit-deluxe/ HTTP/2" 200 35513 "-" "Mozilla/5.0 AppleWebKit/537.36 (KHTML, like Gecko; compatible; bingbot/2.0; +http://www.bing.com/bingbot.htm) Chrome/116.0.1938.76 Safari/537.36"
136.109.194.29 - - [10/May/2026:12:23:49 +1000] "GET /wp-content/uploads/2017/10/Soltaro-WIFi-Dongle-1.jpg HTTP/1.1" 301 1352 "-" "Mozilla/5.0 (X11; Linux x86_64) AppleWebKit/537.36 (KHTML, like Gecko) Chrome/91.0.4472.114 Safari/537.36"
111.67.29.221 - - [10/May/2026:12:23:54 +1000] "POST /wp-cron.php?doing_wp_cron=1778379834.3218359947204589843750 HTTP/1.1" 200 538 "-" "WordPress/6.9.4; https://www.pgkdistribution.com.au"
136.109.194.29 - - [10/May/2026:12:23:52 +1000] "GET /wp-content/uploads/2017/10/Soltaro-WIFi-Dongle-1.jpg HTTP/1.1" 404 30341 "-" "Mozilla/5.0 (X11; Linux x86_64) AppleWebKit/537.36 (KHTML, like Gecko) Chrome/91.0.4472.114 Safari/537.36"
111.67.29.221 - - [10/May/2026:12:24:22 +1000] "POST /wp-cron.php?doing_wp_cron=1778379861.9890511035919189453125 HTTP/1.1" 200 538 "-" "WordPress/6.9.4; https://www.pgkdistribution.com.au"
34.141.230.59 - - [10/May/2026:12:24:19 +1000] "GET /product/end-clamp-46mm-silver/?add-to-cart=289 HTTP/2" 200 34819 "-" "LinkupBot/1.0 (LinkupBot for web indexing; https://linkup.so/bot; bot@linkup.so)"
111.67.29.221 - - [10/May/2026:12:26:27 +1000] "POST /wp-cron.php?doing_wp_cron=1778379987.8377859592437744140625 HTTP/1.1" 200 538 "-" "WordPress/6.9.4; https://www.pgkdistribution.com.au"
66.249.70.172 - - [10/May/2026:12:26:25 +1000] "GET / HTTP/1.1" 200 44113 "-" "Mozilla/5.0 (Linux; Android 6.0.1; Nexus 5X Build/MMB29P) AppleWebKit/537.36 (KHTML, like Gecko) Chrome/147.0.7727.137 Mobile Safari/537.36 (compatible; Googlebot/2.1; +http://www.google.com/bot.html)"
66.249.70.171 - - [10/May/2026:12:26:30 +1000] "GET /wp-content/plugins/hide-price-add-to-cart-button/assets/js/jquery.popupoverlay.js?ver=1.0 HTTP/1.1" 200 5948 "https://www.pgkdistribution.com.au/" "Mozilla/5.0 (Linux; Android 6.0.1; Nexus 5X Build/MMB29P) AppleWebKit/537.36 (KHTML, like Gecko) Chrome/147.0.7727.137 Mobile Safari/537.36 (compatible; Googlebot/2.1; +http://www.google.com/bot.html)"
66.249.70.172 - - [10/May/2026:12:26:34 +1000] "POST /?wc-ajax=get_refreshed_fragments HTTP/1.1" 200 1190 "https://www.pgkdistribution.com.au/" "Mozilla/5.0 (Linux; Android 6.0.1; Nexus 5X Build/MMB29P) AppleWebKit/537.36 (KHTML, like Gecko) Chrome/147.0.7727.137 Mobile Safari/537.36 (compatible; Googlebot/2.1; +http://www.google.com/bot.html)"
66.249.64.99 - - [10/May/2026:12:33:05 +1000] "GET /wp-content/uploads/2021/06/Single-Solar-DC-Cable-500x500-1.jpg HTTP/1.1" 301 1362 "-" "Googlebot-Image/1.0"
66.249.70.172 - - [10/May/2026:12:33:09 +1000] "GET /wp-content/uploads/2021/06/Single-Solar-DC-Cable-500x500-1.jpg HTTP/1.1" 200 31235 "-" "Googlebot-Image/1.0"
111.67.29.221 - - [10/May/2026:12:33:49 +1000] "POST /wp-cron.php?doing_wp_cron=1778380429.0904920101165771484375 HTTP/1.1" 200 538 "-" "WordPress/6.9.4; https://www.pgkdistribution.com.au"
34.141.230.59 - - [10/May/2026:12:33:46 +1000] "GET /product/pgk-1200v-20a-4p-np-dc-breaker/ HTTP/2" 200 35400 "-" "LinkupBot/1.0 (LinkupBot for web indexing; https://linkup.so/bot; bot@linkup.so)"
111.67.29.221 - - [10/May/2026:12:35:18 +1000] "POST /wp-cron.php?doing_wp_cron=1778380518.0764150619506835937500 HTTP/1.1" 200 538 "-" "WordPress/6.9.4; https://www.pgkdistribution.com.au"
142.44.228.237 - - [10/May/2026:12:35:14 +1000] "GET /product/solis-3p-10kw-dual-mppt/ HTTP/2" 200 34546 "-" "Mozilla/5.0 (compatible; AhrefsBot/7.0; +http://ahrefs.com/robot/)"
111.67.29.221 - - [10/May/2026:12:36:37 +1000] "POST /wp-cron.php?doing_wp_cron=1778380597.8941869735717773437500 HTTP/1.1" 200 538 "-" "WordPress/6.9.4; https://www.pgkdistribution.com.au"
43.157.22.57 - - [10/May/2026:12:36:35 +1000] "GET / HTTP/1.1" 200 43692 "http://pgkdistribution.com.au" "Mozilla/5.0 (iPhone; CPU iPhone OS 13_2_3 like Mac OS X) AppleWebKit/605.1.15 (KHTML, like Gecko) Version/13.0.3 Mobile/15E148 Safari/604.1"
111.67.29.221 - - [10/May/2026:12:38:15 +1000] "POST /wp-cron.php?doing_wp_cron=1778380695.1035048961639404296875 HTTP/1.1" 200 538 "-" "WordPress/6.9.4; https://www.pgkdistribution.com.au"
52.167.144.181 - - [10/May/2026:12:38:12 +1000] "GET /product/7kw-single-phase-with-solar-optimiser/ HTTP/2" 200 35425 "-" "Mozilla/5.0 AppleWebKit/537.36 (KHTML, like Gecko; compatible; bingbot/2.0; +http://www.bing.com/bingbot.htm) Chrome/116.0.1938.76 Safari/537.36"
111.67.29.221 - - [10/May/2026:12:39:04 +1000] "POST /wp-cron.php?doing_wp_cron=1778380744.2686569690704345703125 HTTP/1.1" 200 538 "-" "WordPress/6.9.4; https://www.pgkdistribution.com.au"
66.249.70.172 - - [10/May/2026:12:39:00 +1000] "GET /product/pgk-1200v-dc-isomc4-gen200mm HTTP/1.1" 200 33422 "-" "Mozilla/5.0 (Linux; Android 6.0.1; Nexus 5X Build/MMB29P) AppleWebKit/537.36 (KHTML, like Gecko) Chrome/147.0.7727.137 Mobile Safari/537.36 (compatible; Googlebot/2.1; +http://www.google.com/bot.html)"
66.249.70.172 - - [10/May/2026:12:39:14 +1000] "POST /?wc-ajax=get_refreshed_fragments HTTP/1.1" 200 1190 "https://www.pgkdistribution.com.au/product/pgk-1200v-dc-isomc4-gen200mm" "Mozilla/5.0 (Linux; Android 6.0.1; Nexus 5X Build/MMB29P) AppleWebKit/537.36 (KHTML, like Gecko) Chrome/147.0.7727.137 Mobile Safari/537.36 (compatible; Googlebot/2.1; +http://www.google.com/bot.html)"
111.67.29.221 - - [10/May/2026:12:41:35 +1000] "POST /wp-cron.php?doing_wp_cron=1778380895.8735699653625488281250 HTTP/1.1" 200 538 "-" "WordPress/6.9.4; https://www.pgkdistribution.com.au"
4.196.198.80 - - [10/May/2026:12:41:33 +1000] "GET /cookie-policy/ HTTP/2" 200 30646 "-" "Mozilla/5.0 AppleWebKit/537.36 (KHTML, like Gecko); compatible; ChatGPT-User/1.0; +https://openai.com/bot"
111.67.29.221 - - [10/May/2026:12:42:20 +1000] "POST /wp-cron.php?doing_wp_cron=1778380940.8427369594573974609375 HTTP/1.1" 200 538 "-" "WordPress/6.9.4; https://www.pgkdistribution.com.au"
138.94.59.226 - - [10/May/2026:12:42:18 +1000] "GET /wp-json/oembed/1.0/embed?url=https%3A%2F%2Fwww.pgkdistribution.com.au%2Fproduct%2Fpgk-250v-ac-16a-1p-circuit-breaker%2F HTTP/1.1" 200 2089 "-" "Mozilla/5.0 (Macintosh; Intel Mac OS X 10_13_6) AppleWebKit/537.36 (KHTML, like Gecko) Chrome/99.0.4844.84 Safari/537.36"
100.31.86.124 - - [10/May/2026:12:42:56 +1000] "GET /wp-content/uploads/2021/05/SE042E-500x500-1-356x356.jpg HTTP/1.1" 200 4537 "-" "Mozilla/5.0 (Windows NT 10.0; Win64; x64) AppleWebKit/537.36 (KHTML, like Gecko) Chrome/120.0.0.0 Safari/537.36"
100.31.86.124 - - [10/May/2026:12:42:56 +1000] "GET /wp-content/uploads/2021/05/SE042E-500x500-1-457x457.jpg HTTP/1.1" 200 6219 "-" "Mozilla/5.0 (Windows NT 10.0; Win64; x64) AppleWebKit/537.36 (KHTML, like Gecko) Chrome/120.0.0.0 Safari/537.36"
54.37.252.153 - - [10/May/2026:12:43:26 +1000] "GET /robots.txt HTTP/1.1" 301 1310 "-" "Mozilla/5.0 (compatible; MJ12bot/v1.4.8; http://mj12bot.com/)"
111.67.29.221 - - [10/May/2026:12:43:31 +1000] "POST /wp-cron.php?doing_wp_cron=1778381011.4860610961914062500000 HTTP/1.1" 200 538 "-" "WordPress/6.9.4; https://www.pgkdistribution.com.au"
54.37.252.153 - - [10/May/2026:12:43:28 +1000] "GET /robots.txt HTTP/1.1" 200 1049 "-" "Mozilla/5.0 (compatible; MJ12bot/v1.4.8; http://mj12bot.com/)"
54.37.252.153 - - [10/May/2026:12:43:33 +1000] "GET /product/black-dektite-0mm-35mm-roof-flashing/ HTTP/1.1" 301 1345 "-" "Mozilla/5.0 (compatible; MJ12bot/v1.4.8; http://mj12bot.com/)"
54.37.252.153 - - [10/May/2026:12:43:36 +1000] "GET /product/black-dektite-0mm-35mm-roof-flashing/ HTTP/1.1" 200 35768 "-" "Mozilla/5.0 (compatible; MJ12bot/v1.4.8; http://mj12bot.com/)"
54.37.252.153 - - [10/May/2026:12:43:42 +1000] "GET /product/winch-solar-battery-lifter/ HTTP/1.1" 301 1335 "-" "Mozilla/5.0 (compatible; MJ12bot/v1.4.8; http://mj12bot.com/)"
54.37.252.153 - - [10/May/2026:12:43:45 +1000] "GET /product/winch-solar-battery-lifter/ HTTP/1.1" 200 35893 "-" "Mozilla/5.0 (compatible; MJ12bot/v1.4.8; http://mj12bot.com/)"
111.67.29.221 - - [10/May/2026:12:44:44 +1000] "POST /wp-cron.php?doing_wp_cron=1778381084.6774349212646484375000 HTTP/1.1" 200 538 "-" "WordPress/6.9.4; https://www.pgkdistribution.com.au"
167.114.139.93 - - [10/May/2026:12:44:42 +1000] "GET /product/2x10mm%C2%B2-1500v-dc-cable-500m/ HTTP/2" 200 34912 "-" "Mozilla/5.0 (compatible; AhrefsBot/7.0; +http://ahrefs.com/robot/)"
58.178.202.199 - - [10/May/2026:12:45:06 +1000] "GET /wp-content/uploads/2023/01/Soltaro-AC-EV-Charger-Manual.pdf HTTP/2" 200 500949 "https://www.google.com/" "Mozilla/5.0 (iPhone; CPU iPhone OS 18_7 like Mac OS X) AppleWebKit/605.1.15 (KHTML, like Gecko) Version/26.4 Mobile/15E148 Safari/604.1"
58.178.202.199 - - [10/May/2026:12:45:07 +1000] "GET /favicon.ico HTTP/2" 404 479 "https://www.pgkdistribution.com.au/wp-content/uploads/2023/01/Soltaro-AC-EV-Charger-Manual.pdf" "Mozilla/5.0 (iPhone; CPU iPhone OS 18_7 like Mac OS X) AppleWebKit/605.1.15 (KHTML, like Gecko) Version/26.4 Mobile/15E148 Safari/604.1"
111.67.29.221 - - [10/May/2026:12:45:12 +1000] "POST /wp-cron.php?doing_wp_cron=1778381111.9896509647369384765625 HTTP/1.1" 200 538 "-" "WordPress/6.9.4; https://www.pgkdistribution.com.au"
216.73.217.75 - - [10/May/2026:12:45:10 +1000] "GET /robots.txt HTTP/2" 200 454 "-" "Mozilla/5.0 AppleWebKit/537.36 (KHTML, like Gecko; compatible; ClaudeBot/1.0; +claudebot@anthropic.com)"
216.73.217.75 - - [10/May/2026:12:45:12 +1000] "GET /sitemap_index.xml HTTP/2" 200 440 "-" "Mozilla/5.0 AppleWebKit/537.36 (KHTML, like Gecko; compatible; ClaudeBot/1.0; +claudebot@anthropic.com)"
15.204.161.7 - - [10/May/2026:12:47:17 +1000] "GET /pgkdistribution/pgkdistribution/?page_id=696 HTTP/2" 301 795 "-" "Mozilla/5.0 (Windows NT 10.0; Win64; x64) AppleWebKit/537.36 (KHTML, like Gecko) Chrome/146.0.0.0 Safari/537.36"
15.204.161.7 - - [10/May/2026:12:47:17 +1000] "GET /pgkdistribution/pgkdistribution/?page_id=717 HTTP/2" 301 795 "-" "Mozilla/5.0 (Windows NT 10.0; Win64; x64) AppleWebKit/537.36 (KHTML, like Gecko) Chrome/146.0.0.0 Safari/537.36"
54.37.252.153 - - [10/May/2026:12:47:20 +1000] "GET /robots.txt HTTP/1.1" 301 1310 "-" "Mozilla/5.0 (compatible; MJ12bot/v1.4.8; http://mj12bot.com/)"
15.204.161.7 - - [10/May/2026:12:47:20 +1000] "GET /pgkdistribution/pgkdistribution/?page_id=696 HTTP/2" 301 0 "https://pgkdistribution.com.au/pgkdistribution/pgkdistribution/?page_id=696" "Mozilla/5.0 (Windows NT 10.0; Win64; x64) AppleWebKit/537.36 (KHTML, like Gecko) Chrome/146.0.0.0 Safari/537.36"
111.67.29.221 - - [10/May/2026:12:47:26 +1000] "POST /wp-cron.php?doing_wp_cron=1778381246.7953929901123046875000 HTTP/1.1" 200 538 "-" "WordPress/6.9.4; https://www.pgkdistribution.com.au"
15.204.161.7 - - [10/May/2026:12:47:21 +1000] "GET /pgkdistribution/pgkdistribution/?page_id=717 HTTP/2" 301 0 "https://pgkdistribution.com.au/pgkdistribution/pgkdistribution/?page_id=717" "Mozilla/5.0 (Windows NT 10.0; Win64; x64) AppleWebKit/537.36 (KHTML, like Gecko) Chrome/146.0.0.0 Safari/537.36"
15.204.161.7 - - [10/May/2026:12:47:18 +1000] "GET /privacy-policy/ HTTP/2" 200 38475 "-" "Mozilla/5.0 (Windows NT 10.0; Win64; x64) AppleWebKit/537.36 (KHTML, like Gecko) Chrome/146.0.0.0 Safari/537.36"
15.204.161.7 - - [10/May/2026:12:47:27 +1000] "GET /terms-and-conditions-of-sale/ HTTP/2" 200 39168 "https://www.pgkdistribution.com.au/pgkdistribution/pgkdistribution/?page_id=717" "Mozilla/5.0 (Windows NT 10.0; Win64; x64) AppleWebKit/537.36 (KHTML, like Gecko) Chrome/146.0.0.0 Safari/537.36"
15.204.161.7 - - [10/May/2026:12:47:29 +1000] "GET /cookie-policy/ HTTP/2" 200 30646 "https://www.pgkdistribution.com.au/pgkdistribution/pgkdistribution/?page_id=696" "Mozilla/5.0 (Windows NT 10.0; Win64; x64) AppleWebKit/537.36 (KHTML, like Gecko) Chrome/146.0.0.0 Safari/537.36"
111.67.29.221 - - [10/May/2026:12:47:31 +1000] "POST /wp-cron.php?doing_wp_cron=1778381251.4451980590820312500000 HTTP/1.1" 200 538 "-" "WordPress/6.9.4; https://www.pgkdistribution.com.au"
54.37.252.153 - - [10/May/2026:12:47:21 +1000] "GET /robots.txt HTTP/1.1" 200 1049 "-" "Mozilla/5.0 (compatible; MJ12bot/v1.4.8; http://mj12bot.com/)"
54.37.252.153 - - [10/May/2026:12:47:34 +1000] "GET /product/black-dektite-0mm-35mm-roof-flashing/ HTTP/1.1" 301 1345 "-" "Mozilla/5.0 (compatible; MJ12bot/v1.4.8; http://mj12bot.com/)"
54.37.252.153 - - [10/May/2026:12:47:37 +1000] "GET /product/black-dektite-0mm-35mm-roof-flashing/ HTTP/1.1" 200 35694 "-" "Mozilla/5.0 (compatible; MJ12bot/v1.4.8; http://mj12bot.com/)"
54.37.252.153 - - [10/May/2026:12:47:42 +1000] "GET /product/winch-solar-battery-lifter/ HTTP/1.1" 301 1335 "-" "Mozilla/5.0 (compatible; MJ12bot/v1.4.8; http://mj12bot.com/)"
54.37.252.153 - - [10/May/2026:12:47:44 +1000] "GET /product/winch-solar-battery-lifter/ HTTP/1.1" 200 35792 "-" "Mozilla/5.0 (compatible; MJ12bot/v1.4.8; http://mj12bot.com/)"
66.249.70.172 - - [10/May/2026:12:48:06 +1000] "GET /robots.txt HTTP/1.1" 200 1049 "-" "Mozilla/5.0 (compatible; Googlebot/2.1; +http://www.google.com/bot.html)"
66.249.70.171 - - [10/May/2026:12:48:12 +1000] "GET /wp-content/uploads/2018/05/PGK-2.png HTTP/1.1" 404 30332 "-" "Googlebot-Image/1.0"
54.37.252.153 - - [10/May/2026:12:48:29 +1000] "GET /robots.txt HTTP/1.1" 301 1310 "-" "Mozilla/5.0 (compatible; MJ12bot/v1.4.8; http://mj12bot.com/)"
111.67.29.221 - - [10/May/2026:12:48:32 +1000] "POST /wp-cron.php?doing_wp_cron=1778381312.4707748889923095703125 HTTP/1.1" 200 538 "-" "WordPress/6.9.4; https://www.pgkdistribution.com.au"
54.37.252.153 - - [10/May/2026:12:48:30 +1000] "GET /robots.txt HTTP/1.1" 200 1049 "-" "Mozilla/5.0 (compatible; MJ12bot/v1.4.8; http://mj12bot.com/)"
54.37.252.153 - - [10/May/2026:12:48:35 +1000] "GET /product/black-dektite-0mm-35mm-roof-flashing/ HTTP/1.1" 301 1345 "-" "Mozilla/5.0 (compatible; MJ12bot/v1.4.8; http://mj12bot.com/)"
15.204.183.221 - - [10/May/2026:12:48:34 +1000] "GET /contact-us/ HTTP/2" 200 32169 "-" "Mozilla/5.0 (Windows NT 10.0; Win64; x64) AppleWebKit/537.36 (KHTML, like Gecko) Chrome/146.0.0.0 Safari/537.36"
54.37.252.153 - - [10/May/2026:12:48:37 +1000] "GET /product/black-dektite-0mm-35mm-roof-flashing/ HTTP/1.1" 200 35781 "-" "Mozilla/5.0 (compatible; MJ12bot/v1.4.8; http://mj12bot.com/)"
54.37.252.153 - - [10/May/2026:12:48:43 +1000] "GET /product/winch-solar-battery-lifter/ HTTP/1.1" 301 1335 "-" "Mozilla/5.0 (compatible; MJ12bot/v1.4.8; http://mj12bot.com/)"
54.37.252.153 - - [10/May/2026:12:48:45 +1000] "GET /product/winch-solar-battery-lifter/ HTTP/1.1" 200 35829 "-" "Mozilla/5.0 (compatible; MJ12bot/v1.4.8; http://mj12bot.com/)"
54.92.171.106 - - [10/May/2026:12:49:46 +1000] "GET /usb-battery/ HTTP/1.1" 301 1275 "-" "Mozilla/5.0 AppleWebKit/537.36 (KHTML, like Gecko; compatible; Amazonbot/0.1; +https://developer.amazon.com/support/amazonbot) Chrome/119.0.6045.214 Safari/537.36"
111.67.29.221 - - [10/May/2026:12:49:48 +1000] "POST /wp-cron.php?doing_wp_cron=1778381388.6374039649963378906250 HTTP/1.1" 200 538 "-" "WordPress/6.9.4; https://www.pgkdistribution.com.au"
52.3.156.186 - - [10/May/2026:12:49:46 +1000] "GET /cart/ HTTP/1.1" 200 53253 "-" "Mozilla/5.0 AppleWebKit/537.36 (KHTML, like Gecko; compatible; Amazonbot/0.1; +https://developer.amazon.com/support/amazonbot) Chrome/119.0.6045.214 Safari/537.36"
52.0.105.244 - - [10/May/2026:12:49:47 +1000] "GET /usb-battery/ HTTP/1.1" 200 30950 "-" "Mozilla/5.0 AppleWebKit/537.36 (KHTML, like Gecko; compatible; Amazonbot/0.1; +https://developer.amazon.com/support/amazonbot) Chrome/119.0.6045.214 Safari/537.36"
66.249.64.99 - - [10/May/2026:12:52:43 +1000] "GET /contact-us/ HTTP/1.1" 301 1311 "-" "Mozilla/5.0 (Linux; Android 6.0.1; Nexus 5X Build/MMB29P) AppleWebKit/537.36 (KHTML, like Gecko) Chrome/147.0.7727.137 Mobile Safari/537.36 (compatible; Googlebot/2.1; +http://www.google.com/bot.html)"
111.67.29.221 - - [10/May/2026:12:52:48 +1000] "POST /wp-cron.php?doing_wp_cron=1778381568.6811959743499755859375 HTTP/1.1" 200 538 "-" "WordPress/6.9.4; https://www.pgkdistribution.com.au"
66.249.70.172 - - [10/May/2026:12:52:46 +1000] "GET /contact-us/ HTTP/1.1" 200 33488 "-" "Mozilla/5.0 (Linux; Android 6.0.1; Nexus 5X Build/MMB29P) AppleWebKit/537.36 (KHTML, like Gecko) Chrome/147.0.7727.137 Mobile Safari/537.36 (compatible; Googlebot/2.1; +http://www.google.com/bot.html)"
66.249.70.172 - - [10/May/2026:12:52:57 +1000] "GET /wp-json/contact-form-7/v1/contact-forms/390/feedback/schema HTTP/1.1" 200 1118 "https://www.pgkdistribution.com.au/contact-us/" "Mozilla/5.0 (Linux; Android 6.0.1; Nexus 5X Build/MMB29P) AppleWebKit/537.36 (KHTML, like Gecko) Chrome/147.0.7727.137 Mobile Safari/537.36 (compatible; Googlebot/2.1; +http://www.google.com/bot.html)"
66.249.70.171 - - [10/May/2026:12:53:11 +1000] "POST /?wc-ajax=get_refreshed_fragments HTTP/1.1" 200 1190 "https://www.pgkdistribution.com.au/contact-us/" "Mozilla/5.0 (Linux; Android 6.0.1; Nexus 5X Build/MMB29P) AppleWebKit/537.36 (KHTML, like Gecko) Chrome/147.0.7727.137 Mobile Safari/537.36 (compatible; Googlebot/2.1; +http://www.google.com/bot.html)"
66.249.70.173 - - [10/May/2026:12:55:56 +1000] "GET /wp-content/uploads/2021/05/cropped-PGK-Grey-font-192x192.png HTTP/1.1" 200 16000 "-" "Googlebot-Image/1.0"
66.249.70.173 - - [10/May/2026:12:55:58 +1000] "GET /wp-content/uploads/2021/05/cropped-PGK-Grey-font-32x32.png HTTP/1.1" 200 2104 "-" "Googlebot-Image/1.0"
164.90.215.159 - - [10/May/2026:12:56:28 +1000] "GET /wp-content/uploads/2017/10/SE030DF.jpg HTTP/2" 301 795 "https://pgkdistribution.com.au" "Mozilla/5.0 (Windows NT 10.0; Win64; x64) AppleWebKit/537.36 (KHTML, like Gecko) Chrome/147.0.0.0 Safari/537.36"
111.67.29.221 - - [10/May/2026:12:56:31 +1000] "POST /wp-cron.php?doing_wp_cron=1778381791.6881210803985595703125 HTTP/1.1" 200 538 "-" "WordPress/6.9.4; https://www.pgkdistribution.com.au"
164.90.215.159 - - [10/May/2026:12:56:29 +1000] "GET /wp-content/uploads/2017/10/SE030DF.jpg HTTP/2" 404 29580 "https://pgkdistribution.com.au/wp-content/uploads/2017/10/SE030DF.jpg" "Mozilla/5.0 (Windows NT 10.0; Win64; x64) AppleWebKit/537.36 (KHTML, like Gecko) Chrome/147.0.0.0 Safari/537.36"
167.172.42.15 - - [10/May/2026:12:56:38 +1000] "GET /wp-content/uploads/2017/10/SE030DF.jpg HTTP/2" 301 795 "https://pgkdistribution.com.au" "Mozilla/5.0 (Windows NT 10.0; Win64; x64) AppleWebKit/537.36 (KHTML, like Gecko) Chrome/146.0.0.0 Safari/537.36"
167.172.42.15 - - [10/May/2026:12:56:39 +1000] "GET /wp-content/uploads/2017/10/SE030DF.jpg HTTP/2" 404 29580 "https://pgkdistribution.com.au/wp-content/uploads/2017/10/SE030DF.jpg" "Mozilla/5.0 (Windows NT 10.0; Win64; x64) AppleWebKit/537.36 (KHTML, like Gecko) Chrome/146.0.0.0 Safari/537.36"
119.12.201.205 - - [10/May/2026:12:56:44 +1000] "GET /wp-content/uploads/2017/10/SE030DF.jpg HTTP/2" 301 795 "https://pgkdistribution.com.au" "Mozilla/5.0 (Windows NT 10.0; Win64; x64) AppleWebKit/537.36 (KHTML, like Gecko) Chrome/146.0.0.0 Safari/537.36"
68.183.68.206 - - [10/May/2026:12:56:51 +1000] "GET /wp-content/uploads/2017/10/SE030DF.jpg HTTP/2" 301 795 "https://pgkdistribution.com.au" "Mozilla/5.0 (Macintosh; Intel Mac OS X 10_15_7) AppleWebKit/537.36 (KHTML, like Gecko) Chrome/147.0.0.0 Safari/537.36"
68.183.68.206 - - [10/May/2026:12:56:53 +1000] "GET /wp-content/uploads/2017/10/SE030DF.jpg HTTP/2" 404 29580 "https://pgkdistribution.com.au/wp-content/uploads/2017/10/SE030DF.jpg" "Mozilla/5.0 (Macintosh; Intel Mac OS X 10_15_7) AppleWebKit/537.36 (KHTML, like Gecko) Chrome/147.0.0.0 Safari/537.36"
46.101.96.40 - - [10/May/2026:12:57:07 +1000] "GET /wp-content/uploads/2017/10/SE030DF.jpg HTTP/2" 301 795 "https://pgkdistribution.com.au" "Mozilla/5.0 (Windows NT 10.0; Win64; x64) AppleWebKit/537.36 (KHTML, like Gecko) Chrome/147.0.0.0 Safari/537.36 Edg/147.0.0.0"
46.101.96.40 - - [10/May/2026:12:57:09 +1000] "GET /wp-content/uploads/2017/10/SE030DF.jpg HTTP/2" 200 0 "https://pgkdistribution.com.au/wp-content/uploads/2017/10/SE030DF.jpg" "Mozilla/5.0 (Windows NT 10.0; Win64; x64) AppleWebKit/537.36 (KHTML, like Gecko) Chrome/147.0.0.0 Safari/537.36 Edg/147.0.0.0"
120.156.5.74 - - [10/May/2026:12:59:10 +1000] "GET /wp-content/uploads/2021/06/ER-I-23.jpg HTTP/2" 200 31226 "https://www.google.com/" "Mozilla/5.0 (iPhone; CPU iPhone OS 18_7 like Mac OS X) AppleWebKit/605.1.15 (KHTML, like Gecko) Version/26.4 Mobile/15E148 Safari/604.1"
111.67.29.221 - - [10/May/2026:13:01:38 +1000] "POST /wp-cron.php?doing_wp_cron=1778382098.4332559108734130859375 HTTP/1.1" 200 538 "-" "WordPress/6.9.4; https://www.pgkdistribution.com.au"
43.166.245.120 - - [10/May/2026:13:01:36 +1000] "GET /xmlrpc.php HTTP/1.1" 405 585 "-" "Mozilla/5.0 (iPhone; CPU iPhone OS 13_2_3 like Mac OS X) AppleWebKit/605.1.15 (KHTML, like Gecko) Version/13.0.3 Mobile/15E148 Safari/604.1"
111.67.29.221 - - [10/May/2026:13:01:55 +1000] "POST /wp-cron.php?doing_wp_cron=1778382114.9406309127807617187500 HTTP/1.1" 200 538 "-" "WordPress/6.9.4; https://www.pgkdistribution.com.au"
185.242.3.215 - - [10/May/2026:13:01:46 +1000] "GET / HTTP/1.1" 200 49123 "-" "-"
185.242.3.215 - - [10/May/2026:13:01:57 +1000] "GET / HTTP/1.1" 200 49123 "-" "-"
185.242.3.215 - - [10/May/2026:13:02:07 +1000] "GET / HTTP/1.1" 200 197623 "-" "-"
185.242.3.215 - - [10/May/2026:13:02:14 +1000] "GET /wp-admin/install.php HTTP/1.1" 200 1770 "-" "-"
54.39.6.82 - - [10/May/2026:13:02:13 +1000] "GET /product/2x10mm%C2%B2-iec-62930-dc-cable-100m/ HTTP/2" 200 34932 "-" "Mozilla/5.0 (compatible; AhrefsBot/7.0; +http://ahrefs.com/robot/)"
185.242.3.215 - - [10/May/2026:13:02:15 +1000] "GET /wp-admin/setup-config.php HTTP/1.1" 409 3090 "-" "-"
66.249.70.171 - - [10/May/2026:13:03:05 +1000] "GET /wp-content/uploads/2021/06/SE015E-500x500-1-356x356.jpg HTTP/1.1" 304 494 "-" "Googlebot-Image/1.0"
101.118.85.100 - - [10/May/2026:13:03:48 +1000] "GET /wp-content/uploads/2023/01/Soltaro-AC.jpg HTTP/2" 200 9318 "https://www.google.com/" "Mozilla/5.0 (Linux; Android 10; K) AppleWebKit/537.36 (KHTML, like Gecko) SamsungBrowser/29.0 Chrome/136.0.0.0 Mobile Safari/537.36"
111.67.29.221 - - [10/May/2026:13:06:39 +1000] "POST /wp-cron.php?doing_wp_cron=1778382398.9800910949707031250000 HTTP/1.1" 200 538 "-" "WordPress/6.9.4; https://www.pgkdistribution.com.au"
103.157.205.152 - - [10/May/2026:13:06:36 +1000] "GET /contact-us/ HTTP/1.0" 200 116525 "https://www.pgkdistribution.com.au/contact-us/" "Mozilla/5.0 (Windows NT 10.0; Win64; x64) AppleWebKit/537.36 (KHTML, like Gecko) Chrome/130.0.0.0 Safari/537.36"
111.67.29.221 - - [10/May/2026:13:07:29 +1000] "POST /wp-cron.php?doing_wp_cron=1778382449.8057301044464111328125 HTTP/1.1" 200 538 "-" "WordPress/6.9.4; https://www.pgkdistribution.com.au"
54.39.210.200 - - [10/May/2026:13:07:27 +1000] "GET /product/solar-pv-label-kit-basic/ HTTP/2" 200 35286 "-" "Mozilla/5.0 (compatible; AhrefsBot/7.0; +http://ahrefs.com/robot/)"
103.157.205.152 - - [10/May/2026:13:08:11 +1000] "POST /contact-us/ HTTP/1.0" 200 117683 "https://www.pgkdistribution.com.au/contact-us/" "Mozilla/5.0 (Windows NT 10.0; Win64; x64) AppleWebKit/537.36 (KHTML, like Gecko) Chrome/130.0.0.0 Safari/537.36"
111.67.29.221 - - [10/May/2026:13:10:21 +1000] "POST /wp-cron.php?doing_wp_cron=1778382620.9704530239105224609375 HTTP/1.1" 200 538 "-" "WordPress/6.9.4; https://www.pgkdistribution.com.au"
43.167.236.228 - - [10/May/2026:13:10:14 +1000] "GET /wp-json/wp/v2/pages/13 HTTP/1.1" 200 12248 "-" "Mozilla/5.0 (iPhone; CPU iPhone OS 13_2_3 like Mac OS X) AppleWebKit/605.1.15 (KHTML, like Gecko) Version/13.0.3 Mobile/15E148 Safari/604.1"
111.67.29.221 - - [10/May/2026:13:11:18 +1000] "POST /wp-cron.php?doing_wp_cron=1778382678.7772469520568847656250 HTTP/1.1" 200 538 "-" "WordPress/6.9.4; https://www.pgkdistribution.com.au"
57.141.14.88 - - [10/May/2026:13:11:16 +1000] "GET /product/2x4mm\xc2\xb2-iec-62930-dc-cable-500m/ HTTP/2" 200 127594 "-" "meta-externalagent/1.1 (+https://developers.facebook.com/docs/sharing/webmasters/crawler)"
77.14.16.113 - - [10/May/2026:13:11:22 +1000] "GET /product/klip-lok-700/ HTTP/1.1" 301 706 "-" "Mozilla/5.0 (Macintosh; Intel Mac OS X 11.4; rv:135.0) Gecko/20100101 Firefox/135.0"
77.14.16.113 - - [10/May/2026:13:11:25 +1000] "GET /?post_type=product&p=266 HTTP/1.1" 404 30035 "-" "Mozilla/5.0 (Macintosh; Intel Mac OS X 11.4; rv:135.0) Gecko/20100101 Firefox/135.0"
52.167.144.59 - - [10/May/2026:13:12:02 +1000] "GET /robots.txt HTTP/2" 301 795 "-" "Mozilla/5.0 AppleWebKit/537.36 (KHTML, like Gecko; compatible; bingbot/2.0; +http://www.bing.com/bingbot.htm) Chrome/116.0.1938.76 Safari/537.36"
111.67.29.221 - - [10/May/2026:13:12:06 +1000] "POST /wp-cron.php?doing_wp_cron=1778382726.1225109100341796875000 HTTP/1.1" 200 538 "-" "WordPress/6.9.4; https://www.pgkdistribution.com.au"
52.167.144.59 - - [10/May/2026:13:12:04 +1000] "GET /robots.txt HTTP/2" 200 454 "-" "Mozilla/5.0 AppleWebKit/537.36 (KHTML, like Gecko; compatible; bingbot/2.0; +http://www.bing.com/bingbot.htm) Chrome/116.0.1938.76 Safari/537.36"
52.167.144.179 - - [10/May/2026:13:12:13 +1000] "GET /solar-inverters/solis.html HTTP/2" 301 795 "-" "Mozilla/5.0 AppleWebKit/537.36 (KHTML, like Gecko; compatible; bingbot/2.0; +http://www.bing.com/bingbot.htm) Chrome/116.0.1938.76 Safari/537.36"
111.67.29.221 - - [10/May/2026:13:12:34 +1000] "POST /wp-cron.php?doing_wp_cron=1778382753.9558749198913574218750 HTTP/1.1" 200 538 "-" "WordPress/6.9.4; https://www.pgkdistribution.com.au"
54.39.6.175 - - [10/May/2026:13:12:31 +1000] "GET /product/solis-3p-50kw-four-mppt/ HTTP/2" 200 35076 "-" "Mozilla/5.0 (compatible; AhrefsBot/7.0; +http://ahrefs.com/robot/)"
34.158.13.28 - - [10/May/2026:13:14:54 +1000] "GET /wp-content/uploads/2019/04/Solar-Panels.png HTTP/1.1" 301 1343 "-" "Mozilla/5.0 (X11; Linux x86_64) AppleWebKit/537.36 (KHTML, like Gecko) Chrome/91.0.4472.114 Safari/537.36"
111.67.29.221 - - [10/May/2026:13:14:59 +1000] "POST /wp-cron.php?doing_wp_cron=1778382899.8476390838623046875000 HTTP/1.1" 200 538 "-" "WordPress/6.9.4; https://www.pgkdistribution.com.au"
34.158.13.28 - - [10/May/2026:13:14:57 +1000] "GET /wp-content/uploads/2019/04/Solar-Panels.png HTTP/1.1" 404 30336 "-" "Mozilla/5.0 (X11; Linux x86_64) AppleWebKit/537.36 (KHTML, like Gecko) Chrome/91.0.4472.114 Safari/537.36"
52.167.144.221 - - [10/May/2026:13:15:37 +1000] "GET /sitemap_index.xml HTTP/2" 301 795 "-" "Mozilla/5.0 AppleWebKit/537.36 (KHTML, like Gecko; compatible; bingbot/2.0; +http://www.bing.com/bingbot.htm) Chrome/116.0.1938.76 Safari/537.36"
111.67.29.221 - - [10/May/2026:13:15:54 +1000] "POST /wp-cron.php?doing_wp_cron=1778382954.3805749416351318359375 HTTP/1.1" 200 538 "-" "WordPress/6.9.4; https://www.pgkdistribution.com.au"
52.167.144.166 - - [10/May/2026:13:15:47 +1000] "GET /sitemap_index.xml HTTP/2" 200 440 "-" "Mozilla/5.0 AppleWebKit/537.36 (KHTML, like Gecko; compatible; bingbot/2.0; +http://www.bing.com/bingbot.htm) Chrome/116.0.1938.76 Safari/537.36"
66.249.70.171 - - [10/May/2026:13:17:24 +1000] "GET /wp-content/uploads/2021/05/SE030K-500x500-1-457x457.jpg HTTP/1.1" 200 9192 "-" "Googlebot-Image/1.0"
66.249.70.173 - - [10/May/2026:13:18:05 +1000] "GET /wp-content/uploads/2021/05/SE030K-500x500-1-457x457.jpg HTTP/1.1" 304 494 "-" "Googlebot-Image/1.0"
111.67.29.221 - - [10/May/2026:13:20:31 +1000] "POST /wp-cron.php?doing_wp_cron=1778383231.6196699142456054687500 HTTP/1.1" 200 538 "-" "WordPress/6.9.4; https://www.pgkdistribution.com.au"
43.135.142.7 - - [10/May/2026:13:20:29 +1000] "GET /solar-rails/ HTTP/1.1" 200 31761 "-" "Mozilla/5.0 (iPhone; CPU iPhone OS 13_2_3 like Mac OS X) AppleWebKit/605.1.15 (KHTML, like Gecko) Version/13.0.3 Mobile/15E148 Safari/604.1"
104.28.122.82 - - [10/May/2026:13:21:25 +1000] "GET / HTTP/2" 301 795 "-" "Mozilla/5.0 (Macintosh; Intel Mac OS X 10_11_1) AppleWebKit/601.2.4 (KHTML, like Gecko) Version/9.0.1 Safari/601.2.4 facebookexternalhit/1.1 Facebot Twitterbot/1.0"
111.67.29.221 - - [10/May/2026:13:21:29 +1000] "POST /wp-cron.php?doing_wp_cron=1778383289.0809099674224853515625 HTTP/1.1" 200 538 "-" "WordPress/6.9.4; https://www.pgkdistribution.com.au"
104.28.122.82 - - [10/May/2026:13:21:26 +1000] "GET / HTTP/2" 200 42866 "-" "Mozilla/5.0 (Macintosh; Intel Mac OS X 10_11_1) AppleWebKit/601.2.4 (KHTML, like Gecko) Version/9.0.1 Safari/601.2.4 facebookexternalhit/1.1 Facebot Twitterbot/1.0"
104.248.233.55 - - [10/May/2026:13:22:15 +1000] "GET /wp-content/uploads/2021/05/SE030G-500x500-1.jpg HTTP/2" 200 13467 "https://www.pgkdistribution.com.au" "Mozilla/5.0 (Windows NT 10.0; Win64; x64) AppleWebKit/537.36 (KHTML, like Gecko) Chrome/147.0.0.0 Safari/537.36 Edg/147.0.0.0"
