111.67.29.221 - - [10/May/2026:13:22:23 +1000] "POST /wp-cron.php?doing_wp_cron=1778383343.5078189373016357421875 HTTP/1.1" 200 538 "-" "WordPress/6.9.4; https://www.pgkdistribution.com.au"
103.121.6.1 - - [10/May/2026:13:22:21 +1000] "GET /category-sitemap.xml HTTP/1.1" 200 949 "-" "Mozilla/5.0 (Windows NT 10.0; Win64; x64; rv:126.0) Gecko/20100101 Firefox/126.0"
34.38.211.183 - - [10/May/2026:13:26:20 +1000] "GET / HTTP/1.1" 301 1300 "-" "python-requests/2.32.5"
111.67.29.221 - - [10/May/2026:13:26:49 +1000] "POST /wp-cron.php?doing_wp_cron=1778383608.9452419281005859375000 HTTP/1.1" 200 538 "-" "WordPress/6.9.4; https://www.pgkdistribution.com.au"
34.141.230.59 - - [10/May/2026:13:26:42 +1000] "GET /product/250a-pv-dc-moulded-case-circuit-breaker/ HTTP/2" 200 35319 "-" "LinkupBot/1.0 (LinkupBot for web indexing; https://linkup.so/bot; bot@linkup.so)"
138.84.33.225 - - [10/May/2026:13:26:56 +1000] "GET /wp-json/wp/v2/product/1502 HTTP/1.1" 200 4306 "-" "Mozilla/5.0 (Macintosh; Intel Mac OS X 10_11) AppleWebKit/537.36 (KHTML, like Gecko) Chrome/99.0.4886.93 Safari/537.36"
111.67.29.221 - - [10/May/2026:13:27:19 +1000] "POST /wp-cron.php?doing_wp_cron=1778383639.4846301078796386718750 HTTP/1.1" 200 538 "-" "WordPress/6.9.4; https://www.pgkdistribution.com.au"
142.44.233.67 - - [10/May/2026:13:27:17 +1000] "GET /sitemap_index.xml HTTP/2" 200 440 "-" "Mozilla/5.0 (compatible; AhrefsBot/7.0; +http://ahrefs.com/robot/)"
51.161.37.143 - - [10/May/2026:13:27:21 +1000] "GET /post-sitemap.xml HTTP/2" 200 380 "-" "Mozilla/5.0 (compatible; AhrefsBot/7.0; +http://ahrefs.com/robot/)"
142.44.233.86 - - [10/May/2026:13:27:25 +1000] "GET /page-sitemap.xml HTTP/2" 200 1463 "-" "Mozilla/5.0 (compatible; AhrefsBot/7.0; +http://ahrefs.com/robot/)"
111.67.29.221 - - [10/May/2026:13:27:31 +1000] "POST /wp-cron.php?doing_wp_cron=1778383651.2964949607849121093750 HTTP/1.1" 200 538 "-" "WordPress/6.9.4; https://www.pgkdistribution.com.au"
54.39.210.210 - - [10/May/2026:13:27:29 +1000] "GET /product-sitemap.xml HTTP/2" 200 3368 "-" "Mozilla/5.0 (compatible; AhrefsBot/7.0; +http://ahrefs.com/robot/)"
142.44.228.15 - - [10/May/2026:13:27:33 +1000] "GET /category-sitemap.xml HTTP/2" 200 388 "-" "Mozilla/5.0 (compatible; AhrefsBot/7.0; +http://ahrefs.com/robot/)"
54.39.89.198 - - [10/May/2026:13:27:37 +1000] "GET /product_cat-sitemap.xml HTTP/2" 200 750 "-" "Mozilla/5.0 (compatible; AhrefsBot/7.0; +http://ahrefs.com/robot/)"
54.39.89.136 - - [10/May/2026:13:27:41 +1000] "GET /product_tag-sitemap.xml HTTP/2" 200 418 "-" "Mozilla/5.0 (compatible; AhrefsBot/7.0; +http://ahrefs.com/robot/)"
167.114.139.254 - - [10/May/2026:13:27:44 +1000] "GET /product_shipping_class-sitemap.xml HTTP/2" 200 411 "-" "Mozilla/5.0 (compatible; AhrefsBot/7.0; +http://ahrefs.com/robot/)"
167.114.139.144 - - [10/May/2026:13:27:48 +1000] "GET /author-sitemap.xml HTTP/2" 200 379 "-" "Mozilla/5.0 (compatible; AhrefsBot/7.0; +http://ahrefs.com/robot/)"
111.67.29.221 - - [10/May/2026:13:28:54 +1000] "POST /wp-cron.php?doing_wp_cron=1778383734.5711619853973388671875 HTTP/1.1" 200 538 "-" "WordPress/6.9.4; https://www.pgkdistribution.com.au"
47.128.120.209 - - [10/May/2026:13:28:52 +1000] "GET /product-category/electricals-2/page/2/ HTTP/2" 200 30804 "-" "Mozilla/5.0 (Linux; Android 5.0) AppleWebKit/537.36 (KHTML, like Gecko) Mobile Safari/537.36 (compatible; TikTokSpider; ttspider-feedback@tiktok.com)"
47.128.120.209 - - [10/May/2026:13:28:54 +1000] "GET /wp-content/uploads/2021/06/Twin-Solar-DC-Cable-500x500-1-356x356.jpg HTTP/2" 206 500 "https://www.pgkdistribution.com.au/product-category/electricals-2/page/2/" "Mozilla/5.0 (Linux; Android 5.0) AppleWebKit/537.36 (KHTML, like Gecko) Mobile Safari/537.36 (compatible; TikTokSpider; ttspider-feedback@tiktok.com)"
47.128.120.209 - - [10/May/2026:13:28:55 +1000] "GET /wp-content/uploads/2021/06/EA1601A-500x500-1-356x356.jpg HTTP/2" 206 500 "https://www.pgkdistribution.com.au/product-category/electricals-2/page/2/" "Mozilla/5.0 (Linux; Android 5.0) AppleWebKit/537.36 (KHTML, like Gecko) Mobile Safari/537.36 (compatible; TikTokSpider; ttspider-feedback@tiktok.com)"
47.128.120.209 - - [10/May/2026:13:28:55 +1000] "GET /wp-content/uploads/2021/06/SE019A-356x356.png HTTP/2" 206 500 "https://www.pgkdistribution.com.au/product-category/electricals-2/page/2/" "Mozilla/5.0 (Linux; Android 5.0) AppleWebKit/537.36 (KHTML, like Gecko) Mobile Safari/537.36 (compatible; TikTokSpider; ttspider-feedback@tiktok.com)"
47.128.120.209 - - [10/May/2026:13:28:55 +1000] "GET /wp-content/uploads/2021/05/facebook.png HTTP/2" 301 795 "https://www.pgkdistribution.com.au/" "Mozilla/5.0 (Linux; Android 5.0) AppleWebKit/537.36 (KHTML, like Gecko) Mobile Safari/537.36 (compatible; TikTokSpider; ttspider-feedback@tiktok.com)"
47.128.120.209 - - [10/May/2026:13:28:55 +1000] "GET /wp-content/uploads/2021/05/Twitter.png HTTP/2" 301 795 "https://www.pgkdistribution.com.au/" "Mozilla/5.0 (Linux; Android 5.0) AppleWebKit/537.36 (KHTML, like Gecko) Mobile Safari/537.36 (compatible; TikTokSpider; ttspider-feedback@tiktok.com)"
47.128.120.209 - - [10/May/2026:13:28:55 +1000] "GET /wp-content/uploads/2021/05/linkedin.png HTTP/2" 301 795 "https://www.pgkdistribution.com.au/" "Mozilla/5.0 (Linux; Android 5.0) AppleWebKit/537.36 (KHTML, like Gecko) Mobile Safari/537.36 (compatible; TikTokSpider; ttspider-feedback@tiktok.com)"
3.140.207.79 - - [10/May/2026:13:28:59 +1000] "GET /robots.txt HTTP/1.1" 200 1049 "-" "Mozilla/5.0 (Macintosh; Intel Mac OS X 10_15_7) AppleWebKit/537.36 (KHTML, like Gecko) Chrome/131.0.0.0 Safari/537.36; ClaudeBot/1.0; +claudebot@anthropic.com)"
3.140.207.79 - - [10/May/2026:13:29:01 +1000] "GET /product-category/air-conditioning/ HTTP/2" 200 29004 "-" "Mozilla/5.0 (Macintosh; Intel Mac OS X 10_15_7) AppleWebKit/537.36 (KHTML, like Gecko) Chrome/131.0.0.0 Safari/537.36; ClaudeBot/1.0; +claudebot@anthropic.com)"
3.140.207.79 - - [10/May/2026:13:29:03 +1000] "GET /wp-content/plugins/user-registration-plugin-for-woocommerce/front/css/afreg_front.css?ver=1.0 HTTP/2" 200 536 "https://www.pgkdistribution.com.au/product-category/air-conditioning/" "Mozilla/5.0 (Macintosh; Intel Mac OS X 10_15_7) AppleWebKit/537.36 (KHTML, like Gecko) Chrome/131.0.0.0 Safari/537.36; ClaudeBot/1.0; +claudebot@anthropic.com)"
3.140.207.79 - - [10/May/2026:13:29:03 +1000] "GET /wp-content/plugins/user-registration-plugin-for-woocommerce/front/css/afreg_color_spectrum.css?ver=1.0 HTTP/2" 200 3713 "https://www.pgkdistribution.com.au/product-category/air-conditioning/" "Mozilla/5.0 (Macintosh; Intel Mac OS X 10_15_7) AppleWebKit/537.36 (KHTML, like Gecko) Chrome/131.0.0.0 Safari/537.36; ClaudeBot/1.0; +claudebot@anthropic.com)"
3.140.207.79 - - [10/May/2026:13:29:03 +1000] "GET /wp-content/plugins/woocommerce/assets/client/blocks/wc-blocks.css?ver=wc-10.7.0 HTTP/2" 200 2391 "https://www.pgkdistribution.com.au/product-category/air-conditioning/" "Mozilla/5.0 (Macintosh; Intel Mac OS X 10_15_7) AppleWebKit/537.36 (KHTML, like Gecko) Chrome/131.0.0.0 Safari/537.36; ClaudeBot/1.0; +claudebot@anthropic.com)"
3.140.207.79 - - [10/May/2026:13:29:03 +1000] "GET /wp-content/plugins/gutentor/assets/library/fontawesome/css/all.min.css?ver=5.12.0 HTTP/2" 200 11931 "https://www.pgkdistribution.com.au/product-category/air-conditioning/" "Mozilla/5.0 (Macintosh; Intel Mac OS X 10_15_7) AppleWebKit/537.36 (KHTML, like Gecko) Chrome/131.0.0.0 Safari/537.36; ClaudeBot/1.0; +claudebot@anthropic.com)"
3.140.207.79 - - [10/May/2026:13:29:03 +1000] "GET /wp-content/plugins/gutentor/assets/library/wpness-grid/wpness-grid.css?ver=1.0.0 HTTP/2" 200 2693 "https://www.pgkdistribution.com.au/product-category/air-conditioning/" "Mozilla/5.0 (Macintosh; Intel Mac OS X 10_15_7) AppleWebKit/537.36 (KHTML, like Gecko) Chrome/131.0.0.0 Safari/537.36; ClaudeBot/1.0; +claudebot@anthropic.com)"
3.140.207.79 - - [10/May/2026:13:29:03 +1000] "GET /wp-content/plugins/gutentor/assets/library/animatecss/animate.min.css?ver=3.7.2 HTTP/2" 200 4011 "https://www.pgkdistribution.com.au/product-category/air-conditioning/" "Mozilla/5.0 (Macintosh; Intel Mac OS X 10_15_7) AppleWebKit/537.36 (KHTML, like Gecko) Chrome/131.0.0.0 Safari/537.36; ClaudeBot/1.0; +claudebot@anthropic.com)"
3.140.207.79 - - [10/May/2026:13:29:03 +1000] "GET /wp-includes/css/dist/components/style.min.css?ver=6.9.4 HTTP/2" 200 13467 "https://www.pgkdistribution.com.au/product-category/air-conditioning/" "Mozilla/5.0 (Macintosh; Intel Mac OS X 10_15_7) AppleWebKit/537.36 (KHTML, like Gecko) Chrome/131.0.0.0 Safari/537.36; ClaudeBot/1.0; +claudebot@anthropic.com)"
3.140.207.79 - - [10/May/2026:13:29:03 +1000] "GET /wp-includes/css/dist/preferences/style.min.css?ver=6.9.4 HTTP/2" 200 337 "https://www.pgkdistribution.com.au/product-category/air-conditioning/" "Mozilla/5.0 (Macintosh; Intel Mac OS X 10_15_7) AppleWebKit/537.36 (KHTML, like Gecko) Chrome/131.0.0.0 Safari/537.36; ClaudeBot/1.0; +claudebot@anthropic.com)"
3.140.207.79 - - [10/May/2026:13:29:03 +1000] "GET /wp-includes/css/dist/block-editor/style.min.css?ver=6.9.4 HTTP/2" 200 15486 "https://www.pgkdistribution.com.au/product-category/air-conditioning/" "Mozilla/5.0 (Macintosh; Intel Mac OS X 10_15_7) AppleWebKit/537.36 (KHTML, like Gecko) Chrome/131.0.0.0 Safari/537.36; ClaudeBot/1.0; +claudebot@anthropic.com)"
3.140.207.79 - - [10/May/2026:13:29:03 +1000] "GET /wp-includes/css/dist/reusable-blocks/style.min.css?ver=6.9.4 HTTP/2" 200 237 "https://www.pgkdistribution.com.au/product-category/air-conditioning/" "Mozilla/5.0 (Macintosh; Intel Mac OS X 10_15_7) AppleWebKit/537.36 (KHTML, like Gecko) Chrome/131.0.0.0 Safari/537.36; ClaudeBot/1.0; +claudebot@anthropic.com)"
3.140.207.79 - - [10/May/2026:13:29:03 +1000] "GET /wp-includes/css/dist/patterns/style.min.css?ver=6.9.4 HTTP/2" 200 621 "https://www.pgkdistribution.com.au/product-category/air-conditioning/" "Mozilla/5.0 (Macintosh; Intel Mac OS X 10_15_7) AppleWebKit/537.36 (KHTML, like Gecko) Chrome/131.0.0.0 Safari/537.36; ClaudeBot/1.0; +claudebot@anthropic.com)"
3.140.207.79 - - [10/May/2026:13:29:03 +1000] "GET /wp-includes/css/dist/editor/style.min.css?ver=6.9.4 HTTP/2" 200 9424 "https://www.pgkdistribution.com.au/product-category/air-conditioning/" "Mozilla/5.0 (Macintosh; Intel Mac OS X 10_15_7) AppleWebKit/537.36 (KHTML, like Gecko) Chrome/131.0.0.0 Safari/537.36; ClaudeBot/1.0; +claudebot@anthropic.com)"
3.140.207.79 - - [10/May/2026:13:29:03 +1000] "GET /wp-content/plugins/gutentor/dist/blocks.style.build.css?ver=3.5.3 HTTP/2" 200 24490 "https://www.pgkdistribution.com.au/product-category/air-conditioning/" "Mozilla/5.0 (Macintosh; Intel Mac OS X 10_15_7) AppleWebKit/537.36 (KHTML, like Gecko) Chrome/131.0.0.0 Safari/537.36; ClaudeBot/1.0; +claudebot@anthropic.com)"
3.140.207.79 - - [10/May/2026:13:29:03 +1000] "GET /wp-content/themes/storefront/assets/css/base/gutenberg-blocks.css?ver=4.6.1 HTTP/2" 200 3289 "https://www.pgkdistribution.com.au/product-category/air-conditioning/" "Mozilla/5.0 (Macintosh; Intel Mac OS X 10_15_7) AppleWebKit/537.36 (KHTML, like Gecko) Chrome/131.0.0.0 Safari/537.36; ClaudeBot/1.0; +claudebot@anthropic.com)"
3.140.207.79 - - [10/May/2026:13:29:03 +1000] "GET /wp-content/plugins/advanced-product-fields-for-woocommerce/assets/css/frontend.min.css?ver=1.6.17 HTTP/2" 200 427 "https://www.pgkdistribution.com.au/product-category/air-conditioning/" "Mozilla/5.0 (Macintosh; Intel Mac OS X 10_15_7) AppleWebKit/537.36 (KHTML, like Gecko) Chrome/131.0.0.0 Safari/537.36; ClaudeBot/1.0; +claudebot@anthropic.com)"
3.140.207.79 - - [10/May/2026:13:29:03 +1000] "GET /wp-content/plugins/contact-form-7/includes/css/styles.css?ver=6.1.3 HTTP/2" 200 899 "https://www.pgkdistribution.com.au/product-category/air-conditioning/" "Mozilla/5.0 (Macintosh; Intel Mac OS X 10_15_7) AppleWebKit/537.36 (KHTML, like Gecko) Chrome/131.0.0.0 Safari/537.36; ClaudeBot/1.0; +claudebot@anthropic.com)"
3.140.207.79 - - [10/May/2026:13:29:03 +1000] "GET /wp-content/plugins/hide-price-add-to-cart-button/assets/css/afwhp_front.css?ver=1.0 HTTP/2" 200 230 "https://www.pgkdistribution.com.au/product-category/air-conditioning/" "Mozilla/5.0 (Macintosh; Intel Mac OS X 10_15_7) AppleWebKit/537.36 (KHTML, like Gecko) Chrome/131.0.0.0 Safari/537.36; ClaudeBot/1.0; +claudebot@anthropic.com)"
3.140.207.79 - - [10/May/2026:13:29:03 +1000] "GET /wp-content/plugins/tier-pricing-table/assets/frontend/main.css?ver=8.3.0 HTTP/2" 200 1679 "https://www.pgkdistribution.com.au/product-category/air-conditioning/" "Mozilla/5.0 (Macintosh; Intel Mac OS X 10_15_7) AppleWebKit/537.36 (KHTML, like Gecko) Chrome/131.0.0.0 Safari/537.36; ClaudeBot/1.0; +claudebot@anthropic.com)"
3.140.207.79 - - [10/May/2026:13:29:03 +1000] "GET /wp-content/themes/storefront/style.css?ver=4.6.1 HTTP/2" 200 8134 "https://www.pgkdistribution.com.au/product-category/air-conditioning/" "Mozilla/5.0 (Macintosh; Intel Mac OS X 10_15_7) AppleWebKit/537.36 (KHTML, like Gecko) Chrome/131.0.0.0 Safari/537.36; ClaudeBot/1.0; +claudebot@anthropic.com)"
3.140.207.79 - - [10/May/2026:13:29:03 +1000] "GET /wp-content/themes/storefront/assets/css/base/icons.css?ver=4.6.1 HTTP/2" 200 14127 "https://www.pgkdistribution.com.au/product-category/air-conditioning/" "Mozilla/5.0 (Macintosh; Intel Mac OS X 10_15_7) AppleWebKit/537.36 (KHTML, like Gecko) Chrome/131.0.0.0 Safari/537.36; ClaudeBot/1.0; +claudebot@anthropic.com)"
3.140.207.79 - - [10/May/2026:13:29:03 +1000] "GET /wp-content/plugins/storefront-hamburger-menu/assets/css/style.css?ver=1.2.2 HTTP/2" 200 617 "https://www.pgkdistribution.com.au/product-category/air-conditioning/" "Mozilla/5.0 (Macintosh; Intel Mac OS X 10_15_7) AppleWebKit/537.36 (KHTML, like Gecko) Chrome/131.0.0.0 Safari/537.36; ClaudeBot/1.0; +claudebot@anthropic.com)"
3.140.207.79 - - [10/May/2026:13:29:03 +1000] "GET /wp-content/themes/storefront/assets/css/woocommerce/woocommerce.css?ver=4.6.1 HTTP/2" 200 8579 "https://www.pgkdistribution.com.au/product-category/air-conditioning/" "Mozilla/5.0 (Macintosh; Intel Mac OS X 10_15_7) AppleWebKit/537.36 (KHTML, like Gecko) Chrome/131.0.0.0 Safari/537.36; ClaudeBot/1.0; +claudebot@anthropic.com)"
3.140.207.79 - - [10/May/2026:13:29:03 +1000] "GET /wp-content/themes/homestore/style.css?ver=2.0.33 HTTP/2" 200 11227 "https://www.pgkdistribution.com.au/product-category/air-conditioning/" "Mozilla/5.0 (Macintosh; Intel Mac OS X 10_15_7) AppleWebKit/537.36 (KHTML, like Gecko) Chrome/131.0.0.0 Safari/537.36; ClaudeBot/1.0; +claudebot@anthropic.com)"
3.140.207.79 - - [10/May/2026:13:29:03 +1000] "GET /wp-content/themes/storefront/assets/css/woocommerce/extensions/brands.css?ver=4.6.1 HTTP/2" 200 672 "https://www.pgkdistribution.com.au/product-category/air-conditioning/" "Mozilla/5.0 (Macintosh; Intel Mac OS X 10_15_7) AppleWebKit/537.36 (KHTML, like Gecko) Chrome/131.0.0.0 Safari/537.36; ClaudeBot/1.0; +claudebot@anthropic.com)"
3.140.207.79 - - [10/May/2026:13:29:03 +1000] "GET /wp-content/plugins/storefront-footer-bar/assets/css/style.css?ver=6.9.4 HTTP/2" 200 263 "https://www.pgkdistribution.com.au/product-category/air-conditioning/" "Mozilla/5.0 (Macintosh; Intel Mac OS X 10_15_7) AppleWebKit/537.36 (KHTML, like Gecko) Chrome/131.0.0.0 Safari/537.36; ClaudeBot/1.0; +claudebot@anthropic.com)"
3.140.207.79 - - [10/May/2026:13:29:03 +1000] "GET /wp-content/plugins/storefront-homepage-contact-section/assets/css/style.css?ver=6.9.4 HTTP/2" 200 549 "https://www.pgkdistribution.com.au/product-category/air-conditioning/" "Mozilla/5.0 (Macintosh; Intel Mac OS X 10_15_7) AppleWebKit/537.36 (KHTML, like Gecko) Chrome/131.0.0.0 Safari/537.36; ClaudeBot/1.0; +claudebot@anthropic.com)"
3.140.207.79 - - [10/May/2026:13:29:03 +1000] "GET /wp-content/plugins/gutentor/dist/gutentor-woocommerce.css?ver=3.5.3 HTTP/2" 200 567 "https://www.pgkdistribution.com.au/product-category/air-conditioning/" "Mozilla/5.0 (Macintosh; Intel Mac OS X 10_15_7) AppleWebKit/537.36 (KHTML, like Gecko) Chrome/131.0.0.0 Safari/537.36; ClaudeBot/1.0; +claudebot@anthropic.com)"
3.140.207.79 - - [10/May/2026:13:29:03 +1000] "GET /wp-includes/js/jquery/jquery-migrate.min.js?ver=3.4.1 HTTP/2" 200 4678 "https://www.pgkdistribution.com.au/product-category/air-conditioning/" "Mozilla/5.0 (Macintosh; Intel Mac OS X 10_15_7) AppleWebKit/537.36 (KHTML, like Gecko) Chrome/131.0.0.0 Safari/537.36; ClaudeBot/1.0; +claudebot@anthropic.com)"
3.140.207.79 - - [10/May/2026:13:29:03 +1000] "GET /wp-content/plugins/user-registration-plugin-for-woocommerce/front/js/afreg_front.js?ver=1.0 HTTP/2" 200 1634 "https://www.pgkdistribution.com.au/product-category/air-conditioning/" "Mozilla/5.0 (Macintosh; Intel Mac OS X 10_15_7) AppleWebKit/537.36 (KHTML, like Gecko) Chrome/131.0.0.0 Safari/537.36; ClaudeBot/1.0; +claudebot@anthropic.com)"
3.140.207.79 - - [10/May/2026:13:29:03 +1000] "GET /wp-content/plugins/user-registration-plugin-for-woocommerce/front/js/afreg_color_spectrum.js?ver=1.0 HTTP/2" 200 17081 "https://www.pgkdistribution.com.au/product-category/air-conditioning/" "Mozilla/5.0 (Macintosh; Intel Mac OS X 10_15_7) AppleWebKit/537.36 (KHTML, like Gecko) Chrome/131.0.0.0 Safari/537.36; ClaudeBot/1.0; +claudebot@anthropic.com)"
3.140.207.79 - - [10/May/2026:13:29:03 +1000] "GET /wp-content/plugins/hide-price-add-to-cart-button/assets/js/afwhp_front.js?ver=1.0 HTTP/2" 200 67 "https://www.pgkdistribution.com.au/product-category/air-conditioning/" "Mozilla/5.0 (Macintosh; Intel Mac OS X 10_15_7) AppleWebKit/537.36 (KHTML, like Gecko) Chrome/131.0.0.0 Safari/537.36; ClaudeBot/1.0; +claudebot@anthropic.com)"
3.140.207.79 - - [10/May/2026:13:29:03 +1000] "GET /wp-content/plugins/hide-price-add-to-cart-button/assets/js/jquery.popupoverlay.js?ver=1.0 HTTP/2" 200 5342 "https://www.pgkdistribution.com.au/product-category/air-conditioning/" "Mozilla/5.0 (Macintosh; Intel Mac OS X 10_15_7) AppleWebKit/537.36 (KHTML, like Gecko) Chrome/131.0.0.0 Safari/537.36; ClaudeBot/1.0; +claudebot@anthropic.com)"
3.140.207.79 - - [10/May/2026:13:29:03 +1000] "GET /wp-content/plugins/tier-pricing-table/assets/frontend/product-tiered-pricing-table.min.js?ver=8.3.0 HTTP/2" 200 4713 "https://www.pgkdistribution.com.au/product-category/air-conditioning/" "Mozilla/5.0 (Macintosh; Intel Mac OS X 10_15_7) AppleWebKit/537.36 (KHTML, like Gecko) Chrome/131.0.0.0 Safari/537.36; ClaudeBot/1.0; +claudebot@anthropic.com)"
3.140.207.79 - - [10/May/2026:13:29:03 +1000] "GET /wp-includes/js/jquery/jquery.min.js?ver=3.7.1 HTTP/2" 200 29744 "https://www.pgkdistribution.com.au/product-category/air-conditioning/" "Mozilla/5.0 (Macintosh; Intel Mac OS X 10_15_7) AppleWebKit/537.36 (KHTML, like Gecko) Chrome/131.0.0.0 Safari/537.36; ClaudeBot/1.0; +claudebot@anthropic.com)"
3.140.207.79 - - [10/May/2026:13:29:05 +1000] "GET /wp-content/plugins/gutentor/assets/library/wow/wow.min.js?ver=1.2.1 HTTP/2" 200 2636 "https://www.pgkdistribution.com.au/product-category/air-conditioning/" "Mozilla/5.0 (Macintosh; Intel Mac OS X 10_15_7) AppleWebKit/537.36 (KHTML, like Gecko) Chrome/131.0.0.0 Safari/537.36; ClaudeBot/1.0; +claudebot@anthropic.com)"
3.140.207.79 - - [10/May/2026:13:29:05 +1000] "GET /wp-content/plugins/advanced-product-fields-for-woocommerce/assets/js/frontend.min.js?ver=1.6.17 HTTP/2" 200 2102 "https://www.pgkdistribution.com.au/product-category/air-conditioning/" "Mozilla/5.0 (Macintosh; Intel Mac OS X 10_15_7) AppleWebKit/537.36 (KHTML, like Gecko) Chrome/131.0.0.0 Safari/537.36; ClaudeBot/1.0; +claudebot@anthropic.com)"
3.140.207.79 - - [10/May/2026:13:29:05 +1000] "GET /wp-includes/js/dist/hooks.min.js?ver=dd5603f07f9220ed27f1 HTTP/2" 200 1852 "https://www.pgkdistribution.com.au/product-category/air-conditioning/" "Mozilla/5.0 (Macintosh; Intel Mac OS X 10_15_7) AppleWebKit/537.36 (KHTML, like Gecko) Chrome/131.0.0.0 Safari/537.36; ClaudeBot/1.0; +claudebot@anthropic.com)"
3.140.207.79 - - [10/May/2026:13:29:05 +1000] "GET /wp-includes/js/dist/i18n.min.js?ver=c26c3dc7bed366793375 HTTP/2" 200 2119 "https://www.pgkdistribution.com.au/product-category/air-conditioning/" "Mozilla/5.0 (Macintosh; Intel Mac OS X 10_15_7) AppleWebKit/537.36 (KHTML, like Gecko) Chrome/131.0.0.0 Safari/537.36; ClaudeBot/1.0; +claudebot@anthropic.com)"
3.140.207.79 - - [10/May/2026:13:29:05 +1000] "GET /wp-content/plugins/contact-form-7/includes/swv/js/index.js?ver=6.1.3 HTTP/2" 200 3369 "https://www.pgkdistribution.com.au/product-category/air-conditioning/" "Mozilla/5.0 (Macintosh; Intel Mac OS X 10_15_7) AppleWebKit/537.36 (KHTML, like Gecko) Chrome/131.0.0.0 Safari/537.36; ClaudeBot/1.0; +claudebot@anthropic.com)"
3.140.207.79 - - [10/May/2026:13:29:05 +1000] "GET /wp-content/plugins/contact-form-7/includes/js/index.js?ver=6.1.3 HTTP/2" 200 4008 "https://www.pgkdistribution.com.au/product-category/air-conditioning/" "Mozilla/5.0 (Macintosh; Intel Mac OS X 10_15_7) AppleWebKit/537.36 (KHTML, like Gecko) Chrome/131.0.0.0 Safari/537.36; ClaudeBot/1.0; +claudebot@anthropic.com)"
3.140.207.79 - - [10/May/2026:13:29:05 +1000] "GET /wp-content/plugins/woocommerce-table-rate-shipping/assets/js/frontend-checkout.min.js?ver=3.5.8 HTTP/2" 200 196 "https://www.pgkdistribution.com.au/product-category/air-conditioning/" "Mozilla/5.0 (Macintosh; Intel Mac OS X 10_15_7) AppleWebKit/537.36 (KHTML, like Gecko) Chrome/131.0.0.0 Safari/537.36; ClaudeBot/1.0; +claudebot@anthropic.com)"
3.140.207.79 - - [10/May/2026:13:29:05 +1000] "GET /wp-content/plugins/mailchimp-for-woocommerce/public/js/mailchimp-woocommerce-public.min.js?ver=5.5.1.07 HTTP/2" 200 2143 "https://www.pgkdistribution.com.au/product-category/air-conditioning/" "Mozilla/5.0 (Macintosh; Intel Mac OS X 10_15_7) AppleWebKit/537.36 (KHTML, like Gecko) Chrome/131.0.0.0 Safari/537.36; ClaudeBot/1.0; +claudebot@anthropic.com)"
3.140.207.79 - - [10/May/2026:13:29:05 +1000] "GET /wp-content/plugins/storefront-hamburger-menu/assets/js/frontend.min.js?ver=1.2.2 HTTP/2" 200 217 "https://www.pgkdistribution.com.au/product-category/air-conditioning/" "Mozilla/5.0 (Macintosh; Intel Mac OS X 10_15_7) AppleWebKit/537.36 (KHTML, like Gecko) Chrome/131.0.0.0 Safari/537.36; ClaudeBot/1.0; +claudebot@anthropic.com)"
3.140.207.79 - - [10/May/2026:13:29:05 +1000] "GET /wp-content/plugins/woocommerce/assets/js/sourcebuster/sourcebuster.min.js?ver=10.7.0 HTTP/2" 200 4609 "https://www.pgkdistribution.com.au/product-category/air-conditioning/" "Mozilla/5.0 (Macintosh; Intel Mac OS X 10_15_7) AppleWebKit/537.36 (KHTML, like Gecko) Chrome/131.0.0.0 Safari/537.36; ClaudeBot/1.0; +claudebot@anthropic.com)"
3.140.207.79 - - [10/May/2026:13:29:05 +1000] "GET /wp-content/themes/storefront/assets/js/navigation.min.js?ver=4.6.1 HTTP/2" 200 843 "https://www.pgkdistribution.com.au/product-category/air-conditioning/" "Mozilla/5.0 (Macintosh; Intel Mac OS X 10_15_7) AppleWebKit/537.36 (KHTML, like Gecko) Chrome/131.0.0.0 Safari/537.36; ClaudeBot/1.0; +claudebot@anthropic.com)"
3.140.207.79 - - [10/May/2026:13:29:05 +1000] "GET /wp-content/uploads/2023/01/Soltaro-AC-356x356.jpg HTTP/2" 200 3000 "https://www.pgkdistribution.com.au/product-category/air-conditioning/" "Mozilla/5.0 (Macintosh; Intel Mac OS X 10_15_7) AppleWebKit/537.36 (KHTML, like Gecko) Chrome/131.0.0.0 Safari/537.36; ClaudeBot/1.0; +claudebot@anthropic.com)"
3.140.207.79 - - [10/May/2026:13:29:05 +1000] "GET /wp-content/themes/storefront/assets/fonts/fa-solid-900.woff2 HTTP/2" 200 79444 "https://www.pgkdistribution.com.au/wp-content/themes/storefront/assets/css/base/icons.css?ver=4.6.1" "Mozilla/5.0 (Macintosh; Intel Mac OS X 10_15_7) AppleWebKit/537.36 (KHTML, like Gecko) Chrome/131.0.0.0 Safari/537.36; ClaudeBot/1.0; +claudebot@anthropic.com)"
3.140.207.79 - - [10/May/2026:13:29:06 +1000] "GET /robots.txt HTTP/1.1" 301 1310 "-" "Mozilla/5.0 (Macintosh; Intel Mac OS X 10_15_7) AppleWebKit/537.36 (KHTML, like Gecko) Chrome/131.0.0.0 Safari/537.36; ClaudeBot/1.0; +claudebot@anthropic.com)"
3.140.207.79 - - [10/May/2026:13:29:06 +1000] "GET /robots.txt HTTP/1.1" 301 1310 "-" "Mozilla/5.0 (Macintosh; Intel Mac OS X 10_15_7) AppleWebKit/537.36 (KHTML, like Gecko) Chrome/131.0.0.0 Safari/537.36; ClaudeBot/1.0; +claudebot@anthropic.com)"
3.140.207.79 - - [10/May/2026:13:29:06 +1000] "GET /robots.txt HTTP/1.1" 301 1310 "-" "Mozilla/5.0 (Macintosh; Intel Mac OS X 10_15_7) AppleWebKit/537.36 (KHTML, like Gecko) Chrome/131.0.0.0 Safari/537.36; ClaudeBot/1.0; +claudebot@anthropic.com)"
3.140.207.79 - - [10/May/2026:13:29:05 +1000] "GET /wp-content/uploads/2021/05/PGK-Grey-font.png HTTP/2" 200 300208 "https://www.pgkdistribution.com.au/product-category/air-conditioning/" "Mozilla/5.0 (Macintosh; Intel Mac OS X 10_15_7) AppleWebKit/537.36 (KHTML, like Gecko) Chrome/131.0.0.0 Safari/537.36; ClaudeBot/1.0; +claudebot@anthropic.com)"
3.140.207.79 - - [10/May/2026:13:29:05 +1000] "GET /wp-content/uploads/2023/01/AP600-356x356.png HTTP/2" 200 118413 "https://www.pgkdistribution.com.au/product-category/air-conditioning/" "Mozilla/5.0 (Macintosh; Intel Mac OS X 10_15_7) AppleWebKit/537.36 (KHTML, like Gecko) Chrome/131.0.0.0 Safari/537.36; ClaudeBot/1.0; +claudebot@anthropic.com)"
3.140.207.79 - - [10/May/2026:13:29:05 +1000] "GET /wp-content/plugins/woocommerce/assets/js/frontend/order-attribution.min.js?ver=10.7.0 HTTP/2" 200 1020 "https://www.pgkdistribution.com.au/product-category/air-conditioning/" "Mozilla/5.0 (Macintosh; Intel Mac OS X 10_15_7) AppleWebKit/537.36 (KHTML, like Gecko) Chrome/131.0.0.0 Safari/537.36; ClaudeBot/1.0; +claudebot@anthropic.com)"
3.140.207.79 - - [10/May/2026:13:29:05 +1000] "GET /wp-content/themes/storefront/assets/js/woocommerce/header-cart.min.js?ver=4.6.1 HTTP/2" 200 255 "https://www.pgkdistribution.com.au/product-category/air-conditioning/" "Mozilla/5.0 (Macintosh; Intel Mac OS X 10_15_7) AppleWebKit/537.36 (KHTML, like Gecko) Chrome/131.0.0.0 Safari/537.36; ClaudeBot/1.0; +claudebot@anthropic.com)"
3.140.207.79 - - [10/May/2026:13:29:06 +1000] "GET /wp-content/themes/storefront/assets/js/footer.min.js?ver=4.6.1 HTTP/2" 200 326 "https://www.pgkdistribution.com.au/product-category/air-conditioning/" "Mozilla/5.0 (Macintosh; Intel Mac OS X 10_15_7) AppleWebKit/537.36 (KHTML, like Gecko) Chrome/131.0.0.0 Safari/537.36; ClaudeBot/1.0; +claudebot@anthropic.com)"
3.140.207.79 - - [10/May/2026:13:29:06 +1000] "GET /wp-content/themes/homestore/assets/js/homestore.min.js?ver=2.0.33 HTTP/2" 200 901 "https://www.pgkdistribution.com.au/product-category/air-conditioning/" "Mozilla/5.0 (Macintosh; Intel Mac OS X 10_15_7) AppleWebKit/537.36 (KHTML, like Gecko) Chrome/131.0.0.0 Safari/537.36; ClaudeBot/1.0; +claudebot@anthropic.com)"
3.140.207.79 - - [10/May/2026:13:29:06 +1000] "GET /wp-content/themes/storefront/assets/js/woocommerce/extensions/brands.min.js?ver=4.6.1 HTTP/2" 200 258 "https://www.pgkdistribution.com.au/product-category/air-conditioning/" "Mozilla/5.0 (Macintosh; Intel Mac OS X 10_15_7) AppleWebKit/537.36 (KHTML, like Gecko) Chrome/131.0.0.0 Safari/537.36; ClaudeBot/1.0; +claudebot@anthropic.com)"
3.140.207.79 - - [10/May/2026:13:29:06 +1000] "GET /wp-content/plugins/gutentor/assets/js/gutentor.js?ver=3.5.3 HTTP/2" 200 11561 "https://www.pgkdistribution.com.au/product-category/air-conditioning/" "Mozilla/5.0 (Macintosh; Intel Mac OS X 10_15_7) AppleWebKit/537.36 (KHTML, like Gecko) Chrome/131.0.0.0 Safari/537.36; ClaudeBot/1.0; +claudebot@anthropic.com)"
3.140.207.79 - - [10/May/2026:13:29:06 +1000] "GET /wp-content/plugins/woocommerce/assets/js/jquery-blockui/jquery.blockUI.min.js?ver=2.7.0-wc.10.7.0 HTTP/2" 200 3277 "https://www.pgkdistribution.com.au/product-category/air-conditioning/" "Mozilla/5.0 (Macintosh; Intel Mac OS X 10_15_7) AppleWebKit/537.36 (KHTML, like Gecko) Chrome/131.0.0.0 Safari/537.36; ClaudeBot/1.0; +claudebot@anthropic.com)"
3.140.207.79 - - [10/May/2026:13:29:06 +1000] "GET /wp-content/plugins/woocommerce/assets/js/frontend/add-to-cart.min.js?ver=10.7.0 HTTP/2" 200 1296 "https://www.pgkdistribution.com.au/product-category/air-conditioning/" "Mozilla/5.0 (Macintosh; Intel Mac OS X 10_15_7) AppleWebKit/537.36 (KHTML, like Gecko) Chrome/131.0.0.0 Safari/537.36; ClaudeBot/1.0; +claudebot@anthropic.com)"
3.140.207.79 - - [10/May/2026:13:29:06 +1000] "GET /wp-content/plugins/woocommerce/assets/js/js-cookie/js.cookie.min.js?ver=2.1.4-wc.10.7.0 HTTP/2" 200 760 "https://www.pgkdistribution.com.au/product-category/air-conditioning/" "Mozilla/5.0 (Macintosh; Intel Mac OS X 10_15_7) AppleWebKit/537.36 (KHTML, like Gecko) Chrome/131.0.0.0 Safari/537.36; ClaudeBot/1.0; +claudebot@anthropic.com)"
3.140.207.79 - - [10/May/2026:13:29:06 +1000] "GET /wp-content/plugins/woocommerce/assets/js/frontend/woocommerce.min.js?ver=10.7.0 HTTP/2" 200 1332 "https://www.pgkdistribution.com.au/product-category/air-conditioning/" "Mozilla/5.0 (Macintosh; Intel Mac OS X 10_15_7) AppleWebKit/537.36 (KHTML, like Gecko) Chrome/131.0.0.0 Safari/537.36; ClaudeBot/1.0; +claudebot@anthropic.com)"
3.140.207.79 - - [10/May/2026:13:29:06 +1000] "GET /wp-content/plugins/woocommerce/assets/js/frontend/cart-fragments.min.js?ver=10.7.0 HTTP/2" 200 943 "https://www.pgkdistribution.com.au/product-category/air-conditioning/" "Mozilla/5.0 (Macintosh; Intel Mac OS X 10_15_7) AppleWebKit/537.36 (KHTML, like Gecko) Chrome/131.0.0.0 Safari/537.36; ClaudeBot/1.0; +claudebot@anthropic.com)"
3.140.207.79 - - [10/May/2026:13:29:07 +1000] "GET /wp-content/uploads/2023/01/AP001-500x500-1-356x356.jpg HTTP/2" 200 4623 "https://www.pgkdistribution.com.au/product-category/air-conditioning/" "Mozilla/5.0 (Macintosh; Intel Mac OS X 10_15_7) AppleWebKit/537.36 (KHTML, like Gecko) Chrome/131.0.0.0 Safari/537.36; ClaudeBot/1.0; +claudebot@anthropic.com)"
3.140.207.79 - - [10/May/2026:13:29:07 +1000] "GET /wp-includes/js/wp-emoji-release.min.js?ver=6.9.4 HTTP/2" 200 4949 "https://www.pgkdistribution.com.au/product-category/air-conditioning/" "Mozilla/5.0 (Macintosh; Intel Mac OS X 10_15_7) AppleWebKit/537.36 (KHTML, like Gecko) Chrome/131.0.0.0 Safari/537.36; ClaudeBot/1.0; +claudebot@anthropic.com)"
3.140.207.79 - - [10/May/2026:13:29:06 +1000] "GET /robots.txt HTTP/1.1" 200 1049 "-" "Mozilla/5.0 (Macintosh; Intel Mac OS X 10_15_7) AppleWebKit/537.36 (KHTML, like Gecko) Chrome/131.0.0.0 Safari/537.36; ClaudeBot/1.0; +claudebot@anthropic.com)"
3.140.207.79 - - [10/May/2026:13:29:08 +1000] "GET /wp-content/uploads/2021/05/facebook.png HTTP/2" 301 795 "https://www.pgkdistribution.com.au/product-category/air-conditioning/" "Mozilla/5.0 (Macintosh; Intel Mac OS X 10_15_7) AppleWebKit/537.36 (KHTML, like Gecko) Chrome/131.0.0.0 Safari/537.36; ClaudeBot/1.0; +claudebot@anthropic.com)"
3.140.207.79 - - [10/May/2026:13:29:09 +1000] "GET /wp-content/uploads/2021/05/facebook.png HTTP/2" 200 2373 "https://www.pgkdistribution.com.au/product-category/air-conditioning/" "Mozilla/5.0 (Macintosh; Intel Mac OS X 10_15_7) AppleWebKit/537.36 (KHTML, like Gecko) Chrome/131.0.0.0 Safari/537.36; ClaudeBot/1.0; +claudebot@anthropic.com)"
3.140.207.79 - - [10/May/2026:13:29:07 +1000] "GET /robots.txt HTTP/1.1" 200 1049 "-" "Mozilla/5.0 (Macintosh; Intel Mac OS X 10_15_7) AppleWebKit/537.36 (KHTML, like Gecko) Chrome/131.0.0.0 Safari/537.36; ClaudeBot/1.0; +claudebot@anthropic.com)"
3.140.207.79 - - [10/May/2026:13:29:07 +1000] "GET /robots.txt HTTP/1.1" 200 1049 "-" "Mozilla/5.0 (Macintosh; Intel Mac OS X 10_15_7) AppleWebKit/537.36 (KHTML, like Gecko) Chrome/131.0.0.0 Safari/537.36; ClaudeBot/1.0; +claudebot@anthropic.com)"
3.140.207.79 - - [10/May/2026:13:29:09 +1000] "GET /wp-content/uploads/2021/05/linkedin.png HTTP/2" 301 795 "https://www.pgkdistribution.com.au/product-category/air-conditioning/" "Mozilla/5.0 (Macintosh; Intel Mac OS X 10_15_7) AppleWebKit/537.36 (KHTML, like Gecko) Chrome/131.0.0.0 Safari/537.36; ClaudeBot/1.0; +claudebot@anthropic.com)"
3.140.207.79 - - [10/May/2026:13:29:07 +1000] "POST /?wc-ajax=get_refreshed_fragments HTTP/2" 200 379 "https://www.pgkdistribution.com.au/product-category/air-conditioning/" "Mozilla/5.0 (Macintosh; Intel Mac OS X 10_15_7) AppleWebKit/537.36 (KHTML, like Gecko) Chrome/131.0.0.0 Safari/537.36; ClaudeBot/1.0; +claudebot@anthropic.com)"
3.140.207.79 - - [10/May/2026:13:29:09 +1000] "GET /wp-content/uploads/2021/05/Twitter.png HTTP/2" 301 795 "https://www.pgkdistribution.com.au/product-category/air-conditioning/" "Mozilla/5.0 (Macintosh; Intel Mac OS X 10_15_7) AppleWebKit/537.36 (KHTML, like Gecko) Chrome/131.0.0.0 Safari/537.36; ClaudeBot/1.0; +claudebot@anthropic.com)"
3.140.207.79 - - [10/May/2026:13:29:09 +1000] "GET /wp-content/uploads/2021/05/linkedin.png HTTP/2" 200 2841 "https://www.pgkdistribution.com.au/product-category/air-conditioning/" "Mozilla/5.0 (Macintosh; Intel Mac OS X 10_15_7) AppleWebKit/537.36 (KHTML, like Gecko) Chrome/131.0.0.0 Safari/537.36; ClaudeBot/1.0; +claudebot@anthropic.com)"
3.140.207.79 - - [10/May/2026:13:29:10 +1000] "GET /wp-content/uploads/2021/05/Twitter.png HTTP/2" 200 3677 "https://www.pgkdistribution.com.au/product-category/air-conditioning/" "Mozilla/5.0 (Macintosh; Intel Mac OS X 10_15_7) AppleWebKit/537.36 (KHTML, like Gecko) Chrome/131.0.0.0 Safari/537.36; ClaudeBot/1.0; +claudebot@anthropic.com)"
111.67.29.221 - - [10/May/2026:13:31:23 +1000] "POST /wp-cron.php?doing_wp_cron=1778383883.3537828922271728515625 HTTP/1.1" 200 538 "-" "WordPress/6.9.4; https://www.pgkdistribution.com.au"
43.155.27.244 - - [10/May/2026:13:31:21 +1000] "GET /solar-rails/ HTTP/1.1" 200 31761 "-" "Mozilla/5.0 (iPhone; CPU iPhone OS 13_2_3 like Mac OS X) AppleWebKit/605.1.15 (KHTML, like Gecko) Version/13.0.3 Mobile/15E148 Safari/604.1"
15.235.96.216 - - [10/May/2026:13:31:48 +1000] "GET /product/solis-plugin-wifi-stick/ HTTP/2" 200 34744 "-" "Mozilla/5.0 (compatible; AhrefsBot/7.0; +http://ahrefs.com/robot/)"
111.67.29.221 - - [10/May/2026:13:32:18 +1000] "POST /wp-cron.php?doing_wp_cron=1778383938.4269170761108398437500 HTTP/1.1" 200 538 "-" "WordPress/6.9.4; https://www.pgkdistribution.com.au"
40.77.167.28 - - [10/May/2026:13:32:16 +1000] "GET /accessories/ HTTP/2" 200 33316 "-" "Mozilla/5.0 AppleWebKit/537.36 (KHTML, like Gecko; compatible; bingbot/2.0; +http://www.bing.com/bingbot.htm) Chrome/116.0.1938.76 Safari/537.36"
66.249.70.171 - - [10/May/2026:13:33:05 +1000] "GET /wp-content/uploads/2021/05/PGK-1000v-DC-IsolatorMC4-200mm-356x356.png HTTP/1.1" 304 494 "-" "Googlebot-Image/1.0"
111.67.29.221 - - [10/May/2026:13:34:55 +1000] "POST /wp-cron.php?doing_wp_cron=1778384095.5723009109497070312500 HTTP/1.1" 200 538 "-" "WordPress/6.9.4; https://www.pgkdistribution.com.au"
66.249.70.171 - - [10/May/2026:13:34:53 +1000] "GET /product/end-clamp-35mm-silver/ HTTP/1.1" 200 36125 "-" "Mozilla/5.0 (compatible; Googlebot/2.1; +http://www.google.com/bot.html)"
111.67.29.221 - - [10/May/2026:13:36:20 +1000] "POST /wp-cron.php?doing_wp_cron=1778384180.9352099895477294921875 HTTP/1.1" 200 538 "-" "WordPress/6.9.4; https://www.pgkdistribution.com.au"
52.167.144.179 - - [10/May/2026:13:36:19 +1000] "GET /sitemap_index.xml HTTP/2" 200 440 "-" "Mozilla/5.0 AppleWebKit/537.36 (KHTML, like Gecko; compatible; bingbot/2.0; +http://www.bing.com/bingbot.htm) Chrome/116.0.1938.76 Safari/537.36"
51.222.168.107 - - [10/May/2026:13:36:29 +1000] "GET /product/solis-1p-2500w-single-mppt/ HTTP/2" 200 34480 "-" "Mozilla/5.0 (compatible; AhrefsBot/7.0; +http://ahrefs.com/robot/)"
136.117.185.78 - - [10/May/2026:13:37:14 +1000] "GET /dc-cable HTTP/1.1" 301 1308 "-" "Mozilla/5.0 (Linux; Android 12; Pixel 6) AppleWebKit/537.36 (KHTML, like Gecko) Chrome/114.0.0.0 Mobile Safari/537.36"
111.67.29.221 - - [10/May/2026:13:37:49 +1000] "POST /wp-cron.php?doing_wp_cron=1778384269.5905659198760986328125 HTTP/1.1" 200 538 "-" "WordPress/6.9.4; https://www.pgkdistribution.com.au"
45.184.250.127 - - [10/May/2026:13:37:47 +1000] "GET /wp-json/oembed/1.0/embed?url=https%3A%2F%2Fwww.pgkdistribution.com.au%2Fpgk-distribution-limited-warranty%2F HTTP/1.1" 200 2213 "-" "Mozilla/5.0 (Windows NT 10.0; Win64; x64) AppleWebKit/537.36 (KHTML, like Gecko) Chrome/90.0.4430.93 Safari/537.36"
35.252.199.68 - - [10/May/2026:13:38:16 +1000] "GET /dc-cable HTTP/1.1" 301 1308 "-" "Mozilla/5.0 (Linux; Android 12; Pixel 6) AppleWebKit/537.36 (KHTML, like Gecko) Chrome/114.0.0.0 Mobile Safari/537.36"
111.67.29.221 - - [10/May/2026:13:38:20 +1000] "POST /wp-cron.php?doing_wp_cron=1778384300.0358428955078125000000 HTTP/1.1" 200 538 "-" "WordPress/6.9.4; https://www.pgkdistribution.com.au"
35.252.199.68 - - [10/May/2026:13:38:17 +1000] "GET /dc-cable HTTP/1.1" 200 36377 "-" "Mozilla/5.0 (Linux; Android 12; Pixel 6) AppleWebKit/537.36 (KHTML, like Gecko) Chrome/114.0.0.0 Mobile Safari/537.36"
111.67.29.221 - - [10/May/2026:13:40:45 +1000] "POST /wp-cron.php?doing_wp_cron=1778384445.1372098922729492187500 HTTP/1.1" 200 538 "-" "WordPress/6.9.4; https://www.pgkdistribution.com.au"
15.235.27.140 - - [10/May/2026:13:40:40 +1000] "GET /product/solis-1p-3000w-dual-mppt/ HTTP/2" 200 34467 "-" "Mozilla/5.0 (compatible; AhrefsBot/7.0; +http://ahrefs.com/robot/)"
35.252.240.13 - - [10/May/2026:13:42:36 +1000] "GET /wp-content/uploads/2019/04/clenergy-transparent-300x82.png HTTP/1.1" 301 1358 "-" "Mozilla/5.0 (X11; Linux x86_64) AppleWebKit/537.36 (KHTML, like Gecko) Chrome/91.0.4472.114 Safari/537.36"
111.67.29.221 - - [10/May/2026:13:42:40 +1000] "POST /wp-cron.php?doing_wp_cron=1778384560.6114649772644042968750 HTTP/1.1" 200 538 "-" "WordPress/6.9.4; https://www.pgkdistribution.com.au"
35.252.240.13 - - [10/May/2026:13:42:38 +1000] "GET /wp-content/uploads/2019/04/clenergy-transparent-300x82.png HTTP/1.1" 404 30344 "-" "Mozilla/5.0 (X11; Linux x86_64) AppleWebKit/537.36 (KHTML, like Gecko) Chrome/91.0.4472.114 Safari/537.36"
111.67.29.221 - - [10/May/2026:13:43:26 +1000] "POST /wp-cron.php?doing_wp_cron=1778384606.9246370792388916015625 HTTP/1.1" 200 538 "-" "WordPress/6.9.4; https://www.pgkdistribution.com.au"
66.249.70.173 - - [10/May/2026:13:43:25 +1000] "GET /product/22kw-three-phase-with-solar-optimiser/ HTTP/1.1" 200 35910 "-" "Mozilla/5.0 (compatible; Googlebot/2.1; +http://www.google.com/bot.html)"
66.249.66.229 - - [10/May/2026:13:51:24 +1000] "GET /product/pgk-1200v-dc-isolator HTTP/1.1" 301 1360 "-" "Mozilla/5.0 (compatible; Googlebot/2.1; +http://www.google.com/bot.html)"
111.67.29.221 - - [10/May/2026:13:51:32 +1000] "POST /wp-cron.php?doing_wp_cron=1778385092.8108999729156494140625 HTTP/1.1" 200 538 "-" "WordPress/6.9.4; https://www.pgkdistribution.com.au"
66.249.66.229 - - [10/May/2026:13:51:26 +1000] "GET /product/pgk-1200v-dc-isolator HTTP/1.1" 200 31060 "-" "Mozilla/5.0 (compatible; Googlebot/2.1; +http://www.google.com/bot.html)"
65.108.197.81 - - [10/May/2026:13:51:34 +1000] "GET /product/pgk-1200v-dc-isolator HTTP/1.1" 301 1329 "https://google.com" "Mozilla/5.0 (X11; Linux x86_64; rv:147.0) Gecko/20100101 Firefox/147.0"
65.108.197.81 - - [10/May/2026:13:51:35 +1000] "GET /product/pgk-1200v-dc-isolator HTTP/1.1" 200 27801 "https://google.com" "Mozilla/5.0 (X11; Linux x86_64; rv:147.0) Gecko/20100101 Firefox/147.0"
154.30.78.209 - - [10/May/2026:13:51:57 +1000] "GET /wp-content/uploads/2021/06/Earthing-Cable-6mm%C2%B2.pdf HTTP/2" 200 408637 "-" "Mozilla/5.0 (Macintosh; Intel Mac OS X 10_15_7) AppleWebKit/605.1.15 (KHTML, like Gecko) Version/26.2 Safari/605.1.15"
111.67.29.221 - - [10/May/2026:13:52:10 +1000] "POST /wp-cron.php?doing_wp_cron=1778385130.4264459609985351562500 HTTP/1.1" 200 538 "-" "WordPress/6.9.4; https://www.pgkdistribution.com.au"
52.167.144.194 - - [10/May/2026:13:52:08 +1000] "GET /product/pgk-1000v-dc-isomc4-gen200mm/ HTTP/2" 200 35526 "-" "Mozilla/5.0 AppleWebKit/537.36 (KHTML, like Gecko; compatible; bingbot/2.0; +http://www.bing.com/bingbot.htm) Chrome/116.0.1938.76 Safari/537.36"
111.67.29.221 - - [10/May/2026:13:54:08 +1000] "POST /wp-cron.php?doing_wp_cron=1778385248.1768009662628173828125 HTTP/1.1" 200 538 "-" "WordPress/6.9.4; https://www.pgkdistribution.com.au"
52.167.144.194 - - [10/May/2026:13:54:05 +1000] "GET /product/inner-clamp-46mm-silver/ HTTP/2" 200 35561 "-" "Mozilla/5.0 AppleWebKit/537.36 (KHTML, like Gecko; compatible; bingbot/2.0; +http://www.bing.com/bingbot.htm) Chrome/116.0.1938.76 Safari/537.36"
111.67.29.221 - - [10/May/2026:13:55:32 +1000] "POST /wp-cron.php?doing_wp_cron=1778385332.1576581001281738281250 HTTP/1.1" 200 538 "-" "WordPress/6.9.4; https://www.pgkdistribution.com.au"
101.33.55.204 - - [10/May/2026:13:55:29 +1000] "GET /wp-json/wp/v2/pages/23 HTTP/1.1" 200 4377 "-" "Mozilla/5.0 (iPhone; CPU iPhone OS 13_2_3 like Mac OS X) AppleWebKit/605.1.15 (KHTML, like Gecko) Version/13.0.3 Mobile/15E148 Safari/604.1"
52.167.144.189 - - [10/May/2026:13:55:38 +1000] "GET /wp-json/wp/v2/product/1121 HTTP/2" 200 3272 "-" "Mozilla/5.0 AppleWebKit/537.36 (KHTML, like Gecko; compatible; bingbot/2.0; +http://www.bing.com/bingbot.htm) Chrome/116.0.1938.76 Safari/537.36"
66.249.70.172 - - [10/May/2026:13:56:54 +1000] "GET /wp-content/uploads/2022/02/2x4mm%C2%B2-IEC-62930-DC-Cable.pdf HTTP/1.1" 304 415 "-" "Mozilla/5.0 (Linux; Android 6.0.1; Nexus 5X Build/MMB29P) AppleWebKit/537.36 (KHTML, like Gecko) Chrome/147.0.7727.137 Mobile Safari/537.36 (compatible; Googlebot/2.1; +http://www.google.com/bot.html)"
111.67.29.221 - - [10/May/2026:13:56:54 +1000] "POST /wp-cron.php?doing_wp_cron=1778385414.5801870822906494140625 HTTP/1.1" 200 538 "-" "WordPress/6.9.4; https://www.pgkdistribution.com.au"
52.167.144.198 - - [10/May/2026:13:56:52 +1000] "GET /product/3-5kw-reverse-cycle-split-system/ HTTP/2" 200 35389 "-" "Mozilla/5.0 AppleWebKit/537.36 (KHTML, like Gecko; compatible; bingbot/2.0; +http://www.bing.com/bingbot.htm) Chrome/116.0.1938.76 Safari/537.36"
111.67.29.221 - - [10/May/2026:14:04:07 +1000] "POST /wp-cron.php?doing_wp_cron=1778385847.2879309654235839843750 HTTP/1.1" 200 538 "-" "WordPress/6.9.4; https://www.pgkdistribution.com.au"
85.208.96.194 - - [10/May/2026:14:04:05 +1000] "GET /robots.txt HTTP/1.1" 200 1012 "-" "Mozilla/5.0 (compatible; SemrushBot/7~bl; +http://www.semrush.com/bot.html)"
185.191.171.4 - - [10/May/2026:14:04:08 +1000] "GET /product/pv-ezrack-eco-rail-4400mm/ HTTP/1.1" 200 35379 "-" "Mozilla/5.0 (compatible; SemrushBot/7~bl; +http://www.semrush.com/bot.html)"
49.51.132.100 - - [10/May/2026:14:04:26 +1000] "GET /clenergy/ HTTP/1.1" 301 1309 "-" "Mozilla/5.0 (iPhone; CPU iPhone OS 13_2_3 like Mac OS X) AppleWebKit/605.1.15 (KHTML, like Gecko) Version/13.0.3 Mobile/15E148 Safari/604.1"
111.67.29.221 - - [10/May/2026:14:04:29 +1000] "POST /wp-cron.php?doing_wp_cron=1778385868.9824879169464111328125 HTTP/1.1" 200 538 "-" "WordPress/6.9.4; https://www.pgkdistribution.com.au"
27.42.98.213 - - [10/May/2026:14:04:26 +1000] "GET / HTTP/1.1" 200 769 "-" "Mozilla/4.0 (compatible; MSIE 7.0; Windows NT 5.1; TencentTraveler ; EmbeddedWB 14.52 from: http://www.bsalsa.com/ EmbeddedWB 14.52; .NET CLR 2.0.50727; InfoPath.2; .NET CLR 3.0.04506.30; .NET CLR 3.0.04506.590; .NET CLR 3.0.04506.648; .NET CLR 3.5.21022)"
49.51.132.100 - - [10/May/2026:14:04:33 +1000] "GET /clenergy/ HTTP/1.1" 200 33462 "https://pgkdistribution.com.au/clenergy/" "Mozilla/5.0 (iPhone; CPU iPhone OS 13_2_3 like Mac OS X) AppleWebKit/605.1.15 (KHTML, like Gecko) Version/13.0.3 Mobile/15E148 Safari/604.1"
111.67.29.221 - - [10/May/2026:14:08:32 +1000] "POST /wp-cron.php?doing_wp_cron=1778386112.5549089908599853515625 HTTP/1.1" 200 538 "-" "WordPress/6.9.4; https://www.pgkdistribution.com.au"
40.77.179.217 - - [10/May/2026:14:08:30 +1000] "POST /?wc-ajax=get_refreshed_fragments HTTP/2" 200 379 "https://www.pgkdistribution.com.au/product/pgk-1000v-dc-isomc4-gen200mm/" "Mozilla/5.0 AppleWebKit/537.36 (KHTML, like Gecko; compatible; bingbot/2.0; +http://www.bing.com/bingbot.htm) Chrome/136.0.0.0 Safari/537.36"
40.77.179.217 - - [10/May/2026:14:08:30 +1000] "POST /wp-admin/admin-ajax.php HTTP/2" 200 0 "https://www.pgkdistribution.com.au/product/pgk-1000v-dc-isomc4-gen200mm/" "Mozilla/5.0 AppleWebKit/537.36 (KHTML, like Gecko; compatible; bingbot/2.0; +http://www.bing.com/bingbot.htm) Chrome/136.0.0.0 Safari/537.36"
104.37.185.43 - - [10/May/2026:14:09:04 +1000] "GET /robots.txt HTTP/1.0" 200 1012 "-" "Mozilla/5.0 (compatible; heritrix/3.14.2-SNAPSHOT-2026-04-13T06:21:22Z +https://www.image-meta.com)"
111.67.29.221 - - [10/May/2026:14:09:08 +1000] "POST /wp-cron.php?doing_wp_cron=1778386148.5320630073547363281250 HTTP/1.1" 200 538 "-" "WordPress/6.9.4; https://www.pgkdistribution.com.au"
104.37.185.43 - - [10/May/2026:14:09:06 +1000] "GET / HTTP/1.0" 200 197697 "http://pgkdistribution.com.au/" "Mozilla/5.0 (compatible; heritrix/3.14.2-SNAPSHOT-2026-04-13T06:21:22Z +https://www.image-meta.com)"
104.37.185.43 - - [10/May/2026:14:09:12 +1000] "GET /?s={search_term_string} HTTP/1.0" 200 99842 "https://www.pgkdistribution.com.au/" "Mozilla/5.0 (compatible; heritrix/3.14.2-SNAPSHOT-2026-04-13T06:21:22Z +https://www.image-meta.com)"
104.37.185.43 - - [10/May/2026:14:09:16 +1000] "GET /wp-content/plugins/user-registration-plugin-for-woocommerce/front/css/afreg_front.css?ver=1.0 HTTP/1.0" 200 2845 "https://www.pgkdistribution.com.au/" "Mozilla/5.0 (compatible; heritrix/3.14.2-SNAPSHOT-2026-04-13T06:21:22Z +https://www.image-meta.com)"
104.37.185.43 - - [10/May/2026:14:09:16 +1000] "GET /wp-content/plugins/user-registration-plugin-for-woocommerce/front/css/afreg_color_spectrum.css?ver=1.0 HTTP/1.0" 200 14801 "https://www.pgkdistribution.com.au/" "Mozilla/5.0 (compatible; heritrix/3.14.2-SNAPSHOT-2026-04-13T06:21:22Z +https://www.image-meta.com)"
104.37.185.43 - - [10/May/2026:14:09:17 +1000] "GET /wp-content/plugins/gutentor/assets/library/magnific-popup/magnific-popup.min.css?ver=1.8.0 HTTP/1.0" 200 5831 "https://www.pgkdistribution.com.au/" "Mozilla/5.0 (compatible; heritrix/3.14.2-SNAPSHOT-2026-04-13T06:21:22Z +https://www.image-meta.com)"
104.37.185.43 - - [10/May/2026:14:09:18 +1000] "GET /wp-content/plugins/gutentor/assets/library/slick/slick.min.css?ver=1.8.1 HTTP/1.0" 200 1922 "https://www.pgkdistribution.com.au/" "Mozilla/5.0 (compatible; heritrix/3.14.2-SNAPSHOT-2026-04-13T06:21:22Z +https://www.image-meta.com)"
170.81.50.59 - - [10/May/2026:14:09:16 +1000] "GET /wp-json/wp/v2/product_cat/18 HTTP/1.1" 200 2756 "-" "Mozilla/5.0 (Windows NT 10.0; Win64; x64) AppleWebKit/537.36 (KHTML, like Gecko) Chrome/89.0.0.0 Safari/537.36"
104.37.185.43 - - [10/May/2026:14:09:18 +1000] "GET /wp-content/plugins/woocommerce/assets/client/blocks/wc-blocks.css?ver=wc-10.7.0 HTTP/1.0" 200 14603 "https://www.pgkdistribution.com.au/" "Mozilla/5.0 (compatible; heritrix/3.14.2-SNAPSHOT-2026-04-13T06:21:22Z +https://www.image-meta.com)"
104.37.185.43 - - [10/May/2026:14:09:19 +1000] "GET /wp-content/plugins/gutentor/assets/library/fontawesome/css/all.min.css?ver=5.12.0 HTTP/1.0" 200 57781 "https://www.pgkdistribution.com.au/" "Mozilla/5.0 (compatible; heritrix/3.14.2-SNAPSHOT-2026-04-13T06:21:22Z +https://www.image-meta.com)"
104.37.185.43 - - [10/May/2026:14:09:20 +1000] "GET /wp-content/plugins/gutentor/assets/library/wpness-grid/wpness-grid.css?ver=1.0.0 HTTP/1.0" 200 30131 "https://www.pgkdistribution.com.au/" "Mozilla/5.0 (compatible; heritrix/3.14.2-SNAPSHOT-2026-04-13T06:21:22Z +https://www.image-meta.com)"
104.37.185.43 - - [10/May/2026:14:09:21 +1000] "GET /wp-content/plugins/gutentor/assets/library/animatecss/animate.min.css?ver=3.7.2 HTTP/1.0" 200 58736 "https://www.pgkdistribution.com.au/" "Mozilla/5.0 (compatible; heritrix/3.14.2-SNAPSHOT-2026-04-13T06:21:22Z +https://www.image-meta.com)"
104.37.185.43 - - [10/May/2026:14:09:23 +1000] "GET /wp-includes/css/dist/components/style.min.css?ver=6.9.4 HTTP/1.0" 200 100821 "https://www.pgkdistribution.com.au/" "Mozilla/5.0 (compatible; heritrix/3.14.2-SNAPSHOT-2026-04-13T06:21:22Z +https://www.image-meta.com)"
104.37.185.43 - - [10/May/2026:14:09:24 +1000] "GET /wp-includes/css/dist/preferences/style.min.css?ver=6.9.4 HTTP/1.0" 200 1598 "https://www.pgkdistribution.com.au/" "Mozilla/5.0 (compatible; heritrix/3.14.2-SNAPSHOT-2026-04-13T06:21:22Z +https://www.image-meta.com)"
104.37.185.43 - - [10/May/2026:14:09:25 +1000] "GET /wp-includes/css/dist/block-editor/style.min.css?ver=6.9.4 HTTP/1.0" 200 119531 "https://www.pgkdistribution.com.au/" "Mozilla/5.0 (compatible; heritrix/3.14.2-SNAPSHOT-2026-04-13T06:21:22Z +https://www.image-meta.com)"
104.37.185.43 - - [10/May/2026:14:09:27 +1000] "GET /wp-includes/css/dist/reusable-blocks/style.min.css?ver=6.9.4 HTTP/1.0" 200 1173 "https://www.pgkdistribution.com.au/" "Mozilla/5.0 (compatible; heritrix/3.14.2-SNAPSHOT-2026-04-13T06:21:22Z +https://www.image-meta.com)"
66.249.64.101 - - [10/May/2026:14:09:27 +1000] "GET /ac-isolators/ HTTP/1.1" 301 1313 "-" "Mozilla/5.0 (Linux; Android 6.0.1; Nexus 5X Build/MMB29P) AppleWebKit/537.36 (KHTML, like Gecko) Chrome/147.0.7727.137 Mobile Safari/537.36 (compatible; Googlebot/2.1; +http://www.google.com/bot.html)"
104.37.185.43 - - [10/May/2026:14:09:27 +1000] "GET /wp-includes/css/dist/patterns/style.min.css?ver=6.9.4 HTTP/1.0" 200 2405 "https://www.pgkdistribution.com.au/" "Mozilla/5.0 (compatible; heritrix/3.14.2-SNAPSHOT-2026-04-13T06:21:22Z +https://www.image-meta.com)"
104.37.185.43 - - [10/May/2026:14:09:28 +1000] "GET /wp-includes/css/dist/editor/style.min.css?ver=6.9.4 HTTP/1.0" 200 60156 "https://www.pgkdistribution.com.au/" "Mozilla/5.0 (compatible; heritrix/3.14.2-SNAPSHOT-2026-04-13T06:21:22Z +https://www.image-meta.com)"
66.249.70.171 - - [10/May/2026:14:09:30 +1000] "GET /ac-isolators/ HTTP/1.1" 200 37014 "-" "Mozilla/5.0 (Linux; Android 6.0.1; Nexus 5X Build/MMB29P) AppleWebKit/537.36 (KHTML, like Gecko) Chrome/147.0.7727.137 Mobile Safari/537.36 (compatible; Googlebot/2.1; +http://www.google.com/bot.html)"
91.204.46.64 - - [10/May/2026:14:09:41 +1000] "HEAD / HTTP/2" 200 0 "-" "Mozilla/5.0 (compatible; alltool/1.0)"
91.204.46.64 - - [10/May/2026:14:09:43 +1000] "GET /wp-content/themes/oceanwp/readme.txt HTTP/2" 404 29584 "-" "Mozilla/5.0 (Macintosh; Intel Mac OS X 10_15_7) AppleWebKit/537.36 (KHTML, like Gecko) Chrome/87.0.4280.88 Safari/537.3"
