180.153.236.23 - - [10/May/2026:20:47:27 +1000] "GET /wp-content/themes/storefront/assets/css/base/icons.css?ver=4.6.1 HTTP/2" 200 14127 "https://www.pgkdistribution.com.au/" "Mozilla/5.0 (Windows NT 10.0; Win64; x64) AppleWebKit/537.36 (KHTML, like Gecko) Chrome/140.0.0.0 Safari/537.36 Edg/140.0.0.0; 360Spider"
180.153.236.23 - - [10/May/2026:20:47:26 +1000] "GET /wp-content/plugins/user-registration-plugin-for-woocommerce/front/css/afreg_front.css?ver=1.0 HTTP/2" 200 536 "https://www.pgkdistribution.com.au/" "Mozilla/5.0 (Windows NT 10.0; Win64; x64) AppleWebKit/537.36 (KHTML, like Gecko) Chrome/140.0.0.0 Safari/537.36 Edg/140.0.0.0; 360Spider"
180.153.236.23 - - [10/May/2026:20:47:26 +1000] "GET /wp-content/plugins/user-registration-plugin-for-woocommerce/front/css/afreg_color_spectrum.css?ver=1.0 HTTP/2" 200 3713 "https://www.pgkdistribution.com.au/" "Mozilla/5.0 (Windows NT 10.0; Win64; x64) AppleWebKit/537.36 (KHTML, like Gecko) Chrome/140.0.0.0 Safari/537.36 Edg/140.0.0.0; 360Spider"
180.153.236.23 - - [10/May/2026:20:47:27 +1000] "GET /wp-content/plugins/gutentor/assets/library/magnific-popup/magnific-popup.min.css?ver=1.8.0 HTTP/2" 200 1401 "https://www.pgkdistribution.com.au/" "Mozilla/5.0 (Windows NT 10.0; Win64; x64) AppleWebKit/537.36 (KHTML, like Gecko) Chrome/140.0.0.0 Safari/537.36 Edg/140.0.0.0; 360Spider"
180.153.236.23 - - [10/May/2026:20:47:27 +1000] "GET /wp-content/plugins/gutentor/assets/library/slick/slick.min.css?ver=1.8.1 HTTP/2" 200 395 "https://www.pgkdistribution.com.au/" "Mozilla/5.0 (Windows NT 10.0; Win64; x64) AppleWebKit/537.36 (KHTML, like Gecko) Chrome/140.0.0.0 Safari/537.36 Edg/140.0.0.0; 360Spider"
180.153.236.23 - - [10/May/2026:20:47:27 +1000] "GET /wp-content/plugins/woocommerce/assets/client/blocks/wc-blocks.css?ver=wc-10.7.0 HTTP/2" 200 2391 "https://www.pgkdistribution.com.au/" "Mozilla/5.0 (Windows NT 10.0; Win64; x64) AppleWebKit/537.36 (KHTML, like Gecko) Chrome/140.0.0.0 Safari/537.36 Edg/140.0.0.0; 360Spider"
180.153.236.23 - - [10/May/2026:20:47:27 +1000] "GET /wp-content/plugins/gutentor/assets/library/fontawesome/css/all.min.css?ver=5.12.0 HTTP/2" 200 11931 "https://www.pgkdistribution.com.au/" "Mozilla/5.0 (Windows NT 10.0; Win64; x64) AppleWebKit/537.36 (KHTML, like Gecko) Chrome/140.0.0.0 Safari/537.36 Edg/140.0.0.0; 360Spider"
180.153.236.23 - - [10/May/2026:20:47:27 +1000] "GET /wp-content/plugins/gutentor/assets/library/wpness-grid/wpness-grid.css?ver=1.0.0 HTTP/2" 200 2693 "https://www.pgkdistribution.com.au/" "Mozilla/5.0 (Windows NT 10.0; Win64; x64) AppleWebKit/537.36 (KHTML, like Gecko) Chrome/140.0.0.0 Safari/537.36 Edg/140.0.0.0; 360Spider"
180.153.236.23 - - [10/May/2026:20:47:27 +1000] "GET /wp-content/plugins/gutentor/assets/library/animatecss/animate.min.css?ver=3.7.2 HTTP/2" 200 4011 "https://www.pgkdistribution.com.au/" "Mozilla/5.0 (Windows NT 10.0; Win64; x64) AppleWebKit/537.36 (KHTML, like Gecko) Chrome/140.0.0.0 Safari/537.36 Edg/140.0.0.0; 360Spider"
180.153.236.23 - - [10/May/2026:20:47:27 +1000] "GET /wp-includes/css/dist/components/style.min.css?ver=6.9.4 HTTP/2" 200 13467 "https://www.pgkdistribution.com.au/" "Mozilla/5.0 (Windows NT 10.0; Win64; x64) AppleWebKit/537.36 (KHTML, like Gecko) Chrome/140.0.0.0 Safari/537.36 Edg/140.0.0.0; 360Spider"
180.153.236.23 - - [10/May/2026:20:47:27 +1000] "GET /wp-includes/css/dist/preferences/style.min.css?ver=6.9.4 HTTP/2" 200 337 "https://www.pgkdistribution.com.au/" "Mozilla/5.0 (Windows NT 10.0; Win64; x64) AppleWebKit/537.36 (KHTML, like Gecko) Chrome/140.0.0.0 Safari/537.36 Edg/140.0.0.0; 360Spider"
180.153.236.23 - - [10/May/2026:20:47:27 +1000] "GET /wp-includes/css/dist/block-editor/style.min.css?ver=6.9.4 HTTP/2" 200 15486 "https://www.pgkdistribution.com.au/" "Mozilla/5.0 (Windows NT 10.0; Win64; x64) AppleWebKit/537.36 (KHTML, like Gecko) Chrome/140.0.0.0 Safari/537.36 Edg/140.0.0.0; 360Spider"
180.153.236.23 - - [10/May/2026:20:47:27 +1000] "GET /wp-includes/css/dist/reusable-blocks/style.min.css?ver=6.9.4 HTTP/2" 200 237 "https://www.pgkdistribution.com.au/" "Mozilla/5.0 (Windows NT 10.0; Win64; x64) AppleWebKit/537.36 (KHTML, like Gecko) Chrome/140.0.0.0 Safari/537.36 Edg/140.0.0.0; 360Spider"
180.153.236.23 - - [10/May/2026:20:47:27 +1000] "GET /wp-includes/css/dist/patterns/style.min.css?ver=6.9.4 HTTP/2" 200 621 "https://www.pgkdistribution.com.au/" "Mozilla/5.0 (Windows NT 10.0; Win64; x64) AppleWebKit/537.36 (KHTML, like Gecko) Chrome/140.0.0.0 Safari/537.36 Edg/140.0.0.0; 360Spider"
180.153.236.23 - - [10/May/2026:20:47:27 +1000] "GET /wp-includes/css/dist/editor/style.min.css?ver=6.9.4 HTTP/2" 200 9424 "https://www.pgkdistribution.com.au/" "Mozilla/5.0 (Windows NT 10.0; Win64; x64) AppleWebKit/537.36 (KHTML, like Gecko) Chrome/140.0.0.0 Safari/537.36 Edg/140.0.0.0; 360Spider"
180.153.236.23 - - [10/May/2026:20:47:27 +1000] "GET /wp-content/plugins/gutentor/dist/blocks.style.build.css?ver=3.5.3 HTTP/2" 200 24490 "https://www.pgkdistribution.com.au/" "Mozilla/5.0 (Windows NT 10.0; Win64; x64) AppleWebKit/537.36 (KHTML, like Gecko) Chrome/140.0.0.0 Safari/537.36 Edg/140.0.0.0; 360Spider"
180.153.236.23 - - [10/May/2026:20:47:29 +1000] "GET /wp-content/plugins/gutentor/dist/gutentor-woocommerce.css?ver=3.5.3 HTTP/2" 200 567 "https://www.pgkdistribution.com.au/" "Mozilla/5.0 (Windows NT 10.0; Win64; x64) AppleWebKit/537.36 (KHTML, like Gecko) Chrome/140.0.0.0 Safari/537.36 Edg/140.0.0.0; 360Spider"
180.153.236.23 - - [10/May/2026:20:47:27 +1000] "GET /wp-content/plugins/storefront-hamburger-menu/assets/css/style.css?ver=1.2.2 HTTP/2" 200 617 "https://www.pgkdistribution.com.au/" "Mozilla/5.0 (Windows NT 10.0; Win64; x64) AppleWebKit/537.36 (KHTML, like Gecko) Chrome/140.0.0.0 Safari/537.36 Edg/140.0.0.0; 360Spider"
180.153.236.23 - - [10/May/2026:20:47:27 +1000] "GET /wp-content/themes/storefront/assets/css/woocommerce/woocommerce.css?ver=4.6.1 HTTP/2" 200 8579 "https://www.pgkdistribution.com.au/" "Mozilla/5.0 (Windows NT 10.0; Win64; x64) AppleWebKit/537.36 (KHTML, like Gecko) Chrome/140.0.0.0 Safari/537.36 Edg/140.0.0.0; 360Spider"
180.153.236.23 - - [10/May/2026:20:47:27 +1000] "GET /wp-content/themes/homestore/style.css?ver=2.0.33 HTTP/2" 200 11227 "https://www.pgkdistribution.com.au/" "Mozilla/5.0 (Windows NT 10.0; Win64; x64) AppleWebKit/537.36 (KHTML, like Gecko) Chrome/140.0.0.0 Safari/537.36 Edg/140.0.0.0; 360Spider"
180.153.236.23 - - [10/May/2026:20:47:27 +1000] "GET /wp-content/themes/storefront/assets/css/woocommerce/extensions/brands.css?ver=4.6.1 HTTP/2" 200 672 "https://www.pgkdistribution.com.au/" "Mozilla/5.0 (Windows NT 10.0; Win64; x64) AppleWebKit/537.36 (KHTML, like Gecko) Chrome/140.0.0.0 Safari/537.36 Edg/140.0.0.0; 360Spider"
180.153.236.23 - - [10/May/2026:20:47:27 +1000] "GET /wp-content/plugins/storefront-footer-bar/assets/css/style.css?ver=6.9.4 HTTP/2" 200 263 "https://www.pgkdistribution.com.au/" "Mozilla/5.0 (Windows NT 10.0; Win64; x64) AppleWebKit/537.36 (KHTML, like Gecko) Chrome/140.0.0.0 Safari/537.36 Edg/140.0.0.0; 360Spider"
180.153.236.23 - - [10/May/2026:20:47:27 +1000] "GET /wp-content/plugins/storefront-homepage-contact-section/assets/css/style.css?ver=6.9.4 HTTP/2" 200 549 "https://www.pgkdistribution.com.au/" "Mozilla/5.0 (Windows NT 10.0; Win64; x64) AppleWebKit/537.36 (KHTML, like Gecko) Chrome/140.0.0.0 Safari/537.36 Edg/140.0.0.0; 360Spider"
180.153.236.23 - - [10/May/2026:20:47:27 +1000] "GET /wp-includes/blocks/paragraph/style.min.css?ver=6.9.4 HTTP/2" 200 281 "https://www.pgkdistribution.com.au/" "Mozilla/5.0 (Windows NT 10.0; Win64; x64) AppleWebKit/537.36 (KHTML, like Gecko) Chrome/140.0.0.0 Safari/537.36 Edg/140.0.0.0; 360Spider"
180.153.236.23 - - [10/May/2026:20:47:27 +1000] "GET /wp-content/plugins/smart-slider-3/Public/SmartSlider3/Application/Frontend/Assets/dist/smartslider.min.css?ver=5ea20ab3 HTTP/2" 200 3833 "https://www.pgkdistribution.com.au/" "Mozilla/5.0 (Windows NT 10.0; Win64; x64) AppleWebKit/537.36 (KHTML, like Gecko) Chrome/140.0.0.0 Safari/537.36 Edg/140.0.0.0; 360Spider"
180.153.236.23 - - [10/May/2026:20:47:27 +1000] "GET /wp-includes/js/jquery/jquery.min.js?ver=3.7.1 HTTP/2" 200 29744 "https://www.pgkdistribution.com.au/" "Mozilla/5.0 (Windows NT 10.0; Win64; x64) AppleWebKit/537.36 (KHTML, like Gecko) Chrome/140.0.0.0 Safari/537.36 Edg/140.0.0.0; 360Spider"
180.153.236.23 - - [10/May/2026:20:47:27 +1000] "GET /wp-includes/js/jquery/jquery-migrate.min.js?ver=3.4.1 HTTP/2" 200 4678 "https://www.pgkdistribution.com.au/" "Mozilla/5.0 (Windows NT 10.0; Win64; x64) AppleWebKit/537.36 (KHTML, like Gecko) Chrome/140.0.0.0 Safari/537.36 Edg/140.0.0.0; 360Spider"
180.153.236.23 - - [10/May/2026:20:47:27 +1000] "GET /wp-content/plugins/user-registration-plugin-for-woocommerce/front/js/afreg_front.js?ver=1.0 HTTP/2" 200 1634 "https://www.pgkdistribution.com.au/" "Mozilla/5.0 (Windows NT 10.0; Win64; x64) AppleWebKit/537.36 (KHTML, like Gecko) Chrome/140.0.0.0 Safari/537.36 Edg/140.0.0.0; 360Spider"
180.153.236.23 - - [10/May/2026:20:47:27 +1000] "GET /wp-content/plugins/user-registration-plugin-for-woocommerce/front/js/afreg_color_spectrum.js?ver=1.0 HTTP/2" 200 17081 "https://www.pgkdistribution.com.au/" "Mozilla/5.0 (Windows NT 10.0; Win64; x64) AppleWebKit/537.36 (KHTML, like Gecko) Chrome/140.0.0.0 Safari/537.36 Edg/140.0.0.0; 360Spider"
180.153.236.23 - - [10/May/2026:20:47:27 +1000] "GET /wp-content/plugins/hide-price-add-to-cart-button/assets/js/afwhp_front.js?ver=1.0 HTTP/2" 200 67 "https://www.pgkdistribution.com.au/" "Mozilla/5.0 (Windows NT 10.0; Win64; x64) AppleWebKit/537.36 (KHTML, like Gecko) Chrome/140.0.0.0 Safari/537.36 Edg/140.0.0.0; 360Spider"
180.153.236.23 - - [10/May/2026:20:47:27 +1000] "GET /wp-content/plugins/hide-price-add-to-cart-button/assets/js/jquery.popupoverlay.js?ver=1.0 HTTP/2" 200 5342 "https://www.pgkdistribution.com.au/" "Mozilla/5.0 (Windows NT 10.0; Win64; x64) AppleWebKit/537.36 (KHTML, like Gecko) Chrome/140.0.0.0 Safari/537.36 Edg/140.0.0.0; 360Spider"
180.153.236.23 - - [10/May/2026:20:47:27 +1000] "GET /wp-content/plugins/tier-pricing-table/assets/frontend/product-tiered-pricing-table.min.js?ver=8.3.0 HTTP/2" 200 4713 "https://www.pgkdistribution.com.au/" "Mozilla/5.0 (Windows NT 10.0; Win64; x64) AppleWebKit/537.36 (KHTML, like Gecko) Chrome/140.0.0.0 Safari/537.36 Edg/140.0.0.0; 360Spider"
180.153.236.23 - - [10/May/2026:20:47:27 +1000] "GET /wp-content/plugins/gutentor/assets/library/wow/wow.min.js?ver=1.2.1 HTTP/2" 200 2636 "https://www.pgkdistribution.com.au/" "Mozilla/5.0 (Windows NT 10.0; Win64; x64) AppleWebKit/537.36 (KHTML, like Gecko) Chrome/140.0.0.0 Safari/537.36 Edg/140.0.0.0; 360Spider"
180.153.236.23 - - [10/May/2026:20:47:34 +1000] "GET /wp-content/plugins/advanced-product-fields-for-woocommerce/assets/js/frontend.min.js?ver=1.6.17 HTTP/2" 200 2102 "https://www.pgkdistribution.com.au/" "Mozilla/5.0 (Windows NT 10.0; Win64; x64) AppleWebKit/537.36 (KHTML, like Gecko) Chrome/140.0.0.0 Safari/537.36 Edg/140.0.0.0; 360Spider"
180.153.236.23 - - [10/May/2026:20:47:35 +1000] "GET /wp-includes/js/dist/hooks.min.js?ver=dd5603f07f9220ed27f1 HTTP/2" 200 1852 "https://www.pgkdistribution.com.au/" "Mozilla/5.0 (Windows NT 10.0; Win64; x64) AppleWebKit/537.36 (KHTML, like Gecko) Chrome/140.0.0.0 Safari/537.36 Edg/140.0.0.0; 360Spider"
180.153.236.23 - - [10/May/2026:20:47:35 +1000] "GET /wp-includes/js/dist/i18n.min.js?ver=c26c3dc7bed366793375 HTTP/2" 200 2119 "https://www.pgkdistribution.com.au/" "Mozilla/5.0 (Windows NT 10.0; Win64; x64) AppleWebKit/537.36 (KHTML, like Gecko) Chrome/140.0.0.0 Safari/537.36 Edg/140.0.0.0; 360Spider"
180.153.236.23 - - [10/May/2026:20:47:35 +1000] "GET /wp-content/plugins/contact-form-7/includes/swv/js/index.js?ver=6.1.3 HTTP/2" 200 3369 "https://www.pgkdistribution.com.au/" "Mozilla/5.0 (Windows NT 10.0; Win64; x64) AppleWebKit/537.36 (KHTML, like Gecko) Chrome/140.0.0.0 Safari/537.36 Edg/140.0.0.0; 360Spider"
180.153.236.23 - - [10/May/2026:20:47:35 +1000] "GET /wp-content/plugins/contact-form-7/includes/js/index.js?ver=6.1.3 HTTP/2" 200 4008 "https://www.pgkdistribution.com.au/" "Mozilla/5.0 (Windows NT 10.0; Win64; x64) AppleWebKit/537.36 (KHTML, like Gecko) Chrome/140.0.0.0 Safari/537.36 Edg/140.0.0.0; 360Spider"
180.153.236.23 - - [10/May/2026:20:47:35 +1000] "GET /wp-content/plugins/woocommerce-table-rate-shipping/assets/js/frontend-checkout.min.js?ver=3.5.8 HTTP/2" 200 196 "https://www.pgkdistribution.com.au/" "Mozilla/5.0 (Windows NT 10.0; Win64; x64) AppleWebKit/537.36 (KHTML, like Gecko) Chrome/140.0.0.0 Safari/537.36 Edg/140.0.0.0; 360Spider"
180.153.236.23 - - [10/May/2026:20:47:35 +1000] "GET /wp-content/plugins/mailchimp-for-woocommerce/public/js/mailchimp-woocommerce-public.min.js?ver=5.5.1.07 HTTP/2" 200 2143 "https://www.pgkdistribution.com.au/" "Mozilla/5.0 (Windows NT 10.0; Win64; x64) AppleWebKit/537.36 (KHTML, like Gecko) Chrome/140.0.0.0 Safari/537.36 Edg/140.0.0.0; 360Spider"
180.153.236.23 - - [10/May/2026:20:47:35 +1000] "GET /wp-content/themes/storefront/assets/js/navigation.min.js?ver=4.6.1 HTTP/2" 200 843 "https://www.pgkdistribution.com.au/" "Mozilla/5.0 (Windows NT 10.0; Win64; x64) AppleWebKit/537.36 (KHTML, like Gecko) Chrome/140.0.0.0 Safari/537.36 Edg/140.0.0.0; 360Spider"
180.153.236.23 - - [10/May/2026:20:47:35 +1000] "GET /wp-content/plugins/storefront-hamburger-menu/assets/js/frontend.min.js?ver=1.2.2 HTTP/2" 200 217 "https://www.pgkdistribution.com.au/" "Mozilla/5.0 (Windows NT 10.0; Win64; x64) AppleWebKit/537.36 (KHTML, like Gecko) Chrome/140.0.0.0 Safari/537.36 Edg/140.0.0.0; 360Spider"
180.153.236.23 - - [10/May/2026:20:47:35 +1000] "GET /wp-content/plugins/woocommerce/assets/js/sourcebuster/sourcebuster.min.js?ver=10.7.0 HTTP/2" 200 4609 "https://www.pgkdistribution.com.au/" "Mozilla/5.0 (Windows NT 10.0; Win64; x64) AppleWebKit/537.36 (KHTML, like Gecko) Chrome/140.0.0.0 Safari/537.36 Edg/140.0.0.0; 360Spider"
180.153.236.23 - - [10/May/2026:20:47:35 +1000] "GET /wp-content/plugins/woocommerce/assets/js/frontend/order-attribution.min.js?ver=10.7.0 HTTP/2" 200 1020 "https://www.pgkdistribution.com.au/" "Mozilla/5.0 (Windows NT 10.0; Win64; x64) AppleWebKit/537.36 (KHTML, like Gecko) Chrome/140.0.0.0 Safari/537.36 Edg/140.0.0.0; 360Spider"
180.153.236.23 - - [10/May/2026:20:47:35 +1000] "GET /wp-content/themes/storefront/assets/js/woocommerce/header-cart.min.js?ver=4.6.1 HTTP/2" 200 255 "https://www.pgkdistribution.com.au/" "Mozilla/5.0 (Windows NT 10.0; Win64; x64) AppleWebKit/537.36 (KHTML, like Gecko) Chrome/140.0.0.0 Safari/537.36 Edg/140.0.0.0; 360Spider"
180.153.236.23 - - [10/May/2026:20:47:35 +1000] "GET /wp-content/themes/storefront/assets/js/footer.min.js?ver=4.6.1 HTTP/2" 200 326 "https://www.pgkdistribution.com.au/" "Mozilla/5.0 (Windows NT 10.0; Win64; x64) AppleWebKit/537.36 (KHTML, like Gecko) Chrome/140.0.0.0 Safari/537.36 Edg/140.0.0.0; 360Spider"
180.153.236.23 - - [10/May/2026:20:47:36 +1000] "GET /wp-content/themes/homestore/assets/js/homestore.min.js?ver=2.0.33 HTTP/2" 200 901 "https://www.pgkdistribution.com.au/" "Mozilla/5.0 (Windows NT 10.0; Win64; x64) AppleWebKit/537.36 (KHTML, like Gecko) Chrome/140.0.0.0 Safari/537.36 Edg/140.0.0.0; 360Spider"
180.153.236.23 - - [10/May/2026:20:47:36 +1000] "GET /wp-content/themes/storefront/assets/js/woocommerce/extensions/brands.min.js?ver=4.6.1 HTTP/2" 200 258 "https://www.pgkdistribution.com.au/" "Mozilla/5.0 (Windows NT 10.0; Win64; x64) AppleWebKit/537.36 (KHTML, like Gecko) Chrome/140.0.0.0 Safari/537.36 Edg/140.0.0.0; 360Spider"
180.153.236.23 - - [10/May/2026:20:47:36 +1000] "GET /wp-content/plugins/gutentor/assets/library/magnific-popup/jquery.magnific-popup.min.js?ver=1.1.0 HTTP/2" 200 7127 "https://www.pgkdistribution.com.au/" "Mozilla/5.0 (Windows NT 10.0; Win64; x64) AppleWebKit/537.36 (KHTML, like Gecko) Chrome/140.0.0.0 Safari/537.36 Edg/140.0.0.0; 360Spider"
180.153.236.23 - - [10/May/2026:20:47:36 +1000] "GET /wp-includes/js/imagesloaded.min.js?ver=5.0.0 HTTP/2" 200 1687 "https://www.pgkdistribution.com.au/" "Mozilla/5.0 (Windows NT 10.0; Win64; x64) AppleWebKit/537.36 (KHTML, like Gecko) Chrome/140.0.0.0 Safari/537.36 Edg/140.0.0.0; 360Spider"
180.153.236.23 - - [10/May/2026:20:47:36 +1000] "GET /wp-includes/js/masonry.min.js?ver=4.2.2 HTTP/2" 200 7117 "https://www.pgkdistribution.com.au/" "Mozilla/5.0 (Windows NT 10.0; Win64; x64) AppleWebKit/537.36 (KHTML, like Gecko) Chrome/140.0.0.0 Safari/537.36 Edg/140.0.0.0; 360Spider"
180.153.236.23 - - [10/May/2026:20:47:36 +1000] "GET /wp-content/plugins/gutentor/assets/library/slick/slick.min.js?ver=1.8.1 HTTP/2" 200 10093 "https://www.pgkdistribution.com.au/" "Mozilla/5.0 (Windows NT 10.0; Win64; x64) AppleWebKit/537.36 (KHTML, like Gecko) Chrome/140.0.0.0 Safari/537.36 Edg/140.0.0.0; 360Spider"
180.153.236.23 - - [10/May/2026:20:47:36 +1000] "GET /wp-content/plugins/gutentor/assets/js/gutentor.js?ver=3.5.3 HTTP/2" 200 11561 "https://www.pgkdistribution.com.au/" "Mozilla/5.0 (Windows NT 10.0; Win64; x64) AppleWebKit/537.36 (KHTML, like Gecko) Chrome/140.0.0.0 Safari/537.36 Edg/140.0.0.0; 360Spider"
180.153.236.23 - - [10/May/2026:20:47:36 +1000] "GET /wp-content/plugins/smart-slider-3/Public/SmartSlider3/Application/Frontend/Assets/dist/n2.min.js?ver=5ea20ab3 HTTP/2" 200 12016 "https://www.pgkdistribution.com.au/" "Mozilla/5.0 (Windows NT 10.0; Win64; x64) AppleWebKit/537.36 (KHTML, like Gecko) Chrome/140.0.0.0 Safari/537.36 Edg/140.0.0.0; 360Spider"
180.153.236.23 - - [10/May/2026:20:47:36 +1000] "GET /wp-content/themes/storefront/assets/fonts/fa-solid-900.woff2 HTTP/2" 200 79444 "https://www.pgkdistribution.com.au/wp-content/themes/storefront/assets/css/base/icons.css?ver=4.6.1" "Mozilla/5.0 (Windows NT 10.0; Win64; x64) AppleWebKit/537.36 (KHTML, like Gecko) Chrome/140.0.0.0 Safari/537.36 Edg/140.0.0.0; 360Spider"
180.153.236.23 - - [10/May/2026:20:47:36 +1000] "GET /wp-content/plugins/smart-slider-3/Public/SmartSlider3/Slider/SliderType/Simple/Assets/dist/ss-simple.min.js?ver=5ea20ab3 HTTP/2" 200 3010 "https://www.pgkdistribution.com.au/" "Mozilla/5.0 (Windows NT 10.0; Win64; x64) AppleWebKit/537.36 (KHTML, like Gecko) Chrome/140.0.0.0 Safari/537.36 Edg/140.0.0.0; 360Spider"
180.153.236.23 - - [10/May/2026:20:47:36 +1000] "GET /wp-content/plugins/smart-slider-3/Public/SmartSlider3/Widget/Arrow/ArrowImage/Assets/dist/w-arrow-image.min.js?ver=5ea20ab3 HTTP/2" 200 561 "https://www.pgkdistribution.com.au/" "Mozilla/5.0 (Windows NT 10.0; Win64; x64) AppleWebKit/537.36 (KHTML, like Gecko) Chrome/140.0.0.0 Safari/537.36 Edg/140.0.0.0; 360Spider"
180.153.236.23 - - [10/May/2026:20:47:36 +1000] "GET /wp-content/plugins/smart-slider-3/Public/SmartSlider3/Widget/Bullet/Assets/dist/w-bullet.min.js?ver=5ea20ab3 HTTP/2" 200 1806 "https://www.pgkdistribution.com.au/" "Mozilla/5.0 (Windows NT 10.0; Win64; x64) AppleWebKit/537.36 (KHTML, like Gecko) Chrome/140.0.0.0 Safari/537.36 Edg/140.0.0.0; 360Spider"
180.153.236.23 - - [10/May/2026:20:47:36 +1000] "GET /wp-content/plugins/woocommerce/assets/js/jquery-blockui/jquery.blockUI.min.js?ver=2.7.0-wc.10.7.0 HTTP/2" 200 3277 "https://www.pgkdistribution.com.au/" "Mozilla/5.0 (Windows NT 10.0; Win64; x64) AppleWebKit/537.36 (KHTML, like Gecko) Chrome/140.0.0.0 Safari/537.36 Edg/140.0.0.0; 360Spider"
180.153.236.23 - - [10/May/2026:20:47:36 +1000] "GET /wp-content/plugins/woocommerce/assets/js/frontend/add-to-cart.min.js?ver=10.7.0 HTTP/2" 200 1296 "https://www.pgkdistribution.com.au/" "Mozilla/5.0 (Windows NT 10.0; Win64; x64) AppleWebKit/537.36 (KHTML, like Gecko) Chrome/140.0.0.0 Safari/537.36 Edg/140.0.0.0; 360Spider"
180.153.236.23 - - [10/May/2026:20:47:36 +1000] "GET /wp-content/plugins/woocommerce/assets/js/js-cookie/js.cookie.min.js?ver=2.1.4-wc.10.7.0 HTTP/2" 200 760 "https://www.pgkdistribution.com.au/" "Mozilla/5.0 (Windows NT 10.0; Win64; x64) AppleWebKit/537.36 (KHTML, like Gecko) Chrome/140.0.0.0 Safari/537.36 Edg/140.0.0.0; 360Spider"
180.153.236.23 - - [10/May/2026:20:47:36 +1000] "GET /wp-content/plugins/woocommerce/assets/js/frontend/woocommerce.min.js?ver=10.7.0 HTTP/2" 200 1332 "https://www.pgkdistribution.com.au/" "Mozilla/5.0 (Windows NT 10.0; Win64; x64) AppleWebKit/537.36 (KHTML, like Gecko) Chrome/140.0.0.0 Safari/537.36 Edg/140.0.0.0; 360Spider"
180.153.236.23 - - [10/May/2026:20:47:36 +1000] "GET /wp-content/plugins/woocommerce/assets/js/frontend/cart-fragments.min.js?ver=10.7.0 HTTP/2" 200 943 "https://www.pgkdistribution.com.au/" "Mozilla/5.0 (Windows NT 10.0; Win64; x64) AppleWebKit/537.36 (KHTML, like Gecko) Chrome/140.0.0.0 Safari/537.36 Edg/140.0.0.0; 360Spider"
180.153.236.23 - - [10/May/2026:20:47:36 +1000] "GET /wp-content/plugins/smart-slider-3/Public/SmartSlider3/Application/Frontend/Assets/dist/smartslider-frontend.min.js?ver=5ea20ab3 HTTP/2" 200 25921 "https://www.pgkdistribution.com.au/" "Mozilla/5.0 (Windows NT 10.0; Win64; x64) AppleWebKit/537.36 (KHTML, like Gecko) Chrome/140.0.0.0 Safari/537.36 Edg/140.0.0.0; 360Spider"
180.153.236.23 - - [10/May/2026:20:47:42 +1000] "GET /wp-includes/js/wp-emoji-release.min.js?ver=6.9.4 HTTP/2" 200 4949 "https://www.pgkdistribution.com.au/" "Mozilla/5.0 (Windows NT 10.0; Win64; x64) AppleWebKit/537.36 (KHTML, like Gecko) Chrome/140.0.0.0 Safari/537.36 Edg/140.0.0.0; 360Spider"
180.153.236.23 - - [10/May/2026:20:47:41 +1000] "POST /?wc-ajax=get_refreshed_fragments HTTP/2" 200 0 "https://www.pgkdistribution.com.au/" "Mozilla/5.0 (Windows NT 10.0; Win64; x64) AppleWebKit/537.36 (KHTML, like Gecko) Chrome/140.0.0.0 Safari/537.36 Edg/140.0.0.0; 360Spider"
111.67.29.221 - - [10/May/2026:20:47:44 +1000] "POST /wp-cron.php?doing_wp_cron=1778410064.2230548858642578125000 HTTP/1.1" 200 538 "-" "WordPress/6.9.4; https://www.pgkdistribution.com.au"
45.142.193.140 - - [10/May/2026:20:47:46 +1000] "HEAD /wp-content/db_backup.zip HTTP/2" 404 0 "-" "Mozilla/5.0 (Windows NT 10.0; Win64; x64) AppleWebKit/537.36 (KHTML, like Gecko) Chrome/121.0.0.0 Safari/537.36"
103.255.134.61 - pgkdistribution [10/May/2026:20:48:01 +1000] "GET /wp-json/wp/v2/users/me HTTP/2" 301 795 "-" "Mozilla/5.0 (X11; Ubuntu; Linux x86_64) AppleWebKit/537.36 (KHTML, like Gecko) Chrome/133.0.0.0 Safari/537.36"
103.255.134.61 - - [10/May/2026:20:48:11 +1000] "GET /wp-json/wp/v2/users/me HTTP/2" 401 102 "https://pgkdistribution.com.au/wp-json/wp/v2/users/me" "Mozilla/5.0 (X11; Ubuntu; Linux x86_64) AppleWebKit/537.36 (KHTML, like Gecko) Chrome/133.0.0.0 Safari/537.36"
212.90.148.8 - - [10/May/2026:20:48:18 +1000] "GET /wp-login.php HTTP/2" 301 795 "-" "Mozilla/5.0 (X11; Ubuntu; Linux x86_64) AppleWebKit/537.36 (KHTML, like Gecko) Chrome/133.0.0.0 Safari/537.36"
111.67.29.221 - - [10/May/2026:20:48:28 +1000] "POST /wp-cron.php?doing_wp_cron=1778410108.7392210960388183593750 HTTP/1.1" 200 538 "-" "WordPress/6.9.4; https://www.pgkdistribution.com.au"
212.90.148.8 - - [10/May/2026:20:48:27 +1000] "GET /wp-login.php HTTP/2" 200 2507 "https://pgkdistribution.com.au/wp-login.php" "Mozilla/5.0 (X11; Ubuntu; Linux x86_64) AppleWebKit/537.36 (KHTML, like Gecko) Chrome/133.0.0.0 Safari/537.36"
212.90.148.8 - - [10/May/2026:20:48:29 +1000] "POST /wp-login.php HTTP/2" 301 795 "https://pgkdistribution.com.au/wp-login.php" "Mozilla/5.0 (X11; Ubuntu; Linux x86_64) AppleWebKit/537.36 (KHTML, like Gecko) Chrome/133.0.0.0 Safari/537.36"
212.90.148.8 - - [10/May/2026:20:48:30 +1000] "GET /wp-login.php HTTP/2" 200 2507 "https://pgkdistribution.com.au/wp-login.php" "Mozilla/5.0 (X11; Ubuntu; Linux x86_64) AppleWebKit/537.36 (KHTML, like Gecko) Chrome/133.0.0.0 Safari/537.36"
111.67.29.221 - - [10/May/2026:20:49:37 +1000] "POST /wp-cron.php?doing_wp_cron=1778410177.0413329601287841796875 HTTP/1.1" 200 538 "-" "WordPress/6.9.4; https://www.pgkdistribution.com.au"
46.22.135.218 - - [10/May/2026:20:49:35 +1000] "GET /wp-login.php HTTP/2" 200 2507 "-" "Mozilla/5.0 (X11; Linux x86_64) AppleWebKit/537.36 (KHTML, like Gecko) Chrome/133.0.0.0 Safari/537.36 Edg/133.0.0.0"
46.22.135.218 - - [10/May/2026:20:49:37 +1000] "POST /wp-login.php HTTP/2" 200 2659 "https://www.pgkdistribution.com.au/wp-login.php" "Mozilla/5.0 (X11; Linux x86_64) AppleWebKit/537.36 (KHTML, like Gecko) Chrome/133.0.0.0 Safari/537.36 Edg/133.0.0.0"
121.200.217.28 - - [10/May/2026:20:50:10 +1000] "GET /wp-login.php HTTP/2" 301 795 "-" "Mozilla/5.0 (Windows NT 10.0; Win64; x64) AppleWebKit/537.36 (KHTML, like Gecko) Chrome/133.0.0.0 Safari/537.36 Edg/133.0.0.0"
111.67.29.221 - - [10/May/2026:20:50:14 +1000] "POST /wp-cron.php?doing_wp_cron=1778410214.3507030010223388671875 HTTP/1.1" 200 538 "-" "WordPress/6.9.4; https://www.pgkdistribution.com.au"
121.200.217.28 - - [10/May/2026:20:50:11 +1000] "GET /wp-login.php HTTP/2" 200 2507 "https://pgkdistribution.com.au/wp-login.php" "Mozilla/5.0 (Windows NT 10.0; Win64; x64) AppleWebKit/537.36 (KHTML, like Gecko) Chrome/133.0.0.0 Safari/537.36 Edg/133.0.0.0"
121.200.217.28 - - [10/May/2026:20:50:16 +1000] "POST /wp-login.php HTTP/2" 301 795 "https://pgkdistribution.com.au/wp-login.php" "Mozilla/5.0 (Windows NT 10.0; Win64; x64) AppleWebKit/537.36 (KHTML, like Gecko) Chrome/133.0.0.0 Safari/537.36 Edg/133.0.0.0"
111.67.29.221 - - [10/May/2026:20:50:19 +1000] "POST /wp-cron.php?doing_wp_cron=1778410219.3722050189971923828125 HTTP/1.1" 200 538 "-" "WordPress/6.9.4; https://www.pgkdistribution.com.au"
121.200.217.28 - - [10/May/2026:20:50:17 +1000] "GET /wp-login.php HTTP/2" 200 2507 "https://pgkdistribution.com.au/wp-login.php" "Mozilla/5.0 (Windows NT 10.0; Win64; x64) AppleWebKit/537.36 (KHTML, like Gecko) Chrome/133.0.0.0 Safari/537.36 Edg/133.0.0.0"
147.135.37.185 - - [10/May/2026:20:51:14 +1000] "GET /wp-login.php HTTP/2" 301 795 "-" "Mozilla/5.0 (X11; Linux x86_64) AppleWebKit/537.36 (KHTML, like Gecko) Chrome/133.0.0.0 Safari/537.36"
111.67.29.221 - - [10/May/2026:20:51:18 +1000] "POST /wp-cron.php?doing_wp_cron=1778410278.6144440174102783203125 HTTP/1.1" 200 538 "-" "WordPress/6.9.4; https://www.pgkdistribution.com.au"
147.135.37.185 - - [10/May/2026:20:51:16 +1000] "GET /wp-login.php HTTP/2" 200 2507 "https://pgkdistribution.com.au/wp-login.php" "Mozilla/5.0 (X11; Linux x86_64) AppleWebKit/537.36 (KHTML, like Gecko) Chrome/133.0.0.0 Safari/537.36"
147.135.37.185 - - [10/May/2026:20:51:19 +1000] "POST /wp-login.php HTTP/2" 301 795 "https://pgkdistribution.com.au/wp-login.php" "Mozilla/5.0 (X11; Linux x86_64) AppleWebKit/537.36 (KHTML, like Gecko) Chrome/133.0.0.0 Safari/537.36"
147.135.37.185 - - [10/May/2026:20:51:20 +1000] "GET /wp-login.php HTTP/2" 200 2507 "https://pgkdistribution.com.au/wp-login.php" "Mozilla/5.0 (X11; Linux x86_64) AppleWebKit/537.36 (KHTML, like Gecko) Chrome/133.0.0.0 Safari/537.36"
44.205.180.155 - - [10/May/2026:20:51:42 +1000] "GET /product/flat-roof-tilt-set-15-30/ HTTP/1.1" 301 1296 "-" "Mozilla/5.0 AppleWebKit/537.36 (KHTML, like Gecko; compatible; Amazonbot/0.1; +https://developer.amazon.com/support/amazonbot) Chrome/119.0.6045.214 Safari/537.36"
184.73.167.217 - - [10/May/2026:20:51:42 +1000] "GET /product/pgk-300v-20a-1p-np-dc-breaker/ HTTP/1.1" 200 35334 "-" "Mozilla/5.0 AppleWebKit/537.36 (KHTML, like Gecko; compatible; Amazonbot/0.1; +https://developer.amazon.com/support/amazonbot) Chrome/119.0.6045.214 Safari/537.36"
3.94.199.128 - - [10/May/2026:20:51:44 +1000] "GET /product/flat-roof-tilt-set-15-30/ HTTP/1.1" 200 35158 "-" "Mozilla/5.0 AppleWebKit/537.36 (KHTML, like Gecko; compatible; Amazonbot/0.1; +https://developer.amazon.com/support/amazonbot) Chrome/119.0.6045.214 Safari/537.36"
111.67.29.221 - - [10/May/2026:20:52:02 +1000] "POST /wp-cron.php?doing_wp_cron=1778410322.2412319183349609375000 HTTP/1.1" 200 538 "-" "WordPress/6.9.4; https://www.pgkdistribution.com.au"
74.125.151.172 - - [10/May/2026:20:51:59 +1000] "GET /product/genuine-mc4-evo2-1500v-connector-pairs/ HTTP/1.1" 200 36322 "-" "Mozilla/5.0 (X11; Linux x86_64) AppleWebKit/537.36 (KHTML, like Gecko) Chrome/147.0.7727.116 Safari/537.36"
74.125.151.172 - - [10/May/2026:20:52:02 +1000] "GET /wp-content/plugins/woocommerce/assets/client/blocks/wc-blocks.css?ver=wc-10.7.0 HTTP/1.1" 200 2891 "https://www.pgkdistribution.com.au/product/genuine-mc4-evo2-1500v-connector-pairs/" "Mozilla/5.0 (X11; Linux x86_64) AppleWebKit/537.36 (KHTML, like Gecko) Chrome/147.0.7727.116 Safari/537.36"
74.125.151.172 - - [10/May/2026:20:52:07 +1000] "GET /wp-content/plugins/woocommerce/assets/css/photoswipe/photoswipe.min.css?ver=10.7.0 HTTP/1.1" 200 1522 "https://www.pgkdistribution.com.au/product/genuine-mc4-evo2-1500v-connector-pairs/" "Mozilla/5.0 (X11; Linux x86_64) AppleWebKit/537.36 (KHTML, like Gecko) Chrome/147.0.7727.116 Safari/537.36"
74.125.151.171 - - [10/May/2026:20:52:10 +1000] "GET /wp-includes/css/dist/components/style.min.css?ver=6.9.4 HTTP/1.1" 200 14147 "https://www.pgkdistribution.com.au/product/genuine-mc4-evo2-1500v-connector-pairs/" "Mozilla/5.0 (X11; Linux x86_64) AppleWebKit/537.36 (KHTML, like Gecko) Chrome/147.0.7727.116 Safari/537.36"
20.118.11.251 - - [10/May/2026:20:52:07 +1000] "GET /robots.txt HTTP/1.1" 200 1012 "-" "DuckAssistBot/1.2; (+http://duckduckgo.com/duckassistbot.html)"
4.226.40.135 - - [10/May/2026:20:52:07 +1000] "GET /robots.txt HTTP/1.1" 200 1012 "-" "DuckAssistBot/1.2; (+http://duckduckgo.com/duckassistbot.html)"
172.104.161.144 - - [10/May/2026:20:52:11 +1000] "GET /wp-login.php HTTP/1.1" 301 1312 "-" "Mozila/5.0"
74.125.151.171 - - [10/May/2026:20:52:12 +1000] "GET /wp-content/plugins/hide-price-add-to-cart-button/assets/css/afwhp_front.css?ver=1.0 HTTP/1.1" 200 728 "https://www.pgkdistribution.com.au/product/genuine-mc4-evo2-1500v-connector-pairs/" "Mozilla/5.0 (X11; Linux x86_64) AppleWebKit/537.36 (KHTML, like Gecko) Chrome/147.0.7727.116 Safari/537.36"
74.125.151.171 - - [10/May/2026:20:52:14 +1000] "GET /wp-includes/css/dist/reusable-blocks/style.min.css?ver=6.9.4 HTTP/1.1" 200 735 "https://www.pgkdistribution.com.au/product/genuine-mc4-evo2-1500v-connector-pairs/" "Mozilla/5.0 (X11; Linux x86_64) AppleWebKit/537.36 (KHTML, like Gecko) Chrome/147.0.7727.116 Safari/537.36"
172.104.161.144 - - [10/May/2026:20:52:11 +1000] "GET /wp-login.php HTTP/1.1" 200 3361 "-" "Mozila/5.0"
172.104.161.144 - - [10/May/2026:20:52:15 +1000] "POST /wp-login.php HTTP/1.1" 301 1312 "-" "Mozila/5.0"
172.104.161.144 - - [10/May/2026:20:52:15 +1000] "GET /wp-login.php HTTP/1.1" 200 3183 "-" "Mozila/5.0"
172.104.161.144 - - [10/May/2026:20:52:18 +1000] "GET /wp-admin/ HTTP/1.1" 301 1131 "-" "Mozila/5.0"
74.125.151.171 - - [10/May/2026:20:52:19 +1000] "GET /wp-content/plugins/gutentor/assets/library/fontawesome/css/all.min.css?ver=5.12.0 HTTP/1.1" 200 12610 "https://www.pgkdistribution.com.au/product/genuine-mc4-evo2-1500v-connector-pairs/" "Mozilla/5.0 (X11; Linux x86_64) AppleWebKit/537.36 (KHTML, like Gecko) Chrome/147.0.7727.116 Safari/537.36"
111.67.29.221 - - [10/May/2026:20:52:20 +1000] "POST /wp-cron.php?doing_wp_cron=1778410340.6849660873413085937500 HTTP/1.1" 200 538 "-" "WordPress/6.9.4; https://www.pgkdistribution.com.au"
172.104.161.144 - - [10/May/2026:20:52:18 +1000] "GET /wp-admin/ HTTP/1.1" 302 580 "-" "Mozila/5.0"
74.125.151.171 - - [10/May/2026:20:52:22 +1000] "GET /wp-includes/css/dist/patterns/style.min.css?ver=6.9.4 HTTP/1.1" 200 1119 "https://www.pgkdistribution.com.au/product/genuine-mc4-evo2-1500v-connector-pairs/" "Mozilla/5.0 (X11; Linux x86_64) AppleWebKit/537.36 (KHTML, like Gecko) Chrome/147.0.7727.116 Safari/537.36"
172.104.161.144 - - [10/May/2026:20:52:20 +1000] "GET /wp-login.php?redirect_to=https%3A%2F%2Fwww.pgkdistribution.com.au%2Fwp-admin%2F&reauth=1 HTTP/1.1" 200 5378 "-" "Mozila/5.0"
74.125.151.171 - - [10/May/2026:20:52:26 +1000] "GET /wp-content/plugins/user-registration-plugin-for-woocommerce/front/css/afreg_color_spectrum.css?ver=1.0 HTTP/1.1" 200 4391 "https://www.pgkdistribution.com.au/product/genuine-mc4-evo2-1500v-connector-pairs/" "Mozilla/5.0 (X11; Linux x86_64) AppleWebKit/537.36 (KHTML, like Gecko) Chrome/147.0.7727.116 Safari/537.36"
74.125.151.171 - - [10/May/2026:20:52:30 +1000] "GET /wp-content/plugins/storefront-hamburger-menu/assets/css/style.css?ver=1.2.2 HTTP/1.1" 200 1293 "https://www.pgkdistribution.com.au/product/genuine-mc4-evo2-1500v-connector-pairs/" "Mozilla/5.0 (X11; Linux x86_64) AppleWebKit/537.36 (KHTML, like Gecko) Chrome/147.0.7727.116 Safari/537.36"
74.125.151.171 - - [10/May/2026:20:52:34 +1000] "GET /wp-content/themes/storefront/assets/css/woocommerce/extensions/brands.css?ver=4.6.1 HTTP/1.1" 200 1348 "https://www.pgkdistribution.com.au/product/genuine-mc4-evo2-1500v-connector-pairs/" "Mozilla/5.0 (X11; Linux x86_64) AppleWebKit/537.36 (KHTML, like Gecko) Chrome/147.0.7727.116 Safari/537.36"
74.125.151.171 - - [10/May/2026:20:52:37 +1000] "GET /wp-content/plugins/advanced-product-fields-for-woocommerce/assets/css/frontend.min.css?ver=1.6.17 HTTP/1.1" 200 925 "https://www.pgkdistribution.com.au/product/genuine-mc4-evo2-1500v-connector-pairs/" "Mozilla/5.0 (X11; Linux x86_64) AppleWebKit/537.36 (KHTML, like Gecko) Chrome/147.0.7727.116 Safari/537.36"
74.125.151.171 - - [10/May/2026:20:52:45 +1000] "GET /wp-content/themes/storefront/style.css?ver=4.6.1 HTTP/1.1" 200 8812 "https://www.pgkdistribution.com.au/product/genuine-mc4-evo2-1500v-connector-pairs/" "Mozilla/5.0 (X11; Linux x86_64) AppleWebKit/537.36 (KHTML, like Gecko) Chrome/147.0.7727.116 Safari/537.36"
74.125.151.171 - - [10/May/2026:20:52:48 +1000] "GET /wp-content/plugins/contact-form-7/includes/css/styles.css?ver=6.1.3 HTTP/1.1" 200 1397 "https://www.pgkdistribution.com.au/product/genuine-mc4-evo2-1500v-connector-pairs/" "Mozilla/5.0 (X11; Linux x86_64) AppleWebKit/537.36 (KHTML, like Gecko) Chrome/147.0.7727.116 Safari/537.36"
74.125.151.171 - - [10/May/2026:20:52:51 +1000] "GET /wp-includes/js/jquery/jquery.min.js?ver=3.7.1 HTTP/1.1" 200 30173 "https://www.pgkdistribution.com.au/product/genuine-mc4-evo2-1500v-connector-pairs/" "Mozilla/5.0 (X11; Linux x86_64) AppleWebKit/537.36 (KHTML, like Gecko) Chrome/147.0.7727.116 Safari/537.36"
74.125.151.171 - - [10/May/2026:20:52:55 +1000] "GET /wp-includes/css/dist/editor/style.min.css?ver=6.9.4 HTTP/1.1" 200 10102 "https://www.pgkdistribution.com.au/product/genuine-mc4-evo2-1500v-connector-pairs/" "Mozilla/5.0 (X11; Linux x86_64) AppleWebKit/537.36 (KHTML, like Gecko) Chrome/147.0.7727.116 Safari/537.36"
74.125.151.171 - - [10/May/2026:20:53:02 +1000] "GET /wp-content/plugins/gutentor/dist/blocks.style.build.css?ver=3.5.3 HTTP/1.1" 200 25170 "https://www.pgkdistribution.com.au/product/genuine-mc4-evo2-1500v-connector-pairs/" "Mozilla/5.0 (X11; Linux x86_64) AppleWebKit/537.36 (KHTML, like Gecko) Chrome/147.0.7727.116 Safari/537.36"
74.125.151.171 - - [10/May/2026:20:53:06 +1000] "GET /wp-content/plugins/hide-price-add-to-cart-button/assets/js/afwhp_front.js?ver=1.0 HTTP/1.1" 200 624 "https://www.pgkdistribution.com.au/product/genuine-mc4-evo2-1500v-connector-pairs/" "Mozilla/5.0 (X11; Linux x86_64) AppleWebKit/537.36 (KHTML, like Gecko) Chrome/147.0.7727.116 Safari/537.36"
74.125.151.171 - - [10/May/2026:20:53:08 +1000] "GET /wp-content/plugins/gutentor/dist/gutentor-woocommerce.css?ver=3.5.3 HTTP/1.1" 200 1065 "https://www.pgkdistribution.com.au/product/genuine-mc4-evo2-1500v-connector-pairs/" "Mozilla/5.0 (X11; Linux x86_64) AppleWebKit/537.36 (KHTML, like Gecko) Chrome/147.0.7727.116 Safari/537.36"
74.125.151.171 - - [10/May/2026:20:53:12 +1000] "GET /wp-content/uploads/2021/05/PGK-Grey-font.png HTTP/1.1" 200 300890 "https://www.pgkdistribution.com.au/product/genuine-mc4-evo2-1500v-connector-pairs/" "Mozilla/5.0 (X11; Linux x86_64) AppleWebKit/537.36 (KHTML, like Gecko) Chrome/147.0.7727.116 Safari/537.36"
74.125.151.171 - - [10/May/2026:20:53:15 +1000] "GET /wp-content/plugins/tier-pricing-table/assets/frontend/main.css?ver=8.3.0 HTTP/1.1" 200 2179 "https://www.pgkdistribution.com.au/product/genuine-mc4-evo2-1500v-connector-pairs/" "Mozilla/5.0 (X11; Linux x86_64) AppleWebKit/537.36 (KHTML, like Gecko) Chrome/147.0.7727.116 Safari/537.36"
74.125.151.171 - - [10/May/2026:20:53:19 +1000] "GET /wp-content/plugins/storefront-footer-bar/assets/css/style.css?ver=6.9.4 HTTP/1.1" 200 894 "https://www.pgkdistribution.com.au/product/genuine-mc4-evo2-1500v-connector-pairs/" "Mozilla/5.0 (X11; Linux x86_64) AppleWebKit/537.36 (KHTML, like Gecko) Chrome/147.0.7727.116 Safari/537.36"
111.67.29.221 - - [10/May/2026:20:53:23 +1000] "POST /wp-cron.php?doing_wp_cron=1778410403.0393629074096679687500 HTTP/1.1" 200 538 "-" "WordPress/6.9.4; https://www.pgkdistribution.com.au"
34.141.230.59 - - [10/May/2026:20:53:19 +1000] "GET /product/2-5kw-reverse-cycle-split-system/?add-to-cart=1406 HTTP/2" 200 34531 "-" "LinkupBot/1.0 (LinkupBot for web indexing; https://linkup.so/bot; bot@linkup.so)"
74.125.151.171 - - [10/May/2026:20:53:26 +1000] "GET /wp-content/plugins/storefront-homepage-contact-section/assets/css/style.css?ver=6.9.4 HTTP/1.1" 200 1225 "https://www.pgkdistribution.com.au/product/genuine-mc4-evo2-1500v-connector-pairs/" "Mozilla/5.0 (X11; Linux x86_64) AppleWebKit/537.36 (KHTML, like Gecko) Chrome/147.0.7727.116 Safari/537.36"
74.125.151.171 - - [10/May/2026:20:53:28 +1000] "GET /wp-content/plugins/gutentor/assets/library/wpness-grid/wpness-grid.css?ver=1.0.0 HTTP/1.1" 200 3193 "https://www.pgkdistribution.com.au/product/genuine-mc4-evo2-1500v-connector-pairs/" "Mozilla/5.0 (X11; Linux x86_64) AppleWebKit/537.36 (KHTML, like Gecko) Chrome/147.0.7727.116 Safari/537.36"
74.125.151.171 - - [10/May/2026:20:53:32 +1000] "GET /wp-content/plugins/user-registration-plugin-for-woocommerce/front/js/afreg_front.js?ver=1.0 HTTP/1.1" 200 2240 "https://www.pgkdistribution.com.au/product/genuine-mc4-evo2-1500v-connector-pairs/" "Mozilla/5.0 (X11; Linux x86_64) AppleWebKit/537.36 (KHTML, like Gecko) Chrome/147.0.7727.116 Safari/537.36"
74.125.151.171 - - [10/May/2026:20:53:39 +1000] "GET /wp-content/uploads/2021/06/SE015-500x500-1-457x457.jpg HTTP/1.1" 200 10493 "https://www.pgkdistribution.com.au/product/genuine-mc4-evo2-1500v-connector-pairs/" "Mozilla/5.0 (X11; Linux x86_64) AppleWebKit/537.36 (KHTML, like Gecko) Chrome/147.0.7727.116 Safari/537.36"
74.125.151.171 - - [10/May/2026:20:53:41 +1000] "GET /wp-content/plugins/user-registration-plugin-for-woocommerce/front/css/afreg_front.css?ver=1.0 HTTP/1.1" 200 1034 "https://www.pgkdistribution.com.au/product/genuine-mc4-evo2-1500v-connector-pairs/" "Mozilla/5.0 (X11; Linux x86_64) AppleWebKit/537.36 (KHTML, like Gecko) Chrome/147.0.7727.116 Safari/537.36"
57.132.163.249 - - [10/May/2026:20:53:41 +1000] "GET /wp-login.php HTTP/2" 301 795 "-" "Mozilla/5.0 (X11; Linux i686) AppleWebKit/537.36 (KHTML, like Gecko) Chrome/133.0.0.0 Safari/537.36"
74.125.151.171 - - [10/May/2026:20:53:48 +1000] "GET /wp-content/themes/storefront/assets/css/base/icons.css?ver=4.6.1 HTTP/1.1" 200 14807 "https://www.pgkdistribution.com.au/product/genuine-mc4-evo2-1500v-connector-pairs/" "Mozilla/5.0 (X11; Linux x86_64) AppleWebKit/537.36 (KHTML, like Gecko) Chrome/147.0.7727.116 Safari/537.36"
74.125.151.171 - - [10/May/2026:20:53:50 +1000] "GET /wp-content/plugins/user-registration-plugin-for-woocommerce/front/js/afreg_color_spectrum.js?ver=1.0 HTTP/1.1" 200 17509 "https://www.pgkdistribution.com.au/product/genuine-mc4-evo2-1500v-connector-pairs/" "Mozilla/5.0 (X11; Linux x86_64) AppleWebKit/537.36 (KHTML, like Gecko) Chrome/147.0.7727.116 Safari/537.36"
57.132.163.249 - - [10/May/2026:20:53:51 +1000] "GET /wp-login.php HTTP/2" 200 2507 "https://pgkdistribution.com.au/wp-login.php" "Mozilla/5.0 (X11; Linux i686) AppleWebKit/537.36 (KHTML, like Gecko) Chrome/133.0.0.0 Safari/537.36"
74.125.151.171 - - [10/May/2026:20:53:54 +1000] "GET /wp-content/plugins/gutentor/assets/library/wow/wow.min.js?ver=1.2.1 HTTP/1.1" 200 3242 "https://www.pgkdistribution.com.au/product/genuine-mc4-evo2-1500v-connector-pairs/" "Mozilla/5.0 (X11; Linux x86_64) AppleWebKit/537.36 (KHTML, like Gecko) Chrome/147.0.7727.116 Safari/537.36"
57.132.163.249 - - [10/May/2026:20:53:54 +1000] "POST /wp-login.php HTTP/2" 301 795 "https://pgkdistribution.com.au/wp-login.php" "Mozilla/5.0 (X11; Linux i686) AppleWebKit/537.36 (KHTML, like Gecko) Chrome/133.0.0.0 Safari/537.36"
74.125.151.171 - - [10/May/2026:20:53:56 +1000] "GET /wp-includes/css/dist/preferences/style.min.css?ver=6.9.4 HTTP/1.1" 200 835 "https://www.pgkdistribution.com.au/product/genuine-mc4-evo2-1500v-connector-pairs/" "Mozilla/5.0 (X11; Linux x86_64) AppleWebKit/537.36 (KHTML, like Gecko) Chrome/147.0.7727.116 Safari/537.36"
57.132.163.249 - - [10/May/2026:20:53:55 +1000] "GET /wp-login.php HTTP/2" 200 2507 "https://pgkdistribution.com.au/wp-login.php" "Mozilla/5.0 (X11; Linux i686) AppleWebKit/537.36 (KHTML, like Gecko) Chrome/133.0.0.0 Safari/537.36"
74.125.151.171 - - [10/May/2026:20:54:00 +1000] "GET /wp-content/plugins/hide-price-add-to-cart-button/assets/js/jquery.popupoverlay.js?ver=1.0 HTTP/1.1" 200 5948 "https://www.pgkdistribution.com.au/product/genuine-mc4-evo2-1500v-connector-pairs/" "Mozilla/5.0 (X11; Linux x86_64) AppleWebKit/537.36 (KHTML, like Gecko) Chrome/147.0.7727.116 Safari/537.36"
74.125.151.171 - - [10/May/2026:20:54:02 +1000] "GET /wp-content/plugins/advanced-product-fields-for-woocommerce/assets/js/frontend.min.js?ver=1.6.17 HTTP/1.1" 200 2530 "https://www.pgkdistribution.com.au/product/genuine-mc4-evo2-1500v-connector-pairs/" "Mozilla/5.0 (X11; Linux x86_64) AppleWebKit/537.36 (KHTML, like Gecko) Chrome/147.0.7727.116 Safari/537.36"
74.125.151.171 - - [10/May/2026:20:54:06 +1000] "GET /wp-includes/js/dist/hooks.min.js?ver=dd5603f07f9220ed27f1 HTTP/1.1" 200 2458 "https://www.pgkdistribution.com.au/product/genuine-mc4-evo2-1500v-connector-pairs/" "Mozilla/5.0 (X11; Linux x86_64) AppleWebKit/537.36 (KHTML, like Gecko) Chrome/147.0.7727.116 Safari/537.36"
74.125.151.171 - - [10/May/2026:20:54:08 +1000] "GET /wp-content/plugins/contact-form-7/includes/swv/js/index.js?ver=6.1.3 HTTP/1.1" 200 3797 "https://www.pgkdistribution.com.au/product/genuine-mc4-evo2-1500v-connector-pairs/" "Mozilla/5.0 (X11; Linux x86_64) AppleWebKit/537.36 (KHTML, like Gecko) Chrome/147.0.7727.116 Safari/537.36"
74.125.151.171 - - [10/May/2026:20:54:12 +1000] "GET /wp-content/plugins/contact-form-7/includes/js/index.js?ver=6.1.3 HTTP/1.1" 200 4614 "https://www.pgkdistribution.com.au/product/genuine-mc4-evo2-1500v-connector-pairs/" "Mozilla/5.0 (X11; Linux x86_64) AppleWebKit/537.36 (KHTML, like Gecko) Chrome/147.0.7727.116 Safari/537.36"
74.125.151.171 - - [10/May/2026:20:54:14 +1000] "GET /wp-content/plugins/storefront-hamburger-menu/assets/js/frontend.min.js?ver=1.2.2 HTTP/1.1" 200 643 "https://www.pgkdistribution.com.au/product/genuine-mc4-evo2-1500v-connector-pairs/" "Mozilla/5.0 (X11; Linux x86_64) AppleWebKit/537.36 (KHTML, like Gecko) Chrome/147.0.7727.116 Safari/537.36"
74.125.151.171 - - [10/May/2026:20:54:17 +1000] "GET /wp-content/plugins/woocommerce/assets/js/frontend/order-attribution.min.js?ver=10.7.0 HTTP/1.1" 200 1447 "https://www.pgkdistribution.com.au/product/genuine-mc4-evo2-1500v-connector-pairs/" "Mozilla/5.0 (X11; Linux x86_64) AppleWebKit/537.36 (KHTML, like Gecko) Chrome/147.0.7727.116 Safari/537.36"
74.125.151.171 - - [10/May/2026:20:54:20 +1000] "GET /wp-content/plugins/woocommerce-table-rate-shipping/assets/js/frontend-checkout.min.js?ver=3.5.8 HTTP/1.1" 200 622 "https://www.pgkdistribution.com.au/product/genuine-mc4-evo2-1500v-connector-pairs/" "Mozilla/5.0 (X11; Linux x86_64) AppleWebKit/537.36 (KHTML, like Gecko) Chrome/147.0.7727.116 Safari/537.36"
111.67.29.221 - - [10/May/2026:20:54:20 +1000] "POST /wp-cron.php?doing_wp_cron=1778410460.3002998828887939453125 HTTP/1.1" 200 538 "-" "WordPress/6.9.4; https://www.pgkdistribution.com.au"
78.142.18.172 - - [10/May/2026:20:54:18 +1000] "GET /wp-login.php HTTP/2" 200 2507 "-" "Mozilla/5.0 (Macintosh; Intel Mac OS X 14_7_4) AppleWebKit/537.36 (KHTML, like Gecko) Chrome/133.0.0.0 Safari/537.36"
78.142.18.172 - - [10/May/2026:20:54:20 +1000] "POST /wp-login.php HTTP/2" 200 2654 "https://www.pgkdistribution.com.au/wp-login.php" "Mozilla/5.0 (Macintosh; Intel Mac OS X 14_7_4) AppleWebKit/537.36 (KHTML, like Gecko) Chrome/133.0.0.0 Safari/537.36"
74.125.151.171 - - [10/May/2026:20:54:23 +1000] "GET /wp-content/themes/storefront/assets/js/woocommerce/extensions/brands.min.js?ver=4.6.1 HTTP/1.1" 200 684 "https://www.pgkdistribution.com.au/product/genuine-mc4-evo2-1500v-connector-pairs/" "Mozilla/5.0 (X11; Linux x86_64) AppleWebKit/537.36 (KHTML, like Gecko) Chrome/147.0.7727.116 Safari/537.36"
74.7.230.57 - - [10/May/2026:20:54:26 +1000] "GET /robots.txt HTTP/2" 200 454 "-" "Mozilla/5.0 (Macintosh; Intel Mac OS X 10_15_7) AppleWebKit/537.36 (KHTML, like Gecko) Chrome/131.0.0.0 Safari/537.36; compatible; OAI-SearchBot/1.3; robots.txt; +https://openai.com/searchbot"
160.250.186.220 - - [10/May/2026:20:55:08 +1000] "GET /wp-login.php HTTP/2" 301 795 "-" "Mozilla/5.0 (X11; Fedora; Linux x86_64) AppleWebKit/537.36 (KHTML, like Gecko) Chrome/133.0.0.0 Safari/537.36"
111.67.29.221 - - [10/May/2026:20:55:11 +1000] "POST /wp-cron.php?doing_wp_cron=1778410511.6861159801483154296875 HTTP/1.1" 200 538 "-" "WordPress/6.9.4; https://www.pgkdistribution.com.au"
160.250.186.220 - - [10/May/2026:20:55:09 +1000] "GET /wp-login.php HTTP/2" 200 2507 "https://pgkdistribution.com.au/wp-login.php" "Mozilla/5.0 (X11; Fedora; Linux x86_64) AppleWebKit/537.36 (KHTML, like Gecko) Chrome/133.0.0.0 Safari/537.36"
160.250.186.220 - - [10/May/2026:20:55:12 +1000] "POST /wp-login.php HTTP/2" 301 795 "https://pgkdistribution.com.au/wp-login.php" "Mozilla/5.0 (X11; Fedora; Linux x86_64) AppleWebKit/537.36 (KHTML, like Gecko) Chrome/133.0.0.0 Safari/537.36"
160.250.186.220 - - [10/May/2026:20:55:12 +1000] "GET /wp-login.php HTTP/2" 200 2507 "https://pgkdistribution.com.au/wp-login.php" "Mozilla/5.0 (X11; Fedora; Linux x86_64) AppleWebKit/537.36 (KHTML, like Gecko) Chrome/133.0.0.0 Safari/537.36"
165.22.213.150 - - [10/May/2026:20:55:24 +1000] "GET /wp-login.php HTTP/2" 301 795 "-" "Mozilla/5.0 (X11; Linux x86_64) AppleWebKit/537.36 (KHTML, like Gecko) Chrome/133.0.0.0 Safari/537.36"
111.67.29.221 - - [10/May/2026:20:55:28 +1000] "POST /wp-cron.php?doing_wp_cron=1778410528.0634710788726806640625 HTTP/1.1" 200 538 "-" "WordPress/6.9.4; https://www.pgkdistribution.com.au"
165.22.213.150 - - [10/May/2026:20:55:25 +1000] "GET /wp-login.php HTTP/2" 200 2507 "https://pgkdistribution.com.au/wp-login.php" "Mozilla/5.0 (X11; Linux x86_64) AppleWebKit/537.36 (KHTML, like Gecko) Chrome/133.0.0.0 Safari/537.36"
165.22.213.150 - - [10/May/2026:20:55:28 +1000] "POST /wp-login.php HTTP/2" 301 795 "https://pgkdistribution.com.au/wp-login.php" "Mozilla/5.0 (X11; Linux x86_64) AppleWebKit/537.36 (KHTML, like Gecko) Chrome/133.0.0.0 Safari/537.36"
165.22.213.150 - - [10/May/2026:20:55:28 +1000] "GET /wp-login.php HTTP/2" 200 2507 "https://pgkdistribution.com.au/wp-login.php" "Mozilla/5.0 (X11; Linux x86_64) AppleWebKit/537.36 (KHTML, like Gecko) Chrome/133.0.0.0 Safari/537.36"
101.191.7.27 - - [10/May/2026:20:55:59 +1000] "GET /wp-content/uploads/2021/06/Longline-Interface-set_1.jpg HTTP/2" 200 19723 "https://www.google.com/" "Mozilla/5.0 (Macintosh; Intel Mac OS X 10_15_7) AppleWebKit/605.1.15 (KHTML, like Gecko) Version/18.6 Safari/605.1.15"
101.191.7.27 - - [10/May/2026:20:56:00 +1000] "GET /product/klip-lok-longline-interfaceset/ HTTP/1.1" 200 34248 "https://www.google.com/" "Mozilla/5.0 (Macintosh; Intel Mac OS X 10_15_7) AppleWebKit/605.1.15 (KHTML, like Gecko) Version/18.6 Safari/605.1.15"
101.191.7.27 - - [10/May/2026:20:56:02 +1000] "GET /wp-content/plugins/user-registration-plugin-for-woocommerce/front/css/afreg_front.css?ver=1.0 HTTP/1.1" 200 536 "https://www.pgkdistribution.com.au/product/klip-lok-longline-interfaceset/" "Mozilla/5.0 (Macintosh; Intel Mac OS X 10_15_7) AppleWebKit/605.1.15 (KHTML, like Gecko) Version/18.6 Safari/605.1.15"
101.191.7.27 - - [10/May/2026:20:56:02 +1000] "GET /wp-content/plugins/user-registration-plugin-for-woocommerce/front/css/afreg_color_spectrum.css?ver=1.0 HTTP/1.1" 200 3713 "https://www.pgkdistribution.com.au/product/klip-lok-longline-interfaceset/" "Mozilla/5.0 (Macintosh; Intel Mac OS X 10_15_7) AppleWebKit/605.1.15 (KHTML, like Gecko) Version/18.6 Safari/605.1.15"
101.191.7.27 - - [10/May/2026:20:56:02 +1000] "GET /wp-content/plugins/woocommerce/assets/client/blocks/wc-blocks.css?ver=wc-10.7.0 HTTP/1.1" 200 2391 "https://www.pgkdistribution.com.au/product/klip-lok-longline-interfaceset/" "Mozilla/5.0 (Macintosh; Intel Mac OS X 10_15_7) AppleWebKit/605.1.15 (KHTML, like Gecko) Version/18.6 Safari/605.1.15"
101.191.7.27 - - [10/May/2026:20:56:02 +1000] "GET /wp-content/plugins/gutentor/assets/library/wpness-grid/wpness-grid.css?ver=1.0.0 HTTP/1.1" 200 2693 "https://www.pgkdistribution.com.au/product/klip-lok-longline-interfaceset/" "Mozilla/5.0 (Macintosh; Intel Mac OS X 10_15_7) AppleWebKit/605.1.15 (KHTML, like Gecko) Version/18.6 Safari/605.1.15"
101.191.7.27 - - [10/May/2026:20:56:02 +1000] "GET /wp-content/plugins/gutentor/assets/library/animatecss/animate.min.css?ver=3.7.2 HTTP/1.1" 200 4011 "https://www.pgkdistribution.com.au/product/klip-lok-longline-interfaceset/" "Mozilla/5.0 (Macintosh; Intel Mac OS X 10_15_7) AppleWebKit/605.1.15 (KHTML, like Gecko) Version/18.6 Safari/605.1.15"
101.191.7.27 - - [10/May/2026:20:56:02 +1000] "GET /wp-includes/css/dist/preferences/style.min.css?ver=6.9.4 HTTP/1.1" 200 337 "https://www.pgkdistribution.com.au/product/klip-lok-longline-interfaceset/" "Mozilla/5.0 (Macintosh; Intel Mac OS X 10_15_7) AppleWebKit/605.1.15 (KHTML, like Gecko) Version/18.6 Safari/605.1.15"
101.191.7.27 - - [10/May/2026:20:56:02 +1000] "GET /wp-includes/css/dist/reusable-blocks/style.min.css?ver=6.9.4 HTTP/1.1" 200 237 "https://www.pgkdistribution.com.au/product/klip-lok-longline-interfaceset/" "Mozilla/5.0 (Macintosh; Intel Mac OS X 10_15_7) AppleWebKit/605.1.15 (KHTML, like Gecko) Version/18.6 Safari/605.1.15"
