192.42.116.144 - - [10/May/2026:23:21:14 +1000] "GET /pgkdistribution/pgkdistribution/?page_id=17 HTTP/2" 301 0 "https://pgkdistribution.com.au/pgkdistribution/pgkdistribution/?page_id=17" "Mozilla/5.0 (Linux; Android 8.0.0; SC-04J) AppleWebKit/537.36 (KHTML, like Gecko) Chrome/81.0.4044.138 Mobile Safari/537.36"
111.67.29.221 - - [10/May/2026:23:21:20 +1000] "POST /wp-cron.php?doing_wp_cron=1778419279.9545509815216064453125 HTTP/1.1" 200 538 "-" "WordPress/6.9.4; https://www.pgkdistribution.com.au"
192.42.116.144 - - [10/May/2026:23:21:17 +1000] "GET /solar-storage/ HTTP/2" 200 117014 "https://pgkdistribution.com.au/pgkdistribution/pgkdistribution/?page_id=17" "Mozilla/5.0 (Linux; Android 8.0.0; SC-04J) AppleWebKit/537.36 (KHTML, like Gecko) Chrome/81.0.4044.138 Mobile Safari/537.36"
192.42.116.54 - - [10/May/2026:23:21:22 +1000] "GET /pgkdistribution/pgkdistribution/?page_id=19 HTTP/2" 301 795 "https://pgkdistribution.com.au/pgkdistribution/pgkdistribution/?page_id=19" "Mozilla/5.0 (Linux; Android 8.0.0; SC-04J) AppleWebKit/537.36 (KHTML, like Gecko) Chrome/81.0.4044.138 Mobile Safari/537.36"
192.42.116.54 - - [10/May/2026:23:21:24 +1000] "GET /pgkdistribution/pgkdistribution/?page_id=19 HTTP/2" 301 0 "https://pgkdistribution.com.au/pgkdistribution/pgkdistribution/?page_id=19" "Mozilla/5.0 (Linux; Android 8.0.0; SC-04J) AppleWebKit/537.36 (KHTML, like Gecko) Chrome/81.0.4044.138 Mobile Safari/537.36"
192.42.116.54 - - [10/May/2026:23:21:27 +1000] "GET /solar-inverters/ HTTP/2" 200 115112 "https://pgkdistribution.com.au/pgkdistribution/pgkdistribution/?page_id=19" "Mozilla/5.0 (Linux; Android 8.0.0; SC-04J) AppleWebKit/537.36 (KHTML, like Gecko) Chrome/81.0.4044.138 Mobile Safari/537.36"
45.84.107.55 - - [10/May/2026:23:21:34 +1000] "GET /pgkdistribution/pgkdistribution/?page_id=511 HTTP/2" 301 795 "https://pgkdistribution.com.au/pgkdistribution/pgkdistribution/?page_id=511" "Mozilla/5.0 (Linux; Android 8.0.0; SC-04J) AppleWebKit/537.36 (KHTML, like Gecko) Chrome/81.0.4044.138 Mobile Safari/537.36"
45.84.107.55 - - [10/May/2026:23:21:36 +1000] "GET /pgkdistribution/pgkdistribution/?page_id=511 HTTP/2" 301 0 "https://pgkdistribution.com.au/pgkdistribution/pgkdistribution/?page_id=511" "Mozilla/5.0 (Linux; Android 8.0.0; SC-04J) AppleWebKit/537.36 (KHTML, like Gecko) Chrome/81.0.4044.138 Mobile Safari/537.36"
45.84.107.55 - - [10/May/2026:23:21:40 +1000] "GET /dc-isolators/ HTTP/2" 200 130557 "https://pgkdistribution.com.au/pgkdistribution/pgkdistribution/?page_id=511" "Mozilla/5.0 (Linux; Android 8.0.0; SC-04J) AppleWebKit/537.36 (KHTML, like Gecko) Chrome/81.0.4044.138 Mobile Safari/537.36"
192.42.116.112 - - [10/May/2026:23:21:46 +1000] "GET /pgkdistribution/pgkdistribution/?page_id=696 HTTP/2" 301 795 "https://pgkdistribution.com.au/pgkdistribution/pgkdistribution/?page_id=696" "Mozilla/5.0 (Linux; Android 8.0.0; SC-04J) AppleWebKit/537.36 (KHTML, like Gecko) Chrome/81.0.4044.138 Mobile Safari/537.36"
192.42.116.112 - - [10/May/2026:23:21:48 +1000] "GET /pgkdistribution/pgkdistribution/?page_id=696 HTTP/2" 301 0 "https://pgkdistribution.com.au/pgkdistribution/pgkdistribution/?page_id=696" "Mozilla/5.0 (Linux; Android 8.0.0; SC-04J) AppleWebKit/537.36 (KHTML, like Gecko) Chrome/81.0.4044.138 Mobile Safari/537.36"
111.67.29.221 - - [10/May/2026:23:21:52 +1000] "POST /wp-cron.php?doing_wp_cron=1778419312.3943839073181152343750 HTTP/1.1" 200 538 "-" "WordPress/6.9.4; https://www.pgkdistribution.com.au"
192.42.116.112 - - [10/May/2026:23:21:50 +1000] "GET /cookie-policy/ HTTP/2" 200 108064 "https://pgkdistribution.com.au/pgkdistribution/pgkdistribution/?page_id=696" "Mozilla/5.0 (Linux; Android 8.0.0; SC-04J) AppleWebKit/537.36 (KHTML, like Gecko) Chrome/81.0.4044.138 Mobile Safari/537.36"
192.42.116.112 - - [10/May/2026:23:21:55 +1000] "GET /pgkdistribution/pgkdistribution/?page_id=717 HTTP/2" 301 795 "https://pgkdistribution.com.au/pgkdistribution/pgkdistribution/?page_id=717" "Mozilla/5.0 (Linux; Android 8.0.0; SC-04J) AppleWebKit/537.36 (KHTML, like Gecko) Chrome/81.0.4044.138 Mobile Safari/537.36"
192.42.116.112 - - [10/May/2026:23:21:57 +1000] "GET /pgkdistribution/pgkdistribution/?page_id=717 HTTP/2" 301 0 "https://pgkdistribution.com.au/pgkdistribution/pgkdistribution/?page_id=717" "Mozilla/5.0 (Linux; Android 8.0.0; SC-04J) AppleWebKit/537.36 (KHTML, like Gecko) Chrome/81.0.4044.138 Mobile Safari/537.36"
192.42.116.112 - - [10/May/2026:23:22:01 +1000] "GET /terms-and-conditions-of-sale/ HTTP/2" 200 132583 "https://pgkdistribution.com.au/pgkdistribution/pgkdistribution/?page_id=717" "Mozilla/5.0 (Linux; Android 8.0.0; SC-04J) AppleWebKit/537.36 (KHTML, like Gecko) Chrome/81.0.4044.138 Mobile Safari/537.36"
45.9.156.193 - - [10/May/2026:23:22:08 +1000] "GET /pgkdistribution/pgkdistribution/?page_id=9 HTTP/2" 301 795 "https://pgkdistribution.com.au/pgkdistribution/pgkdistribution/?page_id=9" "Mozilla/5.0 (Linux; Android 8.0.0; SC-04J) AppleWebKit/537.36 (KHTML, like Gecko) Chrome/81.0.4044.138 Mobile Safari/537.36"
192.42.116.103 - - [10/May/2026:23:22:12 +1000] "GET /pgkdistribution/pgkdistribution/?page_id=9 HTTP/2" 301 0 "https://pgkdistribution.com.au/pgkdistribution/pgkdistribution/?page_id=9" "Mozilla/5.0 (Linux; Android 8.0.0; SC-04J) AppleWebKit/537.36 (KHTML, like Gecko) Chrome/81.0.4044.138 Mobile Safari/537.36"
192.42.116.103 - - [10/May/2026:23:22:13 +1000] "GET /my-account/ HTTP/2" 200 129765 "https://pgkdistribution.com.au/pgkdistribution/pgkdistribution/?page_id=9" "Mozilla/5.0 (Linux; Android 8.0.0; SC-04J) AppleWebKit/537.36 (KHTML, like Gecko) Chrome/81.0.4044.138 Mobile Safari/537.36"
111.67.29.221 - - [10/May/2026:23:22:22 +1000] "POST /wp-cron.php?doing_wp_cron=1778419342.1034519672393798828125 HTTP/1.1" 200 538 "-" "WordPress/6.9.4; https://www.pgkdistribution.com.au"
192.42.116.103 - - [10/May/2026:23:22:18 +1000] "POST / HTTP/2" 200 197501 "https://www.pgkdistribution.com.au" "Mozilla/5.0 (Linux; Android 8.0.0; SC-04J) AppleWebKit/537.36 (KHTML, like Gecko) Chrome/81.0.4044.138 Mobile Safari/537.36"
212.90.148.8 - - [10/May/2026:23:22:25 +1000] "GET /wp-login.php HTTP/2" 301 795 "-" "Mozilla/5.0 (Windows NT 10.0; WOW64) AppleWebKit/537.36 (KHTML, like Gecko) Chrome/133.0.0.0 Safari/537.36"
45.84.107.55 - - [10/May/2026:23:22:26 +1000] "GET /solar-storage HTTP/2" 301 795 "https://pgkdistribution.com.au/solar-storage" "Mozilla/5.0 (Linux; Android 8.0.0; SC-04J) AppleWebKit/537.36 (KHTML, like Gecko) Chrome/81.0.4044.138 Mobile Safari/537.36"
212.90.148.8 - - [10/May/2026:23:22:26 +1000] "GET /wp-login.php HTTP/2" 200 2507 "https://pgkdistribution.com.au/wp-login.php" "Mozilla/5.0 (Windows NT 10.0; WOW64) AppleWebKit/537.36 (KHTML, like Gecko) Chrome/133.0.0.0 Safari/537.36"
212.90.148.8 - - [10/May/2026:23:22:29 +1000] "POST /wp-login.php HTTP/2" 301 795 "https://pgkdistribution.com.au/wp-login.php" "Mozilla/5.0 (Windows NT 10.0; WOW64) AppleWebKit/537.36 (KHTML, like Gecko) Chrome/133.0.0.0 Safari/537.36"
111.67.29.221 - - [10/May/2026:23:22:31 +1000] "POST /wp-cron.php?doing_wp_cron=1778419351.2027680873870849609375 HTTP/1.1" 200 538 "-" "WordPress/6.9.4; https://www.pgkdistribution.com.au"
45.84.107.55 - - [10/May/2026:23:22:28 +1000] "GET /solar-storage HTTP/2" 301 0 "https://pgkdistribution.com.au/solar-storage" "Mozilla/5.0 (Linux; Android 8.0.0; SC-04J) AppleWebKit/537.36 (KHTML, like Gecko) Chrome/81.0.4044.138 Mobile Safari/537.36"
212.90.148.8 - - [10/May/2026:23:22:29 +1000] "GET /wp-login.php HTTP/2" 200 2507 "https://pgkdistribution.com.au/wp-login.php" "Mozilla/5.0 (Windows NT 10.0; WOW64) AppleWebKit/537.36 (KHTML, like Gecko) Chrome/133.0.0.0 Safari/537.36"
109.237.65.32 - - [10/May/2026:23:22:32 +1000] "GET /wp-login.php HTTP/2" 200 2507 "-" "Mozilla/5.0 (Macintosh; Intel Mac OS X 10_15_7) AppleWebKit/537.36 (KHTML, like Gecko) Chrome/133.0.0.0 Safari/537.36"
45.84.107.55 - - [10/May/2026:23:22:32 +1000] "GET /solar-storage/ HTTP/2" 200 117014 "https://pgkdistribution.com.au/solar-storage" "Mozilla/5.0 (Linux; Android 8.0.0; SC-04J) AppleWebKit/537.36 (KHTML, like Gecko) Chrome/81.0.4044.138 Mobile Safari/537.36"
109.237.65.32 - - [10/May/2026:23:22:35 +1000] "POST /wp-login.php HTTP/2" 200 2658 "https://www.pgkdistribution.com.au/wp-login.php" "Mozilla/5.0 (Macintosh; Intel Mac OS X 10_15_7) AppleWebKit/537.36 (KHTML, like Gecko) Chrome/133.0.0.0 Safari/537.36"
66.249.64.100 - - [10/May/2026:23:22:52 +1000] "GET /home HTTP/1.1" 301 1304 "-" "Mozilla/5.0 (Linux; Android 6.0.1; Nexus 5X Build/MMB29P) AppleWebKit/537.36 (KHTML, like Gecko) Chrome/147.0.7727.137 Mobile Safari/537.36 (compatible; Googlebot/2.1; +http://www.google.com/bot.html)"
66.249.70.173 - - [10/May/2026:23:22:54 +1000] "GET /home HTTP/1.1" 301 570 "-" "Mozilla/5.0 (Linux; Android 6.0.1; Nexus 5X Build/MMB29P) AppleWebKit/537.36 (KHTML, like Gecko) Chrome/147.0.7727.137 Mobile Safari/537.36 (compatible; Googlebot/2.1; +http://www.google.com/bot.html)"
45.84.107.74 - - [10/May/2026:23:23:01 +1000] "GET / HTTP/2" 200 197501 "https://www.pgkdistribution.com.au" "Mozilla/5.0 (Linux; Android 8.0.0; SC-04J) AppleWebKit/537.36 (KHTML, like Gecko) Chrome/81.0.4044.138 Mobile Safari/537.36"
111.67.29.221 - - [10/May/2026:23:23:19 +1000] "POST /wp-cron.php?doing_wp_cron=1778419399.1362209320068359375000 HTTP/1.1" 200 538 "-" "WordPress/6.9.4; https://www.pgkdistribution.com.au"
66.249.70.173 - - [10/May/2026:23:23:17 +1000] "POST /?wc-ajax=get_refreshed_fragments HTTP/1.1" 200 1190 "https://www.pgkdistribution.com.au/" "Mozilla/5.0 (Linux; Android 6.0.1; Nexus 5X Build/MMB29P) AppleWebKit/537.36 (KHTML, like Gecko) Chrome/147.0.7727.137 Mobile Safari/537.36 (compatible; Googlebot/2.1; +http://www.google.com/bot.html)"
192.42.116.104 - - [10/May/2026:23:23:17 +1000] "GET /ac-isolators HTTP/2" 301 0 "https://www.pgkdistribution.com.au/ac-isolators" "Mozilla/5.0 (Linux; Android 8.0.0; SC-04J) AppleWebKit/537.36 (KHTML, like Gecko) Chrome/81.0.4044.138 Mobile Safari/537.36"
66.249.64.101 - - [10/May/2026:23:23:22 +1000] "GET / HTTP/1.1" 301 1300 "-" "Mozilla/5.0 (Linux; Android 6.0.1; Nexus 5X Build/MMB29P) AppleWebKit/537.36 (KHTML, like Gecko) Chrome/99.0.4844.84 Mobile Safari/537.36 (compatible; Googlebot/2.1; +http://www.google.com/bot.html)"
192.42.116.94 - - [10/May/2026:23:23:36 +1000] "GET /circuit-breakers HTTP/2" 301 0 "https://www.pgkdistribution.com.au/circuit-breakers" "Mozilla/5.0 (Linux; Android 8.0.0; SC-04J) AppleWebKit/537.36 (KHTML, like Gecko) Chrome/81.0.4044.138 Mobile Safari/537.36"
192.42.116.94 - - [10/May/2026:23:23:38 +1000] "GET /circuit-breakers/ HTTP/2" 200 137718 "https://www.pgkdistribution.com.au/circuit-breakers" "Mozilla/5.0 (Linux; Android 8.0.0; SC-04J) AppleWebKit/537.36 (KHTML, like Gecko) Chrome/81.0.4044.138 Mobile Safari/537.36"
66.249.64.100 - - [10/May/2026:23:23:46 +1000] "GET / HTTP/1.1" 301 1300 "-" "Mozilla/5.0 (compatible; Googlebot/2.1; +http://www.google.com/bot.html)"
192.42.116.59 - - [10/May/2026:23:23:47 +1000] "GET /clenergy HTTP/2" 301 0 "https://www.pgkdistribution.com.au/clenergy" "Mozilla/5.0 (Linux; Android 8.0.0; SC-04J) AppleWebKit/537.36 (KHTML, like Gecko) Chrome/81.0.4044.138 Mobile Safari/537.36"
192.42.116.59 - - [10/May/2026:23:23:51 +1000] "GET /clenergy/ HTTP/2" 200 150371 "https://www.pgkdistribution.com.au/clenergy" "Mozilla/5.0 (Linux; Android 8.0.0; SC-04J) AppleWebKit/537.36 (KHTML, like Gecko) Chrome/81.0.4044.138 Mobile Safari/537.36"
45.80.158.142 - - [10/May/2026:23:24:01 +1000] "GET /comments/feed HTTP/2" 301 0 "https://www.pgkdistribution.com.au/comments/feed" "Mozilla/5.0 (Linux; Android 8.0.0; SC-04J) AppleWebKit/537.36 (KHTML, like Gecko) Chrome/81.0.4044.138 Mobile Safari/537.36"
45.80.158.142 - - [10/May/2026:23:24:04 +1000] "GET /comments/feed/ HTTP/2" 200 820 "https://www.pgkdistribution.com.au/comments/feed" "Mozilla/5.0 (Linux; Android 8.0.0; SC-04J) AppleWebKit/537.36 (KHTML, like Gecko) Chrome/81.0.4044.138 Mobile Safari/537.36"
66.249.70.172 - - [10/May/2026:23:24:03 +1000] "GET / HTTP/1.1" 200 43811 "-" "Mozilla/5.0 (Linux; Android 6.0.1; Nexus 5X Build/MMB29P) AppleWebKit/537.36 (KHTML, like Gecko) Chrome/99.0.4844.84 Mobile Safari/537.36 (compatible; Googlebot/2.1; +http://www.google.com/bot.html)"
45.80.158.142 - - [10/May/2026:23:24:08 +1000] "GET /contact-us HTTP/2" 301 0 "https://www.pgkdistribution.com.au/contact-us" "Mozilla/5.0 (Linux; Android 8.0.0; SC-04J) AppleWebKit/537.36 (KHTML, like Gecko) Chrome/81.0.4044.138 Mobile Safari/537.36"
66.249.70.171 - - [10/May/2026:23:24:09 +1000] "GET / HTTP/1.1" 200 43811 "-" "Mozilla/5.0 (compatible; Googlebot/2.1; +http://www.google.com/bot.html)"
45.80.158.142 - - [10/May/2026:23:24:11 +1000] "GET /contact-us/ HTTP/2" 200 116324 "https://www.pgkdistribution.com.au/contact-us" "Mozilla/5.0 (Linux; Android 8.0.0; SC-04J) AppleWebKit/537.36 (KHTML, like Gecko) Chrome/81.0.4044.138 Mobile Safari/537.36"
111.67.29.221 - - [10/May/2026:23:24:21 +1000] "POST /wp-cron.php?doing_wp_cron=1778419461.7890899181365966796875 HTTP/1.1" 200 538 "-" "WordPress/6.9.4; https://www.pgkdistribution.com.au"
77.48.28.204 - - [10/May/2026:23:24:17 +1000] "POST /contact-us/ HTTP/2" 200 116631 "https://www.pgkdistribution.com.au/contact-us/#wpcf7-f390-p25-o1" "Mozilla/5.0 (Linux; Android 8.0.0; SC-04J) AppleWebKit/537.36 (KHTML, like Gecko) Chrome/81.0.4044.138 Mobile Safari/537.36"
66.249.70.171 - - [10/May/2026:23:24:22 +1000] "GET /wp-content/themes/storefront/assets/js/woocommerce/header-cart.min.js?ver=4.6.1 HTTP/1.1" 200 859 "https://www.pgkdistribution.com.au/" "Mozilla/5.0 AppleWebKit/537.36 (KHTML, like Gecko; compatible; Googlebot/2.1; +http://www.google.com/bot.html) Chrome/147.0.7727.116 Safari/537.36"
194.26.192.101 - - [10/May/2026:23:24:26 +1000] "GET /dc-cable HTTP/2" 301 0 "https://www.pgkdistribution.com.au/dc-cable" "Mozilla/5.0 (Linux; Android 8.0.0; SC-04J) AppleWebKit/537.36 (KHTML, like Gecko) Chrome/81.0.4044.138 Mobile Safari/537.36"
66.249.70.171 - - [10/May/2026:23:24:29 +1000] "POST /?wc-ajax=get_refreshed_fragments HTTP/1.1" 200 1190 "https://www.pgkdistribution.com.au/" "Mozilla/5.0 AppleWebKit/537.36 (KHTML, like Gecko; compatible; Googlebot/2.1; +http://www.google.com/bot.html) Chrome/147.0.7727.116 Safari/537.36"
194.26.192.101 - - [10/May/2026:23:24:31 +1000] "GET /dc-cable/ HTTP/2" 200 147906 "https://www.pgkdistribution.com.au/dc-cable" "Mozilla/5.0 (Linux; Android 8.0.0; SC-04J) AppleWebKit/537.36 (KHTML, like Gecko) Chrome/81.0.4044.138 Mobile Safari/537.36"
192.42.116.55 - - [10/May/2026:23:24:40 +1000] "GET /dc-isolators HTTP/2" 301 0 "https://www.pgkdistribution.com.au/dc-isolators" "Mozilla/5.0 (Linux; Android 8.0.0; SC-04J) AppleWebKit/537.36 (KHTML, like Gecko) Chrome/81.0.4044.138 Mobile Safari/537.36"
192.42.116.55 - - [10/May/2026:23:24:44 +1000] "GET /dc-isolators/ HTTP/2" 200 130557 "https://www.pgkdistribution.com.au/dc-isolators" "Mozilla/5.0 (Linux; Android 8.0.0; SC-04J) AppleWebKit/537.36 (KHTML, like Gecko) Chrome/81.0.4044.138 Mobile Safari/537.36"
111.67.29.221 - - [10/May/2026:23:24:56 +1000] "POST /wp-cron.php?doing_wp_cron=1778419496.8435680866241455078125 HTTP/1.1" 200 538 "-" "WordPress/6.9.4; https://www.pgkdistribution.com.au"
185.220.101.3 - - [10/May/2026:23:24:54 +1000] "GET /electricals HTTP/2" 301 0 "https://www.pgkdistribution.com.au/electricals" "Mozilla/5.0 (Linux; Android 8.0.0; SC-04J) AppleWebKit/537.36 (KHTML, like Gecko) Chrome/81.0.4044.138 Mobile Safari/537.36"
185.220.101.3 - - [10/May/2026:23:24:57 +1000] "GET /electricals/ HTTP/2" 200 113887 "https://www.pgkdistribution.com.au/electricals" "Mozilla/5.0 (Linux; Android 8.0.0; SC-04J) AppleWebKit/537.36 (KHTML, like Gecko) Chrome/81.0.4044.138 Mobile Safari/537.36"
37.114.50.27 - - [10/May/2026:23:25:02 +1000] "GET /enclosures HTTP/2" 301 0 "https://www.pgkdistribution.com.au/enclosures" "Mozilla/5.0 (Linux; Android 8.0.0; SC-04J) AppleWebKit/537.36 (KHTML, like Gecko) Chrome/81.0.4044.138 Mobile Safari/537.36"
37.114.50.27 - - [10/May/2026:23:25:05 +1000] "GET /enclosures/ HTTP/2" 200 119581 "https://www.pgkdistribution.com.au/enclosures" "Mozilla/5.0 (Linux; Android 8.0.0; SC-04J) AppleWebKit/537.36 (KHTML, like Gecko) Chrome/81.0.4044.138 Mobile Safari/537.36"
162.128.185.114 - - [10/May/2026:23:25:11 +1000] "POST /wp-login.php/wp-login.php HTTP/1.1" 301 1325 "-" "Mozilla"
171.25.193.40 - - [10/May/2026:23:25:10 +1000] "GET /ev-chargers HTTP/2" 301 0 "https://www.pgkdistribution.com.au/ev-chargers" "Mozilla/5.0 (Linux; Android 8.0.0; SC-04J) AppleWebKit/537.36 (KHTML, like Gecko) Chrome/81.0.4044.138 Mobile Safari/537.36"
162.128.185.114 - - [10/May/2026:23:25:11 +1000] "POST /wp-login.php/wp-login.php HTTP/1.1" 200 3532 "-" "Mozilla"
162.128.185.114 - - [10/May/2026:23:25:12 +1000] "GET /wp-login.php/wp-login.php HTTP/1.1" 200 3361 "-" "Mozilla"
52.3.26.180 - - [10/May/2026:23:25:14 +1000] "GET /robots.txt HTTP/1.1" 200 1012 "-" "Mozilla/5.0 AppleWebKit/537.36 (KHTML, like Gecko; compatible; Amazonbot/0.1; +https://developer.amazon.com/support/amazonbot) Chrome/119.0.6045.214 Safari/537.36"
171.25.193.40 - - [10/May/2026:23:25:13 +1000] "GET /ev-chargers/ HTTP/2" 200 113374 "https://www.pgkdistribution.com.au/ev-chargers" "Mozilla/5.0 (Linux; Android 8.0.0; SC-04J) AppleWebKit/537.36 (KHTML, like Gecko) Chrome/81.0.4044.138 Mobile Safari/537.36"
111.67.29.221 - - [10/May/2026:23:25:22 +1000] "POST /wp-cron.php?doing_wp_cron=1778419521.9845919609069824218750 HTTP/1.1" 200 538 "-" "WordPress/6.9.4; https://www.pgkdistribution.com.au"
45.80.158.249 - - [10/May/2026:23:25:20 +1000] "GET /feed HTTP/2" 301 0 "https://www.pgkdistribution.com.au/feed" "Mozilla/5.0 (Linux; Android 8.0.0; SC-04J) AppleWebKit/537.36 (KHTML, like Gecko) Chrome/81.0.4044.138 Mobile Safari/537.36"
100.29.107.38 - - [10/May/2026:23:25:22 +1000] "GET /air-conditioning/ HTTP/1.1" 301 1280 "-" "Mozilla/5.0 AppleWebKit/537.36 (KHTML, like Gecko; compatible; Amazonbot/0.1; +https://developer.amazon.com/support/amazonbot) Chrome/119.0.6045.214 Safari/537.36"
45.80.158.249 - - [10/May/2026:23:25:22 +1000] "GET /feed/ HTTP/2" 200 2178 "https://www.pgkdistribution.com.au/feed" "Mozilla/5.0 (Linux; Android 8.0.0; SC-04J) AppleWebKit/537.36 (KHTML, like Gecko) Chrome/81.0.4044.138 Mobile Safari/537.36"
44.193.115.232 - - [10/May/2026:23:25:23 +1000] "GET /product/pgk-1pole20a-ac-isolatorswitch/ HTTP/1.1" 200 35636 "-" "Mozilla/5.0 AppleWebKit/537.36 (KHTML, like Gecko; compatible; Amazonbot/0.1; +https://developer.amazon.com/support/amazonbot) Chrome/119.0.6045.214 Safari/537.36"
52.2.4.213 - - [10/May/2026:23:25:24 +1000] "GET /air-conditioning/ HTTP/1.1" 200 29892 "-" "Mozilla/5.0 AppleWebKit/537.36 (KHTML, like Gecko; compatible; Amazonbot/0.1; +https://developer.amazon.com/support/amazonbot) Chrome/119.0.6045.214 Safari/537.36"
45.80.158.249 - - [10/May/2026:23:25:27 +1000] "GET /my-account HTTP/2" 301 0 "https://www.pgkdistribution.com.au/my-account" "Mozilla/5.0 (Linux; Android 8.0.0; SC-04J) AppleWebKit/537.36 (KHTML, like Gecko) Chrome/81.0.4044.138 Mobile Safari/537.36"
45.80.158.249 - - [10/May/2026:23:25:29 +1000] "GET /my-account/ HTTP/2" 200 129765 "https://www.pgkdistribution.com.au/my-account" "Mozilla/5.0 (Linux; Android 8.0.0; SC-04J) AppleWebKit/537.36 (KHTML, like Gecko) Chrome/81.0.4044.138 Mobile Safari/537.36"
192.42.116.92 - - [10/May/2026:23:25:34 +1000] "POST / HTTP/2" 200 197501 "https://www.pgkdistribution.com.au" "Mozilla/5.0 (Linux; Android 8.0.0; SC-04J) AppleWebKit/537.36 (KHTML, like Gecko) Chrome/81.0.4044.138 Mobile Safari/537.36"
45.94.31.68 - - [10/May/2026:23:25:41 +1000] "GET /privacy-policy HTTP/2" 301 0 "https://www.pgkdistribution.com.au/privacy-policy" "Mozilla/5.0 (Linux; Android 8.0.0; SC-04J) AppleWebKit/537.36 (KHTML, like Gecko) Chrome/81.0.4044.138 Mobile Safari/537.36"
45.94.31.68 - - [10/May/2026:23:25:43 +1000] "GET /privacy-policy/ HTTP/2" 200 129528 "https://www.pgkdistribution.com.au/privacy-policy" "Mozilla/5.0 (Linux; Android 8.0.0; SC-04J) AppleWebKit/537.36 (KHTML, like Gecko) Chrome/81.0.4044.138 Mobile Safari/537.36"
45.94.31.68 - - [10/May/2026:23:25:48 +1000] "GET /product-category/storage/miscellaneous HTTP/2" 301 0 "https://www.pgkdistribution.com.au/product-category/storage/miscellaneous" "Mozilla/5.0 (Linux; Android 8.0.0; SC-04J) AppleWebKit/537.36 (KHTML, like Gecko) Chrome/81.0.4044.138 Mobile Safari/537.36"
45.94.31.68 - - [10/May/2026:23:25:50 +1000] "GET /product-category/storage/miscellaneous/ HTTP/2" 200 104189 "https://www.pgkdistribution.com.au/product-category/storage/miscellaneous" "Mozilla/5.0 (Linux; Android 8.0.0; SC-04J) AppleWebKit/537.36 (KHTML, like Gecko) Chrome/81.0.4044.138 Mobile Safari/537.36"
172.232.211.226 - - [10/May/2026:23:25:55 +1000] "GET /product-tag/best-seller HTTP/2" 301 0 "https://www.pgkdistribution.com.au/product-tag/best-seller" "Mozilla/5.0 (Linux; Android 8.0.0; SC-04J) AppleWebKit/537.36 (KHTML, like Gecko) Chrome/81.0.4044.138 Mobile Safari/537.36"
172.232.211.226 - - [10/May/2026:23:25:57 +1000] "GET /product-tag/best-seller/ HTTP/2" 200 109814 "https://www.pgkdistribution.com.au/product-tag/best-seller" "Mozilla/5.0 (Linux; Android 8.0.0; SC-04J) AppleWebKit/537.36 (KHTML, like Gecko) Chrome/81.0.4044.138 Mobile Safari/537.36"
185.220.101.8 - - [10/May/2026:23:26:02 +1000] "GET /product-tag/new HTTP/2" 301 0 "https://www.pgkdistribution.com.au/product-tag/new" "Mozilla/5.0 (Linux; Android 8.0.0; SC-04J) AppleWebKit/537.36 (KHTML, like Gecko) Chrome/81.0.4044.138 Mobile Safari/537.36"
185.220.101.8 - - [10/May/2026:23:26:04 +1000] "GET /product-tag/new/ HTTP/2" 200 114123 "https://www.pgkdistribution.com.au/product-tag/new" "Mozilla/5.0 (Linux; Android 8.0.0; SC-04J) AppleWebKit/537.36 (KHTML, like Gecko) Chrome/81.0.4044.138 Mobile Safari/537.36"
66.249.70.172 - - [10/May/2026:23:26:06 +1000] "POST /wp-admin/admin-ajax.php HTTP/1.1" 200 975 "https://www.pgkdistribution.com.au/product/pv-ezrack-grounding-lug-std/" "Mozilla/5.0 (Linux; Android 6.0.1; Nexus 5X Build/MMB29P) AppleWebKit/537.36 (KHTML, like Gecko) Chrome/147.0.7727.137 Mobile Safari/537.36 (compatible; Googlebot/2.1; +http://www.google.com/bot.html)"
185.220.101.8 - - [10/May/2026:23:26:09 +1000] "GET /product-tag/sale HTTP/2" 301 0 "https://www.pgkdistribution.com.au/product-tag/sale" "Mozilla/5.0 (Linux; Android 8.0.0; SC-04J) AppleWebKit/537.36 (KHTML, like Gecko) Chrome/81.0.4044.138 Mobile Safari/537.36"
185.220.101.8 - - [10/May/2026:23:26:11 +1000] "GET /product-tag/sale/ HTTP/2" 200 111036 "https://www.pgkdistribution.com.au/product-tag/sale" "Mozilla/5.0 (Linux; Android 8.0.0; SC-04J) AppleWebKit/537.36 (KHTML, like Gecko) Chrome/81.0.4044.138 Mobile Safari/537.36"
111.67.29.221 - - [10/May/2026:23:26:19 +1000] "POST /wp-cron.php?doing_wp_cron=1778419579.6910479068756103515625 HTTP/1.1" 200 538 "-" "WordPress/6.9.4; https://www.pgkdistribution.com.au"
185.220.101.13 - - [10/May/2026:23:26:17 +1000] "GET /product/2-5kw-reverse-cycle-split-system HTTP/2" 301 0 "https://www.pgkdistribution.com.au/product/2-5kw-reverse-cycle-split-system" "Mozilla/5.0 (Linux; Android 8.0.0; SC-04J) AppleWebKit/537.36 (KHTML, like Gecko) Chrome/81.0.4044.138 Mobile Safari/537.36"
208.109.188.137 - - [10/May/2026:23:26:20 +1000] "GET /wp-login.php HTTP/2" 301 795 "-" "Mozilla/5.0 (X11; Linux i686) AppleWebKit/537.36 (KHTML, like Gecko) Chrome/133.0.0.0 Safari/537.36"
185.220.101.13 - - [10/May/2026:23:26:20 +1000] "GET /product/2-5kw-reverse-cycle-split-system/ HTTP/2" 200 129330 "https://www.pgkdistribution.com.au/product/2-5kw-reverse-cycle-split-system" "Mozilla/5.0 (Linux; Android 8.0.0; SC-04J) AppleWebKit/537.36 (KHTML, like Gecko) Chrome/81.0.4044.138 Mobile Safari/537.36"
193.189.100.195 - - [10/May/2026:23:26:26 +1000] "GET /product/22kw-three-phase-with-solar-optimiser HTTP/2" 301 0 "https://www.pgkdistribution.com.au/product/22kw-three-phase-with-solar-optimiser" "Mozilla/5.0 (Linux; Android 8.0.0; SC-04J) AppleWebKit/537.36 (KHTML, like Gecko) Chrome/81.0.4044.138 Mobile Safari/537.36"
193.189.100.195 - - [10/May/2026:23:26:29 +1000] "GET /product/22kw-three-phase-with-solar-optimiser/ HTTP/2" 200 128895 "https://www.pgkdistribution.com.au/product/22kw-three-phase-with-solar-optimiser" "Mozilla/5.0 (Linux; Android 8.0.0; SC-04J) AppleWebKit/537.36 (KHTML, like Gecko) Chrome/81.0.4044.138 Mobile Safari/537.36"
208.109.188.137 - kitman-chan [10/May/2026:23:26:32 +1000] "GET /wp-json/wp/v2/users/me HTTP/2" 301 795 "-" "Mozilla/5.0 (X11; Linux i686) AppleWebKit/537.36 (KHTML, like Gecko) Chrome/133.0.0.0 Safari/537.36"
45.84.107.198 - - [10/May/2026:23:26:35 +1000] "GET /product/3-5kw-reverse-cycle-split-system HTTP/2" 301 0 "https://www.pgkdistribution.com.au/product/3-5kw-reverse-cycle-split-system" "Mozilla/5.0 (Linux; Android 8.0.0; SC-04J) AppleWebKit/537.36 (KHTML, like Gecko) Chrome/81.0.4044.138 Mobile Safari/537.36"
208.109.188.137 - - [10/May/2026:23:26:35 +1000] "GET /wp-json/wp/v2/users/me HTTP/2" 401 102 "https://pgkdistribution.com.au/wp-json/wp/v2/users/me" "Mozilla/5.0 (X11; Linux i686) AppleWebKit/537.36 (KHTML, like Gecko) Chrome/133.0.0.0 Safari/537.36"
45.84.107.198 - - [10/May/2026:23:26:37 +1000] "GET /product/3-5kw-reverse-cycle-split-system/ HTTP/2" 200 129126 "https://www.pgkdistribution.com.au/product/3-5kw-reverse-cycle-split-system" "Mozilla/5.0 (Linux; Android 8.0.0; SC-04J) AppleWebKit/537.36 (KHTML, like Gecko) Chrome/81.0.4044.138 Mobile Safari/537.36"
45.94.31.228 - - [10/May/2026:23:26:44 +1000] "GET /product/7-1kw-reverse-cycle-split-system HTTP/2" 301 0 "https://www.pgkdistribution.com.au/product/7-1kw-reverse-cycle-split-system" "Mozilla/5.0 (Linux; Android 8.0.0; SC-04J) AppleWebKit/537.36 (KHTML, like Gecko) Chrome/81.0.4044.138 Mobile Safari/537.36"
45.94.31.228 - - [10/May/2026:23:26:46 +1000] "GET /product/7-1kw-reverse-cycle-split-system/ HTTP/2" 200 128744 "https://www.pgkdistribution.com.au/product/7-1kw-reverse-cycle-split-system" "Mozilla/5.0 (Linux; Android 8.0.0; SC-04J) AppleWebKit/537.36 (KHTML, like Gecko) Chrome/81.0.4044.138 Mobile Safari/537.36"
45.94.31.228 - - [10/May/2026:23:26:51 +1000] "GET /product/7kw-single-phase-with-solar-optimiser HTTP/2" 301 0 "https://www.pgkdistribution.com.au/product/7kw-single-phase-with-solar-optimiser" "Mozilla/5.0 (Linux; Android 8.0.0; SC-04J) AppleWebKit/537.36 (KHTML, like Gecko) Chrome/81.0.4044.138 Mobile Safari/537.36"
95.111.216.240 - - [10/May/2026:23:26:54 +1000] "GET /wp-login.php HTTP/2" 200 2507 "-" "Mozilla/5.0 (X11; Linux x86_64) AppleWebKit/537.36 (KHTML, like Gecko) Chrome/133.0.0.0 Safari/537.36 Edg/133.0.0.0"
45.94.31.228 - - [10/May/2026:23:26:53 +1000] "GET /product/7kw-single-phase-with-solar-optimiser/ HTTP/2" 200 128674 "https://www.pgkdistribution.com.au/product/7kw-single-phase-with-solar-optimiser" "Mozilla/5.0 (Linux; Android 8.0.0; SC-04J) AppleWebKit/537.36 (KHTML, like Gecko) Chrome/81.0.4044.138 Mobile Safari/537.36"
95.111.216.240 - - [10/May/2026:23:26:56 +1000] "POST /wp-login.php HTTP/2" 200 2654 "https://www.pgkdistribution.com.au/wp-login.php" "Mozilla/5.0 (X11; Linux x86_64) AppleWebKit/537.36 (KHTML, like Gecko) Chrome/133.0.0.0 Safari/537.36 Edg/133.0.0.0"
45.84.107.55 - - [10/May/2026:23:26:59 +1000] "GET /product/air-purifier-600 HTTP/2" 301 0 "https://www.pgkdistribution.com.au/product/air-purifier-600" "Mozilla/5.0 (Linux; Android 8.0.0; SC-04J) AppleWebKit/537.36 (KHTML, like Gecko) Chrome/81.0.4044.138 Mobile Safari/537.36"
45.84.107.55 - - [10/May/2026:23:27:01 +1000] "GET /product/air-purifier-600/ HTTP/2" 200 129273 "https://www.pgkdistribution.com.au/product/air-purifier-600" "Mozilla/5.0 (Linux; Android 8.0.0; SC-04J) AppleWebKit/537.36 (KHTML, like Gecko) Chrome/81.0.4044.138 Mobile Safari/537.36"
185.220.101.4 - - [10/May/2026:23:27:07 +1000] "GET /product/cable-gland-1-hole HTTP/2" 301 0 "https://www.pgkdistribution.com.au/product/cable-gland-1-hole" "Mozilla/5.0 (Linux; Android 8.0.0; SC-04J) AppleWebKit/537.36 (KHTML, like Gecko) Chrome/81.0.4044.138 Mobile Safari/537.36"
185.220.101.4 - - [10/May/2026:23:27:09 +1000] "GET /product/cable-gland-1-hole/ HTTP/2" 200 131070 "https://www.pgkdistribution.com.au/product/cable-gland-1-hole" "Mozilla/5.0 (Linux; Android 8.0.0; SC-04J) AppleWebKit/537.36 (KHTML, like Gecko) Chrome/81.0.4044.138 Mobile Safari/537.36"
111.67.29.221 - - [10/May/2026:23:27:18 +1000] "POST /wp-cron.php?doing_wp_cron=1778419638.7958838939666748046875 HTTP/1.1" 200 538 "-" "WordPress/6.9.4; https://www.pgkdistribution.com.au"
185.220.101.180 - - [10/May/2026:23:27:17 +1000] "GET /product/cable-gland-2-hole HTTP/2" 301 0 "https://www.pgkdistribution.com.au/product/cable-gland-2-hole" "Mozilla/5.0 (Linux; Android 8.0.0; SC-04J) AppleWebKit/537.36 (KHTML, like Gecko) Chrome/81.0.4044.138 Mobile Safari/537.36"
185.220.101.180 - - [10/May/2026:23:27:20 +1000] "GET /product/cable-gland-2-hole/ HTTP/2" 200 130952 "https://www.pgkdistribution.com.au/product/cable-gland-2-hole" "Mozilla/5.0 (Linux; Android 8.0.0; SC-04J) AppleWebKit/537.36 (KHTML, like Gecko) Chrome/81.0.4044.138 Mobile Safari/537.36"
111.67.29.221 - - [10/May/2026:23:27:33 +1000] "POST /wp-cron.php?doing_wp_cron=1778419653.1914350986480712890625 HTTP/1.1" 200 538 "-" "WordPress/6.9.4; https://www.pgkdistribution.com.au"
114.119.152.134 - - [10/May/2026:23:27:31 +1000] "GET /robots.txt HTTP/1.1" 200 1012 "-" "Mozilla/5.0 (compatible;PetalBot;+https://webmaster.petalsearch.com/site/petalbot)"
45.141.215.227 - - [10/May/2026:23:27:47 +1000] "GET /product/cable-gland-4-hole HTTP/2" 301 0 "https://www.pgkdistribution.com.au/product/cable-gland-4-hole" "Mozilla/5.0 (Linux; Android 8.0.0; SC-04J) AppleWebKit/537.36 (KHTML, like Gecko) Chrome/81.0.4044.138 Mobile Safari/537.36"
45.141.215.227 - - [10/May/2026:23:27:49 +1000] "GET /product/cable-gland-4-hole/ HTTP/2" 200 130893 "https://www.pgkdistribution.com.au/product/cable-gland-4-hole" "Mozilla/5.0 (Linux; Android 8.0.0; SC-04J) AppleWebKit/537.36 (KHTML, like Gecko) Chrome/81.0.4044.138 Mobile Safari/537.36"
192.42.116.44 - - [10/May/2026:23:27:58 +1000] "GET /product/cable-gland-5-hole HTTP/2" 301 0 "https://www.pgkdistribution.com.au/product/cable-gland-5-hole" "Mozilla/5.0 (Linux; Android 8.0.0; SC-04J) AppleWebKit/537.36 (KHTML, like Gecko) Chrome/81.0.4044.138 Mobile Safari/537.36"
192.42.116.44 - - [10/May/2026:23:28:01 +1000] "GET /product/cable-gland-5-hole/ HTTP/2" 200 130935 "https://www.pgkdistribution.com.au/product/cable-gland-5-hole" "Mozilla/5.0 (Linux; Android 8.0.0; SC-04J) AppleWebKit/537.36 (KHTML, like Gecko) Chrome/81.0.4044.138 Mobile Safari/537.36"
102.209.21.218 - - [10/May/2026:23:28:12 +1000] "GET /wp-login.php HTTP/2" 301 795 "-" "Mozilla/5.0 (X11; Fedora; Linux x86_64) AppleWebKit/537.36 (KHTML, like Gecko) Chrome/133.0.0.0 Safari/537.36"
102.209.21.218 - - [10/May/2026:23:28:14 +1000] "GET /wp-login.php HTTP/2" 200 2507 "https://pgkdistribution.com.au/wp-login.php" "Mozilla/5.0 (X11; Fedora; Linux x86_64) AppleWebKit/537.36 (KHTML, like Gecko) Chrome/133.0.0.0 Safari/537.36"
102.209.21.218 - - [10/May/2026:23:28:17 +1000] "POST /wp-login.php HTTP/2" 301 795 "https://pgkdistribution.com.au/wp-login.php" "Mozilla/5.0 (X11; Fedora; Linux x86_64) AppleWebKit/537.36 (KHTML, like Gecko) Chrome/133.0.0.0 Safari/537.36"
111.67.29.221 - - [10/May/2026:23:28:20 +1000] "POST /wp-cron.php?doing_wp_cron=1778419700.0305960178375244140625 HTTP/1.1" 200 538 "-" "WordPress/6.9.4; https://www.pgkdistribution.com.au"
102.209.21.218 - - [10/May/2026:23:28:17 +1000] "GET /wp-login.php HTTP/2" 200 2507 "https://pgkdistribution.com.au/wp-login.php" "Mozilla/5.0 (X11; Fedora; Linux x86_64) AppleWebKit/537.36 (KHTML, like Gecko) Chrome/133.0.0.0 Safari/537.36"
124.198.132.237 - - [10/May/2026:23:29:02 +1000] "GET /product/soltaro-aaa-lithium-battery HTTP/2" 301 0 "https://www.pgkdistribution.com.au/product/soltaro-aaa-lithium-battery" "Mozilla/5.0 (Linux; Android 8.0.0; SC-04J) AppleWebKit/537.36 (KHTML, like Gecko) Chrome/81.0.4044.138 Mobile Safari/537.36"
222.165.190.235 - - [10/May/2026:23:29:06 +1000] "GET /wp-login.php HTTP/2" 301 795 "-" "Mozilla/5.0 (Macintosh; Intel Mac OS X 10_15_7) AppleWebKit/537.36 (KHTML, like Gecko) Chrome/133.0.0.0 Safari/537.36"
124.198.132.237 - - [10/May/2026:23:29:05 +1000] "GET /product/soltaro-aaa-lithium-battery/ HTTP/2" 200 131746 "https://www.pgkdistribution.com.au/product/soltaro-aaa-lithium-battery" "Mozilla/5.0 (Linux; Android 8.0.0; SC-04J) AppleWebKit/537.36 (KHTML, like Gecko) Chrome/81.0.4044.138 Mobile Safari/537.36"
222.165.190.235 - - [10/May/2026:23:29:10 +1000] "GET /wp-login.php HTTP/2" 200 2507 "https://pgkdistribution.com.au/wp-login.php" "Mozilla/5.0 (Macintosh; Intel Mac OS X 10_15_7) AppleWebKit/537.36 (KHTML, like Gecko) Chrome/133.0.0.0 Safari/537.36"
185.220.101.16 - - [10/May/2026:23:29:10 +1000] "GET /solar-inverters HTTP/2" 301 0 "https://www.pgkdistribution.com.au/solar-inverters" "Mozilla/5.0 (Linux; Android 8.0.0; SC-04J) AppleWebKit/537.36 (KHTML, like Gecko) Chrome/81.0.4044.138 Mobile Safari/537.36"
222.165.190.235 - - [10/May/2026:23:29:16 +1000] "POST /wp-login.php HTTP/2" 301 795 "https://pgkdistribution.com.au/wp-login.php" "Mozilla/5.0 (Macintosh; Intel Mac OS X 10_15_7) AppleWebKit/537.36 (KHTML, like Gecko) Chrome/133.0.0.0 Safari/537.36"
185.220.101.16 - - [10/May/2026:23:29:14 +1000] "GET /solar-inverters/ HTTP/2" 200 115112 "https://www.pgkdistribution.com.au/solar-inverters" "Mozilla/5.0 (Linux; Android 8.0.0; SC-04J) AppleWebKit/537.36 (KHTML, like Gecko) Chrome/81.0.4044.138 Mobile Safari/537.36"
111.67.29.221 - - [10/May/2026:23:29:22 +1000] "POST /wp-cron.php?doing_wp_cron=1778419762.0562410354614257812500 HTTP/1.1" 200 538 "-" "WordPress/6.9.4; https://www.pgkdistribution.com.au"
45.84.107.174 - - [10/May/2026:23:29:20 +1000] "GET /solar-pv-panels HTTP/2" 301 0 "https://www.pgkdistribution.com.au/solar-pv-panels" "Mozilla/5.0 (Linux; Android 8.0.0; SC-04J) AppleWebKit/537.36 (KHTML, like Gecko) Chrome/81.0.4044.138 Mobile Safari/537.36"
45.84.107.174 - - [10/May/2026:23:29:22 +1000] "GET /solar-pv-panels/ HTTP/2" 200 111162 "https://www.pgkdistribution.com.au/solar-pv-panels" "Mozilla/5.0 (Linux; Android 8.0.0; SC-04J) AppleWebKit/537.36 (KHTML, like Gecko) Chrome/81.0.4044.138 Mobile Safari/537.36"
222.165.190.235 - - [10/May/2026:23:29:23 +1000] "GET /wp-login.php HTTP/2" 200 2507 "https://pgkdistribution.com.au/wp-login.php" "Mozilla/5.0 (Macintosh; Intel Mac OS X 10_15_7) AppleWebKit/537.36 (KHTML, like Gecko) Chrome/133.0.0.0 Safari/537.36"
192.42.116.95 - - [10/May/2026:23:29:27 +1000] "GET /solar-rails HTTP/2" 301 0 "https://www.pgkdistribution.com.au/solar-rails" "Mozilla/5.0 (Linux; Android 8.0.0; SC-04J) AppleWebKit/537.36 (KHTML, like Gecko) Chrome/81.0.4044.138 Mobile Safari/537.36"
192.42.116.95 - - [10/May/2026:23:29:29 +1000] "GET /solar-rails/ HTTP/2" 200 113247 "https://www.pgkdistribution.com.au/solar-rails" "Mozilla/5.0 (Linux; Android 8.0.0; SC-04J) AppleWebKit/537.36 (KHTML, like Gecko) Chrome/81.0.4044.138 Mobile Safari/537.36"
194.26.192.186 - - [10/May/2026:23:29:35 +1000] "GET /solar-storage HTTP/2" 301 0 "https://www.pgkdistribution.com.au/solar-storage" "Mozilla/5.0 (Linux; Android 8.0.0; SC-04J) AppleWebKit/537.36 (KHTML, like Gecko) Chrome/81.0.4044.138 Mobile Safari/537.36"
194.26.192.186 - - [10/May/2026:23:29:37 +1000] "GET /solar-storage/ HTTP/2" 200 117014 "https://www.pgkdistribution.com.au/solar-storage" "Mozilla/5.0 (Linux; Android 8.0.0; SC-04J) AppleWebKit/537.36 (KHTML, like Gecko) Chrome/81.0.4044.138 Mobile Safari/537.36"
185.231.33.38 - - [10/May/2026:23:29:45 +1000] "GET /solis HTTP/2" 301 0 "https://www.pgkdistribution.com.au/solis" "Mozilla/5.0 (Linux; Android 8.0.0; SC-04J) AppleWebKit/537.36 (KHTML, like Gecko) Chrome/81.0.4044.138 Mobile Safari/537.36"
185.231.33.38 - - [10/May/2026:23:29:47 +1000] "GET /solis/ HTTP/2" 200 145817 "https://www.pgkdistribution.com.au/solis" "Mozilla/5.0 (Linux; Android 8.0.0; SC-04J) AppleWebKit/537.36 (KHTML, like Gecko) Chrome/81.0.4044.138 Mobile Safari/537.36"
111.67.29.221 - - [10/May/2026:23:29:56 +1000] "POST /wp-cron.php?doing_wp_cron=1778419796.0876090526580810546875 HTTP/1.1" 200 538 "-" "WordPress/6.9.4; https://www.pgkdistribution.com.au"
85.208.96.211 - - [10/May/2026:23:29:54 +1000] "GET /robots.txt HTTP/1.1" 200 1012 "-" "Mozilla/5.0 (compatible; SemrushBot/7~bl; +http://www.semrush.com/bot.html)"
185.231.33.38 - - [10/May/2026:23:29:55 +1000] "GET /usb-battery HTTP/2" 301 0 "https://www.pgkdistribution.com.au/usb-battery" "Mozilla/5.0 (Linux; Android 8.0.0; SC-04J) AppleWebKit/537.36 (KHTML, like Gecko) Chrome/81.0.4044.138 Mobile Safari/537.36"
185.191.171.6 - - [10/May/2026:23:29:57 +1000] "GET /product/tile-interface-roof-hook-set/ HTTP/1.1" 200 35135 "-" "Mozilla/5.0 (compatible; SemrushBot/7~bl; +http://www.semrush.com/bot.html)"
185.231.33.38 - - [10/May/2026:23:29:57 +1000] "GET /usb-battery/ HTTP/2" 200 114125 "https://www.pgkdistribution.com.au/usb-battery" "Mozilla/5.0 (Linux; Android 8.0.0; SC-04J) AppleWebKit/537.36 (KHTML, like Gecko) Chrome/81.0.4044.138 Mobile Safari/537.36"
192.159.99.79 - - [10/May/2026:23:30:02 +1000] "GET /wp-json HTTP/2" 200 1602910 "https://www.pgkdistribution.com.au/wp-json" "Mozilla/5.0 (Linux; Android 8.0.0; SC-04J) AppleWebKit/537.36 (KHTML, like Gecko) Chrome/81.0.4044.138 Mobile Safari/537.36"
45.84.107.33 - - [10/May/2026:23:30:12 +1000] "GET /wp-json/oembed/1.0/embed?url=https%3A%2F%2Fwww.pgkdistribution.com.au%2F HTTP/2" 200 2694 "https://www.pgkdistribution.com.au/wp-json/oembed/1.0/embed?url=https%3A%2F%2Fwww.pgkdistribution.com.au%2F" "Mozilla/5.0 (Linux; Android 8.0.0; SC-04J) AppleWebKit/537.36 (KHTML, like Gecko) Chrome/81.0.4044.138 Mobile Safari/537.36"
111.67.29.221 - - [10/May/2026:23:30:19 +1000] "POST /wp-cron.php?doing_wp_cron=1778419819.4167399406433105468750 HTTP/1.1" 200 538 "-" "WordPress/6.9.4; https://www.pgkdistribution.com.au"
45.84.107.33 - - [10/May/2026:23:30:17 +1000] "GET /wp-json/oembed/1.0/embed?url=https%3A%2F%2Fwww.pgkdistribution.com.au%2F&format=xml HTTP/2" 200 2864 "https://www.pgkdistribution.com.au/wp-json/oembed/1.0/embed?url=https%3A%2F%2Fwww.pgkdistribution.com.au%2F&format=xml" "Mozilla/5.0 (Linux; Android 8.0.0; SC-04J) AppleWebKit/537.36 (KHTML, like Gecko) Chrome/81.0.4044.138 Mobile Safari/537.36"
45.84.107.33 - - [10/May/2026:23:30:22 +1000] "GET /wp-json/wp/v2/pages/13 HTTP/2" 200 74905 "https://www.pgkdistribution.com.au/wp-json/wp/v2/pages/13" "Mozilla/5.0 (Linux; Android 8.0.0; SC-04J) AppleWebKit/537.36 (KHTML, like Gecko) Chrome/81.0.4044.138 Mobile Safari/537.36"
66.249.70.172 - - [10/May/2026:23:30:25 +1000] "GET /product/2x6mm%C2%B2-iec-62930-dc-cable-500m/ HTTP/1.1" 200 35720 "-" "Mozilla/5.0 (Linux; Android 6.0.1; Nexus 5X Build/MMB29P) AppleWebKit/537.36 (KHTML, like Gecko) Chrome/147.0.7727.137 Mobile Safari/537.36 (compatible; Googlebot/2.1; +http://www.google.com/bot.html)"
192.42.116.103 - - [10/May/2026:23:30:29 +1000] "GET /xmlrpc.php HTTP/2" 405 42 "https://www.pgkdistribution.com.au/xmlrpc.php" "Mozilla/5.0 (Linux; Android 8.0.0; SC-04J) AppleWebKit/537.36 (KHTML, like Gecko) Chrome/81.0.4044.138 Mobile Safari/537.36"
160.250.186.220 - - [10/May/2026:23:30:32 +1000] "GET /wp-login.php HTTP/2" 301 795 "-" "Mozilla/5.0 (Windows NT 10.0; Win64; x64) AppleWebKit/537.36 (KHTML, like Gecko) Chrome/133.0.0.0 Safari/537.36"
192.42.116.103 - - [10/May/2026:23:30:32 +1000] "GET /xmlrpc.php?rsd HTTP/2" 200 871 "https://www.pgkdistribution.com.au/xmlrpc.php?rsd" "Mozilla/5.0 (Linux; Android 8.0.0; SC-04J) AppleWebKit/537.36 (KHTML, like Gecko) Chrome/81.0.4044.138 Mobile Safari/537.36"
160.250.186.220 - - [10/May/2026:23:30:36 +1000] "GET /wp-login.php HTTP/2" 200 2507 "https://pgkdistribution.com.au/wp-login.php" "Mozilla/5.0 (Windows NT 10.0; Win64; x64) AppleWebKit/537.36 (KHTML, like Gecko) Chrome/133.0.0.0 Safari/537.36"
160.250.186.220 - - [10/May/2026:23:30:39 +1000] "POST /wp-login.php HTTP/2" 301 795 "https://pgkdistribution.com.au/wp-login.php" "Mozilla/5.0 (Windows NT 10.0; Win64; x64) AppleWebKit/537.36 (KHTML, like Gecko) Chrome/133.0.0.0 Safari/537.36"
160.250.186.220 - - [10/May/2026:23:30:39 +1000] "GET /wp-login.php HTTP/2" 200 2507 "https://pgkdistribution.com.au/wp-login.php" "Mozilla/5.0 (Windows NT 10.0; Win64; x64) AppleWebKit/537.36 (KHTML, like Gecko) Chrome/133.0.0.0 Safari/537.36"
111.67.29.221 - - [10/May/2026:23:31:46 +1000] "POST /wp-cron.php?doing_wp_cron=1778419906.2713270187377929687500 HTTP/1.1" 200 538 "-" "WordPress/6.9.4; https://www.pgkdistribution.com.au"
186.222.243.174 - - [10/May/2026:23:31:43 +1000] "GET /wp-json/oembed/1.0/embed?format=xml&url=https%3A%2F%2Fwww.pgkdistribution.com.au%2Fproduct%2Fpgk-3pole20a-ac-isolatorswitch%2F HTTP/1.1" 200 2138 "-" "Mozilla/5.0 (Windows NT 10.0; WOW64) AppleWebKit/537.36 (KHTML, like Gecko) Chrome/85.0.4183.83 Safari/537.36"
92.205.188.156 - - [10/May/2026:23:32:40 +1000] "GET /wp-login.php HTTP/2" 301 795 "-" "Mozilla/5.0 (X11; Linux x86_64; rv:133.0) Gecko/20100101 Firefox/133.0"
111.67.29.221 - - [10/May/2026:23:32:41 +1000] "POST /wp-cron.php?doing_wp_cron=1778419961.6147971153259277343750 HTTP/1.1" 200 538 "-" "WordPress/6.9.4; https://www.pgkdistribution.com.au"
66.249.70.172 - - [10/May/2026:23:32:39 +1000] "GET /product-category/solar-inverters/soltaro/ HTTP/1.1" 200 28586 "-" "Mozilla/5.0 (Linux; Android 6.0.1; Nexus 5X Build/MMB29P) AppleWebKit/537.36 (KHTML, like Gecko) Chrome/147.0.7727.137 Mobile Safari/537.36 (compatible; Googlebot/2.1; +http://www.google.com/bot.html)"
92.205.188.156 - - [10/May/2026:23:32:42 +1000] "GET /wp-login.php HTTP/2" 200 2507 "https://pgkdistribution.com.au/wp-login.php" "Mozilla/5.0 (X11; Linux x86_64; rv:133.0) Gecko/20100101 Firefox/133.0"
92.205.188.156 - - [10/May/2026:23:32:45 +1000] "POST /wp-login.php HTTP/2" 301 795 "https://pgkdistribution.com.au/wp-login.php" "Mozilla/5.0 (X11; Linux x86_64; rv:133.0) Gecko/20100101 Firefox/133.0"
50.6.231.19 - - [10/May/2026:23:32:45 +1000] "GET /wp-login.php HTTP/2" 200 2507 "-" "Mozilla/5.0 (X11; Linux x86_64) AppleWebKit/537.36 (KHTML, like Gecko) Chrome/133.0.0.0 Safari/537.36"
92.205.188.156 - - [10/May/2026:23:32:45 +1000] "GET /wp-login.php HTTP/2" 200 2507 "https://pgkdistribution.com.au/wp-login.php" "Mozilla/5.0 (X11; Linux x86_64; rv:133.0) Gecko/20100101 Firefox/133.0"
50.6.231.19 - - [10/May/2026:23:32:47 +1000] "POST /wp-login.php HTTP/2" 200 2660 "https://www.pgkdistribution.com.au/wp-login.php" "Mozilla/5.0 (X11; Linux x86_64) AppleWebKit/537.36 (KHTML, like Gecko) Chrome/133.0.0.0 Safari/537.36"
111.67.29.221 - - [10/May/2026:23:33:37 +1000] "POST /wp-cron.php?doing_wp_cron=1778420017.6564419269561767578125 HTTP/1.1" 200 538 "-" "WordPress/6.9.4; https://www.pgkdistribution.com.au"
66.249.70.171 - - [10/May/2026:23:33:35 +1000] "GET /product/2x16mm%C2%B2-iec-62930-dc-cable-100m/ HTTP/1.1" 200 36343 "-" "Mozilla/5.0 (Linux; Android 6.0.1; Nexus 5X Build/MMB29P) AppleWebKit/537.36 (KHTML, like Gecko) Chrome/147.0.7727.137 Mobile Safari/537.36 (compatible; Googlebot/2.1; +http://www.google.com/bot.html)"
66.249.70.171 - - [10/May/2026:23:33:50 +1000] "GET /privacy-policy/ HTTP/1.1" 200 39523 "-" "Mozilla/5.0 (Linux; Android 6.0.1; Nexus 5X Build/MMB29P) AppleWebKit/537.36 (KHTML, like Gecko) Chrome/147.0.7727.137 Mobile Safari/537.36 (compatible; Googlebot/2.1; +http://www.google.com/bot.html)"
66.249.70.172 - - [10/May/2026:23:34:03 +1000] "GET /product/solis-3p-5000w-dual-mppt/ HTTP/1.1" 200 35667 "-" "Mozilla/5.0 (Linux; Android 6.0.1; Nexus 5X Build/MMB29P) AppleWebKit/537.36 (KHTML, like Gecko) Chrome/147.0.7727.137 Mobile Safari/537.36 (compatible; Googlebot/2.1; +http://www.google.com/bot.html)"
74.7.242.11 - - [10/May/2026:23:34:08 +1000] "GET /wp-includes/blocks/buttons/style.min.css HTTP/2" 200 284 "https://pgkdistribution.com.au" "Mozilla/5.0 AppleWebKit/537.36 (KHTML, like Gecko; compatible; GPTBot/1.3; +https://openai.com/gptbot)"
74.7.242.11 - - [10/May/2026:23:34:10 +1000] "GET /wp-includes/blocks/spacer/style.min.css HTTP/2" 200 28 "https://pgkdistribution.com.au" "Mozilla/5.0 AppleWebKit/537.36 (KHTML, like Gecko; compatible; GPTBot/1.3; +https://openai.com/gptbot)"
74.7.242.11 - - [10/May/2026:23:34:13 +1000] "GET /wp-includes/blocks/button/style.min.css HTTP/2" 200 467 "https://pgkdistribution.com.au" "Mozilla/5.0 AppleWebKit/537.36 (KHTML, like Gecko; compatible; GPTBot/1.3; +https://openai.com/gptbot)"
111.67.29.221 - - [10/May/2026:23:34:27 +1000] "POST /wp-cron.php?doing_wp_cron=1778420067.4879620075225830078125 HTTP/1.1" 200 538 "-" "WordPress/6.9.4; https://www.pgkdistribution.com.au"
66.249.70.172 - - [10/May/2026:23:34:25 +1000] "POST /wp-admin/admin-ajax.php HTTP/1.1" 200 975 "https://www.pgkdistribution.com.au/product/solis-3p-5000w-dual-mppt/" "Mozilla/5.0 (Linux; Android 6.0.1; Nexus 5X Build/MMB29P) AppleWebKit/537.36 (KHTML, like Gecko) Chrome/147.0.7727.137 Mobile Safari/537.36 (compatible; Googlebot/2.1; +http://www.google.com/bot.html)"
44.242.53.252 - - [10/May/2026:23:34:41 +1000] "GET /wp-login.php HTTP/2" 301 795 "-" "Mozilla/5.0 (X11; Fedora; Linux x86_64) AppleWebKit/537.36 (KHTML, like Gecko) Chrome/133.0.0.0 Safari/537.36"
44.242.53.252 - - [10/May/2026:23:34:42 +1000] "GET /wp-login.php HTTP/2" 200 2507 "https://pgkdistribution.com.au/wp-login.php" "Mozilla/5.0 (X11; Fedora; Linux x86_64) AppleWebKit/537.36 (KHTML, like Gecko) Chrome/133.0.0.0 Safari/537.36"
44.242.53.252 - - [10/May/2026:23:34:44 +1000] "POST /wp-login.php HTTP/2" 301 795 "https://pgkdistribution.com.au/wp-login.php" "Mozilla/5.0 (X11; Fedora; Linux x86_64) AppleWebKit/537.36 (KHTML, like Gecko) Chrome/133.0.0.0 Safari/537.36"
44.242.53.252 - - [10/May/2026:23:34:44 +1000] "GET /wp-login.php HTTP/2" 200 2507 "https://pgkdistribution.com.au/wp-login.php" "Mozilla/5.0 (X11; Fedora; Linux x86_64) AppleWebKit/537.36 (KHTML, like Gecko) Chrome/133.0.0.0 Safari/537.36"
111.67.29.221 - - [10/May/2026:23:34:54 +1000] "POST /wp-cron.php?doing_wp_cron=1778420094.8408820629119873046875 HTTP/1.1" 200 538 "-" "WordPress/6.9.4; https://www.pgkdistribution.com.au"
66.249.70.171 - - [10/May/2026:23:34:52 +1000] "GET /product/1x10mm%C2%B2-iec-62930-dc-cable-100m/ HTTP/1.1" 200 36210 "-" "Mozilla/5.0 (Linux; Android 6.0.1; Nexus 5X Build/MMB29P) AppleWebKit/537.36 (KHTML, like Gecko) Chrome/147.0.7727.137 Mobile Safari/537.36 (compatible; Googlebot/2.1; +http://www.google.com/bot.html)"
66.249.70.171 - - [10/May/2026:23:34:55 +1000] "GET /product/end-clamp-35mm-silver/ HTTP/1.1" 200 35629 "-" "Mozilla/5.0 (Linux; Android 6.0.1; Nexus 5X Build/MMB29P) AppleWebKit/537.36 (KHTML, like Gecko) Chrome/147.0.7727.137 Mobile Safari/537.36 (compatible; Googlebot/2.1; +http://www.google.com/bot.html)"
66.249.70.171 - - [10/May/2026:23:34:58 +1000] "POST /wp-admin/admin-ajax.php HTTP/1.1" 200 797 "https://www.pgkdistribution.com.au/product/1x10mm%C2%B2-iec-62930-dc-cable-100m/" "Mozilla/5.0 (Linux; Android 6.0.1; Nexus 5X Build/MMB29P) AppleWebKit/537.36 (KHTML, like Gecko) Chrome/147.0.7727.137 Mobile Safari/537.36 (compatible; Googlebot/2.1; +http://www.google.com/bot.html)"
208.109.188.137 - - [10/May/2026:23:35:04 +1000] "GET /wp-login.php HTTP/2" 301 795 "-" "Mozilla/5.0 (Macintosh; Intel Mac OS X 10_15_7) AppleWebKit/605.1.15 (KHTML, like Gecko) Version/18.3 Safari/605.1.15"
66.249.70.171 - - [10/May/2026:23:35:02 +1000] "GET /product/cable-gland-2-hole/ HTTP/1.1" 200 35956 "-" "Mozilla/5.0 (Linux; Android 6.0.1; Nexus 5X Build/MMB29P) AppleWebKit/537.36 (KHTML, like Gecko) Chrome/147.0.7727.137 Mobile Safari/537.36 (compatible; Googlebot/2.1; +http://www.google.com/bot.html)"
208.109.188.137 - - [10/May/2026:23:35:05 +1000] "GET /wp-login.php HTTP/2" 200 2507 "https://pgkdistribution.com.au/wp-login.php" "Mozilla/5.0 (Macintosh; Intel Mac OS X 10_15_7) AppleWebKit/605.1.15 (KHTML, like Gecko) Version/18.3 Safari/605.1.15"
208.109.188.137 - - [10/May/2026:23:35:08 +1000] "POST /wp-login.php HTTP/2" 301 795 "https://pgkdistribution.com.au/wp-login.php" "Mozilla/5.0 (Macintosh; Intel Mac OS X 10_15_7) AppleWebKit/605.1.15 (KHTML, like Gecko) Version/18.3 Safari/605.1.15"
208.109.188.137 - - [10/May/2026:23:35:08 +1000] "GET /wp-login.php HTTP/2" 200 2507 "https://pgkdistribution.com.au/wp-login.php" "Mozilla/5.0 (Macintosh; Intel Mac OS X 10_15_7) AppleWebKit/605.1.15 (KHTML, like Gecko) Version/18.3 Safari/605.1.15"
160.250.186.220 - - [10/May/2026:23:35:13 +1000] "GET /wp-login.php HTTP/2" 200 2507 "-" "Mozilla/5.0 (X11; Ubuntu; Linux x86_64; rv:133.0) Gecko/20100101 Firefox/133.0"
66.249.70.171 - - [10/May/2026:23:35:14 +1000] "GET /product/klip-lok-interface-406-bracket/ HTTP/1.1" 200 35527 "-" "Mozilla/5.0 (Linux; Android 6.0.1; Nexus 5X Build/MMB29P) AppleWebKit/537.36 (KHTML, like Gecko) Chrome/147.0.7727.137 Mobile Safari/537.36 (compatible; Googlebot/2.1; +http://www.google.com/bot.html)"
111.67.29.221 - - [10/May/2026:23:35:18 +1000] "POST /wp-cron.php?doing_wp_cron=1778420118.2848188877105712890625 HTTP/1.1" 200 538 "-" "WordPress/6.9.4; https://www.pgkdistribution.com.au"
160.250.186.220 - - [10/May/2026:23:35:16 +1000] "POST /wp-login.php HTTP/2" 200 2658 "https://www.pgkdistribution.com.au/wp-login.php" "Mozilla/5.0 (X11; Ubuntu; Linux x86_64; rv:133.0) Gecko/20100101 Firefox/133.0"
66.249.70.171 - - [10/May/2026:23:35:22 +1000] "POST /wp-admin/admin-ajax.php HTTP/1.1" 200 975 "https://www.pgkdistribution.com.au/product/cable-gland-2-hole/" "Mozilla/5.0 (Linux; Android 6.0.1; Nexus 5X Build/MMB29P) AppleWebKit/537.36 (KHTML, like Gecko) Chrome/147.0.7727.137 Mobile Safari/537.36 (compatible; Googlebot/2.1; +http://www.google.com/bot.html)"
