1.146.100.144 - - [10/May/2026:14:41:38 +1000] "GET /wp-content/plugins/woocommerce/assets/js/jquery-blockui/jquery.blockUI.min.js?ver=2.7.0-wc.10.7.0 HTTP/2" 200 3277 "https://www.pgkdistribution.com.au/dc-isolators/" "Mozilla/5.0 (Macintosh; Intel Mac OS X 10_15_7) AppleWebKit/605.1.15 (KHTML, like Gecko) Version/18.5 Safari/605.1.15"
1.146.100.144 - - [10/May/2026:14:41:38 +1000] "GET /wp-content/plugins/woocommerce/assets/js/frontend/add-to-cart.min.js?ver=10.7.0 HTTP/2" 200 1296 "https://www.pgkdistribution.com.au/dc-isolators/" "Mozilla/5.0 (Macintosh; Intel Mac OS X 10_15_7) AppleWebKit/605.1.15 (KHTML, like Gecko) Version/18.5 Safari/605.1.15"
1.146.100.144 - - [10/May/2026:14:41:38 +1000] "GET /wp-content/plugins/woocommerce/assets/js/js-cookie/js.cookie.min.js?ver=2.1.4-wc.10.7.0 HTTP/2" 200 760 "https://www.pgkdistribution.com.au/dc-isolators/" "Mozilla/5.0 (Macintosh; Intel Mac OS X 10_15_7) AppleWebKit/605.1.15 (KHTML, like Gecko) Version/18.5 Safari/605.1.15"
1.146.100.144 - - [10/May/2026:14:41:38 +1000] "GET /wp-content/plugins/woocommerce/assets/js/frontend/woocommerce.min.js?ver=10.7.0 HTTP/2" 200 1332 "https://www.pgkdistribution.com.au/dc-isolators/" "Mozilla/5.0 (Macintosh; Intel Mac OS X 10_15_7) AppleWebKit/605.1.15 (KHTML, like Gecko) Version/18.5 Safari/605.1.15"
1.146.100.144 - - [10/May/2026:14:41:38 +1000] "GET /wp-content/plugins/woocommerce/assets/js/frontend/cart-fragments.min.js?ver=10.7.0 HTTP/2" 200 943 "https://www.pgkdistribution.com.au/dc-isolators/" "Mozilla/5.0 (Macintosh; Intel Mac OS X 10_15_7) AppleWebKit/605.1.15 (KHTML, like Gecko) Version/18.5 Safari/605.1.15"
1.146.100.144 - - [10/May/2026:14:41:38 +1000] "GET /wp-content/plugins/gutentor/dist/gutentor-woocommerce.css?ver=3.5.3 HTTP/2" 200 567 "https://www.pgkdistribution.com.au/dc-isolators/" "Mozilla/5.0 (Macintosh; Intel Mac OS X 10_15_7) AppleWebKit/605.1.15 (KHTML, like Gecko) Version/18.5 Safari/605.1.15"
1.146.100.144 - - [10/May/2026:14:41:38 +1000] "GET /wp-content/uploads/2021/05/facebook.png HTTP/2" 200 2373 "https://www.pgkdistribution.com.au/" "Mozilla/5.0 (Macintosh; Intel Mac OS X 10_15_7) AppleWebKit/605.1.15 (KHTML, like Gecko) Version/18.5 Safari/605.1.15"
1.146.100.144 - - [10/May/2026:14:41:38 +1000] "GET /wp-content/uploads/2021/06/DC-Isolators-Category.png HTTP/2" 200 49561 "https://www.pgkdistribution.com.au/" "Mozilla/5.0 (Macintosh; Intel Mac OS X 10_15_7) AppleWebKit/605.1.15 (KHTML, like Gecko) Version/18.5 Safari/605.1.15"
1.146.100.144 - - [10/May/2026:14:41:38 +1000] "GET /wp-content/uploads/2022/05/SE036E.png HTTP/2" 200 47295 "https://www.pgkdistribution.com.au/dc-isolators/" "Mozilla/5.0 (Macintosh; Intel Mac OS X 10_15_7) AppleWebKit/605.1.15 (KHTML, like Gecko) Version/18.5 Safari/605.1.15"
1.146.100.144 - - [10/May/2026:14:41:38 +1000] "GET /wp-content/uploads/2021/05/Twitter.png HTTP/1.1" 301 795 "https://www.pgkdistribution.com.au/" "Mozilla/5.0 (Macintosh; Intel Mac OS X 10_15_7) AppleWebKit/605.1.15 (KHTML, like Gecko) Version/18.5 Safari/605.1.15"
1.146.100.144 - - [10/May/2026:14:41:38 +1000] "GET /wp-includes/js/wp-emoji-release.min.js?ver=6.9.4 HTTP/2" 200 4949 "https://www.pgkdistribution.com.au/dc-isolators/" "Mozilla/5.0 (Macintosh; Intel Mac OS X 10_15_7) AppleWebKit/605.1.15 (KHTML, like Gecko) Version/18.5 Safari/605.1.15"
1.146.100.144 - - [10/May/2026:14:41:38 +1000] "GET /wp-content/themes/storefront/assets/fonts/fa-solid-900.woff2 HTTP/2" 200 79444 "https://www.pgkdistribution.com.au/dc-isolators/" "Mozilla/5.0 (Macintosh; Intel Mac OS X 10_15_7) AppleWebKit/605.1.15 (KHTML, like Gecko) Version/18.5 Safari/605.1.15"
1.146.100.144 - - [10/May/2026:14:41:38 +1000] "GET /wp-content/uploads/2021/05/linkedin.png HTTP/1.1" 301 795 "https://www.pgkdistribution.com.au/" "Mozilla/5.0 (Macintosh; Intel Mac OS X 10_15_7) AppleWebKit/605.1.15 (KHTML, like Gecko) Version/18.5 Safari/605.1.15"
1.146.100.144 - - [10/May/2026:14:41:37 +1000] "GET /wp-content/uploads/2021/05/PGK-Grey-font.png HTTP/2" 200 300208 "https://www.pgkdistribution.com.au/dc-isolators/" "Mozilla/5.0 (Macintosh; Intel Mac OS X 10_15_7) AppleWebKit/605.1.15 (KHTML, like Gecko) Version/18.5 Safari/605.1.15"
1.146.100.144 - - [10/May/2026:14:41:38 +1000] "GET /wp-content/uploads/2021/05/Twitter.png HTTP/2" 200 3677 "https://www.pgkdistribution.com.au/" "Mozilla/5.0 (Macintosh; Intel Mac OS X 10_15_7) AppleWebKit/605.1.15 (KHTML, like Gecko) Version/18.5 Safari/605.1.15"
1.146.100.144 - - [10/May/2026:14:41:38 +1000] "GET /wp-content/uploads/2021/05/linkedin.png HTTP/2" 200 2841 "https://www.pgkdistribution.com.au/" "Mozilla/5.0 (Macintosh; Intel Mac OS X 10_15_7) AppleWebKit/605.1.15 (KHTML, like Gecko) Version/18.5 Safari/605.1.15"
1.146.100.144 - - [10/May/2026:14:41:38 +1000] "GET /wp-content/uploads/2021/05/1000V-DC-500x500-2.jpeg HTTP/2" 200 148037 "https://www.pgkdistribution.com.au/dc-isolators/" "Mozilla/5.0 (Macintosh; Intel Mac OS X 10_15_7) AppleWebKit/605.1.15 (KHTML, like Gecko) Version/18.5 Safari/605.1.15"
1.146.100.144 - - [10/May/2026:14:41:39 +1000] "GET /wp-content/plugins/gutentor/assets/library/fontawesome/webfonts/fa-solid-900.woff2 HTTP/2" 200 76084 "https://www.pgkdistribution.com.au/dc-isolators/" "Mozilla/5.0 (Macintosh; Intel Mac OS X 10_15_7) AppleWebKit/605.1.15 (KHTML, like Gecko) Version/18.5 Safari/605.1.15"
1.146.100.144 - - [10/May/2026:14:41:39 +1000] "GET /wp-content/uploads/2021/05/SE042E-500x500-1.jpg HTTP/2" 200 10345 "https://www.pgkdistribution.com.au/dc-isolators/" "Mozilla/5.0 (Macintosh; Intel Mac OS X 10_15_7) AppleWebKit/605.1.15 (KHTML, like Gecko) Version/18.5 Safari/605.1.15"
1.146.100.144 - - [10/May/2026:14:41:39 +1000] "GET /wp-content/uploads/2021/05/SE030C-500x500-1.jpg HTTP/2" 200 16689 "https://www.pgkdistribution.com.au/dc-isolators/" "Mozilla/5.0 (Macintosh; Intel Mac OS X 10_15_7) AppleWebKit/605.1.15 (KHTML, like Gecko) Version/18.5 Safari/605.1.15"
1.146.100.144 - - [10/May/2026:14:41:39 +1000] "GET /wp-content/uploads/2021/05/SE042B-500x500-1.jpg HTTP/2" 200 29208 "https://www.pgkdistribution.com.au/dc-isolators/" "Mozilla/5.0 (Macintosh; Intel Mac OS X 10_15_7) AppleWebKit/605.1.15 (KHTML, like Gecko) Version/18.5 Safari/605.1.15"
1.146.100.144 - - [10/May/2026:14:41:39 +1000] "GET /wp-content/plugins/gutentor/assets/library/fontawesome/webfonts/fa-regular-400.woff2 HTTP/2" 200 13576 "https://www.pgkdistribution.com.au/dc-isolators/" "Mozilla/5.0 (Macintosh; Intel Mac OS X 10_15_7) AppleWebKit/605.1.15 (KHTML, like Gecko) Version/18.5 Safari/605.1.15"
1.146.100.144 - - [10/May/2026:14:41:39 +1000] "GET /wp-content/uploads/2021/05/PGK-1000v-DC-IsolatorMC4-200mm.png HTTP/2" 200 433441 "https://www.pgkdistribution.com.au/dc-isolators/" "Mozilla/5.0 (Macintosh; Intel Mac OS X 10_15_7) AppleWebKit/605.1.15 (KHTML, like Gecko) Version/18.5 Safari/605.1.15"
1.146.100.144 - - [10/May/2026:14:41:39 +1000] "GET /wp-content/uploads/2021/05/cropped-PGK-Grey-font-192x192.png HTTP/2" 200 15320 "https://www.pgkdistribution.com.au/dc-isolators/" "Mozilla/5.0 (Macintosh; Intel Mac OS X 10_15_7) AppleWebKit/605.1.15 (KHTML, like Gecko) Version/18.5 Safari/605.1.15"
1.146.100.144 - - [10/May/2026:14:41:39 +1000] "GET /wp-content/uploads/2021/05/cropped-PGK-Grey-font-32x32.png HTTP/2" 200 1604 "https://www.pgkdistribution.com.au/dc-isolators/" "Mozilla/5.0 (Macintosh; Intel Mac OS X 10_15_7) AppleWebKit/605.1.15 (KHTML, like Gecko) Version/18.5 Safari/605.1.15"
1.146.100.144 - - [10/May/2026:14:41:38 +1000] "POST /?wc-ajax=get_refreshed_fragments HTTP/2" 200 379 "https://www.pgkdistribution.com.au/dc-isolators/" "Mozilla/5.0 (Macintosh; Intel Mac OS X 10_15_7) AppleWebKit/605.1.15 (KHTML, like Gecko) Version/18.5 Safari/605.1.15"
1.146.100.144 - - [10/May/2026:14:41:41 +1000] "GET /wp-content/uploads/2021/05/SE042F-500x500-1.jpg HTTP/2" 200 11565 "https://www.pgkdistribution.com.au/dc-isolators/" "Mozilla/5.0 (Macintosh; Intel Mac OS X 10_15_7) AppleWebKit/605.1.15 (KHTML, like Gecko) Version/18.5 Safari/605.1.15"
1.146.100.144 - - [10/May/2026:14:41:41 +1000] "GET /wp-content/uploads/2021/05/SE030G-500x500-1.jpg HTTP/2" 200 13467 "https://www.pgkdistribution.com.au/dc-isolators/" "Mozilla/5.0 (Macintosh; Intel Mac OS X 10_15_7) AppleWebKit/605.1.15 (KHTML, like Gecko) Version/18.5 Safari/605.1.15"
1.146.100.144 - - [10/May/2026:14:41:41 +1000] "GET /wp-content/uploads/2021/05/SE030M-500x500-1.jpg HTTP/2" 200 21199 "https://www.pgkdistribution.com.au/dc-isolators/" "Mozilla/5.0 (Macintosh; Intel Mac OS X 10_15_7) AppleWebKit/605.1.15 (KHTML, like Gecko) Version/18.5 Safari/605.1.15"
1.146.100.144 - - [10/May/2026:14:41:44 +1000] "GET /wp-content/uploads/2021/05/SE030K-500x500-1.jpg HTTP/2" 200 19195 "https://www.pgkdistribution.com.au/dc-isolators/" "Mozilla/5.0 (Macintosh; Intel Mac OS X 10_15_7) AppleWebKit/605.1.15 (KHTML, like Gecko) Version/18.5 Safari/605.1.15"
111.67.29.221 - - [10/May/2026:14:41:58 +1000] "POST /wp-cron.php?doing_wp_cron=1778388118.4729039669036865234375 HTTP/1.1" 200 538 "-" "WordPress/6.9.4; https://www.pgkdistribution.com.au"
51.161.37.170 - - [10/May/2026:14:41:56 +1000] "GET /product/solis-3p-15kw-dual-mppt/ HTTP/2" 200 34541 "-" "Mozilla/5.0 (compatible; AhrefsBot/7.0; +http://ahrefs.com/robot/)"
111.67.29.221 - - [10/May/2026:14:43:06 +1000] "POST /wp-cron.php?doing_wp_cron=1778388185.9593200683593750000000 HTTP/1.1" 200 538 "-" "WordPress/6.9.4; https://www.pgkdistribution.com.au"
1.146.100.144 - - [10/May/2026:14:43:03 +1000] "GET /product/pgk-1000v-dc-isolator/ HTTP/1.1" 200 35211 "https://www.pgkdistribution.com.au/dc-isolators/" "Mozilla/5.0 (Macintosh; Intel Mac OS X 10_15_7) AppleWebKit/605.1.15 (KHTML, like Gecko) Version/18.5 Safari/605.1.15"
1.146.100.144 - - [10/May/2026:14:43:06 +1000] "GET /wp-content/plugins/woocommerce/assets/css/photoswipe/photoswipe.min.css?ver=10.7.0 HTTP/1.1" 200 846 "https://www.pgkdistribution.com.au/product/pgk-1000v-dc-isolator/" "Mozilla/5.0 (Macintosh; Intel Mac OS X 10_15_7) AppleWebKit/605.1.15 (KHTML, like Gecko) Version/18.5 Safari/605.1.15"
1.146.100.144 - - [10/May/2026:14:43:06 +1000] "GET /wp-content/plugins/woocommerce/assets/js/zoom/jquery.zoom.min.js?ver=1.7.21-wc.10.7.0 HTTP/1.1" 200 1052 "https://www.pgkdistribution.com.au/product/pgk-1000v-dc-isolator/" "Mozilla/5.0 (Macintosh; Intel Mac OS X 10_15_7) AppleWebKit/605.1.15 (KHTML, like Gecko) Version/18.5 Safari/605.1.15"
1.146.100.144 - - [10/May/2026:14:43:06 +1000] "GET /wp-content/plugins/woocommerce/assets/js/photoswipe/photoswipe-ui-default.min.js?ver=4.1.1-wc.10.7.0 HTTP/1.1" 200 3478 "https://www.pgkdistribution.com.au/product/pgk-1000v-dc-isolator/" "Mozilla/5.0 (Macintosh; Intel Mac OS X 10_15_7) AppleWebKit/605.1.15 (KHTML, like Gecko) Version/18.5 Safari/605.1.15"
1.146.100.144 - - [10/May/2026:14:43:06 +1000] "GET /wp-content/plugins/woocommerce/assets/js/frontend/single-product.min.js?ver=10.7.0 HTTP/1.1" 200 2700 "https://www.pgkdistribution.com.au/product/pgk-1000v-dc-isolator/" "Mozilla/5.0 (Macintosh; Intel Mac OS X 10_15_7) AppleWebKit/605.1.15 (KHTML, like Gecko) Version/18.5 Safari/605.1.15"
1.146.100.144 - - [10/May/2026:14:43:06 +1000] "GET /wp-content/themes/storefront/assets/js/sticky-add-to-cart.min.js?ver=4.6.1 HTTP/1.1" 200 416 "https://www.pgkdistribution.com.au/product/pgk-1000v-dc-isolator/" "Mozilla/5.0 (Macintosh; Intel Mac OS X 10_15_7) AppleWebKit/605.1.15 (KHTML, like Gecko) Version/18.5 Safari/605.1.15"
1.146.100.144 - - [10/May/2026:14:43:06 +1000] "GET /wp-includes/js/dist/dom-ready.min.js?ver=f77871ff7694fffea381 HTTP/1.1" 200 275 "https://www.pgkdistribution.com.au/product/pgk-1000v-dc-isolator/" "Mozilla/5.0 (Macintosh; Intel Mac OS X 10_15_7) AppleWebKit/605.1.15 (KHTML, like Gecko) Version/18.5 Safari/605.1.15"
1.146.100.144 - - [10/May/2026:14:43:06 +1000] "GET /wp-content/plugins/woocommerce/assets/css/photoswipe/default-skin/default-skin.min.css?ver=10.7.0 HTTP/1.1" 200 1759 "https://www.pgkdistribution.com.au/product/pgk-1000v-dc-isolator/" "Mozilla/5.0 (Macintosh; Intel Mac OS X 10_15_7) AppleWebKit/605.1.15 (KHTML, like Gecko) Version/18.5 Safari/605.1.15"
1.146.100.144 - - [10/May/2026:14:43:06 +1000] "GET /wp-content/plugins/woocommerce-payments/dist/frontend-tracks.js?ver=10.2.0 HTTP/1.1" 200 755 "https://www.pgkdistribution.com.au/product/pgk-1000v-dc-isolator/" "Mozilla/5.0 (Macintosh; Intel Mac OS X 10_15_7) AppleWebKit/605.1.15 (KHTML, like Gecko) Version/18.5 Safari/605.1.15"
1.146.100.144 - - [10/May/2026:14:43:06 +1000] "GET /wp-content/plugins/woocommerce/assets/js/flexslider/jquery.flexslider.min.js?ver=2.7.2-wc.10.7.0 HTTP/1.1" 200 6017 "https://www.pgkdistribution.com.au/product/pgk-1000v-dc-isolator/" "Mozilla/5.0 (Macintosh; Intel Mac OS X 10_15_7) AppleWebKit/605.1.15 (KHTML, like Gecko) Version/18.5 Safari/605.1.15"
1.146.100.144 - - [10/May/2026:14:43:06 +1000] "GET /wp-content/plugins/woocommerce/assets/js/photoswipe/photoswipe.min.js?ver=4.1.1-wc.10.7.0 HTTP/1.1" 200 11652 "https://www.pgkdistribution.com.au/product/pgk-1000v-dc-isolator/" "Mozilla/5.0 (Macintosh; Intel Mac OS X 10_15_7) AppleWebKit/605.1.15 (KHTML, like Gecko) Version/18.5 Safari/605.1.15"
1.146.100.144 - - [10/May/2026:14:43:06 +1000] "GET /wp-includes/js/dist/vendor/wp-polyfill.min.js?ver=3.15.0 HTTP/1.1" 200 11540 "https://www.pgkdistribution.com.au/product/pgk-1000v-dc-isolator/" "Mozilla/5.0 (Macintosh; Intel Mac OS X 10_15_7) AppleWebKit/605.1.15 (KHTML, like Gecko) Version/18.5 Safari/605.1.15"
1.146.100.144 - - [10/May/2026:14:43:06 +1000] "GET /wp-content/uploads/2021/05/SE073-500x500-1.jpg HTTP/1.1" 200 37186 "https://www.pgkdistribution.com.au/product/pgk-1000v-dc-isolator/" "Mozilla/5.0 (Macintosh; Intel Mac OS X 10_15_7) AppleWebKit/605.1.15 (KHTML, like Gecko) Version/18.5 Safari/605.1.15"
1.146.100.144 - - [10/May/2026:14:43:06 +1000] "GET /wp-content/uploads/2021/06/EA1601A-500x500-1.jpg HTTP/1.1" 200 36128 "https://www.pgkdistribution.com.au/product/pgk-1000v-dc-isolator/" "Mozilla/5.0 (Macintosh; Intel Mac OS X 10_15_7) AppleWebKit/605.1.15 (KHTML, like Gecko) Version/18.5 Safari/605.1.15"
1.146.100.144 - - [10/May/2026:14:43:06 +1000] "GET /wp-content/uploads/2021/05/SE078-500x500-1-356x356.jpg HTTP/1.1" 200 11220 "https://www.pgkdistribution.com.au/product/pgk-1000v-dc-isolator/" "Mozilla/5.0 (Macintosh; Intel Mac OS X 10_15_7) AppleWebKit/605.1.15 (KHTML, like Gecko) Version/18.5 Safari/605.1.15"
1.146.100.144 - - [10/May/2026:14:43:06 +1000] "GET /wp-content/uploads/2021/05/PGK-1000v-DC-IsolatorMC4-200mm-356x356.png HTTP/1.1" 200 55063 "https://www.pgkdistribution.com.au/product/pgk-1000v-dc-isolator/" "Mozilla/5.0 (Macintosh; Intel Mac OS X 10_15_7) AppleWebKit/605.1.15 (KHTML, like Gecko) Version/18.5 Safari/605.1.15"
1.146.100.144 - - [10/May/2026:14:43:06 +1000] "GET /wp-content/uploads/2021/05/1000V-DC-500x500-2-356x356.jpeg HTTP/1.1" 200 4448 "https://www.pgkdistribution.com.au/product/pgk-1000v-dc-isolator/" "Mozilla/5.0 (Macintosh; Intel Mac OS X 10_15_7) AppleWebKit/605.1.15 (KHTML, like Gecko) Version/18.5 Safari/605.1.15"
1.146.100.144 - - [10/May/2026:14:43:06 +1000] "POST /?wc-ajax=get_refreshed_fragments HTTP/1.1" 200 379 "https://www.pgkdistribution.com.au/product/pgk-1000v-dc-isolator/" "Mozilla/5.0 (Macintosh; Intel Mac OS X 10_15_7) AppleWebKit/605.1.15 (KHTML, like Gecko) Version/18.5 Safari/605.1.15"
1.146.100.144 - - [10/May/2026:14:43:06 +1000] "POST /wp-admin/admin-ajax.php HTTP/1.1" 200 36 "https://www.pgkdistribution.com.au/product/pgk-1000v-dc-isolator/" "Mozilla/5.0 (Macintosh; Intel Mac OS X 10_15_7) AppleWebKit/605.1.15 (KHTML, like Gecko) Version/18.5 Safari/605.1.15"
114.119.152.167 - - [10/May/2026:14:43:16 +1000] "GET /product/eco-pv-ezrack-splice-std-rail HTTP/1.1" 301 571 "https://pgkdistribution.com.au/product-category/solar-rails" "Mozilla/5.0 (Linux; Android 7.0;) AppleWebKit/537.36 (KHTML, like Gecko) Mobile Safari/537.36 (compatible; PetalBot;+https://webmaster.petalsearch.com/site/petalbot)"
111.67.29.221 - - [10/May/2026:14:43:20 +1000] "POST /wp-cron.php?doing_wp_cron=1778388200.6955499649047851562500 HTTP/1.1" 200 538 "-" "WordPress/6.9.4; https://www.pgkdistribution.com.au"
114.119.152.167 - - [10/May/2026:14:43:18 +1000] "GET /product/eco-pv-ezrack-splice-std-rail/ HTTP/1.1" 200 35592 "https://pgkdistribution.com.au/product-category/solar-rails" "Mozilla/5.0 (Linux; Android 7.0;) AppleWebKit/537.36 (KHTML, like Gecko) Mobile Safari/537.36 (compatible; PetalBot;+https://webmaster.petalsearch.com/site/petalbot)"
1.146.100.144 - - [10/May/2026:14:43:42 +1000] "GET /?s=Seo42e&post_type=product HTTP/1.1" 200 27458 "https://www.pgkdistribution.com.au/product/pgk-1000v-dc-isolator/" "Mozilla/5.0 (Macintosh; Intel Mac OS X 10_15_7) AppleWebKit/605.1.15 (KHTML, like Gecko) Version/18.5 Safari/605.1.15"
1.146.100.144 - - [10/May/2026:14:43:44 +1000] "POST /?wc-ajax=get_refreshed_fragments HTTP/1.1" 200 379 "https://www.pgkdistribution.com.au/?s=Seo42e&post_type=product" "Mozilla/5.0 (Macintosh; Intel Mac OS X 10_15_7) AppleWebKit/605.1.15 (KHTML, like Gecko) Version/18.5 Safari/605.1.15"
43.133.91.48 - - [10/May/2026:14:43:44 +1000] "GET /product/cable-clip-eco-rail-6-cables/ HTTP/1.1" 200 35480 "-" "Mozilla/5.0 (iPhone; CPU iPhone OS 13_2_3 like Mac OS X) AppleWebKit/605.1.15 (KHTML, like Gecko) Version/13.0.3 Mobile/15E148 Safari/604.1"
1.146.100.144 - - [10/May/2026:14:43:52 +1000] "POST /?wc-ajax=get_refreshed_fragments HTTP/1.1" 200 379 "https://www.pgkdistribution.com.au/product/pgk-1000v-dc-isolator/" "Mozilla/5.0 (Macintosh; Intel Mac OS X 10_15_7) AppleWebKit/605.1.15 (KHTML, like Gecko) Version/18.5 Safari/605.1.15"
1.146.100.144 - - [10/May/2026:14:44:00 +1000] "POST /?wc-ajax=get_refreshed_fragments HTTP/1.1" 200 379 "https://www.pgkdistribution.com.au/dc-isolators/" "Mozilla/5.0 (Macintosh; Intel Mac OS X 10_15_7) AppleWebKit/605.1.15 (KHTML, like Gecko) Version/18.5 Safari/605.1.15"
167.253.18.163 - - [10/May/2026:14:44:04 +1000] "GET /?cart-add37139123=2&_=1778388241712023400 HTTP/1.1" 301 1304 "-" "Mozilla/5.0 (Windows NT 10.0; Win64; x64) AppleWebKit/537.36 (KHTML, like Gecko) Chrome/120.0.0.0 Safari/537.36"
167.253.18.163 - - [10/May/2026:14:44:06 +1000] "GET /?cart-add37139123=2&_=1778388241712023400 HTTP/1.1" 200 43655 "https://pgkdistribution.com.au/?cart-add37139123=2&_=1778388241712023400" "Mozilla/5.0 (Windows NT 10.0; Win64; x64) AppleWebKit/537.36 (KHTML, like Gecko) Chrome/120.0.0.0 Safari/537.36"
167.253.18.163 - - [10/May/2026:14:44:11 +1000] "HEAD /wp-login.php HTTP/1.1" 301 434 "-" "Mozilla/5.0 (Windows NT 10.0; Win64; x64) AppleWebKit/537.36 (KHTML, like Gecko) Chrome/120.0.0.0 Safari/537.36"
167.253.18.163 - - [10/May/2026:14:44:12 +1000] "HEAD /wp-login.php HTTP/1.1" 200 748 "https://pgkdistribution.com.au/wp-login.php" "Mozilla/5.0 (Windows NT 10.0; Win64; x64) AppleWebKit/537.36 (KHTML, like Gecko) Chrome/120.0.0.0 Safari/537.36"
198.199.74.55 - - [10/May/2026:14:44:14 +1000] "GET /wp-content/uploads/2021/06/SE015-500x500-1-356x356.jpg HTTP/1.1" 200 7344 "https://www.pgkdistribution.com.au/" "Mozilla/5.0 (Windows NT 10.0; Win64; x64) AppleWebKit/537.36 (KHTML, like Gecko) Chrome/105.0.0.0 Safari/537.3"
111.67.29.221 - - [10/May/2026:14:46:25 +1000] "POST /wp-cron.php?doing_wp_cron=1778388385.0021579265594482421875 HTTP/1.1" 200 538 "-" "WordPress/6.9.4; https://www.pgkdistribution.com.au"
1.146.100.144 - - [10/May/2026:14:46:13 +1000] "GET /product-category/electricals-2/electricals/ HTTP/1.1" 200 30126 "https://www.google.com.au/" "Mozilla/5.0 (Macintosh; Intel Mac OS X 10_15_7) AppleWebKit/605.1.15 (KHTML, like Gecko) Version/18.5 Safari/605.1.15"
1.146.100.144 - - [10/May/2026:14:46:25 +1000] "GET /wp-content/uploads/2021/05/1000V-DC-500x500-2-768x768.jpeg HTTP/1.1" 200 13026 "https://www.pgkdistribution.com.au/product-category/electricals-2/electricals/" "Mozilla/5.0 (Macintosh; Intel Mac OS X 10_15_7) AppleWebKit/605.1.15 (KHTML, like Gecko) Version/18.5 Safari/605.1.15"
1.146.100.144 - - [10/May/2026:14:46:25 +1000] "GET /wp-content/uploads/2021/05/PGK-1000v-DC-IsolatorMC4-200mm-768x768.png HTTP/1.1" 200 198390 "https://www.pgkdistribution.com.au/product-category/electricals-2/electricals/" "Mozilla/5.0 (Macintosh; Intel Mac OS X 10_15_7) AppleWebKit/605.1.15 (KHTML, like Gecko) Version/18.5 Safari/605.1.15"
1.146.100.144 - - [10/May/2026:14:46:25 +1000] "GET /wp-content/uploads/2022/05/SE036E-356x346.png HTTP/1.1" 200 29285 "https://www.pgkdistribution.com.au/product-category/electricals-2/electricals/" "Mozilla/5.0 (Macintosh; Intel Mac OS X 10_15_7) AppleWebKit/605.1.15 (KHTML, like Gecko) Version/18.5 Safari/605.1.15"
40.77.167.28 - - [10/May/2026:14:46:23 +1000] "GET /dc-isolators/ HTTP/2" 200 31751 "-" "Mozilla/5.0 AppleWebKit/537.36 (KHTML, like Gecko; compatible; bingbot/2.0; +http://www.bing.com/bingbot.htm) Chrome/116.0.1938.76 Safari/537.36"
1.146.100.144 - - [10/May/2026:14:46:25 +1000] "POST /?wc-ajax=get_refreshed_fragments HTTP/1.1" 200 379 "https://www.pgkdistribution.com.au/product-category/electricals-2/electricals/" "Mozilla/5.0 (Macintosh; Intel Mac OS X 10_15_7) AppleWebKit/605.1.15 (KHTML, like Gecko) Version/18.5 Safari/605.1.15"
57.141.14.99 - - [10/May/2026:14:46:45 +1000] "GET /sitemap.txt HTTP/2" 301 795 "-" "meta-externalagent/1.1 (+https://developers.facebook.com/docs/sharing/webmasters/crawler)"
1.146.100.144 - - [10/May/2026:14:46:43 +1000] "GET /product/pgk-1000v-dc-isomc4-gen200mm/ HTTP/1.1" 200 35034 "https://www.pgkdistribution.com.au/product-category/electricals-2/electricals/" "Mozilla/5.0 (Macintosh; Intel Mac OS X 10_15_7) AppleWebKit/605.1.15 (KHTML, like Gecko) Version/18.5 Safari/605.1.15"
1.146.100.144 - - [10/May/2026:14:46:46 +1000] "GET /wp-content/uploads/2021/05/SE070-500x500-1.jpg HTTP/1.1" 200 31064 "https://www.pgkdistribution.com.au/product/pgk-1000v-dc-isomc4-gen200mm/" "Mozilla/5.0 (Macintosh; Intel Mac OS X 10_15_7) AppleWebKit/605.1.15 (KHTML, like Gecko) Version/18.5 Safari/605.1.15"
1.146.100.144 - - [10/May/2026:14:46:46 +1000] "GET /wp-content/uploads/2021/05/SE030C-500x500-1-356x356.jpg HTTP/1.1" 200 5071 "https://www.pgkdistribution.com.au/product/pgk-1000v-dc-isomc4-gen200mm/" "Mozilla/5.0 (Macintosh; Intel Mac OS X 10_15_7) AppleWebKit/605.1.15 (KHTML, like Gecko) Version/18.5 Safari/605.1.15"
1.146.100.144 - - [10/May/2026:14:46:46 +1000] "GET /wp-content/uploads/2021/05/SE042E-500x500-1-356x356.jpg HTTP/1.1" 200 3857 "https://www.pgkdistribution.com.au/product/pgk-1000v-dc-isomc4-gen200mm/" "Mozilla/5.0 (Macintosh; Intel Mac OS X 10_15_7) AppleWebKit/605.1.15 (KHTML, like Gecko) Version/18.5 Safari/605.1.15"
1.146.100.144 - - [10/May/2026:14:46:46 +1000] "POST /?wc-ajax=get_refreshed_fragments HTTP/1.1" 200 379 "https://www.pgkdistribution.com.au/product/pgk-1000v-dc-isomc4-gen200mm/" "Mozilla/5.0 (Macintosh; Intel Mac OS X 10_15_7) AppleWebKit/605.1.15 (KHTML, like Gecko) Version/18.5 Safari/605.1.15"
1.146.100.144 - - [10/May/2026:14:46:46 +1000] "POST /wp-admin/admin-ajax.php HTTP/1.1" 200 36 "https://www.pgkdistribution.com.au/product/pgk-1000v-dc-isomc4-gen200mm/" "Mozilla/5.0 (Macintosh; Intel Mac OS X 10_15_7) AppleWebKit/605.1.15 (KHTML, like Gecko) Version/18.5 Safari/605.1.15"
216.73.217.75 - - [10/May/2026:14:46:56 +1000] "GET /robots.txt HTTP/2" 200 454 "-" "Mozilla/5.0 AppleWebKit/537.36 (KHTML, like Gecko; compatible; ClaudeBot/1.0; +claudebot@anthropic.com)"
216.73.217.75 - - [10/May/2026:14:47:01 +1000] "GET /sitemap_index.xml HTTP/2" 200 440 "-" "Mozilla/5.0 AppleWebKit/537.36 (KHTML, like Gecko; compatible; ClaudeBot/1.0; +claudebot@anthropic.com)"
1.146.100.144 - - [10/May/2026:14:47:16 +1000] "GET /my-account/ HTTP/1.1" 301 795 "https://www.pgkdistribution.com.au/" "Mozilla/5.0 (Macintosh; Intel Mac OS X 10_15_7) AppleWebKit/605.1.15 (KHTML, like Gecko) Version/18.5 Safari/605.1.15"
111.67.29.221 - - [10/May/2026:14:47:20 +1000] "POST /wp-cron.php?doing_wp_cron=1778388440.2631289958953857421875 HTTP/1.1" 200 538 "-" "WordPress/6.9.4; https://www.pgkdistribution.com.au"
1.146.100.144 - - [10/May/2026:14:47:16 +1000] "GET /my-account/ HTTP/1.1" 200 33873 "https://www.pgkdistribution.com.au/" "Mozilla/5.0 (Macintosh; Intel Mac OS X 10_15_7) AppleWebKit/605.1.15 (KHTML, like Gecko) Version/18.5 Safari/605.1.15"
1.146.100.144 - - [10/May/2026:14:47:20 +1000] "GET /wp-content/plugins/woocommerce/assets/css/select2.css?ver=10.7.0 HTTP/1.1" 200 1737 "https://www.pgkdistribution.com.au/my-account/" "Mozilla/5.0 (Macintosh; Intel Mac OS X 10_15_7) AppleWebKit/605.1.15 (KHTML, like Gecko) Version/18.5 Safari/605.1.15"
1.146.100.144 - - [10/May/2026:14:47:20 +1000] "GET /wp-content/plugins/recaptcha-woo/js/rcfwc.js?ver=1.0 HTTP/1.1" 200 738 "https://www.pgkdistribution.com.au/my-account/" "Mozilla/5.0 (Macintosh; Intel Mac OS X 10_15_7) AppleWebKit/605.1.15 (KHTML, like Gecko) Version/18.5 Safari/605.1.15"
1.146.100.144 - - [10/May/2026:14:47:20 +1000] "GET /wp-content/plugins/woocommerce/assets/js/selectWoo/selectWoo.full.min.js?ver=1.0.9-wc.10.7.0 HTTP/1.1" 200 20246 "https://www.pgkdistribution.com.au/my-account/" "Mozilla/5.0 (Macintosh; Intel Mac OS X 10_15_7) AppleWebKit/605.1.15 (KHTML, like Gecko) Version/18.5 Safari/605.1.15"
1.146.100.144 - - [10/May/2026:14:47:20 +1000] "GET /wp-includes/js/zxcvbn-async.min.js?ver=1.0 HTTP/1.1" 200 187 "https://www.pgkdistribution.com.au/my-account/" "Mozilla/5.0 (Macintosh; Intel Mac OS X 10_15_7) AppleWebKit/605.1.15 (KHTML, like Gecko) Version/18.5 Safari/605.1.15"
1.146.100.144 - - [10/May/2026:14:47:20 +1000] "GET /wp-admin/js/password-strength-meter.min.js?ver=6.9.4 HTTP/1.1" 200 558 "https://www.pgkdistribution.com.au/my-account/" "Mozilla/5.0 (Macintosh; Intel Mac OS X 10_15_7) AppleWebKit/605.1.15 (KHTML, like Gecko) Version/18.5 Safari/605.1.15"
1.146.100.144 - - [10/May/2026:14:47:20 +1000] "GET /wp-content/plugins/woocommerce/assets/js/frontend/password-strength-meter.min.js?ver=10.7.0 HTTP/1.1" 200 751 "https://www.pgkdistribution.com.au/my-account/" "Mozilla/5.0 (Macintosh; Intel Mac OS X 10_15_7) AppleWebKit/605.1.15 (KHTML, like Gecko) Version/18.5 Safari/605.1.15"
1.146.100.144 - - [10/May/2026:14:47:20 +1000] "GET /wp-content/plugins/woocommerce/assets/js/frontend/account-i18n.min.js?ver=10.7.0 HTTP/1.1" 200 179 "https://www.pgkdistribution.com.au/my-account/" "Mozilla/5.0 (Macintosh; Intel Mac OS X 10_15_7) AppleWebKit/605.1.15 (KHTML, like Gecko) Version/18.5 Safari/605.1.15"
1.146.100.144 - - [10/May/2026:14:47:20 +1000] "GET /wp-content/plugins/mailchimp-for-woocommerce/public/js/mailchimp-woocommerce-checkout-gdpr.min.js?ver=5.5.1 HTTP/1.1" 200 252 "https://www.pgkdistribution.com.au/my-account/" "Mozilla/5.0 (Macintosh; Intel Mac OS X 10_15_7) AppleWebKit/605.1.15 (KHTML, like Gecko) Version/18.5 Safari/605.1.15"
1.146.100.144 - - [10/May/2026:14:47:22 +1000] "GET /wp-includes/js/zxcvbn.min.js HTTP/1.1" 200 389493 "https://www.pgkdistribution.com.au/my-account/" "Mozilla/5.0 (Macintosh; Intel Mac OS X 10_15_7) AppleWebKit/605.1.15 (KHTML, like Gecko) Version/18.5 Safari/605.1.15"
1.146.100.144 - - [10/May/2026:14:47:21 +1000] "POST /?wc-ajax=get_refreshed_fragments HTTP/1.1" 200 379 "https://www.pgkdistribution.com.au/my-account/" "Mozilla/5.0 (Macintosh; Intel Mac OS X 10_15_7) AppleWebKit/605.1.15 (KHTML, like Gecko) Version/18.5 Safari/605.1.15"
1.146.100.144 - - [10/May/2026:14:47:21 +1000] "POST /wp-admin/admin-ajax.php HTTP/1.1" 200 400 "https://www.pgkdistribution.com.au/my-account/" "Mozilla/5.0 (Macintosh; Intel Mac OS X 10_15_7) AppleWebKit/605.1.15 (KHTML, like Gecko) Version/18.5 Safari/605.1.15"
111.67.29.221 - - [10/May/2026:14:47:38 +1000] "POST /wp-cron.php?doing_wp_cron=1778388458.2409629821777343750000 HTTP/1.1" 200 538 "-" "WordPress/6.9.4; https://www.pgkdistribution.com.au"
1.146.100.144 - - [10/May/2026:14:47:36 +1000] "POST /?wc-ajax=get_refreshed_fragments HTTP/1.1" 200 379 "https://www.pgkdistribution.com.au/product/pgk-1000v-dc-isomc4-gen200mm/" "Mozilla/5.0 (Macintosh; Intel Mac OS X 10_15_7) AppleWebKit/605.1.15 (KHTML, like Gecko) Version/18.5 Safari/605.1.15"
111.67.29.221 - - [10/May/2026:14:53:00 +1000] "POST /wp-cron.php?doing_wp_cron=1778388780.2917370796203613281250 HTTP/1.1" 200 538 "-" "WordPress/6.9.4; https://www.pgkdistribution.com.au"
172.236.140.98 - - [10/May/2026:14:52:58 +1000] "GET /wp-login.php HTTP/1.1" 200 3361 "http://pgkdistribution.com.au/wp-admin/" "Mozilla/5.0 (Windows NT 10.0; Win64; x64) AppleWebKit/537.36 (KHTML, like Gecko) Chrome/90.0.4430.85 Safari/537.36"
172.236.140.98 - - [10/May/2026:14:53:00 +1000] "GET /wp-admin/ HTTP/1.1" 302 580 "www.google.com" "Mozilla/5.0 (Windows NT 10.0; Win64; x64) AppleWebKit/537.36 (KHTML, like Gecko) Chrome/90.0.4430.85 Safari/537.36"
172.236.140.98 - - [10/May/2026:14:53:04 +1000] "GET /wp-login.php?redirect_to=https%3A%2F%2Fwww.pgkdistribution.com.au%2Fwp-admin%2F&reauth=1 HTTP/1.1" 200 5378 "www.google.com" "Mozilla/5.0 (Windows NT 10.0; Win64; x64) AppleWebKit/537.36 (KHTML, like Gecko) Chrome/90.0.4430.85 Safari/537.36"
111.67.29.221 - - [10/May/2026:14:54:05 +1000] "POST /wp-cron.php?doing_wp_cron=1778388845.4172790050506591796875 HTTP/1.1" 200 538 "-" "WordPress/6.9.4; https://www.pgkdistribution.com.au"
43.157.156.190 - - [10/May/2026:14:54:03 +1000] "GET /product/flat-roof-tilt-set-15-30/ HTTP/1.1" 200 35411 "-" "Mozilla/5.0 (iPhone; CPU iPhone OS 13_2_3 like Mac OS X) AppleWebKit/605.1.15 (KHTML, like Gecko) Version/13.0.3 Mobile/15E148 Safari/604.1"
111.67.29.221 - - [10/May/2026:14:57:40 +1000] "POST /wp-cron.php?doing_wp_cron=1778389060.4974880218505859375000 HTTP/1.1" 200 538 "-" "WordPress/6.9.4; https://www.pgkdistribution.com.au"
185.191.171.2 - - [10/May/2026:14:57:37 +1000] "GET /product/solis-1p-2000w-single-mppt/ HTTP/1.1" 200 35312 "-" "Mozilla/5.0 (compatible; SemrushBot/7~bl; +http://www.semrush.com/bot.html)"
4.196.118.112 - - [10/May/2026:14:59:03 +1000] "GET /wp-content/uploads/2021/05/AC-Weatherproof-Isolator-Installation-Manual.pdf HTTP/2" 200 784402 "-" "Mozilla/5.0 AppleWebKit/537.36 (KHTML, like Gecko); compatible; ChatGPT-User/1.0; +https://openai.com/bot"
4.196.118.118 - - [10/May/2026:14:59:08 +1000] "GET / HTTP/2" 301 795 "-" "Mozilla/5.0 AppleWebKit/537.36 (KHTML, like Gecko); compatible; ChatGPT-User/1.0; +https://openai.com/bot"
4.196.118.120 - - [10/May/2026:14:59:08 +1000] "GET / HTTP/2" 200 0 "-" "Mozilla/5.0 AppleWebKit/537.36 (KHTML, like Gecko); compatible; ChatGPT-User/1.0; +https://openai.com/bot"
111.67.29.221 - - [10/May/2026:14:59:17 +1000] "POST /wp-cron.php?doing_wp_cron=1778389157.5439260005950927734375 HTTP/1.1" 200 538 "-" "WordPress/6.9.4; https://www.pgkdistribution.com.au"
111.67.29.221 - - [10/May/2026:15:00:45 +1000] "POST /wp-cron.php?doing_wp_cron=1778389244.9812889099121093750000 HTTP/1.1" 200 538 "-" "WordPress/6.9.4; https://www.pgkdistribution.com.au"
148.113.128.247 - - [10/May/2026:15:00:42 +1000] "GET /sitemap_index.xml HTTP/2" 200 440 "-" "Mozilla/5.0 (compatible; AhrefsBot/7.0; +http://ahrefs.com/robot/)"
15.235.96.245 - - [10/May/2026:15:00:47 +1000] "GET /post-sitemap.xml HTTP/2" 200 380 "-" "Mozilla/5.0 (compatible; AhrefsBot/7.0; +http://ahrefs.com/robot/)"
15.235.96.234 - - [10/May/2026:15:00:51 +1000] "GET /page-sitemap.xml HTTP/2" 200 1463 "-" "Mozilla/5.0 (compatible; AhrefsBot/7.0; +http://ahrefs.com/robot/)"
15.235.96.112 - - [10/May/2026:15:00:56 +1000] "GET /product-sitemap.xml HTTP/2" 200 3368 "-" "Mozilla/5.0 (compatible; AhrefsBot/7.0; +http://ahrefs.com/robot/)"
142.44.233.148 - - [10/May/2026:15:01:00 +1000] "GET /category-sitemap.xml HTTP/2" 200 388 "-" "Mozilla/5.0 (compatible; AhrefsBot/7.0; +http://ahrefs.com/robot/)"
142.44.220.109 - - [10/May/2026:15:01:04 +1000] "GET /product_cat-sitemap.xml HTTP/2" 200 750 "-" "Mozilla/5.0 (compatible; AhrefsBot/7.0; +http://ahrefs.com/robot/)"
111.67.29.221 - - [10/May/2026:15:01:20 +1000] "POST /wp-cron.php?doing_wp_cron=1778389280.2549130916595458984375 HTTP/1.1" 200 538 "-" "WordPress/6.9.4; https://www.pgkdistribution.com.au"
142.44.228.135 - - [10/May/2026:15:01:07 +1000] "GET /product_tag-sitemap.xml HTTP/2" 200 418 "-" "Mozilla/5.0 (compatible; AhrefsBot/7.0; +http://ahrefs.com/robot/)"
54.39.203.135 - - [10/May/2026:15:01:22 +1000] "GET /product_shipping_class-sitemap.xml HTTP/2" 200 411 "-" "Mozilla/5.0 (compatible; AhrefsBot/7.0; +http://ahrefs.com/robot/)"
54.39.0.220 - - [10/May/2026:15:01:26 +1000] "GET /author-sitemap.xml HTTP/2" 200 379 "-" "Mozilla/5.0 (compatible; AhrefsBot/7.0; +http://ahrefs.com/robot/)"
52.167.144.194 - - [10/May/2026:15:01:49 +1000] "GET /product/eco-pv-ezrack-splice-std-rail/ HTTP/2" 200 35476 "-" "Mozilla/5.0 AppleWebKit/537.36 (KHTML, like Gecko; compatible; bingbot/2.0; +http://www.bing.com/bingbot.htm) Chrome/116.0.1938.76 Safari/537.36"
111.67.29.221 - - [10/May/2026:15:02:20 +1000] "POST /wp-cron.php?doing_wp_cron=1778389340.3651170730590820312500 HTTP/1.1" 200 538 "-" "WordPress/6.9.4; https://www.pgkdistribution.com.au"
52.167.144.194 - - [10/May/2026:15:02:17 +1000] "POST /wp-admin/admin-ajax.php HTTP/2" 200 36 "https://www.pgkdistribution.com.au/product/eco-pv-ezrack-splice-std-rail/" "Mozilla/5.0 AppleWebKit/537.36 (KHTML, like Gecko; compatible; bingbot/2.0; +http://www.bing.com/bingbot.htm) Chrome/136.0.0.0 Safari/537.36 AppleWebKit/537.36 (KHTML, like Gecko; compatible; bingbot/2.0; +http://www.bing.com/bingbot.htm) Chrome/116.0.1938.76 Safari/537.36"
111.67.29.221 - - [10/May/2026:15:03:02 +1000] "POST /wp-cron.php?doing_wp_cron=1778389382.3716399669647216796875 HTTP/1.1" 200 538 "-" "WordPress/6.9.4; https://www.pgkdistribution.com.au"
40.77.179.200 - - [10/May/2026:15:03:00 +1000] "POST /?wc-ajax=get_refreshed_fragments HTTP/2" 200 379 "https://www.pgkdistribution.com.au/dc-isolators/" "Mozilla/5.0 AppleWebKit/537.36 (KHTML, like Gecko; compatible; bingbot/2.0; +http://www.bing.com/bingbot.htm) Chrome/136.0.0.0 Safari/537.36"
121.200.217.28 - lokeshkumar234 [10/May/2026:15:03:06 +1000] "GET /wp-json/wp/v2/users/me HTTP/2" 301 795 "-" "Mozilla/5.0 (Windows NT 10.0) AppleWebKit/537.36 (KHTML, like Gecko) Chrome/133.0.0.0 Safari/537.36"
121.200.217.28 - - [10/May/2026:15:03:08 +1000] "GET /wp-json/wp/v2/users/me HTTP/2" 401 102 "https://pgkdistribution.com.au/wp-json/wp/v2/users/me" "Mozilla/5.0 (Windows NT 10.0) AppleWebKit/537.36 (KHTML, like Gecko) Chrome/133.0.0.0 Safari/537.36"
111.67.29.221 - - [10/May/2026:15:03:34 +1000] "POST /wp-cron.php?doing_wp_cron=1778389413.8764579296112060546875 HTTP/1.1" 200 538 "-" "WordPress/6.9.4; https://www.pgkdistribution.com.au"
100.27.153.9 - - [10/May/2026:15:03:31 +1000] "GET /wp-json/oembed/1.0/embed?format=xml&url=https://www.pgkdistribution.com.au/ac-isolators/ HTTP/1.1" 200 2010 "-" "Mozilla/5.0 AppleWebKit/537.36 (KHTML, like Gecko; compatible; Amazonbot/0.1; +https://developer.amazon.com/support/amazonbot) Chrome/119.0.6045.214 Safari/537.36"
159.89.229.13 - - [10/May/2026:15:03:36 +1000] "GET /wp-login.php HTTP/2" 301 795 "-" "Mozilla/5.0 (X11; Linux x86_64) AppleWebKit/537.36 (KHTML, like Gecko) Chrome/133.0.0.0 Safari/537.36"
159.89.229.13 - - [10/May/2026:15:03:38 +1000] "GET /wp-login.php HTTP/2" 200 2507 "https://pgkdistribution.com.au/wp-login.php" "Mozilla/5.0 (X11; Linux x86_64) AppleWebKit/537.36 (KHTML, like Gecko) Chrome/133.0.0.0 Safari/537.36"
159.89.229.13 - - [10/May/2026:15:03:40 +1000] "POST /wp-login.php HTTP/2" 301 795 "https://pgkdistribution.com.au/wp-login.php" "Mozilla/5.0 (X11; Linux x86_64) AppleWebKit/537.36 (KHTML, like Gecko) Chrome/133.0.0.0 Safari/537.36"
159.89.229.13 - - [10/May/2026:15:03:40 +1000] "GET /wp-login.php HTTP/2" 200 2507 "https://pgkdistribution.com.au/wp-login.php" "Mozilla/5.0 (X11; Linux x86_64) AppleWebKit/537.36 (KHTML, like Gecko) Chrome/133.0.0.0 Safari/537.36"
111.67.29.221 - - [10/May/2026:15:04:29 +1000] "POST /wp-cron.php?doing_wp_cron=1778389469.5353989601135253906250 HTTP/1.1" 200 538 "-" "WordPress/6.9.4; https://www.pgkdistribution.com.au"
170.106.152.218 - - [10/May/2026:15:04:27 +1000] "GET /product/tin-interface-leg-sets/ HTTP/1.1" 200 35989 "-" "Mozilla/5.0 (iPhone; CPU iPhone OS 13_2_3 like Mac OS X) AppleWebKit/605.1.15 (KHTML, like Gecko) Version/13.0.3 Mobile/15E148 Safari/604.1"
152.228.218.52 - - [10/May/2026:15:04:32 +1000] "GET /wp-login.php HTTP/2" 301 795 "-" "Mozilla/5.0 (Macintosh; Intel Mac OS X 14_7_4) AppleWebKit/537.36 (KHTML, like Gecko) Chrome/133.0.0.0 Safari/537.36"
152.228.218.52 - - [10/May/2026:15:04:34 +1000] "GET /wp-login.php HTTP/2" 200 2507 "https://pgkdistribution.com.au/wp-login.php" "Mozilla/5.0 (Macintosh; Intel Mac OS X 14_7_4) AppleWebKit/537.36 (KHTML, like Gecko) Chrome/133.0.0.0 Safari/537.36"
152.228.218.52 - - [10/May/2026:15:04:36 +1000] "POST /wp-login.php HTTP/2" 301 795 "https://pgkdistribution.com.au/wp-login.php" "Mozilla/5.0 (Macintosh; Intel Mac OS X 14_7_4) AppleWebKit/537.36 (KHTML, like Gecko) Chrome/133.0.0.0 Safari/537.36"
152.228.218.52 - - [10/May/2026:15:04:36 +1000] "GET /wp-login.php HTTP/2" 200 2507 "https://pgkdistribution.com.au/wp-login.php" "Mozilla/5.0 (Macintosh; Intel Mac OS X 14_7_4) AppleWebKit/537.36 (KHTML, like Gecko) Chrome/133.0.0.0 Safari/537.36"
52.167.144.194 - - [10/May/2026:15:04:38 +1000] "GET /product/cable-gland-2-hole/ HTTP/2" 200 35648 "-" "Mozilla/5.0 AppleWebKit/537.36 (KHTML, like Gecko; compatible; bingbot/2.0; +http://www.bing.com/bingbot.htm) Chrome/116.0.1938.76 Safari/537.36"
111.67.29.221 - - [10/May/2026:15:05:38 +1000] "POST /wp-cron.php?doing_wp_cron=1778389538.3712210655212402343750 HTTP/1.1" 200 538 "-" "WordPress/6.9.4; https://www.pgkdistribution.com.au"
94.46.170.34 - - [10/May/2026:15:05:36 +1000] "GET /wp-login.php HTTP/2" 200 2507 "-" "Mozilla/5.0 (Macintosh; Intel Mac OS X 14_7_4) AppleWebKit/537.36 (KHTML, like Gecko) Chrome/133.0.0.0 Safari/537.36"
94.46.170.34 - - [10/May/2026:15:05:38 +1000] "POST /wp-login.php HTTP/2" 200 2659 "https://www.pgkdistribution.com.au/wp-login.php" "Mozilla/5.0 (Macintosh; Intel Mac OS X 14_7_4) AppleWebKit/537.36 (KHTML, like Gecko) Chrome/133.0.0.0 Safari/537.36"
111.67.29.221 - - [10/May/2026:15:05:44 +1000] "POST /wp-cron.php?doing_wp_cron=1778389543.9888129234313964843750 HTTP/1.1" 200 538 "-" "WordPress/6.9.4; https://www.pgkdistribution.com.au"
104.210.140.143 - - [10/May/2026:15:05:35 +1000] "GET /robots.txt HTTP/2" 200 454 "-" "Mozilla/5.0 (Macintosh; Intel Mac OS X 10_15_7) AppleWebKit/537.36 (KHTML, like Gecko) Chrome/131.0.0.0 Safari/537.36; compatible; OAI-SearchBot/1.0; +https://openai.com/searchbot"
91.224.199.123 - - [10/May/2026:15:05:44 +1000] "GET /wp-login.php HTTP/2" 301 795 "-" "Mozilla/5.0 (Macintosh; Intel Mac OS X 14_7_4) AppleWebKit/537.36 (KHTML, like Gecko) Chrome/133.0.0.0 Safari/537.36"
91.224.199.123 - - [10/May/2026:15:05:45 +1000] "GET /wp-login.php HTTP/2" 200 2507 "https://pgkdistribution.com.au/wp-login.php" "Mozilla/5.0 (Macintosh; Intel Mac OS X 14_7_4) AppleWebKit/537.36 (KHTML, like Gecko) Chrome/133.0.0.0 Safari/537.36"
91.224.199.123 - - [10/May/2026:15:05:47 +1000] "POST /wp-login.php HTTP/2" 301 795 "https://pgkdistribution.com.au/wp-login.php" "Mozilla/5.0 (Macintosh; Intel Mac OS X 14_7_4) AppleWebKit/537.36 (KHTML, like Gecko) Chrome/133.0.0.0 Safari/537.36"
91.224.199.123 - - [10/May/2026:15:05:47 +1000] "GET /wp-login.php HTTP/2" 200 2507 "https://pgkdistribution.com.au/wp-login.php" "Mozilla/5.0 (Macintosh; Intel Mac OS X 14_7_4) AppleWebKit/537.36 (KHTML, like Gecko) Chrome/133.0.0.0 Safari/537.36"
121.200.217.27 - - [10/May/2026:15:06:16 +1000] "GET /wp-login.php HTTP/2" 200 2507 "-" "Mozilla/5.0 (X11; Ubuntu; Linux x86_64; rv:133.0) Gecko/20100101 Firefox/133.0"
121.200.217.27 - - [10/May/2026:15:06:18 +1000] "POST /wp-login.php HTTP/2" 200 2654 "https://www.pgkdistribution.com.au/wp-login.php" "Mozilla/5.0 (X11; Ubuntu; Linux x86_64; rv:133.0) Gecko/20100101 Firefox/133.0"
111.67.29.221 - - [10/May/2026:15:06:56 +1000] "POST /wp-cron.php?doing_wp_cron=1778389616.5467269420623779296875 HTTP/1.1" 200 538 "-" "WordPress/6.9.4; https://www.pgkdistribution.com.au"
114.119.133.194 - - [10/May/2026:15:06:53 +1000] "GET /shop/?orderby=popularity HTTP/1.1" 200 31505 "https://pgkdistribution.com.au/shop/?orderby=popularity" "Mozilla/5.0 (Linux; Android 7.0;) AppleWebKit/537.36 (KHTML, like Gecko) Mobile Safari/537.36 (compatible; PetalBot;+https://webmaster.petalsearch.com/site/petalbot)"
180.153.236.38 - - [10/May/2026:15:06:56 +1000] "GET / HTTP/2" 200 42765 "https://www.pgkdistribution.com.au/" "User-Agent:Mozilla/5.0 (Linux; Android 10; K) AppleWebKit/537.36 (KHTML, like Gecko) Chrome/131.0.0.0 Mobile Safari/537.36; 360Spider"
111.67.29.221 - - [10/May/2026:15:08:17 +1000] "POST /wp-cron.php?doing_wp_cron=1778389697.5959300994873046875000 HTTP/1.1" 200 538 "-" "WordPress/6.9.4; https://www.pgkdistribution.com.au"
114.119.133.194 - - [10/May/2026:15:08:14 +1000] "GET /product/eco-pv-ezrack-splice-std-rail/ HTTP/1.1" 200 35889 "https://www.pgkdistribution.com.au/page/2/?taxonomy=product_shipping_class&term=test-1" "Mozilla/5.0 (Linux; Android 7.0;) AppleWebKit/537.36 (KHTML, like Gecko) Mobile Safari/537.36 (compatible; PetalBot;+https://webmaster.petalsearch.com/site/petalbot)"
24.199.108.111 - - [10/May/2026:15:08:17 +1000] "GET /wp-login.php HTTP/2" 301 795 "-" "Mozilla/5.0 (X11; Linux x86_64; rv:133.0) Gecko/20100101 Firefox/133.0"
24.199.108.111 - - [10/May/2026:15:08:19 +1000] "GET /wp-login.php HTTP/2" 200 2507 "https://pgkdistribution.com.au/wp-login.php" "Mozilla/5.0 (X11; Linux x86_64; rv:133.0) Gecko/20100101 Firefox/133.0"
24.199.108.111 - - [10/May/2026:15:08:21 +1000] "POST /wp-login.php HTTP/2" 301 795 "https://pgkdistribution.com.au/wp-login.php" "Mozilla/5.0 (X11; Linux x86_64; rv:133.0) Gecko/20100101 Firefox/133.0"
24.199.108.111 - - [10/May/2026:15:08:21 +1000] "GET /wp-login.php HTTP/2" 200 2507 "https://pgkdistribution.com.au/wp-login.php" "Mozilla/5.0 (X11; Linux x86_64; rv:133.0) Gecko/20100101 Firefox/133.0"
54.39.0.128 - - [10/May/2026:15:08:48 +1000] "GET /product/electrical-lockdogs/ HTTP/2" 200 35052 "-" "Mozilla/5.0 (compatible; AhrefsBot/7.0; +http://ahrefs.com/robot/)"
72.167.46.126 - - [10/May/2026:15:10:34 +1000] "GET /wp-login.php HTTP/2" 301 795 "-" "Mozilla/5.0 (Macintosh; Intel Mac OS X 11_7_10) AppleWebKit/537.36 (KHTML, like Gecko) Chrome/133.0.0.0 Safari/537.36"
111.67.29.221 - - [10/May/2026:15:10:41 +1000] "POST /wp-cron.php?doing_wp_cron=1778389841.4509840011596679687500 HTTP/1.1" 200 538 "-" "WordPress/6.9.4; https://www.pgkdistribution.com.au"
72.167.46.126 - - [10/May/2026:15:10:39 +1000] "GET /wp-login.php HTTP/2" 200 2507 "https://pgkdistribution.com.au/wp-login.php" "Mozilla/5.0 (Macintosh; Intel Mac OS X 11_7_10) AppleWebKit/537.36 (KHTML, like Gecko) Chrome/133.0.0.0 Safari/537.36"
72.167.46.126 - - [10/May/2026:15:10:45 +1000] "POST /wp-login.php HTTP/2" 301 795 "https://pgkdistribution.com.au/wp-login.php" "Mozilla/5.0 (Macintosh; Intel Mac OS X 11_7_10) AppleWebKit/537.36 (KHTML, like Gecko) Chrome/133.0.0.0 Safari/537.36"
72.167.46.126 - - [10/May/2026:15:10:46 +1000] "GET /wp-login.php HTTP/2" 200 2507 "https://pgkdistribution.com.au/wp-login.php" "Mozilla/5.0 (Macintosh; Intel Mac OS X 11_7_10) AppleWebKit/537.36 (KHTML, like Gecko) Chrome/133.0.0.0 Safari/537.36"
185.109.19.192 - - [10/May/2026:15:11:10 +1000] "GET /wp-login.php HTTP/2" 301 795 "-" "Mozilla/5.0 (Macintosh; Intel Mac OS X 10_15_7) AppleWebKit/605.1.15 (KHTML, like Gecko) Version/18.3 Safari/605.1.15"
185.109.19.192 - - [10/May/2026:15:11:11 +1000] "GET /wp-login.php HTTP/2" 200 2507 "https://pgkdistribution.com.au/wp-login.php" "Mozilla/5.0 (Macintosh; Intel Mac OS X 10_15_7) AppleWebKit/605.1.15 (KHTML, like Gecko) Version/18.3 Safari/605.1.15"
185.109.19.192 - - [10/May/2026:15:11:15 +1000] "POST /wp-login.php HTTP/2" 301 795 "https://pgkdistribution.com.au/wp-login.php" "Mozilla/5.0 (Macintosh; Intel Mac OS X 10_15_7) AppleWebKit/605.1.15 (KHTML, like Gecko) Version/18.3 Safari/605.1.15"
111.67.29.221 - - [10/May/2026:15:11:18 +1000] "POST /wp-cron.php?doing_wp_cron=1778389878.1132979393005371093750 HTTP/1.1" 200 538 "-" "WordPress/6.9.4; https://www.pgkdistribution.com.au"
185.109.19.192 - - [10/May/2026:15:11:16 +1000] "GET /wp-login.php HTTP/2" 200 2507 "https://pgkdistribution.com.au/wp-login.php" "Mozilla/5.0 (Macintosh; Intel Mac OS X 10_15_7) AppleWebKit/605.1.15 (KHTML, like Gecko) Version/18.3 Safari/605.1.15"
170.64.176.172 - - [10/May/2026:15:11:28 +1000] "GET /wp-login.php HTTP/2" 301 795 "-" "Mozilla/5.0 (Macintosh; Intel Mac OS X 14_7_4) AppleWebKit/537.36 (KHTML, like Gecko) Chrome/133.0.0.0 Safari/537.36"
170.64.176.172 - - [10/May/2026:15:11:32 +1000] "GET /wp-login.php HTTP/2" 200 2507 "https://pgkdistribution.com.au/wp-login.php" "Mozilla/5.0 (Macintosh; Intel Mac OS X 14_7_4) AppleWebKit/537.36 (KHTML, like Gecko) Chrome/133.0.0.0 Safari/537.36"
170.64.176.172 - - [10/May/2026:15:11:34 +1000] "POST /wp-login.php HTTP/2" 301 795 "https://pgkdistribution.com.au/wp-login.php" "Mozilla/5.0 (Macintosh; Intel Mac OS X 14_7_4) AppleWebKit/537.36 (KHTML, like Gecko) Chrome/133.0.0.0 Safari/537.36"
170.64.176.172 - - [10/May/2026:15:11:35 +1000] "GET /wp-login.php HTTP/2" 200 2507 "https://pgkdistribution.com.au/wp-login.php" "Mozilla/5.0 (Macintosh; Intel Mac OS X 14_7_4) AppleWebKit/537.36 (KHTML, like Gecko) Chrome/133.0.0.0 Safari/537.36"
111.67.29.221 - - [10/May/2026:15:12:14 +1000] "POST /wp-cron.php?doing_wp_cron=1778389934.0526280403137207031250 HTTP/1.1" 200 538 "-" "WordPress/6.9.4; https://www.pgkdistribution.com.au"
222.165.190.235 - - [10/May/2026:15:12:12 +1000] "GET /wp-login.php HTTP/2" 200 2507 "-" "Mozilla/5.0 (X11; Linux x86_64) AppleWebKit/537.36 (KHTML, like Gecko) Chrome/133.0.0.0 Safari/537.36"
222.165.190.235 - - [10/May/2026:15:12:14 +1000] "POST /wp-login.php HTTP/2" 200 2659 "https://www.pgkdistribution.com.au/wp-login.php" "Mozilla/5.0 (X11; Linux x86_64) AppleWebKit/537.36 (KHTML, like Gecko) Chrome/133.0.0.0 Safari/537.36"
111.67.29.221 - - [10/May/2026:15:12:28 +1000] "POST /wp-cron.php?doing_wp_cron=1778389947.9887309074401855468750 HTTP/1.1" 200 538 "-" "WordPress/6.9.4; https://www.pgkdistribution.com.au"
14.190.118.69 - - [10/May/2026:15:12:25 +1000] "GET /wp-json/wp/v2/product_cat/17 HTTP/1.1" 200 2753 "-" "Mozilla/5.0 (Windows NT 6.1; Win64; x64) AppleWebKit/537.36 (KHTML, like Gecko) Brave Chrome/90.0.4430.72 Safari/537.36"
111.67.29.221 - - [10/May/2026:15:13:06 +1000] "POST /wp-cron.php?doing_wp_cron=1778389986.7330410480499267578125 HTTP/1.1" 200 538 "-" "WordPress/6.9.4; https://www.pgkdistribution.com.au"
52.167.144.59 - - [10/May/2026:15:13:04 +1000] "GET /robots.txt HTTP/2" 200 454 "-" "Mozilla/5.0 AppleWebKit/537.36 (KHTML, like Gecko; compatible; bingbot/2.0; +http://www.bing.com/bingbot.htm) Chrome/116.0.1938.76 Safari/537.36"
52.167.144.230 - - [10/May/2026:15:13:04 +1000] "GET /usb-battery/ HTTP/2" 200 30834 "-" "Mozilla/5.0 AppleWebKit/537.36 (KHTML, like Gecko; compatible; bingbot/2.0; +http://www.bing.com/bingbot.htm) Chrome/116.0.1938.76 Safari/537.36"
136.117.205.126 - - [10/May/2026:15:13:35 +1000] "GET /wp-content/uploads/2019/05/SE030J-160x160.jpg HTTP/1.1" 301 1345 "-" "Mozilla/5.0 (X11; Linux x86_64) AppleWebKit/537.36 (KHTML, like Gecko) Chrome/91.0.4472.114 Safari/537.36"
111.67.29.221 - - [10/May/2026:15:13:39 +1000] "POST /wp-cron.php?doing_wp_cron=1778390018.9706609249114990234375 HTTP/1.1" 200 538 "-" "WordPress/6.9.4; https://www.pgkdistribution.com.au"
136.117.205.126 - - [10/May/2026:15:13:36 +1000] "GET /wp-content/uploads/2019/05/SE030J-160x160.jpg HTTP/1.1" 404 30338 "-" "Mozilla/5.0 (X11; Linux x86_64) AppleWebKit/537.36 (KHTML, like Gecko) Chrome/91.0.4472.114 Safari/537.36"
111.67.29.221 - - [10/May/2026:15:16:14 +1000] "POST /wp-cron.php?doing_wp_cron=1778390174.2863140106201171875000 HTTP/1.1" 200 538 "-" "WordPress/6.9.4; https://www.pgkdistribution.com.au"
43.130.100.35 - - [10/May/2026:15:16:05 +1000] "GET /solar-rails/embed/ HTTP/1.1" 200 8273 "-" "Mozilla/5.0 (iPhone; CPU iPhone OS 13_2_3 like Mac OS X) AppleWebKit/605.1.15 (KHTML, like Gecko) Version/13.0.3 Mobile/15E148 Safari/604.1"
80.80.90.116 - - [10/May/2026:15:17:06 +1000] "GET /hello-world/ HTTP/1.1" 200 29163 "-" "Mozilla/5.0 (Macintosh; Intel Mac OS X 10_13_6) AppleWebKit/537.36 (KHTML, like Gecko) Chrome/101.0.4951.54 Safari/537.36"
173.255.247.77 - - [10/May/2026:15:17:15 +1000] "GET /wp-login.php HTTP/2" 200 2507 "-" "Mozilla/5.0 (X11; CrOS x86_64 14541.0.0) AppleWebKit/537.36 (KHTML, like Gecko) Chrome/133.0.0.0 Safari/537.36"
111.67.29.221 - - [10/May/2026:15:17:19 +1000] "POST /wp-cron.php?doing_wp_cron=1778390239.6067430973052978515625 HTTP/1.1" 200 538 "-" "WordPress/6.9.4; https://www.pgkdistribution.com.au"
173.255.247.77 - - [10/May/2026:15:17:17 +1000] "POST /wp-login.php HTTP/2" 200 2660 "https://www.pgkdistribution.com.au/wp-login.php" "Mozilla/5.0 (X11; CrOS x86_64 14541.0.0) AppleWebKit/537.36 (KHTML, like Gecko) Chrome/133.0.0.0 Safari/537.36"
5.134.122.237 - - [10/May/2026:15:17:48 +1000] "GET /wp-login.php HTTP/2" 301 795 "-" "Mozilla/5.0 (X11; Linux i686) AppleWebKit/537.36 (KHTML, like Gecko) Chrome/133.0.0.0 Safari/537.36"
111.67.29.221 - - [10/May/2026:15:17:52 +1000] "POST /wp-cron.php?doing_wp_cron=1778390272.2868010997772216796875 HTTP/1.1" 200 538 "-" "WordPress/6.9.4; https://www.pgkdistribution.com.au"
5.134.122.237 - - [10/May/2026:15:17:50 +1000] "GET /wp-login.php HTTP/2" 200 2507 "https://pgkdistribution.com.au/wp-login.php" "Mozilla/5.0 (X11; Linux i686) AppleWebKit/537.36 (KHTML, like Gecko) Chrome/133.0.0.0 Safari/537.36"
5.134.122.237 - - [10/May/2026:15:17:52 +1000] "POST /wp-login.php HTTP/2" 301 795 "https://pgkdistribution.com.au/wp-login.php" "Mozilla/5.0 (X11; Linux i686) AppleWebKit/537.36 (KHTML, like Gecko) Chrome/133.0.0.0 Safari/537.36"
