52.232.35.131 - - [10/May/2026:09:55:15 +1000] "GET /wp-login.php HTTP/2" 301 795 "-" "Mozilla/5.0 (Macintosh; Intel Mac OS X 10_15_7) AppleWebKit/537.36 (KHTML, like Gecko) Chrome/133.0.0.0 Safari/537.36 Edg/133.0.0.0"
111.67.29.221 - - [10/May/2026:09:55:19 +1000] "POST /wp-cron.php?doing_wp_cron=1778370919.1469650268554687500000 HTTP/1.1" 200 538 "-" "WordPress/6.9.4; https://www.pgkdistribution.com.au"
52.232.35.131 - - [10/May/2026:09:55:17 +1000] "GET /wp-login.php HTTP/2" 200 2507 "https://pgkdistribution.com.au/wp-login.php" "Mozilla/5.0 (Macintosh; Intel Mac OS X 10_15_7) AppleWebKit/537.36 (KHTML, like Gecko) Chrome/133.0.0.0 Safari/537.36 Edg/133.0.0.0"
52.232.35.131 - - [10/May/2026:09:55:19 +1000] "POST /wp-login.php HTTP/2" 301 795 "https://pgkdistribution.com.au/wp-login.php" "Mozilla/5.0 (Macintosh; Intel Mac OS X 10_15_7) AppleWebKit/537.36 (KHTML, like Gecko) Chrome/133.0.0.0 Safari/537.36 Edg/133.0.0.0"
52.232.35.131 - - [10/May/2026:09:55:19 +1000] "GET /wp-login.php HTTP/2" 200 2507 "https://pgkdistribution.com.au/wp-login.php" "Mozilla/5.0 (Macintosh; Intel Mac OS X 10_15_7) AppleWebKit/537.36 (KHTML, like Gecko) Chrome/133.0.0.0 Safari/537.36 Edg/133.0.0.0"
111.67.29.221 - - [10/May/2026:09:56:49 +1000] "POST /wp-cron.php?doing_wp_cron=1778371009.5242519378662109375000 HTTP/1.1" 200 538 "-" "WordPress/6.9.4; https://www.pgkdistribution.com.au"
40.77.167.24 - - [10/May/2026:09:56:46 +1000] "GET /product/cable-gland-4-hole/ HTTP/2" 200 35320 "-" "Mozilla/5.0 AppleWebKit/537.36 (KHTML, like Gecko; compatible; bingbot/2.0; +http://www.bing.com/bingbot.htm) Chrome/116.0.1938.76 Safari/537.36"
111.67.29.221 - - [10/May/2026:09:57:55 +1000] "POST /wp-cron.php?doing_wp_cron=1778371075.2522289752960205078125 HTTP/1.1" 200 538 "-" "WordPress/6.9.4; https://www.pgkdistribution.com.au"
57.141.14.104 - - [10/May/2026:09:57:53 +1000] "GET /contact HTTP/2" 301 0 "-" "meta-externalagent/1.1 (+https://developers.facebook.com/docs/sharing/webmasters/crawler)"
57.141.14.22 - - [10/May/2026:09:57:58 +1000] "GET /contact-us/ HTTP/2" 200 115832 "-" "meta-externalagent/1.1 (+https://developers.facebook.com/docs/sharing/webmasters/crawler)"
111.67.29.221 - - [10/May/2026:09:58:32 +1000] "POST /wp-cron.php?doing_wp_cron=1778371111.9895489215850830078125 HTTP/1.1" 200 538 "-" "WordPress/6.9.4; https://www.pgkdistribution.com.au"
34.141.230.59 - - [10/May/2026:09:58:29 +1000] "GET /product/pgk-3pole35a-ac-isolatorswitch/?add-to-cart=135 HTTP/2" 200 35149 "-" "LinkupBot/1.0 (LinkupBot for web indexing; https://linkup.so/bot; bot@linkup.so)"
43.133.91.48 - - [10/May/2026:09:58:48 +1000] "GET /product/3-5kw-reverse-cycle-split-system/ HTTP/1.1" 200 35645 "-" "Mozilla/5.0 (iPhone; CPU iPhone OS 13_2_3 like Mac OS X) AppleWebKit/605.1.15 (KHTML, like Gecko) Version/13.0.3 Mobile/15E148 Safari/604.1"
111.67.29.221 - - [10/May/2026:09:59:41 +1000] "POST /wp-cron.php?doing_wp_cron=1778371181.3564379215240478515625 HTTP/1.1" 200 538 "-" "WordPress/6.9.4; https://www.pgkdistribution.com.au"
216.194.174.116 - - [10/May/2026:09:59:39 +1000] "GET /wp-login.php HTTP/2" 200 2507 "-" "Mozilla/5.0 (Windows NT 10.0; Win64; x64) AppleWebKit/537.36 (KHTML, like Gecko) Chrome/133.0.0.0 Safari/537.36"
216.194.174.116 - - [10/May/2026:09:59:41 +1000] "POST /wp-login.php HTTP/2" 200 2657 "https://www.pgkdistribution.com.au/wp-login.php" "Mozilla/5.0 (Windows NT 10.0; Win64; x64) AppleWebKit/537.36 (KHTML, like Gecko) Chrome/133.0.0.0 Safari/537.36"
111.67.29.221 - - [10/May/2026:10:00:57 +1000] "POST /wp-cron.php?doing_wp_cron=1778371257.0008730888366699218750 HTTP/1.1" 200 538 "-" "WordPress/6.9.4; https://www.pgkdistribution.com.au"
34.141.230.59 - - [10/May/2026:10:00:54 +1000] "GET /product/pgk-3pole35a-ac-isolatorswitch/?add-to-cart=135 HTTP/2" 200 35062 "-" "LinkupBot/1.0 (LinkupBot for web indexing; https://linkup.so/bot; bot@linkup.so)"
111.67.29.221 - - [10/May/2026:10:01:24 +1000] "POST /wp-cron.php?doing_wp_cron=1778371284.8630540370941162109375 HTTP/1.1" 200 538 "-" "WordPress/6.9.4; https://www.pgkdistribution.com.au"
34.141.230.59 - - [10/May/2026:10:01:22 +1000] "GET /product/65amps-pv-dc-moulded-case-circuit-breaker/?add-to-cart=204 HTTP/2" 200 35089 "-" "LinkupBot/1.0 (LinkupBot for web indexing; https://linkup.so/bot; bot@linkup.so)"
34.141.230.59 - - [10/May/2026:10:01:26 +1000] "GET /product/2x16mm%C2%B2-iec-62930-dc-cable-100m/?add-to-cart=1502 HTTP/2" 200 35329 "-" "LinkupBot/1.0 (LinkupBot for web indexing; https://linkup.so/bot; bot@linkup.so)"
45.142.193.140 - - [10/May/2026:10:01:27 +1000] "HEAD /wp-content/db.sql HTTP/2" 404 0 "-" "Mozilla/5.0 (Windows NT 10.0; Win64; x64) AppleWebKit/537.36 (KHTML, like Gecko) Chrome/121.0.0.0 Safari/537.36"
34.141.230.59 - - [10/May/2026:10:01:30 +1000] "GET /product/pgk-1200v-dc-isolatormc4-200mm/?add-to-cart=64 HTTP/2" 200 35127 "-" "LinkupBot/1.0 (LinkupBot for web indexing; https://linkup.so/bot; bot@linkup.so)"
34.141.230.59 - - [10/May/2026:10:01:34 +1000] "GET /product/pgk-2p-indoor-enclosure/?add-to-cart=206 HTTP/2" 200 35229 "-" "LinkupBot/1.0 (LinkupBot for web indexing; https://linkup.so/bot; bot@linkup.so)"
34.141.230.59 - - [10/May/2026:10:01:38 +1000] "GET /product/earthing-cable-6mm%C2%B2/?add-to-cart=161 HTTP/2" 200 34930 "-" "LinkupBot/1.0 (LinkupBot for web indexing; https://linkup.so/bot; bot@linkup.so)"
34.141.230.59 - - [10/May/2026:10:01:42 +1000] "GET /product/solis-3p-30-29-99kw-four-mppt/?add-to-cart=1387 HTTP/2" 200 34602 "-" "LinkupBot/1.0 (LinkupBot for web indexing; https://linkup.so/bot; bot@linkup.so)"
34.141.230.59 - - [10/May/2026:10:01:46 +1000] "GET /product/pgk-3pole20a-ac-isolatorswitch/?add-to-cart=128 HTTP/2" 200 35116 "-" "LinkupBot/1.0 (LinkupBot for web indexing; https://linkup.so/bot; bot@linkup.so)"
18.214.138.148 - - [10/May/2026:10:01:57 +1000] "GET /product/pgk-1000v-dc-isolator/ HTTP/1.1" 301 1293 "-" "Mozilla/5.0 AppleWebKit/537.36 (KHTML, like Gecko; compatible; Amazonbot/0.1; +https://developer.amazon.com/support/amazonbot) Chrome/119.0.6045.214 Safari/537.36"
111.67.29.221 - - [10/May/2026:10:01:59 +1000] "POST /wp-cron.php?doing_wp_cron=1778371319.7637419700622558593750 HTTP/1.1" 200 538 "-" "WordPress/6.9.4; https://www.pgkdistribution.com.au"
98.83.178.66 - - [10/May/2026:10:01:57 +1000] "GET /pgk-distribution-ac-isolators-limited-warranty/ HTTP/1.1" 200 32319 "-" "Mozilla/5.0 AppleWebKit/537.36 (KHTML, like Gecko; compatible; Amazonbot/0.1; +https://developer.amazon.com/support/amazonbot) Chrome/119.0.6045.214 Safari/537.36"
98.83.8.142 - - [10/May/2026:10:01:59 +1000] "GET /product/pgk-1000v-dc-isolator/ HTTP/1.1" 200 35987 "-" "Mozilla/5.0 AppleWebKit/537.36 (KHTML, like Gecko; compatible; Amazonbot/0.1; +https://developer.amazon.com/support/amazonbot) Chrome/119.0.6045.214 Safari/537.36"
34.169.110.118 - - [10/May/2026:10:04:25 +1000] "GET /wp-content/uploads/2019/07/PGK-Isolator-1.png HTTP/1.1" 301 1345 "-" "Mozilla/5.0 (X11; Linux x86_64) AppleWebKit/537.36 (KHTML, like Gecko) Chrome/91.0.4472.114 Safari/537.36"
111.67.29.221 - - [10/May/2026:10:04:29 +1000] "POST /wp-cron.php?doing_wp_cron=1778371469.8377699851989746093750 HTTP/1.1" 200 538 "-" "WordPress/6.9.4; https://www.pgkdistribution.com.au"
34.169.110.118 - - [10/May/2026:10:04:27 +1000] "GET /wp-content/uploads/2019/07/PGK-Isolator-1.png HTTP/1.1" 404 30336 "-" "Mozilla/5.0 (X11; Linux x86_64) AppleWebKit/537.36 (KHTML, like Gecko) Chrome/91.0.4472.114 Safari/537.36"
45.142.193.140 - - [10/May/2026:10:04:43 +1000] "HEAD /uploads/dump.sql HTTP/2" 404 0 "-" "Mozilla/5.0 (Windows NT 10.0; Win64; x64) AppleWebKit/537.36 (KHTML, like Gecko) Chrome/121.0.0.0 Safari/537.36"
111.67.29.221 - - [10/May/2026:10:06:11 +1000] "POST /wp-cron.php?doing_wp_cron=1778371571.4323270320892333984375 HTTP/1.1" 200 538 "-" "WordPress/6.9.4; https://www.pgkdistribution.com.au"
202.92.6.73 - - [10/May/2026:10:06:08 +1000] "GET /wp-login.php HTTP/2" 200 2507 "-" "Mozilla/5.0 (Windows NT 10.0; Win64; x64) AppleWebKit/537.36 (KHTML, like Gecko) Chrome/133.0.0.0 Safari/537.36"
202.92.6.73 - - [10/May/2026:10:06:11 +1000] "POST /wp-login.php HTTP/2" 200 2657 "https://www.pgkdistribution.com.au/wp-login.php" "Mozilla/5.0 (Windows NT 10.0; Win64; x64) AppleWebKit/537.36 (KHTML, like Gecko) Chrome/133.0.0.0 Safari/537.36"
111.67.29.221 - - [10/May/2026:10:07:42 +1000] "POST /wp-cron.php?doing_wp_cron=1778371662.3979120254516601562500 HTTP/1.1" 200 538 "-" "WordPress/6.9.4; https://www.pgkdistribution.com.au"
45.142.193.140 - - [10/May/2026:10:07:38 +1000] "HEAD /wp-content/backups/wordpress.sql HTTP/2" 404 0 "-" "Mozilla/5.0 (Windows NT 10.0; Win64; x64) AppleWebKit/537.36 (KHTML, like Gecko) Chrome/121.0.0.0 Safari/537.36"
121.200.216.56 - - [10/May/2026:10:08:23 +1000] "GET /wp-login.php HTTP/2" 301 795 "-" "Mozilla/5.0 (X11; Fedora; Linux x86_64) AppleWebKit/537.36 (KHTML, like Gecko) Chrome/133.0.0.0 Safari/537.36"
111.67.29.221 - - [10/May/2026:10:08:28 +1000] "POST /wp-cron.php?doing_wp_cron=1778371708.0474441051483154296875 HTTP/1.1" 200 538 "-" "WordPress/6.9.4; https://www.pgkdistribution.com.au"
121.200.216.56 - - [10/May/2026:10:08:26 +1000] "GET /wp-login.php HTTP/2" 200 2507 "https://pgkdistribution.com.au/wp-login.php" "Mozilla/5.0 (X11; Fedora; Linux x86_64) AppleWebKit/537.36 (KHTML, like Gecko) Chrome/133.0.0.0 Safari/537.36"
121.200.216.56 - - [10/May/2026:10:08:28 +1000] "POST /wp-login.php HTTP/2" 301 795 "https://pgkdistribution.com.au/wp-login.php" "Mozilla/5.0 (X11; Fedora; Linux x86_64) AppleWebKit/537.36 (KHTML, like Gecko) Chrome/133.0.0.0 Safari/537.36"
121.200.216.56 - - [10/May/2026:10:08:28 +1000] "GET /wp-login.php HTTP/2" 200 2507 "https://pgkdistribution.com.au/wp-login.php" "Mozilla/5.0 (X11; Fedora; Linux x86_64) AppleWebKit/537.36 (KHTML, like Gecko) Chrome/133.0.0.0 Safari/537.36"
111.67.29.221 - - [10/May/2026:10:10:23 +1000] "POST /wp-cron.php?doing_wp_cron=1778371823.1482720375061035156250 HTTP/1.1" 200 538 "-" "WordPress/6.9.4; https://www.pgkdistribution.com.au"
45.142.193.140 - - [10/May/2026:10:10:20 +1000] "HEAD /wp-content/uploads/db.sql HTTP/2" 404 0 "-" "Mozilla/5.0 (Windows NT 10.0; Win64; x64) AppleWebKit/537.36 (KHTML, like Gecko) Chrome/121.0.0.0 Safari/537.36"
45.142.193.140 - - [10/May/2026:10:10:20 +1000] "HEAD /DATABASE.sql HTTP/2" 404 0 "-" "Mozilla/5.0 (Windows NT 10.0; Win64; x64) AppleWebKit/537.36 (KHTML, like Gecko) Chrome/121.0.0.0 Safari/537.36"
66.249.70.171 - - [10/May/2026:10:11:28 +1000] "GET /wp-content/uploads/2021/05/PGK-1000v-DC-IsolatorMC4-200mm.png HTTP/1.1" 304 494 "-" "Googlebot-Image/1.0"
111.67.29.221 - - [10/May/2026:10:11:33 +1000] "POST /wp-cron.php?doing_wp_cron=1778371893.8995521068572998046875 HTTP/1.1" 200 538 "-" "WordPress/6.9.4; https://www.pgkdistribution.com.au"
45.133.170.61 - - [10/May/2026:10:11:31 +1000] "GET /contact-us/ HTTP/1.1" 200 33488 "http://pgkdistribution.com.au/contact-us/" "Mozilla/5.0 (compatible; Googlebot/2.1; +http://www.google.com/bot.html)"
111.67.29.221 - - [10/May/2026:10:11:54 +1000] "POST /wp-cron.php?doing_wp_cron=1778371914.7897469997406005859375 HTTP/1.1" 200 538 "-" "WordPress/6.9.4; https://www.pgkdistribution.com.au"
34.141.230.59 - - [10/May/2026:10:11:52 +1000] "GET /product/solar-pv-ac-label-kit-11-pc/ HTTP/2" 200 35607 "-" "LinkupBot/1.0 (LinkupBot for web indexing; https://linkup.so/bot; bot@linkup.so)"
34.141.230.59 - - [10/May/2026:10:11:56 +1000] "GET /product/2x10mm%C2%B2-1500v-dc-cable-500m/ HTTP/2" 200 35453 "-" "LinkupBot/1.0 (LinkupBot for web indexing; https://linkup.so/bot; bot@linkup.so)"
111.67.29.221 - - [10/May/2026:10:12:33 +1000] "POST /wp-cron.php?doing_wp_cron=1778371953.6406190395355224609375 HTTP/1.1" 200 538 "-" "WordPress/6.9.4; https://www.pgkdistribution.com.au"
14.18.203.4 - - [10/May/2026:10:12:31 +1000] "GET /robots.txt HTTP/1.1" 200 1012 "-" "Mozilla/5.0 (Windows NT 10.0; WOW64) AppleWebKit/537.36 (KHTML, like Gecko) Chrome/92.0.2962.36 Safari/537.36 Core/1.70.3722.400 QQBrowser/10.5.3739.400"
23.98.142.176 - - [10/May/2026:10:13:09 +1000] "GET /wp-content/uploads/2023/01/Soltaro-AC-EV-Charger-Manual.pdf HTTP/2" 200 500949 "-" "Mozilla/5.0 AppleWebKit/537.36 (KHTML, like Gecko); compatible; ChatGPT-User/1.0; +https://openai.com/bot"
111.67.29.221 - - [10/May/2026:10:14:48 +1000] "POST /wp-cron.php?doing_wp_cron=1778372088.6525399684906005859375 HTTP/1.1" 200 538 "-" "WordPress/6.9.4; https://www.pgkdistribution.com.au"
52.167.144.16 - - [10/May/2026:10:14:46 +1000] "GET /air-conditioner/ HTTP/2" 200 30988 "-" "Mozilla/5.0 AppleWebKit/537.36 (KHTML, like Gecko; compatible; bingbot/2.0; +http://www.bing.com/bingbot.htm) Chrome/116.0.1938.76 Safari/537.36"
222.165.190.235 - - [10/May/2026:10:14:54 +1000] "GET /wp-login.php HTTP/2" 301 795 "-" "Mozilla/5.0 (Macintosh; Intel Mac OS X 10_15_7) AppleWebKit/605.1.15 (KHTML, like Gecko) Version/18.3 Safari/605.1.15"
111.67.29.221 - - [10/May/2026:10:14:59 +1000] "POST /wp-cron.php?doing_wp_cron=1778372099.7312819957733154296875 HTTP/1.1" 200 538 "-" "WordPress/6.9.4; https://www.pgkdistribution.com.au"
222.165.190.235 - - [10/May/2026:10:14:57 +1000] "GET /wp-login.php HTTP/2" 200 2507 "https://pgkdistribution.com.au/wp-login.php" "Mozilla/5.0 (Macintosh; Intel Mac OS X 10_15_7) AppleWebKit/605.1.15 (KHTML, like Gecko) Version/18.3 Safari/605.1.15"
222.165.190.235 - - [10/May/2026:10:15:00 +1000] "POST /wp-login.php HTTP/2" 301 795 "https://pgkdistribution.com.au/wp-login.php" "Mozilla/5.0 (Macintosh; Intel Mac OS X 10_15_7) AppleWebKit/605.1.15 (KHTML, like Gecko) Version/18.3 Safari/605.1.15"
222.165.190.235 - - [10/May/2026:10:15:02 +1000] "GET /wp-login.php HTTP/2" 200 2507 "https://pgkdistribution.com.au/wp-login.php" "Mozilla/5.0 (Macintosh; Intel Mac OS X 10_15_7) AppleWebKit/605.1.15 (KHTML, like Gecko) Version/18.3 Safari/605.1.15"
111.67.29.221 - - [10/May/2026:10:16:13 +1000] "POST /wp-cron.php?doing_wp_cron=1778372173.4661099910736083984375 HTTP/1.1" 200 538 "-" "WordPress/6.9.4; https://www.pgkdistribution.com.au"
176.57.207.39 - - [10/May/2026:10:16:04 +1000] "GET /author/pgkdistribution/ HTTP/1.1" 200 28959 "-" "Mozilla/5.0 (Macintosh; Intel Mac OS X 10_11_0) AppleWebKit/537.36 (KHTML, like Gecko) Chrome/65.0.3325.93 Safari/537.36"
177.181.0.248 - - [10/May/2026:10:16:07 +1000] "GET /product/solis-1p-3000w-single-mppt/ HTTP/1.1" 200 35346 "-" "Mozilla/5.0 (Windows NT 6.1) AppleWebKit/537.36 (KHTML, like Gecko) Chrome/74.0.3729.131 Safari/537.36"
111.67.29.221 - - [10/May/2026:10:17:20 +1000] "POST /wp-cron.php?doing_wp_cron=1778372240.6101739406585693359375 HTTP/1.1" 200 538 "-" "WordPress/6.9.4; https://www.pgkdistribution.com.au"
43.164.196.47 - - [10/May/2026:10:17:18 +1000] "GET /clenergy/embed/ HTTP/1.1" 200 8217 "-" "Mozilla/5.0 (iPhone; CPU iPhone OS 13_2_3 like Mac OS X) AppleWebKit/605.1.15 (KHTML, like Gecko) Version/13.0.3 Mobile/15E148 Safari/604.1"
111.67.29.221 - - [10/May/2026:10:19:21 +1000] "POST /wp-cron.php?doing_wp_cron=1778372361.6773679256439208984375 HTTP/1.1" 200 538 "-" "WordPress/6.9.4; https://www.pgkdistribution.com.au"
185.209.229.195 - - [10/May/2026:10:19:19 +1000] "GET /wp-login.php HTTP/2" 200 2507 "-" "Mozilla/5.0 (Windows NT 10.0; Win64; x64) AppleWebKit/537.36 (KHTML, like Gecko) Chrome/133.0.0.0 Safari/537.36"
185.209.229.195 - - [10/May/2026:10:19:23 +1000] "POST /wp-login.php HTTP/2" 200 2657 "https://www.pgkdistribution.com.au/wp-login.php" "Mozilla/5.0 (Windows NT 10.0; Win64; x64) AppleWebKit/537.36 (KHTML, like Gecko) Chrome/133.0.0.0 Safari/537.36"
111.67.29.221 - - [10/May/2026:10:21:02 +1000] "POST /wp-cron.php?doing_wp_cron=1778372462.1776890754699707031250 HTTP/1.1" 200 538 "-" "WordPress/6.9.4; https://www.pgkdistribution.com.au"
45.142.193.140 - - [10/May/2026:10:21:00 +1000] "HEAD /wp-content/site.sql HTTP/2" 404 0 "-" "Mozilla/5.0 (Windows NT 10.0; Win64; x64) AppleWebKit/537.36 (KHTML, like Gecko) Chrome/121.0.0.0 Safari/537.36"
74.91.224.220 - - [10/May/2026:10:22:04 +1000] "GET /wp-login.php HTTP/2" 301 795 "-" "Mozilla/5.0 (Windows NT 10.0; Win64; x64; rv:133.0) Gecko/20100101 Firefox/133.0"
111.67.29.221 - - [10/May/2026:10:22:07 +1000] "POST /wp-cron.php?doing_wp_cron=1778372527.7281920909881591796875 HTTP/1.1" 200 538 "-" "WordPress/6.9.4; https://www.pgkdistribution.com.au"
74.91.224.220 - - [10/May/2026:10:22:05 +1000] "GET /wp-login.php HTTP/2" 200 2507 "https://pgkdistribution.com.au/wp-login.php" "Mozilla/5.0 (Windows NT 10.0; Win64; x64; rv:133.0) Gecko/20100101 Firefox/133.0"
74.91.224.220 - - [10/May/2026:10:22:08 +1000] "POST /wp-login.php HTTP/2" 301 795 "https://pgkdistribution.com.au/wp-login.php" "Mozilla/5.0 (Windows NT 10.0; Win64; x64; rv:133.0) Gecko/20100101 Firefox/133.0"
74.91.224.220 - - [10/May/2026:10:22:08 +1000] "GET /wp-login.php HTTP/2" 200 2507 "https://pgkdistribution.com.au/wp-login.php" "Mozilla/5.0 (Windows NT 10.0; Win64; x64; rv:133.0) Gecko/20100101 Firefox/133.0"
111.225.149.210 - - [10/May/2026:10:22:54 +1000] "GET /wp-content/uploads/2022/02/1x10mm%C2%B2-IEC-62930-DC-Cable.pdf HTTP/2" 200 65500 "-" "Mozilla/5.0 (Linux; Android 5.0) AppleWebKit/537.36 (KHTML, like Gecko) Mobile Safari/537.36 (compatible; Bytespider; https://zhanzhang.toutiao.com/)"
111.67.29.221 - - [10/May/2026:10:22:57 +1000] "POST /wp-cron.php?doing_wp_cron=1778372577.1813371181488037109375 HTTP/1.1" 200 538 "-" "WordPress/6.9.4; https://www.pgkdistribution.com.au"
110.249.202.112 - - [10/May/2026:10:22:54 +1000] "GET /ev-chargers/ HTTP/2" 200 30360 "-" "Mozilla/5.0 (Linux; Android 5.0) AppleWebKit/537.36 (KHTML, like Gecko) Mobile Safari/537.36 (compatible; Bytespider; https://zhanzhang.toutiao.com/)"
110.249.202.112 - - [10/May/2026:10:22:57 +1000] "GET /wp-content/plugins/gutentor/assets/library/magnific-popup/magnific-popup.min.css?ver=1.8.0 HTTP/2" 200 1401 "https://www.pgkdistribution.com.au/ev-chargers/" "Mozilla/5.0 (Linux; Android 5.0) AppleWebKit/537.36 (KHTML, like Gecko) Mobile Safari/537.36 (compatible; Bytespider; https://zhanzhang.toutiao.com/)"
110.249.202.112 - - [10/May/2026:10:22:58 +1000] "GET /wp-content/plugins/gutentor/assets/library/fontawesome/css/all.min.css?ver=5.12.0 HTTP/2" 200 11931 "https://www.pgkdistribution.com.au/ev-chargers/" "Mozilla/5.0 (Linux; Android 5.0) AppleWebKit/537.36 (KHTML, like Gecko) Mobile Safari/537.36 (compatible; Bytespider; https://zhanzhang.toutiao.com/)"
110.249.202.112 - - [10/May/2026:10:22:58 +1000] "GET /wp-includes/css/dist/components/style.min.css?ver=6.9.4 HTTP/2" 200 13467 "https://www.pgkdistribution.com.au/ev-chargers/" "Mozilla/5.0 (Linux; Android 5.0) AppleWebKit/537.36 (KHTML, like Gecko) Mobile Safari/537.36 (compatible; Bytespider; https://zhanzhang.toutiao.com/)"
110.249.202.112 - - [10/May/2026:10:22:58 +1000] "GET /wp-content/plugins/gutentor/assets/library/animatecss/animate.min.css?ver=3.7.2 HTTP/2" 200 4011 "https://www.pgkdistribution.com.au/ev-chargers/" "Mozilla/5.0 (Linux; Android 5.0) AppleWebKit/537.36 (KHTML, like Gecko) Mobile Safari/537.36 (compatible; Bytespider; https://zhanzhang.toutiao.com/)"
110.249.202.112 - - [10/May/2026:10:22:58 +1000] "GET /wp-includes/css/dist/patterns/style.min.css?ver=6.9.4 HTTP/2" 200 621 "https://www.pgkdistribution.com.au/ev-chargers/" "Mozilla/5.0 (Linux; Android 5.0) AppleWebKit/537.36 (KHTML, like Gecko) Mobile Safari/537.36 (compatible; Bytespider; https://zhanzhang.toutiao.com/)"
110.249.202.112 - - [10/May/2026:10:22:58 +1000] "GET /wp-content/themes/storefront/assets/css/base/gutenberg-blocks.css?ver=4.6.1 HTTP/2" 200 3289 "https://www.pgkdistribution.com.au/ev-chargers/" "Mozilla/5.0 (Linux; Android 5.0) AppleWebKit/537.36 (KHTML, like Gecko) Mobile Safari/537.36 (compatible; Bytespider; https://zhanzhang.toutiao.com/)"
110.249.202.112 - - [10/May/2026:10:22:59 +1000] "GET /wp-content/plugins/advanced-product-fields-for-woocommerce/assets/css/frontend.min.css?ver=1.6.17 HTTP/2" 200 427 "https://www.pgkdistribution.com.au/ev-chargers/" "Mozilla/5.0 (Linux; Android 5.0) AppleWebKit/537.36 (KHTML, like Gecko) Mobile Safari/537.36 (compatible; Bytespider; https://zhanzhang.toutiao.com/)"
110.249.202.112 - - [10/May/2026:10:22:59 +1000] "GET /wp-content/plugins/contact-form-7/includes/css/styles.css?ver=6.1.3 HTTP/2" 200 899 "https://www.pgkdistribution.com.au/ev-chargers/" "Mozilla/5.0 (Linux; Android 5.0) AppleWebKit/537.36 (KHTML, like Gecko) Mobile Safari/537.36 (compatible; Bytespider; https://zhanzhang.toutiao.com/)"
110.249.202.112 - - [10/May/2026:10:22:59 +1000] "GET /wp-content/plugins/storefront-hamburger-menu/assets/css/style.css?ver=1.2.2 HTTP/2" 200 617 "https://www.pgkdistribution.com.au/ev-chargers/" "Mozilla/5.0 (Linux; Android 5.0) AppleWebKit/537.36 (KHTML, like Gecko) Mobile Safari/537.36 (compatible; Bytespider; https://zhanzhang.toutiao.com/)"
110.249.202.112 - - [10/May/2026:10:23:00 +1000] "GET /wp-content/plugins/hide-price-add-to-cart-button/assets/js/afwhp_front.js?ver=1.0 HTTP/2" 200 67 "https://www.pgkdistribution.com.au/ev-chargers/" "Mozilla/5.0 (Linux; Android 5.0) AppleWebKit/537.36 (KHTML, like Gecko) Mobile Safari/537.36 (compatible; Bytespider; https://zhanzhang.toutiao.com/)"
110.249.202.112 - - [10/May/2026:10:23:00 +1000] "GET /wp-content/uploads/2021/05/PGK-Grey-font.png HTTP/2" 206 500 "https://www.pgkdistribution.com.au/ev-chargers/" "Mozilla/5.0 (Linux; Android 5.0) AppleWebKit/537.36 (KHTML, like Gecko) Mobile Safari/537.36 (compatible; Bytespider; https://zhanzhang.toutiao.com/)"
110.249.202.112 - - [10/May/2026:10:23:00 +1000] "GET /wp-includes/js/dist/hooks.min.js?ver=dd5603f07f9220ed27f1 HTTP/2" 200 1852 "https://www.pgkdistribution.com.au/ev-chargers/" "Mozilla/5.0 (Linux; Android 5.0) AppleWebKit/537.36 (KHTML, like Gecko) Mobile Safari/537.36 (compatible; Bytespider; https://zhanzhang.toutiao.com/)"
110.249.202.112 - - [10/May/2026:10:23:01 +1000] "GET /wp-content/plugins/contact-form-7/includes/swv/js/index.js?ver=6.1.3 HTTP/2" 200 3369 "https://www.pgkdistribution.com.au/ev-chargers/" "Mozilla/5.0 (Linux; Android 5.0) AppleWebKit/537.36 (KHTML, like Gecko) Mobile Safari/537.36 (compatible; Bytespider; https://zhanzhang.toutiao.com/)"
110.249.202.112 - - [10/May/2026:10:23:01 +1000] "GET /wp-includes/js/dist/i18n.min.js?ver=c26c3dc7bed366793375 HTTP/2" 200 2119 "https://www.pgkdistribution.com.au/ev-chargers/" "Mozilla/5.0 (Linux; Android 5.0) AppleWebKit/537.36 (KHTML, like Gecko) Mobile Safari/537.36 (compatible; Bytespider; https://zhanzhang.toutiao.com/)"
110.249.202.112 - - [10/May/2026:10:23:02 +1000] "GET /wp-content/plugins/woocommerce/assets/js/js-cookie/js.cookie.min.js?ver=2.1.4-wc.10.7.0 HTTP/2" 200 760 "https://www.pgkdistribution.com.au/ev-chargers/" "Mozilla/5.0 (Linux; Android 5.0) AppleWebKit/537.36 (KHTML, like Gecko) Mobile Safari/537.36 (compatible; Bytespider; https://zhanzhang.toutiao.com/)"
110.249.202.194 - - [10/May/2026:10:23:03 +1000] "GET /wp-content/uploads/2023/01/Soltaro-EV-Charger.jpg HTTP/2" 301 795 "https://www.pgkdistribution.com.au/" "Mozilla/5.0 (Linux; Android 5.0) AppleWebKit/537.36 (KHTML, like Gecko) Mobile Safari/537.36 (compatible; Bytespider; https://zhanzhang.toutiao.com/)"
110.249.202.194 - - [10/May/2026:10:23:03 +1000] "GET /wp-content/uploads/2021/05/facebook.png HTTP/2" 301 795 "https://www.pgkdistribution.com.au/" "Mozilla/5.0 (Linux; Android 5.0) AppleWebKit/537.36 (KHTML, like Gecko) Mobile Safari/537.36 (compatible; Bytespider; https://zhanzhang.toutiao.com/)"
110.249.202.194 - - [10/May/2026:10:23:03 +1000] "GET /wp-content/uploads/2021/05/Twitter.png HTTP/2" 301 795 "https://www.pgkdistribution.com.au/" "Mozilla/5.0 (Linux; Android 5.0) AppleWebKit/537.36 (KHTML, like Gecko) Mobile Safari/537.36 (compatible; Bytespider; https://zhanzhang.toutiao.com/)"
110.249.202.194 - - [10/May/2026:10:23:03 +1000] "GET /wp-content/uploads/2021/05/linkedin.png HTTP/2" 301 795 "https://www.pgkdistribution.com.au/" "Mozilla/5.0 (Linux; Android 5.0) AppleWebKit/537.36 (KHTML, like Gecko) Mobile Safari/537.36 (compatible; Bytespider; https://zhanzhang.toutiao.com/)"
110.249.202.112 - - [10/May/2026:10:23:03 +1000] "GET /wp-content/uploads/2021/05/facebook.png HTTP/2" 200 2373 "https://www.pgkdistribution.com.au/" "Mozilla/5.0 (Linux; Android 5.0) AppleWebKit/537.36 (KHTML, like Gecko) Mobile Safari/537.36 (compatible; Bytespider; https://zhanzhang.toutiao.com/)"
110.249.202.112 - - [10/May/2026:10:23:03 +1000] "GET /wp-content/uploads/2021/05/linkedin.png HTTP/2" 200 2841 "https://www.pgkdistribution.com.au/" "Mozilla/5.0 (Linux; Android 5.0) AppleWebKit/537.36 (KHTML, like Gecko) Mobile Safari/537.36 (compatible; Bytespider; https://zhanzhang.toutiao.com/)"
110.249.202.112 - - [10/May/2026:10:23:03 +1000] "POST /?wc-ajax=get_refreshed_fragments HTTP/2" 200 379 "https://www.pgkdistribution.com.au/ev-chargers/" "Mozilla/5.0 (Linux; Android 5.0) AppleWebKit/537.36 (KHTML, like Gecko) Mobile Safari/537.36 (compatible; Bytespider; https://zhanzhang.toutiao.com/)"
111.225.148.105 - - [10/May/2026:10:23:17 +1000] "GET /wp-content/uploads/2021/05/DC-Isolator-Installation-Manual.pdf HTTP/2" 301 795 "-" "Mozilla/5.0 (Linux; Android 5.0) AppleWebKit/537.36 (KHTML, like Gecko) Mobile Safari/537.36 (compatible; Bytespider; https://zhanzhang.toutiao.com/)"
111.225.148.196 - - [10/May/2026:10:23:18 +1000] "GET /wp-content/uploads/2021/05/DC-Isolator-Installation-Manual.pdf HTTP/2" 200 49125 "-" "Mozilla/5.0 (Linux; Android 5.0) AppleWebKit/537.36 (KHTML, like Gecko) Mobile Safari/537.36 (compatible; Bytespider; https://zhanzhang.toutiao.com/)"
111.67.29.221 - - [10/May/2026:10:23:21 +1000] "POST /wp-cron.php?doing_wp_cron=1778372601.2416810989379882812500 HTTP/1.1" 200 538 "-" "WordPress/6.9.4; https://www.pgkdistribution.com.au"
110.249.202.210 - - [10/May/2026:10:23:18 +1000] "GET / HTTP/2" 200 42636 "-" "Mozilla/5.0 (Linux; Android 5.0) AppleWebKit/537.36 (KHTML, like Gecko) Mobile Safari/537.36 (compatible; Bytespider; https://zhanzhang.toutiao.com/)"
110.249.202.210 - - [10/May/2026:10:23:21 +1000] "GET /wp-content/plugins/gutentor/assets/library/animatecss/animate.min.css?ver=3.7.2 HTTP/2" 200 4011 "https://www.pgkdistribution.com.au/" "Mozilla/5.0 (Linux; Android 5.0) AppleWebKit/537.36 (KHTML, like Gecko) Mobile Safari/537.36 (compatible; Bytespider; https://zhanzhang.toutiao.com/)"
110.249.202.210 - - [10/May/2026:10:23:22 +1000] "GET /wp-includes/css/dist/components/style.min.css?ver=6.9.4 HTTP/2" 200 13467 "https://www.pgkdistribution.com.au/" "Mozilla/5.0 (Linux; Android 5.0) AppleWebKit/537.36 (KHTML, like Gecko) Mobile Safari/537.36 (compatible; Bytespider; https://zhanzhang.toutiao.com/)"
110.249.202.210 - - [10/May/2026:10:23:22 +1000] "GET /wp-content/plugins/contact-form-7/includes/css/styles.css?ver=6.1.3 HTTP/2" 200 899 "https://www.pgkdistribution.com.au/" "Mozilla/5.0 (Linux; Android 5.0) AppleWebKit/537.36 (KHTML, like Gecko) Mobile Safari/537.36 (compatible; Bytespider; https://zhanzhang.toutiao.com/)"
110.249.202.210 - - [10/May/2026:10:23:22 +1000] "GET /wp-content/plugins/advanced-product-fields-for-woocommerce/assets/css/frontend.min.css?ver=1.6.17 HTTP/2" 200 427 "https://www.pgkdistribution.com.au/" "Mozilla/5.0 (Linux; Android 5.0) AppleWebKit/537.36 (KHTML, like Gecko) Mobile Safari/537.36 (compatible; Bytespider; https://zhanzhang.toutiao.com/)"
110.249.202.210 - - [10/May/2026:10:23:22 +1000] "GET /wp-content/themes/storefront/assets/css/base/icons.css?ver=4.6.1 HTTP/2" 200 14127 "https://www.pgkdistribution.com.au/" "Mozilla/5.0 (Linux; Android 5.0) AppleWebKit/537.36 (KHTML, like Gecko) Mobile Safari/537.36 (compatible; Bytespider; https://zhanzhang.toutiao.com/)"
110.249.202.210 - - [10/May/2026:10:23:22 +1000] "GET /wp-content/plugins/storefront-homepage-contact-section/assets/css/style.css?ver=6.9.4 HTTP/2" 200 549 "https://www.pgkdistribution.com.au/" "Mozilla/5.0 (Linux; Android 5.0) AppleWebKit/537.36 (KHTML, like Gecko) Mobile Safari/537.36 (compatible; Bytespider; https://zhanzhang.toutiao.com/)"
110.249.202.210 - - [10/May/2026:10:23:22 +1000] "GET /wp-content/plugins/gutentor/dist/gutentor-woocommerce.css?ver=3.5.3 HTTP/2" 200 567 "https://www.pgkdistribution.com.au/" "Mozilla/5.0 (Linux; Android 5.0) AppleWebKit/537.36 (KHTML, like Gecko) Mobile Safari/537.36 (compatible; Bytespider; https://zhanzhang.toutiao.com/)"
110.249.202.210 - - [10/May/2026:10:23:22 +1000] "GET /wp-includes/js/dist/hooks.min.js?ver=dd5603f07f9220ed27f1 HTTP/2" 200 1852 "https://www.pgkdistribution.com.au/" "Mozilla/5.0 (Linux; Android 5.0) AppleWebKit/537.36 (KHTML, like Gecko) Mobile Safari/537.36 (compatible; Bytespider; https://zhanzhang.toutiao.com/)"
110.249.202.210 - - [10/May/2026:10:23:22 +1000] "GET /wp-content/plugins/mailchimp-for-woocommerce/public/js/mailchimp-woocommerce-public.min.js?ver=5.5.1.07 HTTP/2" 200 2143 "https://www.pgkdistribution.com.au/" "Mozilla/5.0 (Linux; Android 5.0) AppleWebKit/537.36 (KHTML, like Gecko) Mobile Safari/537.36 (compatible; Bytespider; https://zhanzhang.toutiao.com/)"
110.249.202.210 - - [10/May/2026:10:23:22 +1000] "GET /wp-content/themes/storefront/assets/js/footer.min.js?ver=4.6.1 HTTP/2" 200 326 "https://www.pgkdistribution.com.au/" "Mozilla/5.0 (Linux; Android 5.0) AppleWebKit/537.36 (KHTML, like Gecko) Mobile Safari/537.36 (compatible; Bytespider; https://zhanzhang.toutiao.com/)"
110.249.202.210 - - [10/May/2026:10:23:22 +1000] "GET /wp-content/themes/storefront/assets/js/woocommerce/header-cart.min.js?ver=4.6.1 HTTP/2" 200 255 "https://www.pgkdistribution.com.au/" "Mozilla/5.0 (Linux; Android 5.0) AppleWebKit/537.36 (KHTML, like Gecko) Mobile Safari/537.36 (compatible; Bytespider; https://zhanzhang.toutiao.com/)"
110.249.202.210 - - [10/May/2026:10:23:22 +1000] "GET /wp-content/plugins/smart-slider-3/Public/SmartSlider3/Application/Frontend/Assets/dist/smartslider-frontend.min.js?ver=5ea20ab3 HTTP/2" 200 25921 "https://www.pgkdistribution.com.au/" "Mozilla/5.0 (Linux; Android 5.0) AppleWebKit/537.36 (KHTML, like Gecko) Mobile Safari/537.36 (compatible; Bytespider; https://zhanzhang.toutiao.com/)"
110.249.202.210 - - [10/May/2026:10:23:22 +1000] "GET /wp-content/plugins/smart-slider-3/Public/SmartSlider3/Widget/Bullet/Assets/dist/w-bullet.min.js?ver=5ea20ab3 HTTP/2" 200 1806 "https://www.pgkdistribution.com.au/" "Mozilla/5.0 (Linux; Android 5.0) AppleWebKit/537.36 (KHTML, like Gecko) Mobile Safari/537.36 (compatible; Bytespider; https://zhanzhang.toutiao.com/)"
110.249.202.210 - - [10/May/2026:10:23:23 +1000] "GET /wp-content/plugins/smart-slider-3/Public/SmartSlider3/Widget/Arrow/ArrowImage/Assets/dist/w-arrow-image.min.js?ver=5ea20ab3 HTTP/2" 200 561 "https://www.pgkdistribution.com.au/" "Mozilla/5.0 (Linux; Android 5.0) AppleWebKit/537.36 (KHTML, like Gecko) Mobile Safari/537.36 (compatible; Bytespider; https://zhanzhang.toutiao.com/)"
110.249.202.210 - - [10/May/2026:10:23:23 +1000] "GET /wp-content/plugins/woocommerce/assets/js/jquery-blockui/jquery.blockUI.min.js?ver=2.7.0-wc.10.7.0 HTTP/2" 200 3277 "https://www.pgkdistribution.com.au/" "Mozilla/5.0 (Linux; Android 5.0) AppleWebKit/537.36 (KHTML, like Gecko) Mobile Safari/537.36 (compatible; Bytespider; https://zhanzhang.toutiao.com/)"
110.249.202.210 - - [10/May/2026:10:23:23 +1000] "GET /wp-content/uploads/2021/06/EA1601A-500x500-1-356x356.jpg HTTP/2" 206 500 "https://www.pgkdistribution.com.au/" "Mozilla/5.0 (Linux; Android 5.0) AppleWebKit/537.36 (KHTML, like Gecko) Mobile Safari/537.36 (compatible; Bytespider; https://zhanzhang.toutiao.com/)"
110.249.202.210 - - [10/May/2026:10:23:23 +1000] "GET /wp-content/uploads/2023/01/AP600-356x356.png HTTP/2" 206 500 "https://www.pgkdistribution.com.au/" "Mozilla/5.0 (Linux; Android 5.0) AppleWebKit/537.36 (KHTML, like Gecko) Mobile Safari/537.36 (compatible; Bytespider; https://zhanzhang.toutiao.com/)"
110.249.202.210 - - [10/May/2026:10:23:23 +1000] "GET /wp-content/uploads/2023/01/Soltaro-AC-356x356.jpg HTTP/2" 206 500 "https://www.pgkdistribution.com.au/" "Mozilla/5.0 (Linux; Android 5.0) AppleWebKit/537.36 (KHTML, like Gecko) Mobile Safari/537.36 (compatible; Bytespider; https://zhanzhang.toutiao.com/)"
110.249.202.210 - - [10/May/2026:10:23:23 +1000] "GET /wp-content/uploads/2021/06/AAA-USB-Rechargeable-Battery-2-Pack-with-Charging-Cable-356x356.jpg HTTP/2" 206 500 "https://www.pgkdistribution.com.au/" "Mozilla/5.0 (Linux; Android 5.0) AppleWebKit/537.36 (KHTML, like Gecko) Mobile Safari/537.36 (compatible; Bytespider; https://zhanzhang.toutiao.com/)"
110.249.202.210 - - [10/May/2026:10:23:24 +1000] "GET /wp-content/uploads/2021/05/PGK-Site-Slider-2.png HTTP/2" 206 500 "https://www.pgkdistribution.com.au/" "Mozilla/5.0 (Linux; Android 5.0) AppleWebKit/537.36 (KHTML, like Gecko) Mobile Safari/537.36 (compatible; Bytespider; https://zhanzhang.toutiao.com/)"
110.249.202.210 - - [10/May/2026:10:23:24 +1000] "GET /wp-content/uploads/2021/05/PGK-Site-Slider-Photo-3.png HTTP/2" 206 500 "https://www.pgkdistribution.com.au/" "Mozilla/5.0 (Linux; Android 5.0) AppleWebKit/537.36 (KHTML, like Gecko) Mobile Safari/537.36 (compatible; Bytespider; https://zhanzhang.toutiao.com/)"
110.249.202.176 - - [10/May/2026:10:23:23 +1000] "GET /wp-content/uploads/2021/05/facebook.png HTTP/2" 301 795 "https://www.pgkdistribution.com.au/" "Mozilla/5.0 (Linux; Android 5.0) AppleWebKit/537.36 (KHTML, like Gecko) Mobile Safari/537.36 (compatible; Bytespider; https://zhanzhang.toutiao.com/)"
110.249.202.176 - - [10/May/2026:10:23:24 +1000] "GET /wp-content/uploads/2021/05/linkedin.png HTTP/2" 301 795 "https://www.pgkdistribution.com.au/" "Mozilla/5.0 (Linux; Android 5.0) AppleWebKit/537.36 (KHTML, like Gecko) Mobile Safari/537.36 (compatible; Bytespider; https://zhanzhang.toutiao.com/)"
110.249.202.176 - - [10/May/2026:10:23:24 +1000] "GET /wp-content/uploads/2021/05/Twitter.png HTTP/2" 301 795 "https://www.pgkdistribution.com.au/" "Mozilla/5.0 (Linux; Android 5.0) AppleWebKit/537.36 (KHTML, like Gecko) Mobile Safari/537.36 (compatible; Bytespider; https://zhanzhang.toutiao.com/)"
110.249.202.210 - - [10/May/2026:10:23:24 +1000] "GET /wp-content/uploads/2021/06/AA-USB-Rechargeable-Battery-2-Pack-with-Charging-Cable-356x356.png HTTP/2" 206 500 "https://www.pgkdistribution.com.au/" "Mozilla/5.0 (Linux; Android 5.0) AppleWebKit/537.36 (KHTML, like Gecko) Mobile Safari/537.36 (compatible; Bytespider; https://zhanzhang.toutiao.com/)"
110.249.202.210 - - [10/May/2026:10:23:24 +1000] "GET /wp-content/uploads/2021/05/SE030G-500x500-1-356x356.jpg HTTP/2" 206 500 "https://www.pgkdistribution.com.au/" "Mozilla/5.0 (Linux; Android 5.0) AppleWebKit/537.36 (KHTML, like Gecko) Mobile Safari/537.36 (compatible; Bytespider; https://zhanzhang.toutiao.com/)"
110.249.202.210 - - [10/May/2026:10:23:24 +1000] "GET /wp-content/uploads/2021/05/linkedin.png HTTP/2" 200 2841 "https://www.pgkdistribution.com.au/" "Mozilla/5.0 (Linux; Android 5.0) AppleWebKit/537.36 (KHTML, like Gecko) Mobile Safari/537.36 (compatible; Bytespider; https://zhanzhang.toutiao.com/)"
110.249.202.210 - - [10/May/2026:10:23:24 +1000] "GET /wp-content/uploads/2021/05/facebook.png HTTP/2" 200 2373 "https://www.pgkdistribution.com.au/" "Mozilla/5.0 (Linux; Android 5.0) AppleWebKit/537.36 (KHTML, like Gecko) Mobile Safari/537.36 (compatible; Bytespider; https://zhanzhang.toutiao.com/)"
110.249.202.210 - - [10/May/2026:10:23:23 +1000] "POST /?wc-ajax=get_refreshed_fragments HTTP/2" 200 379 "https://www.pgkdistribution.com.au/" "Mozilla/5.0 (Linux; Android 5.0) AppleWebKit/537.36 (KHTML, like Gecko) Mobile Safari/537.36 (compatible; Bytespider; https://zhanzhang.toutiao.com/)"
111.225.149.117 - - [10/May/2026:10:23:42 +1000] "GET /wp-content/uploads/2021/05/PGK-1200V-SAA-Certificate.pdf HTTP/2" 301 795 "-" "Mozilla/5.0 (Linux; Android 5.0) AppleWebKit/537.36 (KHTML, like Gecko) Mobile Safari/537.36 (compatible; Bytespider; https://zhanzhang.toutiao.com/)"
111.225.149.6 - - [10/May/2026:10:23:44 +1000] "GET /wp-content/uploads/2021/05/PGK-1200V-SAA-Certificate.pdf HTTP/2" 200 180197 "-" "Mozilla/5.0 (Linux; Android 5.0) AppleWebKit/537.36 (KHTML, like Gecko) Mobile Safari/537.36 (compatible; Bytespider; https://zhanzhang.toutiao.com/)"
111.225.148.164 - - [10/May/2026:10:24:58 +1000] "GET /robots.txt HTTP/1.1" 301 1273 "-" "Mozilla/5.0 (Linux; Android 5.0) AppleWebKit/537.36 (KHTML, like Gecko) Mobile Safari/537.36 (compatible; Bytespider; https://zhanzhang.toutiao.com/)"
111.67.29.221 - - [10/May/2026:10:25:02 +1000] "POST /wp-cron.php?doing_wp_cron=1778372702.2102301120758056640625 HTTP/1.1" 200 538 "-" "WordPress/6.9.4; https://www.pgkdistribution.com.au"
111.225.148.29 - - [10/May/2026:10:25:00 +1000] "GET /robots.txt HTTP/1.1" 200 1012 "-" "Mozilla/5.0 (Linux; Android 5.0) AppleWebKit/537.36 (KHTML, like Gecko) Mobile Safari/537.36 (compatible; Bytespider; https://zhanzhang.toutiao.com/)"
111.67.29.221 - - [10/May/2026:10:25:51 +1000] "POST /wp-cron.php?doing_wp_cron=1778372751.7591869831085205078125 HTTP/1.1" 200 538 "-" "WordPress/6.9.4; https://www.pgkdistribution.com.au"
222.165.190.235 - - [10/May/2026:10:25:49 +1000] "GET /wp-login.php HTTP/2" 200 2507 "-" "Mozilla/5.0 (Windows NT 10.0; Win64; x64) AppleWebKit/537.36 (KHTML, like Gecko) Chrome/133.0.0.0 Safari/537.36"
222.165.190.235 - - [10/May/2026:10:25:52 +1000] "POST /wp-login.php HTTP/2" 200 2657 "https://www.pgkdistribution.com.au/wp-login.php" "Mozilla/5.0 (Windows NT 10.0; Win64; x64) AppleWebKit/537.36 (KHTML, like Gecko) Chrome/133.0.0.0 Safari/537.36"
83.97.119.66 - - [10/May/2026:10:26:03 +1000] "HEAD /wp-login.php HTTP/1.1" 301 471 "-" "Mozilla/5.0 (Windows NT 10.0; Win64; x64) AppleWebKit/537.36 (KHTML, like Gecko) Chrome/120.0.0.0 Safari/537.36"
83.97.119.66 - - [10/May/2026:10:26:04 +1000] "HEAD /wp-login.php HTTP/1.1" 301 293 "-" "Mozilla/5.0 (Windows NT 10.0; Win64; x64) AppleWebKit/537.36 (KHTML, like Gecko) Chrome/120.0.0.0 Safari/537.36"
83.97.119.66 - - [10/May/2026:10:26:04 +1000] "GET /wp-login.php HTTP/1.1" 301 1134 "-" "Mozilla/5.0 (X11; Linux x86_64; rv:140.0) Gecko/20100101 Firefox/140.0"
52.167.144.25 - - [10/May/2026:10:27:20 +1000] "GET /solar-inverters/bosch-inverters.html HTTP/2" 301 795 "-" "Mozilla/5.0 AppleWebKit/537.36 (KHTML, like Gecko; compatible; bingbot/2.0; +http://www.bing.com/bingbot.htm) Chrome/116.0.1938.76 Safari/537.36"
101.112.153.176 - - [10/May/2026:10:28:13 +1000] "GET /wp-content/uploads/2021/05/AC-Weatherproof-Isolator-Installation-Manual.pdf HTTP/2" 200 784402 "https://www.google.com/" "Mozilla/5.0 (Macintosh; Intel Mac OS X 10.15; rv:150.0) Gecko/20100101 Firefox/150.0"
101.112.153.176 - - [10/May/2026:10:28:13 +1000] "GET /favicon.ico HTTP/2" 404 479 "https://www.pgkdistribution.com.au/wp-content/uploads/2021/05/AC-Weatherproof-Isolator-Installation-Manual.pdf" "Mozilla/5.0 (Macintosh; Intel Mac OS X 10.15; rv:150.0) Gecko/20100101 Firefox/150.0"
152.163.186.117 - - [10/May/2026:10:28:40 +1000] "HEAD /wp-content/uploads/2021/05/AC-Weatherproof-Isolator-Installation-Manual.pdf HTTP/1.1" 200 564 "-" "Mozilla/5.0 (Windows NT 10.0; Win64; x64) AppleWebKit/537.36 (KHTML, like Gecko) Chrome/134.0.6998.35/36 Safari/537.36"
165.140.156.83 - - [10/May/2026:10:28:50 +1000] "GET /wp-login.php HTTP/2" 301 795 "-" "Mozilla/5.0 (X11; Ubuntu; Linux x86_64; rv:133.0) Gecko/20100101 Firefox/133.0"
144.48.39.180 - - [10/May/2026:10:28:51 +1000] "GET /wp-content/uploads/2021/05/AC-Weatherproof-Isolator-Installation-Manual.pdf HTTP/2" 200 784402 "https://duckduckgo.com/" "Mozilla/5.0 (Windows NT 10.0; Win64; x64; rv:150.0) Gecko/20100101 Firefox/150.0"
144.48.39.180 - - [10/May/2026:10:28:52 +1000] "GET /favicon.ico HTTP/2" 404 479 "https://www.pgkdistribution.com.au/wp-content/uploads/2021/05/AC-Weatherproof-Isolator-Installation-Manual.pdf" "Mozilla/5.0 (Windows NT 10.0; Win64; x64; rv:150.0) Gecko/20100101 Firefox/150.0"
144.48.39.180 - - [10/May/2026:10:28:52 +1000] "GET /wp-content/uploads/2021/05/AC-Weatherproof-Isolator-Installation-Manual.pdf HTTP/2" 206 63506 "https://duckduckgo.com/" "Mozilla/5.0 (Windows NT 10.0; Win64; x64; rv:150.0) Gecko/20100101 Firefox/150.0"
111.67.29.221 - - [10/May/2026:10:28:56 +1000] "POST /wp-cron.php?doing_wp_cron=1778372936.5569519996643066406250 HTTP/1.1" 200 538 "-" "WordPress/6.9.4; https://www.pgkdistribution.com.au"
165.140.156.83 - - [10/May/2026:10:28:53 +1000] "GET /wp-login.php HTTP/2" 200 2507 "https://pgkdistribution.com.au/wp-login.php" "Mozilla/5.0 (X11; Ubuntu; Linux x86_64; rv:133.0) Gecko/20100101 Firefox/133.0"
165.140.156.83 - - [10/May/2026:10:28:56 +1000] "POST /wp-login.php HTTP/2" 301 795 "https://pgkdistribution.com.au/wp-login.php" "Mozilla/5.0 (X11; Ubuntu; Linux x86_64; rv:133.0) Gecko/20100101 Firefox/133.0"
165.140.156.83 - - [10/May/2026:10:28:57 +1000] "GET /wp-login.php HTTP/2" 200 2507 "https://pgkdistribution.com.au/wp-login.php" "Mozilla/5.0 (X11; Ubuntu; Linux x86_64; rv:133.0) Gecko/20100101 Firefox/133.0"
111.67.29.221 - - [10/May/2026:10:29:27 +1000] "POST /wp-cron.php?doing_wp_cron=1778372967.0151519775390625000000 HTTP/1.1" 200 538 "-" "WordPress/6.9.4; https://www.pgkdistribution.com.au"
34.141.230.59 - - [10/May/2026:10:29:23 +1000] "GET /product/soltaro-aaa-lithium-battery/ HTTP/2" 200 35715 "-" "LinkupBot/1.0 (LinkupBot for web indexing; https://linkup.so/bot; bot@linkup.so)"
111.67.29.221 - - [10/May/2026:10:32:11 +1000] "POST /wp-cron.php?doing_wp_cron=1778373131.7179899215698242187500 HTTP/1.1" 200 538 "-" "WordPress/6.9.4; https://www.pgkdistribution.com.au"
160.250.186.220 - - [10/May/2026:10:32:09 +1000] "GET /wp-login.php HTTP/2" 200 2507 "-" "Mozilla/5.0 (Windows NT 10.0; Win64; x64) AppleWebKit/537.36 (KHTML, like Gecko) Chrome/133.0.0.0 Safari/537.36"
160.250.186.220 - - [10/May/2026:10:32:12 +1000] "POST /wp-login.php HTTP/2" 200 2657 "https://www.pgkdistribution.com.au/wp-login.php" "Mozilla/5.0 (Windows NT 10.0; Win64; x64) AppleWebKit/537.36 (KHTML, like Gecko) Chrome/133.0.0.0 Safari/537.36"
35.252.240.13 - - [10/May/2026:10:33:11 +1000] "GET /wp-content/uploads/2019/04/Solar-Rail-150x150.png HTTP/1.1" 301 1349 "-" "Mozilla/5.0 (X11; Linux x86_64) AppleWebKit/537.36 (KHTML, like Gecko) Chrome/91.0.4472.114 Safari/537.36"
111.67.29.221 - - [10/May/2026:10:33:16 +1000] "POST /wp-cron.php?doing_wp_cron=1778373196.1979100704193115234375 HTTP/1.1" 200 538 "-" "WordPress/6.9.4; https://www.pgkdistribution.com.au"
35.252.240.13 - - [10/May/2026:10:33:13 +1000] "GET /wp-content/uploads/2019/04/Solar-Rail-150x150.png HTTP/1.1" 404 30341 "-" "Mozilla/5.0 (X11; Linux x86_64) AppleWebKit/537.36 (KHTML, like Gecko) Chrome/91.0.4472.114 Safari/537.36"
45.142.193.140 - - [10/May/2026:10:33:31 +1000] "HEAD /backup/dump.sql HTTP/2" 404 0 "-" "Mozilla/5.0 (Windows NT 10.0; Win64; x64) AppleWebKit/537.36 (KHTML, like Gecko) Chrome/121.0.0.0 Safari/537.36"
34.101.189.231 - - [10/May/2026:10:35:32 +1000] "GET /wp-login.php HTTP/2" 301 795 "-" "Mozilla/5.0 (X11; Linux i686) AppleWebKit/537.36 (KHTML, like Gecko) Chrome/133.0.0.0 Safari/537.36"
111.67.29.221 - - [10/May/2026:10:35:34 +1000] "POST /wp-cron.php?doing_wp_cron=1778373333.9996941089630126953125 HTTP/1.1" 200 538 "-" "WordPress/6.9.4; https://www.pgkdistribution.com.au"
51.161.37.186 - - [10/May/2026:10:35:32 +1000] "GET /sitemap_index.xml HTTP/2" 200 440 "-" "Mozilla/5.0 (compatible; AhrefsBot/7.0; +http://ahrefs.com/robot/)"
208.115.233.133 - - [10/May/2026:10:35:35 +1000] "GET /pub/errors/503.php?p=ZWNobyBiYXNlNjRfZGVjb2RlKCJkRzl5Ym1Ga2IyTmhjMmhyYVc1biIpOw HTTP/2" 301 795 "-" "curl/7.81.0"
208.115.233.133 - - [10/May/2026:10:35:36 +1000] "GET /errors/503.php?p=ZWNobyBiYXNlNjRfZGVjb2RlKCJkRzl5Ym1Ga2IyTmhjMmhyYVc1biIpOw HTTP/2" 301 795 "-" "curl/7.81.0"
15.235.27.46 - - [10/May/2026:10:35:36 +1000] "GET /post-sitemap.xml HTTP/2" 200 380 "-" "Mozilla/5.0 (compatible; AhrefsBot/7.0; +http://ahrefs.com/robot/)"
34.101.189.231 - - [10/May/2026:10:35:39 +1000] "GET /wp-login.php HTTP/2" 200 2507 "https://pgkdistribution.com.au/wp-login.php" "Mozilla/5.0 (X11; Linux i686) AppleWebKit/537.36 (KHTML, like Gecko) Chrome/133.0.0.0 Safari/537.36"
34.101.189.231 - - [10/May/2026:10:35:41 +1000] "POST /wp-login.php HTTP/2" 301 795 "https://pgkdistribution.com.au/wp-login.php" "Mozilla/5.0 (X11; Linux i686) AppleWebKit/537.36 (KHTML, like Gecko) Chrome/133.0.0.0 Safari/537.36"
54.39.210.244 - - [10/May/2026:10:35:40 +1000] "GET /page-sitemap.xml HTTP/2" 200 1463 "-" "Mozilla/5.0 (compatible; AhrefsBot/7.0; +http://ahrefs.com/robot/)"
34.101.189.231 - - [10/May/2026:10:35:42 +1000] "GET /wp-login.php HTTP/2" 200 2507 "https://pgkdistribution.com.au/wp-login.php" "Mozilla/5.0 (X11; Linux i686) AppleWebKit/537.36 (KHTML, like Gecko) Chrome/133.0.0.0 Safari/537.36"
54.39.89.220 - - [10/May/2026:10:35:44 +1000] "GET /product-sitemap.xml HTTP/2" 200 3368 "-" "Mozilla/5.0 (compatible; AhrefsBot/7.0; +http://ahrefs.com/robot/)"
167.114.139.125 - - [10/May/2026:10:35:48 +1000] "GET /category-sitemap.xml HTTP/2" 200 388 "-" "Mozilla/5.0 (compatible; AhrefsBot/7.0; +http://ahrefs.com/robot/)"
51.222.168.120 - - [10/May/2026:10:35:53 +1000] "GET /product_cat-sitemap.xml HTTP/2" 200 750 "-" "Mozilla/5.0 (compatible; AhrefsBot/7.0; +http://ahrefs.com/robot/)"
54.39.0.23 - - [10/May/2026:10:35:57 +1000] "GET /product_tag-sitemap.xml HTTP/2" 200 418 "-" "Mozilla/5.0 (compatible; AhrefsBot/7.0; +http://ahrefs.com/robot/)"
66.249.70.173 - - [10/May/2026:10:35:58 +1000] "GET /product/pgk-1pole20a-ac-isolatorswitch/ HTTP/1.1" 200 36468 "-" "Mozilla/5.0 (Linux; Android 6.0.1; Nexus 5X Build/MMB29P) AppleWebKit/537.36 (KHTML, like Gecko) Chrome/147.0.7727.137 Mobile Safari/537.36 (compatible; Googlebot/2.1; +http://www.google.com/bot.html)"
54.39.6.169 - - [10/May/2026:10:36:01 +1000] "GET /product_shipping_class-sitemap.xml HTTP/2" 200 411 "-" "Mozilla/5.0 (compatible; AhrefsBot/7.0; +http://ahrefs.com/robot/)"
142.44.220.91 - - [10/May/2026:10:36:05 +1000] "GET /author-sitemap.xml HTTP/2" 200 379 "-" "Mozilla/5.0 (compatible; AhrefsBot/7.0; +http://ahrefs.com/robot/)"
34.145.83.104 - - [10/May/2026:10:36:09 +1000] "GET /wp-content/uploads/2019/09/PGK-SE036B-120-155-390mm-003-260x160.png HTTP/1.1" 301 1367 "-" "Mozilla/5.0 (X11; Linux x86_64) AppleWebKit/537.36 (KHTML, like Gecko) Chrome/91.0.4472.114 Safari/537.36"
34.145.83.104 - - [10/May/2026:10:36:12 +1000] "GET /wp-content/uploads/2019/09/PGK-SE036B-120-155-390mm-003-260x160.png HTTP/1.1" 404 30358 "-" "Mozilla/5.0 (X11; Linux x86_64) AppleWebKit/537.36 (KHTML, like Gecko) Chrome/91.0.4472.114 Safari/537.36"
66.249.70.172 - - [10/May/2026:10:36:10 +1000] "POST /wp-admin/admin-ajax.php HTTP/1.1" 200 0 "https://www.pgkdistribution.com.au/product/pgk-1pole20a-ac-isolatorswitch/" "Mozilla/5.0 (Linux; Android 6.0.1; Nexus 5X Build/MMB29P) AppleWebKit/537.36 (KHTML, like Gecko) Chrome/147.0.7727.137 Mobile Safari/537.36 (compatible; Googlebot/2.1; +http://www.google.com/bot.html)"
111.67.29.221 - - [10/May/2026:10:36:21 +1000] "POST /wp-cron.php?doing_wp_cron=1778373381.7096660137176513671875 HTTP/1.1" 200 538 "-" "WordPress/6.9.4; https://www.pgkdistribution.com.au"
66.249.70.171 - - [10/May/2026:10:36:19 +1000] "POST /?wc-ajax=get_refreshed_fragments HTTP/1.1" 200 1190 "https://www.pgkdistribution.com.au/product/pgk-1pole20a-ac-isolatorswitch/" "Mozilla/5.0 (Linux; Android 6.0.1; Nexus 5X Build/MMB29P) AppleWebKit/537.36 (KHTML, like Gecko) Chrome/147.0.7727.137 Mobile Safari/537.36 (compatible; Googlebot/2.1; +http://www.google.com/bot.html)"
111.67.29.221 - - [10/May/2026:10:36:54 +1000] "POST /wp-cron.php?doing_wp_cron=1778373413.7638640403747558593750 HTTP/1.1" 200 538 "-" "WordPress/6.9.4; https://www.pgkdistribution.com.au"
92.71.40.217 - - [10/May/2026:10:37:00 +1000] "GET /product/100a-pv-dc-moulded-case-circuit-breaker/ HTTP/2" 200 34813 "-" "Mozilla/5.0 (Macintosh; Intel Mac OS X 10_15_7) AppleWebKit/537.36 (KHTML, like Gecko) Chrome/142.0.0.0 Safari/537.36"
111.225.149.133 - - [10/May/2026:10:38:05 +1000] "GET / HTTP/2" 301 795 "-" "Mozilla/5.0 (Linux; Android 5.0) AppleWebKit/537.36 (KHTML, like Gecko) Mobile Safari/537.36 (compatible; Bytespider; https://zhanzhang.toutiao.com/)"
111.67.29.221 - - [10/May/2026:10:38:11 +1000] "POST /wp-cron.php?doing_wp_cron=1778373491.2176749706268310546875 HTTP/1.1" 200 538 "-" "WordPress/6.9.4; https://www.pgkdistribution.com.au"
111.225.149.225 - - [10/May/2026:10:38:06 +1000] "GET / HTTP/2" 200 42866 "-" "Mozilla/5.0 (Linux; Android 5.0) AppleWebKit/537.36 (KHTML, like Gecko) Mobile Safari/537.36 (compatible; Bytespider; https://zhanzhang.toutiao.com/)"
111.225.149.225 - - [10/May/2026:10:38:11 +1000] "GET /wp-content/plugins/user-registration-plugin-for-woocommerce/front/css/afreg_color_spectrum.css?ver=1.0 HTTP/2" 200 3713 "https://www.pgkdistribution.com.au/" "Mozilla/5.0 (Linux; Android 5.0) AppleWebKit/537.36 (KHTML, like Gecko) Mobile Safari/537.36 (compatible; Bytespider; https://zhanzhang.toutiao.com/)"
111.225.149.225 - - [10/May/2026:10:38:11 +1000] "GET /wp-content/plugins/user-registration-plugin-for-woocommerce/front/css/afreg_front.css?ver=1.0 HTTP/2" 200 536 "https://www.pgkdistribution.com.au/" "Mozilla/5.0 (Linux; Android 5.0) AppleWebKit/537.36 (KHTML, like Gecko) Mobile Safari/537.36 (compatible; Bytespider; https://zhanzhang.toutiao.com/)"
111.225.149.225 - - [10/May/2026:10:38:12 +1000] "GET /wp-content/plugins/gutentor/assets/library/animatecss/animate.min.css?ver=3.7.2 HTTP/2" 200 4011 "https://www.pgkdistribution.com.au/" "Mozilla/5.0 (Linux; Android 5.0) AppleWebKit/537.36 (KHTML, like Gecko) Mobile Safari/537.36 (compatible; Bytespider; https://zhanzhang.toutiao.com/)"
111.225.149.225 - - [10/May/2026:10:38:12 +1000] "GET /wp-includes/css/dist/components/style.min.css?ver=6.9.4 HTTP/2" 200 13467 "https://www.pgkdistribution.com.au/" "Mozilla/5.0 (Linux; Android 5.0) AppleWebKit/537.36 (KHTML, like Gecko) Mobile Safari/537.36 (compatible; Bytespider; https://zhanzhang.toutiao.com/)"
