34.220.61.166 - - [10/May/2026:09:24:05 +1000] "GET /product-category/air-conditioning/ HTTP/2" 200 29011 "-" "Mozilla/5.0 (Windows NT 10.0; Win64; x64) AppleWebKit/537.36 (KHTML, like Gecko) Chrome/128.0.0.0 Safari/537.36"
17.22.237.107 - - [10/May/2026:09:24:08 +1000] "GET /wp-includes/blocks/heading/style.min.css?ver=6.9.4 HTTP/1.1" 200 890 "https://www.pgkdistribution.com.au/terms-and-conditions-of-sale/" "Mozilla/5.0 (Macintosh; Intel Mac OS X 10_15_7) AppleWebKit/605.1.15 (KHTML, like Gecko) Version/17.4 Safari/605.1.15 (Applebot/0.1; +http://www.apple.com/go/applebot)"
17.22.253.53 - - [10/May/2026:09:24:09 +1000] "GET /wp-includes/blocks/list/style.min.css?ver=6.9.4 HTTP/1.1" 200 724 "https://www.pgkdistribution.com.au/terms-and-conditions-of-sale/" "Mozilla/5.0 (Macintosh; Intel Mac OS X 10_15_7) AppleWebKit/605.1.15 (KHTML, like Gecko) Version/17.4 Safari/605.1.15 (Applebot/0.1; +http://www.apple.com/go/applebot)"
17.22.237.50 - - [10/May/2026:09:24:11 +1000] "GET /wp-includes/js/jquery/jquery.min.js?ver=3.7.1 HTTP/1.1" 200 36047 "https://www.pgkdistribution.com.au/terms-and-conditions-of-sale/" "Mozilla/5.0 (Macintosh; Intel Mac OS X 10_15_7) AppleWebKit/605.1.15 (KHTML, like Gecko) Version/17.4 Safari/605.1.15 (Applebot/0.1; +http://www.apple.com/go/applebot)"
17.22.245.218 - - [10/May/2026:09:24:12 +1000] "GET /wp-includes/js/jquery/jquery-migrate.min.js?ver=3.4.1 HTTP/1.1" 200 5950 "https://www.pgkdistribution.com.au/terms-and-conditions-of-sale/" "Mozilla/5.0 (Macintosh; Intel Mac OS X 10_15_7) AppleWebKit/605.1.15 (KHTML, like Gecko) Version/17.4 Safari/605.1.15 (Applebot/0.1; +http://www.apple.com/go/applebot)"
17.22.245.44 - - [10/May/2026:09:24:13 +1000] "GET /wp-content/plugins/user-registration-plugin-for-woocommerce/front/js/afreg_front.js?ver=1.0 HTTP/1.1" 200 2659 "https://www.pgkdistribution.com.au/terms-and-conditions-of-sale/" "Mozilla/5.0 (Macintosh; Intel Mac OS X 10_15_7) AppleWebKit/605.1.15 (KHTML, like Gecko) Version/17.4 Safari/605.1.15 (Applebot/0.1; +http://www.apple.com/go/applebot)"
17.22.253.159 - - [10/May/2026:09:24:15 +1000] "GET /wp-content/plugins/user-registration-plugin-for-woocommerce/front/js/afreg_color_spectrum.js?ver=1.0 HTTP/1.1" 200 21832 "https://www.pgkdistribution.com.au/terms-and-conditions-of-sale/" "Mozilla/5.0 (Macintosh; Intel Mac OS X 10_15_7) AppleWebKit/605.1.15 (KHTML, like Gecko) Version/17.4 Safari/605.1.15 (Applebot/0.1; +http://www.apple.com/go/applebot)"
34.220.61.166 - - [10/May/2026:09:24:13 +1000] "GET /product-category/allproducts/ HTTP/2" 200 28742 "-" "Mozilla/5.0 (Windows NT 10.0; Win64; x64) AppleWebKit/537.36 (KHTML, like Gecko) Chrome/128.0.0.0 Safari/537.36"
17.22.245.199 - - [10/May/2026:09:24:16 +1000] "GET /wp-content/plugins/hide-price-add-to-cart-button/assets/js/afwhp_front.js?ver=1.0 HTTP/1.1" 200 624 "https://www.pgkdistribution.com.au/terms-and-conditions-of-sale/" "Mozilla/5.0 (Macintosh; Intel Mac OS X 10_15_7) AppleWebKit/605.1.15 (KHTML, like Gecko) Version/17.4 Safari/605.1.15 (Applebot/0.1; +http://www.apple.com/go/applebot)"
17.22.253.161 - - [10/May/2026:09:24:18 +1000] "GET /wp-content/plugins/hide-price-add-to-cart-button/assets/js/jquery.popupoverlay.js?ver=1.0 HTTP/1.1" 200 7513 "https://www.pgkdistribution.com.au/terms-and-conditions-of-sale/" "Mozilla/5.0 (Macintosh; Intel Mac OS X 10_15_7) AppleWebKit/605.1.15 (KHTML, like Gecko) Version/17.4 Safari/605.1.15 (Applebot/0.1; +http://www.apple.com/go/applebot)"
17.22.237.178 - - [10/May/2026:09:24:20 +1000] "GET /wp-content/plugins/tier-pricing-table/assets/frontend/product-tiered-pricing-table.min.js?ver=8.3.0 HTTP/1.1" 200 6603 "https://www.pgkdistribution.com.au/terms-and-conditions-of-sale/" "Mozilla/5.0 (Macintosh; Intel Mac OS X 10_15_7) AppleWebKit/605.1.15 (KHTML, like Gecko) Version/17.4 Safari/605.1.15 (Applebot/0.1; +http://www.apple.com/go/applebot)"
17.22.237.184 - - [10/May/2026:09:24:21 +1000] "GET /wp-content/plugins/woocommerce/assets/js/jquery-blockui/jquery.blockUI.min.js?ver=2.7.0-wc.10.7.0 HTTP/1.1" 200 4418 "https://www.pgkdistribution.com.au/terms-and-conditions-of-sale/" "Mozilla/5.0 (Macintosh; Intel Mac OS X 10_15_7) AppleWebKit/605.1.15 (KHTML, like Gecko) Version/17.4 Safari/605.1.15 (Applebot/0.1; +http://www.apple.com/go/applebot)"
17.22.253.154 - - [10/May/2026:09:24:22 +1000] "GET /wp-content/plugins/woocommerce/assets/js/frontend/add-to-cart.min.js?ver=10.7.0 HTTP/1.1" 200 2167 "https://www.pgkdistribution.com.au/terms-and-conditions-of-sale/" "Mozilla/5.0 (Macintosh; Intel Mac OS X 10_15_7) AppleWebKit/605.1.15 (KHTML, like Gecko) Version/17.4 Safari/605.1.15 (Applebot/0.1; +http://www.apple.com/go/applebot)"
17.22.245.252 - - [10/May/2026:09:24:24 +1000] "GET /wp-content/plugins/woocommerce/assets/js/js-cookie/js.cookie.min.js?ver=2.1.4-wc.10.7.0 HTTP/1.1" 200 1460 "https://www.pgkdistribution.com.au/terms-and-conditions-of-sale/" "Mozilla/5.0 (Macintosh; Intel Mac OS X 10_15_7) AppleWebKit/605.1.15 (KHTML, like Gecko) Version/17.4 Safari/605.1.15 (Applebot/0.1; +http://www.apple.com/go/applebot)"
17.22.237.10 - - [10/May/2026:09:24:26 +1000] "GET /wp-content/plugins/woocommerce/assets/js/frontend/woocommerce.min.js?ver=10.7.0 HTTP/1.1" 200 2245 "https://www.pgkdistribution.com.au/terms-and-conditions-of-sale/" "Mozilla/5.0 (Macintosh; Intel Mac OS X 10_15_7) AppleWebKit/605.1.15 (KHTML, like Gecko) Version/17.4 Safari/605.1.15 (Applebot/0.1; +http://www.apple.com/go/applebot)"
17.22.237.20 - - [10/May/2026:09:24:27 +1000] "GET /wp-content/plugins/woocommerce/assets/js/frontend/cart-fragments.min.js?ver=10.7.0 HTTP/1.1" 200 1716 "https://www.pgkdistribution.com.au/terms-and-conditions-of-sale/" "Mozilla/5.0 (Macintosh; Intel Mac OS X 10_15_7) AppleWebKit/605.1.15 (KHTML, like Gecko) Version/17.4 Safari/605.1.15 (Applebot/0.1; +http://www.apple.com/go/applebot)"
17.22.237.78 - - [10/May/2026:09:24:29 +1000] "GET /wp-content/plugins/gutentor/dist/gutentor-woocommerce.css?ver=3.5.3 HTTP/1.1" 200 1413 "https://www.pgkdistribution.com.au/terms-and-conditions-of-sale/" "Mozilla/5.0 (Macintosh; Intel Mac OS X 10_15_7) AppleWebKit/605.1.15 (KHTML, like Gecko) Version/17.4 Safari/605.1.15 (Applebot/0.1; +http://www.apple.com/go/applebot)"
111.67.29.221 - - [10/May/2026:09:24:30 +1000] "POST /wp-cron.php?doing_wp_cron=1778369070.4570479393005371093750 HTTP/1.1" 200 538 "-" "WordPress/6.9.4; https://www.pgkdistribution.com.au"
34.220.61.166 - - [10/May/2026:09:24:27 +1000] "GET /product/2-5kw-reverse-cycle-split-system/ HTTP/2" 200 34790 "-" "Mozilla/5.0 (Windows NT 10.0; Win64; x64) AppleWebKit/537.36 (KHTML, like Gecko) Chrome/128.0.0.0 Safari/537.36"
17.22.245.213 - - [10/May/2026:09:24:30 +1000] "GET /wp-content/plugins/gutentor/assets/library/wow/wow.min.js?ver=1.2.1 HTTP/1.1" 200 3708 "https://www.pgkdistribution.com.au/terms-and-conditions-of-sale/" "Mozilla/5.0 (Macintosh; Intel Mac OS X 10_15_7) AppleWebKit/605.1.15 (KHTML, like Gecko) Version/17.4 Safari/605.1.15 (Applebot/0.1; +http://www.apple.com/go/applebot)"
17.22.253.39 - - [10/May/2026:09:24:31 +1000] "GET /wp-content/plugins/advanced-product-fields-for-woocommerce/assets/js/frontend.min.js?ver=1.6.17 HTTP/1.1" 200 3062 "https://www.pgkdistribution.com.au/terms-and-conditions-of-sale/" "Mozilla/5.0 (Macintosh; Intel Mac OS X 10_15_7) AppleWebKit/605.1.15 (KHTML, like Gecko) Version/17.4 Safari/605.1.15 (Applebot/0.1; +http://www.apple.com/go/applebot)"
17.22.245.29 - - [10/May/2026:09:24:33 +1000] "GET /wp-includes/js/dist/hooks.min.js?ver=dd5603f07f9220ed27f1 HTTP/1.1" 200 2671 "https://www.pgkdistribution.com.au/terms-and-conditions-of-sale/" "Mozilla/5.0 (Macintosh; Intel Mac OS X 10_15_7) AppleWebKit/605.1.15 (KHTML, like Gecko) Version/17.4 Safari/605.1.15 (Applebot/0.1; +http://www.apple.com/go/applebot)"
17.22.237.158 - - [10/May/2026:09:24:34 +1000] "GET /wp-includes/js/dist/i18n.min.js?ver=c26c3dc7bed366793375 HTTP/1.1" 200 2965 "https://www.pgkdistribution.com.au/terms-and-conditions-of-sale/" "Mozilla/5.0 (Macintosh; Intel Mac OS X 10_15_7) AppleWebKit/605.1.15 (KHTML, like Gecko) Version/17.4 Safari/605.1.15 (Applebot/0.1; +http://www.apple.com/go/applebot)"
17.22.253.64 - - [10/May/2026:09:24:35 +1000] "GET /wp-content/plugins/contact-form-7/includes/swv/js/index.js?ver=6.1.3 HTTP/1.1" 200 4486 "https://www.pgkdistribution.com.au/terms-and-conditions-of-sale/" "Mozilla/5.0 (Macintosh; Intel Mac OS X 10_15_7) AppleWebKit/605.1.15 (KHTML, like Gecko) Version/17.4 Safari/605.1.15 (Applebot/0.1; +http://www.apple.com/go/applebot)"
17.22.253.187 - - [10/May/2026:09:24:37 +1000] "GET /wp-content/plugins/contact-form-7/includes/js/index.js?ver=6.1.3 HTTP/1.1" 200 5396 "https://www.pgkdistribution.com.au/terms-and-conditions-of-sale/" "Mozilla/5.0 (Macintosh; Intel Mac OS X 10_15_7) AppleWebKit/605.1.15 (KHTML, like Gecko) Version/17.4 Safari/605.1.15 (Applebot/0.1; +http://www.apple.com/go/applebot)"
17.22.253.53 - - [10/May/2026:09:24:39 +1000] "GET /wp-content/plugins/woocommerce-table-rate-shipping/assets/js/frontend-checkout.min.js?ver=3.5.8 HTTP/1.1" 200 848 "https://www.pgkdistribution.com.au/terms-and-conditions-of-sale/" "Mozilla/5.0 (Macintosh; Intel Mac OS X 10_15_7) AppleWebKit/605.1.15 (KHTML, like Gecko) Version/17.4 Safari/605.1.15 (Applebot/0.1; +http://www.apple.com/go/applebot)"
17.22.253.103 - - [10/May/2026:09:24:40 +1000] "GET /wp-content/plugins/mailchimp-for-woocommerce/public/js/mailchimp-woocommerce-public.min.js?ver=5.5.1.07 HTTP/1.1" 200 3179 "https://www.pgkdistribution.com.au/terms-and-conditions-of-sale/" "Mozilla/5.0 (Macintosh; Intel Mac OS X 10_15_7) AppleWebKit/605.1.15 (KHTML, like Gecko) Version/17.4 Safari/605.1.15 (Applebot/0.1; +http://www.apple.com/go/applebot)"
17.22.253.180 - - [10/May/2026:09:24:42 +1000] "GET /wp-content/themes/storefront/assets/js/navigation.min.js?ver=4.6.1 HTTP/1.1" 200 1642 "https://www.pgkdistribution.com.au/terms-and-conditions-of-sale/" "Mozilla/5.0 (Macintosh; Intel Mac OS X 10_15_7) AppleWebKit/605.1.15 (KHTML, like Gecko) Version/17.4 Safari/605.1.15 (Applebot/0.1; +http://www.apple.com/go/applebot)"
17.22.245.45 - - [10/May/2026:09:24:43 +1000] "GET /wp-content/plugins/storefront-hamburger-menu/assets/js/frontend.min.js?ver=1.2.2 HTTP/1.1" 200 880 "https://www.pgkdistribution.com.au/terms-and-conditions-of-sale/" "Mozilla/5.0 (Macintosh; Intel Mac OS X 10_15_7) AppleWebKit/605.1.15 (KHTML, like Gecko) Version/17.4 Safari/605.1.15 (Applebot/0.1; +http://www.apple.com/go/applebot)"
17.22.253.56 - - [10/May/2026:09:24:44 +1000] "GET /wp-content/plugins/woocommerce/assets/js/sourcebuster/sourcebuster.min.js?ver=10.7.0 HTTP/1.1" 200 5948 "https://www.pgkdistribution.com.au/terms-and-conditions-of-sale/" "Mozilla/5.0 (Macintosh; Intel Mac OS X 10_15_7) AppleWebKit/605.1.15 (KHTML, like Gecko) Version/17.4 Safari/605.1.15 (Applebot/0.1; +http://www.apple.com/go/applebot)"
34.220.61.166 - - [10/May/2026:09:24:43 +1000] "GET /product/1x4mm%C2%B2-iec-62930-dc-cable-500m/ HTTP/2" 200 35018 "-" "Mozilla/5.0 (Windows NT 10.0; Win64; x64) AppleWebKit/537.36 (KHTML, like Gecko) Chrome/128.0.0.0 Safari/537.36"
17.22.253.233 - - [10/May/2026:09:24:46 +1000] "GET /wp-content/plugins/woocommerce/assets/js/frontend/order-attribution.min.js?ver=10.7.0 HTTP/1.1" 200 1792 "https://www.pgkdistribution.com.au/terms-and-conditions-of-sale/" "Mozilla/5.0 (Macintosh; Intel Mac OS X 10_15_7) AppleWebKit/605.1.15 (KHTML, like Gecko) Version/17.4 Safari/605.1.15 (Applebot/0.1; +http://www.apple.com/go/applebot)"
17.22.237.191 - - [10/May/2026:09:24:47 +1000] "GET /wp-content/themes/storefront/assets/js/woocommerce/header-cart.min.js?ver=4.6.1 HTTP/1.1" 200 919 "https://www.pgkdistribution.com.au/terms-and-conditions-of-sale/" "Mozilla/5.0 (Macintosh; Intel Mac OS X 10_15_7) AppleWebKit/605.1.15 (KHTML, like Gecko) Version/17.4 Safari/605.1.15 (Applebot/0.1; +http://www.apple.com/go/applebot)"
17.22.253.207 - - [10/May/2026:09:24:49 +1000] "GET /wp-content/themes/storefront/assets/js/footer.min.js?ver=4.6.1 HTTP/1.1" 200 999 "https://www.pgkdistribution.com.au/terms-and-conditions-of-sale/" "Mozilla/5.0 (Macintosh; Intel Mac OS X 10_15_7) AppleWebKit/605.1.15 (KHTML, like Gecko) Version/17.4 Safari/605.1.15 (Applebot/0.1; +http://www.apple.com/go/applebot)"
34.220.61.166 - - [10/May/2026:09:24:47 +1000] "GET /product/2x16mm%C2%B2-iec-62930-dc-cable-100m/ HTTP/2" 200 35220 "-" "Mozilla/5.0 (Windows NT 10.0; Win64; x64) AppleWebKit/537.36 (KHTML, like Gecko) Chrome/128.0.0.0 Safari/537.36"
17.22.253.136 - - [10/May/2026:09:24:50 +1000] "GET /wp-content/themes/homestore/assets/js/homestore.min.js?ver=2.0.33 HTTP/1.1" 200 1710 "https://www.pgkdistribution.com.au/terms-and-conditions-of-sale/" "Mozilla/5.0 (Macintosh; Intel Mac OS X 10_15_7) AppleWebKit/605.1.15 (KHTML, like Gecko) Version/17.4 Safari/605.1.15 (Applebot/0.1; +http://www.apple.com/go/applebot)"
17.22.245.120 - - [10/May/2026:09:24:51 +1000] "GET /wp-content/themes/storefront/assets/js/woocommerce/extensions/brands.min.js?ver=4.6.1 HTTP/1.1" 200 923 "https://www.pgkdistribution.com.au/terms-and-conditions-of-sale/" "Mozilla/5.0 (Macintosh; Intel Mac OS X 10_15_7) AppleWebKit/605.1.15 (KHTML, like Gecko) Version/17.4 Safari/605.1.15 (Applebot/0.1; +http://www.apple.com/go/applebot)"
17.22.237.152 - - [10/May/2026:09:24:53 +1000] "GET /wp-content/plugins/gutentor/assets/js/gutentor.js?ver=3.5.3 HTTP/1.1" 200 15767 "https://www.pgkdistribution.com.au/terms-and-conditions-of-sale/" "Mozilla/5.0 (Macintosh; Intel Mac OS X 10_15_7) AppleWebKit/605.1.15 (KHTML, like Gecko) Version/17.4 Safari/605.1.15 (Applebot/0.1; +http://www.apple.com/go/applebot)"
17.22.237.182 - - [10/May/2026:09:24:55 +1000] "GET /wp-includes/js/wp-emoji-release.min.js?ver=6.9.4 HTTP/1.1" 200 6901 "https://www.pgkdistribution.com.au/terms-and-conditions-of-sale/" "Mozilla/5.0 (Macintosh; Intel Mac OS X 10_15_7) AppleWebKit/605.1.15 (KHTML, like Gecko) Version/17.4 Safari/605.1.15 (Applebot/0.1; +http://www.apple.com/go/applebot)"
111.67.29.221 - - [10/May/2026:09:24:57 +1000] "POST /wp-cron.php?doing_wp_cron=1778369097.0271010398864746093750 HTTP/1.1" 200 538 "-" "WordPress/6.9.4; https://www.pgkdistribution.com.au"
34.220.61.166 - - [10/May/2026:09:24:54 +1000] "GET /product/2x4mm%C2%B2-iec-62930-dc-cable-500m/ HTTP/2" 200 34698 "-" "Mozilla/5.0 (Windows NT 10.0; Win64; x64) AppleWebKit/537.36 (KHTML, like Gecko) Chrome/128.0.0.0 Safari/537.36"
103.131.71.45 - - [10/May/2026:09:24:58 +1000] "GET /wp-content/uploads/2023/01/Soltaro-EV-Charger.jpg HTTP/1.1" 304 491 "-" "Mozilla/5.0 (compatible; coccocbot-image/1.0; +http://help.coccoc.com/searchengine)"
17.22.245.82 - - [10/May/2026:09:24:56 +1000] "POST /?wc-ajax=get_refreshed_fragments HTTP/1.1" 200 1190 "https://www.pgkdistribution.com.au/terms-and-conditions-of-sale/" "Mozilla/5.0 (Macintosh; Intel Mac OS X 10_15_7) AppleWebKit/605.1.15 (KHTML, like Gecko) Version/17.4 Safari/605.1.15 (Applebot/0.1; +http://www.apple.com/go/applebot)"
34.220.61.166 - - [10/May/2026:09:25:08 +1000] "GET /product/black-dektite-0mm-35mm-roof-flashing/ HTTP/2" 200 34981 "-" "Mozilla/5.0 (Windows NT 10.0; Win64; x64) AppleWebKit/537.36 (KHTML, like Gecko) Chrome/128.0.0.0 Safari/537.36"
111.67.29.221 - - [10/May/2026:09:25:20 +1000] "POST /wp-cron.php?doing_wp_cron=1778369120.7322640419006347656250 HTTP/1.1" 200 538 "-" "WordPress/6.9.4; https://www.pgkdistribution.com.au"
34.220.61.166 - - [10/May/2026:09:25:17 +1000] "GET /my-account/ HTTP/2" 200 33870 "-" "Mozilla/5.0 (Windows NT 10.0; Win64; x64) AppleWebKit/537.36 (KHTML, like Gecko) Chrome/128.0.0.0 Safari/537.36"
34.220.61.166 - - [10/May/2026:09:25:33 +1000] "GET /privacy-policy/ HTTP/2" 200 38471 "-" "Mozilla/5.0 (Windows NT 10.0; Win64; x64) AppleWebKit/537.36 (KHTML, like Gecko) Chrome/128.0.0.0 Safari/537.36"
34.220.61.166 - - [10/May/2026:09:25:37 +1000] "GET /product/pgk-2p-indoor-enclosure/ HTTP/2" 200 35109 "-" "Mozilla/5.0 (Windows NT 10.0; Win64; x64) AppleWebKit/537.36 (KHTML, like Gecko) Chrome/128.0.0.0 Safari/537.36"
34.220.61.166 - - [10/May/2026:09:25:45 +1000] "GET /product/pgk-4p-wp-enclosures-ip66/ HTTP/2" 200 34907 "-" "Mozilla/5.0 (Windows NT 10.0; Win64; x64) AppleWebKit/537.36 (KHTML, like Gecko) Chrome/128.0.0.0 Safari/537.36"
34.220.61.166 - - [10/May/2026:09:25:58 +1000] "GET /product/pgk-8p-wp-enclosures-ip65/ HTTP/2" 200 34892 "-" "Mozilla/5.0 (Windows NT 10.0; Win64; x64) AppleWebKit/537.36 (KHTML, like Gecko) Chrome/128.0.0.0 Safari/537.36"
185.209.229.195 - - [10/May/2026:09:26:00 +1000] "GET /wp-login.php HTTP/2" 200 2507 "-" "Mozilla/5.0 (Windows NT 10.0; Win64; x64) AppleWebKit/537.36 (KHTML, like Gecko) Chrome/133.0.0.0 Safari/537.36"
185.209.229.195 - - [10/May/2026:09:26:03 +1000] "POST /wp-login.php HTTP/2" 200 2657 "https://www.pgkdistribution.com.au/wp-login.php" "Mozilla/5.0 (Windows NT 10.0; Win64; x64) AppleWebKit/537.36 (KHTML, like Gecko) Chrome/133.0.0.0 Safari/537.36"
34.220.61.166 - - [10/May/2026:09:26:14 +1000] "GET /product/akcome-mono-315w-perc/ HTTP/2" 200 33570 "-" "Mozilla/5.0 (Windows NT 10.0; Win64; x64) AppleWebKit/537.36 (KHTML, like Gecko) Chrome/128.0.0.0 Safari/537.36"
111.67.29.221 - - [10/May/2026:09:26:21 +1000] "POST /wp-cron.php?doing_wp_cron=1778369181.6575379371643066406250 HTTP/1.1" 200 538 "-" "WordPress/6.9.4; https://www.pgkdistribution.com.au"
34.220.61.166 - - [10/May/2026:09:26:19 +1000] "GET /product/250a-pv-dc-moulded-case-circuit-breaker/ HTTP/2" 200 34814 "-" "Mozilla/5.0 (Windows NT 10.0; Win64; x64) AppleWebKit/537.36 (KHTML, like Gecko) Chrome/128.0.0.0 Safari/537.36"
34.220.61.166 - - [10/May/2026:09:26:27 +1000] "GET /product-category/electricals-2/circuit-breakers/ HTTP/2" 200 29881 "-" "Mozilla/5.0 (Windows NT 10.0; Win64; x64) AppleWebKit/537.36 (KHTML, like Gecko) Chrome/128.0.0.0 Safari/537.36"
34.220.61.166 - - [10/May/2026:09:26:38 +1000] "GET /product/160a-pv-dc-moulded-case-circuit-breaker/ HTTP/2" 200 34691 "-" "Mozilla/5.0 (Windows NT 10.0; Win64; x64) AppleWebKit/537.36 (KHTML, like Gecko) Chrome/128.0.0.0 Safari/537.36"
34.220.61.166 - - [10/May/2026:09:26:48 +1000] "GET /product/pgk-300v-20a-1p-np-dc-breaker/ HTTP/2" 200 34912 "-" "Mozilla/5.0 (Windows NT 10.0; Win64; x64) AppleWebKit/537.36 (KHTML, like Gecko) Chrome/128.0.0.0 Safari/537.36"
51.75.85.213 - - [10/May/2026:09:26:57 +1000] "GET /blog-verify HTTP/2" 301 795 "-" "Mozilla/5.0 (Windows NT 10.0; Win64; x64) AppleWebKit/537.36 (KHTML, like Gecko) Chrome/147.0.0.0 Safari/537.36"
34.220.61.166 - - [10/May/2026:09:26:58 +1000] "GET /product/pgk-1p-indoor-enclosure/ HTTP/2" 200 34981 "-" "Mozilla/5.0 (Windows NT 10.0; Win64; x64) AppleWebKit/537.36 (KHTML, like Gecko) Chrome/128.0.0.0 Safari/537.36"
51.75.85.213 - - [10/May/2026:09:26:59 +1000] "GET /blog-verify HTTP/2" 404 114085 "-" "Mozilla/5.0 (Windows NT 10.0; Win64; x64) AppleWebKit/537.36 (KHTML, like Gecko) Chrome/147.0.0.0 Safari/537.36"
34.220.61.166 - - [10/May/2026:09:27:06 +1000] "GET /product/air-purifier-85/ HTTP/2" 200 34744 "-" "Mozilla/5.0 (Windows NT 10.0; Win64; x64) AppleWebKit/537.36 (KHTML, like Gecko) Chrome/128.0.0.0 Safari/537.36"
51.75.85.213 - - [10/May/2026:09:27:14 +1000] "GET /?wmo_hc=k7Hx9mQp2wRt HTTP/2" 301 795 "-" "Mozilla/5.0 (Macintosh; Intel Mac OS X 10_15_7) AppleWebKit/537.36 (KHTML, like Gecko) Chrome/147.0.0.0 Safari/537.36"
51.75.85.213 - - [10/May/2026:09:27:15 +1000] "GET /?wmo_hc=k7Hx9mQp2wRt HTTP/2" 200 197009 "-" "Mozilla/5.0 (Macintosh; Intel Mac OS X 10_15_7) AppleWebKit/537.36 (KHTML, like Gecko) Chrome/147.0.0.0 Safari/537.36"
111.67.29.221 - - [10/May/2026:09:27:20 +1000] "POST /wp-cron.php?doing_wp_cron=1778369240.1605429649353027343750 HTTP/1.1" 200 538 "-" "WordPress/6.9.4; https://www.pgkdistribution.com.au"
34.220.61.166 - - [10/May/2026:09:27:18 +1000] "GET /product/1-pole-63a-ac-isolator-switch/ HTTP/2" 200 35061 "-" "Mozilla/5.0 (Windows NT 10.0; Win64; x64) AppleWebKit/537.36 (KHTML, like Gecko) Chrome/128.0.0.0 Safari/537.36"
104.28.90.5 - - [10/May/2026:09:27:27 +1000] "GET /.well-known/passkey-endpoints HTTP/2" 301 795 "-" "com.apple.AuthenticationServicesCore.AuthenticationServicesAgent/8623.2.7.110.1 CFNetwork/3860.400.51 Darwin/25.3.0"
104.28.90.2 - - [10/May/2026:09:27:27 +1000] "GET /.well-known/passkey-endpoints HTTP/2" 404 29453 "-" "com.apple.AuthenticationServicesCore.AuthenticationServicesAgent/8623.2.7.110.1 CFNetwork/3860.400.51 Darwin/25.3.0"
34.220.61.166 - - [10/May/2026:09:27:28 +1000] "GET /product/pgk-1000v-dc-isomc4-gen200mm/ HTTP/2" 200 35028 "-" "Mozilla/5.0 (Windows NT 10.0; Win64; x64) AppleWebKit/537.36 (KHTML, like Gecko) Chrome/128.0.0.0 Safari/537.36"
111.67.29.221 - - [10/May/2026:09:27:42 +1000] "POST /wp-cron.php?doing_wp_cron=1778369262.2758910655975341796875 HTTP/1.1" 200 538 "-" "WordPress/6.9.4; https://www.pgkdistribution.com.au"
34.220.61.166 - - [10/May/2026:09:27:39 +1000] "GET /product/solar-pv-label-kit-basic/ HTTP/2" 200 35266 "-" "Mozilla/5.0 (Windows NT 10.0; Win64; x64) AppleWebKit/537.36 (KHTML, like Gecko) Chrome/128.0.0.0 Safari/537.36"
205.210.31.131 - - [10/May/2026:09:27:53 +1000] "GET / HTTP/1.1" 301 1300 "-" "Hello from Palo Alto Networks, find out more about our scans in https://docs-cortex.paloaltonetworks.com/r/1/Cortex-Xpanse/Scanning-activity"
34.220.61.166 - - [10/May/2026:09:27:55 +1000] "GET /product/pgk-1200v-dc-isolatormc4-200mm/ HTTP/2" 200 35099 "-" "Mozilla/5.0 (Windows NT 10.0; Win64; x64) AppleWebKit/537.36 (KHTML, like Gecko) Chrome/128.0.0.0 Safari/537.36"
34.220.61.166 - - [10/May/2026:09:27:57 +1000] "GET /product/pgk-4p-1200v-32a-din-railmount/ HTTP/2" 200 35004 "-" "Mozilla/5.0 (Windows NT 10.0; Win64; x64) AppleWebKit/537.36 (KHTML, like Gecko) Chrome/128.0.0.0 Safari/537.36"
34.220.61.166 - - [10/May/2026:09:28:07 +1000] "GET /product/soltaro-aio2-5kw-10kwh/ HTTP/2" 200 34669 "-" "Mozilla/5.0 (Windows NT 10.0; Win64; x64) AppleWebKit/537.36 (KHTML, like Gecko) Chrome/128.0.0.0 Safari/537.36"
111.67.29.221 - - [10/May/2026:09:28:21 +1000] "POST /wp-cron.php?doing_wp_cron=1778369301.2455570697784423828125 HTTP/1.1" 200 538 "-" "WordPress/6.9.4; https://www.pgkdistribution.com.au"
34.220.61.166 - - [10/May/2026:09:28:19 +1000] "GET /product/soltaro-all-in-one-5kwh-battery-cover-and-cables/ HTTP/2" 200 35013 "-" "Mozilla/5.0 (Windows NT 10.0; Win64; x64) AppleWebKit/537.36 (KHTML, like Gecko) Chrome/128.0.0.0 Safari/537.36"
34.220.61.166 - - [10/May/2026:09:28:29 +1000] "GET /product/pgk-mc4-type-crimping-tool/ HTTP/2" 200 35162 "-" "Mozilla/5.0 (Windows NT 10.0; Win64; x64) AppleWebKit/537.36 (KHTML, like Gecko) Chrome/128.0.0.0 Safari/537.36"
34.220.61.166 - - [10/May/2026:09:28:46 +1000] "GET /product/solar-pv-label-kit-disconnection-point/ HTTP/2" 200 34904 "-" "Mozilla/5.0 (Windows NT 10.0; Win64; x64) AppleWebKit/537.36 (KHTML, like Gecko) Chrome/128.0.0.0 Safari/537.36"
34.220.61.166 - - [10/May/2026:09:28:48 +1000] "GET /shop/page/2/ HTTP/2" 200 30569 "-" "Mozilla/5.0 (Windows NT 10.0; Win64; x64) AppleWebKit/537.36 (KHTML, like Gecko) Chrome/128.0.0.0 Safari/537.36"
34.220.61.166 - - [10/May/2026:09:28:57 +1000] "GET /shop/page/7/ HTTP/2" 200 30426 "-" "Mozilla/5.0 (Windows NT 10.0; Win64; x64) AppleWebKit/537.36 (KHTML, like Gecko) Chrome/128.0.0.0 Safari/537.36"
34.220.61.166 - - [10/May/2026:09:29:09 +1000] "GET /shop/page/6/ HTTP/2" 200 30643 "-" "Mozilla/5.0 (Windows NT 10.0; Win64; x64) AppleWebKit/537.36 (KHTML, like Gecko) Chrome/128.0.0.0 Safari/537.36"
167.71.226.156 - - [10/May/2026:09:29:16 +1000] "GET /wp-login.php HTTP/2" 301 795 "-" "Mozilla/5.0 (Macintosh; Intel Mac OS X 11_7_10) AppleWebKit/537.36 (KHTML, like Gecko) Chrome/133.0.0.0 Safari/537.36"
111.67.29.221 - - [10/May/2026:09:29:19 +1000] "POST /wp-cron.php?doing_wp_cron=1778369359.5094199180603027343750 HTTP/1.1" 200 538 "-" "WordPress/6.9.4; https://www.pgkdistribution.com.au"
167.71.226.156 - - [10/May/2026:09:29:17 +1000] "GET /wp-login.php HTTP/2" 200 2507 "https://pgkdistribution.com.au/wp-login.php" "Mozilla/5.0 (Macintosh; Intel Mac OS X 11_7_10) AppleWebKit/537.36 (KHTML, like Gecko) Chrome/133.0.0.0 Safari/537.36"
167.71.226.156 - - [10/May/2026:09:29:19 +1000] "POST /wp-login.php HTTP/2" 301 795 "https://pgkdistribution.com.au/wp-login.php" "Mozilla/5.0 (Macintosh; Intel Mac OS X 11_7_10) AppleWebKit/537.36 (KHTML, like Gecko) Chrome/133.0.0.0 Safari/537.36"
167.71.226.156 - - [10/May/2026:09:29:20 +1000] "GET /wp-login.php HTTP/2" 200 2507 "https://pgkdistribution.com.au/wp-login.php" "Mozilla/5.0 (Macintosh; Intel Mac OS X 11_7_10) AppleWebKit/537.36 (KHTML, like Gecko) Chrome/133.0.0.0 Safari/537.36"
43.159.143.139 - - [10/May/2026:09:29:22 +1000] "GET /?s= HTTP/1.1" 200 33209 "-" "Mozilla/5.0 (iPhone; CPU iPhone OS 13_2_3 like Mac OS X) AppleWebKit/605.1.15 (KHTML, like Gecko) Version/13.0.3 Mobile/15E148 Safari/604.1"
34.220.61.166 - - [10/May/2026:09:29:24 +1000] "GET /shop/page/3/ HTTP/2" 200 30381 "-" "Mozilla/5.0 (Windows NT 10.0; Win64; x64) AppleWebKit/537.36 (KHTML, like Gecko) Chrome/128.0.0.0 Safari/537.36"
34.220.61.166 - - [10/May/2026:09:29:30 +1000] "GET /product/flat-roof-tilt-set-10-15/ HTTP/2" 200 34529 "-" "Mozilla/5.0 (Windows NT 10.0; Win64; x64) AppleWebKit/537.36 (KHTML, like Gecko) Chrome/128.0.0.0 Safari/537.36"
34.220.61.166 - - [10/May/2026:09:29:41 +1000] "GET /product-category/electricals-2/accessories/page/2/ HTTP/2" 200 29274 "-" "Mozilla/5.0 (Windows NT 10.0; Win64; x64) AppleWebKit/537.36 (KHTML, like Gecko) Chrome/128.0.0.0 Safari/537.36"
34.220.61.166 - - [10/May/2026:09:29:50 +1000] "GET /product/flat-roof-tilt-set-30-60/ HTTP/2" 200 34635 "-" "Mozilla/5.0 (Windows NT 10.0; Win64; x64) AppleWebKit/537.36 (KHTML, like Gecko) Chrome/128.0.0.0 Safari/537.36"
111.67.29.221 - - [10/May/2026:09:29:55 +1000] "POST /wp-cron.php?doing_wp_cron=1778369395.8329930305480957031250 HTTP/1.1" 200 538 "-" "WordPress/6.9.4; https://www.pgkdistribution.com.au"
181.127.247.48 - - [10/May/2026:09:29:53 +1000] "GET /cart/?_wpnonce=19b15ff17b&remove_item=c45147dee729311ef5b5c3003946c48f HTTP/1.1" 200 53290 "-" "Mozilla/5.0 (Windows NT 6.1; Win64; x64) AppleWebKit/537.36 (KHTML, like Gecko) Brave Chrome/90.0.4430.72 Safari/537.36"
34.220.61.166 - - [10/May/2026:09:30:01 +1000] "GET /product/landscape-tile-roof-hook-set/ HTTP/2" 200 34759 "-" "Mozilla/5.0 (Windows NT 10.0; Win64; x64) AppleWebKit/537.36 (KHTML, like Gecko) Chrome/128.0.0.0 Safari/537.36"
34.220.61.166 - - [10/May/2026:09:30:10 +1000] "GET /product/pv-ezrack-grounding-lug-std/ HTTP/2" 200 34757 "-" "Mozilla/5.0 (Windows NT 10.0; Win64; x64) AppleWebKit/537.36 (KHTML, like Gecko) Chrome/128.0.0.0 Safari/537.36"
4.196.118.115 - - [10/May/2026:09:30:14 +1000] "GET /cookie-policy/ HTTP/2" 200 30643 "-" "Mozilla/5.0 AppleWebKit/537.36 (KHTML, like Gecko); compatible; ChatGPT-User/1.0; +https://openai.com/bot"
111.67.29.221 - - [10/May/2026:09:30:23 +1000] "POST /wp-cron.php?doing_wp_cron=1778369423.5593390464782714843750 HTTP/1.1" 200 538 "-" "WordPress/6.9.4; https://www.pgkdistribution.com.au"
34.220.61.166 - - [10/May/2026:09:30:21 +1000] "GET /product-category/air-conditioning/air-purifiers/ HTTP/2" 200 28580 "-" "Mozilla/5.0 (Windows NT 10.0; Win64; x64) AppleWebKit/537.36 (KHTML, like Gecko) Chrome/128.0.0.0 Safari/537.36"
34.220.61.166 - - [10/May/2026:09:30:32 +1000] "GET /product/end-clamp-35mm-black/ HTTP/2" 200 34821 "-" "Mozilla/5.0 (Windows NT 10.0; Win64; x64) AppleWebKit/537.36 (KHTML, like Gecko) Chrome/128.0.0.0 Safari/537.36"
34.220.61.166 - - [10/May/2026:09:30:42 +1000] "GET /product/end-clamp-40mm-silver/ HTTP/2" 200 34753 "-" "Mozilla/5.0 (Windows NT 10.0; Win64; x64) AppleWebKit/537.36 (KHTML, like Gecko) Chrome/128.0.0.0 Safari/537.36"
34.220.61.166 - - [10/May/2026:09:30:51 +1000] "GET /product/inner-clamp-46mm-silver/ HTTP/2" 200 34777 "-" "Mozilla/5.0 (Windows NT 10.0; Win64; x64) AppleWebKit/537.36 (KHTML, like Gecko) Chrome/128.0.0.0 Safari/537.36"
34.220.61.166 - - [10/May/2026:09:31:03 +1000] "GET /product/klip-lok-interface-406-bracket/ HTTP/2" 200 34555 "-" "Mozilla/5.0 (Windows NT 10.0; Win64; x64) AppleWebKit/537.36 (KHTML, like Gecko) Chrome/128.0.0.0 Safari/537.36"
34.220.61.166 - - [10/May/2026:09:31:10 +1000] "GET /product/pv-ezrack-grounding-clamp-std/ HTTP/2" 200 34549 "-" "Mozilla/5.0 (Windows NT 10.0; Win64; x64) AppleWebKit/537.36 (KHTML, like Gecko) Chrome/128.0.0.0 Safari/537.36"
111.67.29.221 - - [10/May/2026:09:31:22 +1000] "POST /wp-cron.php?doing_wp_cron=1778369482.2109930515289306640625 HTTP/1.1" 200 538 "-" "WordPress/6.9.4; https://www.pgkdistribution.com.au"
66.249.70.171 - - [10/May/2026:09:31:20 +1000] "GET /product/inner-clamp-46mm-silver/ HTTP/1.1" 200 36306 "-" "Mozilla/5.0 (compatible; Googlebot/2.1; +http://www.google.com/bot.html)"
34.220.61.166 - - [10/May/2026:09:31:33 +1000] "GET /product/flat-tile-interface-roof-hook/ HTTP/2" 200 34856 "-" "Mozilla/5.0 (Windows NT 10.0; Win64; x64) AppleWebKit/537.36 (KHTML, like Gecko) Chrome/128.0.0.0 Safari/537.36"
34.220.61.166 - - [10/May/2026:09:31:43 +1000] "GET /product/flat-roof-tilt-set-15-30/ HTTP/2" 200 34601 "-" "Mozilla/5.0 (Windows NT 10.0; Win64; x64) AppleWebKit/537.36 (KHTML, like Gecko) Chrome/128.0.0.0 Safari/537.36"
111.67.29.221 - - [10/May/2026:09:31:56 +1000] "POST /wp-cron.php?doing_wp_cron=1778369516.4906809329986572265625 HTTP/1.1" 200 538 "-" "WordPress/6.9.4; https://www.pgkdistribution.com.au"
34.220.61.166 - - [10/May/2026:09:31:54 +1000] "GET /product/klip-lok-longline-interfaceset/ HTTP/2" 200 34581 "-" "Mozilla/5.0 (Windows NT 10.0; Win64; x64) AppleWebKit/537.36 (KHTML, like Gecko) Chrome/128.0.0.0 Safari/537.36"
45.142.193.140 - - [10/May/2026:09:32:06 +1000] "HEAD /mysql.sql HTTP/2" 404 0 "-" "Mozilla/5.0 (Windows NT 10.0; Win64; x64) AppleWebKit/537.36 (KHTML, like Gecko) Chrome/121.0.0.0 Safari/537.36"
34.220.61.166 - - [10/May/2026:09:32:09 +1000] "GET /product/dc-isolator-protection-cover/ HTTP/2" 200 35915 "-" "Mozilla/5.0 (Windows NT 10.0; Win64; x64) AppleWebKit/537.36 (KHTML, like Gecko) Chrome/128.0.0.0 Safari/537.36"
34.220.61.166 - - [10/May/2026:09:32:13 +1000] "GET /product/soltaro-all-in-one-5kw-5kwh-bess/ HTTP/2" 200 34630 "-" "Mozilla/5.0 (Windows NT 10.0; Win64; x64) AppleWebKit/537.36 (KHTML, like Gecko) Chrome/128.0.0.0 Safari/537.36"
111.67.29.221 - - [10/May/2026:09:32:24 +1000] "POST /wp-cron.php?doing_wp_cron=1778369544.8128490447998046875000 HTTP/1.1" 200 538 "-" "WordPress/6.9.4; https://www.pgkdistribution.com.au"
34.220.61.166 - - [10/May/2026:09:32:22 +1000] "GET /solar-rails/ HTTP/2" 200 30936 "-" "Mozilla/5.0 (Windows NT 10.0; Win64; x64) AppleWebKit/537.36 (KHTML, like Gecko) Chrome/128.0.0.0 Safari/537.36"
111.67.29.221 - - [10/May/2026:09:32:40 +1000] "POST /wp-cron.php?doing_wp_cron=1778369559.9926400184631347656250 HTTP/1.1" 200 538 "-" "WordPress/6.9.4; https://www.pgkdistribution.com.au"
72.167.150.128 - - [10/May/2026:09:32:37 +1000] "GET /wp-login.php HTTP/2" 200 2507 "-" "Mozilla/5.0 (Windows NT 10.0; Win64; x64) AppleWebKit/537.36 (KHTML, like Gecko) Chrome/133.0.0.0 Safari/537.36"
72.167.150.128 - - [10/May/2026:09:32:40 +1000] "POST /wp-login.php HTTP/2" 200 2657 "https://www.pgkdistribution.com.au/wp-login.php" "Mozilla/5.0 (Windows NT 10.0; Win64; x64) AppleWebKit/537.36 (KHTML, like Gecko) Chrome/133.0.0.0 Safari/537.36"
34.220.61.166 - - [10/May/2026:09:32:41 +1000] "GET /my-account/lost-password/ HTTP/2" 200 28789 "-" "Mozilla/5.0 (Windows NT 10.0; Win64; x64) AppleWebKit/537.36 (KHTML, like Gecko) Chrome/128.0.0.0 Safari/537.36"
34.220.61.166 - - [10/May/2026:09:32:54 +1000] "GET /product-category/solar-rails/ HTTP/2" 200 29923 "-" "Mozilla/5.0 (Windows NT 10.0; Win64; x64) AppleWebKit/537.36 (KHTML, like Gecko) Chrome/128.0.0.0 Safari/537.36"
44.249.93.17 - - [10/May/2026:09:33:11 +1000] "GET /dc-cable/ HTTP/2" 301 795 "-" "Mozilla/5.0 (Windows NT 10.0; Win64; x64) AppleWebKit/537.36 (KHTML, like Gecko) Chrome/128.0.0.0 Safari/537.36"
34.220.61.166 - - [10/May/2026:09:33:09 +1000] "GET /product-category/solar-rails/clenergy/ HTTP/2" 200 31487 "-" "Mozilla/5.0 (Windows NT 10.0; Win64; x64) AppleWebKit/537.36 (KHTML, like Gecko) Chrome/128.0.0.0 Safari/537.36"
34.220.61.166 - - [10/May/2026:09:33:13 +1000] "GET /product/inner-clamp-40mm-silver/ HTTP/2" 200 34827 "-" "Mozilla/5.0 (Windows NT 10.0; Win64; x64) AppleWebKit/537.36 (KHTML, like Gecko) Chrome/128.0.0.0 Safari/537.36"
44.249.93.17 - - [10/May/2026:09:33:28 +1000] "GET /my-account/ HTTP/2" 301 795 "-" "Mozilla/5.0 (Windows NT 10.0; Win64; x64) AppleWebKit/537.36 (KHTML, like Gecko) Chrome/128.0.0.0 Safari/537.36"
44.249.93.17 - - [10/May/2026:09:33:49 +1000] "GET /pgkdistribution/pgkdistribution/?page_id=696 HTTP/2" 301 795 "-" "Mozilla/5.0 (Windows NT 10.0; Win64; x64) AppleWebKit/537.36 (KHTML, like Gecko) Chrome/128.0.0.0 Safari/537.36"
44.249.93.17 - - [10/May/2026:09:34:09 +1000] "GET / HTTP/2" 301 795 "-" "Mozilla/5.0 (Windows NT 10.0; Win64; x64) AppleWebKit/537.36 (KHTML, like Gecko) Chrome/128.0.0.0 Safari/537.36"
44.249.93.17 - - [10/May/2026:09:34:18 +1000] "GET /my-account/?redirect_to=https://pgkdistribution.com.au/ HTTP/2" 301 795 "-" "Mozilla/5.0 (Windows NT 10.0; Win64; x64) AppleWebKit/537.36 (KHTML, like Gecko) Chrome/128.0.0.0 Safari/537.36"
44.249.93.17 - - [10/May/2026:09:34:29 +1000] "GET /pgkdistribution/pgkdistribution/?page_id=717 HTTP/2" 301 795 "-" "Mozilla/5.0 (Windows NT 10.0; Win64; x64) AppleWebKit/537.36 (KHTML, like Gecko) Chrome/128.0.0.0 Safari/537.36"
111.67.29.221 - - [10/May/2026:09:34:35 +1000] "POST /wp-cron.php?doing_wp_cron=1778369675.3462760448455810546875 HTTP/1.1" 200 538 "-" "WordPress/6.9.4; https://www.pgkdistribution.com.au"
45.142.193.140 - - [10/May/2026:09:34:33 +1000] "HEAD /backups/wordpress.sql HTTP/2" 404 0 "-" "Mozilla/5.0 (Windows NT 10.0; Win64; x64) AppleWebKit/537.36 (KHTML, like Gecko) Chrome/121.0.0.0 Safari/537.36"
44.249.93.17 - - [10/May/2026:09:34:40 +1000] "GET /air-conditioner/ HTTP/2" 301 795 "-" "Mozilla/5.0 (Windows NT 10.0; Win64; x64) AppleWebKit/537.36 (KHTML, like Gecko) Chrome/128.0.0.0 Safari/537.36"
66.249.70.172 - - [10/May/2026:09:34:45 +1000] "GET /wp-content/themes/storefront/style.css?ver=4.6.1 HTTP/1.1" 200 8812 "https://www.pgkdistribution.com.au/ac-isolators/" "Mozilla/5.0 (Linux; Android 6.0.1; Nexus 5X Build/MMB29P) AppleWebKit/537.36 (KHTML, like Gecko) Chrome/147.0.7727.116 Mobile Safari/537.36 (compatible; Googlebot/2.1; +http://www.google.com/bot.html)"
44.249.93.17 - - [10/May/2026:09:34:47 +1000] "GET /air-purifiers/ HTTP/2" 301 795 "-" "Mozilla/5.0 (Windows NT 10.0; Win64; x64) AppleWebKit/537.36 (KHTML, like Gecko) Chrome/128.0.0.0 Safari/537.36"
66.249.70.171 - - [10/May/2026:09:34:48 +1000] "GET /wp-content/themes/storefront/assets/css/jetpack/widgets.css?ver=4.6.1 HTTP/1.1" 200 855 "https://www.pgkdistribution.com.au/ac-isolators/" "Mozilla/5.0 (Linux; Android 6.0.1; Nexus 5X Build/MMB29P) AppleWebKit/537.36 (KHTML, like Gecko) Chrome/147.0.7727.116 Mobile Safari/537.36 (compatible; Googlebot/2.1; +http://www.google.com/bot.html)"
66.249.70.172 - - [10/May/2026:09:34:52 +1000] "GET /wp-content/themes/storefront/assets/css/jetpack/widgets.css?ver=4.6.1 HTTP/1.1" 200 855 "https://www.pgkdistribution.com.au/ac-isolators/" "Mozilla/5.0 (Linux; Android 6.0.1; Nexus 5X Build/MMB29P) AppleWebKit/537.36 (KHTML, like Gecko) Chrome/147.0.7727.116 Mobile Safari/537.36 (compatible; Googlebot/2.1; +http://www.google.com/bot.html)"
44.249.93.17 - - [10/May/2026:09:34:56 +1000] "GET /ac-isolators/ HTTP/2" 301 795 "-" "Mozilla/5.0 (Windows NT 10.0; Win64; x64) AppleWebKit/537.36 (KHTML, like Gecko) Chrome/128.0.0.0 Safari/537.36"
111.67.29.221 - - [10/May/2026:09:34:57 +1000] "POST /wp-cron.php?doing_wp_cron=1778369697.0024049282073974609375 HTTP/1.1" 200 538 "-" "WordPress/6.9.4; https://www.pgkdistribution.com.au"
66.249.70.171 - - [10/May/2026:09:34:55 +1000] "GET /product/end-clamp-35mm-silver/ HTTP/1.1" 200 36079 "-" "Mozilla/5.0 (compatible; Googlebot/2.1; +http://www.google.com/bot.html)"
44.249.93.17 - - [10/May/2026:09:35:07 +1000] "GET /accessories/ HTTP/2" 301 795 "-" "Mozilla/5.0 (Windows NT 10.0; Win64; x64) AppleWebKit/537.36 (KHTML, like Gecko) Chrome/128.0.0.0 Safari/537.36"
142.44.225.95 - - [10/May/2026:09:35:06 +1000] "GET /product/solis-3p-30-29-99kw-four-mppt/ HTTP/2" 200 34555 "-" "Mozilla/5.0 (compatible; AhrefsBot/7.0; +http://ahrefs.com/robot/)"
44.249.93.17 - - [10/May/2026:09:35:26 +1000] "GET /solis/ HTTP/2" 301 795 "-" "Mozilla/5.0 (Windows NT 10.0; Win64; x64) AppleWebKit/537.36 (KHTML, like Gecko) Chrome/128.0.0.0 Safari/537.36"
111.67.29.221 - - [10/May/2026:09:36:22 +1000] "POST /wp-cron.php?doing_wp_cron=1778369782.6849269866943359375000 HTTP/1.1" 200 538 "-" "WordPress/6.9.4; https://www.pgkdistribution.com.au"
34.220.61.166 - - [10/May/2026:09:36:19 +1000] "GET /pgkdistribution/pgkdistribution/?page_id=696 HTTP/2" 301 0 "-" "Mozilla/5.0 (Windows NT 10.0; Win64; x64) AppleWebKit/537.36 (KHTML, like Gecko) Chrome/128.0.0.0 Safari/537.36"
34.220.61.166 - - [10/May/2026:09:36:29 +1000] "GET /my-account/?redirect_to=https://pgkdistribution.com.au/ HTTP/2" 200 33922 "-" "Mozilla/5.0 (Windows NT 10.0; Win64; x64) AppleWebKit/537.36 (KHTML, like Gecko) Chrome/128.0.0.0 Safari/537.36"
34.220.61.166 - - [10/May/2026:09:36:35 +1000] "GET /pgkdistribution/pgkdistribution/?page_id=717 HTTP/2" 301 0 "-" "Mozilla/5.0 (Windows NT 10.0; Win64; x64) AppleWebKit/537.36 (KHTML, like Gecko) Chrome/128.0.0.0 Safari/537.36"
45.142.193.140 - - [10/May/2026:09:36:47 +1000] "HEAD /wp-content/uploads/mysql.sql HTTP/2" 404 0 "-" "Mozilla/5.0 (Windows NT 10.0; Win64; x64) AppleWebKit/537.36 (KHTML, like Gecko) Chrome/121.0.0.0 Safari/537.36"
111.67.29.221 - - [10/May/2026:09:38:00 +1000] "POST /wp-cron.php?doing_wp_cron=1778369880.2671849727630615234375 HTTP/1.1" 200 538 "-" "WordPress/6.9.4; https://www.pgkdistribution.com.au"
43.133.14.237 - - [10/May/2026:09:37:57 +1000] "GET /air-conditioning/ HTTP/1.1" 200 30219 "-" "Mozilla/5.0 (iPhone; CPU iPhone OS 13_2_3 like Mac OS X) AppleWebKit/605.1.15 (KHTML, like Gecko) Version/13.0.3 Mobile/15E148 Safari/604.1"
111.67.29.221 - - [10/May/2026:09:38:54 +1000] "POST /wp-cron.php?doing_wp_cron=1778369934.7279729843139648437500 HTTP/1.1" 200 538 "-" "WordPress/6.9.4; https://www.pgkdistribution.com.au"
34.220.61.166 - - [10/May/2026:09:38:52 +1000] "GET /cookie-policy/ HTTP/2" 200 30643 "-" "Mozilla/5.0 (Windows NT 10.0; Win64; x64) AppleWebKit/537.36 (KHTML, like Gecko) Chrome/128.0.0.0 Safari/537.36"
34.220.61.166 - - [10/May/2026:09:39:03 +1000] "GET /terms-and-conditions-of-sale/ HTTP/2" 200 39164 "-" "Mozilla/5.0 (Windows NT 10.0; Win64; x64) AppleWebKit/537.36 (KHTML, like Gecko) Chrome/128.0.0.0 Safari/537.36"
111.67.29.221 - - [10/May/2026:09:39:45 +1000] "POST /wp-cron.php?doing_wp_cron=1778369985.7611560821533203125000 HTTP/1.1" 200 538 "-" "WordPress/6.9.4; https://www.pgkdistribution.com.au"
195.201.4.40 - - [10/May/2026:09:39:43 +1000] "GET /wp-login.php HTTP/2" 200 2535 "-" "Mozilla/5.0 (Windows NT 10.0; Win64; x64) AppleWebKit/537.36 (KHTML, like Gecko) Chrome/133.0.0.0 Safari/537.36"
195.201.4.40 - - [10/May/2026:09:39:46 +1000] "POST /wp-login.php HTTP/2" 200 2657 "https://www.pgkdistribution.com.au/wp-login.php" "Mozilla/5.0 (Windows NT 10.0; Win64; x64) AppleWebKit/537.36 (KHTML, like Gecko) Chrome/133.0.0.0 Safari/537.36"
111.67.29.221 - - [10/May/2026:09:40:05 +1000] "POST /wp-cron.php?doing_wp_cron=1778370005.7205100059509277343750 HTTP/1.1" 200 538 "-" "WordPress/6.9.4; https://www.pgkdistribution.com.au"
186.179.68.8 - - [10/May/2026:09:40:01 +1000] "GET /wp-json/oembed/1.0/embed?url=https%3A%2F%2Fwww.pgkdistribution.com.au%2Fproduct%2F1-pole-63a-ac-isolator-switch%2F HTTP/1.1" 200 2108 "-" "Mozilla/5.0 (Windows NT 10.0; Win64; x64) AppleWebKit/537.36 (KHTML, like Gecko) Chrome/87.0.4280.88 Safari/537.36 CravingExplorer/2.4.1"
111.67.29.221 - - [10/May/2026:09:41:03 +1000] "POST /wp-cron.php?doing_wp_cron=1778370063.7505290508270263671875 HTTP/1.1" 200 538 "-" "WordPress/6.9.4; https://www.pgkdistribution.com.au"
34.141.230.59 - - [10/May/2026:09:40:59 +1000] "GET /product/125a-pv-dc-moulded-case-circuit-breaker/ HTTP/2" 200 35463 "-" "LinkupBot/1.0 (LinkupBot for web indexing; https://linkup.so/bot; bot@linkup.so)"
45.142.193.140 - - [10/May/2026:09:41:08 +1000] "HEAD /db.sql HTTP/2" 404 0 "-" "Mozilla/5.0 (Windows NT 10.0; Win64; x64) AppleWebKit/537.36 (KHTML, like Gecko) Chrome/121.0.0.0 Safari/537.36"
111.67.29.221 - - [10/May/2026:09:41:34 +1000] "POST /wp-cron.php?doing_wp_cron=1778370094.2357668876647949218750 HTTP/1.1" 200 538 "-" "WordPress/6.9.4; https://www.pgkdistribution.com.au"
45.142.193.140 - - [10/May/2026:09:41:31 +1000] "HEAD /wp-content/uploads/dbdump.sql HTTP/2" 404 0 "-" "Mozilla/5.0 (Windows NT 10.0; Win64; x64) AppleWebKit/537.36 (KHTML, like Gecko) Chrome/121.0.0.0 Safari/537.36"
111.67.29.221 - - [10/May/2026:09:42:24 +1000] "POST /wp-cron.php?doing_wp_cron=1778370144.0166599750518798828125 HTTP/1.1" 200 538 "-" "WordPress/6.9.4; https://www.pgkdistribution.com.au"
45.142.193.140 - - [10/May/2026:09:42:22 +1000] "HEAD /backups/dump.sql HTTP/2" 404 0 "-" "Mozilla/5.0 (Windows NT 10.0; Win64; x64) AppleWebKit/537.36 (KHTML, like Gecko) Chrome/121.0.0.0 Safari/537.36"
35.252.222.105 - - [10/May/2026:09:44:55 +1000] "GET /wp-content/uploads/2019/05/SE030K-160x160.jpg HTTP/1.1" 301 1345 "-" "Mozilla/5.0 (X11; Linux x86_64) AppleWebKit/537.36 (KHTML, like Gecko) Chrome/91.0.4472.114 Safari/537.36"
111.67.29.221 - - [10/May/2026:09:45:04 +1000] "POST /wp-cron.php?doing_wp_cron=1778370304.5944430828094482421875 HTTP/1.1" 200 538 "-" "WordPress/6.9.4; https://www.pgkdistribution.com.au"
35.252.222.105 - - [10/May/2026:09:44:57 +1000] "GET /wp-content/uploads/2019/05/SE030K-160x160.jpg HTTP/1.1" 404 30314 "-" "Mozilla/5.0 (X11; Linux x86_64) AppleWebKit/537.36 (KHTML, like Gecko) Chrome/91.0.4472.114 Safari/537.36"
34.141.230.59 - - [10/May/2026:09:46:28 +1000] "GET /product/pgk-1200v-20a-4p-np-dc-breaker/ HTTP/2" 200 0 "-" "LinkupBot/1.0 (LinkupBot for web indexing; https://linkup.so/bot; bot@linkup.so)"
111.67.29.221 - - [10/May/2026:09:46:39 +1000] "POST /wp-cron.php?doing_wp_cron=1778370399.6836450099945068359375 HTTP/1.1" 200 538 "-" "WordPress/6.9.4; https://www.pgkdistribution.com.au"
34.141.230.59 - - [10/May/2026:09:46:39 +1000] "GET /product/pgk-4p-1200v-32a-din-railmount/?add-to-cart=112 HTTP/2" 200 35253 "-" "LinkupBot/1.0 (LinkupBot for web indexing; https://linkup.so/bot; bot@linkup.so)"
45.142.193.140 - - [10/May/2026:09:46:42 +1000] "HEAD /wp-content/backups/db.sql HTTP/2" 404 0 "-" "Mozilla/5.0 (Windows NT 10.0; Win64; x64) AppleWebKit/537.36 (KHTML, like Gecko) Chrome/121.0.0.0 Safari/537.36"
34.141.230.59 - - [10/May/2026:09:46:44 +1000] "GET /product/2x16mm%C2%B2-iec-62930-dc-cable-500m/?add-to-cart=1278 HTTP/2" 200 35313 "-" "LinkupBot/1.0 (LinkupBot for web indexing; https://linkup.so/bot; bot@linkup.so)"
111.67.29.221 - - [10/May/2026:09:48:04 +1000] "POST /wp-cron.php?doing_wp_cron=1778370484.2207670211791992187500 HTTP/1.1" 200 538 "-" "WordPress/6.9.4; https://www.pgkdistribution.com.au"
34.141.230.59 - - [10/May/2026:09:47:59 +1000] "GET /product/pgk-4p-1500v-35a-din-railmount/?add-to-cart=110 HTTP/2" 200 35398 "-" "LinkupBot/1.0 (LinkupBot for web indexing; https://linkup.so/bot; bot@linkup.so)"
34.141.230.59 - - [10/May/2026:09:48:05 +1000] "GET /product/pgk-4p-wp-enclosures-ip66/?add-to-cart=211 HTTP/2" 200 35002 "-" "LinkupBot/1.0 (LinkupBot for web indexing; https://linkup.so/bot; bot@linkup.so)"
34.141.230.59 - - [10/May/2026:09:48:11 +1000] "GET /product/pgk-1pole20a-ac-isolatorswitch/?add-to-cart=124 HTTP/2" 200 35136 "-" "LinkupBot/1.0 (LinkupBot for web indexing; https://linkup.so/bot; bot@linkup.so)"
34.141.230.59 - - [10/May/2026:09:48:15 +1000] "GET /product/pgk-1000v-dc-isomc4-gen200mm/?add-to-cart=120 HTTP/2" 200 35184 "-" "LinkupBot/1.0 (LinkupBot for web indexing; https://linkup.so/bot; bot@linkup.so)"
111.67.29.221 - - [10/May/2026:09:48:22 +1000] "POST /wp-cron.php?doing_wp_cron=1778370502.1190040111541748046875 HTTP/1.1" 200 538 "-" "WordPress/6.9.4; https://www.pgkdistribution.com.au"
34.141.230.59 - - [10/May/2026:09:48:19 +1000] "GET /product/160a-pv-dc-moulded-case-circuit-breaker/?add-to-cart=1119 HTTP/2" 200 34764 "-" "LinkupBot/1.0 (LinkupBot for web indexing; https://linkup.so/bot; bot@linkup.so)"
51.68.236.69 - - [10/May/2026:09:48:22 +1000] "GET /robots.txt HTTP/1.1" 301 1310 "-" "Mozilla/5.0 (compatible; MJ12bot/v2.0.5; http://mj12bot.com/)"
51.68.236.69 - - [10/May/2026:09:48:23 +1000] "GET /robots.txt HTTP/1.1" 200 1049 "-" "Mozilla/5.0 (compatible; MJ12bot/v2.0.5; http://mj12bot.com/)"
51.68.236.69 - - [10/May/2026:09:48:25 +1000] "GET / HTTP/1.1" 301 1122 "-" "Mozilla/5.0 (compatible; MJ12bot/v2.0.5; http://mj12bot.com/)"
34.141.230.59 - - [10/May/2026:09:48:23 +1000] "GET /product/genuine-mc4-connector-pairs/?add-to-cart=177 HTTP/2" 200 35174 "-" "LinkupBot/1.0 (LinkupBot for web indexing; https://linkup.so/bot; bot@linkup.so)"
51.68.236.69 - - [10/May/2026:09:48:26 +1000] "GET / HTTP/1.1" 200 43414 "-" "Mozilla/5.0 (compatible; MJ12bot/v2.0.5; http://mj12bot.com/)"
43.130.53.252 - - [10/May/2026:09:48:35 +1000] "GET /product/pgk-1p-indoor-enclosure/ HTTP/1.1" 200 35872 "-" "Mozilla/5.0 (iPhone; CPU iPhone OS 13_2_3 like Mac OS X) AppleWebKit/605.1.15 (KHTML, like Gecko) Version/13.0.3 Mobile/15E148 Safari/604.1"
45.142.193.140 - - [10/May/2026:09:48:50 +1000] "HEAD /wp-content/backup/data.sql HTTP/2" 404 0 "-" "Mozilla/5.0 (Windows NT 10.0; Win64; x64) AppleWebKit/537.36 (KHTML, like Gecko) Chrome/121.0.0.0 Safari/537.36"
104.210.140.141 - - [10/May/2026:09:49:15 +1000] "GET /robots.txt HTTP/2" 301 795 "-" "Mozilla/5.0 (Macintosh; Intel Mac OS X 10_15_7) AppleWebKit/537.36 (KHTML, like Gecko) Chrome/131.0.0.0 Safari/537.36; compatible; OAI-SearchBot/1.0; +https://openai.com/searchbot"
111.67.29.221 - - [10/May/2026:09:49:20 +1000] "POST /wp-cron.php?doing_wp_cron=1778370560.4261350631713867187500 HTTP/1.1" 200 538 "-" "WordPress/6.9.4; https://www.pgkdistribution.com.au"
104.210.140.142 - - [10/May/2026:09:49:18 +1000] "GET /robots.txt HTTP/2" 200 454 "-" "Mozilla/5.0 (Macintosh; Intel Mac OS X 10_15_7) AppleWebKit/537.36 (KHTML, like Gecko) Chrome/131.0.0.0 Safari/537.36; compatible; OAI-SearchBot/1.0; +https://openai.com/searchbot"
111.67.29.221 - - [10/May/2026:09:50:07 +1000] "POST /wp-cron.php?doing_wp_cron=1778370607.8124899864196777343750 HTTP/1.1" 200 538 "-" "WordPress/6.9.4; https://www.pgkdistribution.com.au"
40.77.167.54 - - [10/May/2026:09:50:05 +1000] "GET /air-purifiers/ HTTP/2" 200 30805 "-" "Mozilla/5.0 AppleWebKit/537.36 (KHTML, like Gecko; compatible; bingbot/2.0; +http://www.bing.com/bingbot.htm) Chrome/116.0.1938.76 Safari/537.36"
111.67.29.221 - - [10/May/2026:09:50:46 +1000] "POST /wp-cron.php?doing_wp_cron=1778370646.2230050563812255859375 HTTP/1.1" 200 538 "-" "WordPress/6.9.4; https://www.pgkdistribution.com.au"
185.191.171.13 - - [10/May/2026:09:50:44 +1000] "GET /robots.txt HTTP/1.1" 200 1012 "-" "Mozilla/5.0 (compatible; SemrushBot/7~bl; +http://www.semrush.com/bot.html)"
85.208.96.200 - - [10/May/2026:09:50:47 +1000] "GET /product-category/electricals-2/electricals/ HTTP/1.1" 200 30855 "-" "Mozilla/5.0 (compatible; SemrushBot/7~bl; +http://www.semrush.com/bot.html)"
35.252.231.29 - - [10/May/2026:09:52:18 +1000] "GET /wp-content/uploads/2019/05/upgraded-grid-connect-kits-146x160.jpg HTTP/1.1" 301 1365 "-" "Mozilla/5.0 (X11; Linux x86_64) AppleWebKit/537.36 (KHTML, like Gecko) Chrome/91.0.4472.114 Safari/537.36"
111.67.29.221 - - [10/May/2026:09:52:21 +1000] "POST /wp-cron.php?doing_wp_cron=1778370741.1967899799346923828125 HTTP/1.1" 200 538 "-" "WordPress/6.9.4; https://www.pgkdistribution.com.au"
45.142.193.140 - - [10/May/2026:09:52:19 +1000] "HEAD /backup/wordpress.sql HTTP/2" 404 0 "-" "Mozilla/5.0 (Windows NT 10.0; Win64; x64) AppleWebKit/537.36 (KHTML, like Gecko) Chrome/121.0.0.0 Safari/537.36"
35.252.231.29 - - [10/May/2026:09:52:19 +1000] "GET /wp-content/uploads/2019/05/upgraded-grid-connect-kits-146x160.jpg HTTP/1.1" 404 30348 "-" "Mozilla/5.0 (X11; Linux x86_64) AppleWebKit/537.36 (KHTML, like Gecko) Chrome/91.0.4472.114 Safari/537.36"
111.67.29.221 - - [10/May/2026:09:52:58 +1000] "POST /wp-cron.php?doing_wp_cron=1778370778.0952789783477783203125 HTTP/1.1" 200 538 "-" "WordPress/6.9.4; https://www.pgkdistribution.com.au"
66.249.70.172 - - [10/May/2026:09:52:56 +1000] "GET /product/solar-pv-label-kit-deluxe HTTP/1.1" 301 604 "-" "Mozilla/5.0 (Linux; Android 6.0.1; Nexus 5X Build/MMB29P) AppleWebKit/537.36 (KHTML, like Gecko) Chrome/147.0.7727.137 Mobile Safari/537.36 (compatible; Googlebot/2.1; +http://www.google.com/bot.html)"
66.249.70.173 - - [10/May/2026:09:52:59 +1000] "GET /product/solar-pv-label-kit-deluxe/ HTTP/1.1" 200 36344 "-" "Mozilla/5.0 (Linux; Android 6.0.1; Nexus 5X Build/MMB29P) AppleWebKit/537.36 (KHTML, like Gecko) Chrome/147.0.7727.137 Mobile Safari/537.36 (compatible; Googlebot/2.1; +http://www.google.com/bot.html)"
199.189.224.103 - - [10/May/2026:09:53:04 +1000] "GET /wp-login.php HTTP/2" 200 2507 "-" "Mozilla/5.0 (Windows NT 10.0; Win64; x64) AppleWebKit/537.36 (KHTML, like Gecko) Chrome/133.0.0.0 Safari/537.36"
199.189.224.103 - - [10/May/2026:09:53:06 +1000] "POST /wp-login.php HTTP/2" 200 2657 "https://www.pgkdistribution.com.au/wp-login.php" "Mozilla/5.0 (Windows NT 10.0; Win64; x64) AppleWebKit/537.36 (KHTML, like Gecko) Chrome/133.0.0.0 Safari/537.36"
104.222.169.184 - - [10/May/2026:09:55:11 +1000] "GET /wp-content/uploads/2023/01/Soltaro-AC-Unit-Datasheet.pdf HTTP/2" 200 573513 "-" "Mozilla/5.0 (Macintosh; Intel Mac OS X 10_15_7) AppleWebKit/605.1.15 (KHTML, like Gecko) Version/26.2 Safari/605.1.15"
