14.18.203.13 - - [10/May/2026:05:20:21 +1000] "GET /robots.txt HTTP/1.1" 301 1273 "-" "Mozilla/5.0 (Windows NT 10.0; Win64; x64) AppleWebKit/537.36 (KHTML, like Gecko) Chrome/55.0.3701.44 Safari/537.36 OPR/63.0.3368.43"
111.67.29.221 - - [10/May/2026:05:20:25 +1000] "POST /wp-cron.php?doing_wp_cron=1778354425.6814680099487304687500 HTTP/1.1" 200 538 "-" "WordPress/6.9.4; https://www.pgkdistribution.com.au"
183.61.117.93 - - [10/May/2026:05:20:23 +1000] "GET /robots.txt HTTP/1.1" 200 1012 "-" "Mozilla/5.0 (Windows NT 10.0; Win64; x64) AppleWebKit/537.36 (KHTML, like Gecko) Chrome/55.0.3701.44 Safari/537.36 OPR/63.0.3368.43"
45.142.193.140 - - [10/May/2026:05:20:27 +1000] "HEAD /wp-content/fullwebsite.sql HTTP/2" 404 0 "-" "Mozilla/5.0 (Windows NT 10.0; Win64; x64) AppleWebKit/537.36 (KHTML, like Gecko) Chrome/121.0.0.0 Safari/537.36"
78.142.18.172 - - [10/May/2026:05:21:06 +1000] "GET /wp-login.php HTTP/2" 301 795 "-" "Mozilla/5.0 (X11; CrOS x86_64 14541.0.0) AppleWebKit/537.36 (KHTML, like Gecko) Chrome/133.0.0.0 Safari/537.36"
78.142.18.172 - - [10/May/2026:05:21:07 +1000] "GET /wp-login.php HTTP/2" 200 2507 "https://pgkdistribution.com.au/wp-login.php" "Mozilla/5.0 (X11; CrOS x86_64 14541.0.0) AppleWebKit/537.36 (KHTML, like Gecko) Chrome/133.0.0.0 Safari/537.36"
78.142.18.172 - - [10/May/2026:05:21:10 +1000] "POST /wp-login.php HTTP/2" 301 795 "https://pgkdistribution.com.au/wp-login.php" "Mozilla/5.0 (X11; CrOS x86_64 14541.0.0) AppleWebKit/537.36 (KHTML, like Gecko) Chrome/133.0.0.0 Safari/537.36"
78.142.18.172 - - [10/May/2026:05:21:10 +1000] "GET /wp-login.php HTTP/2" 200 2507 "https://pgkdistribution.com.au/wp-login.php" "Mozilla/5.0 (X11; CrOS x86_64 14541.0.0) AppleWebKit/537.36 (KHTML, like Gecko) Chrome/133.0.0.0 Safari/537.36"
111.67.29.221 - - [10/May/2026:05:24:25 +1000] "POST /wp-cron.php?doing_wp_cron=1778354665.2966160774230957031250 HTTP/1.1" 200 538 "-" "WordPress/6.9.4; https://www.pgkdistribution.com.au"
65.55.210.115 - - [10/May/2026:05:24:21 +1000] "POST /?wc-ajax=get_refreshed_fragments HTTP/2" 200 379 "https://www.pgkdistribution.com.au/product/pgk-4p-wp-enclosures-ip66/" "Mozilla/5.0 AppleWebKit/537.36 (KHTML, like Gecko; compatible; bingbot/2.0; +http://www.bing.com/bingbot.htm) Chrome/136.0.0.0 Safari/537.36"
65.55.210.115 - - [10/May/2026:05:24:21 +1000] "POST /wp-admin/admin-ajax.php HTTP/2" 200 0 "https://www.pgkdistribution.com.au/product/pgk-4p-wp-enclosures-ip66/" "Mozilla/5.0 AppleWebKit/537.36 (KHTML, like Gecko; compatible; bingbot/2.0; +http://www.bing.com/bingbot.htm) Chrome/136.0.0.0 Safari/537.36"
34.83.70.237 - - [10/May/2026:05:24:50 +1000] "GET /wp-content/uploads/2017/10/isolator_1000vdc_2_-150x150.jpg HTTP/1.1" 301 1358 "-" "Mozilla/5.0 (X11; Linux x86_64) AppleWebKit/537.36 (KHTML, like Gecko) Chrome/91.0.4472.114 Safari/537.36"
111.67.29.221 - - [10/May/2026:05:24:55 +1000] "POST /wp-cron.php?doing_wp_cron=1778354695.9295239448547363281250 HTTP/1.1" 200 538 "-" "WordPress/6.9.4; https://www.pgkdistribution.com.au"
34.83.70.237 - - [10/May/2026:05:24:53 +1000] "GET /wp-content/uploads/2017/10/isolator_1000vdc_2_-150x150.jpg HTTP/1.1" 404 30588 "-" "Mozilla/5.0 (X11; Linux x86_64) AppleWebKit/537.36 (KHTML, like Gecko) Chrome/91.0.4472.114 Safari/537.36"
111.67.29.221 - - [10/May/2026:05:26:27 +1000] "POST /wp-cron.php?doing_wp_cron=1778354787.3739960193634033203125 HTTP/1.1" 200 538 "-" "WordPress/6.9.4; https://www.pgkdistribution.com.au"
45.142.193.140 - - [10/May/2026:05:26:25 +1000] "HEAD /wp-content/backup/mysql.sql HTTP/2" 404 0 "-" "Mozilla/5.0 (Windows NT 10.0; Win64; x64) AppleWebKit/537.36 (KHTML, like Gecko) Chrome/121.0.0.0 Safari/537.36"
111.67.29.221 - - [10/May/2026:05:27:21 +1000] "POST /wp-cron.php?doing_wp_cron=1778354841.0829520225524902343750 HTTP/1.1" 200 538 "-" "WordPress/6.9.4; https://www.pgkdistribution.com.au"
43.153.79.218 - - [10/May/2026:05:27:17 +1000] "GET /accessories/ HTTP/1.1" 200 33842 "-" "Mozilla/5.0 (iPhone; CPU iPhone OS 13_2_3 like Mac OS X) AppleWebKit/605.1.15 (KHTML, like Gecko) Version/13.0.3 Mobile/15E148 Safari/604.1"
8.229.21.238 - - [10/May/2026:05:27:40 +1000] "GET /wp-content/uploads/2017/12/SE042E-150x150.jpg HTTP/1.1" 301 1345 "-" "Mozilla/5.0 (X11; Linux x86_64) AppleWebKit/537.36 (KHTML, like Gecko) Chrome/91.0.4472.114 Safari/537.36"
8.229.21.238 - - [10/May/2026:05:27:42 +1000] "GET /wp-content/uploads/2017/12/SE042E-150x150.jpg HTTP/1.1" 404 30578 "-" "Mozilla/5.0 (X11; Linux x86_64) AppleWebKit/537.36 (KHTML, like Gecko) Chrome/91.0.4472.114 Safari/537.36"
111.67.29.221 - - [10/May/2026:05:27:45 +1000] "POST /wp-cron.php?doing_wp_cron=1778354865.0598540306091308593750 HTTP/1.1" 200 538 "-" "WordPress/6.9.4; https://www.pgkdistribution.com.au"
167.71.226.156 - - [10/May/2026:05:28:01 +1000] "GET /wp-login.php HTTP/2" 301 795 "-" "Mozilla/5.0 (X11; Linux x86_64) AppleWebKit/537.36 (KHTML, like Gecko) Chrome/133.0.0.0 Safari/537.36"
167.71.226.156 - - [10/May/2026:05:28:08 +1000] "GET /wp-login.php HTTP/2" 200 2507 "https://pgkdistribution.com.au/wp-login.php" "Mozilla/5.0 (X11; Linux x86_64) AppleWebKit/537.36 (KHTML, like Gecko) Chrome/133.0.0.0 Safari/537.36"
167.71.226.156 - - [10/May/2026:05:28:11 +1000] "POST /wp-login.php HTTP/2" 301 795 "https://pgkdistribution.com.au/wp-login.php" "Mozilla/5.0 (X11; Linux x86_64) AppleWebKit/537.36 (KHTML, like Gecko) Chrome/133.0.0.0 Safari/537.36"
167.71.226.156 - - [10/May/2026:05:28:12 +1000] "GET /wp-login.php HTTP/2" 200 2507 "https://pgkdistribution.com.au/wp-login.php" "Mozilla/5.0 (X11; Linux x86_64) AppleWebKit/537.36 (KHTML, like Gecko) Chrome/133.0.0.0 Safari/537.36"
202.76.169.95 - - [10/May/2026:05:28:32 +1000] "GET /product/cable-gland-5-hole/ HTTP/1.1" 301 1327 "-" "Mozilla/5.0 (Macintosh; Intel Mac OS X 10_15_7) AppleWebKit/537.36 (KHTML, like Gecko) Chrome/130.0.6723.69 Safari/537.36"
202.76.164.20 - - [10/May/2026:05:28:33 +1000] "GET /product/cable-gland-5-hole/ HTTP/1.1" 200 36117 "-" "Mozilla/5.0 (Macintosh; Intel Mac OS X 10_15_7) AppleWebKit/537.36 (KHTML, like Gecko) Chrome/130.0.6723.69 Safari/537.36"
111.67.29.221 - - [10/May/2026:05:29:56 +1000] "POST /wp-cron.php?doing_wp_cron=1778354995.9555249214172363281250 HTTP/1.1" 200 538 "-" "WordPress/6.9.4; https://www.pgkdistribution.com.au"
80.94.95.173 - - [10/May/2026:05:29:51 +1000] "GET / HTTP/1.0" 200 196718 "https://www.pgkdistribution.com.au/" "Mozilla/5.0 (Windows NT 10.0; Win64; x64) AppleWebKit/537.36 (KHTML, like Gecko) Chrome/131.0.0.0 Safari/537.36 Avast/131.0.0.0"
80.94.95.173 - - [10/May/2026:05:29:59 +1000] "GET /contact-us/ HTTP/1.0" 200 115546 "https://www.pgkdistribution.com.au/contact-us/" "Mozilla/5.0 (Windows NT 10.0; Win64; x64) AppleWebKit/537.36 (KHTML, like Gecko) Chrome/131.0.0.0 Safari/537.36 Avast/131.0.0.0"
80.94.95.173 - - [10/May/2026:05:30:05 +1000] "POST /contact-us/ HTTP/1.0" 200 115861 "https://www.pgkdistribution.com.au/contact-us/" "Mozilla/5.0 (Windows NT 10.0; Win64; x64) AppleWebKit/537.36 (KHTML, like Gecko) Chrome/131.0.0.0 Safari/537.36 Avast/131.0.0.0"
217.60.2.243 - - [10/May/2026:05:30:47 +1000] "GET /contact-us/ HTTP/1.0" 301 1274 "https://pgkdistribution.com.au/contact-us/" "Mozilla/5.0 (Windows NT 10.0; Win64; x64) AppleWebKit/537.36 (KHTML, like Gecko) Chrome/129.0.0.0 Safari/537.36"
111.67.29.221 - - [10/May/2026:05:30:52 +1000] "POST /wp-cron.php?doing_wp_cron=1778355052.7659571170806884765625 HTTP/1.1" 200 538 "-" "WordPress/6.9.4; https://www.pgkdistribution.com.au"
217.60.2.243 - - [10/May/2026:05:30:49 +1000] "GET /contact-us/ HTTP/1.0" 200 115546 "https://www.pgkdistribution.com.au/contact-us/" "Mozilla/5.0 (Windows NT 10.0; Win64; x64) AppleWebKit/537.36 (KHTML, like Gecko) Chrome/129.0.0.0 Safari/537.36"
217.60.2.243 - - [10/May/2026:05:30:55 +1000] "GET /pgkdistribution/pgkdistribution/?page_id=696 HTTP/1.0" 301 1307 "https://pgkdistribution.com.au/pgkdistribution/pgkdistribution/?page_id=696" "Mozilla/5.0 (Windows NT 10.0; Win64; x64) AppleWebKit/537.36 (KHTML, like Gecko) Chrome/129.0.0.0 Safari/537.36"
217.60.2.243 - - [10/May/2026:05:30:57 +1000] "GET /pgkdistribution/pgkdistribution/?page_id=696 HTTP/1.0" 301 659 "https://www.pgkdistribution.com.au/pgkdistribution/pgkdistribution/?page_id=696" "Mozilla/5.0 (Windows NT 10.0; Win64; x64) AppleWebKit/537.36 (KHTML, like Gecko) Chrome/129.0.0.0 Safari/537.36"
217.60.2.243 - - [10/May/2026:05:31:00 +1000] "GET /cookie-policy/ HTTP/1.0" 200 107288 "https://www.pgkdistribution.com.au/cookie-policy/" "Mozilla/5.0 (Windows NT 10.0; Win64; x64) AppleWebKit/537.36 (KHTML, like Gecko) Chrome/129.0.0.0 Safari/537.36"
111.67.29.221 - - [10/May/2026:05:31:53 +1000] "POST /wp-cron.php?doing_wp_cron=1778355113.5773611068725585937500 HTTP/1.1" 200 538 "-" "WordPress/6.9.4; https://www.pgkdistribution.com.au"
100.29.164.178 - - [10/May/2026:05:31:51 +1000] "GET /product/end-clamp-40mm-silver/ HTTP/1.1" 200 35861 "-" "Mozilla/5.0 AppleWebKit/537.36 (KHTML, like Gecko; compatible; Amazonbot/0.1; +https://developer.amazon.com/support/amazonbot) Chrome/119.0.6045.214 Safari/537.36"
65.108.78.33 - - [10/May/2026:05:32:08 +1000] "GET /robots.txt HTTP/1.1" 301 1273 "-" "Mozilla/5.0 (compatible; MJ12bot/v1.4.8; http://mj12bot.com/)"
65.108.78.33 - - [10/May/2026:05:32:10 +1000] "GET /robots.txt HTTP/1.1" 200 1012 "-" "Mozilla/5.0 (compatible; MJ12bot/v1.4.8; http://mj12bot.com/)"
14.166.10.16 - - [10/May/2026:05:32:12 +1000] "GET /wp-json/oembed/1.0/embed?url=https%3A%2F%2Fwww.pgkdistribution.com.au%2Fproduct%2Fdc-isolator-protection-cover%2F HTTP/1.1" 200 2086 "-" "Mozilla/5.0 (Macintosh; Intel Mac OS X 10_12_6) AppleWebKit/537.36 (KHTML, like Gecko) Brave Chrome/87.0.4280.67 Safari/537.36"
65.108.78.33 - - [10/May/2026:05:32:15 +1000] "GET /product/1x10mm%C2%B2-1500v-dc-cable-100m/ HTTP/1.1" 301 1300 "-" "Mozilla/5.0 (compatible; MJ12bot/v1.4.8; http://mj12bot.com/)"
111.67.29.221 - - [10/May/2026:05:32:20 +1000] "POST /wp-cron.php?doing_wp_cron=1778355140.7020409107208251953125 HTTP/1.1" 200 538 "-" "WordPress/6.9.4; https://www.pgkdistribution.com.au"
65.108.78.33 - - [10/May/2026:05:32:18 +1000] "GET /product/1x10mm%C3%82%C2%B2-1500v-dc-cable-100m/ HTTP/1.1" 404 30449 "-" "Mozilla/5.0 (compatible; MJ12bot/v1.4.8; http://mj12bot.com/)"
65.108.78.33 - - [10/May/2026:05:32:23 +1000] "GET /product/1x10mm%C2%B2-1500v-dc-cable-500m/ HTTP/1.1" 301 1300 "-" "Mozilla/5.0 (compatible; MJ12bot/v1.4.8; http://mj12bot.com/)"
65.108.78.33 - - [10/May/2026:05:32:25 +1000] "GET /product/1x10mm%C3%82%C2%B2-1500v-dc-cable-500m/ HTTP/1.1" 404 30452 "-" "Mozilla/5.0 (compatible; MJ12bot/v1.4.8; http://mj12bot.com/)"
65.108.78.33 - - [10/May/2026:05:32:30 +1000] "GET /product/1x10mm%C2%B2-iec-62930-dc-cable-100m/ HTTP/1.1" 301 1304 "-" "Mozilla/5.0 (compatible; MJ12bot/v1.4.8; http://mj12bot.com/)"
111.67.29.221 - - [10/May/2026:05:32:35 +1000] "POST /wp-cron.php?doing_wp_cron=1778355155.7078180313110351562500 HTTP/1.1" 200 538 "-" "WordPress/6.9.4; https://www.pgkdistribution.com.au"
65.108.78.33 - - [10/May/2026:05:32:33 +1000] "GET /product/1x10mm%C3%82%C2%B2-iec-62930-dc-cable-100m/ HTTP/1.1" 404 30441 "-" "Mozilla/5.0 (compatible; MJ12bot/v1.4.8; http://mj12bot.com/)"
65.108.78.33 - - [10/May/2026:05:32:38 +1000] "GET /product/1x10mm%C2%B2-iec-62930-dc-cable-500m/ HTTP/1.1" 301 1304 "-" "Mozilla/5.0 (compatible; MJ12bot/v1.4.8; http://mj12bot.com/)"
65.108.78.33 - - [10/May/2026:05:32:40 +1000] "GET /product/1x10mm%C3%82%C2%B2-iec-62930-dc-cable-500m/ HTTP/1.1" 404 30447 "-" "Mozilla/5.0 (compatible; MJ12bot/v1.4.8; http://mj12bot.com/)"
65.108.78.33 - - [10/May/2026:05:32:45 +1000] "GET /product/1x4mm%C2%B2-1500v-dc-cable-100m/ HTTP/1.1" 301 1299 "-" "Mozilla/5.0 (compatible; MJ12bot/v1.4.8; http://mj12bot.com/)"
208.109.188.137 - - [10/May/2026:05:32:46 +1000] "GET /wp-login.php HTTP/2" 200 2507 "-" "Mozilla/5.0 (Macintosh; Intel Mac OS X 10_15_7) AppleWebKit/537.36 (KHTML, like Gecko) Chrome/133.0.0.0 Safari/537.36 Edg/133.0.0.0"
65.108.78.33 - - [10/May/2026:05:32:47 +1000] "GET /product/1x4mm%C3%82%C2%B2-1500v-dc-cable-100m/ HTTP/1.1" 404 30448 "-" "Mozilla/5.0 (compatible; MJ12bot/v1.4.8; http://mj12bot.com/)"
208.109.188.137 - - [10/May/2026:05:32:48 +1000] "POST /wp-login.php HTTP/2" 200 2657 "https://www.pgkdistribution.com.au/wp-login.php" "Mozilla/5.0 (Macintosh; Intel Mac OS X 10_15_7) AppleWebKit/537.36 (KHTML, like Gecko) Chrome/133.0.0.0 Safari/537.36 Edg/133.0.0.0"
65.108.78.33 - - [10/May/2026:05:32:52 +1000] "GET /product/1x4mm%C2%B2-1500v-dc-cable-500m/ HTTP/1.1" 301 1299 "-" "Mozilla/5.0 (compatible; MJ12bot/v1.4.8; http://mj12bot.com/)"
98.97.77.232 - - [10/May/2026:05:32:48 +1000] "GET /product/mc4-multi-contact-spanner/ HTTP/1.1" 200 35969 "-" "Mozilla/5.0 (Windows NT 10.0; Win64; x64; rv:109.0) Gecko/20100101 Firefox/111.0"
65.108.78.33 - - [10/May/2026:05:32:55 +1000] "GET /product/1x4mm%C3%82%C2%B2-1500v-dc-cable-500m/ HTTP/1.1" 404 30452 "-" "Mozilla/5.0 (compatible; MJ12bot/v1.4.8; http://mj12bot.com/)"
65.108.78.33 - - [10/May/2026:05:33:06 +1000] "GET /product/1x4mm%C2%B2-iec-62930-dc-cable-100m/ HTTP/1.1" 301 1303 "-" "Mozilla/5.0 (compatible; MJ12bot/v1.4.8; http://mj12bot.com/)"
65.108.78.33 - - [10/May/2026:05:33:09 +1000] "GET /product/1x4mm%C3%82%C2%B2-iec-62930-dc-cable-100m/ HTTP/1.1" 404 30440 "-" "Mozilla/5.0 (compatible; MJ12bot/v1.4.8; http://mj12bot.com/)"
65.108.78.33 - - [10/May/2026:05:33:19 +1000] "GET /product/1x4mm%C2%B2-iec-62930-dc-cable-500m/ HTTP/1.1" 301 1303 "-" "Mozilla/5.0 (compatible; MJ12bot/v1.4.8; http://mj12bot.com/)"
111.67.29.221 - - [10/May/2026:05:33:24 +1000] "POST /wp-cron.php?doing_wp_cron=1778355204.1393280029296875000000 HTTP/1.1" 200 538 "-" "WordPress/6.9.4; https://www.pgkdistribution.com.au"
65.108.78.33 - - [10/May/2026:05:33:21 +1000] "GET /product/1x4mm%C3%82%C2%B2-iec-62930-dc-cable-500m/ HTTP/1.1" 404 30446 "-" "Mozilla/5.0 (compatible; MJ12bot/v1.4.8; http://mj12bot.com/)"
65.108.78.33 - - [10/May/2026:05:33:26 +1000] "GET /product/1x6mm%C2%B2-1500v-dc-cable-100m/ HTTP/1.1" 301 1299 "-" "Mozilla/5.0 (compatible; MJ12bot/v1.4.8; http://mj12bot.com/)"
65.108.78.33 - - [10/May/2026:05:33:29 +1000] "GET /product/1x6mm%C3%82%C2%B2-1500v-dc-cable-100m/ HTTP/1.1" 404 30448 "-" "Mozilla/5.0 (compatible; MJ12bot/v1.4.8; http://mj12bot.com/)"
65.108.78.33 - - [10/May/2026:05:33:34 +1000] "GET /product/1x6mm%C2%B2-1500v-dc-cable-500m/ HTTP/1.1" 301 1299 "-" "Mozilla/5.0 (compatible; MJ12bot/v1.4.8; http://mj12bot.com/)"
65.108.78.33 - - [10/May/2026:05:33:36 +1000] "GET /product/1x6mm%C3%82%C2%B2-1500v-dc-cable-500m/ HTTP/1.1" 404 30451 "-" "Mozilla/5.0 (compatible; MJ12bot/v1.4.8; http://mj12bot.com/)"
65.108.78.33 - - [10/May/2026:05:33:41 +1000] "GET /product/1x6mm%C2%B2-iec-62930-dc-cable-100m/ HTTP/1.1" 301 1303 "-" "Mozilla/5.0 (compatible; MJ12bot/v1.4.8; http://mj12bot.com/)"
65.108.78.33 - - [10/May/2026:05:33:43 +1000] "GET /product/1x6mm%C3%82%C2%B2-iec-62930-dc-cable-100m/ HTTP/1.1" 404 30440 "-" "Mozilla/5.0 (compatible; MJ12bot/v1.4.8; http://mj12bot.com/)"
65.108.78.33 - - [10/May/2026:05:33:48 +1000] "GET /product/1x6mm%C2%B2-iec-62930-dc-cable-500m/ HTTP/1.1" 301 1303 "-" "Mozilla/5.0 (compatible; MJ12bot/v1.4.8; http://mj12bot.com/)"
65.108.78.33 - - [10/May/2026:05:33:51 +1000] "GET /product/1x6mm%C3%82%C2%B2-iec-62930-dc-cable-500m/ HTTP/1.1" 404 30445 "-" "Mozilla/5.0 (compatible; MJ12bot/v1.4.8; http://mj12bot.com/)"
65.108.78.33 - - [10/May/2026:05:34:04 +1000] "GET /product/2x10mm%C2%B2-1500v-dc-cable-100m/ HTTP/1.1" 301 1300 "-" "Mozilla/5.0 (compatible; MJ12bot/v1.4.8; http://mj12bot.com/)"
65.108.78.33 - - [10/May/2026:05:34:06 +1000] "GET /product/2x10mm%C3%82%C2%B2-1500v-dc-cable-100m/ HTTP/1.1" 404 30449 "-" "Mozilla/5.0 (compatible; MJ12bot/v1.4.8; http://mj12bot.com/)"
65.108.78.33 - - [10/May/2026:05:34:11 +1000] "GET /product/2x10mm%C2%B2-1500v-dc-cable-500m/ HTTP/1.1" 301 1300 "-" "Mozilla/5.0 (compatible; MJ12bot/v1.4.8; http://mj12bot.com/)"
198.251.71.113 - - [10/May/2026:05:34:13 +1000] "GET /wp-login.php HTTP/2" 301 795 "-" "Mozilla/5.0 (Macintosh; Intel Mac OS X 10_15_7) AppleWebKit/537.36 (KHTML, like Gecko) Chrome/133.0.0.0 Safari/537.36"
198.251.71.113 - - [10/May/2026:05:34:14 +1000] "GET /wp-login.php HTTP/2" 200 2507 "https://pgkdistribution.com.au/wp-login.php" "Mozilla/5.0 (Macintosh; Intel Mac OS X 10_15_7) AppleWebKit/537.36 (KHTML, like Gecko) Chrome/133.0.0.0 Safari/537.36"
198.251.71.113 - - [10/May/2026:05:34:16 +1000] "POST /wp-login.php HTTP/2" 301 795 "https://pgkdistribution.com.au/wp-login.php" "Mozilla/5.0 (Macintosh; Intel Mac OS X 10_15_7) AppleWebKit/537.36 (KHTML, like Gecko) Chrome/133.0.0.0 Safari/537.36"
65.108.78.33 - - [10/May/2026:05:34:14 +1000] "GET /product/2x10mm%C3%82%C2%B2-1500v-dc-cable-500m/ HTTP/1.1" 404 30452 "-" "Mozilla/5.0 (compatible; MJ12bot/v1.4.8; http://mj12bot.com/)"
111.67.29.221 - - [10/May/2026:05:34:18 +1000] "POST /wp-cron.php?doing_wp_cron=1778355258.9295899868011474609375 HTTP/1.1" 200 538 "-" "WordPress/6.9.4; https://www.pgkdistribution.com.au"
198.251.71.113 - - [10/May/2026:05:34:17 +1000] "GET /wp-login.php HTTP/2" 200 2507 "https://pgkdistribution.com.au/wp-login.php" "Mozilla/5.0 (Macintosh; Intel Mac OS X 10_15_7) AppleWebKit/537.36 (KHTML, like Gecko) Chrome/133.0.0.0 Safari/537.36"
65.108.78.33 - - [10/May/2026:05:34:19 +1000] "GET /product/2x10mm%C2%B2-iec-62930-dc-cable-100m/ HTTP/1.1" 301 1304 "-" "Mozilla/5.0 (compatible; MJ12bot/v1.4.8; http://mj12bot.com/)"
65.108.78.33 - - [10/May/2026:05:34:22 +1000] "GET /product/2x10mm%C3%82%C2%B2-iec-62930-dc-cable-100m/ HTTP/1.1" 404 30440 "-" "Mozilla/5.0 (compatible; MJ12bot/v1.4.8; http://mj12bot.com/)"
65.108.78.33 - - [10/May/2026:05:34:27 +1000] "GET /product/2x16mm%C2%B2-iec-62930-dc-cable-100m/ HTTP/1.1" 301 1304 "-" "Mozilla/5.0 (compatible; MJ12bot/v1.4.8; http://mj12bot.com/)"
45.142.193.140 - - [10/May/2026:05:34:30 +1000] "HEAD /uploads/database.sql HTTP/2" 404 0 "-" "Mozilla/5.0 (Windows NT 10.0; Win64; x64) AppleWebKit/537.36 (KHTML, like Gecko) Chrome/121.0.0.0 Safari/537.36"
65.108.78.33 - - [10/May/2026:05:34:29 +1000] "GET /product/2x16mm%C3%82%C2%B2-iec-62930-dc-cable-100m/ HTTP/1.1" 404 30437 "-" "Mozilla/5.0 (compatible; MJ12bot/v1.4.8; http://mj12bot.com/)"
65.108.78.33 - - [10/May/2026:05:34:34 +1000] "GET /product/2x16mm%C2%B2-iec-62930-dc-cable-500m/ HTTP/1.1" 301 1304 "-" "Mozilla/5.0 (compatible; MJ12bot/v1.4.8; http://mj12bot.com/)"
65.108.78.33 - - [10/May/2026:05:34:37 +1000] "GET /product/2x16mm%C3%82%C2%B2-iec-62930-dc-cable-500m/ HTTP/1.1" 404 30443 "-" "Mozilla/5.0 (compatible; MJ12bot/v1.4.8; http://mj12bot.com/)"
65.108.78.33 - - [10/May/2026:05:34:42 +1000] "GET /product/2x4mm%C2%B2-1500v-dc-cable-100m/ HTTP/1.1" 301 1299 "-" "Mozilla/5.0 (compatible; MJ12bot/v1.4.8; http://mj12bot.com/)"
65.108.78.33 - - [10/May/2026:05:34:44 +1000] "GET /product/2x4mm%C3%82%C2%B2-1500v-dc-cable-100m/ HTTP/1.1" 404 30448 "-" "Mozilla/5.0 (compatible; MJ12bot/v1.4.8; http://mj12bot.com/)"
65.108.78.33 - - [10/May/2026:05:34:49 +1000] "GET /product/2x4mm%C2%B2-1500v-dc-cable-500m/ HTTP/1.1" 301 1299 "-" "Mozilla/5.0 (compatible; MJ12bot/v1.4.8; http://mj12bot.com/)"
111.67.29.221 - - [10/May/2026:05:34:54 +1000] "POST /wp-cron.php?doing_wp_cron=1778355294.4614689350128173828125 HTTP/1.1" 200 538 "-" "WordPress/6.9.4; https://www.pgkdistribution.com.au"
65.108.78.33 - - [10/May/2026:05:34:52 +1000] "GET /product/2x4mm%C3%82%C2%B2-1500v-dc-cable-500m/ HTTP/1.1" 404 30452 "-" "Mozilla/5.0 (compatible; MJ12bot/v1.4.8; http://mj12bot.com/)"
65.108.78.33 - - [10/May/2026:05:34:57 +1000] "GET /product/2x4mm%C2%B2-iec-62930-dc-cable-100m/ HTTP/1.1" 301 1303 "-" "Mozilla/5.0 (compatible; MJ12bot/v1.4.8; http://mj12bot.com/)"
66.249.70.171 - - [10/May/2026:05:34:54 +1000] "GET /product/end-clamp-35mm-silver/ HTTP/1.1" 200 36419 "-" "Mozilla/5.0 (Linux; Android 6.0.1; Nexus 5X Build/MMB29P) AppleWebKit/537.36 (KHTML, like Gecko) Chrome/147.0.7727.137 Mobile Safari/537.36 (compatible; Googlebot/2.1; +http://www.google.com/bot.html)"
65.108.78.33 - - [10/May/2026:05:34:59 +1000] "GET /product/2x4mm%C3%82%C2%B2-iec-62930-dc-cable-100m/ HTTP/1.1" 404 30440 "-" "Mozilla/5.0 (compatible; MJ12bot/v1.4.8; http://mj12bot.com/)"
65.108.78.33 - - [10/May/2026:05:35:04 +1000] "GET /product/2x4mm%C2%B2-iec-62930-dc-cable-500m/ HTTP/1.1" 301 1303 "-" "Mozilla/5.0 (compatible; MJ12bot/v1.4.8; http://mj12bot.com/)"
65.108.78.33 - - [10/May/2026:05:35:07 +1000] "GET /product/2x4mm%C3%82%C2%B2-iec-62930-dc-cable-500m/ HTTP/1.1" 404 30446 "-" "Mozilla/5.0 (compatible; MJ12bot/v1.4.8; http://mj12bot.com/)"
65.108.78.33 - - [10/May/2026:05:35:12 +1000] "GET /product/2x6mm%C2%B2-1500v-dc-cable-100m/ HTTP/1.1" 301 1299 "-" "Mozilla/5.0 (compatible; MJ12bot/v1.4.8; http://mj12bot.com/)"
65.108.78.33 - - [10/May/2026:05:35:14 +1000] "GET /product/2x6mm%C3%82%C2%B2-1500v-dc-cable-100m/ HTTP/1.1" 404 30447 "-" "Mozilla/5.0 (compatible; MJ12bot/v1.4.8; http://mj12bot.com/)"
65.108.78.33 - - [10/May/2026:05:35:19 +1000] "GET /product/2x6mm%C2%B2-1500v-dc-cable-500m/ HTTP/1.1" 301 1299 "-" "Mozilla/5.0 (compatible; MJ12bot/v1.4.8; http://mj12bot.com/)"
111.67.29.221 - - [10/May/2026:05:35:24 +1000] "POST /wp-cron.php?doing_wp_cron=1778355324.3278419971466064453125 HTTP/1.1" 200 538 "-" "WordPress/6.9.4; https://www.pgkdistribution.com.au"
65.108.78.33 - - [10/May/2026:05:35:22 +1000] "GET /product/2x6mm%C3%82%C2%B2-1500v-dc-cable-500m/ HTTP/1.1" 404 30451 "-" "Mozilla/5.0 (compatible; MJ12bot/v1.4.8; http://mj12bot.com/)"
65.108.78.33 - - [10/May/2026:05:35:27 +1000] "GET /product/2x6mm%C2%B2-iec-62930-dc-cable-100m/ HTTP/1.1" 301 1303 "-" "Mozilla/5.0 (compatible; MJ12bot/v1.4.8; http://mj12bot.com/)"
65.108.78.33 - - [10/May/2026:05:35:29 +1000] "GET /product/2x6mm%C3%82%C2%B2-iec-62930-dc-cable-100m/ HTTP/1.1" 404 30439 "-" "Mozilla/5.0 (compatible; MJ12bot/v1.4.8; http://mj12bot.com/)"
65.108.78.33 - - [10/May/2026:05:35:34 +1000] "GET /product/2x6mm%C2%B2-iec-62930-dc-cable-500m/ HTTP/1.1" 301 1303 "-" "Mozilla/5.0 (compatible; MJ12bot/v1.4.8; http://mj12bot.com/)"
65.108.78.33 - - [10/May/2026:05:35:36 +1000] "GET /product/2x6mm%C3%82%C2%B2-iec-62930-dc-cable-500m/ HTTP/1.1" 404 30445 "-" "Mozilla/5.0 (compatible; MJ12bot/v1.4.8; http://mj12bot.com/)"
65.108.78.33 - - [10/May/2026:05:35:41 +1000] "GET /product/earthing-cable-10mm%C2%B2/ HTTP/1.1" 301 1293 "-" "Mozilla/5.0 (compatible; MJ12bot/v1.4.8; http://mj12bot.com/)"
65.108.78.33 - - [10/May/2026:05:35:44 +1000] "GET /product/earthing-cable-10mm%C3%82%C2%B2/ HTTP/1.1" 404 30450 "-" "Mozilla/5.0 (compatible; MJ12bot/v1.4.8; http://mj12bot.com/)"
65.108.78.33 - - [10/May/2026:05:35:49 +1000] "GET /product/earthing-cable-4mm%C2%B2/ HTTP/1.1" 301 1292 "-" "Mozilla/5.0 (compatible; MJ12bot/v1.4.8; http://mj12bot.com/)"
65.108.78.33 - - [10/May/2026:05:35:51 +1000] "GET /product/earthing-cable-4mm%C3%82%C2%B2/ HTTP/1.1" 404 30449 "-" "Mozilla/5.0 (compatible; MJ12bot/v1.4.8; http://mj12bot.com/)"
65.108.78.33 - - [10/May/2026:05:35:56 +1000] "GET /product/earthing-cable-6mm%C2%B2/ HTTP/1.1" 301 1292 "-" "Mozilla/5.0 (compatible; MJ12bot/v1.4.8; http://mj12bot.com/)"
65.108.78.33 - - [10/May/2026:05:35:59 +1000] "GET /product/earthing-cable-6mm%C3%82%C2%B2/ HTTP/1.1" 404 30448 "-" "Mozilla/5.0 (compatible; MJ12bot/v1.4.8; http://mj12bot.com/)"
65.108.78.33 - - [10/May/2026:05:36:03 +1000] "GET /products/earthing-cable-4mm%C2%B2/ HTTP/1.1" 301 1293 "-" "Mozilla/5.0 (compatible; MJ12bot/v1.4.8; http://mj12bot.com/)"
65.108.78.33 - - [10/May/2026:05:36:06 +1000] "GET /products/earthing-cable-4mm%C3%82%C2%B2/ HTTP/1.1" 404 30449 "-" "Mozilla/5.0 (compatible; MJ12bot/v1.4.8; http://mj12bot.com/)"
65.108.78.33 - - [10/May/2026:05:36:12 +1000] "GET /products/earthing-cable-6mm%C2%B2/ HTTP/1.1" 301 1293 "-" "Mozilla/5.0 (compatible; MJ12bot/v1.4.8; http://mj12bot.com/)"
65.108.78.33 - - [10/May/2026:05:36:14 +1000] "GET /products/earthing-cable-6mm%C3%82%C2%B2/ HTTP/1.1" 404 30449 "-" "Mozilla/5.0 (compatible; MJ12bot/v1.4.8; http://mj12bot.com/)"
111.67.29.221 - - [10/May/2026:05:36:21 +1000] "POST /wp-cron.php?doing_wp_cron=1778355381.2988009452819824218750 HTTP/1.1" 200 538 "-" "WordPress/6.9.4; https://www.pgkdistribution.com.au"
65.108.78.33 - - [10/May/2026:05:36:19 +1000] "GET /product/1x10mm%C2%B2-iec-62930-dc-cable-100m/ HTTP/1.1" 200 35988 "-" "Mozilla/5.0 (compatible; MJ12bot/v1.4.8; http://mj12bot.com/)"
65.108.78.33 - - [10/May/2026:05:36:24 +1000] "GET /product/1x10mm%C2%B2-iec-62930-dc-cable-500m/ HTTP/1.1" 200 35993 "-" "Mozilla/5.0 (compatible; MJ12bot/v1.4.8; http://mj12bot.com/)"
65.108.78.33 - - [10/May/2026:05:36:29 +1000] "GET /product/1x4mm%C2%B2-iec-62930-dc-cable-500m/ HTTP/1.1" 200 36085 "-" "Mozilla/5.0 (compatible; MJ12bot/v1.4.8; http://mj12bot.com/)"
65.108.78.33 - - [10/May/2026:05:36:34 +1000] "GET /product/1x6mm%C2%B2-iec-62930-dc-cable-100m/ HTTP/1.1" 200 35880 "-" "Mozilla/5.0 (compatible; MJ12bot/v1.4.8; http://mj12bot.com/)"
65.108.78.33 - - [10/May/2026:05:36:39 +1000] "GET /product/1x6mm%C2%B2-iec-62930-dc-cable-500m/ HTTP/1.1" 200 36010 "-" "Mozilla/5.0 (compatible; MJ12bot/v1.4.8; http://mj12bot.com/)"
65.108.78.33 - - [10/May/2026:05:36:45 +1000] "GET /product/2x10mm%C2%B2-iec-62930-dc-cable-100m/ HTTP/1.1" 200 35912 "-" "Mozilla/5.0 (compatible; MJ12bot/v1.4.8; http://mj12bot.com/)"
65.108.78.33 - - [10/May/2026:05:36:50 +1000] "GET /product/2x10mm%C2%B2-1500v-dc-cable-500m/ HTTP/1.1" 200 35966 "-" "Mozilla/5.0 (compatible; MJ12bot/v1.4.8; http://mj12bot.com/)"
65.108.78.33 - - [10/May/2026:05:36:55 +1000] "GET /product/2x16mm%C2%B2-iec-62930-dc-cable-100m/ HTTP/1.1" 200 36308 "-" "Mozilla/5.0 (compatible; MJ12bot/v1.4.8; http://mj12bot.com/)"
65.108.78.33 - - [10/May/2026:05:37:01 +1000] "GET /product/2x16mm%C2%B2-iec-62930-dc-cable-500m/ HTTP/1.1" 200 36241 "-" "Mozilla/5.0 (compatible; MJ12bot/v1.4.8; http://mj12bot.com/)"
65.108.78.33 - - [10/May/2026:05:37:07 +1000] "GET /product/2x4mm%C2%B2-iec-62930-dc-cable-100m/ HTTP/1.1" 200 35730 "-" "Mozilla/5.0 (compatible; MJ12bot/v1.4.8; http://mj12bot.com/)"
65.108.78.33 - - [10/May/2026:05:37:12 +1000] "GET /product/2x4mm%C2%B2-iec-62930-dc-cable-500m/ HTTP/1.1" 200 35776 "-" "Mozilla/5.0 (compatible; MJ12bot/v1.4.8; http://mj12bot.com/)"
111.67.29.221 - - [10/May/2026:05:37:20 +1000] "POST /wp-cron.php?doing_wp_cron=1778355440.5223159790039062500000 HTTP/1.1" 200 538 "-" "WordPress/6.9.4; https://www.pgkdistribution.com.au"
65.108.78.33 - - [10/May/2026:05:37:18 +1000] "GET /product/2x6mm%C2%B2-iec-62930-dc-cable-500m/ HTTP/1.1" 200 35730 "-" "Mozilla/5.0 (compatible; MJ12bot/v1.4.8; http://mj12bot.com/)"
65.108.78.33 - - [10/May/2026:05:37:23 +1000] "GET /product/2x6mm%C2%B2-iec-62930-dc-cable-100m/ HTTP/1.1" 200 35961 "-" "Mozilla/5.0 (compatible; MJ12bot/v1.4.8; http://mj12bot.com/)"
111.67.29.221 - - [10/May/2026:05:37:31 +1000] "POST /wp-cron.php?doing_wp_cron=1778355451.1749320030212402343750 HTTP/1.1" 200 538 "-" "WordPress/6.9.4; https://www.pgkdistribution.com.au"
57.141.14.19 - - [10/May/2026:05:37:29 +1000] "GET /page-sitemap.xml HTTP/2" 200 9542 "-" "meta-externalagent/1.1 (+https://developers.facebook.com/docs/sharing/webmasters/crawler)"
65.108.78.33 - - [10/May/2026:05:37:28 +1000] "GET /product/earthing-cable-10mm%C2%B2/ HTTP/1.1" 200 36001 "-" "Mozilla/5.0 (compatible; MJ12bot/v1.4.8; http://mj12bot.com/)"
43.159.140.236 - - [10/May/2026:05:37:29 +1000] "GET /product-category/storage/miscellaneous/ HTTP/1.1" 200 29553 "-" "Mozilla/5.0 (iPhone; CPU iPhone OS 13_2_3 like Mac OS X) AppleWebKit/605.1.15 (KHTML, like Gecko) Version/13.0.3 Mobile/15E148 Safari/604.1"
65.108.78.33 - - [10/May/2026:05:37:34 +1000] "GET /product/earthing-cable-4mm%C2%B2/ HTTP/1.1" 200 35784 "-" "Mozilla/5.0 (compatible; MJ12bot/v1.4.8; http://mj12bot.com/)"
65.108.78.33 - - [10/May/2026:05:37:39 +1000] "GET /product/earthing-cable-6mm%C2%B2/ HTTP/1.1" 200 35895 "-" "Mozilla/5.0 (compatible; MJ12bot/v1.4.8; http://mj12bot.com/)"
111.67.29.221 - - [10/May/2026:05:38:47 +1000] "POST /wp-cron.php?doing_wp_cron=1778355527.7349278926849365234375 HTTP/1.1" 200 538 "-" "WordPress/6.9.4; https://www.pgkdistribution.com.au"
46.22.135.218 - - [10/May/2026:05:38:45 +1000] "GET /wp-login.php HTTP/2" 200 2507 "-" "Mozilla/5.0 (Macintosh; Intel Mac OS X 10_15_7) AppleWebKit/537.36 (KHTML, like Gecko) Chrome/133.0.0.0 Safari/537.36 Edg/133.0.0.0"
46.22.135.218 - - [10/May/2026:05:38:48 +1000] "POST /wp-login.php HTTP/2" 200 2657 "https://www.pgkdistribution.com.au/wp-login.php" "Mozilla/5.0 (Macintosh; Intel Mac OS X 10_15_7) AppleWebKit/537.36 (KHTML, like Gecko) Chrome/133.0.0.0 Safari/537.36 Edg/133.0.0.0"
222.165.190.235 - - [10/May/2026:05:40:25 +1000] "GET /wp-login.php HTTP/2" 301 795 "-" "Mozilla/5.0 (Windows NT 10.0; Win64; x64) AppleWebKit/537.36 (KHTML, like Gecko) Chrome/133.0.0.0 Safari/537.36"
111.67.29.221 - - [10/May/2026:05:40:31 +1000] "POST /wp-cron.php?doing_wp_cron=1778355631.3805050849914550781250 HTTP/1.1" 200 538 "-" "WordPress/6.9.4; https://www.pgkdistribution.com.au"
222.165.190.235 - - [10/May/2026:05:40:27 +1000] "GET /wp-login.php HTTP/2" 200 2507 "https://pgkdistribution.com.au/wp-login.php" "Mozilla/5.0 (Windows NT 10.0; Win64; x64) AppleWebKit/537.36 (KHTML, like Gecko) Chrome/133.0.0.0 Safari/537.36"
222.165.190.235 - - [10/May/2026:05:40:32 +1000] "POST /wp-login.php HTTP/2" 301 795 "https://pgkdistribution.com.au/wp-login.php" "Mozilla/5.0 (Windows NT 10.0; Win64; x64) AppleWebKit/537.36 (KHTML, like Gecko) Chrome/133.0.0.0 Safari/537.36"
222.165.190.235 - - [10/May/2026:05:40:32 +1000] "GET /wp-login.php HTTP/2" 200 2507 "https://pgkdistribution.com.au/wp-login.php" "Mozilla/5.0 (Windows NT 10.0; Win64; x64) AppleWebKit/537.36 (KHTML, like Gecko) Chrome/133.0.0.0 Safari/537.36"
45.142.193.140 - - [10/May/2026:05:40:52 +1000] "HEAD /backup/site.sql HTTP/2" 404 0 "-" "Mozilla/5.0 (Windows NT 10.0; Win64; x64) AppleWebKit/537.36 (KHTML, like Gecko) Chrome/121.0.0.0 Safari/537.36"
57.141.14.32 - - [10/May/2026:05:41:32 +1000] "GET /?p=141 HTTP/2" 301 795 "-" "meta-externalagent/1.1 (+https://developers.facebook.com/docs/sharing/webmasters/crawler)"
111.67.29.221 - - [10/May/2026:05:41:38 +1000] "POST /wp-cron.php?doing_wp_cron=1778355698.1520390510559082031250 HTTP/1.1" 200 538 "-" "WordPress/6.9.4; https://www.pgkdistribution.com.au"
57.141.14.97 - - [10/May/2026:05:41:36 +1000] "GET /?p=141 HTTP/2" 301 0 "-" "meta-externalagent/1.1 (+https://developers.facebook.com/docs/sharing/webmasters/crawler)"
57.141.14.31 - - [10/May/2026:05:41:40 +1000] "GET /product/pgk-2pole20a-ac-isolatorswitch/ HTTP/2" 200 129666 "-" "meta-externalagent/1.1 (+https://developers.facebook.com/docs/sharing/webmasters/crawler)"
111.67.29.221 - - [10/May/2026:05:44:45 +1000] "POST /wp-cron.php?doing_wp_cron=1778355885.4417760372161865234375 HTTP/1.1" 200 538 "-" "WordPress/6.9.4; https://www.pgkdistribution.com.au"
95.216.210.177 - - [10/May/2026:05:44:43 +1000] "GET /wp-login.php HTTP/2" 200 2507 "-" "Mozilla/5.0 (Macintosh; Intel Mac OS X 10_15_7) AppleWebKit/537.36 (KHTML, like Gecko) Chrome/133.0.0.0 Safari/537.36 Edg/133.0.0.0"
95.216.210.177 - - [10/May/2026:05:44:45 +1000] "POST /wp-login.php HTTP/2" 200 2657 "https://www.pgkdistribution.com.au/wp-login.php" "Mozilla/5.0 (Macintosh; Intel Mac OS X 10_15_7) AppleWebKit/537.36 (KHTML, like Gecko) Chrome/133.0.0.0 Safari/537.36 Edg/133.0.0.0"
111.67.29.221 - - [10/May/2026:05:47:11 +1000] "POST /wp-cron.php?doing_wp_cron=1778356031.3144710063934326171875 HTTP/1.1" 200 538 "-" "WordPress/6.9.4; https://www.pgkdistribution.com.au"
150.109.230.210 - - [10/May/2026:05:47:04 +1000] "GET /product-category/storage/miscellaneous/feed/ HTTP/1.1" 200 3177 "-" "Mozilla/5.0 (iPhone; CPU iPhone OS 13_2_3 like Mac OS X) AppleWebKit/605.1.15 (KHTML, like Gecko) Version/13.0.3 Mobile/15E148 Safari/604.1"
111.67.29.221 - - [10/May/2026:05:49:35 +1000] "POST /wp-cron.php?doing_wp_cron=1778356175.5342259407043457031250 HTTP/1.1" 200 538 "-" "WordPress/6.9.4; https://www.pgkdistribution.com.au"
45.142.193.140 - - [10/May/2026:05:49:29 +1000] "HEAD /data.sql HTTP/2" 404 0 "-" "Mozilla/5.0 (Windows NT 10.0; Win64; x64) AppleWebKit/537.36 (KHTML, like Gecko) Chrome/121.0.0.0 Safari/537.36"
110.249.202.116 - - [10/May/2026:05:50:58 +1000] "GET /product/solar-pv-label-kit-disconnection-point/ HTTP/2" 301 795 "-" "Mozilla/5.0 (Linux; Android 5.0) AppleWebKit/537.36 (KHTML, like Gecko) Mobile Safari/537.36 (compatible; Bytespider; https://zhanzhang.toutiao.com/)"
111.67.29.221 - - [10/May/2026:05:51:02 +1000] "POST /wp-cron.php?doing_wp_cron=1778356262.5273520946502685546875 HTTP/1.1" 200 538 "-" "WordPress/6.9.4; https://www.pgkdistribution.com.au"
92.205.188.156 - - [10/May/2026:05:50:58 +1000] "GET /wp-login.php HTTP/2" 200 2507 "-" "Mozilla/5.0 (Macintosh; Intel Mac OS X 10_15_7) AppleWebKit/537.36 (KHTML, like Gecko) Chrome/133.0.0.0 Safari/537.36 Edg/133.0.0.0"
110.249.202.239 - - [10/May/2026:05:51:01 +1000] "GET /product/solar-pv-label-kit-disconnection-point/ HTTP/2" 200 35254 "-" "Mozilla/5.0 (Linux; Android 5.0) AppleWebKit/537.36 (KHTML, like Gecko) Mobile Safari/537.36 (compatible; Bytespider; https://zhanzhang.toutiao.com/)"
110.249.202.239 - - [10/May/2026:05:51:05 +1000] "GET /wp-content/plugins/hide-price-add-to-cart-button/assets/css/afwhp_front.css?ver=1.0 HTTP/2" 200 230 "https://www.pgkdistribution.com.au/product/solar-pv-label-kit-disconnection-point/" "Mozilla/5.0 (Linux; Android 5.0) AppleWebKit/537.36 (KHTML, like Gecko) Mobile Safari/537.36 (compatible; Bytespider; https://zhanzhang.toutiao.com/)"
92.205.188.156 - - [10/May/2026:05:51:03 +1000] "POST /wp-login.php HTTP/2" 200 2657 "https://www.pgkdistribution.com.au/wp-login.php" "Mozilla/5.0 (Macintosh; Intel Mac OS X 10_15_7) AppleWebKit/537.36 (KHTML, like Gecko) Chrome/133.0.0.0 Safari/537.36 Edg/133.0.0.0"
110.249.202.239 - - [10/May/2026:05:51:05 +1000] "GET /wp-content/plugins/storefront-footer-bar/assets/css/style.css?ver=6.9.4 HTTP/2" 200 263 "https://www.pgkdistribution.com.au/product/solar-pv-label-kit-disconnection-point/" "Mozilla/5.0 (Linux; Android 5.0) AppleWebKit/537.36 (KHTML, like Gecko) Mobile Safari/537.36 (compatible; Bytespider; https://zhanzhang.toutiao.com/)"
110.249.202.239 - - [10/May/2026:05:51:05 +1000] "GET /wp-content/uploads/2022/05/SE019DP-457x224.png HTTP/2" 206 500 "https://www.pgkdistribution.com.au/product/solar-pv-label-kit-disconnection-point/" "Mozilla/5.0 (Linux; Android 5.0) AppleWebKit/537.36 (KHTML, like Gecko) Mobile Safari/537.36 (compatible; Bytespider; https://zhanzhang.toutiao.com/)"
110.249.202.239 - - [10/May/2026:05:51:05 +1000] "GET /wp-content/plugins/woocommerce/assets/js/photoswipe/photoswipe.min.js?ver=4.1.1-wc.10.7.0 HTTP/2" 200 11652 "https://www.pgkdistribution.com.au/product/solar-pv-label-kit-disconnection-point/" "Mozilla/5.0 (Linux; Android 5.0) AppleWebKit/537.36 (KHTML, like Gecko) Mobile Safari/537.36 (compatible; Bytespider; https://zhanzhang.toutiao.com/)"
110.249.202.116 - - [10/May/2026:05:51:05 +1000] "GET /wp-content/uploads/2021/05/facebook.png HTTP/2" 301 795 "https://www.pgkdistribution.com.au/" "Mozilla/5.0 (Linux; Android 5.0) AppleWebKit/537.36 (KHTML, like Gecko) Mobile Safari/537.36 (compatible; Bytespider; https://zhanzhang.toutiao.com/)"
110.249.202.239 - - [10/May/2026:05:51:05 +1000] "GET /wp-content/plugins/woocommerce/assets/js/frontend/single-product.min.js?ver=10.7.0 HTTP/2" 200 2700 "https://www.pgkdistribution.com.au/product/solar-pv-label-kit-disconnection-point/" "Mozilla/5.0 (Linux; Android 5.0) AppleWebKit/537.36 (KHTML, like Gecko) Mobile Safari/537.36 (compatible; Bytespider; https://zhanzhang.toutiao.com/)"
110.249.202.239 - - [10/May/2026:05:51:05 +1000] "GET /wp-content/uploads/2021/06/Erthing-Cable-500x500-1-356x356.jpg HTTP/2" 206 500 "https://www.pgkdistribution.com.au/product/solar-pv-label-kit-disconnection-point/" "Mozilla/5.0 (Linux; Android 5.0) AppleWebKit/537.36 (KHTML, like Gecko) Mobile Safari/537.36 (compatible; Bytespider; https://zhanzhang.toutiao.com/)"
110.249.202.239 - - [10/May/2026:05:51:05 +1000] "GET /wp-content/uploads/2021/05/SE030C-500x500-1-356x356.jpg HTTP/2" 206 500 "https://www.pgkdistribution.com.au/product/solar-pv-label-kit-disconnection-point/" "Mozilla/5.0 (Linux; Android 5.0) AppleWebKit/537.36 (KHTML, like Gecko) Mobile Safari/537.36 (compatible; Bytespider; https://zhanzhang.toutiao.com/)"
110.249.202.239 - - [10/May/2026:05:51:06 +1000] "GET /wp-content/uploads/2021/05/PGK-1000v-DC-IsolatorMC4-200mm-356x356.png HTTP/2" 206 500 "https://www.pgkdistribution.com.au/product/solar-pv-label-kit-disconnection-point/" "Mozilla/5.0 (Linux; Android 5.0) AppleWebKit/537.36 (KHTML, like Gecko) Mobile Safari/537.36 (compatible; Bytespider; https://zhanzhang.toutiao.com/)"
110.249.202.116 - - [10/May/2026:05:51:05 +1000] "GET /wp-content/uploads/2021/05/Twitter.png HTTP/2" 301 795 "https://www.pgkdistribution.com.au/" "Mozilla/5.0 (Linux; Android 5.0) AppleWebKit/537.36 (KHTML, like Gecko) Mobile Safari/537.36 (compatible; Bytespider; https://zhanzhang.toutiao.com/)"
110.249.202.116 - - [10/May/2026:05:51:06 +1000] "GET /wp-content/uploads/2021/05/linkedin.png HTTP/2" 301 795 "https://www.pgkdistribution.com.au/" "Mozilla/5.0 (Linux; Android 5.0) AppleWebKit/537.36 (KHTML, like Gecko) Mobile Safari/537.36 (compatible; Bytespider; https://zhanzhang.toutiao.com/)"
110.249.202.239 - - [10/May/2026:05:51:06 +1000] "POST /?wc-ajax=get_refreshed_fragments HTTP/2" 200 379 "https://www.pgkdistribution.com.au/product/solar-pv-label-kit-disconnection-point/" "Mozilla/5.0 (Linux; Android 5.0) AppleWebKit/537.36 (KHTML, like Gecko) Mobile Safari/537.36 (compatible; Bytespider; https://zhanzhang.toutiao.com/)"
110.249.202.239 - - [10/May/2026:05:51:05 +1000] "POST /wp-admin/admin-ajax.php HTTP/2" 200 36 "https://www.pgkdistribution.com.au/product/solar-pv-label-kit-disconnection-point/" "Mozilla/5.0 (Linux; Android 5.0) AppleWebKit/537.36 (KHTML, like Gecko) Mobile Safari/537.36 (compatible; Bytespider; https://zhanzhang.toutiao.com/)"
111.225.149.233 - - [10/May/2026:05:51:22 +1000] "GET /wp-content/uploads/2022/02/1x10mm%C2%B2-IEC-62930-DC-Cable.pdf HTTP/2" 200 49125 "-" "Mozilla/5.0 (Linux; Android 5.0) AppleWebKit/537.36 (KHTML, like Gecko) Mobile Safari/537.36 (compatible; Bytespider; https://zhanzhang.toutiao.com/)"
110.249.201.54 - - [10/May/2026:05:51:47 +1000] "GET /wp-content/uploads/2021/05/DC-Isolator-Installation-Manual.pdf HTTP/2" 301 795 "-" "Mozilla/5.0 (Linux; Android 5.0) AppleWebKit/537.36 (KHTML, like Gecko) Mobile Safari/537.36 (compatible; Bytespider; https://zhanzhang.toutiao.com/)"
110.249.201.199 - - [10/May/2026:05:51:48 +1000] "GET /wp-content/uploads/2021/05/DC-Isolator-Installation-Manual.pdf HTTP/2" 200 114625 "-" "Mozilla/5.0 (Linux; Android 5.0) AppleWebKit/537.36 (KHTML, like Gecko) Mobile Safari/537.36 (compatible; Bytespider; https://zhanzhang.toutiao.com/)"
111.67.29.221 - - [10/May/2026:05:52:16 +1000] "POST /wp-cron.php?doing_wp_cron=1778356336.2665901184082031250000 HTTP/1.1" 200 538 "-" "WordPress/6.9.4; https://www.pgkdistribution.com.au"
110.249.201.91 - - [10/May/2026:05:52:13 +1000] "GET / HTTP/2" 200 43155 "-" "Mozilla/5.0 (Linux; Android 5.0) AppleWebKit/537.36 (KHTML, like Gecko) Mobile Safari/537.36 (compatible; Bytespider; https://zhanzhang.toutiao.com/)"
110.249.201.91 - - [10/May/2026:05:52:17 +1000] "GET /wp-content/plugins/smart-slider-3/Public/SmartSlider3/Application/Frontend/Assets/dist/n2.min.js?ver=5ea20ab3 HTTP/2" 200 12016 "https://www.pgkdistribution.com.au/" "Mozilla/5.0 (Linux; Android 5.0) AppleWebKit/537.36 (KHTML, like Gecko) Mobile Safari/537.36 (compatible; Bytespider; https://zhanzhang.toutiao.com/)"
110.249.201.91 - - [10/May/2026:05:52:17 +1000] "GET /wp-content/plugins/smart-slider-3/Public/SmartSlider3/Widget/Arrow/ArrowImage/Assets/dist/w-arrow-image.min.js?ver=5ea20ab3 HTTP/2" 200 561 "https://www.pgkdistribution.com.au/" "Mozilla/5.0 (Linux; Android 5.0) AppleWebKit/537.36 (KHTML, like Gecko) Mobile Safari/537.36 (compatible; Bytespider; https://zhanzhang.toutiao.com/)"
110.249.201.91 - - [10/May/2026:05:52:17 +1000] "GET /wp-content/uploads/2021/06/EA1601A-500x500-1-356x356.jpg HTTP/2" 206 500 "https://www.pgkdistribution.com.au/" "Mozilla/5.0 (Linux; Android 5.0) AppleWebKit/537.36 (KHTML, like Gecko) Mobile Safari/537.36 (compatible; Bytespider; https://zhanzhang.toutiao.com/)"
110.249.201.73 - - [10/May/2026:05:52:18 +1000] "GET /wp-content/uploads/2021/05/facebook.png HTTP/2" 301 795 "https://www.pgkdistribution.com.au/" "Mozilla/5.0 (Linux; Android 5.0) AppleWebKit/537.36 (KHTML, like Gecko) Mobile Safari/537.36 (compatible; Bytespider; https://zhanzhang.toutiao.com/)"
110.249.201.73 - - [10/May/2026:05:52:18 +1000] "GET /wp-content/uploads/2021/05/linkedin.png HTTP/2" 301 795 "https://www.pgkdistribution.com.au/" "Mozilla/5.0 (Linux; Android 5.0) AppleWebKit/537.36 (KHTML, like Gecko) Mobile Safari/537.36 (compatible; Bytespider; https://zhanzhang.toutiao.com/)"
110.249.201.91 - - [10/May/2026:05:52:18 +1000] "GET /wp-content/uploads/2021/05/PGK-Site-Slider-2.png HTTP/2" 206 500 "https://www.pgkdistribution.com.au/" "Mozilla/5.0 (Linux; Android 5.0) AppleWebKit/537.36 (KHTML, like Gecko) Mobile Safari/537.36 (compatible; Bytespider; https://zhanzhang.toutiao.com/)"
110.249.201.73 - - [10/May/2026:05:52:18 +1000] "GET /wp-content/uploads/2021/05/Twitter.png HTTP/2" 301 795 "https://www.pgkdistribution.com.au/" "Mozilla/5.0 (Linux; Android 5.0) AppleWebKit/537.36 (KHTML, like Gecko) Mobile Safari/537.36 (compatible; Bytespider; https://zhanzhang.toutiao.com/)"
110.249.201.91 - - [10/May/2026:05:52:18 +1000] "POST /?wc-ajax=get_refreshed_fragments HTTP/2" 200 379 "https://www.pgkdistribution.com.au/" "Mozilla/5.0 (Linux; Android 5.0) AppleWebKit/537.36 (KHTML, like Gecko) Mobile Safari/537.36 (compatible; Bytespider; https://zhanzhang.toutiao.com/)"
103.28.36.205 - - [10/May/2026:05:52:24 +1000] "GET /wp-login.php HTTP/2" 301 795 "-" "Mozilla/5.0 (Macintosh; Intel Mac OS X 11_7_10) AppleWebKit/537.36 (KHTML, like Gecko) Chrome/133.0.0.0 Safari/537.36"
103.28.36.205 - - [10/May/2026:05:52:27 +1000] "GET /wp-login.php HTTP/2" 200 2507 "https://pgkdistribution.com.au/wp-login.php" "Mozilla/5.0 (Macintosh; Intel Mac OS X 11_7_10) AppleWebKit/537.36 (KHTML, like Gecko) Chrome/133.0.0.0 Safari/537.36"
103.28.36.205 - - [10/May/2026:05:52:29 +1000] "POST /wp-login.php HTTP/2" 301 795 "https://pgkdistribution.com.au/wp-login.php" "Mozilla/5.0 (Macintosh; Intel Mac OS X 11_7_10) AppleWebKit/537.36 (KHTML, like Gecko) Chrome/133.0.0.0 Safari/537.36"
111.67.29.221 - - [10/May/2026:05:52:31 +1000] "POST /wp-cron.php?doing_wp_cron=1778356351.3389880657196044921875 HTTP/1.1" 200 538 "-" "WordPress/6.9.4; https://www.pgkdistribution.com.au"
103.28.36.205 - - [10/May/2026:05:52:29 +1000] "GET /wp-login.php HTTP/2" 200 2507 "https://pgkdistribution.com.au/wp-login.php" "Mozilla/5.0 (Macintosh; Intel Mac OS X 11_7_10) AppleWebKit/537.36 (KHTML, like Gecko) Chrome/133.0.0.0 Safari/537.36"
111.225.148.45 - - [10/May/2026:05:52:46 +1000] "GET /wp-content/uploads/2021/05/PGK-1200V-SAA-Certificate.pdf HTTP/2" 301 795 "-" "Mozilla/5.0 (Linux; Android 5.0) AppleWebKit/537.36 (KHTML, like Gecko) Mobile Safari/537.36 (compatible; Bytespider; https://zhanzhang.toutiao.com/)"
111.225.148.193 - - [10/May/2026:05:52:48 +1000] "GET /wp-content/uploads/2021/05/PGK-1200V-SAA-Certificate.pdf HTTP/2" 200 65500 "-" "Mozilla/5.0 (Linux; Android 5.0) AppleWebKit/537.36 (KHTML, like Gecko) Mobile Safari/537.36 (compatible; Bytespider; https://zhanzhang.toutiao.com/)"
45.142.193.140 - - [10/May/2026:05:52:54 +1000] "HEAD /wp-content/data.sql HTTP/2" 404 0 "-" "Mozilla/5.0 (Windows NT 10.0; Win64; x64) AppleWebKit/537.36 (KHTML, like Gecko) Chrome/121.0.0.0 Safari/537.36"
110.249.201.72 - - [10/May/2026:05:53:00 +1000] "GET /wp-content/uploads/2023/01/Soltaro-AC-Unit-Datasheet.pdf HTTP/2" 200 65500 "-" "Mozilla/5.0 (Linux; Android 5.0) AppleWebKit/537.36 (KHTML, like Gecko) Mobile Safari/537.36 (compatible; Bytespider; https://zhanzhang.toutiao.com/)"
111.225.148.107 - - [10/May/2026:05:53:25 +1000] "GET /wp-content/uploads/2021/06/Single-Solar-DC-Cable-1x4mm%C2%B2.pdf HTTP/2" 301 795 "-" "Mozilla/5.0 (Linux; Android 5.0) AppleWebKit/537.36 (KHTML, like Gecko) Mobile Safari/537.36 (compatible; Bytespider; https://zhanzhang.toutiao.com/)"
111.225.148.178 - - [10/May/2026:05:53:26 +1000] "GET /wp-content/uploads/2021/06/Single-Solar-DC-Cable-1x4mm%C2%B2.pdf HTTP/2" 200 49125 "-" "Mozilla/5.0 (Linux; Android 5.0) AppleWebKit/537.36 (KHTML, like Gecko) Mobile Safari/537.36 (compatible; Bytespider; https://zhanzhang.toutiao.com/)"
165.154.206.223 - - [10/May/2026:05:53:32 +1000] "GET /favicon.ico HTTP/1.1" 404 1072 "-" "Go-http-client/1.1"
165.154.206.223 - - [10/May/2026:05:53:34 +1000] "GET /robots.txt HTTP/1.1" 200 1012 "-" "Go-http-client/1.1"
111.67.29.221 - - [10/May/2026:05:53:36 +1000] "POST /wp-cron.php?doing_wp_cron=1778356416.3422760963439941406250 HTTP/1.1" 200 538 "-" "WordPress/6.9.4; https://www.pgkdistribution.com.au"
165.154.206.223 - - [10/May/2026:05:53:34 +1000] "GET /sitemap.xml HTTP/1.1" 301 550 "-" "Go-http-client/1.1"
165.154.206.223 - - [10/May/2026:05:53:37 +1000] "GET /sitemap_index.xml HTTP/1.1" 200 964 "https://www.pgkdistribution.com.au/sitemap.xml" "Go-http-client/1.1"
111.225.149.34 - - [10/May/2026:05:53:50 +1000] "GET /ev-chargers/ HTTP/2" 200 30652 "-" "Mozilla/5.0 (Linux; Android 5.0) AppleWebKit/537.36 (KHTML, like Gecko) Mobile Safari/537.36 (compatible; Bytespider; https://zhanzhang.toutiao.com/)"
111.225.149.189 - - [10/May/2026:05:53:54 +1000] "GET /wp-content/uploads/2023/01/Soltaro-EV-Charger.jpg HTTP/2" 301 795 "https://www.pgkdistribution.com.au/" "Mozilla/5.0 (Linux; Android 5.0) AppleWebKit/537.36 (KHTML, like Gecko) Mobile Safari/537.36 (compatible; Bytespider; https://zhanzhang.toutiao.com/)"
111.225.149.189 - - [10/May/2026:05:53:54 +1000] "GET /wp-content/uploads/2021/05/facebook.png HTTP/2" 301 795 "https://www.pgkdistribution.com.au/" "Mozilla/5.0 (Linux; Android 5.0) AppleWebKit/537.36 (KHTML, like Gecko) Mobile Safari/537.36 (compatible; Bytespider; https://zhanzhang.toutiao.com/)"
111.225.149.189 - - [10/May/2026:05:53:54 +1000] "GET /wp-content/uploads/2021/05/Twitter.png HTTP/2" 301 795 "https://www.pgkdistribution.com.au/" "Mozilla/5.0 (Linux; Android 5.0) AppleWebKit/537.36 (KHTML, like Gecko) Mobile Safari/537.36 (compatible; Bytespider; https://zhanzhang.toutiao.com/)"
111.225.149.189 - - [10/May/2026:05:53:54 +1000] "GET /wp-content/uploads/2021/05/linkedin.png HTTP/2" 301 795 "https://www.pgkdistribution.com.au/" "Mozilla/5.0 (Linux; Android 5.0) AppleWebKit/537.36 (KHTML, like Gecko) Mobile Safari/537.36 (compatible; Bytespider; https://zhanzhang.toutiao.com/)"
152.32.213.68 - - [10/May/2026:05:53:54 +1000] "GET / HTTP/1.1" 301 1263 "-" "Mozilla/5.0 (Macintosh; Intel Mac OS X 9_0_2) AppleWebKit/584.36 (KHTML, like Gecko) Chrome/89.0.876 Safari/537.36"
111.225.149.34 - - [10/May/2026:05:53:53 +1000] "POST /?wc-ajax=get_refreshed_fragments HTTP/2" 200 379 "https://www.pgkdistribution.com.au/ev-chargers/" "Mozilla/5.0 (Linux; Android 5.0) AppleWebKit/537.36 (KHTML, like Gecko) Mobile Safari/537.36 (compatible; Bytespider; https://zhanzhang.toutiao.com/)"
152.32.213.68 - - [10/May/2026:05:53:56 +1000] "GET /favicon.ico HTTP/1.1" 404 1072 "-" "Go-http-client/1.1"
152.32.213.68 - - [10/May/2026:05:53:57 +1000] "GET /robots.txt HTTP/1.1" 200 1012 "-" "Go-http-client/1.1"
152.32.213.68 - - [10/May/2026:05:53:57 +1000] "GET /sitemap.xml HTTP/1.1" 301 550 "-" "Go-http-client/1.1"
152.32.213.68 - - [10/May/2026:05:54:00 +1000] "GET /sitemap_index.xml HTTP/1.1" 200 964 "https://www.pgkdistribution.com.au/sitemap.xml" "Go-http-client/1.1"
152.32.213.68 - - [10/May/2026:05:54:06 +1000] "GET / HTTP/1.1" 200 43944 "-" "Mozilla/5.0 (Windows NT 8_2_1; Win64; x64) AppleWebKit/538.36 (KHTML, like Gecko) Chrome/91.0.790 Safari/537.36"
110.249.202.233 - - [10/May/2026:05:54:15 +1000] "GET /wp-content/uploads/2021/05/AC-Weatherproof-Isolator-Installation-Manual.pdf HTTP/2" 200 114625 "-" "Mozilla/5.0 (Linux; Android 5.0) AppleWebKit/537.36 (KHTML, like Gecko) Mobile Safari/537.36 (compatible; Bytespider; https://zhanzhang.toutiao.com/)"
152.32.213.68 - - [10/May/2026:05:54:17 +1000] "GET /wp-content/uploads/2021/05/cropped-PGK-Grey-font-32x32.png HTTP/1.1" 200 2266 "-" "Go-http-client/1.1"
152.32.213.68 - - [10/May/2026:05:54:18 +1000] "GET /wp-content/uploads/2021/05/PGK-Grey-font.png HTTP/1.1" 200 295489 "-" "Mozilla/5.0 (Macintosh; Intel Mac OS X 8_1_1) AppleWebKit/586.38 (KHTML, like Gecko) Chrome/91.0.726 Safari/537.36"
152.32.213.68 - - [10/May/2026:05:54:20 +1000] "GET /wp-content/plugins/user-registration-plugin-for-woocommerce/front/js/afreg_front.js?ver=1.0 HTTP/1.1" 200 2622 "-" "Go-http-client/1.1"
111.67.29.221 - - [10/May/2026:05:54:21 +1000] "POST /wp-cron.php?doing_wp_cron=1778356461.7997899055480957031250 HTTP/1.1" 200 538 "-" "WordPress/6.9.4; https://www.pgkdistribution.com.au"
34.141.230.59 - - [10/May/2026:05:54:19 +1000] "GET /product/solis-1p-4000w-dual-mppt/ HTTP/2" 200 35381 "-" "LinkupBot/1.0 (LinkupBot for web indexing; https://linkup.so/bot; bot@linkup.so)"
152.32.213.68 - - [10/May/2026:05:54:21 +1000] "GET /wp-content/plugins/contact-form-7/includes/js/index.js?ver=6.1.3 HTTP/1.1" 200 5359 "-" "Go-http-client/1.1"
152.32.213.68 - - [10/May/2026:05:54:23 +1000] "GET /wp-content/plugins/user-registration-plugin-for-woocommerce/front/js/afreg_color_spectrum.js?ver=1.0 HTTP/1.1" 200 21795 "-" "Go-http-client/1.1"
152.32.213.68 - - [10/May/2026:05:54:24 +1000] "GET /wp-content/plugins/gutentor/assets/js/gutentor.js?ver=3.5.3 HTTP/1.1" 200 15730 "-" "Go-http-client/1.1"
