74.125.151.171 - - [10/May/2026:09:11:49 +1000] "GET /wp-content/themes/storefront/assets/css/woocommerce/woocommerce.css?ver=4.6.1 HTTP/1.1" 200 9079 "https://www.pgkdistribution.com.au/product/2x6mm%C2%B2-iec-62930-dc-cable-100m/" "Mozilla/5.0 (X11; Linux x86_64) AppleWebKit/537.36 (KHTML, like Gecko) Chrome/147.0.7727.116 Safari/537.36"
74.125.151.171 - - [10/May/2026:09:11:52 +1000] "GET /wp-content/themes/storefront/assets/css/base/icons.css?ver=4.6.1 HTTP/1.1" 200 14629 "https://www.pgkdistribution.com.au/product/2x6mm%C2%B2-iec-62930-dc-cable-100m/" "Mozilla/5.0 (X11; Linux x86_64) AppleWebKit/537.36 (KHTML, like Gecko) Chrome/147.0.7727.116 Safari/537.36"
74.125.151.171 - - [10/May/2026:09:11:54 +1000] "GET /wp-content/plugins/user-registration-plugin-for-woocommerce/front/js/afreg_front.js?ver=1.0 HTTP/1.1" 200 2062 "https://www.pgkdistribution.com.au/product/2x6mm%C2%B2-iec-62930-dc-cable-100m/" "Mozilla/5.0 (X11; Linux x86_64) AppleWebKit/537.36 (KHTML, like Gecko) Chrome/147.0.7727.116 Safari/537.36"
111.67.29.221 - - [10/May/2026:09:11:55 +1000] "POST /wp-cron.php?doing_wp_cron=1778368315.0129089355468750000000 HTTP/1.1" 200 538 "-" "WordPress/6.9.4; https://www.pgkdistribution.com.au"
34.220.61.166 - - [10/May/2026:09:11:51 +1000] "GET /product/cable-gland-5-hole/ HTTP/2" 200 35131 "-" "Mozilla/5.0 (Windows NT 10.0; Win64; x64) AppleWebKit/537.36 (KHTML, like Gecko) Chrome/128.0.0.0 Safari/537.36"
74.125.151.171 - - [10/May/2026:09:12:00 +1000] "GET /wp-content/themes/storefront/assets/css/woocommerce/extensions/brands.css?ver=4.6.1 HTTP/1.1" 200 1348 "https://www.pgkdistribution.com.au/product/2x6mm%C2%B2-iec-62930-dc-cable-100m/" "Mozilla/5.0 (X11; Linux x86_64) AppleWebKit/537.36 (KHTML, like Gecko) Chrome/147.0.7727.116 Safari/537.36"
74.125.151.171 - - [10/May/2026:09:12:02 +1000] "GET /wp-includes/css/dist/patterns/style.min.css?ver=6.9.4 HTTP/1.1" 200 1119 "https://www.pgkdistribution.com.au/product/2x6mm%C2%B2-iec-62930-dc-cable-100m/" "Mozilla/5.0 (X11; Linux x86_64) AppleWebKit/537.36 (KHTML, like Gecko) Chrome/147.0.7727.116 Safari/537.36"
74.125.151.171 - - [10/May/2026:09:12:04 +1000] "GET /wp-content/uploads/2021/06/Twin-Solar-DC-Cable-500x500-1-457x457.jpg HTTP/1.1" 200 12900 "https://www.pgkdistribution.com.au/product/2x6mm%C2%B2-iec-62930-dc-cable-100m/" "Mozilla/5.0 (X11; Linux x86_64) AppleWebKit/537.36 (KHTML, like Gecko) Chrome/147.0.7727.116 Safari/537.36"
74.125.151.171 - - [10/May/2026:09:12:06 +1000] "GET /wp-content/plugins/gutentor/assets/library/animatecss/animate.min.css?ver=3.7.2 HTTP/1.1" 200 4511 "https://www.pgkdistribution.com.au/product/2x6mm%C2%B2-iec-62930-dc-cable-100m/" "Mozilla/5.0 (X11; Linux x86_64) AppleWebKit/537.36 (KHTML, like Gecko) Chrome/147.0.7727.116 Safari/537.36"
74.125.151.171 - - [10/May/2026:09:12:08 +1000] "GET /wp-content/plugins/gutentor/assets/library/wpness-grid/wpness-grid.css?ver=1.0.0 HTTP/1.1" 200 3193 "https://www.pgkdistribution.com.au/product/2x6mm%C2%B2-iec-62930-dc-cable-100m/" "Mozilla/5.0 (X11; Linux x86_64) AppleWebKit/537.36 (KHTML, like Gecko) Chrome/147.0.7727.116 Safari/537.36"
74.125.151.171 - - [10/May/2026:09:12:11 +1000] "GET /wp-content/plugins/gutentor/dist/blocks.style.build.css?ver=3.5.3 HTTP/1.1" 200 24992 "https://www.pgkdistribution.com.au/product/2x6mm%C2%B2-iec-62930-dc-cable-100m/" "Mozilla/5.0 (X11; Linux x86_64) AppleWebKit/537.36 (KHTML, like Gecko) Chrome/147.0.7727.116 Safari/537.36"
74.125.151.171 - - [10/May/2026:09:12:13 +1000] "GET /wp-includes/css/dist/components/style.min.css?ver=6.9.4 HTTP/1.1" 200 13969 "https://www.pgkdistribution.com.au/product/2x6mm%C2%B2-iec-62930-dc-cable-100m/" "Mozilla/5.0 (X11; Linux x86_64) AppleWebKit/537.36 (KHTML, like Gecko) Chrome/147.0.7727.116 Safari/537.36"
34.220.61.166 - - [10/May/2026:09:12:11 +1000] "GET /product/genuine-mc4-evo2-1500v-connector-pairs/ HTTP/2" 200 35148 "-" "Mozilla/5.0 (Windows NT 10.0; Win64; x64) AppleWebKit/537.36 (KHTML, like Gecko) Chrome/128.0.0.0 Safari/537.36"
74.125.151.171 - - [10/May/2026:09:12:15 +1000] "GET /wp-includes/css/dist/block-editor/style.min.css?ver=6.9.4 HTTP/1.1" 200 15988 "https://www.pgkdistribution.com.au/product/2x6mm%C2%B2-iec-62930-dc-cable-100m/" "Mozilla/5.0 (X11; Linux x86_64) AppleWebKit/537.36 (KHTML, like Gecko) Chrome/147.0.7727.116 Safari/537.36"
74.125.151.171 - - [10/May/2026:09:12:18 +1000] "GET /wp-includes/css/dist/editor/style.min.css?ver=6.9.4 HTTP/1.1" 200 9924 "https://www.pgkdistribution.com.au/product/2x6mm%C2%B2-iec-62930-dc-cable-100m/" "Mozilla/5.0 (X11; Linux x86_64) AppleWebKit/537.36 (KHTML, like Gecko) Chrome/147.0.7727.116 Safari/537.36"
74.125.151.171 - - [10/May/2026:09:12:20 +1000] "GET /wp-content/plugins/advanced-product-fields-for-woocommerce/assets/css/frontend.min.css?ver=1.6.17 HTTP/1.1" 200 925 "https://www.pgkdistribution.com.au/product/2x6mm%C2%B2-iec-62930-dc-cable-100m/" "Mozilla/5.0 (X11; Linux x86_64) AppleWebKit/537.36 (KHTML, like Gecko) Chrome/147.0.7727.116 Safari/537.36"
74.125.151.171 - - [10/May/2026:09:12:22 +1000] "GET /wp-includes/js/jquery/jquery.min.js?ver=3.7.1 HTTP/1.1" 200 30173 "https://www.pgkdistribution.com.au/product/2x6mm%C2%B2-iec-62930-dc-cable-100m/" "Mozilla/5.0 (X11; Linux x86_64) AppleWebKit/537.36 (KHTML, like Gecko) Chrome/147.0.7727.116 Safari/537.36"
74.125.151.171 - - [10/May/2026:09:12:24 +1000] "GET /wp-content/plugins/storefront-footer-bar/assets/css/style.css?ver=6.9.4 HTTP/1.1" 200 716 "https://www.pgkdistribution.com.au/product/2x6mm%C2%B2-iec-62930-dc-cable-100m/" "Mozilla/5.0 (X11; Linux x86_64) AppleWebKit/537.36 (KHTML, like Gecko) Chrome/147.0.7727.116 Safari/537.36"
111.67.29.221 - - [10/May/2026:09:12:26 +1000] "POST /wp-cron.php?doing_wp_cron=1778368346.7183229923248291015625 HTTP/1.1" 200 538 "-" "WordPress/6.9.4; https://www.pgkdistribution.com.au"
74.125.151.171 - - [10/May/2026:09:12:26 +1000] "GET /wp-content/plugins/tier-pricing-table/assets/frontend/main.css?ver=8.3.0 HTTP/1.1" 200 2179 "https://www.pgkdistribution.com.au/product/2x6mm%C2%B2-iec-62930-dc-cable-100m/" "Mozilla/5.0 (X11; Linux x86_64) AppleWebKit/537.36 (KHTML, like Gecko) Chrome/147.0.7727.116 Safari/537.36"
34.220.61.166 - - [10/May/2026:09:12:24 +1000] "GET /solis/ HTTP/2" 200 32022 "-" "Mozilla/5.0 (Windows NT 10.0; Win64; x64) AppleWebKit/537.36 (KHTML, like Gecko) Chrome/128.0.0.0 Safari/537.36"
74.125.151.171 - - [10/May/2026:09:12:28 +1000] "GET /wp-content/plugins/tier-pricing-table/assets/frontend/product-tiered-pricing-table.min.js?ver=8.3.0 HTTP/1.1" 200 5141 "https://www.pgkdistribution.com.au/product/2x6mm%C2%B2-iec-62930-dc-cable-100m/" "Mozilla/5.0 (X11; Linux x86_64) AppleWebKit/537.36 (KHTML, like Gecko) Chrome/147.0.7727.116 Safari/537.36"
74.125.151.171 - - [10/May/2026:09:12:34 +1000] "GET /wp-content/plugins/gutentor/dist/gutentor-woocommerce.css?ver=3.5.3 HTTP/1.1" 200 1243 "https://www.pgkdistribution.com.au/product/2x6mm%C2%B2-iec-62930-dc-cable-100m/" "Mozilla/5.0 (X11; Linux x86_64) AppleWebKit/537.36 (KHTML, like Gecko) Chrome/147.0.7727.116 Safari/537.36"
111.67.29.221 - - [10/May/2026:09:12:35 +1000] "POST /wp-cron.php?doing_wp_cron=1778368355.4749228954315185546875 HTTP/1.1" 200 538 "-" "WordPress/6.9.4; https://www.pgkdistribution.com.au"
34.220.61.166 - - [10/May/2026:09:12:31 +1000] "GET /cart/ HTTP/2" 200 52342 "-" "Mozilla/5.0 (Windows NT 10.0; Win64; x64) AppleWebKit/537.36 (KHTML, like Gecko) Chrome/128.0.0.0 Safari/537.36"
34.220.61.166 - - [10/May/2026:09:12:39 +1000] "GET /enclosures/ HTTP/2" 200 30597 "-" "Mozilla/5.0 (Windows NT 10.0; Win64; x64) AppleWebKit/537.36 (KHTML, like Gecko) Chrome/128.0.0.0 Safari/537.36"
74.125.151.171 - - [10/May/2026:09:12:38 +1000] "GET /wp-content/uploads/2021/05/PGK-Grey-font.png HTTP/1.1" 200 300890 "https://www.pgkdistribution.com.au/product/2x6mm%C2%B2-iec-62930-dc-cable-100m/" "Mozilla/5.0 (X11; Linux x86_64) AppleWebKit/537.36 (KHTML, like Gecko) Chrome/147.0.7727.116 Safari/537.36"
74.125.151.171 - - [10/May/2026:09:12:41 +1000] "GET /wp-content/themes/storefront/style.css?ver=4.6.1 HTTP/1.1" 200 8634 "https://www.pgkdistribution.com.au/product/2x6mm%C2%B2-iec-62930-dc-cable-100m/" "Mozilla/5.0 (X11; Linux x86_64) AppleWebKit/537.36 (KHTML, like Gecko) Chrome/147.0.7727.116 Safari/537.36"
74.125.151.171 - - [10/May/2026:09:12:43 +1000] "GET /wp-includes/js/jquery/jquery-migrate.min.js?ver=3.4.1 HTTP/1.1" 200 5106 "https://www.pgkdistribution.com.au/product/2x6mm%C2%B2-iec-62930-dc-cable-100m/" "Mozilla/5.0 (X11; Linux x86_64) AppleWebKit/537.36 (KHTML, like Gecko) Chrome/147.0.7727.116 Safari/537.36"
74.125.151.171 - - [10/May/2026:09:12:44 +1000] "GET /wp-content/plugins/storefront-hamburger-menu/assets/css/style.css?ver=1.2.2 HTTP/1.1" 200 1115 "https://www.pgkdistribution.com.au/product/2x6mm%C2%B2-iec-62930-dc-cable-100m/" "Mozilla/5.0 (X11; Linux x86_64) AppleWebKit/537.36 (KHTML, like Gecko) Chrome/147.0.7727.116 Safari/537.36"
74.125.151.171 - - [10/May/2026:09:12:45 +1000] "GET /wp-content/plugins/user-registration-plugin-for-woocommerce/front/js/afreg_color_spectrum.js?ver=1.0 HTTP/1.1" 200 17509 "https://www.pgkdistribution.com.au/product/2x6mm%C2%B2-iec-62930-dc-cable-100m/" "Mozilla/5.0 (X11; Linux x86_64) AppleWebKit/537.36 (KHTML, like Gecko) Chrome/147.0.7727.116 Safari/537.36"
74.125.151.171 - - [10/May/2026:09:12:47 +1000] "GET /wp-content/plugins/woocommerce/assets/css/photoswipe/default-skin/default-skin.min.css?ver=10.7.0 HTTP/1.1" 200 2259 "https://www.pgkdistribution.com.au/product/2x6mm%C2%B2-iec-62930-dc-cable-100m/" "Mozilla/5.0 (X11; Linux x86_64) AppleWebKit/537.36 (KHTML, like Gecko) Chrome/147.0.7727.116 Safari/537.36"
74.125.151.171 - - [10/May/2026:09:12:53 +1000] "GET /wp-content/plugins/advanced-product-fields-for-woocommerce/assets/js/frontend.min.js?ver=1.6.17 HTTP/1.1" 200 2708 "https://www.pgkdistribution.com.au/product/2x6mm%C2%B2-iec-62930-dc-cable-100m/" "Mozilla/5.0 (X11; Linux x86_64) AppleWebKit/537.36 (KHTML, like Gecko) Chrome/147.0.7727.116 Safari/537.36"
74.125.151.171 - - [10/May/2026:09:12:54 +1000] "GET /wp-includes/js/dist/hooks.min.js?ver=dd5603f07f9220ed27f1 HTTP/1.1" 200 2280 "https://www.pgkdistribution.com.au/product/2x6mm%C2%B2-iec-62930-dc-cable-100m/" "Mozilla/5.0 (X11; Linux x86_64) AppleWebKit/537.36 (KHTML, like Gecko) Chrome/147.0.7727.116 Safari/537.36"
34.220.61.166 - - [10/May/2026:09:12:53 +1000] "GET /product/22kw-three-phase-with-solar-optimiser/ HTTP/2" 200 34838 "-" "Mozilla/5.0 (Windows NT 10.0; Win64; x64) AppleWebKit/537.36 (KHTML, like Gecko) Chrome/128.0.0.0 Safari/537.36"
74.125.151.171 - - [10/May/2026:09:12:56 +1000] "GET /wp-includes/js/dist/i18n.min.js?ver=c26c3dc7bed366793375 HTTP/1.1" 200 2547 "https://www.pgkdistribution.com.au/product/2x6mm%C2%B2-iec-62930-dc-cable-100m/" "Mozilla/5.0 (X11; Linux x86_64) AppleWebKit/537.36 (KHTML, like Gecko) Chrome/147.0.7727.116 Safari/537.36"
74.125.151.171 - - [10/May/2026:09:12:58 +1000] "GET /wp-content/plugins/woocommerce/assets/js/sourcebuster/sourcebuster.min.js?ver=10.7.0 HTTP/1.1" 200 5037 "https://www.pgkdistribution.com.au/product/2x6mm%C2%B2-iec-62930-dc-cable-100m/" "Mozilla/5.0 (X11; Linux x86_64) AppleWebKit/537.36 (KHTML, like Gecko) Chrome/147.0.7727.116 Safari/537.36"
74.125.151.171 - - [10/May/2026:09:13:00 +1000] "GET /wp-content/plugins/contact-form-7/includes/js/index.js?ver=6.1.3 HTTP/1.1" 200 4436 "https://www.pgkdistribution.com.au/product/2x6mm%C2%B2-iec-62930-dc-cable-100m/" "Mozilla/5.0 (X11; Linux x86_64) AppleWebKit/537.36 (KHTML, like Gecko) Chrome/147.0.7727.116 Safari/537.36"
74.125.151.171 - - [10/May/2026:09:13:02 +1000] "GET /wp-content/themes/storefront/assets/js/woocommerce/extensions/brands.min.js?ver=4.6.1 HTTP/1.1" 200 684 "https://www.pgkdistribution.com.au/product/2x6mm%C2%B2-iec-62930-dc-cable-100m/" "Mozilla/5.0 (X11; Linux x86_64) AppleWebKit/537.36 (KHTML, like Gecko) Chrome/147.0.7727.116 Safari/537.36"
34.220.61.166 - - [10/May/2026:09:13:00 +1000] "GET /product/3-5kw-reverse-cycle-split-system/ HTTP/2" 200 34758 "-" "Mozilla/5.0 (Windows NT 10.0; Win64; x64) AppleWebKit/537.36 (KHTML, like Gecko) Chrome/128.0.0.0 Safari/537.36"
74.125.151.171 - - [10/May/2026:09:13:06 +1000] "GET /wp-content/themes/storefront/assets/js/navigation.min.js?ver=4.6.1 HTTP/1.1" 200 1447 "https://www.pgkdistribution.com.au/product/2x6mm%C2%B2-iec-62930-dc-cable-100m/" "Mozilla/5.0 (X11; Linux x86_64) AppleWebKit/537.36 (KHTML, like Gecko) Chrome/147.0.7727.116 Safari/537.36"
74.125.151.171 - - [10/May/2026:09:13:12 +1000] "GET /wp-content/plugins/contact-form-7/includes/swv/js/index.js?ver=6.1.3 HTTP/1.1" 200 3975 "https://www.pgkdistribution.com.au/product/2x6mm%C2%B2-iec-62930-dc-cable-100m/" "Mozilla/5.0 (X11; Linux x86_64) AppleWebKit/537.36 (KHTML, like Gecko) Chrome/147.0.7727.116 Safari/537.36"
74.125.151.171 - - [10/May/2026:09:13:13 +1000] "GET /wp-content/plugins/mailchimp-for-woocommerce/public/js/mailchimp-woocommerce-public.min.js?ver=5.5.1.07 HTTP/1.1" 200 2571 "https://www.pgkdistribution.com.au/product/2x6mm%C2%B2-iec-62930-dc-cable-100m/" "Mozilla/5.0 (X11; Linux x86_64) AppleWebKit/537.36 (KHTML, like Gecko) Chrome/147.0.7727.116 Safari/537.36"
34.220.61.166 - - [10/May/2026:09:13:12 +1000] "GET /product/soltaro-aa-lithium-battery/ HTTP/2" 200 35116 "-" "Mozilla/5.0 (Windows NT 10.0; Win64; x64) AppleWebKit/537.36 (KHTML, like Gecko) Chrome/128.0.0.0 Safari/537.36"
74.125.151.171 - - [10/May/2026:09:13:15 +1000] "GET /wp-includes/js/dist/vendor/wp-polyfill.min.js?ver=3.15.0 HTTP/1.1" 200 11968 "https://www.pgkdistribution.com.au/product/2x6mm%C2%B2-iec-62930-dc-cable-100m/" "Mozilla/5.0 (X11; Linux x86_64) AppleWebKit/537.36 (KHTML, like Gecko) Chrome/147.0.7727.116 Safari/537.36"
74.125.151.171 - - [10/May/2026:09:13:17 +1000] "GET /wp-content/plugins/woocommerce/assets/js/zoom/jquery.zoom.min.js?ver=1.7.21-wc.10.7.0 HTTP/1.1" 200 1479 "https://www.pgkdistribution.com.au/product/2x6mm%C2%B2-iec-62930-dc-cable-100m/" "Mozilla/5.0 (X11; Linux x86_64) AppleWebKit/537.36 (KHTML, like Gecko) Chrome/147.0.7727.116 Safari/537.36"
74.125.151.171 - - [10/May/2026:09:13:19 +1000] "GET /wp-content/plugins/woocommerce/assets/js/flexslider/jquery.flexslider.min.js?ver=2.7.2-wc.10.7.0 HTTP/1.1" 200 6445 "https://www.pgkdistribution.com.au/product/2x6mm%C2%B2-iec-62930-dc-cable-100m/" "Mozilla/5.0 (X11; Linux x86_64) AppleWebKit/537.36 (KHTML, like Gecko) Chrome/147.0.7727.116 Safari/537.36"
74.125.151.171 - - [10/May/2026:09:13:21 +1000] "GET /wp-content/plugins/woocommerce/assets/js/frontend/cart-fragments.min.js?ver=10.7.0 HTTP/1.1" 200 1368 "https://www.pgkdistribution.com.au/product/2x6mm%C2%B2-iec-62930-dc-cable-100m/" "Mozilla/5.0 (X11; Linux x86_64) AppleWebKit/537.36 (KHTML, like Gecko) Chrome/147.0.7727.116 Safari/537.36"
74.125.151.171 - - [10/May/2026:09:13:22 +1000] "GET /wp-content/plugins/woocommerce/assets/js/jquery-blockui/jquery.blockUI.min.js?ver=2.7.0-wc.10.7.0 HTTP/1.1" 200 3705 "https://www.pgkdistribution.com.au/product/2x6mm%C2%B2-iec-62930-dc-cable-100m/" "Mozilla/5.0 (X11; Linux x86_64) AppleWebKit/537.36 (KHTML, like Gecko) Chrome/147.0.7727.116 Safari/537.36"
111.67.29.221 - - [10/May/2026:09:13:24 +1000] "POST /wp-cron.php?doing_wp_cron=1778368404.2208890914916992187500 HTTP/1.1" 200 538 "-" "WordPress/6.9.4; https://www.pgkdistribution.com.au"
34.220.61.166 - - [10/May/2026:09:13:22 +1000] "GET /circuit-breakers/ HTTP/2" 200 31650 "-" "Mozilla/5.0 (Windows NT 10.0; Win64; x64) AppleWebKit/537.36 (KHTML, like Gecko) Chrome/128.0.0.0 Safari/537.36"
74.125.151.171 - - [10/May/2026:09:13:24 +1000] "GET /wp-content/plugins/woocommerce/assets/js/js-cookie/js.cookie.min.js?ver=2.1.4-wc.10.7.0 HTTP/1.1" 200 1186 "https://www.pgkdistribution.com.au/product/2x6mm%C2%B2-iec-62930-dc-cable-100m/" "Mozilla/5.0 (X11; Linux x86_64) AppleWebKit/537.36 (KHTML, like Gecko) Chrome/147.0.7727.116 Safari/537.36"
74.125.151.171 - - [10/May/2026:09:13:26 +1000] "GET /wp-content/plugins/woocommerce/assets/js/frontend/order-attribution.min.js?ver=10.7.0 HTTP/1.1" 200 1447 "https://www.pgkdistribution.com.au/product/2x6mm%C2%B2-iec-62930-dc-cable-100m/" "Mozilla/5.0 (X11; Linux x86_64) AppleWebKit/537.36 (KHTML, like Gecko) Chrome/147.0.7727.116 Safari/537.36"
66.249.89.165 - - [10/May/2026:09:13:28 +1000] "GET /wp-content/uploads/2021/05/linkedin.png HTTP/1.1" 301 1339 "https://www.pgkdistribution.com.au/" "Mozilla/5.0 (X11; Linux x86_64) AppleWebKit/537.36 (KHTML, like Gecko) Chrome/147.0.7727.116 Safari/537.36"
34.220.61.166 - - [10/May/2026:09:13:32 +1000] "GET /contact-us/ HTTP/2" 200 32167 "-" "Mozilla/5.0 (Windows NT 10.0; Win64; x64) AppleWebKit/537.36 (KHTML, like Gecko) Chrome/128.0.0.0 Safari/537.36"
34.220.61.166 - - [10/May/2026:09:13:52 +1000] "GET /ev-chargers/ HTTP/2" 200 30357 "-" "Mozilla/5.0 (Windows NT 10.0; Win64; x64) AppleWebKit/537.36 (KHTML, like Gecko) Chrome/128.0.0.0 Safari/537.36"
34.220.61.166 - - [10/May/2026:09:14:12 +1000] "GET /product-tag/sale/ HTTP/2" 200 28762 "-" "Mozilla/5.0 (Windows NT 10.0; Win64; x64) AppleWebKit/537.36 (KHTML, like Gecko) Chrome/128.0.0.0 Safari/537.36"
111.67.29.221 - - [10/May/2026:09:14:27 +1000] "POST /wp-cron.php?doing_wp_cron=1778368467.9214229583740234375000 HTTP/1.1" 200 538 "-" "WordPress/6.9.4; https://www.pgkdistribution.com.au"
34.220.61.166 - - [10/May/2026:09:14:25 +1000] "GET /air-purifiers/ HTTP/2" 200 30445 "-" "Mozilla/5.0 (Windows NT 10.0; Win64; x64) AppleWebKit/537.36 (KHTML, like Gecko) Chrome/128.0.0.0 Safari/537.36"
34.220.61.166 - - [10/May/2026:09:14:33 +1000] "GET /clenergy/ HTTP/2" 200 32626 "-" "Mozilla/5.0 (Windows NT 10.0; Win64; x64) AppleWebKit/537.36 (KHTML, like Gecko) Chrome/128.0.0.0 Safari/537.36"
34.220.61.166 - - [10/May/2026:09:14:41 +1000] "GET /product-category/storage/miscellaneous/ HTTP/2" 200 28535 "-" "Mozilla/5.0 (Windows NT 10.0; Win64; x64) AppleWebKit/537.36 (KHTML, like Gecko) Chrome/128.0.0.0 Safari/537.36"
111.67.29.221 - - [10/May/2026:09:14:54 +1000] "POST /wp-cron.php?doing_wp_cron=1778368494.5772719383239746093750 HTTP/1.1" 200 538 "-" "WordPress/6.9.4; https://www.pgkdistribution.com.au"
34.220.61.166 - - [10/May/2026:09:14:52 +1000] "GET /product/pgk-3pole35a-ac-isolatorswitch/ HTTP/2" 200 35032 "-" "Mozilla/5.0 (Windows NT 10.0; Win64; x64) AppleWebKit/537.36 (KHTML, like Gecko) Chrome/128.0.0.0 Safari/537.36"
34.220.61.166 - - [10/May/2026:09:15:05 +1000] "GET /product/pgk-2pole35a-ac-isolatorswitch/ HTTP/2" 200 34974 "-" "Mozilla/5.0 (Windows NT 10.0; Win64; x64) AppleWebKit/537.36 (KHTML, like Gecko) Chrome/128.0.0.0 Safari/537.36"
34.220.61.166 - - [10/May/2026:09:15:14 +1000] "GET /air-conditioner/ HTTP/2" 200 30607 "-" "Mozilla/5.0 (Windows NT 10.0; Win64; x64) AppleWebKit/537.36 (KHTML, like Gecko) Chrome/128.0.0.0 Safari/537.36"
111.67.29.221 - - [10/May/2026:09:15:25 +1000] "POST /wp-cron.php?doing_wp_cron=1778368525.5181770324707031250000 HTTP/1.1" 200 538 "-" "WordPress/6.9.4; https://www.pgkdistribution.com.au"
34.220.61.166 - - [10/May/2026:09:15:23 +1000] "GET /product/electrical-lockdogs/ HTTP/2" 200 35062 "-" "Mozilla/5.0 (Windows NT 10.0; Win64; x64) AppleWebKit/537.36 (KHTML, like Gecko) Chrome/128.0.0.0 Safari/537.36"
91.224.199.123 - - [10/May/2026:09:15:25 +1000] "GET /wp-login.php HTTP/2" 301 795 "-" "Mozilla/5.0 (Windows NT 10.0; Win64; x64) AppleWebKit/537.36 (KHTML, like Gecko) Chrome/133.0.0.0 Safari/537.36"
91.224.199.123 - - [10/May/2026:09:15:29 +1000] "GET /wp-login.php HTTP/2" 200 2507 "https://pgkdistribution.com.au/wp-login.php" "Mozilla/5.0 (Windows NT 10.0; Win64; x64) AppleWebKit/537.36 (KHTML, like Gecko) Chrome/133.0.0.0 Safari/537.36"
34.220.61.166 - - [10/May/2026:09:15:29 +1000] "GET /dc-cable/ HTTP/2" 200 31732 "-" "Mozilla/5.0 (Windows NT 10.0; Win64; x64) AppleWebKit/537.36 (KHTML, like Gecko) Chrome/128.0.0.0 Safari/537.36"
91.224.199.123 - - [10/May/2026:09:15:34 +1000] "POST /wp-login.php HTTP/2" 301 795 "https://pgkdistribution.com.au/wp-login.php" "Mozilla/5.0 (Windows NT 10.0; Win64; x64) AppleWebKit/537.36 (KHTML, like Gecko) Chrome/133.0.0.0 Safari/537.36"
91.224.199.123 - - [10/May/2026:09:15:34 +1000] "GET /wp-login.php HTTP/2" 200 2507 "https://pgkdistribution.com.au/wp-login.php" "Mozilla/5.0 (Windows NT 10.0; Win64; x64) AppleWebKit/537.36 (KHTML, like Gecko) Chrome/133.0.0.0 Safari/537.36"
34.220.61.166 - - [10/May/2026:09:15:46 +1000] "GET /product/pgk-1000v-dc-isolatormc4-200mm/ HTTP/2" 200 35118 "-" "Mozilla/5.0 (Windows NT 10.0; Win64; x64) AppleWebKit/537.36 (KHTML, like Gecko) Chrome/128.0.0.0 Safari/537.36"
35.252.234.232 - - [10/May/2026:09:15:51 +1000] "GET /wp-content/uploads/2017/12/ER-I-29-240x160.jpg HTTP/1.1" 301 1346 "-" "Mozilla/5.0 (X11; Linux x86_64) AppleWebKit/537.36 (KHTML, like Gecko) Chrome/91.0.4472.114 Safari/537.36"
34.220.61.166 - - [10/May/2026:09:15:53 +1000] "GET /air-conditioning/ HTTP/2" 200 29392 "-" "Mozilla/5.0 (Windows NT 10.0; Win64; x64) AppleWebKit/537.36 (KHTML, like Gecko) Chrome/128.0.0.0 Safari/537.36"
35.252.234.232 - - [10/May/2026:09:15:53 +1000] "GET /wp-content/uploads/2017/12/ER-I-29-240x160.jpg HTTP/1.1" 404 30337 "-" "Mozilla/5.0 (X11; Linux x86_64) AppleWebKit/537.36 (KHTML, like Gecko) Chrome/91.0.4472.114 Safari/537.36"
34.220.61.166 - - [10/May/2026:09:16:03 +1000] "GET /product-category/electricals-2/ HTTP/2" 200 30693 "-" "Mozilla/5.0 (Windows NT 10.0; Win64; x64) AppleWebKit/537.36 (KHTML, like Gecko) Chrome/128.0.0.0 Safari/537.36"
34.220.61.166 - - [10/May/2026:09:16:12 +1000] "GET /product/solis-1p-1500w-single-mppt/ HTTP/2" 200 34529 "-" "Mozilla/5.0 (Windows NT 10.0; Win64; x64) AppleWebKit/537.36 (KHTML, like Gecko) Chrome/128.0.0.0 Safari/537.36"
111.67.29.221 - - [10/May/2026:09:16:37 +1000] "POST /wp-cron.php?doing_wp_cron=1778368597.7216660976409912109375 HTTP/1.1" 200 538 "-" "WordPress/6.9.4; https://www.pgkdistribution.com.au"
34.220.61.166 - - [10/May/2026:09:16:28 +1000] "GET /product/solis-1p-2000w-single-mppt/ HTTP/2" 200 34473 "-" "Mozilla/5.0 (Windows NT 10.0; Win64; x64) AppleWebKit/537.36 (KHTML, like Gecko) Chrome/128.0.0.0 Safari/537.36"
34.220.61.166 - - [10/May/2026:09:16:30 +1000] "GET /product/solis-3p-20kw-four-mppt/ HTTP/2" 200 34492 "-" "Mozilla/5.0 (Windows NT 10.0; Win64; x64) AppleWebKit/537.36 (KHTML, like Gecko) Chrome/128.0.0.0 Safari/537.36"
34.220.61.166 - - [10/May/2026:09:16:50 +1000] "GET /product/solis-3p-6000w-dual-mppt/ HTTP/2" 200 34550 "-" "Mozilla/5.0 (Windows NT 10.0; Win64; x64) AppleWebKit/537.36 (KHTML, like Gecko) Chrome/128.0.0.0 Safari/537.36"
34.220.61.166 - - [10/May/2026:09:16:50 +1000] "GET /product/solis-plugin-wifi-stick/ HTTP/2" 200 34748 "-" "Mozilla/5.0 (Windows NT 10.0; Win64; x64) AppleWebKit/537.36 (KHTML, like Gecko) Chrome/128.0.0.0 Safari/537.36"
34.220.61.166 - - [10/May/2026:09:17:02 +1000] "GET /product/solis-1p-3000w-single-mppt/ HTTP/2" 200 34509 "-" "Mozilla/5.0 (Windows NT 10.0; Win64; x64) AppleWebKit/537.36 (KHTML, like Gecko) Chrome/128.0.0.0 Safari/537.36"
111.67.29.221 - - [10/May/2026:09:17:24 +1000] "POST /wp-cron.php?doing_wp_cron=1778368644.0626530647277832031250 HTTP/1.1" 200 538 "-" "WordPress/6.9.4; https://www.pgkdistribution.com.au"
34.220.61.166 - - [10/May/2026:09:17:19 +1000] "GET /product/solis-1p-3000w-dual-mppt/ HTTP/2" 200 34502 "-" "Mozilla/5.0 (Windows NT 10.0; Win64; x64) AppleWebKit/537.36 (KHTML, like Gecko) Chrome/128.0.0.0 Safari/537.36"
34.220.61.166 - - [10/May/2026:09:17:26 +1000] "GET /product/solis-3p-5000w-dual-mppt/ HTTP/2" 200 34530 "-" "Mozilla/5.0 (Windows NT 10.0; Win64; x64) AppleWebKit/537.36 (KHTML, like Gecko) Chrome/128.0.0.0 Safari/537.36"
111.67.29.221 - - [10/May/2026:09:17:40 +1000] "POST /wp-cron.php?doing_wp_cron=1778368659.9662361145019531250000 HTTP/1.1" 200 538 "-" "WordPress/6.9.4; https://www.pgkdistribution.com.au"
34.220.61.166 - - [10/May/2026:09:17:36 +1000] "GET /electricals/ HTTP/2" 200 29709 "-" "Mozilla/5.0 (Windows NT 10.0; Win64; x64) AppleWebKit/537.36 (KHTML, like Gecko) Chrome/128.0.0.0 Safari/537.36"
34.220.61.166 - - [10/May/2026:09:17:44 +1000] "GET /accessories/ HTTP/2" 200 32750 "-" "Mozilla/5.0 (Windows NT 10.0; Win64; x64) AppleWebKit/537.36 (KHTML, like Gecko) Chrome/128.0.0.0 Safari/537.36"
34.220.61.166 - - [10/May/2026:09:17:55 +1000] "GET /shop/ HTTP/2" 200 30650 "-" "Mozilla/5.0 (Windows NT 10.0; Win64; x64) AppleWebKit/537.36 (KHTML, like Gecko) Chrome/128.0.0.0 Safari/537.36"
34.220.61.166 - - [10/May/2026:09:18:06 +1000] "GET /product-category/electricals-2/accessories/ HTTP/2" 200 30727 "-" "Mozilla/5.0 (Windows NT 10.0; Win64; x64) AppleWebKit/537.36 (KHTML, like Gecko) Chrome/128.0.0.0 Safari/537.36"
111.67.29.221 - - [10/May/2026:09:18:18 +1000] "POST /wp-cron.php?doing_wp_cron=1778368698.2195689678192138671875 HTTP/1.1" 200 538 "-" "WordPress/6.9.4; https://www.pgkdistribution.com.au"
34.220.61.166 - - [10/May/2026:09:18:15 +1000] "GET /usb-battery/ HTTP/2" 200 30160 "-" "Mozilla/5.0 (Windows NT 10.0; Win64; x64) AppleWebKit/537.36 (KHTML, like Gecko) Chrome/128.0.0.0 Safari/537.36"
34.220.61.166 - - [10/May/2026:09:18:27 +1000] "GET /product/pgk-1pole20a-ac-isolatorswitch/ HTTP/2" 200 35035 "-" "Mozilla/5.0 (Windows NT 10.0; Win64; x64) AppleWebKit/537.36 (KHTML, like Gecko) Chrome/128.0.0.0 Safari/537.36"
34.220.61.166 - - [10/May/2026:09:18:35 +1000] "GET /product-category/electricals-2/page/5/ HTTP/2" 200 30060 "-" "Mozilla/5.0 (Windows NT 10.0; Win64; x64) AppleWebKit/537.36 (KHTML, like Gecko) Chrome/128.0.0.0 Safari/537.36"
170.106.73.216 - - [10/May/2026:09:18:41 +1000] "GET /hello-world/ HTTP/1.1" 200 29159 "-" "Mozilla/5.0 (iPhone; CPU iPhone OS 13_2_3 like Mac OS X) AppleWebKit/605.1.15 (KHTML, like Gecko) Version/13.0.3 Mobile/15E148 Safari/604.1"
15.235.96.162 - - [10/May/2026:09:18:42 +1000] "GET /product/solis-1p-4000w-dual-mppt/ HTTP/2" 200 34461 "-" "Mozilla/5.0 (compatible; AhrefsBot/7.0; +http://ahrefs.com/robot/)"
34.220.61.166 - - [10/May/2026:09:18:46 +1000] "GET /product-category/solar-inverters/ HTTP/2" 200 30334 "-" "Mozilla/5.0 (Windows NT 10.0; Win64; x64) AppleWebKit/537.36 (KHTML, like Gecko) Chrome/128.0.0.0 Safari/537.36"
34.220.61.166 - - [10/May/2026:09:18:54 +1000] "GET /solar-pv-panels/ HTTP/2" 200 30022 "-" "Mozilla/5.0 (Windows NT 10.0; Win64; x64) AppleWebKit/537.36 (KHTML, like Gecko) Chrome/128.0.0.0 Safari/537.36"
34.220.61.166 - - [10/May/2026:09:19:02 +1000] "GET /product/125a-pv-dc-moulded-case-circuit-breaker/ HTTP/2" 200 34936 "-" "Mozilla/5.0 (Windows NT 10.0; Win64; x64) AppleWebKit/537.36 (KHTML, like Gecko) Chrome/128.0.0.0 Safari/537.36"
121.200.216.56 - - [10/May/2026:09:19:09 +1000] "GET /wp-login.php HTTP/2" 200 2507 "-" "Mozilla/5.0 (Windows NT 10.0; Win64; x64) AppleWebKit/537.36 (KHTML, like Gecko) Chrome/133.0.0.0 Safari/537.36"
121.200.216.56 - - [10/May/2026:09:19:11 +1000] "POST /wp-login.php HTTP/2" 200 2657 "https://www.pgkdistribution.com.au/wp-login.php" "Mozilla/5.0 (Windows NT 10.0; Win64; x64) AppleWebKit/537.36 (KHTML, like Gecko) Chrome/133.0.0.0 Safari/537.36"
34.220.61.166 - - [10/May/2026:09:19:13 +1000] "GET /product/225a-pv-dc-moulded-case-circuit-breaker/ HTTP/2" 200 34783 "-" "Mozilla/5.0 (Windows NT 10.0; Win64; x64) AppleWebKit/537.36 (KHTML, like Gecko) Chrome/128.0.0.0 Safari/537.36"
111.67.29.221 - - [10/May/2026:09:19:31 +1000] "POST /wp-cron.php?doing_wp_cron=1778368771.8884220123291015625000 HTTP/1.1" 200 538 "-" "WordPress/6.9.4; https://www.pgkdistribution.com.au"
34.220.61.166 - - [10/May/2026:09:19:29 +1000] "GET /product/80a-pv-dc-moulded-case-circuit-breaker/ HTTP/2" 200 34711 "-" "Mozilla/5.0 (Windows NT 10.0; Win64; x64) AppleWebKit/537.36 (KHTML, like Gecko) Chrome/128.0.0.0 Safari/537.36"
34.220.61.166 - - [10/May/2026:09:19:35 +1000] "GET /product-category/storage/ev-chargers/ HTTP/2" 200 28530 "-" "Mozilla/5.0 (Windows NT 10.0; Win64; x64) AppleWebKit/537.36 (KHTML, like Gecko) Chrome/128.0.0.0 Safari/537.36"
34.220.61.166 - - [10/May/2026:09:19:45 +1000] "GET /product-category/electricals-2/electricals/ HTTP/2" 200 30121 "-" "Mozilla/5.0 (Windows NT 10.0; Win64; x64) AppleWebKit/537.36 (KHTML, like Gecko) Chrome/128.0.0.0 Safari/537.36"
111.67.29.221 - - [10/May/2026:09:19:56 +1000] "POST /wp-cron.php?doing_wp_cron=1778368796.7998859882354736328125 HTTP/1.1" 200 538 "-" "WordPress/6.9.4; https://www.pgkdistribution.com.au"
34.220.61.166 - - [10/May/2026:09:19:54 +1000] "GET /product-category/electricals-2/page/2/ HTTP/2" 200 30802 "-" "Mozilla/5.0 (Windows NT 10.0; Win64; x64) AppleWebKit/537.36 (KHTML, like Gecko) Chrome/128.0.0.0 Safari/537.36"
34.220.61.166 - - [10/May/2026:09:20:07 +1000] "GET /product-category/solar-inverters/solis/ HTTP/2" 200 31438 "-" "Mozilla/5.0 (Windows NT 10.0; Win64; x64) AppleWebKit/537.36 (KHTML, like Gecko) Chrome/128.0.0.0 Safari/537.36"
111.67.29.221 - - [10/May/2026:09:20:19 +1000] "POST /wp-cron.php?doing_wp_cron=1778368819.4505500793457031250000 HTTP/1.1" 200 538 "-" "WordPress/6.9.4; https://www.pgkdistribution.com.au"
34.220.61.166 - - [10/May/2026:09:20:16 +1000] "GET /product-tag/new/ HTTP/2" 200 29146 "-" "Mozilla/5.0 (Windows NT 10.0; Win64; x64) AppleWebKit/537.36 (KHTML, like Gecko) Chrome/128.0.0.0 Safari/537.36"
34.220.61.166 - - [10/May/2026:09:20:26 +1000] "GET /product/100a-pv-dc-moulded-case-circuit-breaker/ HTTP/2" 200 34821 "-" "Mozilla/5.0 (Windows NT 10.0; Win64; x64) AppleWebKit/537.36 (KHTML, like Gecko) Chrome/128.0.0.0 Safari/537.36"
34.220.61.166 - - [10/May/2026:09:20:35 +1000] "GET /product/pgk-250v-ac-16a-1p-circuit-breaker/ HTTP/2" 200 34996 "-" "Mozilla/5.0 (Windows NT 10.0; Win64; x64) AppleWebKit/537.36 (KHTML, like Gecko) Chrome/128.0.0.0 Safari/537.36"
34.220.61.166 - - [10/May/2026:09:20:45 +1000] "GET /product/pgk-600v-20a-2p-np-dc-breaker/ HTTP/2" 200 34821 "-" "Mozilla/5.0 (Windows NT 10.0; Win64; x64) AppleWebKit/537.36 (KHTML, like Gecko) Chrome/128.0.0.0 Safari/537.36"
34.220.61.166 - - [10/May/2026:09:20:55 +1000] "GET /product-category/storage/ HTTP/2" 200 29705 "-" "Mozilla/5.0 (Windows NT 10.0; Win64; x64) AppleWebKit/537.36 (KHTML, like Gecko) Chrome/128.0.0.0 Safari/537.36"
34.220.61.166 - - [10/May/2026:09:21:05 +1000] "GET /product/200a-pv-dc-moulded-case-circuit-breaker/ HTTP/2" 200 34802 "-" "Mozilla/5.0 (Windows NT 10.0; Win64; x64) AppleWebKit/537.36 (KHTML, like Gecko) Chrome/128.0.0.0 Safari/537.36"
34.220.61.166 - - [10/May/2026:09:21:14 +1000] "GET /product/pgk-1200v-20a-4p-np-dc-breaker/ HTTP/2" 200 34861 "-" "Mozilla/5.0 (Windows NT 10.0; Win64; x64) AppleWebKit/537.36 (KHTML, like Gecko) Chrome/128.0.0.0 Safari/537.36"
54.39.210.32 - - [10/May/2026:09:21:21 +1000] "GET /wp-includes/js/dist/vendor/wp-polyfill.min.js?ver=3.15.0 HTTP/2" 200 11540 "-" "Mozilla/5.0 (compatible; AhrefsBot/7.0; +http://ahrefs.com/robot/)"
51.222.95.70 - - [10/May/2026:09:21:23 +1000] "GET /wp-content/plugins/woocommerce/assets/js/flexslider/jquery.flexslider.min.js?ver=2.7.2-wc.10.7.0 HTTP/2" 200 6017 "-" "Mozilla/5.0 (compatible; AhrefsBot/7.0; +http://ahrefs.com/robot/)"
15.235.98.235 - - [10/May/2026:09:21:25 +1000] "GET /wp-includes/js/dist/dom-ready.min.js HTTP/2" 200 275 "-" "Mozilla/5.0 (compatible; AhrefsBot/7.0; +http://ahrefs.com/robot/)"
111.67.29.221 - - [10/May/2026:09:21:26 +1000] "POST /wp-cron.php?doing_wp_cron=1778368886.7097969055175781250000 HTTP/1.1" 200 538 "-" "WordPress/6.9.4; https://www.pgkdistribution.com.au"
34.220.61.166 - - [10/May/2026:09:21:24 +1000] "GET /product/winch-solar-battery-lifter/ HTTP/2" 200 34988 "-" "Mozilla/5.0 (Windows NT 10.0; Win64; x64) AppleWebKit/537.36 (KHTML, like Gecko) Chrome/128.0.0.0 Safari/537.36"
148.113.130.92 - - [10/May/2026:09:21:26 +1000] "GET /wp-content/plugins/woocommerce/assets/css/photoswipe/photoswipe.min.css?ver=10.7.0 HTTP/2" 200 846 "-" "Mozilla/5.0 (compatible; AhrefsBot/7.0; +http://ahrefs.com/robot/)"
54.39.203.228 - - [10/May/2026:09:21:28 +1000] "GET /wp-content/plugins/woocommerce/assets/js/photoswipe/photoswipe.min.js?ver=4.1.1-wc.10.7.0 HTTP/2" 200 11652 "-" "Mozilla/5.0 (compatible; AhrefsBot/7.0; +http://ahrefs.com/robot/)"
15.235.96.216 - - [10/May/2026:09:21:30 +1000] "GET /wp-content/plugins/woocommerce/assets/css/photoswipe/default-skin/default-skin.min.css?ver=10.7.0 HTTP/2" 200 1759 "-" "Mozilla/5.0 (compatible; AhrefsBot/7.0; +http://ahrefs.com/robot/)"
15.235.98.103 - - [10/May/2026:09:21:32 +1000] "GET /wp-content/plugins/woocommerce/assets/js/zoom/jquery.zoom.min.js?ver=1.7.21-wc.10.7.0 HTTP/2" 200 1052 "-" "Mozilla/5.0 (compatible; AhrefsBot/7.0; +http://ahrefs.com/robot/)"
54.39.210.72 - - [10/May/2026:09:21:33 +1000] "GET /wp-content/plugins/woocommerce/assets/js/frontend/single-product.min.js?ver=10.7.0 HTTP/2" 200 2700 "-" "Mozilla/5.0 (compatible; AhrefsBot/7.0; +http://ahrefs.com/robot/)"
15.235.98.244 - - [10/May/2026:09:21:35 +1000] "GET /wp-content/plugins/woocommerce/assets/js/photoswipe/photoswipe-ui-default.min.js?ver=4.1.1-wc.10.7.0 HTTP/2" 200 3478 "-" "Mozilla/5.0 (compatible; AhrefsBot/7.0; +http://ahrefs.com/robot/)"
34.220.61.166 - - [10/May/2026:09:21:34 +1000] "GET /product-category/air-conditioning/air-conditioner/ HTTP/2" 200 28766 "-" "Mozilla/5.0 (Windows NT 10.0; Win64; x64) AppleWebKit/537.36 (KHTML, like Gecko) Chrome/128.0.0.0 Safari/537.36"
34.220.61.166 - - [10/May/2026:09:21:45 +1000] "GET /product/pgk-1500v-dc-isolator-bare/ HTTP/2" 200 35089 "-" "Mozilla/5.0 (Windows NT 10.0; Win64; x64) AppleWebKit/537.36 (KHTML, like Gecko) Chrome/128.0.0.0 Safari/537.36"
111.67.29.221 - - [10/May/2026:09:21:58 +1000] "POST /wp-cron.php?doing_wp_cron=1778368918.8127319812774658203125 HTTP/1.1" 200 538 "-" "WordPress/6.9.4; https://www.pgkdistribution.com.au"
34.220.61.166 - - [10/May/2026:09:21:55 +1000] "GET /product/solis-3p-15kw-dual-mppt/ HTTP/2" 200 34571 "-" "Mozilla/5.0 (Windows NT 10.0; Win64; x64) AppleWebKit/537.36 (KHTML, like Gecko) Chrome/128.0.0.0 Safari/537.36"
161.97.111.231 - - [10/May/2026:09:22:05 +1000] "GET /wp-login.php HTTP/2" 301 795 "-" "Mozilla/5.0 (X11; Ubuntu; Linux x86_64) AppleWebKit/537.36 (KHTML, like Gecko) Chrome/133.0.0.0 Safari/537.36"
34.220.61.166 - - [10/May/2026:09:22:06 +1000] "GET /product/black-dektite-25mm-roof-gasket-with-clamp/ HTTP/2" 200 34794 "-" "Mozilla/5.0 (Windows NT 10.0; Win64; x64) AppleWebKit/537.36 (KHTML, like Gecko) Chrome/128.0.0.0 Safari/537.36"
52.167.144.231 - - [10/May/2026:09:22:13 +1000] "GET /clenergy/ HTTP/2" 200 33007 "-" "Mozilla/5.0 AppleWebKit/537.36 (KHTML, like Gecko; compatible; bingbot/2.0; +http://www.bing.com/bingbot.htm) Chrome/116.0.1938.76 Safari/537.36"
111.67.29.221 - - [10/May/2026:09:22:19 +1000] "POST /wp-cron.php?doing_wp_cron=1778368938.9143440723419189453125 HTTP/1.1" 200 538 "-" "WordPress/6.9.4; https://www.pgkdistribution.com.au"
161.97.111.231 - - [10/May/2026:09:22:15 +1000] "GET /wp-login.php HTTP/2" 200 2507 "https://pgkdistribution.com.au/wp-login.php" "Mozilla/5.0 (X11; Ubuntu; Linux x86_64) AppleWebKit/537.36 (KHTML, like Gecko) Chrome/133.0.0.0 Safari/537.36"
161.97.111.231 - - [10/May/2026:09:22:19 +1000] "POST /wp-login.php HTTP/2" 301 795 "https://pgkdistribution.com.au/wp-login.php" "Mozilla/5.0 (X11; Ubuntu; Linux x86_64) AppleWebKit/537.36 (KHTML, like Gecko) Chrome/133.0.0.0 Safari/537.36"
34.220.61.166 - - [10/May/2026:09:22:17 +1000] "GET /product/pgk-3pole63a-ac-isolatorswitch/ HTTP/2" 200 35082 "-" "Mozilla/5.0 (Windows NT 10.0; Win64; x64) AppleWebKit/537.36 (KHTML, like Gecko) Chrome/128.0.0.0 Safari/537.36"
161.97.111.231 - - [10/May/2026:09:22:20 +1000] "GET /wp-login.php HTTP/2" 200 2507 "https://pgkdistribution.com.au/wp-login.php" "Mozilla/5.0 (X11; Ubuntu; Linux x86_64) AppleWebKit/537.36 (KHTML, like Gecko) Chrome/133.0.0.0 Safari/537.36"
34.220.61.166 - - [10/May/2026:09:22:25 +1000] "GET / HTTP/2" 200 42873 "-" "Mozilla/5.0 (Windows NT 10.0; Win64; x64) AppleWebKit/537.36 (KHTML, like Gecko) Chrome/128.0.0.0 Safari/537.36"
111.67.29.221 - - [10/May/2026:09:22:40 +1000] "POST /wp-cron.php?doing_wp_cron=1778368960.5905580520629882812500 HTTP/1.1" 200 538 "-" "WordPress/6.9.4; https://www.pgkdistribution.com.au"
34.220.61.166 - - [10/May/2026:09:22:37 +1000] "GET /product/1x10mm%C2%B2-iec-62930-dc-cable-100m/ HTTP/2" 200 35021 "-" "Mozilla/5.0 (Windows NT 10.0; Win64; x64) AppleWebKit/537.36 (KHTML, like Gecko) Chrome/128.0.0.0 Safari/537.36"
34.220.61.166 - - [10/May/2026:09:22:46 +1000] "GET /product/2x6mm%C2%B2-iec-62930-dc-cable-500m/ HTTP/2" 200 34584 "-" "Mozilla/5.0 (Windows NT 10.0; Win64; x64) AppleWebKit/537.36 (KHTML, like Gecko) Chrome/128.0.0.0 Safari/537.36"
45.142.193.140 - - [10/May/2026:09:22:51 +1000] "HEAD /wp-content/uploads/db_backup.sql HTTP/2" 404 0 "-" "Mozilla/5.0 (Windows NT 10.0; Win64; x64) AppleWebKit/537.36 (KHTML, like Gecko) Chrome/121.0.0.0 Safari/537.36"
34.220.61.166 - - [10/May/2026:09:22:56 +1000] "GET /product/earthing-cable-10mm%C2%B2/ HTTP/2" 200 34934 "-" "Mozilla/5.0 (Windows NT 10.0; Win64; x64) AppleWebKit/537.36 (KHTML, like Gecko) Chrome/128.0.0.0 Safari/537.36"
34.220.61.166 - - [10/May/2026:09:23:06 +1000] "GET /product/2x10mm%C2%B2-1500v-dc-cable-500m/ HTTP/2" 200 34944 "-" "Mozilla/5.0 (Windows NT 10.0; Win64; x64) AppleWebKit/537.36 (KHTML, like Gecko) Chrome/128.0.0.0 Safari/537.36"
103.131.71.25 - - [10/May/2026:09:23:07 +1000] "GET /robots.txt HTTP/1.1" 200 1012 "-" "Mozilla/5.0 (compatible; coccocbot-image/1.0; +http://help.coccoc.com/searchengine)"
103.131.71.29 - - [10/May/2026:09:23:10 +1000] "GET /wp-content/uploads/2023/01/Solis-1P7-8K-5G.jpg HTTP/1.1" 301 1309 "-" "Mozilla/5.0 (compatible; coccocbot-image/1.0; +http://help.coccoc.com/searchengine)"
34.220.61.166 - - [10/May/2026:09:23:15 +1000] "GET /product/2x16mm%C2%B2-iec-62930-dc-cable-500m/ HTTP/2" 200 35199 "-" "Mozilla/5.0 (Windows NT 10.0; Win64; x64) AppleWebKit/537.36 (KHTML, like Gecko) Chrome/128.0.0.0 Safari/537.36"
111.67.29.221 - - [10/May/2026:09:23:24 +1000] "POST /wp-cron.php?doing_wp_cron=1778369004.2615549564361572265625 HTTP/1.1" 200 538 "-" "WordPress/6.9.4; https://www.pgkdistribution.com.au"
17.22.245.240 - - [10/May/2026:09:23:21 +1000] "GET /terms-and-conditions-of-sale/ HTTP/1.1" 200 39996 "-" "Mozilla/5.0 (Macintosh; Intel Mac OS X 10_15_7) AppleWebKit/605.1.15 (KHTML, like Gecko) Version/17.4 Safari/605.1.15 (Applebot/0.1; +http://www.apple.com/go/applebot)"
103.131.71.30 - - [10/May/2026:09:23:23 +1000] "GET /robots.txt HTTP/1.1" 200 1012 "-" "Mozilla/5.0 (compatible; coccocbot-image/1.0; +http://help.coccoc.com/searchengine)"
17.22.253.226 - - [10/May/2026:09:23:26 +1000] "GET /wp-content/plugins/gutentor/assets/library/fontawesome/css/all.min.css?ver=5.12.0 HTTP/1.1" 200 14846 "https://www.pgkdistribution.com.au/terms-and-conditions-of-sale/" "Mozilla/5.0 (Macintosh; Intel Mac OS X 10_15_7) AppleWebKit/605.1.15 (KHTML, like Gecko) Version/17.4 Safari/605.1.15 (Applebot/0.1; +http://www.apple.com/go/applebot)"
34.220.61.166 - - [10/May/2026:09:23:26 +1000] "GET /product/pgk-1000v-dc-isolator/ HTTP/2" 200 35206 "-" "Mozilla/5.0 (Windows NT 10.0; Win64; x64) AppleWebKit/537.36 (KHTML, like Gecko) Chrome/128.0.0.0 Safari/537.36"
17.22.253.21 - - [10/May/2026:09:23:28 +1000] "GET /wp-content/plugins/user-registration-plugin-for-woocommerce/front/css/afreg_front.css?ver=1.0 HTTP/1.1" 200 1369 "https://www.pgkdistribution.com.au/terms-and-conditions-of-sale/" "Mozilla/5.0 (Macintosh; Intel Mac OS X 10_15_7) AppleWebKit/605.1.15 (KHTML, like Gecko) Version/17.4 Safari/605.1.15 (Applebot/0.1; +http://www.apple.com/go/applebot)"
17.22.237.192 - - [10/May/2026:09:23:29 +1000] "GET /wp-content/plugins/woocommerce/assets/client/blocks/wc-blocks.css?ver=wc-10.7.0 HTTP/1.1" 200 3750 "https://www.pgkdistribution.com.au/terms-and-conditions-of-sale/" "Mozilla/5.0 (Macintosh; Intel Mac OS X 10_15_7) AppleWebKit/605.1.15 (KHTML, like Gecko) Version/17.4 Safari/605.1.15 (Applebot/0.1; +http://www.apple.com/go/applebot)"
103.131.71.28 - - [10/May/2026:09:23:30 +1000] "GET /wp-content/uploads/2023/01/Solis-1P7-8K-5G.jpg HTTP/1.1" 200 6385 "-" "Mozilla/5.0 (compatible; coccocbot-image/1.0; +http://help.coccoc.com/searchengine)"
17.22.253.117 - - [10/May/2026:09:23:31 +1000] "GET /wp-content/plugins/user-registration-plugin-for-woocommerce/front/css/afreg_color_spectrum.css?ver=1.0 HTTP/1.1" 200 5194 "https://www.pgkdistribution.com.au/terms-and-conditions-of-sale/" "Mozilla/5.0 (Macintosh; Intel Mac OS X 10_15_7) AppleWebKit/605.1.15 (KHTML, like Gecko) Version/17.4 Safari/605.1.15 (Applebot/0.1; +http://www.apple.com/go/applebot)"
17.22.237.196 - - [10/May/2026:09:23:32 +1000] "GET /wp-content/plugins/gutentor/assets/library/wpness-grid/wpness-grid.css?ver=1.0.0 HTTP/1.1" 200 5210 "https://www.pgkdistribution.com.au/terms-and-conditions-of-sale/" "Mozilla/5.0 (Macintosh; Intel Mac OS X 10_15_7) AppleWebKit/605.1.15 (KHTML, like Gecko) Version/17.4 Safari/605.1.15 (Applebot/0.1; +http://www.apple.com/go/applebot)"
17.22.253.208 - - [10/May/2026:09:23:34 +1000] "GET /wp-content/plugins/gutentor/assets/library/animatecss/animate.min.css?ver=3.7.2 HTTP/1.1" 200 6525 "https://www.pgkdistribution.com.au/terms-and-conditions-of-sale/" "Mozilla/5.0 (Macintosh; Intel Mac OS X 10_15_7) AppleWebKit/605.1.15 (KHTML, like Gecko) Version/17.4 Safari/605.1.15 (Applebot/0.1; +http://www.apple.com/go/applebot)"
17.22.237.240 - - [10/May/2026:09:23:35 +1000] "GET /wp-includes/css/dist/components/style.min.css?ver=6.9.4 HTTP/1.1" 200 19730 "https://www.pgkdistribution.com.au/terms-and-conditions-of-sale/" "Mozilla/5.0 (Macintosh; Intel Mac OS X 10_15_7) AppleWebKit/605.1.15 (KHTML, like Gecko) Version/17.4 Safari/605.1.15 (Applebot/0.1; +http://www.apple.com/go/applebot)"
17.22.237.200 - - [10/May/2026:09:23:37 +1000] "GET /wp-includes/css/dist/preferences/style.min.css?ver=6.9.4 HTTP/1.1" 200 1103 "https://www.pgkdistribution.com.au/terms-and-conditions-of-sale/" "Mozilla/5.0 (Macintosh; Intel Mac OS X 10_15_7) AppleWebKit/605.1.15 (KHTML, like Gecko) Version/17.4 Safari/605.1.15 (Applebot/0.1; +http://www.apple.com/go/applebot)"
17.22.253.14 - - [10/May/2026:09:23:38 +1000] "GET /wp-includes/css/dist/block-editor/style.min.css?ver=6.9.4 HTTP/1.1" 200 22671 "https://www.pgkdistribution.com.au/terms-and-conditions-of-sale/" "Mozilla/5.0 (Macintosh; Intel Mac OS X 10_15_7) AppleWebKit/605.1.15 (KHTML, like Gecko) Version/17.4 Safari/605.1.15 (Applebot/0.1; +http://www.apple.com/go/applebot)"
34.220.61.166 - - [10/May/2026:09:23:36 +1000] "GET /dc-isolators/ HTTP/2" 200 31324 "-" "Mozilla/5.0 (Windows NT 10.0; Win64; x64) AppleWebKit/537.36 (KHTML, like Gecko) Chrome/128.0.0.0 Safari/537.36"
17.22.253.222 - - [10/May/2026:09:23:40 +1000] "GET /wp-includes/css/dist/reusable-blocks/style.min.css?ver=6.9.4 HTTP/1.1" 200 958 "https://www.pgkdistribution.com.au/terms-and-conditions-of-sale/" "Mozilla/5.0 (Macintosh; Intel Mac OS X 10_15_7) AppleWebKit/605.1.15 (KHTML, like Gecko) Version/17.4 Safari/605.1.15 (Applebot/0.1; +http://www.apple.com/go/applebot)"
17.22.253.199 - - [10/May/2026:09:23:41 +1000] "GET /wp-includes/css/dist/patterns/style.min.css?ver=6.9.4 HTTP/1.1" 200 1407 "https://www.pgkdistribution.com.au/terms-and-conditions-of-sale/" "Mozilla/5.0 (Macintosh; Intel Mac OS X 10_15_7) AppleWebKit/605.1.15 (KHTML, like Gecko) Version/17.4 Safari/605.1.15 (Applebot/0.1; +http://www.apple.com/go/applebot)"
17.22.245.118 - - [10/May/2026:09:23:43 +1000] "GET /wp-includes/css/dist/editor/style.min.css?ver=6.9.4 HTTP/1.1" 200 13567 "https://www.pgkdistribution.com.au/terms-and-conditions-of-sale/" "Mozilla/5.0 (Macintosh; Intel Mac OS X 10_15_7) AppleWebKit/605.1.15 (KHTML, like Gecko) Version/17.4 Safari/605.1.15 (Applebot/0.1; +http://www.apple.com/go/applebot)"
17.22.253.19 - - [10/May/2026:09:23:45 +1000] "GET /wp-content/plugins/gutentor/dist/blocks.style.build.css?ver=3.5.3 HTTP/1.1" 200 37217 "https://www.pgkdistribution.com.au/terms-and-conditions-of-sale/" "Mozilla/5.0 (Macintosh; Intel Mac OS X 10_15_7) AppleWebKit/605.1.15 (KHTML, like Gecko) Version/17.4 Safari/605.1.15 (Applebot/0.1; +http://www.apple.com/go/applebot)"
17.22.237.89 - - [10/May/2026:09:23:46 +1000] "GET /wp-content/themes/storefront/assets/css/base/gutenberg-blocks.css?ver=4.6.1 HTTP/1.1" 200 5290 "https://www.pgkdistribution.com.au/terms-and-conditions-of-sale/" "Mozilla/5.0 (Macintosh; Intel Mac OS X 10_15_7) AppleWebKit/605.1.15 (KHTML, like Gecko) Version/17.4 Safari/605.1.15 (Applebot/0.1; +http://www.apple.com/go/applebot)"
17.22.245.170 - - [10/May/2026:09:23:48 +1000] "GET /wp-content/plugins/advanced-product-fields-for-woocommerce/assets/css/frontend.min.css?ver=1.6.17 HTTP/1.1" 200 1196 "https://www.pgkdistribution.com.au/terms-and-conditions-of-sale/" "Mozilla/5.0 (Macintosh; Intel Mac OS X 10_15_7) AppleWebKit/605.1.15 (KHTML, like Gecko) Version/17.4 Safari/605.1.15 (Applebot/0.1; +http://www.apple.com/go/applebot)"
34.220.61.166 - - [10/May/2026:09:23:46 +1000] "GET /solar-inverters/ HTTP/2" 200 31208 "-" "Mozilla/5.0 (Windows NT 10.0; Win64; x64) AppleWebKit/537.36 (KHTML, like Gecko) Chrome/128.0.0.0 Safari/537.36"
17.22.237.227 - - [10/May/2026:09:23:50 +1000] "GET /wp-content/plugins/contact-form-7/includes/css/styles.css?ver=6.1.3 HTTP/1.1" 200 1799 "https://www.pgkdistribution.com.au/terms-and-conditions-of-sale/" "Mozilla/5.0 (Macintosh; Intel Mac OS X 10_15_7) AppleWebKit/605.1.15 (KHTML, like Gecko) Version/17.4 Safari/605.1.15 (Applebot/0.1; +http://www.apple.com/go/applebot)"
17.22.237.182 - - [10/May/2026:09:23:51 +1000] "GET /wp-content/plugins/hide-price-add-to-cart-button/assets/css/afwhp_front.css?ver=1.0 HTTP/1.1" 200 986 "https://www.pgkdistribution.com.au/terms-and-conditions-of-sale/" "Mozilla/5.0 (Macintosh; Intel Mac OS X 10_15_7) AppleWebKit/605.1.15 (KHTML, like Gecko) Version/17.4 Safari/605.1.15 (Applebot/0.1; +http://www.apple.com/go/applebot)"
17.22.237.45 - - [10/May/2026:09:23:53 +1000] "GET /wp-content/plugins/tier-pricing-table/assets/frontend/main.css?ver=8.3.0 HTTP/1.1" 200 2832 "https://www.pgkdistribution.com.au/terms-and-conditions-of-sale/" "Mozilla/5.0 (Macintosh; Intel Mac OS X 10_15_7) AppleWebKit/605.1.15 (KHTML, like Gecko) Version/17.4 Safari/605.1.15 (Applebot/0.1; +http://www.apple.com/go/applebot)"
17.22.245.83 - - [10/May/2026:09:23:54 +1000] "GET /wp-content/themes/storefront/style.css?ver=4.6.1 HTTP/1.1" 200 11217 "https://www.pgkdistribution.com.au/terms-and-conditions-of-sale/" "Mozilla/5.0 (Macintosh; Intel Mac OS X 10_15_7) AppleWebKit/605.1.15 (KHTML, like Gecko) Version/17.4 Safari/605.1.15 (Applebot/0.1; +http://www.apple.com/go/applebot)"
17.22.245.175 - - [10/May/2026:09:23:56 +1000] "GET /wp-content/themes/storefront/assets/css/base/icons.css?ver=4.6.1 HTTP/1.1" 200 18785 "https://www.pgkdistribution.com.au/terms-and-conditions-of-sale/" "Mozilla/5.0 (Macintosh; Intel Mac OS X 10_15_7) AppleWebKit/605.1.15 (KHTML, like Gecko) Version/17.4 Safari/605.1.15 (Applebot/0.1; +http://www.apple.com/go/applebot)"
17.22.253.219 - - [10/May/2026:09:23:57 +1000] "GET /wp-content/plugins/storefront-hamburger-menu/assets/css/style.css?ver=1.2.2 HTTP/1.1" 200 1432 "https://www.pgkdistribution.com.au/terms-and-conditions-of-sale/" "Mozilla/5.0 (Macintosh; Intel Mac OS X 10_15_7) AppleWebKit/605.1.15 (KHTML, like Gecko) Version/17.4 Safari/605.1.15 (Applebot/0.1; +http://www.apple.com/go/applebot)"
34.220.61.166 - - [10/May/2026:09:23:57 +1000] "GET /solar-storage/ HTTP/2" 200 30655 "-" "Mozilla/5.0 (Windows NT 10.0; Win64; x64) AppleWebKit/537.36 (KHTML, like Gecko) Chrome/128.0.0.0 Safari/537.36"
17.22.253.75 - - [10/May/2026:09:23:59 +1000] "GET /wp-content/themes/storefront/assets/css/woocommerce/woocommerce.css?ver=4.6.1 HTTP/1.1" 200 12380 "https://www.pgkdistribution.com.au/terms-and-conditions-of-sale/" "Mozilla/5.0 (Macintosh; Intel Mac OS X 10_15_7) AppleWebKit/605.1.15 (KHTML, like Gecko) Version/17.4 Safari/605.1.15 (Applebot/0.1; +http://www.apple.com/go/applebot)"
17.22.245.124 - - [10/May/2026:09:24:00 +1000] "GET /wp-content/themes/homestore/style.css?ver=2.0.33 HTTP/1.1" 200 16218 "https://www.pgkdistribution.com.au/terms-and-conditions-of-sale/" "Mozilla/5.0 (Macintosh; Intel Mac OS X 10_15_7) AppleWebKit/605.1.15 (KHTML, like Gecko) Version/17.4 Safari/605.1.15 (Applebot/0.1; +http://www.apple.com/go/applebot)"
17.22.237.174 - - [10/May/2026:09:24:02 +1000] "GET /wp-content/themes/storefront/assets/css/woocommerce/extensions/brands.css?ver=4.6.1 HTTP/1.1" 200 1496 "https://www.pgkdistribution.com.au/terms-and-conditions-of-sale/" "Mozilla/5.0 (Macintosh; Intel Mac OS X 10_15_7) AppleWebKit/605.1.15 (KHTML, like Gecko) Version/17.4 Safari/605.1.15 (Applebot/0.1; +http://www.apple.com/go/applebot)"
17.22.245.233 - - [10/May/2026:09:24:03 +1000] "GET /wp-content/plugins/storefront-footer-bar/assets/css/style.css?ver=6.9.4 HTTP/1.1" 200 894 "https://www.pgkdistribution.com.au/terms-and-conditions-of-sale/" "Mozilla/5.0 (Macintosh; Intel Mac OS X 10_15_7) AppleWebKit/605.1.15 (KHTML, like Gecko) Version/17.4 Safari/605.1.15 (Applebot/0.1; +http://www.apple.com/go/applebot)"
17.22.237.39 - - [10/May/2026:09:24:05 +1000] "GET /wp-content/plugins/storefront-homepage-contact-section/assets/css/style.css?ver=6.9.4 HTTP/1.1" 200 1398 "https://www.pgkdistribution.com.au/terms-and-conditions-of-sale/" "Mozilla/5.0 (Macintosh; Intel Mac OS X 10_15_7) AppleWebKit/605.1.15 (KHTML, like Gecko) Version/17.4 Safari/605.1.15 (Applebot/0.1; +http://www.apple.com/go/applebot)"
17.22.253.103 - - [10/May/2026:09:24:06 +1000] "GET /wp-includes/blocks/paragraph/style.min.css?ver=6.9.4 HTTP/1.1" 200 1027 "https://www.pgkdistribution.com.au/terms-and-conditions-of-sale/" "Mozilla/5.0 (Macintosh; Intel Mac OS X 10_15_7) AppleWebKit/605.1.15 (KHTML, like Gecko) Version/17.4 Safari/605.1.15 (Applebot/0.1; +http://www.apple.com/go/applebot)"
