65.108.78.33 - - [10/May/2026:22:22:53 +1000] "GET /product/2x4mm%C3%82%C2%B2-1500v-dc-cable-500m/ HTTP/1.1" 404 29894 "-" "Mozilla/5.0 (compatible; MJ12bot/v1.4.8; http://mj12bot.com/)"
65.108.78.33 - - [10/May/2026:22:22:58 +1000] "GET /product/2x4mm%C2%B2-iec-62930-dc-cable-100m/ HTTP/1.1" 301 1303 "-" "Mozilla/5.0 (compatible; MJ12bot/v1.4.8; http://mj12bot.com/)"
65.108.78.33 - - [10/May/2026:22:23:00 +1000] "GET /product/2x4mm%C3%82%C2%B2-iec-62930-dc-cable-100m/ HTTP/1.1" 404 29882 "-" "Mozilla/5.0 (compatible; MJ12bot/v1.4.8; http://mj12bot.com/)"
65.108.78.33 - - [10/May/2026:22:23:05 +1000] "GET /product/2x4mm%C2%B2-iec-62930-dc-cable-500m/ HTTP/1.1" 301 1303 "-" "Mozilla/5.0 (compatible; MJ12bot/v1.4.8; http://mj12bot.com/)"
65.108.78.33 - - [10/May/2026:22:23:08 +1000] "GET /product/2x4mm%C3%82%C2%B2-iec-62930-dc-cable-500m/ HTTP/1.1" 404 29888 "-" "Mozilla/5.0 (compatible; MJ12bot/v1.4.8; http://mj12bot.com/)"
65.108.78.33 - - [10/May/2026:22:23:12 +1000] "GET /product/2x6mm%C2%B2-1500v-dc-cable-100m/ HTTP/1.1" 301 1299 "-" "Mozilla/5.0 (compatible; MJ12bot/v1.4.8; http://mj12bot.com/)"
65.108.78.33 - - [10/May/2026:22:23:15 +1000] "GET /product/2x6mm%C3%82%C2%B2-1500v-dc-cable-100m/ HTTP/1.1" 404 29889 "-" "Mozilla/5.0 (compatible; MJ12bot/v1.4.8; http://mj12bot.com/)"
65.108.78.33 - - [10/May/2026:22:23:20 +1000] "GET /product/2x6mm%C2%B2-1500v-dc-cable-500m/ HTTP/1.1" 301 1299 "-" "Mozilla/5.0 (compatible; MJ12bot/v1.4.8; http://mj12bot.com/)"
111.67.29.221 - - [10/May/2026:22:23:25 +1000] "POST /wp-cron.php?doing_wp_cron=1778415805.1073679924011230468750 HTTP/1.1" 200 538 "-" "WordPress/6.9.4; https://www.pgkdistribution.com.au"
65.108.78.33 - - [10/May/2026:22:23:22 +1000] "GET /product/2x6mm%C3%82%C2%B2-1500v-dc-cable-500m/ HTTP/1.1" 404 29893 "-" "Mozilla/5.0 (compatible; MJ12bot/v1.4.8; http://mj12bot.com/)"
65.108.78.33 - - [10/May/2026:22:23:27 +1000] "GET /product/2x6mm%C2%B2-iec-62930-dc-cable-100m/ HTTP/1.1" 301 1303 "-" "Mozilla/5.0 (compatible; MJ12bot/v1.4.8; http://mj12bot.com/)"
65.108.78.33 - - [10/May/2026:22:23:30 +1000] "GET /product/2x6mm%C3%82%C2%B2-iec-62930-dc-cable-100m/ HTTP/1.1" 404 29881 "-" "Mozilla/5.0 (compatible; MJ12bot/v1.4.8; http://mj12bot.com/)"
65.108.78.33 - - [10/May/2026:22:23:35 +1000] "GET /product/2x6mm%C2%B2-iec-62930-dc-cable-500m/ HTTP/1.1" 301 1303 "-" "Mozilla/5.0 (compatible; MJ12bot/v1.4.8; http://mj12bot.com/)"
65.108.78.33 - - [10/May/2026:22:23:37 +1000] "GET /product/2x6mm%C3%82%C2%B2-iec-62930-dc-cable-500m/ HTTP/1.1" 404 29887 "-" "Mozilla/5.0 (compatible; MJ12bot/v1.4.8; http://mj12bot.com/)"
65.108.78.33 - - [10/May/2026:22:23:42 +1000] "GET /product/earthing-cable-10mm%C2%B2/ HTTP/1.1" 301 1293 "-" "Mozilla/5.0 (compatible; MJ12bot/v1.4.8; http://mj12bot.com/)"
65.108.78.33 - - [10/May/2026:22:23:44 +1000] "GET /product/earthing-cable-10mm%C3%82%C2%B2/ HTTP/1.1" 404 29892 "-" "Mozilla/5.0 (compatible; MJ12bot/v1.4.8; http://mj12bot.com/)"
65.108.78.33 - - [10/May/2026:22:23:49 +1000] "GET /product/earthing-cable-4mm%C2%B2/ HTTP/1.1" 301 1292 "-" "Mozilla/5.0 (compatible; MJ12bot/v1.4.8; http://mj12bot.com/)"
65.108.78.33 - - [10/May/2026:22:23:51 +1000] "GET /product/earthing-cable-4mm%C3%82%C2%B2/ HTTP/1.1" 404 29891 "-" "Mozilla/5.0 (compatible; MJ12bot/v1.4.8; http://mj12bot.com/)"
65.108.78.33 - - [10/May/2026:22:23:56 +1000] "GET /product/earthing-cable-6mm%C2%B2/ HTTP/1.1" 301 1292 "-" "Mozilla/5.0 (compatible; MJ12bot/v1.4.8; http://mj12bot.com/)"
65.108.78.33 - - [10/May/2026:22:23:58 +1000] "GET /product/earthing-cable-6mm%C3%82%C2%B2/ HTTP/1.1" 404 29890 "-" "Mozilla/5.0 (compatible; MJ12bot/v1.4.8; http://mj12bot.com/)"
65.108.78.33 - - [10/May/2026:22:24:03 +1000] "GET /products/earthing-cable-4mm%C2%B2/ HTTP/1.1" 301 1293 "-" "Mozilla/5.0 (compatible; MJ12bot/v1.4.8; http://mj12bot.com/)"
65.108.78.33 - - [10/May/2026:22:24:05 +1000] "GET /products/earthing-cable-4mm%C3%82%C2%B2/ HTTP/1.1" 404 29798 "-" "Mozilla/5.0 (compatible; MJ12bot/v1.4.8; http://mj12bot.com/)"
65.108.78.33 - - [10/May/2026:22:24:10 +1000] "GET /products/earthing-cable-6mm%C2%B2/ HTTP/1.1" 301 1293 "-" "Mozilla/5.0 (compatible; MJ12bot/v1.4.8; http://mj12bot.com/)"
208.109.188.137 - wmxr4 [10/May/2026:22:24:13 +1000] "GET /wp-json/wp/v2/users/me HTTP/2" 301 795 "-" "Mozilla/5.0 (X11; Linux i686) AppleWebKit/537.36 (KHTML, like Gecko) Chrome/133.0.0.0 Safari/537.36"
65.108.78.33 - - [10/May/2026:22:24:13 +1000] "GET /products/earthing-cable-6mm%C3%82%C2%B2/ HTTP/1.1" 404 29890 "-" "Mozilla/5.0 (compatible; MJ12bot/v1.4.8; http://mj12bot.com/)"
111.67.29.221 - - [10/May/2026:22:24:20 +1000] "POST /wp-cron.php?doing_wp_cron=1778415860.2802059650421142578125 HTTP/1.1" 200 538 "-" "WordPress/6.9.4; https://www.pgkdistribution.com.au"
65.108.78.33 - - [10/May/2026:22:24:18 +1000] "GET /product/1x10mm%C2%B2-iec-62930-dc-cable-100m/ HTTP/1.1" 200 35488 "-" "Mozilla/5.0 (compatible; MJ12bot/v1.4.8; http://mj12bot.com/)"
65.108.78.33 - - [10/May/2026:22:24:23 +1000] "GET /product/1x10mm%C2%B2-iec-62930-dc-cable-500m/ HTTP/1.1" 200 35552 "-" "Mozilla/5.0 (compatible; MJ12bot/v1.4.8; http://mj12bot.com/)"
208.109.188.137 - - [10/May/2026:22:24:24 +1000] "GET /wp-json/wp/v2/users/me HTTP/2" 401 102 "https://pgkdistribution.com.au/wp-json/wp/v2/users/me" "Mozilla/5.0 (X11; Linux i686) AppleWebKit/537.36 (KHTML, like Gecko) Chrome/133.0.0.0 Safari/537.36"
103.143.207.18 - - [10/May/2026:22:24:29 +1000] "GET /wp-login.php HTTP/2" 200 2507 "-" "Mozilla/5.0 (X11; Fedora; Linux x86_64) AppleWebKit/537.36 (KHTML, like Gecko) Chrome/133.0.0.0 Safari/537.36"
65.108.78.33 - - [10/May/2026:22:24:28 +1000] "GET /product/1x4mm%C2%B2-iec-62930-dc-cable-500m/ HTTP/1.1" 200 35410 "-" "Mozilla/5.0 (compatible; MJ12bot/v1.4.8; http://mj12bot.com/)"
103.143.207.18 - - [10/May/2026:22:24:31 +1000] "POST /wp-login.php HTTP/2" 200 2660 "https://www.pgkdistribution.com.au/wp-login.php" "Mozilla/5.0 (X11; Fedora; Linux x86_64) AppleWebKit/537.36 (KHTML, like Gecko) Chrome/133.0.0.0 Safari/537.36"
65.108.78.33 - - [10/May/2026:22:24:34 +1000] "GET /product/1x6mm%C2%B2-iec-62930-dc-cable-100m/ HTTP/1.1" 200 35442 "-" "Mozilla/5.0 (compatible; MJ12bot/v1.4.8; http://mj12bot.com/)"
65.108.78.33 - - [10/May/2026:22:24:39 +1000] "GET /product/1x6mm%C2%B2-iec-62930-dc-cable-500m/ HTTP/1.1" 200 35383 "-" "Mozilla/5.0 (compatible; MJ12bot/v1.4.8; http://mj12bot.com/)"
65.108.78.33 - - [10/May/2026:22:24:44 +1000] "GET /product/2x10mm%C2%B2-iec-62930-dc-cable-100m/ HTTP/1.1" 200 35457 "-" "Mozilla/5.0 (compatible; MJ12bot/v1.4.8; http://mj12bot.com/)"
65.108.78.33 - - [10/May/2026:22:24:49 +1000] "GET /product/2x10mm%C2%B2-1500v-dc-cable-500m/ HTTP/1.1" 200 35492 "-" "Mozilla/5.0 (compatible; MJ12bot/v1.4.8; http://mj12bot.com/)"
111.67.29.221 - - [10/May/2026:22:24:56 +1000] "POST /wp-cron.php?doing_wp_cron=1778415896.7636671066284179687500 HTTP/1.1" 200 538 "-" "WordPress/6.9.4; https://www.pgkdistribution.com.au"
65.108.78.33 - - [10/May/2026:22:24:54 +1000] "GET /product/2x16mm%C2%B2-iec-62930-dc-cable-100m/ HTTP/1.1" 200 35744 "-" "Mozilla/5.0 (compatible; MJ12bot/v1.4.8; http://mj12bot.com/)"
65.108.78.33 - - [10/May/2026:22:24:59 +1000] "GET /product/2x16mm%C2%B2-iec-62930-dc-cable-500m/ HTTP/1.1" 200 35673 "-" "Mozilla/5.0 (compatible; MJ12bot/v1.4.8; http://mj12bot.com/)"
57.141.14.76 - - [10/May/2026:22:25:04 +1000] "GET /product_cat-sitemap.xml HTTP/2" 200 3760 "-" "meta-externalagent/1.1 (+https://developers.facebook.com/docs/sharing/webmasters/crawler)"
65.108.78.33 - - [10/May/2026:22:25:04 +1000] "GET /product/2x4mm%C2%B2-iec-62930-dc-cable-100m/ HTTP/1.1" 200 35137 "-" "Mozilla/5.0 (compatible; MJ12bot/v1.4.8; http://mj12bot.com/)"
159.89.229.13 - - [10/May/2026:22:25:11 +1000] "GET /wp-login.php HTTP/2" 301 795 "-" "Mozilla/5.0 (X11; Linux x86_64) AppleWebKit/537.36 (KHTML, like Gecko) Chrome/133.0.0.0 Safari/537.36 Edg/133.0.0.0"
65.108.78.33 - - [10/May/2026:22:25:10 +1000] "GET /product/2x4mm%C2%B2-iec-62930-dc-cable-500m/ HTTP/1.1" 200 35233 "-" "Mozilla/5.0 (compatible; MJ12bot/v1.4.8; http://mj12bot.com/)"
159.89.229.13 - - [10/May/2026:22:25:16 +1000] "GET /wp-login.php HTTP/2" 200 2507 "https://pgkdistribution.com.au/wp-login.php" "Mozilla/5.0 (X11; Linux x86_64) AppleWebKit/537.36 (KHTML, like Gecko) Chrome/133.0.0.0 Safari/537.36 Edg/133.0.0.0"
111.67.29.221 - - [10/May/2026:22:25:18 +1000] "POST /wp-cron.php?doing_wp_cron=1778415918.0449659824371337890625 HTTP/1.1" 200 538 "-" "WordPress/6.9.4; https://www.pgkdistribution.com.au"
65.108.78.33 - - [10/May/2026:22:25:15 +1000] "GET /product/2x6mm%C2%B2-iec-62930-dc-cable-500m/ HTTP/1.1" 200 35197 "-" "Mozilla/5.0 (compatible; MJ12bot/v1.4.8; http://mj12bot.com/)"
159.89.229.13 - - [10/May/2026:22:25:18 +1000] "POST /wp-login.php HTTP/2" 301 795 "https://pgkdistribution.com.au/wp-login.php" "Mozilla/5.0 (X11; Linux x86_64) AppleWebKit/537.36 (KHTML, like Gecko) Chrome/133.0.0.0 Safari/537.36 Edg/133.0.0.0"
159.89.229.13 - - [10/May/2026:22:25:19 +1000] "GET /wp-login.php HTTP/2" 200 2507 "https://pgkdistribution.com.au/wp-login.php" "Mozilla/5.0 (X11; Linux x86_64) AppleWebKit/537.36 (KHTML, like Gecko) Chrome/133.0.0.0 Safari/537.36 Edg/133.0.0.0"
65.108.78.33 - - [10/May/2026:22:25:21 +1000] "GET /product/2x6mm%C2%B2-iec-62930-dc-cable-100m/ HTTP/1.1" 200 35424 "-" "Mozilla/5.0 (compatible; MJ12bot/v1.4.8; http://mj12bot.com/)"
65.108.78.33 - - [10/May/2026:22:25:26 +1000] "GET /product/earthing-cable-10mm%C2%B2/ HTTP/1.1" 200 35557 "-" "Mozilla/5.0 (compatible; MJ12bot/v1.4.8; http://mj12bot.com/)"
65.21.232.55 - - [10/May/2026:22:25:31 +1000] "GET /wp-login.php HTTP/2" 301 795 "-" "Mozilla/5.0 (X11; Linux i686) AppleWebKit/537.36 (KHTML, like Gecko) Chrome/133.0.0.0 Safari/537.36"
65.21.232.55 - - [10/May/2026:22:25:32 +1000] "GET /wp-login.php HTTP/2" 200 2507 "https://pgkdistribution.com.au/wp-login.php" "Mozilla/5.0 (X11; Linux i686) AppleWebKit/537.36 (KHTML, like Gecko) Chrome/133.0.0.0 Safari/537.36"
65.108.78.33 - - [10/May/2026:22:25:32 +1000] "GET /product/earthing-cable-4mm%C2%B2/ HTTP/1.1" 200 35193 "-" "Mozilla/5.0 (compatible; MJ12bot/v1.4.8; http://mj12bot.com/)"
65.21.232.55 - - [10/May/2026:22:25:35 +1000] "POST /wp-login.php HTTP/2" 301 795 "https://pgkdistribution.com.au/wp-login.php" "Mozilla/5.0 (X11; Linux i686) AppleWebKit/537.36 (KHTML, like Gecko) Chrome/133.0.0.0 Safari/537.36"
65.21.232.55 - - [10/May/2026:22:25:35 +1000] "GET /wp-login.php HTTP/2" 200 2507 "https://pgkdistribution.com.au/wp-login.php" "Mozilla/5.0 (X11; Linux i686) AppleWebKit/537.36 (KHTML, like Gecko) Chrome/133.0.0.0 Safari/537.36"
65.108.78.33 - - [10/May/2026:22:25:37 +1000] "GET /product/earthing-cable-6mm%C2%B2/ HTTP/1.1" 200 35360 "-" "Mozilla/5.0 (compatible; MJ12bot/v1.4.8; http://mj12bot.com/)"
111.67.29.221 - - [10/May/2026:22:26:43 +1000] "POST /wp-cron.php?doing_wp_cron=1778416002.9747960567474365234375 HTTP/1.1" 200 538 "-" "WordPress/6.9.4; https://www.pgkdistribution.com.au"
46.22.135.218 - - [10/May/2026:22:26:41 +1000] "GET /wp-login.php HTTP/2" 200 2507 "-" "Mozilla/5.0 (X11; Linux x86_64) AppleWebKit/537.36 (KHTML, like Gecko) Chrome/133.0.0.0 Safari/537.36 Edg/133.0.0.0"
46.22.135.218 - - [10/May/2026:22:26:43 +1000] "POST /wp-login.php HTTP/2" 200 2658 "https://www.pgkdistribution.com.au/wp-login.php" "Mozilla/5.0 (X11; Linux x86_64) AppleWebKit/537.36 (KHTML, like Gecko) Chrome/133.0.0.0 Safari/537.36 Edg/133.0.0.0"
103.28.36.122 - - [10/May/2026:22:27:01 +1000] "GET /wp-login.php HTTP/2" 301 795 "-" "Mozilla/5.0 (X11; Linux x86_64; rv:133.0) Gecko/20100101 Firefox/133.0"
103.28.36.122 - - [10/May/2026:22:27:03 +1000] "GET /wp-login.php HTTP/2" 200 2507 "https://pgkdistribution.com.au/wp-login.php" "Mozilla/5.0 (X11; Linux x86_64; rv:133.0) Gecko/20100101 Firefox/133.0"
103.28.36.122 - - [10/May/2026:22:27:07 +1000] "POST /wp-login.php HTTP/2" 301 795 "https://pgkdistribution.com.au/wp-login.php" "Mozilla/5.0 (X11; Linux x86_64; rv:133.0) Gecko/20100101 Firefox/133.0"
49.13.78.50 - - [10/May/2026:22:27:08 +1000] "GET /wp-login.php HTTP/2" 301 795 "-" "Mozilla/5.0 (Windows NT 10.0) AppleWebKit/537.36 (KHTML, like Gecko) Chrome/133.0.0.0 Safari/537.36"
103.28.36.122 - - [10/May/2026:22:27:09 +1000] "GET /wp-login.php HTTP/2" 200 2507 "https://pgkdistribution.com.au/wp-login.php" "Mozilla/5.0 (X11; Linux x86_64; rv:133.0) Gecko/20100101 Firefox/133.0"
49.13.78.50 - - [10/May/2026:22:27:09 +1000] "GET /wp-login.php HTTP/2" 200 2507 "https://pgkdistribution.com.au/wp-login.php" "Mozilla/5.0 (Windows NT 10.0) AppleWebKit/537.36 (KHTML, like Gecko) Chrome/133.0.0.0 Safari/537.36"
49.13.78.50 - - [10/May/2026:22:27:11 +1000] "POST /wp-login.php HTTP/2" 301 795 "https://pgkdistribution.com.au/wp-login.php" "Mozilla/5.0 (Windows NT 10.0) AppleWebKit/537.36 (KHTML, like Gecko) Chrome/133.0.0.0 Safari/537.36"
49.13.78.50 - - [10/May/2026:22:27:11 +1000] "GET /wp-login.php HTTP/2" 200 2507 "https://pgkdistribution.com.au/wp-login.php" "Mozilla/5.0 (Windows NT 10.0) AppleWebKit/537.36 (KHTML, like Gecko) Chrome/133.0.0.0 Safari/537.36"
66.249.70.172 - - [10/May/2026:22:28:01 +1000] "GET /wp-content/uploads/2022/12/DCBPGK004-457x457.png HTTP/1.1" 304 494 "-" "Googlebot-Image/1.0"
64.225.54.170 - - [10/May/2026:22:28:27 +1000] "GET / HTTP/1.1" 301 1300 "-" "Mozilla/5.0 (X11; Linux x86_64; rv:142.0) Gecko/20100101 Firefox/142.0"
64.225.54.170 - - [10/May/2026:22:28:33 +1000] "GET /favicon.ico HTTP/1.1" 301 1311 "https://pgkdistribution.com.au/" "Mozilla/5.0 (X11; Linux x86_64; rv:142.0) Gecko/20100101 Firefox/142.0"
160.153.188.148 - - [10/May/2026:22:29:01 +1000] "POST /owa/auth.owa HTTP/1.1" 301 1312 "https://pgkdistribution.com.au/owa/auth/logon.aspx?replaceCurrent=1&url=https%3a%2f%2fpgkdistribution.com.au%2fowa%2f" "Mozilla/5.0 (Windows NT 10.0; Win64; x64) AppleWebKit/537.36 (KHTML, like Gecko) Chrome/96.0.4664.110 Safari/537.36"
78.142.18.172 - - [10/May/2026:22:29:17 +1000] "GET /wp-login.php HTTP/2" 301 795 "-" "Mozilla/5.0 (Macintosh; Intel Mac OS X 14_7_4) AppleWebKit/537.36 (KHTML, like Gecko) Chrome/133.0.0.0 Safari/537.36"
111.67.29.221 - - [10/May/2026:22:29:21 +1000] "POST /wp-cron.php?doing_wp_cron=1778416161.6311120986938476562500 HTTP/1.1" 200 538 "-" "WordPress/6.9.4; https://www.pgkdistribution.com.au"
78.142.18.172 - - [10/May/2026:22:29:19 +1000] "GET /wp-login.php HTTP/2" 200 2507 "https://pgkdistribution.com.au/wp-login.php" "Mozilla/5.0 (Macintosh; Intel Mac OS X 14_7_4) AppleWebKit/537.36 (KHTML, like Gecko) Chrome/133.0.0.0 Safari/537.36"
78.142.18.172 - - [10/May/2026:22:29:22 +1000] "POST /wp-login.php HTTP/2" 301 795 "https://pgkdistribution.com.au/wp-login.php" "Mozilla/5.0 (Macintosh; Intel Mac OS X 14_7_4) AppleWebKit/537.36 (KHTML, like Gecko) Chrome/133.0.0.0 Safari/537.36"
78.142.18.172 - - [10/May/2026:22:29:22 +1000] "GET /wp-login.php HTTP/2" 200 2507 "https://pgkdistribution.com.au/wp-login.php" "Mozilla/5.0 (Macintosh; Intel Mac OS X 14_7_4) AppleWebKit/537.36 (KHTML, like Gecko) Chrome/133.0.0.0 Safari/537.36"
74.91.224.220 - - [10/May/2026:22:29:26 +1000] "GET /wp-login.php HTTP/2" 301 795 "-" "Mozilla/5.0 (Windows NT 10.0; Win64; x64) AppleWebKit/537.36 (KHTML, like Gecko) Chrome/133.0.0.0 Safari/537.36 Edg/133.0.0.0"
74.91.224.220 - - [10/May/2026:22:29:27 +1000] "GET /wp-login.php HTTP/2" 200 2507 "https://pgkdistribution.com.au/wp-login.php" "Mozilla/5.0 (Windows NT 10.0; Win64; x64) AppleWebKit/537.36 (KHTML, like Gecko) Chrome/133.0.0.0 Safari/537.36 Edg/133.0.0.0"
74.91.224.220 - - [10/May/2026:22:29:29 +1000] "POST /wp-login.php HTTP/2" 301 795 "https://pgkdistribution.com.au/wp-login.php" "Mozilla/5.0 (Windows NT 10.0; Win64; x64) AppleWebKit/537.36 (KHTML, like Gecko) Chrome/133.0.0.0 Safari/537.36 Edg/133.0.0.0"
74.91.224.220 - - [10/May/2026:22:29:30 +1000] "GET /wp-login.php HTTP/2" 200 2507 "https://pgkdistribution.com.au/wp-login.php" "Mozilla/5.0 (Windows NT 10.0; Win64; x64) AppleWebKit/537.36 (KHTML, like Gecko) Chrome/133.0.0.0 Safari/537.36 Edg/133.0.0.0"
54.39.0.64 - - [10/May/2026:22:29:46 +1000] "GET /product/solar-pv-label-kit-deluxe/ HTTP/2" 200 34895 "-" "Mozilla/5.0 (compatible; AhrefsBot/7.0; +http://ahrefs.com/robot/)"
147.135.37.185 - - [10/May/2026:22:31:20 +1000] "GET /wp-login.php HTTP/2" 301 795 "-" "Mozilla/5.0 (X11; Linux i686) AppleWebKit/537.36 (KHTML, like Gecko) Chrome/133.0.0.0 Safari/537.36"
111.67.29.221 - - [10/May/2026:22:31:28 +1000] "POST /wp-cron.php?doing_wp_cron=1778416288.8553690910339355468750 HTTP/1.1" 200 538 "-" "WordPress/6.9.4; https://www.pgkdistribution.com.au"
147.135.37.185 - - [10/May/2026:22:31:26 +1000] "GET /wp-login.php HTTP/2" 200 2507 "https://pgkdistribution.com.au/wp-login.php" "Mozilla/5.0 (X11; Linux i686) AppleWebKit/537.36 (KHTML, like Gecko) Chrome/133.0.0.0 Safari/537.36"
40.77.167.45 - - [10/May/2026:22:31:20 +1000] "GET /sitemap_index.xml HTTP/2" 200 440 "-" "Mozilla/5.0 AppleWebKit/537.36 (KHTML, like Gecko; compatible; bingbot/2.0; +http://www.bing.com/bingbot.htm) Chrome/116.0.1938.76 Safari/537.36"
147.135.37.185 - - [10/May/2026:22:31:29 +1000] "POST /wp-login.php HTTP/2" 301 795 "https://pgkdistribution.com.au/wp-login.php" "Mozilla/5.0 (X11; Linux i686) AppleWebKit/537.36 (KHTML, like Gecko) Chrome/133.0.0.0 Safari/537.36"
147.135.37.185 - - [10/May/2026:22:31:30 +1000] "GET /wp-login.php HTTP/2" 200 2507 "https://pgkdistribution.com.au/wp-login.php" "Mozilla/5.0 (X11; Linux i686) AppleWebKit/537.36 (KHTML, like Gecko) Chrome/133.0.0.0 Safari/537.36"
111.67.29.221 - - [10/May/2026:22:31:56 +1000] "POST /wp-cron.php?doing_wp_cron=1778416316.5575580596923828125000 HTTP/1.1" 200 538 "-" "WordPress/6.9.4; https://www.pgkdistribution.com.au"
222.165.190.235 - - [10/May/2026:22:31:54 +1000] "GET /wp-login.php HTTP/2" 200 2507 "-" "Mozilla/5.0 (X11; CrOS x86_64 14541.0.0) AppleWebKit/537.36 (KHTML, like Gecko) Chrome/133.0.0.0 Safari/537.36"
111.67.29.221 - - [10/May/2026:22:33:38 +1000] "POST /wp-cron.php?doing_wp_cron=1778416418.7247719764709472656250 HTTP/1.1" 200 538 "-" "WordPress/6.9.4; https://www.pgkdistribution.com.au"
121.200.217.27 - - [10/May/2026:22:33:36 +1000] "GET /wp-login.php HTTP/2" 200 2507 "-" "Mozilla/5.0 (X11; Linux x86_64) AppleWebKit/537.36 (KHTML, like Gecko) Chrome/133.0.0.0 Safari/537.36 Edg/133.0.0.0"
121.200.217.27 - - [10/May/2026:22:33:39 +1000] "POST /wp-login.php HTTP/2" 200 2654 "https://www.pgkdistribution.com.au/wp-login.php" "Mozilla/5.0 (X11; Linux x86_64) AppleWebKit/537.36 (KHTML, like Gecko) Chrome/133.0.0.0 Safari/537.36 Edg/133.0.0.0"
162.240.102.228 - - [10/May/2026:22:34:17 +1000] "GET /wp-login.php HTTP/2" 301 795 "-" "Mozilla/5.0 (X11; Linux i686) AppleWebKit/537.36 (KHTML, like Gecko) Chrome/133.0.0.0 Safari/537.36"
129.121.76.191 - arri [10/May/2026:22:34:31 +1000] "GET /wp-json/wp/v2/users/me HTTP/2" 301 795 "-" "Mozilla/5.0 (X11; Ubuntu; Linux x86_64) AppleWebKit/537.36 (KHTML, like Gecko) Chrome/133.0.0.0 Safari/537.36"
111.67.29.221 - - [10/May/2026:22:34:39 +1000] "POST /wp-cron.php?doing_wp_cron=1778416479.1200571060180664062500 HTTP/1.1" 200 538 "-" "WordPress/6.9.4; https://www.pgkdistribution.com.au"
129.121.76.191 - - [10/May/2026:22:34:36 +1000] "GET /wp-json/wp/v2/users/me HTTP/2" 401 102 "https://pgkdistribution.com.au/wp-json/wp/v2/users/me" "Mozilla/5.0 (X11; Ubuntu; Linux x86_64) AppleWebKit/537.36 (KHTML, like Gecko) Chrome/133.0.0.0 Safari/537.36"
162.240.102.228 - darren [10/May/2026:22:34:41 +1000] "GET /wp-json/wp/v2/users/me HTTP/2" 301 795 "-" "Mozilla/5.0 (X11; Linux i686) AppleWebKit/537.36 (KHTML, like Gecko) Chrome/133.0.0.0 Safari/537.36"
57.132.163.249 - pgkdistribution [10/May/2026:22:36:29 +1000] "GET /wp-json/wp/v2/users/me HTTP/2" 301 795 "-" "Mozilla/5.0 (Macintosh; Intel Mac OS X 10_15_7) AppleWebKit/537.36 (KHTML, like Gecko) Chrome/133.0.0.0 Safari/537.36"
111.67.29.221 - - [10/May/2026:22:36:34 +1000] "POST /wp-cron.php?doing_wp_cron=1778416594.1587860584259033203125 HTTP/1.1" 200 538 "-" "WordPress/6.9.4; https://www.pgkdistribution.com.au"
57.132.163.249 - - [10/May/2026:22:36:31 +1000] "GET /wp-json/wp/v2/users/me HTTP/2" 401 102 "https://pgkdistribution.com.au/wp-json/wp/v2/users/me" "Mozilla/5.0 (Macintosh; Intel Mac OS X 10_15_7) AppleWebKit/537.36 (KHTML, like Gecko) Chrome/133.0.0.0 Safari/537.36"
114.119.133.194 - - [10/May/2026:22:36:48 +1000] "GET /product-category/electricals-2/page/3 HTTP/1.1" 301 571 "https://pgkdistribution.com.au/product-category/electricals-2" "Mozilla/5.0 (Linux; Android 7.0;) AppleWebKit/537.36 (KHTML, like Gecko) Mobile Safari/537.36 (compatible; PetalBot;+https://webmaster.petalsearch.com/site/petalbot)"
114.119.133.194 - - [10/May/2026:22:36:54 +1000] "GET /product-category/electricals-2/page/3/ HTTP/1.1" 200 31164 "https://pgkdistribution.com.au/product-category/electricals-2" "Mozilla/5.0 (Linux; Android 7.0;) AppleWebKit/537.36 (KHTML, like Gecko) Mobile Safari/537.36 (compatible; PetalBot;+https://webmaster.petalsearch.com/site/petalbot)"
179.29.245.79 - - [10/May/2026:22:38:08 +1000] "GET /wp-content/uploads/2021/09/Soltaro-All-In-One-2-5kWh-Battery-Cover-and-Cables.jpeg HTTP/1.1" 200 23430 "-" "Mozilla/5.0 (Windows NT 6.1) AppleWebKit/537.36 (KHTML, like Gecko) Chrome/84.0.4147.140 Safari/537.36"
111.67.29.221 - - [10/May/2026:22:38:13 +1000] "POST /wp-cron.php?doing_wp_cron=1778416693.5063600540161132812500 HTTP/1.1" 200 538 "-" "WordPress/6.9.4; https://www.pgkdistribution.com.au"
114.119.131.206 - - [10/May/2026:22:38:11 +1000] "GET /product-category/air-conditioning/air-purifiers HTTP/1.1" 301 581 "https://www.pgkdistribution.com.au/product/air-purifier-600" "Mozilla/5.0 (Linux; Android 7.0;) AppleWebKit/537.36 (KHTML, like Gecko) Mobile Safari/537.36 (compatible; PetalBot;+https://webmaster.petalsearch.com/site/petalbot)"
103.111.98.66 - - [10/May/2026:22:38:14 +1000] "GET /wp-content/uploads/2021/05/SE070-500x500-1.jpg HTTP/1.1" 301 1309 "-" "Mozilla/5.0 (X11; Ubuntu; Linux x86_64; rv:72.0) Gecko/20100101 Firefox/72.0"
113.169.68.200 - - [10/May/2026:22:38:17 +1000] "GET /wp-content/uploads/2021/05/SE070-500x500-1.jpg HTTP/1.1" 200 33459 "-" "Mozilla/5.0 (X11; Ubuntu; Linux x86_64; rv:72.0) Gecko/20100101 Firefox/72.0"
111.67.29.221 - - [10/May/2026:22:38:19 +1000] "POST /wp-cron.php?doing_wp_cron=1778416699.7901298999786376953125 HTTP/1.1" 200 538 "-" "WordPress/6.9.4; https://www.pgkdistribution.com.au"
114.119.131.206 - - [10/May/2026:22:38:17 +1000] "GET /product-category/air-conditioning/air-purifiers/ HTTP/1.1" 200 29000 "https://www.pgkdistribution.com.au/product/air-purifier-600" "Mozilla/5.0 (Linux; Android 7.0;) AppleWebKit/537.36 (KHTML, like Gecko) Mobile Safari/537.36 (compatible; PetalBot;+https://webmaster.petalsearch.com/site/petalbot)"
112.201.205.134 - - [10/May/2026:22:38:31 +1000] "GET /robots.txt HTTP/1.1" 301 1310 "-" "Mozilla/5.0 (Macintosh; Intel Mac OS X 11.7; rv:130.0) Gecko/20100101 Firefox/130.0"
168.187.5.210 - - [10/May/2026:22:38:34 +1000] "GET /wp-login.php HTTP/2" 301 795 "-" "Mozilla/5.0 (X11; Fedora; Linux x86_64) AppleWebKit/537.36 (KHTML, like Gecko) Chrome/133.0.0.0 Safari/537.36"
118.70.100.34 - - [10/May/2026:22:38:33 +1000] "GET /robots.txt HTTP/1.1" 200 1049 "-" "Mozilla/5.0 (Macintosh; Intel Mac OS X 11.7; rv:130.0) Gecko/20100101 Firefox/130.0"
115.146.125.52 - - [10/May/2026:22:38:44 +1000] "GET /wp-login.php HTTP/2" 200 2507 "-" "Mozilla/5.0 (X11; Linux i686) AppleWebKit/537.36 (KHTML, like Gecko) Chrome/133.0.0.0 Safari/537.36"
115.146.125.52 - - [10/May/2026:22:38:46 +1000] "POST /wp-login.php HTTP/2" 200 2660 "https://www.pgkdistribution.com.au/wp-login.php" "Mozilla/5.0 (X11; Linux i686) AppleWebKit/537.36 (KHTML, like Gecko) Chrome/133.0.0.0 Safari/537.36"
125.212.221.88 - - [10/May/2026:22:39:20 +1000] "GET /wp-login.php HTTP/2" 301 795 "-" "Mozilla/5.0 (Macintosh; Intel Mac OS X 10_15_7) AppleWebKit/537.36 (KHTML, like Gecko) Chrome/133.0.0.0 Safari/537.36 Edg/133.0.0.0"
111.67.29.221 - - [10/May/2026:22:39:24 +1000] "POST /wp-cron.php?doing_wp_cron=1778416764.4487729072570800781250 HTTP/1.1" 200 538 "-" "WordPress/6.9.4; https://www.pgkdistribution.com.au"
125.212.221.88 - - [10/May/2026:22:39:22 +1000] "GET /wp-login.php HTTP/2" 200 2507 "https://pgkdistribution.com.au/wp-login.php" "Mozilla/5.0 (Macintosh; Intel Mac OS X 10_15_7) AppleWebKit/537.36 (KHTML, like Gecko) Chrome/133.0.0.0 Safari/537.36 Edg/133.0.0.0"
125.212.221.88 - - [10/May/2026:22:39:24 +1000] "POST /wp-login.php HTTP/2" 301 795 "https://pgkdistribution.com.au/wp-login.php" "Mozilla/5.0 (Macintosh; Intel Mac OS X 10_15_7) AppleWebKit/537.36 (KHTML, like Gecko) Chrome/133.0.0.0 Safari/537.36 Edg/133.0.0.0"
125.212.221.88 - - [10/May/2026:22:39:25 +1000] "GET /wp-login.php HTTP/2" 200 2507 "https://pgkdistribution.com.au/wp-login.php" "Mozilla/5.0 (Macintosh; Intel Mac OS X 10_15_7) AppleWebKit/537.36 (KHTML, like Gecko) Chrome/133.0.0.0 Safari/537.36 Edg/133.0.0.0"
45.124.84.150 - - [10/May/2026:22:39:45 +1000] "GET /wp-login.php HTTP/2" 301 795 "-" "Mozilla/5.0 (X11; Linux x86_64) AppleWebKit/537.36 (KHTML, like Gecko) Chrome/133.0.0.0 Safari/537.36 Edg/133.0.0.0"
45.124.84.150 - - [10/May/2026:22:39:47 +1000] "GET /wp-login.php HTTP/2" 200 2507 "https://pgkdistribution.com.au/wp-login.php" "Mozilla/5.0 (X11; Linux x86_64) AppleWebKit/537.36 (KHTML, like Gecko) Chrome/133.0.0.0 Safari/537.36 Edg/133.0.0.0"
45.124.84.150 - - [10/May/2026:22:39:49 +1000] "POST /wp-login.php HTTP/2" 301 795 "https://pgkdistribution.com.au/wp-login.php" "Mozilla/5.0 (X11; Linux x86_64) AppleWebKit/537.36 (KHTML, like Gecko) Chrome/133.0.0.0 Safari/537.36 Edg/133.0.0.0"
45.124.84.150 - - [10/May/2026:22:39:49 +1000] "GET /wp-login.php HTTP/2" 200 2507 "https://pgkdistribution.com.au/wp-login.php" "Mozilla/5.0 (X11; Linux x86_64) AppleWebKit/537.36 (KHTML, like Gecko) Chrome/133.0.0.0 Safari/537.36 Edg/133.0.0.0"
111.67.29.221 - - [10/May/2026:22:40:22 +1000] "POST /wp-cron.php?doing_wp_cron=1778416822.4744551181793212890625 HTTP/1.1" 200 538 "-" "WordPress/6.9.4; https://www.pgkdistribution.com.au"
47.79.119.13 - - [10/May/2026:22:40:19 +1000] "GET /wp-content/uploads/2022/02/2x10mm%C2%B2-iec-62930-dc-cable.pdf HTTP/1.1" 404 30094 "-" "Mozilla/5.0 (Windows NT 10.0; Win64; x64) AppleWebKit/537.36 (KHTML, like Gecko) Chrome/114.0.0.0 Safari/537.36 Edg/114.0.1823.43"
159.89.229.13 - - [10/May/2026:22:41:03 +1000] "GET /wp-login.php HTTP/2" 200 2507 "-" "Mozilla/5.0 (Macintosh; Intel Mac OS X 10_15_7) AppleWebKit/537.36 (KHTML, like Gecko) Chrome/133.0.0.0 Safari/537.36"
159.89.229.13 - - [10/May/2026:22:41:06 +1000] "POST /wp-login.php HTTP/2" 200 2658 "https://www.pgkdistribution.com.au/wp-login.php" "Mozilla/5.0 (Macintosh; Intel Mac OS X 10_15_7) AppleWebKit/537.36 (KHTML, like Gecko) Chrome/133.0.0.0 Safari/537.36"
202.92.6.73 - - [10/May/2026:22:41:29 +1000] "GET /wp-login.php HTTP/2" 301 795 "-" "Mozilla/5.0 (Macintosh; Intel Mac OS X 11_7_10) AppleWebKit/537.36 (KHTML, like Gecko) Chrome/133.0.0.0 Safari/537.36"
111.67.29.221 - - [10/May/2026:22:41:33 +1000] "POST /wp-cron.php?doing_wp_cron=1778416893.2004499435424804687500 HTTP/1.1" 200 538 "-" "WordPress/6.9.4; https://www.pgkdistribution.com.au"
202.92.6.73 - - [10/May/2026:22:41:31 +1000] "GET /wp-login.php HTTP/2" 200 2507 "https://pgkdistribution.com.au/wp-login.php" "Mozilla/5.0 (Macintosh; Intel Mac OS X 11_7_10) AppleWebKit/537.36 (KHTML, like Gecko) Chrome/133.0.0.0 Safari/537.36"
202.92.6.73 - - [10/May/2026:22:41:33 +1000] "POST /wp-login.php HTTP/2" 301 795 "https://pgkdistribution.com.au/wp-login.php" "Mozilla/5.0 (Macintosh; Intel Mac OS X 11_7_10) AppleWebKit/537.36 (KHTML, like Gecko) Chrome/133.0.0.0 Safari/537.36"
202.92.6.73 - - [10/May/2026:22:41:34 +1000] "GET /wp-login.php HTTP/2" 200 2507 "https://pgkdistribution.com.au/wp-login.php" "Mozilla/5.0 (Macintosh; Intel Mac OS X 11_7_10) AppleWebKit/537.36 (KHTML, like Gecko) Chrome/133.0.0.0 Safari/537.36"
121.200.216.56 - - [10/May/2026:22:41:53 +1000] "GET /wp-login.php HTTP/2" 301 795 "-" "Mozilla/5.0 (X11; Linux x86_64; rv:133.0) Gecko/20100101 Firefox/133.0"
111.67.29.221 - - [10/May/2026:22:42:04 +1000] "POST /wp-cron.php?doing_wp_cron=1778416924.8744928836822509765625 HTTP/1.1" 200 538 "-" "WordPress/6.9.4; https://www.pgkdistribution.com.au"
121.200.216.56 - - [10/May/2026:22:42:02 +1000] "GET /wp-login.php HTTP/2" 200 2507 "https://pgkdistribution.com.au/wp-login.php" "Mozilla/5.0 (X11; Linux x86_64; rv:133.0) Gecko/20100101 Firefox/133.0"
121.200.216.56 - arri [10/May/2026:22:42:14 +1000] "GET /wp-json/wp/v2/users/me HTTP/2" 301 795 "-" "Mozilla/5.0 (X11; Linux x86_64; rv:133.0) Gecko/20100101 Firefox/133.0"
121.200.216.56 - - [10/May/2026:22:42:20 +1000] "GET /wp-json/wp/v2/users/me HTTP/2" 401 102 "https://pgkdistribution.com.au/wp-json/wp/v2/users/me" "Mozilla/5.0 (X11; Linux x86_64; rv:133.0) Gecko/20100101 Firefox/133.0"
111.67.29.221 - - [10/May/2026:22:42:23 +1000] "POST /wp-cron.php?doing_wp_cron=1778416943.6827070713043212890625 HTTP/1.1" 200 538 "-" "WordPress/6.9.4; https://www.pgkdistribution.com.au"
62.232.51.140 - - [10/May/2026:22:43:37 +1000] "GET /wp-login.php HTTP/2" 301 795 "-" "Mozilla/5.0 (Macintosh; Intel Mac OS X 10_15_7) AppleWebKit/537.36 (KHTML, like Gecko) Chrome/133.0.0.0 Safari/537.36"
111.67.29.221 - - [10/May/2026:22:43:41 +1000] "POST /wp-cron.php?doing_wp_cron=1778417021.3072879314422607421875 HTTP/1.1" 200 538 "-" "WordPress/6.9.4; https://www.pgkdistribution.com.au"
62.232.51.140 - - [10/May/2026:22:43:39 +1000] "GET /wp-login.php HTTP/2" 200 2507 "https://pgkdistribution.com.au/wp-login.php" "Mozilla/5.0 (Macintosh; Intel Mac OS X 10_15_7) AppleWebKit/537.36 (KHTML, like Gecko) Chrome/133.0.0.0 Safari/537.36"
62.232.51.140 - - [10/May/2026:22:43:41 +1000] "POST /wp-login.php HTTP/2" 301 795 "https://pgkdistribution.com.au/wp-login.php" "Mozilla/5.0 (Macintosh; Intel Mac OS X 10_15_7) AppleWebKit/537.36 (KHTML, like Gecko) Chrome/133.0.0.0 Safari/537.36"
62.232.51.140 - - [10/May/2026:22:43:42 +1000] "GET /wp-login.php HTTP/2" 200 2507 "https://pgkdistribution.com.au/wp-login.php" "Mozilla/5.0 (Macintosh; Intel Mac OS X 10_15_7) AppleWebKit/537.36 (KHTML, like Gecko) Chrome/133.0.0.0 Safari/537.36"
66.249.70.173 - - [10/May/2026:22:44:01 +1000] "GET /product/7-1kw-reverse-cycle-split-system/ HTTP/1.1" 200 35841 "-" "Mozilla/5.0 (compatible; Googlebot/2.1; +http://www.google.com/bot.html)"
87.106.33.73 - - [10/May/2026:22:45:19 +1000] "GET /wp-login.php HTTP/2" 301 795 "-" "Mozilla/5.0 (X11; Ubuntu; Linux x86_64; rv:133.0) Gecko/20100101 Firefox/133.0"
111.67.29.221 - - [10/May/2026:22:45:24 +1000] "POST /wp-cron.php?doing_wp_cron=1778417124.3911309242248535156250 HTTP/1.1" 200 538 "-" "WordPress/6.9.4; https://www.pgkdistribution.com.au"
87.106.33.73 - - [10/May/2026:22:45:22 +1000] "GET /wp-login.php HTTP/2" 200 2507 "https://pgkdistribution.com.au/wp-login.php" "Mozilla/5.0 (X11; Ubuntu; Linux x86_64; rv:133.0) Gecko/20100101 Firefox/133.0"
66.249.70.173 - - [10/May/2026:22:45:22 +1000] "GET /product/7-1kw-reverse-cycle-split-system/ HTTP/1.1" 200 35827 "-" "Mozilla/5.0 (Linux; Android 6.0.1; Nexus 5X Build/MMB29P) AppleWebKit/537.36 (KHTML, like Gecko) Chrome/147.0.7727.137 Mobile Safari/537.36 (compatible; Googlebot/2.1; +http://www.google.com/bot.html)"
87.106.33.73 - - [10/May/2026:22:45:25 +1000] "POST /wp-login.php HTTP/2" 301 795 "https://pgkdistribution.com.au/wp-login.php" "Mozilla/5.0 (X11; Ubuntu; Linux x86_64; rv:133.0) Gecko/20100101 Firefox/133.0"
87.106.33.73 - - [10/May/2026:22:45:25 +1000] "GET /wp-login.php HTTP/2" 200 2507 "https://pgkdistribution.com.au/wp-login.php" "Mozilla/5.0 (X11; Ubuntu; Linux x86_64; rv:133.0) Gecko/20100101 Firefox/133.0"
178.79.173.199 - - [10/May/2026:22:46:13 +1000] "GET /wp-login.php HTTP/2" 301 795 "-" "Mozilla/5.0 (X11; Linux x86_64) AppleWebKit/537.36 (KHTML, like Gecko) Chrome/133.0.0.0 Safari/537.36 Edg/133.0.0.0"
98.93.60.66 - - [10/May/2026:22:46:13 +1000] "GET /wp-content/uploads/2021/05/SE076-500x500-1.jpg HTTP/1.1" 200 37963 "-" "Mozilla/5.0 (Windows NT 10.0; Win64; x64) AppleWebKit/537.36 (KHTML, like Gecko) Chrome/120.0.0.0 Safari/537.36"
98.93.60.66 - - [10/May/2026:22:46:13 +1000] "GET /wp-content/uploads/2021/05/SE071-500x500-1.jpg HTTP/1.1" 200 37696 "-" "Mozilla/5.0 (Windows NT 10.0; Win64; x64) AppleWebKit/537.36 (KHTML, like Gecko) Chrome/120.0.0.0 Safari/537.36"
98.93.60.66 - - [10/May/2026:22:46:13 +1000] "GET /wp-content/uploads/2021/05/SE074-500x500-1.jpg HTTP/1.1" 200 35606 "-" "Mozilla/5.0 (Windows NT 10.0; Win64; x64) AppleWebKit/537.36 (KHTML, like Gecko) Chrome/120.0.0.0 Safari/537.36"
98.93.60.66 - - [10/May/2026:22:46:13 +1000] "GET /wp-content/uploads/2021/05/SE070-500x500-1.jpg HTTP/1.1" 200 31745 "-" "Mozilla/5.0 (Windows NT 10.0; Win64; x64) AppleWebKit/537.36 (KHTML, like Gecko) Chrome/120.0.0.0 Safari/537.36"
98.93.60.66 - - [10/May/2026:22:46:13 +1000] "GET /wp-content/uploads/2021/05/SE078-500x500-1.jpg HTTP/1.1" 200 37978 "-" "Mozilla/5.0 (Windows NT 10.0; Win64; x64) AppleWebKit/537.36 (KHTML, like Gecko) Chrome/120.0.0.0 Safari/537.36"
98.93.60.66 - - [10/May/2026:22:46:13 +1000] "GET /wp-content/uploads/2021/05/SE075-500x500-1.jpg HTTP/1.1" 200 38032 "-" "Mozilla/5.0 (Windows NT 10.0; Win64; x64) AppleWebKit/537.36 (KHTML, like Gecko) Chrome/120.0.0.0 Safari/537.36"
98.93.60.66 - - [10/May/2026:22:46:13 +1000] "GET /wp-content/uploads/2021/05/SE073-500x500-1.jpg HTTP/1.1" 200 37867 "-" "Mozilla/5.0 (Windows NT 10.0; Win64; x64) AppleWebKit/537.36 (KHTML, like Gecko) Chrome/120.0.0.0 Safari/537.36"
98.93.60.66 - - [10/May/2026:22:46:13 +1000] "GET /wp-content/uploads/2021/05/SE072-500x500-1.jpg HTTP/1.1" 200 37792 "-" "Mozilla/5.0 (Windows NT 10.0; Win64; x64) AppleWebKit/537.36 (KHTML, like Gecko) Chrome/120.0.0.0 Safari/537.36"
111.67.29.221 - - [10/May/2026:22:46:22 +1000] "POST /wp-cron.php?doing_wp_cron=1778417182.2387979030609130859375 HTTP/1.1" 200 538 "-" "WordPress/6.9.4; https://www.pgkdistribution.com.au"
178.79.173.199 - - [10/May/2026:22:46:14 +1000] "GET /wp-login.php HTTP/2" 200 2507 "https://pgkdistribution.com.au/wp-login.php" "Mozilla/5.0 (X11; Linux x86_64) AppleWebKit/537.36 (KHTML, like Gecko) Chrome/133.0.0.0 Safari/537.36 Edg/133.0.0.0"
178.79.173.199 - - [10/May/2026:22:46:22 +1000] "POST /wp-login.php HTTP/2" 301 795 "https://pgkdistribution.com.au/wp-login.php" "Mozilla/5.0 (X11; Linux x86_64) AppleWebKit/537.36 (KHTML, like Gecko) Chrome/133.0.0.0 Safari/537.36 Edg/133.0.0.0"
178.79.173.199 - - [10/May/2026:22:46:22 +1000] "GET /wp-login.php HTTP/2" 200 2507 "https://pgkdistribution.com.au/wp-login.php" "Mozilla/5.0 (X11; Linux x86_64) AppleWebKit/537.36 (KHTML, like Gecko) Chrome/133.0.0.0 Safari/537.36 Edg/133.0.0.0"
178.79.173.199 - - [10/May/2026:22:46:34 +1000] "GET /wp-login.php HTTP/2" 301 795 "-" "Mozilla/5.0 (X11; CrOS x86_64 14541.0.0) AppleWebKit/537.36 (KHTML, like Gecko) Chrome/133.0.0.0 Safari/537.36"
178.79.173.199 - - [10/May/2026:22:46:36 +1000] "GET /wp-login.php HTTP/2" 200 2507 "https://pgkdistribution.com.au/wp-login.php" "Mozilla/5.0 (X11; CrOS x86_64 14541.0.0) AppleWebKit/537.36 (KHTML, like Gecko) Chrome/133.0.0.0 Safari/537.36"
178.79.173.199 - - [10/May/2026:22:46:38 +1000] "POST /wp-login.php HTTP/2" 301 795 "https://pgkdistribution.com.au/wp-login.php" "Mozilla/5.0 (X11; CrOS x86_64 14541.0.0) AppleWebKit/537.36 (KHTML, like Gecko) Chrome/133.0.0.0 Safari/537.36"
178.79.173.199 - - [10/May/2026:22:46:39 +1000] "GET /wp-login.php HTTP/2" 200 2507 "https://pgkdistribution.com.au/wp-login.php" "Mozilla/5.0 (X11; CrOS x86_64 14541.0.0) AppleWebKit/537.36 (KHTML, like Gecko) Chrome/133.0.0.0 Safari/537.36"
103.143.207.18 - - [10/May/2026:22:46:58 +1000] "GET /wp-login.php HTTP/2" 200 2507 "-" "Mozilla/5.0 (Macintosh; Intel Mac OS X 14_7_4) AppleWebKit/537.36 (KHTML, like Gecko) Chrome/133.0.0.0 Safari/537.36"
103.143.207.18 - - [10/May/2026:22:47:00 +1000] "POST /wp-login.php HTTP/2" 200 2654 "https://www.pgkdistribution.com.au/wp-login.php" "Mozilla/5.0 (Macintosh; Intel Mac OS X 14_7_4) AppleWebKit/537.36 (KHTML, like Gecko) Chrome/133.0.0.0 Safari/537.36"
66.249.70.171 - - [10/May/2026:22:47:02 +1000] "GET / HTTP/1.1" 200 43811 "-" "Mozilla/5.0 (Linux; Android 6.0.1; Nexus 5X Build/MMB29P) AppleWebKit/537.36 (KHTML, like Gecko) Chrome/147.0.7727.137 Mobile Safari/537.36 (compatible; Googlebot/2.1; +http://www.google.com/bot.html)"
102.0.21.4 - - [10/May/2026:22:47:10 +1000] "GET /category/uncategorized/ HTTP/1.1" 200 28363 "-" "Mozilla/5.0 (Macintosh; Intel Mac OS X 10_15_7) AppleWebKit/537.36 (KHTML, like Gecko) Chrome/100.0.4896.147 Safari/537.36"
66.249.64.101 - - [10/May/2026:22:47:20 +1000] "GET /pgkdistribution/pgkdistribution/?page_id=9 HTTP/1.1" 301 1342 "-" "Mozilla/5.0 (Linux; Android 6.0.1; Nexus 5X Build/MMB29P) AppleWebKit/537.36 (KHTML, like Gecko) Chrome/147.0.7727.137 Mobile Safari/537.36 (compatible; Googlebot/2.1; +http://www.google.com/bot.html)"
66.249.70.172 - - [10/May/2026:22:47:33 +1000] "GET /wp-content/plugins/gutentor/assets/library/magnific-popup/jquery.magnific-popup.min.js?ver=1.1.0 HTTP/1.1" 200 7733 "https://www.pgkdistribution.com.au/" "Mozilla/5.0 (Linux; Android 6.0.1; Nexus 5X Build/MMB29P) AppleWebKit/537.36 (KHTML, like Gecko) Chrome/147.0.7727.137 Mobile Safari/537.36 (compatible; Googlebot/2.1; +http://www.google.com/bot.html)"
111.67.29.221 - - [10/May/2026:22:47:38 +1000] "POST /wp-cron.php?doing_wp_cron=1778417258.5973770618438720703125 HTTP/1.1" 200 538 "-" "WordPress/6.9.4; https://www.pgkdistribution.com.au"
66.249.70.171 - - [10/May/2026:22:47:36 +1000] "POST /?wc-ajax=get_refreshed_fragments HTTP/1.1" 200 1190 "https://www.pgkdistribution.com.au/" "Mozilla/5.0 (Linux; Android 6.0.1; Nexus 5X Build/MMB29P) AppleWebKit/537.36 (KHTML, like Gecko) Chrome/147.0.7727.137 Mobile Safari/537.36 (compatible; Googlebot/2.1; +http://www.google.com/bot.html)"
66.249.70.171 - - [10/May/2026:22:47:48 +1000] "GET /favicon.ico HTTP/1.1" 404 1020 "-" "Googlebot-Image/1.0"
54.175.74.27 - - [10/May/2026:22:47:48 +1000] "GET /contact-us/ HTTP/1.1" 200 32689 "-" "Mozilla/5.0 (Macintosh; Intel Mac OS X 10_10_1) AppleWebKit/600.1.25 (KHTML, like Gecko) Version/8.0 Safari/600.1.25"
66.249.70.171 - - [10/May/2026:22:47:52 +1000] "GET /pgkdistribution/pgkdistribution/?page_id=9 HTTP/1.1" 301 693 "-" "Mozilla/5.0 (Linux; Android 6.0.1; Nexus 5X Build/MMB29P) AppleWebKit/537.36 (KHTML, like Gecko) Chrome/147.0.7727.137 Mobile Safari/537.36 (compatible; Googlebot/2.1; +http://www.google.com/bot.html)"
209.42.19.197 - - [10/May/2026:22:47:53 +1000] "GET /wp-login.php HTTP/2" 200 2507 "-" "Mozilla/5.0 (X11; Linux x86_64) AppleWebKit/537.36 (KHTML, like Gecko) Chrome/133.0.0.0 Safari/537.36 Edg/133.0.0.0"
209.42.19.197 - - [10/May/2026:22:47:55 +1000] "POST /wp-login.php HTTP/2" 200 2658 "https://www.pgkdistribution.com.au/wp-login.php" "Mozilla/5.0 (X11; Linux x86_64) AppleWebKit/537.36 (KHTML, like Gecko) Chrome/133.0.0.0 Safari/537.36 Edg/133.0.0.0"
66.249.70.172 - - [10/May/2026:22:48:04 +1000] "GET /my-account/ HTTP/1.1" 200 35141 "-" "Mozilla/5.0 (Linux; Android 6.0.1; Nexus 5X Build/MMB29P) AppleWebKit/537.36 (KHTML, like Gecko) Chrome/147.0.7727.137 Mobile Safari/537.36 (compatible; Googlebot/2.1; +http://www.google.com/bot.html)"
66.249.70.171 - - [10/May/2026:22:48:13 +1000] "GET /wp-content/plugins/contact-form-7/includes/css/styles.css?ver=6.1.3 HTTP/1.1" 200 1575 "https://www.pgkdistribution.com.au/my-account/" "Mozilla/5.0 (Linux; Android 6.0.1; Nexus 5X Build/MMB29P) AppleWebKit/537.36 (KHTML, like Gecko) Chrome/147.0.7727.137 Mobile Safari/537.36 (compatible; Googlebot/2.1; +http://www.google.com/bot.html)"
66.249.70.172 - - [10/May/2026:22:48:16 +1000] "GET /wp-includes/js/zxcvbn-async.min.js?ver=1.0 HTTP/1.1" 200 791 "https://www.pgkdistribution.com.au/my-account/" "Mozilla/5.0 (Linux; Android 6.0.1; Nexus 5X Build/MMB29P) AppleWebKit/537.36 (KHTML, like Gecko) Chrome/147.0.7727.137 Mobile Safari/537.36 (compatible; Googlebot/2.1; +http://www.google.com/bot.html)"
111.67.29.221 - - [10/May/2026:22:48:30 +1000] "POST /wp-cron.php?doing_wp_cron=1778417310.9339439868927001953125 HTTP/1.1" 200 538 "-" "WordPress/6.9.4; https://www.pgkdistribution.com.au"
66.249.70.171 - - [10/May/2026:22:48:28 +1000] "GET /product/pgk-1200v-dc-isomc4-gen200mm HTTP/1.1" 200 33161 "-" "Mozilla/5.0 (Linux; Android 6.0.1; Nexus 5X Build/MMB29P) AppleWebKit/537.36 (KHTML, like Gecko) Chrome/147.0.7727.137 Mobile Safari/537.36 (compatible; Googlebot/2.1; +http://www.google.com/bot.html)"
66.249.70.171 - - [10/May/2026:22:48:31 +1000] "GET /wp-content/plugins/woocommerce/assets/js/frontend/password-strength-meter.min.js?ver=10.7.0 HTTP/1.1" 200 1177 "https://www.pgkdistribution.com.au/my-account/" "Mozilla/5.0 (Linux; Android 6.0.1; Nexus 5X Build/MMB29P) AppleWebKit/537.36 (KHTML, like Gecko) Chrome/147.0.7727.137 Mobile Safari/537.36 (compatible; Googlebot/2.1; +http://www.google.com/bot.html)"
147.135.37.185 - - [10/May/2026:22:48:35 +1000] "GET /wp-login.php HTTP/2" 301 795 "-" "Mozilla/5.0 (Macintosh; Intel Mac OS X 11_7_10) AppleWebKit/537.36 (KHTML, like Gecko) Chrome/133.0.0.0 Safari/537.36"
147.135.37.185 - - [10/May/2026:22:48:37 +1000] "GET /wp-login.php HTTP/2" 200 2507 "https://pgkdistribution.com.au/wp-login.php" "Mozilla/5.0 (Macintosh; Intel Mac OS X 11_7_10) AppleWebKit/537.36 (KHTML, like Gecko) Chrome/133.0.0.0 Safari/537.36"
66.249.70.171 - - [10/May/2026:22:48:37 +1000] "GET /wp-includes/js/zxcvbn.min.js HTTP/1.1" 200 390102 "https://www.pgkdistribution.com.au/my-account/" "Mozilla/5.0 (Linux; Android 6.0.1; Nexus 5X Build/MMB29P) AppleWebKit/537.36 (KHTML, like Gecko) Chrome/147.0.7727.137 Mobile Safari/537.36 (compatible; Googlebot/2.1; +http://www.google.com/bot.html)"
147.135.37.185 - - [10/May/2026:22:48:39 +1000] "POST /wp-login.php HTTP/2" 301 795 "https://pgkdistribution.com.au/wp-login.php" "Mozilla/5.0 (Macintosh; Intel Mac OS X 11_7_10) AppleWebKit/537.36 (KHTML, like Gecko) Chrome/133.0.0.0 Safari/537.36"
147.135.37.185 - - [10/May/2026:22:48:40 +1000] "GET /wp-login.php HTTP/2" 200 2507 "https://pgkdistribution.com.au/wp-login.php" "Mozilla/5.0 (Macintosh; Intel Mac OS X 11_7_10) AppleWebKit/537.36 (KHTML, like Gecko) Chrome/133.0.0.0 Safari/537.36"
74.235.96.117 - - [10/May/2026:22:48:56 +1000] "GET /wp-login.php HTTP/2" 301 795 "-" "Mozilla/5.0 (X11; Ubuntu; Linux x86_64) AppleWebKit/537.36 (KHTML, like Gecko) Chrome/133.0.0.0 Safari/537.36"
74.235.96.117 - - [10/May/2026:22:48:58 +1000] "GET /wp-login.php HTTP/2" 200 2507 "https://pgkdistribution.com.au/wp-login.php" "Mozilla/5.0 (X11; Ubuntu; Linux x86_64) AppleWebKit/537.36 (KHTML, like Gecko) Chrome/133.0.0.0 Safari/537.36"
74.235.96.117 - - [10/May/2026:22:49:00 +1000] "POST /wp-login.php HTTP/2" 301 795 "https://pgkdistribution.com.au/wp-login.php" "Mozilla/5.0 (X11; Ubuntu; Linux x86_64) AppleWebKit/537.36 (KHTML, like Gecko) Chrome/133.0.0.0 Safari/537.36"
74.235.96.117 - - [10/May/2026:22:49:01 +1000] "GET /wp-login.php HTTP/2" 200 2507 "https://pgkdistribution.com.au/wp-login.php" "Mozilla/5.0 (X11; Ubuntu; Linux x86_64) AppleWebKit/537.36 (KHTML, like Gecko) Chrome/133.0.0.0 Safari/537.36"
66.249.70.171 - - [10/May/2026:22:49:43 +1000] "GET /wp-content/themes/storefront/assets/js/navigation.min.js?ver=4.6.1 HTTP/1.1" 200 1447 "https://www.pgkdistribution.com.au/product/pgk-1200v-dc-isomc4-gen200mm" "Mozilla/5.0 (Linux; Android 6.0.1; Nexus 5X Build/MMB29P) AppleWebKit/537.36 (KHTML, like Gecko) Chrome/147.0.7727.137 Mobile Safari/537.36 (compatible; Googlebot/2.1; +http://www.google.com/bot.html)"
111.67.29.221 - - [10/May/2026:22:49:52 +1000] "POST /wp-cron.php?doing_wp_cron=1778417392.7132918834686279296875 HTTP/1.1" 200 538 "-" "WordPress/6.9.4; https://www.pgkdistribution.com.au"
66.249.70.171 - - [10/May/2026:22:49:51 +1000] "POST /?wc-ajax=get_refreshed_fragments HTTP/1.1" 200 1190 "https://www.pgkdistribution.com.au/product/pgk-1200v-dc-isomc4-gen200mm" "Mozilla/5.0 (Linux; Android 6.0.1; Nexus 5X Build/MMB29P) AppleWebKit/537.36 (KHTML, like Gecko) Chrome/147.0.7727.137 Mobile Safari/537.36 (compatible; Googlebot/2.1; +http://www.google.com/bot.html)"
111.67.29.221 - - [10/May/2026:22:50:03 +1000] "GET /wp-json/jetpack/v4/sync/spawn-sync?time=1778417403&request_lock_id=1778417403.365412 HTTP/1.1" 200 642 "-" "WordPress/6.9.4; https://www.pgkdistribution.com.au"
111.67.29.221 - - [10/May/2026:22:51:34 +1000] "POST /wp-cron.php?doing_wp_cron=1778417494.0502910614013671875000 HTTP/1.1" 200 538 "-" "WordPress/6.9.4; https://www.pgkdistribution.com.au"
66.249.70.172 - - [10/May/2026:22:51:31 +1000] "GET /privacy-policy/ HTTP/1.1" 200 39523 "-" "Mozilla/5.0 (Linux; Android 6.0.1; Nexus 5X Build/MMB29P) AppleWebKit/537.36 (KHTML, like Gecko) Chrome/147.0.7727.137 Mobile Safari/537.36 (compatible; Googlebot/2.1; +http://www.google.com/bot.html)"
66.249.70.172 - - [10/May/2026:22:51:49 +1000] "POST /?wc-ajax=get_refreshed_fragments HTTP/1.1" 200 1190 "https://www.pgkdistribution.com.au/privacy-policy/" "Mozilla/5.0 (Linux; Android 6.0.1; Nexus 5X Build/MMB29P) AppleWebKit/537.36 (KHTML, like Gecko) Chrome/147.0.7727.137 Mobile Safari/537.36 (compatible; Googlebot/2.1; +http://www.google.com/bot.html)"
114.119.156.126 - - [10/May/2026:22:52:11 +1000] "GET /product/1x10mm%C2%B2-1500v-dc-cable-500m/ HTTP/1.1" 301 1300 "https://pgkdistribution.com.au/product-category/electricals-2/" "Mozilla/5.0 (Linux; Android 7.0;) AppleWebKit/537.36 (KHTML, like Gecko) Mobile Safari/537.36 (compatible; PetalBot;+https://webmaster.petalsearch.com/site/petalbot)"
111.67.29.221 - - [10/May/2026:22:52:18 +1000] "POST /wp-cron.php?doing_wp_cron=1778417538.3916110992431640625000 HTTP/1.1" 200 538 "-" "WordPress/6.9.4; https://www.pgkdistribution.com.au"
114.119.156.126 - - [10/May/2026:22:52:16 +1000] "GET /product/1x10mm%C2%B2-1500v-dc-cable-500m/ HTTP/1.1" 301 690 "https://pgkdistribution.com.au/product-category/electricals-2/" "Mozilla/5.0 (Linux; Android 7.0;) AppleWebKit/537.36 (KHTML, like Gecko) Mobile Safari/537.36 (compatible; PetalBot;+https://webmaster.petalsearch.com/site/petalbot)"
62.232.51.140 - - [10/May/2026:22:52:22 +1000] "GET /wp-login.php HTTP/2" 301 795 "-" "Mozilla/5.0 (Windows NT 10.0; Win64; x64) AppleWebKit/537.36 (KHTML, like Gecko) Chrome/133.0.0.0 Safari/537.36"
114.119.156.126 - - [10/May/2026:22:52:20 +1000] "GET /product/1x10mm%C2%B2-iec-62930-dc-cable-500m/ HTTP/1.1" 200 35489 "https://pgkdistribution.com.au/product-category/electricals-2/" "Mozilla/5.0 (Linux; Android 7.0;) AppleWebKit/537.36 (KHTML, like Gecko) Mobile Safari/537.36 (compatible; PetalBot;+https://webmaster.petalsearch.com/site/petalbot)"
111.67.29.221 - - [10/May/2026:22:52:31 +1000] "POST /wp-cron.php?doing_wp_cron=1778417551.8534100055694580078125 HTTP/1.1" 200 538 "-" "WordPress/6.9.4; https://www.pgkdistribution.com.au"
62.232.51.140 - - [10/May/2026:22:52:30 +1000] "GET /wp-login.php HTTP/2" 200 2507 "https://pgkdistribution.com.au/wp-login.php" "Mozilla/5.0 (Windows NT 10.0; Win64; x64) AppleWebKit/537.36 (KHTML, like Gecko) Chrome/133.0.0.0 Safari/537.36"
62.232.51.140 - - [10/May/2026:22:52:32 +1000] "POST /wp-login.php HTTP/2" 301 795 "https://pgkdistribution.com.au/wp-login.php" "Mozilla/5.0 (Windows NT 10.0; Win64; x64) AppleWebKit/537.36 (KHTML, like Gecko) Chrome/133.0.0.0 Safari/537.36"
62.232.51.140 - - [10/May/2026:22:52:34 +1000] "GET /wp-login.php HTTP/2" 200 2507 "https://pgkdistribution.com.au/wp-login.php" "Mozilla/5.0 (Windows NT 10.0; Win64; x64) AppleWebKit/537.36 (KHTML, like Gecko) Chrome/133.0.0.0 Safari/537.36"
87.106.235.29 - - [10/May/2026:22:53:01 +1000] "GET /wp-login.php HTTP/2" 301 795 "-" "Mozilla/5.0 (X11; Ubuntu; Linux x86_64; rv:133.0) Gecko/20100101 Firefox/133.0"
87.106.235.29 - - [10/May/2026:22:53:02 +1000] "GET /wp-login.php HTTP/2" 200 2507 "https://pgkdistribution.com.au/wp-login.php" "Mozilla/5.0 (X11; Ubuntu; Linux x86_64; rv:133.0) Gecko/20100101 Firefox/133.0"
87.106.235.29 - - [10/May/2026:22:53:05 +1000] "POST /wp-login.php HTTP/2" 301 795 "https://pgkdistribution.com.au/wp-login.php" "Mozilla/5.0 (X11; Ubuntu; Linux x86_64; rv:133.0) Gecko/20100101 Firefox/133.0"
87.106.235.29 - - [10/May/2026:22:53:05 +1000] "GET /wp-login.php HTTP/2" 200 2507 "https://pgkdistribution.com.au/wp-login.php" "Mozilla/5.0 (X11; Ubuntu; Linux x86_64; rv:133.0) Gecko/20100101 Firefox/133.0"
78.142.18.172 - - [10/May/2026:22:53:10 +1000] "GET /wp-login.php HTTP/2" 301 795 "-" "Mozilla/5.0 (X11; Linux x86_64) AppleWebKit/537.36 (KHTML, like Gecko) Chrome/133.0.0.0 Safari/537.36"
78.142.18.172 - - [10/May/2026:22:53:11 +1000] "GET /wp-login.php HTTP/2" 200 2507 "https://pgkdistribution.com.au/wp-login.php" "Mozilla/5.0 (X11; Linux x86_64) AppleWebKit/537.36 (KHTML, like Gecko) Chrome/133.0.0.0 Safari/537.36"
78.142.18.172 - - [10/May/2026:22:53:14 +1000] "POST /wp-login.php HTTP/2" 301 795 "https://pgkdistribution.com.au/wp-login.php" "Mozilla/5.0 (X11; Linux x86_64) AppleWebKit/537.36 (KHTML, like Gecko) Chrome/133.0.0.0 Safari/537.36"
78.142.18.172 - - [10/May/2026:22:53:14 +1000] "GET /wp-login.php HTTP/2" 200 2507 "https://pgkdistribution.com.au/wp-login.php" "Mozilla/5.0 (X11; Linux x86_64) AppleWebKit/537.36 (KHTML, like Gecko) Chrome/133.0.0.0 Safari/537.36"
114.119.156.126 - - [10/May/2026:22:53:32 +1000] "GET /product/125a-pv-dc-moulded-case-circuit-breaker/ HTTP/1.1" 301 1311 "https://pgkdistribution.com.au/product-category/electricals-2/" "Mozilla/5.0 (Linux; Android 7.0;) AppleWebKit/537.36 (KHTML, like Gecko) Mobile Safari/537.36 (compatible; PetalBot;+https://webmaster.petalsearch.com/site/petalbot)"
111.67.29.221 - - [10/May/2026:22:53:36 +1000] "POST /wp-cron.php?doing_wp_cron=1778417616.6731250286102294921875 HTTP/1.1" 200 538 "-" "WordPress/6.9.4; https://www.pgkdistribution.com.au"
