69.171.231.29 - - [10/May/2026:16:35:46 +1000] "GET /robots.txt HTTP/2" 301 795 "-" "facebookexternalhit/1.1 (+http://www.facebook.com/externalhit_uatext.php)"
31.57.184.104 - - [10/May/2026:16:35:46 +1000] "POST /wp-login.php HTTP/1.1" 301 1275 "https://pgkdistribution.com.au/wp-login.php" "Mozilla/5.0 (X11; Ubuntu; Linux x86_64) AppleWebKit/537.36 (KHTML, like Gecko) Chrome/119.0.0.0 Safari/537.36"
31.57.184.104 - - [10/May/2026:16:35:48 +1000] "GET /wp-admin/index.php HTTP/1.1" 301 1318 "https://pgkdistribution.com.au/wp-login.php" "Mozilla/5.0 (Windows NT 10.0; Win64; x64) AppleWebKit/537.36 (KHTML, like Gecko) Chrome/121.0.0.0 Safari/537.36"
69.171.231.29 - - [10/May/2026:16:35:47 +1000] "GET /robots.txt HTTP/2" 200 454 "-" "facebookexternalhit/1.1 (+http://www.facebook.com/externalhit_uatext.php)"
31.57.184.104 - - [10/May/2026:16:35:48 +1000] "GET /wp-admin/index.php HTTP/1.1" 302 589 "https://pgkdistribution.com.au/wp-login.php" "Mozilla/5.0 (Windows NT 10.0; Win64; x64) AppleWebKit/537.36 (KHTML, like Gecko) Chrome/121.0.0.0 Safari/537.36"
31.57.184.104 - - [10/May/2026:16:35:51 +1000] "GET /wp-login.php?redirect_to=https%3A%2F%2Fwww.pgkdistribution.com.au%2Fwp-admin%2Findex.php&reauth=1 HTTP/1.1" 200 5387 "https://pgkdistribution.com.au/wp-login.php" "Mozilla/5.0 (Windows NT 10.0; Win64; x64) AppleWebKit/537.36 (KHTML, like Gecko) Chrome/121.0.0.0 Safari/537.36"
31.57.184.104 - - [10/May/2026:16:35:54 +1000] "POST /wp-login.php HTTP/1.1" 301 1312 "https://pgkdistribution.com.au/wp-login.php" "Mozilla/5.0 (Windows NT 11.0; Win64; x64) AppleWebKit/537.36 (KHTML, like Gecko) Chrome/121.0.0.0 Safari/537.36"
31.57.184.104 - - [10/May/2026:16:35:54 +1000] "GET /wp-admin/index.php HTTP/1.1" 301 1140 "https://pgkdistribution.com.au/wp-login.php" "Mozilla/5.0 (Windows NT 11.0; Win64; x64; rv:119.0) Gecko/20100101 Firefox/119.0"
31.57.184.104 - - [10/May/2026:16:35:54 +1000] "GET /wp-admin/index.php HTTP/1.1" 302 589 "https://pgkdistribution.com.au/wp-login.php" "Mozilla/5.0 (Windows NT 11.0; Win64; x64; rv:119.0) Gecko/20100101 Firefox/119.0"
31.57.184.104 - - [10/May/2026:16:35:56 +1000] "GET /wp-login.php?redirect_to=https%3A%2F%2Fwww.pgkdistribution.com.au%2Fwp-admin%2Findex.php&reauth=1 HTTP/1.1" 200 5387 "https://pgkdistribution.com.au/wp-login.php" "Mozilla/5.0 (Windows NT 11.0; Win64; x64; rv:119.0) Gecko/20100101 Firefox/119.0"
31.57.184.104 - - [10/May/2026:16:35:59 +1000] "POST /wp-login.php HTTP/1.1" 301 1312 "https://pgkdistribution.com.au/wp-login.php" "Mozilla/5.0 (Windows NT 11.0; Win64; x64; rv:121.0) Gecko/20100101 Firefox/121.0"
31.57.184.104 - - [10/May/2026:16:35:59 +1000] "GET /wp-admin/index.php HTTP/1.1" 301 1140 "https://pgkdistribution.com.au/wp-login.php" "Mozilla/5.0 (Macintosh; Intel Mac OS X 10_15_7) AppleWebKit/605.1.15 (KHTML, like Gecko) Version/17.0 Safari/605.1.15"
31.57.184.104 - - [10/May/2026:16:36:00 +1000] "GET /wp-admin/index.php HTTP/1.1" 302 589 "https://pgkdistribution.com.au/wp-login.php" "Mozilla/5.0 (Macintosh; Intel Mac OS X 10_15_7) AppleWebKit/605.1.15 (KHTML, like Gecko) Version/17.0 Safari/605.1.15"
31.57.184.104 - - [10/May/2026:16:36:02 +1000] "GET /wp-login.php?redirect_to=https%3A%2F%2Fwww.pgkdistribution.com.au%2Fwp-admin%2Findex.php&reauth=1 HTTP/1.1" 200 5387 "https://pgkdistribution.com.au/wp-login.php" "Mozilla/5.0 (Macintosh; Intel Mac OS X 10_15_7) AppleWebKit/605.1.15 (KHTML, like Gecko) Version/17.0 Safari/605.1.15"
31.57.184.104 - - [10/May/2026:16:36:05 +1000] "POST /wp-login.php HTTP/1.1" 301 1312 "https://pgkdistribution.com.au/wp-login.php" "Mozilla/5.0 (Windows NT 10.0; Win64; x64; rv:120.0) Gecko/20100101 Firefox/120.0"
31.57.184.104 - - [10/May/2026:16:36:05 +1000] "GET /wp-admin/index.php HTTP/1.1" 301 1140 "https://pgkdistribution.com.au/wp-login.php" "Mozilla/5.0 (X11; Linux x86_64) AppleWebKit/537.36 (KHTML, like Gecko) Chrome/121.0.0.0 Safari/537.36"
31.57.184.104 - - [10/May/2026:16:36:05 +1000] "GET /wp-admin/index.php HTTP/1.1" 302 589 "https://pgkdistribution.com.au/wp-login.php" "Mozilla/5.0 (X11; Linux x86_64) AppleWebKit/537.36 (KHTML, like Gecko) Chrome/121.0.0.0 Safari/537.36"
31.57.184.104 - - [10/May/2026:16:36:09 +1000] "GET /wp-login.php?redirect_to=https%3A%2F%2Fwww.pgkdistribution.com.au%2Fwp-admin%2Findex.php&reauth=1 HTTP/1.1" 200 5387 "https://pgkdistribution.com.au/wp-login.php" "Mozilla/5.0 (X11; Linux x86_64) AppleWebKit/537.36 (KHTML, like Gecko) Chrome/121.0.0.0 Safari/537.36"
31.57.184.104 - - [10/May/2026:16:36:12 +1000] "POST /wp-login.php HTTP/1.1" 301 1275 "https://pgkdistribution.com.au/wp-login.php" "Mozilla/5.0 (Macintosh; Intel Mac OS X 13_6_1) AppleWebKit/537.36 (KHTML, like Gecko) Chrome/121.0.0.0 Safari/537.36"
31.57.184.104 - - [10/May/2026:16:36:13 +1000] "GET /wp-admin/index.php HTTP/1.1" 301 1318 "https://pgkdistribution.com.au/wp-login.php" "Mozilla/5.0 (X11; Ubuntu; Linux x86_64) AppleWebKit/537.36 (KHTML, like Gecko) Chrome/121.0.0.0 Safari/537.36"
31.57.184.104 - - [10/May/2026:16:36:13 +1000] "GET /wp-admin/index.php HTTP/1.1" 302 589 "https://pgkdistribution.com.au/wp-login.php" "Mozilla/5.0 (X11; Ubuntu; Linux x86_64) AppleWebKit/537.36 (KHTML, like Gecko) Chrome/121.0.0.0 Safari/537.36"
111.67.29.221 - - [10/May/2026:16:36:18 +1000] "POST /wp-cron.php?doing_wp_cron=1778394978.1194760799407958984375 HTTP/1.1" 200 538 "-" "WordPress/6.9.4; https://www.pgkdistribution.com.au"
31.57.184.104 - - [10/May/2026:16:36:16 +1000] "GET /wp-login.php?redirect_to=https%3A%2F%2Fwww.pgkdistribution.com.au%2Fwp-admin%2Findex.php&reauth=1 HTTP/1.1" 200 5387 "https://pgkdistribution.com.au/wp-login.php" "Mozilla/5.0 (X11; Ubuntu; Linux x86_64) AppleWebKit/537.36 (KHTML, like Gecko) Chrome/121.0.0.0 Safari/537.36"
31.57.184.104 - - [10/May/2026:16:36:19 +1000] "POST /wp-login.php HTTP/1.1" 301 1312 "https://pgkdistribution.com.au/wp-login.php" "Mozilla/5.0 (Macintosh; Intel Mac OS X 13_6_1; rv:118.0) Gecko/20100101 Firefox/118.0"
31.57.184.104 - - [10/May/2026:16:36:19 +1000] "GET /wp-admin/index.php HTTP/1.1" 301 1140 "https://pgkdistribution.com.au/wp-login.php" "Mozilla/5.0 (Macintosh; Intel Mac OS X 10_15_7) AppleWebKit/537.36 (KHTML, like Gecko) Chrome/120.0.0.0 Safari/537.36"
31.57.184.104 - - [10/May/2026:16:36:19 +1000] "GET /wp-admin/index.php HTTP/1.1" 302 589 "https://pgkdistribution.com.au/wp-login.php" "Mozilla/5.0 (Macintosh; Intel Mac OS X 10_15_7) AppleWebKit/537.36 (KHTML, like Gecko) Chrome/120.0.0.0 Safari/537.36"
31.57.184.104 - - [10/May/2026:16:36:22 +1000] "GET /wp-login.php?redirect_to=https%3A%2F%2Fwww.pgkdistribution.com.au%2Fwp-admin%2Findex.php&reauth=1 HTTP/1.1" 200 5387 "https://pgkdistribution.com.au/wp-login.php" "Mozilla/5.0 (Macintosh; Intel Mac OS X 10_15_7) AppleWebKit/537.36 (KHTML, like Gecko) Chrome/120.0.0.0 Safari/537.36"
114.119.131.185 - - [10/May/2026:16:36:24 +1000] "GET /robots.txt HTTP/1.1" 301 1273 "-" "Mozilla/5.0 (compatible;PetalBot;+https://webmaster.petalsearch.com/site/petalbot)"
31.57.184.104 - - [10/May/2026:16:36:25 +1000] "POST /wp-login.php HTTP/1.1" 301 1312 "https://pgkdistribution.com.au/wp-login.php" "Mozilla/5.0 (X11; Ubuntu; Linux x86_64) AppleWebKit/537.36 (KHTML, like Gecko) Chrome/118.0.0.0 Safari/537.36"
31.57.184.104 - - [10/May/2026:16:36:25 +1000] "GET /wp-admin/index.php HTTP/1.1" 301 1140 "https://pgkdistribution.com.au/wp-login.php" "Mozilla/5.0 (X11; Ubuntu; Linux x86_64) AppleWebKit/537.36 (KHTML, like Gecko) Chrome/118.0.0.0 Safari/537.36"
114.119.131.185 - - [10/May/2026:16:36:25 +1000] "GET /robots.txt HTTP/1.1" 200 1012 "-" "Mozilla/5.0 (compatible;PetalBot;+https://webmaster.petalsearch.com/site/petalbot)"
31.57.184.104 - - [10/May/2026:16:36:25 +1000] "GET /wp-admin/index.php HTTP/1.1" 302 589 "https://pgkdistribution.com.au/wp-login.php" "Mozilla/5.0 (X11; Ubuntu; Linux x86_64) AppleWebKit/537.36 (KHTML, like Gecko) Chrome/118.0.0.0 Safari/537.36"
31.57.184.104 - - [10/May/2026:16:36:28 +1000] "GET /wp-login.php?redirect_to=https%3A%2F%2Fwww.pgkdistribution.com.au%2Fwp-admin%2Findex.php&reauth=1 HTTP/1.1" 200 5387 "https://pgkdistribution.com.au/wp-login.php" "Mozilla/5.0 (X11; Ubuntu; Linux x86_64) AppleWebKit/537.36 (KHTML, like Gecko) Chrome/118.0.0.0 Safari/537.36"
31.57.184.104 - - [10/May/2026:16:36:31 +1000] "POST /wp-login.php HTTP/1.1" 301 1275 "https://pgkdistribution.com.au/wp-login.php" "Mozilla/5.0 (Macintosh; Intel Mac OS X 10_15_7) AppleWebKit/605.1.15 (KHTML, like Gecko) Version/16.6 Safari/605.1.15"
31.57.184.104 - - [10/May/2026:16:36:32 +1000] "GET /wp-admin/index.php HTTP/1.1" 301 1318 "https://pgkdistribution.com.au/wp-login.php" "Mozilla/5.0 (Macintosh; Intel Mac OS X 13_6_1; rv:121.0) Gecko/20100101 Firefox/121.0"
31.57.184.104 - - [10/May/2026:16:36:32 +1000] "GET /wp-admin/index.php HTTP/1.1" 302 589 "https://pgkdistribution.com.au/wp-login.php" "Mozilla/5.0 (Macintosh; Intel Mac OS X 13_6_1; rv:121.0) Gecko/20100101 Firefox/121.0"
31.57.184.104 - - [10/May/2026:16:36:35 +1000] "GET /wp-login.php?redirect_to=https%3A%2F%2Fwww.pgkdistribution.com.au%2Fwp-admin%2Findex.php&reauth=1 HTTP/1.1" 200 5387 "https://pgkdistribution.com.au/wp-login.php" "Mozilla/5.0 (Macintosh; Intel Mac OS X 13_6_1; rv:121.0) Gecko/20100101 Firefox/121.0"
31.57.184.104 - - [10/May/2026:16:36:38 +1000] "POST /wp-login.php HTTP/1.1" 301 1312 "https://pgkdistribution.com.au/wp-login.php" "Mozilla/5.0 (Windows NT 10.0; Win64; x64) AppleWebKit/537.36 (KHTML, like Gecko) Chrome/118.0.0.0 Safari/537.36"
31.57.184.104 - - [10/May/2026:16:36:39 +1000] "GET /wp-admin/index.php HTTP/1.1" 301 1140 "https://pgkdistribution.com.au/wp-login.php" "Mozilla/5.0 (Macintosh; Intel Mac OS X 10_15_7; rv:121.0) Gecko/20100101 Firefox/121.0"
31.57.184.104 - - [10/May/2026:16:36:39 +1000] "GET /wp-admin/index.php HTTP/1.1" 302 589 "https://pgkdistribution.com.au/wp-login.php" "Mozilla/5.0 (Macintosh; Intel Mac OS X 10_15_7; rv:121.0) Gecko/20100101 Firefox/121.0"
31.57.184.104 - - [10/May/2026:16:36:41 +1000] "GET /wp-login.php?redirect_to=https%3A%2F%2Fwww.pgkdistribution.com.au%2Fwp-admin%2Findex.php&reauth=1 HTTP/1.1" 200 5387 "https://pgkdistribution.com.au/wp-login.php" "Mozilla/5.0 (Macintosh; Intel Mac OS X 10_15_7; rv:121.0) Gecko/20100101 Firefox/121.0"
31.57.184.104 - - [10/May/2026:16:36:44 +1000] "POST /wp-login.php HTTP/1.1" 301 1312 "https://pgkdistribution.com.au/wp-login.php" "Mozilla/5.0 (Macintosh; Intel Mac OS X 10_15_7) AppleWebKit/537.36 (KHTML, like Gecko) Chrome/119.0.0.0 Safari/537.36"
31.57.184.104 - - [10/May/2026:16:36:44 +1000] "GET /wp-admin/index.php HTTP/1.1" 301 1140 "https://pgkdistribution.com.au/wp-login.php" "Mozilla/5.0 (Macintosh; Intel Mac OS X 13_6_1) AppleWebKit/537.36 (KHTML, like Gecko) Chrome/119.0.0.0 Safari/537.36"
31.57.184.104 - - [10/May/2026:16:36:44 +1000] "GET /wp-admin/index.php HTTP/1.1" 302 589 "https://pgkdistribution.com.au/wp-login.php" "Mozilla/5.0 (Macintosh; Intel Mac OS X 13_6_1) AppleWebKit/537.36 (KHTML, like Gecko) Chrome/119.0.0.0 Safari/537.36"
31.57.184.104 - - [10/May/2026:16:36:47 +1000] "GET /wp-login.php?redirect_to=https%3A%2F%2Fwww.pgkdistribution.com.au%2Fwp-admin%2Findex.php&reauth=1 HTTP/1.1" 200 5387 "https://pgkdistribution.com.au/wp-login.php" "Mozilla/5.0 (Macintosh; Intel Mac OS X 13_6_1) AppleWebKit/537.36 (KHTML, like Gecko) Chrome/119.0.0.0 Safari/537.36"
31.57.184.104 - - [10/May/2026:16:36:49 +1000] "POST /wp-login.php HTTP/1.1" 301 1312 "https://pgkdistribution.com.au/wp-login.php" "Mozilla/5.0 (X11; Ubuntu; Linux x86_64) AppleWebKit/537.36 (KHTML, like Gecko) Chrome/119.0.0.0 Safari/537.36"
31.57.184.104 - - [10/May/2026:16:36:50 +1000] "GET /wp-admin/index.php HTTP/1.1" 301 1140 "https://pgkdistribution.com.au/wp-login.php" "Mozilla/5.0 (X11; Linux x86_64) AppleWebKit/537.36 (KHTML, like Gecko) Chrome/119.0.0.0 Safari/537.36"
31.57.184.104 - - [10/May/2026:16:36:50 +1000] "GET /wp-admin/index.php HTTP/1.1" 302 589 "https://pgkdistribution.com.au/wp-login.php" "Mozilla/5.0 (X11; Linux x86_64) AppleWebKit/537.36 (KHTML, like Gecko) Chrome/119.0.0.0 Safari/537.36"
31.57.184.104 - - [10/May/2026:16:36:52 +1000] "GET /wp-login.php?redirect_to=https%3A%2F%2Fwww.pgkdistribution.com.au%2Fwp-admin%2Findex.php&reauth=1 HTTP/1.1" 200 5387 "https://pgkdistribution.com.au/wp-login.php" "Mozilla/5.0 (X11; Linux x86_64) AppleWebKit/537.36 (KHTML, like Gecko) Chrome/119.0.0.0 Safari/537.36"
31.57.184.104 - - [10/May/2026:16:36:55 +1000] "POST /wp-login.php HTTP/1.1" 301 1312 "https://pgkdistribution.com.au/wp-login.php" "Mozilla/5.0 (Macintosh; Intel Mac OS X 10_15_7) AppleWebKit/537.36 (KHTML, like Gecko) Chrome/120.0.0.0 Safari/537.36"
31.57.184.104 - - [10/May/2026:16:36:55 +1000] "GET /wp-admin/index.php HTTP/1.1" 301 1140 "https://pgkdistribution.com.au/wp-login.php" "Mozilla/5.0 (Macintosh; Intel Mac OS X 10_15_7) AppleWebKit/537.36 (KHTML, like Gecko) Chrome/120.0.0.0 Safari/537.36"
31.57.184.104 - - [10/May/2026:16:36:56 +1000] "GET /wp-admin/index.php HTTP/1.1" 302 589 "https://pgkdistribution.com.au/wp-login.php" "Mozilla/5.0 (Macintosh; Intel Mac OS X 10_15_7) AppleWebKit/537.36 (KHTML, like Gecko) Chrome/120.0.0.0 Safari/537.36"
31.57.184.104 - - [10/May/2026:16:36:58 +1000] "GET /wp-login.php?redirect_to=https%3A%2F%2Fwww.pgkdistribution.com.au%2Fwp-admin%2Findex.php&reauth=1 HTTP/1.1" 200 5387 "https://pgkdistribution.com.au/wp-login.php" "Mozilla/5.0 (Macintosh; Intel Mac OS X 10_15_7) AppleWebKit/537.36 (KHTML, like Gecko) Chrome/120.0.0.0 Safari/537.36"
31.57.184.104 - - [10/May/2026:16:37:01 +1000] "POST /wp-login.php HTTP/1.1" 301 1275 "https://pgkdistribution.com.au/wp-login.php" "Mozilla/5.0 (X11; Ubuntu; Linux x86_64) AppleWebKit/537.36 (KHTML, like Gecko) Chrome/120.0.0.0 Safari/537.36"
31.57.184.104 - - [10/May/2026:16:37:03 +1000] "GET /wp-admin/index.php HTTP/1.1" 301 1318 "https://pgkdistribution.com.au/wp-login.php" "Mozilla/5.0 (Macintosh; Intel Mac OS X 13_6_1) AppleWebKit/605.1.15 (KHTML, like Gecko) Version/17.2 Safari/605.1.15"
31.57.184.104 - - [10/May/2026:16:37:03 +1000] "GET /wp-admin/index.php HTTP/1.1" 302 589 "https://pgkdistribution.com.au/wp-login.php" "Mozilla/5.0 (Macintosh; Intel Mac OS X 13_6_1) AppleWebKit/605.1.15 (KHTML, like Gecko) Version/17.2 Safari/605.1.15"
31.57.184.104 - - [10/May/2026:16:37:05 +1000] "GET /wp-login.php?redirect_to=https%3A%2F%2Fwww.pgkdistribution.com.au%2Fwp-admin%2Findex.php&reauth=1 HTTP/1.1" 200 5387 "https://pgkdistribution.com.au/wp-login.php" "Mozilla/5.0 (Macintosh; Intel Mac OS X 13_6_1) AppleWebKit/605.1.15 (KHTML, like Gecko) Version/17.2 Safari/605.1.15"
31.57.184.104 - - [10/May/2026:16:37:08 +1000] "POST /wp-login.php HTTP/1.1" 301 1312 "https://pgkdistribution.com.au/wp-login.php" "Mozilla/5.0 (Macintosh; Intel Mac OS X 13_6_1) AppleWebKit/537.36 (KHTML, like Gecko) Chrome/120.0.0.0 Safari/537.36"
31.57.184.104 - - [10/May/2026:16:37:08 +1000] "GET /wp-admin/index.php HTTP/1.1" 301 1140 "https://pgkdistribution.com.au/wp-login.php" "Mozilla/5.0 (X11; Linux x86_64) AppleWebKit/537.36 (KHTML, like Gecko) Chrome/118.0.0.0 Safari/537.36"
31.57.184.104 - - [10/May/2026:16:37:08 +1000] "GET /wp-admin/index.php HTTP/1.1" 302 589 "https://pgkdistribution.com.au/wp-login.php" "Mozilla/5.0 (X11; Linux x86_64) AppleWebKit/537.36 (KHTML, like Gecko) Chrome/118.0.0.0 Safari/537.36"
31.57.184.104 - - [10/May/2026:16:37:11 +1000] "GET /wp-login.php?redirect_to=https%3A%2F%2Fwww.pgkdistribution.com.au%2Fwp-admin%2Findex.php&reauth=1 HTTP/1.1" 200 5387 "https://pgkdistribution.com.au/wp-login.php" "Mozilla/5.0 (X11; Linux x86_64) AppleWebKit/537.36 (KHTML, like Gecko) Chrome/118.0.0.0 Safari/537.36"
31.57.184.104 - - [10/May/2026:16:37:14 +1000] "POST /wp-login.php HTTP/1.1" 301 1275 "https://pgkdistribution.com.au/wp-login.php" "Mozilla/5.0 (Macintosh; Intel Mac OS X 13_6_1) AppleWebKit/605.1.15 (KHTML, like Gecko) Version/17.1 Safari/605.1.15"
31.57.184.104 - - [10/May/2026:16:37:15 +1000] "GET /wp-admin/index.php HTTP/1.1" 301 1318 "https://pgkdistribution.com.au/wp-login.php" "Mozilla/5.0 (Macintosh; Intel Mac OS X 10_15_7) AppleWebKit/537.36 (KHTML, like Gecko) Chrome/121.0.0.0 Safari/537.36"
31.57.184.104 - - [10/May/2026:16:37:15 +1000] "GET /wp-admin/index.php HTTP/1.1" 302 589 "https://pgkdistribution.com.au/wp-login.php" "Mozilla/5.0 (Macintosh; Intel Mac OS X 10_15_7) AppleWebKit/537.36 (KHTML, like Gecko) Chrome/121.0.0.0 Safari/537.36"
111.67.29.221 - - [10/May/2026:16:37:19 +1000] "POST /wp-cron.php?doing_wp_cron=1778395039.3715760707855224609375 HTTP/1.1" 200 538 "-" "WordPress/6.9.4; https://www.pgkdistribution.com.au"
31.57.184.104 - - [10/May/2026:16:37:17 +1000] "GET /wp-login.php?redirect_to=https%3A%2F%2Fwww.pgkdistribution.com.au%2Fwp-admin%2Findex.php&reauth=1 HTTP/1.1" 200 5387 "https://pgkdistribution.com.au/wp-login.php" "Mozilla/5.0 (Macintosh; Intel Mac OS X 10_15_7) AppleWebKit/537.36 (KHTML, like Gecko) Chrome/121.0.0.0 Safari/537.36"
31.57.184.104 - - [10/May/2026:16:37:20 +1000] "POST /wp-login.php HTTP/1.1" 301 1312 "https://pgkdistribution.com.au/wp-login.php" "Mozilla/5.0 (Windows NT 10.0; Win64; x64) AppleWebKit/537.36 (KHTML, like Gecko) Chrome/119.0.0.0 Safari/537.36"
31.57.184.104 - - [10/May/2026:16:37:20 +1000] "GET /wp-admin/index.php HTTP/1.1" 301 1140 "https://pgkdistribution.com.au/wp-login.php" "Mozilla/5.0 (Windows NT 10.0; Win64; x64) AppleWebKit/537.36 (KHTML, like Gecko) Chrome/120.0.0.0 Safari/537.36"
31.57.184.104 - - [10/May/2026:16:37:21 +1000] "GET /wp-admin/index.php HTTP/1.1" 302 589 "https://pgkdistribution.com.au/wp-login.php" "Mozilla/5.0 (Windows NT 10.0; Win64; x64) AppleWebKit/537.36 (KHTML, like Gecko) Chrome/120.0.0.0 Safari/537.36"
31.57.184.104 - - [10/May/2026:16:37:23 +1000] "GET /wp-login.php?redirect_to=https%3A%2F%2Fwww.pgkdistribution.com.au%2Fwp-admin%2Findex.php&reauth=1 HTTP/1.1" 200 5387 "https://pgkdistribution.com.au/wp-login.php" "Mozilla/5.0 (Windows NT 10.0; Win64; x64) AppleWebKit/537.36 (KHTML, like Gecko) Chrome/120.0.0.0 Safari/537.36"
31.57.184.104 - - [10/May/2026:16:37:26 +1000] "POST /wp-login.php HTTP/1.1" 301 1275 "https://pgkdistribution.com.au/wp-login.php" "Mozilla/5.0 (X11; Linux x86_64) AppleWebKit/537.36 (KHTML, like Gecko) Chrome/121.0.0.0 Safari/537.36"
114.119.148.237 - - [10/May/2026:16:37:24 +1000] "GET /product/pv-ezrack-grounding-clamp-std/ HTTP/1.1" 200 35321 "https://pgkdistribution.com.au/product/pv-ezrack-grounding-lug-std/" "Mozilla/5.0 (Linux; Android 7.0;) AppleWebKit/537.36 (KHTML, like Gecko) Mobile Safari/537.36 (compatible; PetalBot;+https://webmaster.petalsearch.com/site/petalbot)"
31.57.184.104 - - [10/May/2026:16:37:27 +1000] "GET /wp-admin/index.php HTTP/1.1" 301 1318 "https://pgkdistribution.com.au/wp-login.php" "Mozilla/5.0 (Macintosh; Intel Mac OS X 10_15_7; rv:118.0) Gecko/20100101 Firefox/118.0"
31.57.184.104 - - [10/May/2026:16:37:27 +1000] "GET /wp-admin/index.php HTTP/1.1" 302 589 "https://pgkdistribution.com.au/wp-login.php" "Mozilla/5.0 (Macintosh; Intel Mac OS X 10_15_7; rv:118.0) Gecko/20100101 Firefox/118.0"
111.67.29.221 - - [10/May/2026:16:37:31 +1000] "POST /wp-cron.php?doing_wp_cron=1778395051.8231220245361328125000 HTTP/1.1" 200 538 "-" "WordPress/6.9.4; https://www.pgkdistribution.com.au"
31.57.184.104 - - [10/May/2026:16:37:30 +1000] "GET /wp-login.php?redirect_to=https%3A%2F%2Fwww.pgkdistribution.com.au%2Fwp-admin%2Findex.php&reauth=1 HTTP/1.1" 200 5387 "https://pgkdistribution.com.au/wp-login.php" "Mozilla/5.0 (Macintosh; Intel Mac OS X 10_15_7; rv:118.0) Gecko/20100101 Firefox/118.0"
31.57.184.104 - - [10/May/2026:16:37:32 +1000] "POST /wp-login.php HTTP/1.1" 301 1312 "https://pgkdistribution.com.au/wp-login.php" "Mozilla/5.0 (Macintosh; Intel Mac OS X 10_15_7; rv:118.0) Gecko/20100101 Firefox/118.0"
31.57.184.104 - - [10/May/2026:16:37:33 +1000] "GET /wp-admin/index.php HTTP/1.1" 301 1140 "https://pgkdistribution.com.au/wp-login.php" "Mozilla/5.0 (Macintosh; Intel Mac OS X 10_15_7) AppleWebKit/605.1.15 (KHTML, like Gecko) Version/16.6 Safari/605.1.15"
31.57.184.104 - - [10/May/2026:16:37:33 +1000] "GET /wp-admin/index.php HTTP/1.1" 302 589 "https://pgkdistribution.com.au/wp-login.php" "Mozilla/5.0 (Macintosh; Intel Mac OS X 10_15_7) AppleWebKit/605.1.15 (KHTML, like Gecko) Version/16.6 Safari/605.1.15"
31.57.184.104 - - [10/May/2026:16:37:35 +1000] "GET /wp-login.php?redirect_to=https%3A%2F%2Fwww.pgkdistribution.com.au%2Fwp-admin%2Findex.php&reauth=1 HTTP/1.1" 200 5387 "https://pgkdistribution.com.au/wp-login.php" "Mozilla/5.0 (Macintosh; Intel Mac OS X 10_15_7) AppleWebKit/605.1.15 (KHTML, like Gecko) Version/16.6 Safari/605.1.15"
31.57.184.104 - - [10/May/2026:16:37:38 +1000] "POST /wp-login.php HTTP/1.1" 301 1312 "https://pgkdistribution.com.au/wp-login.php" "Mozilla/5.0 (Macintosh; Intel Mac OS X 10_15_7; rv:119.0) Gecko/20100101 Firefox/119.0"
31.57.184.104 - - [10/May/2026:16:37:38 +1000] "GET /wp-admin/index.php HTTP/1.1" 301 1140 "https://pgkdistribution.com.au/wp-login.php" "Mozilla/5.0 (Macintosh; Intel Mac OS X 10_15_7; rv:119.0) Gecko/20100101 Firefox/119.0"
31.57.184.104 - - [10/May/2026:16:37:39 +1000] "GET /wp-admin/index.php HTTP/1.1" 302 589 "https://pgkdistribution.com.au/wp-login.php" "Mozilla/5.0 (Macintosh; Intel Mac OS X 10_15_7; rv:119.0) Gecko/20100101 Firefox/119.0"
31.57.184.104 - - [10/May/2026:16:37:41 +1000] "GET /wp-login.php?redirect_to=https%3A%2F%2Fwww.pgkdistribution.com.au%2Fwp-admin%2Findex.php&reauth=1 HTTP/1.1" 200 5387 "https://pgkdistribution.com.au/wp-login.php" "Mozilla/5.0 (Macintosh; Intel Mac OS X 10_15_7; rv:119.0) Gecko/20100101 Firefox/119.0"
31.57.184.104 - - [10/May/2026:16:37:44 +1000] "POST /wp-login.php HTTP/1.1" 301 1275 "https://pgkdistribution.com.au/wp-login.php" "Mozilla/5.0 (Macintosh; Intel Mac OS X 10_15_7; rv:119.0) Gecko/20100101 Firefox/119.0"
31.57.184.104 - - [10/May/2026:16:37:45 +1000] "GET /wp-admin/index.php HTTP/1.1" 301 1318 "https://pgkdistribution.com.au/wp-login.php" "Mozilla/5.0 (Windows NT 11.0; Win64; x64) AppleWebKit/537.36 (KHTML, like Gecko) Chrome/119.0.0.0 Safari/537.36"
31.57.184.104 - - [10/May/2026:16:37:45 +1000] "GET /wp-admin/index.php HTTP/1.1" 302 589 "https://pgkdistribution.com.au/wp-login.php" "Mozilla/5.0 (Windows NT 11.0; Win64; x64) AppleWebKit/537.36 (KHTML, like Gecko) Chrome/119.0.0.0 Safari/537.36"
31.57.184.104 - - [10/May/2026:16:37:48 +1000] "GET /wp-login.php?redirect_to=https%3A%2F%2Fwww.pgkdistribution.com.au%2Fwp-admin%2Findex.php&reauth=1 HTTP/1.1" 200 5387 "https://pgkdistribution.com.au/wp-login.php" "Mozilla/5.0 (Windows NT 11.0; Win64; x64) AppleWebKit/537.36 (KHTML, like Gecko) Chrome/119.0.0.0 Safari/537.36"
31.57.184.104 - - [10/May/2026:16:37:50 +1000] "POST /wp-login.php HTTP/1.1" 301 1312 "https://pgkdistribution.com.au/wp-login.php" "Mozilla/5.0 (Macintosh; Intel Mac OS X 10_15_7; rv:121.0) Gecko/20100101 Firefox/121.0"
31.57.184.104 - - [10/May/2026:16:37:51 +1000] "GET /wp-admin/index.php HTTP/1.1" 301 1140 "https://pgkdistribution.com.au/wp-login.php" "Mozilla/5.0 (Windows NT 10.0; Win64; x64) AppleWebKit/537.36 (KHTML, like Gecko) Chrome/118.0.0.0 Safari/537.36"
31.57.184.104 - - [10/May/2026:16:37:51 +1000] "GET /wp-admin/index.php HTTP/1.1" 302 589 "https://pgkdistribution.com.au/wp-login.php" "Mozilla/5.0 (Windows NT 10.0; Win64; x64) AppleWebKit/537.36 (KHTML, like Gecko) Chrome/118.0.0.0 Safari/537.36"
31.57.184.104 - - [10/May/2026:16:37:53 +1000] "GET /wp-login.php?redirect_to=https%3A%2F%2Fwww.pgkdistribution.com.au%2Fwp-admin%2Findex.php&reauth=1 HTTP/1.1" 200 5387 "https://pgkdistribution.com.au/wp-login.php" "Mozilla/5.0 (Windows NT 10.0; Win64; x64) AppleWebKit/537.36 (KHTML, like Gecko) Chrome/118.0.0.0 Safari/537.36"
31.57.184.104 - - [10/May/2026:16:37:56 +1000] "POST /wp-login.php HTTP/1.1" 301 1275 "https://pgkdistribution.com.au/wp-login.php" "Mozilla/5.0 (Macintosh; Intel Mac OS X 10_15_7) AppleWebKit/537.36 (KHTML, like Gecko) Chrome/118.0.0.0 Safari/537.36"
31.57.184.104 - - [10/May/2026:16:37:57 +1000] "GET /wp-admin/index.php HTTP/1.1" 301 1318 "https://pgkdistribution.com.au/wp-login.php" "Mozilla/5.0 (Macintosh; Intel Mac OS X 10_15_7) AppleWebKit/537.36 (KHTML, like Gecko) Chrome/119.0.0.0 Safari/537.36"
31.57.184.104 - - [10/May/2026:16:37:58 +1000] "GET /wp-admin/index.php HTTP/1.1" 302 589 "https://pgkdistribution.com.au/wp-login.php" "Mozilla/5.0 (Macintosh; Intel Mac OS X 10_15_7) AppleWebKit/537.36 (KHTML, like Gecko) Chrome/119.0.0.0 Safari/537.36"
31.57.184.104 - - [10/May/2026:16:38:00 +1000] "GET /wp-login.php?redirect_to=https%3A%2F%2Fwww.pgkdistribution.com.au%2Fwp-admin%2Findex.php&reauth=1 HTTP/1.1" 200 5387 "https://pgkdistribution.com.au/wp-login.php" "Mozilla/5.0 (Macintosh; Intel Mac OS X 10_15_7) AppleWebKit/537.36 (KHTML, like Gecko) Chrome/119.0.0.0 Safari/537.36"
31.57.184.104 - - [10/May/2026:16:38:03 +1000] "POST /wp-login.php HTTP/1.1" 301 1312 "https://pgkdistribution.com.au/wp-login.php" "Mozilla/5.0 (Macintosh; Intel Mac OS X 13_6_1) AppleWebKit/537.36 (KHTML, like Gecko) Chrome/119.0.0.0 Safari/537.36"
31.57.184.104 - - [10/May/2026:16:38:03 +1000] "GET /wp-admin/index.php HTTP/1.1" 301 1140 "https://pgkdistribution.com.au/wp-login.php" "Mozilla/5.0 (Windows NT 11.0; Win64; x64; rv:118.0) Gecko/20100101 Firefox/118.0"
31.57.184.104 - - [10/May/2026:16:38:03 +1000] "GET /wp-admin/index.php HTTP/1.1" 302 589 "https://pgkdistribution.com.au/wp-login.php" "Mozilla/5.0 (Windows NT 11.0; Win64; x64; rv:118.0) Gecko/20100101 Firefox/118.0"
31.57.184.104 - - [10/May/2026:16:38:06 +1000] "GET /wp-login.php?redirect_to=https%3A%2F%2Fwww.pgkdistribution.com.au%2Fwp-admin%2Findex.php&reauth=1 HTTP/1.1" 200 5387 "https://pgkdistribution.com.au/wp-login.php" "Mozilla/5.0 (Windows NT 11.0; Win64; x64; rv:118.0) Gecko/20100101 Firefox/118.0"
31.57.184.104 - - [10/May/2026:16:38:08 +1000] "POST /wp-login.php HTTP/1.1" 301 1312 "https://pgkdistribution.com.au/wp-login.php" "Mozilla/5.0 (Windows NT 11.0; Win64; x64) AppleWebKit/537.36 (KHTML, like Gecko) Chrome/119.0.0.0 Safari/537.36"
31.57.184.104 - - [10/May/2026:16:38:09 +1000] "GET /wp-admin/index.php HTTP/1.1" 301 1140 "https://pgkdistribution.com.au/wp-login.php" "Mozilla/5.0 (X11; Ubuntu; Linux x86_64) AppleWebKit/537.36 (KHTML, like Gecko) Chrome/121.0.0.0 Safari/537.36"
31.57.184.104 - - [10/May/2026:16:38:09 +1000] "GET /wp-admin/index.php HTTP/1.1" 302 589 "https://pgkdistribution.com.au/wp-login.php" "Mozilla/5.0 (X11; Ubuntu; Linux x86_64) AppleWebKit/537.36 (KHTML, like Gecko) Chrome/121.0.0.0 Safari/537.36"
31.57.184.104 - - [10/May/2026:16:38:12 +1000] "GET /wp-login.php?redirect_to=https%3A%2F%2Fwww.pgkdistribution.com.au%2Fwp-admin%2Findex.php&reauth=1 HTTP/1.1" 200 5387 "https://pgkdistribution.com.au/wp-login.php" "Mozilla/5.0 (X11; Ubuntu; Linux x86_64) AppleWebKit/537.36 (KHTML, like Gecko) Chrome/121.0.0.0 Safari/537.36"
31.57.184.104 - - [10/May/2026:16:38:14 +1000] "POST /wp-login.php HTTP/1.1" 301 1275 "https://pgkdistribution.com.au/wp-login.php" "Mozilla/5.0 (Macintosh; Intel Mac OS X 10_15_7; rv:121.0) Gecko/20100101 Firefox/121.0"
31.57.184.104 - - [10/May/2026:16:38:16 +1000] "GET /wp-admin/index.php HTTP/1.1" 301 1318 "https://pgkdistribution.com.au/wp-login.php" "Mozilla/5.0 (Macintosh; Intel Mac OS X 10_15_7) AppleWebKit/605.1.15 (KHTML, like Gecko) Version/17.0 Safari/605.1.15"
111.67.29.221 - - [10/May/2026:16:38:18 +1000] "POST /wp-cron.php?doing_wp_cron=1778395098.5989470481872558593750 HTTP/1.1" 200 538 "-" "WordPress/6.9.4; https://www.pgkdistribution.com.au"
31.57.184.104 - - [10/May/2026:16:38:16 +1000] "GET /wp-admin/index.php HTTP/1.1" 302 589 "https://pgkdistribution.com.au/wp-login.php" "Mozilla/5.0 (Macintosh; Intel Mac OS X 10_15_7) AppleWebKit/605.1.15 (KHTML, like Gecko) Version/17.0 Safari/605.1.15"
31.57.184.104 - - [10/May/2026:16:38:18 +1000] "GET /wp-login.php?redirect_to=https%3A%2F%2Fwww.pgkdistribution.com.au%2Fwp-admin%2Findex.php&reauth=1 HTTP/1.1" 200 5387 "https://pgkdistribution.com.au/wp-login.php" "Mozilla/5.0 (Macintosh; Intel Mac OS X 10_15_7) AppleWebKit/605.1.15 (KHTML, like Gecko) Version/17.0 Safari/605.1.15"
31.57.184.104 - - [10/May/2026:16:38:21 +1000] "POST /wp-login.php HTTP/1.1" 301 1312 "https://pgkdistribution.com.au/wp-login.php" "Mozilla/5.0 (Macintosh; Intel Mac OS X 10_15_7) AppleWebKit/537.36 (KHTML, like Gecko) Chrome/120.0.0.0 Safari/537.36"
31.57.184.104 - - [10/May/2026:16:38:22 +1000] "GET /wp-admin/index.php HTTP/1.1" 301 1140 "https://pgkdistribution.com.au/wp-login.php" "Mozilla/5.0 (Macintosh; Intel Mac OS X 13_6_1) AppleWebKit/605.1.15 (KHTML, like Gecko) Version/17.1 Safari/605.1.15"
31.57.184.104 - - [10/May/2026:16:38:22 +1000] "GET /wp-admin/index.php HTTP/1.1" 302 589 "https://pgkdistribution.com.au/wp-login.php" "Mozilla/5.0 (Macintosh; Intel Mac OS X 13_6_1) AppleWebKit/605.1.15 (KHTML, like Gecko) Version/17.1 Safari/605.1.15"
31.57.184.104 - - [10/May/2026:16:38:24 +1000] "GET /wp-login.php?redirect_to=https%3A%2F%2Fwww.pgkdistribution.com.au%2Fwp-admin%2Findex.php&reauth=1 HTTP/1.1" 200 5387 "https://pgkdistribution.com.au/wp-login.php" "Mozilla/5.0 (Macintosh; Intel Mac OS X 13_6_1) AppleWebKit/605.1.15 (KHTML, like Gecko) Version/17.1 Safari/605.1.15"
31.57.184.104 - - [10/May/2026:16:38:27 +1000] "POST /wp-login.php HTTP/1.1" 301 1312 "https://pgkdistribution.com.au/wp-login.php" "Mozilla/5.0 (Windows NT 11.0; Win64; x64) AppleWebKit/537.36 (KHTML, like Gecko) Chrome/121.0.0.0 Safari/537.36"
31.57.184.104 - - [10/May/2026:16:38:28 +1000] "GET /wp-admin/index.php HTTP/1.1" 301 1140 "https://pgkdistribution.com.au/wp-login.php" "Mozilla/5.0 (Windows NT 11.0; Win64; x64) AppleWebKit/537.36 (KHTML, like Gecko) Chrome/119.0.0.0 Safari/537.36"
123.30.233.13 - - [10/May/2026:16:38:30 +1000] "GET /wp-login.php HTTP/2" 301 795 "-" "Mozilla/5.0 (Macintosh; Intel Mac OS X 11_7_10) AppleWebKit/537.36 (KHTML, like Gecko) Chrome/133.0.0.0 Safari/537.36"
31.57.184.104 - - [10/May/2026:16:38:28 +1000] "GET /wp-admin/index.php HTTP/1.1" 302 589 "https://pgkdistribution.com.au/wp-login.php" "Mozilla/5.0 (Windows NT 11.0; Win64; x64) AppleWebKit/537.36 (KHTML, like Gecko) Chrome/119.0.0.0 Safari/537.36"
31.57.184.104 - - [10/May/2026:16:38:30 +1000] "GET /wp-login.php?redirect_to=https%3A%2F%2Fwww.pgkdistribution.com.au%2Fwp-admin%2Findex.php&reauth=1 HTTP/1.1" 200 5387 "https://pgkdistribution.com.au/wp-login.php" "Mozilla/5.0 (Windows NT 11.0; Win64; x64) AppleWebKit/537.36 (KHTML, like Gecko) Chrome/119.0.0.0 Safari/537.36"
31.57.184.104 - - [10/May/2026:16:38:33 +1000] "POST /wp-login.php HTTP/1.1" 301 1312 "https://pgkdistribution.com.au/wp-login.php" "Mozilla/5.0 (Macintosh; Intel Mac OS X 10_15_7) AppleWebKit/605.1.15 (KHTML, like Gecko) Version/17.2 Safari/605.1.15"
31.57.184.104 - - [10/May/2026:16:38:33 +1000] "GET /wp-admin/index.php HTTP/1.1" 301 1140 "https://pgkdistribution.com.au/wp-login.php" "Mozilla/5.0 (X11; Ubuntu; Linux x86_64) AppleWebKit/537.36 (KHTML, like Gecko) Chrome/120.0.0.0 Safari/537.36"
123.30.233.13 - - [10/May/2026:16:38:32 +1000] "GET /wp-login.php HTTP/2" 200 2507 "https://pgkdistribution.com.au/wp-login.php" "Mozilla/5.0 (Macintosh; Intel Mac OS X 11_7_10) AppleWebKit/537.36 (KHTML, like Gecko) Chrome/133.0.0.0 Safari/537.36"
123.30.233.13 - - [10/May/2026:16:38:34 +1000] "POST /wp-login.php HTTP/2" 301 795 "https://pgkdistribution.com.au/wp-login.php" "Mozilla/5.0 (Macintosh; Intel Mac OS X 11_7_10) AppleWebKit/537.36 (KHTML, like Gecko) Chrome/133.0.0.0 Safari/537.36"
31.57.184.104 - - [10/May/2026:16:38:33 +1000] "GET /wp-admin/index.php HTTP/1.1" 302 589 "https://pgkdistribution.com.au/wp-login.php" "Mozilla/5.0 (X11; Ubuntu; Linux x86_64) AppleWebKit/537.36 (KHTML, like Gecko) Chrome/120.0.0.0 Safari/537.36"
123.30.233.13 - - [10/May/2026:16:38:34 +1000] "GET /wp-login.php HTTP/2" 200 2507 "https://pgkdistribution.com.au/wp-login.php" "Mozilla/5.0 (Macintosh; Intel Mac OS X 11_7_10) AppleWebKit/537.36 (KHTML, like Gecko) Chrome/133.0.0.0 Safari/537.36"
31.57.184.104 - - [10/May/2026:16:38:36 +1000] "GET /wp-login.php?redirect_to=https%3A%2F%2Fwww.pgkdistribution.com.au%2Fwp-admin%2Findex.php&reauth=1 HTTP/1.1" 200 5387 "https://pgkdistribution.com.au/wp-login.php" "Mozilla/5.0 (X11; Ubuntu; Linux x86_64) AppleWebKit/537.36 (KHTML, like Gecko) Chrome/120.0.0.0 Safari/537.36"
31.57.184.104 - - [10/May/2026:16:38:38 +1000] "POST /wp-login.php HTTP/1.1" 301 1275 "https://pgkdistribution.com.au/wp-login.php" "Mozilla/5.0 (Macintosh; Intel Mac OS X 13_6_1) AppleWebKit/605.1.15 (KHTML, like Gecko) Version/16.6 Safari/605.1.15"
31.57.184.104 - - [10/May/2026:16:38:40 +1000] "GET /wp-admin/index.php HTTP/1.1" 301 1318 "https://pgkdistribution.com.au/wp-login.php" "Mozilla/5.0 (Macintosh; Intel Mac OS X 13_6_1; rv:119.0) Gecko/20100101 Firefox/119.0"
114.119.156.126 - - [10/May/2026:16:38:42 +1000] "GET /product/pgk-2pole35a-ac-isolatorswitch/ HTTP/1.1" 301 1302 "https://www.pgkdistribution.com.au/pgk-distribution-ac-isolators-limited-warranty/" "Mozilla/5.0 (Linux; Android 7.0;) AppleWebKit/537.36 (KHTML, like Gecko) Mobile Safari/537.36 (compatible; PetalBot;+https://webmaster.petalsearch.com/site/petalbot)"
31.57.184.104 - - [10/May/2026:16:38:40 +1000] "GET /wp-admin/index.php HTTP/1.1" 302 589 "https://pgkdistribution.com.au/wp-login.php" "Mozilla/5.0 (Macintosh; Intel Mac OS X 13_6_1; rv:119.0) Gecko/20100101 Firefox/119.0"
31.57.184.104 - - [10/May/2026:16:38:42 +1000] "GET /wp-login.php?redirect_to=https%3A%2F%2Fwww.pgkdistribution.com.au%2Fwp-admin%2Findex.php&reauth=1 HTTP/1.1" 200 5387 "https://pgkdistribution.com.au/wp-login.php" "Mozilla/5.0 (Macintosh; Intel Mac OS X 13_6_1; rv:119.0) Gecko/20100101 Firefox/119.0"
78.142.18.172 - - [10/May/2026:16:38:44 +1000] "GET /wp-login.php HTTP/2" 301 795 "-" "Mozilla/5.0 (X11; CrOS x86_64 14541.0.0) AppleWebKit/537.36 (KHTML, like Gecko) Chrome/133.0.0.0 Safari/537.36"
31.57.184.104 - - [10/May/2026:16:38:45 +1000] "POST /wp-login.php HTTP/1.1" 301 1312 "https://pgkdistribution.com.au/wp-login.php" "Mozilla/5.0 (X11; Ubuntu; Linux x86_64) AppleWebKit/537.36 (KHTML, like Gecko) Chrome/119.0.0.0 Safari/537.36"
31.57.184.104 - - [10/May/2026:16:38:45 +1000] "GET /wp-admin/index.php HTTP/1.1" 301 1140 "https://pgkdistribution.com.au/wp-login.php" "Mozilla/5.0 (X11; Linux x86_64) AppleWebKit/537.36 (KHTML, like Gecko) Chrome/121.0.0.0 Safari/537.36"
114.119.156.126 - - [10/May/2026:16:38:44 +1000] "GET /product/pgk-2pole35a-ac-isolatorswitch/ HTTP/1.1" 200 35998 "https://www.pgkdistribution.com.au/pgk-distribution-ac-isolators-limited-warranty/" "Mozilla/5.0 (Linux; Android 7.0;) AppleWebKit/537.36 (KHTML, like Gecko) Mobile Safari/537.36 (compatible; PetalBot;+https://webmaster.petalsearch.com/site/petalbot)"
31.57.184.104 - - [10/May/2026:16:38:45 +1000] "GET /wp-admin/index.php HTTP/1.1" 302 589 "https://pgkdistribution.com.au/wp-login.php" "Mozilla/5.0 (X11; Linux x86_64) AppleWebKit/537.36 (KHTML, like Gecko) Chrome/121.0.0.0 Safari/537.36"
78.142.18.172 - - [10/May/2026:16:38:46 +1000] "GET /wp-login.php HTTP/2" 200 2507 "https://pgkdistribution.com.au/wp-login.php" "Mozilla/5.0 (X11; CrOS x86_64 14541.0.0) AppleWebKit/537.36 (KHTML, like Gecko) Chrome/133.0.0.0 Safari/537.36"
78.142.18.172 - - [10/May/2026:16:38:48 +1000] "POST /wp-login.php HTTP/2" 301 795 "https://pgkdistribution.com.au/wp-login.php" "Mozilla/5.0 (X11; CrOS x86_64 14541.0.0) AppleWebKit/537.36 (KHTML, like Gecko) Chrome/133.0.0.0 Safari/537.36"
31.57.184.104 - - [10/May/2026:16:38:47 +1000] "GET /wp-login.php?redirect_to=https%3A%2F%2Fwww.pgkdistribution.com.au%2Fwp-admin%2Findex.php&reauth=1 HTTP/1.1" 200 5387 "https://pgkdistribution.com.au/wp-login.php" "Mozilla/5.0 (X11; Linux x86_64) AppleWebKit/537.36 (KHTML, like Gecko) Chrome/121.0.0.0 Safari/537.36"
78.142.18.172 - - [10/May/2026:16:38:48 +1000] "GET /wp-login.php HTTP/2" 200 2507 "https://pgkdistribution.com.au/wp-login.php" "Mozilla/5.0 (X11; CrOS x86_64 14541.0.0) AppleWebKit/537.36 (KHTML, like Gecko) Chrome/133.0.0.0 Safari/537.36"
31.57.184.104 - - [10/May/2026:16:38:50 +1000] "POST /wp-login.php HTTP/1.1" 301 1275 "https://pgkdistribution.com.au/wp-login.php" "Mozilla/5.0 (Macintosh; Intel Mac OS X 10_15_7; rv:120.0) Gecko/20100101 Firefox/120.0"
31.57.184.104 - - [10/May/2026:16:38:51 +1000] "GET /wp-admin/index.php HTTP/1.1" 301 1318 "https://pgkdistribution.com.au/wp-login.php" "Mozilla/5.0 (Macintosh; Intel Mac OS X 10_15_7; rv:121.0) Gecko/20100101 Firefox/121.0"
66.249.70.172 - - [10/May/2026:16:38:52 +1000] "GET /wp-content/uploads/2021/06/SE007ALL-356x356.jpg HTTP/1.1" 304 494 "-" "Googlebot-Image/1.0"
31.57.184.104 - - [10/May/2026:16:38:51 +1000] "GET /wp-admin/index.php HTTP/1.1" 302 589 "https://pgkdistribution.com.au/wp-login.php" "Mozilla/5.0 (Macintosh; Intel Mac OS X 10_15_7; rv:121.0) Gecko/20100101 Firefox/121.0"
31.57.184.104 - - [10/May/2026:16:38:54 +1000] "GET /wp-login.php?redirect_to=https%3A%2F%2Fwww.pgkdistribution.com.au%2Fwp-admin%2Findex.php&reauth=1 HTTP/1.1" 200 5387 "https://pgkdistribution.com.au/wp-login.php" "Mozilla/5.0 (Macintosh; Intel Mac OS X 10_15_7; rv:121.0) Gecko/20100101 Firefox/121.0"
31.57.184.104 - - [10/May/2026:16:38:56 +1000] "POST /wp-login.php HTTP/1.1" 301 1312 "https://pgkdistribution.com.au/wp-login.php" "Mozilla/5.0 (Macintosh; Intel Mac OS X 13_6_1) AppleWebKit/537.36 (KHTML, like Gecko) Chrome/121.0.0.0 Safari/537.36"
31.57.184.104 - - [10/May/2026:16:38:57 +1000] "GET /wp-admin/index.php HTTP/1.1" 301 1140 "https://pgkdistribution.com.au/wp-login.php" "Mozilla/5.0 (X11; Ubuntu; Linux x86_64) AppleWebKit/537.36 (KHTML, like Gecko) Chrome/121.0.0.0 Safari/537.36"
31.57.184.104 - - [10/May/2026:16:38:57 +1000] "GET /wp-admin/index.php HTTP/1.1" 302 589 "https://pgkdistribution.com.au/wp-login.php" "Mozilla/5.0 (X11; Ubuntu; Linux x86_64) AppleWebKit/537.36 (KHTML, like Gecko) Chrome/121.0.0.0 Safari/537.36"
31.57.184.104 - - [10/May/2026:16:38:59 +1000] "GET /wp-login.php?redirect_to=https%3A%2F%2Fwww.pgkdistribution.com.au%2Fwp-admin%2Findex.php&reauth=1 HTTP/1.1" 200 5387 "https://pgkdistribution.com.au/wp-login.php" "Mozilla/5.0 (X11; Ubuntu; Linux x86_64) AppleWebKit/537.36 (KHTML, like Gecko) Chrome/121.0.0.0 Safari/537.36"
31.57.184.104 - - [10/May/2026:16:39:01 +1000] "POST /wp-login.php HTTP/1.1" 301 1312 "https://pgkdistribution.com.au/wp-login.php" "Mozilla/5.0 (X11; Linux x86_64) AppleWebKit/537.36 (KHTML, like Gecko) Chrome/121.0.0.0 Safari/537.36"
31.57.184.104 - - [10/May/2026:16:39:01 +1000] "GET /wp-admin/index.php HTTP/1.1" 301 1140 "https://pgkdistribution.com.au/wp-login.php" "Mozilla/5.0 (Windows NT 11.0; Win64; x64) AppleWebKit/537.36 (KHTML, like Gecko) Chrome/118.0.0.0 Safari/537.36"
212.90.148.8 - - [10/May/2026:16:39:03 +1000] "GET /wp-login.php HTTP/2" 301 795 "-" "Mozilla/5.0 (X11; Linux x86_64) AppleWebKit/537.36 (KHTML, like Gecko) Chrome/133.0.0.0 Safari/537.36 Edg/133.0.0.0"
31.57.184.104 - - [10/May/2026:16:39:02 +1000] "GET /wp-admin/index.php HTTP/1.1" 302 589 "https://pgkdistribution.com.au/wp-login.php" "Mozilla/5.0 (Windows NT 11.0; Win64; x64) AppleWebKit/537.36 (KHTML, like Gecko) Chrome/118.0.0.0 Safari/537.36"
31.57.184.104 - - [10/May/2026:16:39:04 +1000] "GET /wp-login.php?redirect_to=https%3A%2F%2Fwww.pgkdistribution.com.au%2Fwp-admin%2Findex.php&reauth=1 HTTP/1.1" 200 5387 "https://pgkdistribution.com.au/wp-login.php" "Mozilla/5.0 (Windows NT 11.0; Win64; x64) AppleWebKit/537.36 (KHTML, like Gecko) Chrome/118.0.0.0 Safari/537.36"
212.90.148.8 - - [10/May/2026:16:39:04 +1000] "GET /wp-login.php HTTP/2" 200 2507 "https://pgkdistribution.com.au/wp-login.php" "Mozilla/5.0 (X11; Linux x86_64) AppleWebKit/537.36 (KHTML, like Gecko) Chrome/133.0.0.0 Safari/537.36 Edg/133.0.0.0"
212.90.148.8 - - [10/May/2026:16:39:06 +1000] "POST /wp-login.php HTTP/2" 301 795 "https://pgkdistribution.com.au/wp-login.php" "Mozilla/5.0 (X11; Linux x86_64) AppleWebKit/537.36 (KHTML, like Gecko) Chrome/133.0.0.0 Safari/537.36 Edg/133.0.0.0"
31.57.184.104 - - [10/May/2026:16:39:06 +1000] "POST /wp-login.php HTTP/1.1" 301 1275 "https://pgkdistribution.com.au/wp-login.php" "Mozilla/5.0 (Macintosh; Intel Mac OS X 10_15_7; rv:120.0) Gecko/20100101 Firefox/120.0"
31.57.184.104 - - [10/May/2026:16:39:08 +1000] "GET /wp-admin/index.php HTTP/1.1" 301 1318 "https://pgkdistribution.com.au/wp-login.php" "Mozilla/5.0 (Macintosh; Intel Mac OS X 10_15_7) AppleWebKit/605.1.15 (KHTML, like Gecko) Version/16.6 Safari/605.1.15"
212.90.148.8 - - [10/May/2026:16:39:06 +1000] "GET /wp-login.php HTTP/2" 200 2507 "https://pgkdistribution.com.au/wp-login.php" "Mozilla/5.0 (X11; Linux x86_64) AppleWebKit/537.36 (KHTML, like Gecko) Chrome/133.0.0.0 Safari/537.36 Edg/133.0.0.0"
31.57.184.104 - - [10/May/2026:16:39:08 +1000] "GET /wp-admin/index.php HTTP/1.1" 302 589 "https://pgkdistribution.com.au/wp-login.php" "Mozilla/5.0 (Macintosh; Intel Mac OS X 10_15_7) AppleWebKit/605.1.15 (KHTML, like Gecko) Version/16.6 Safari/605.1.15"
31.57.184.104 - - [10/May/2026:16:39:10 +1000] "GET /wp-login.php?redirect_to=https%3A%2F%2Fwww.pgkdistribution.com.au%2Fwp-admin%2Findex.php&reauth=1 HTTP/1.1" 200 5387 "https://pgkdistribution.com.au/wp-login.php" "Mozilla/5.0 (Macintosh; Intel Mac OS X 10_15_7) AppleWebKit/605.1.15 (KHTML, like Gecko) Version/16.6 Safari/605.1.15"
31.57.184.104 - - [10/May/2026:16:39:13 +1000] "POST /wp-login.php HTTP/1.1" 301 1312 "https://pgkdistribution.com.au/wp-login.php" "Mozilla/5.0 (X11; Ubuntu; Linux x86_64) AppleWebKit/537.36 (KHTML, like Gecko) Chrome/118.0.0.0 Safari/537.36"
31.57.184.104 - - [10/May/2026:16:39:14 +1000] "GET /wp-admin/index.php HTTP/1.1" 301 1140 "https://pgkdistribution.com.au/wp-login.php" "Mozilla/5.0 (Macintosh; Intel Mac OS X 13_6_1; rv:121.0) Gecko/20100101 Firefox/121.0"
31.57.184.104 - - [10/May/2026:16:39:14 +1000] "GET /wp-admin/index.php HTTP/1.1" 302 589 "https://pgkdistribution.com.au/wp-login.php" "Mozilla/5.0 (Macintosh; Intel Mac OS X 13_6_1; rv:121.0) Gecko/20100101 Firefox/121.0"
31.57.184.104 - - [10/May/2026:16:39:16 +1000] "GET /wp-login.php?redirect_to=https%3A%2F%2Fwww.pgkdistribution.com.au%2Fwp-admin%2Findex.php&reauth=1 HTTP/1.1" 200 5387 "https://pgkdistribution.com.au/wp-login.php" "Mozilla/5.0 (Macintosh; Intel Mac OS X 13_6_1; rv:121.0) Gecko/20100101 Firefox/121.0"
31.57.184.104 - - [10/May/2026:16:39:18 +1000] "POST /wp-login.php HTTP/1.1" 301 1312 "https://pgkdistribution.com.au/wp-login.php" "Mozilla/5.0 (Macintosh; Intel Mac OS X 10_15_7) AppleWebKit/605.1.15 (KHTML, like Gecko) Version/17.2 Safari/605.1.15"
31.57.184.104 - - [10/May/2026:16:39:19 +1000] "GET /wp-admin/index.php HTTP/1.1" 301 1140 "https://pgkdistribution.com.au/wp-login.php" "Mozilla/5.0 (Macintosh; Intel Mac OS X 10_15_7) AppleWebKit/605.1.15 (KHTML, like Gecko) Version/17.0 Safari/605.1.15"
111.67.29.221 - - [10/May/2026:16:39:21 +1000] "POST /wp-cron.php?doing_wp_cron=1778395161.4507548809051513671875 HTTP/1.1" 200 538 "-" "WordPress/6.9.4; https://www.pgkdistribution.com.au"
31.57.184.104 - - [10/May/2026:16:39:19 +1000] "GET /wp-admin/index.php HTTP/1.1" 302 589 "https://pgkdistribution.com.au/wp-login.php" "Mozilla/5.0 (Macintosh; Intel Mac OS X 10_15_7) AppleWebKit/605.1.15 (KHTML, like Gecko) Version/17.0 Safari/605.1.15"
31.57.184.104 - - [10/May/2026:16:39:21 +1000] "GET /wp-login.php?redirect_to=https%3A%2F%2Fwww.pgkdistribution.com.au%2Fwp-admin%2Findex.php&reauth=1 HTTP/1.1" 200 5387 "https://pgkdistribution.com.au/wp-login.php" "Mozilla/5.0 (Macintosh; Intel Mac OS X 10_15_7) AppleWebKit/605.1.15 (KHTML, like Gecko) Version/17.0 Safari/605.1.15"
31.57.184.104 - - [10/May/2026:16:39:24 +1000] "POST /wp-login.php HTTP/1.1" 301 1312 "https://pgkdistribution.com.au/wp-login.php" "Mozilla/5.0 (Windows NT 10.0; Win64; x64; rv:119.0) Gecko/20100101 Firefox/119.0"
31.57.184.104 - - [10/May/2026:16:39:25 +1000] "GET /wp-admin/index.php HTTP/1.1" 301 1140 "https://pgkdistribution.com.au/wp-login.php" "Mozilla/5.0 (Macintosh; Intel Mac OS X 10_15_7) AppleWebKit/605.1.15 (KHTML, like Gecko) Version/17.2 Safari/605.1.15"
123.176.96.28 - - [10/May/2026:16:39:23 +1000] "GET /wp-login.php HTTP/2" 200 2507 "-" "Mozilla/5.0 (Macintosh; Intel Mac OS X 11_7_10) AppleWebKit/537.36 (KHTML, like Gecko) Chrome/133.0.0.0 Safari/537.36"
123.176.96.28 - - [10/May/2026:16:39:25 +1000] "POST /wp-login.php HTTP/2" 200 2654 "https://www.pgkdistribution.com.au/wp-login.php" "Mozilla/5.0 (Macintosh; Intel Mac OS X 11_7_10) AppleWebKit/537.36 (KHTML, like Gecko) Chrome/133.0.0.0 Safari/537.36"
31.57.184.104 - - [10/May/2026:16:39:25 +1000] "GET /wp-admin/index.php HTTP/1.1" 302 589 "https://pgkdistribution.com.au/wp-login.php" "Mozilla/5.0 (Macintosh; Intel Mac OS X 10_15_7) AppleWebKit/605.1.15 (KHTML, like Gecko) Version/17.2 Safari/605.1.15"
31.57.184.104 - - [10/May/2026:16:39:27 +1000] "GET /wp-login.php?redirect_to=https%3A%2F%2Fwww.pgkdistribution.com.au%2Fwp-admin%2Findex.php&reauth=1 HTTP/1.1" 200 5350 "https://pgkdistribution.com.au/wp-login.php" "Mozilla/5.0 (Macintosh; Intel Mac OS X 10_15_7) AppleWebKit/605.1.15 (KHTML, like Gecko) Version/17.2 Safari/605.1.15"
31.57.184.104 - - [10/May/2026:16:39:29 +1000] "POST /wp-login.php HTTP/1.1" 301 1312 "https://pgkdistribution.com.au/wp-login.php" "Mozilla/5.0 (Windows NT 11.0; Win64; x64; rv:118.0) Gecko/20100101 Firefox/118.0"
31.57.184.104 - - [10/May/2026:16:39:30 +1000] "GET /wp-admin/index.php HTTP/1.1" 301 1140 "https://pgkdistribution.com.au/wp-login.php" "Mozilla/5.0 (Macintosh; Intel Mac OS X 10_15_7; rv:119.0) Gecko/20100101 Firefox/119.0"
31.57.184.104 - - [10/May/2026:16:39:31 +1000] "GET /wp-admin/index.php HTTP/1.1" 302 767 "https://pgkdistribution.com.au/wp-login.php" "Mozilla/5.0 (Macintosh; Intel Mac OS X 10_15_7; rv:119.0) Gecko/20100101 Firefox/119.0"
31.57.184.104 - - [10/May/2026:16:39:33 +1000] "GET /wp-login.php?redirect_to=https%3A%2F%2Fwww.pgkdistribution.com.au%2Fwp-admin%2Findex.php&reauth=1 HTTP/1.1" 200 5387 "https://pgkdistribution.com.au/wp-login.php" "Mozilla/5.0 (Macintosh; Intel Mac OS X 10_15_7; rv:119.0) Gecko/20100101 Firefox/119.0"
31.57.184.104 - - [10/May/2026:16:39:36 +1000] "POST /wp-login.php HTTP/1.1" 301 1312 "https://pgkdistribution.com.au/wp-login.php" "Mozilla/5.0 (Windows NT 10.0; Win64; x64; rv:120.0) Gecko/20100101 Firefox/120.0"
31.57.184.104 - - [10/May/2026:16:39:36 +1000] "GET /wp-admin/index.php HTTP/1.1" 301 1140 "https://pgkdistribution.com.au/wp-login.php" "Mozilla/5.0 (Windows NT 11.0; Win64; x64) AppleWebKit/537.36 (KHTML, like Gecko) Chrome/121.0.0.0 Safari/537.36"
31.57.184.104 - - [10/May/2026:16:39:36 +1000] "GET /wp-admin/index.php HTTP/1.1" 302 589 "https://pgkdistribution.com.au/wp-login.php" "Mozilla/5.0 (Windows NT 11.0; Win64; x64) AppleWebKit/537.36 (KHTML, like Gecko) Chrome/121.0.0.0 Safari/537.36"
31.57.184.104 - - [10/May/2026:16:39:39 +1000] "GET /wp-login.php?redirect_to=https%3A%2F%2Fwww.pgkdistribution.com.au%2Fwp-admin%2Findex.php&reauth=1 HTTP/1.1" 200 5387 "https://pgkdistribution.com.au/wp-login.php" "Mozilla/5.0 (Windows NT 11.0; Win64; x64) AppleWebKit/537.36 (KHTML, like Gecko) Chrome/121.0.0.0 Safari/537.36"
31.57.184.104 - - [10/May/2026:16:39:41 +1000] "POST /wp-login.php HTTP/1.1" 301 1312 "https://pgkdistribution.com.au/wp-login.php" "Mozilla/5.0 (Windows NT 11.0; Win64; x64; rv:118.0) Gecko/20100101 Firefox/118.0"
31.57.184.104 - - [10/May/2026:16:39:42 +1000] "GET /wp-admin/index.php HTTP/1.1" 301 1140 "https://pgkdistribution.com.au/wp-login.php" "Mozilla/5.0 (Macintosh; Intel Mac OS X 10_15_7) AppleWebKit/605.1.15 (KHTML, like Gecko) Version/17.0 Safari/605.1.15"
31.57.184.104 - - [10/May/2026:16:39:42 +1000] "GET /wp-admin/index.php HTTP/1.1" 302 589 "https://pgkdistribution.com.au/wp-login.php" "Mozilla/5.0 (Macintosh; Intel Mac OS X 10_15_7) AppleWebKit/605.1.15 (KHTML, like Gecko) Version/17.0 Safari/605.1.15"
31.57.184.104 - - [10/May/2026:16:39:44 +1000] "GET /wp-login.php?redirect_to=https%3A%2F%2Fwww.pgkdistribution.com.au%2Fwp-admin%2Findex.php&reauth=1 HTTP/1.1" 200 5387 "https://pgkdistribution.com.au/wp-login.php" "Mozilla/5.0 (Macintosh; Intel Mac OS X 10_15_7) AppleWebKit/605.1.15 (KHTML, like Gecko) Version/17.0 Safari/605.1.15"
31.57.184.104 - - [10/May/2026:16:39:46 +1000] "POST /wp-login.php HTTP/1.1" 301 1312 "https://pgkdistribution.com.au/wp-login.php" "Mozilla/5.0 (Macintosh; Intel Mac OS X 10_15_7; rv:121.0) Gecko/20100101 Firefox/121.0"
31.57.184.104 - - [10/May/2026:16:39:47 +1000] "GET /wp-admin/index.php HTTP/1.1" 301 1140 "https://pgkdistribution.com.au/wp-login.php" "Mozilla/5.0 (Macintosh; Intel Mac OS X 10_15_7) AppleWebKit/605.1.15 (KHTML, like Gecko) Version/17.2 Safari/605.1.15"
31.57.184.104 - - [10/May/2026:16:39:47 +1000] "GET /wp-admin/index.php HTTP/1.1" 302 589 "https://pgkdistribution.com.au/wp-login.php" "Mozilla/5.0 (Macintosh; Intel Mac OS X 10_15_7) AppleWebKit/605.1.15 (KHTML, like Gecko) Version/17.2 Safari/605.1.15"
31.57.184.104 - - [10/May/2026:16:39:49 +1000] "GET /wp-login.php?redirect_to=https%3A%2F%2Fwww.pgkdistribution.com.au%2Fwp-admin%2Findex.php&reauth=1 HTTP/1.1" 200 5387 "https://pgkdistribution.com.au/wp-login.php" "Mozilla/5.0 (Macintosh; Intel Mac OS X 10_15_7) AppleWebKit/605.1.15 (KHTML, like Gecko) Version/17.2 Safari/605.1.15"
31.57.184.104 - - [10/May/2026:16:39:52 +1000] "POST /wp-login.php HTTP/1.1" 301 1312 "https://pgkdistribution.com.au/wp-login.php" "Mozilla/5.0 (Windows NT 11.0; Win64; x64; rv:119.0) Gecko/20100101 Firefox/119.0"
31.57.184.104 - - [10/May/2026:16:39:52 +1000] "GET /wp-admin/index.php HTTP/1.1" 301 1140 "https://pgkdistribution.com.au/wp-login.php" "Mozilla/5.0 (Macintosh; Intel Mac OS X 13_6_1) AppleWebKit/605.1.15 (KHTML, like Gecko) Version/17.1 Safari/605.1.15"
111.67.29.221 - - [10/May/2026:16:39:54 +1000] "POST /wp-cron.php?doing_wp_cron=1778395194.5323390960693359375000 HTTP/1.1" 200 538 "-" "WordPress/6.9.4; https://www.pgkdistribution.com.au"
