45.133.170.254 - - [10/May/2026:19:44:23 +1000] "GET /wp-content/plugins/storefront-homepage-contact-section/assets/css/style.css?ver=6.9.4 HTTP/1.1" 200 1225 "https://www.pgkdistribution.com.au/contact-us/" "Mozilla/5.0 (Windows NT 10.0; Win64; x64) AppleWebKit/537.36 (KHTML, like Gecko) Chrome/145.0.0.0 Safari/537.36"
45.133.170.254 - - [10/May/2026:19:44:24 +1000] "GET /wp-includes/blocks/paragraph/style.min.css?ver=6.9.4 HTTP/1.1" 200 957 "https://www.pgkdistribution.com.au/contact-us/" "Mozilla/5.0 (Windows NT 10.0; Win64; x64) AppleWebKit/537.36 (KHTML, like Gecko) Chrome/145.0.0.0 Safari/537.36"
45.133.170.254 - - [10/May/2026:19:44:26 +1000] "GET /wp-content/plugins/gutentor/dist/gutentor-woocommerce.css?ver=3.5.3 HTTP/1.1" 200 1243 "https://www.pgkdistribution.com.au/contact-us/" "Mozilla/5.0 (Windows NT 10.0; Win64; x64) AppleWebKit/537.36 (KHTML, like Gecko) Chrome/145.0.0.0 Safari/537.36"
111.67.29.221 - - [10/May/2026:19:44:30 +1000] "POST /wp-cron.php?doing_wp_cron=1778406269.9599440097808837890625 HTTP/1.1" 200 538 "-" "WordPress/6.9.4; https://www.pgkdistribution.com.au"
121.200.216.56 - - [10/May/2026:19:44:28 +1000] "GET /wp-login.php HTTP/2" 200 2507 "-" "Mozilla/5.0 (X11; Linux x86_64) AppleWebKit/537.36 (KHTML, like Gecko) Chrome/133.0.0.0 Safari/537.36 Edg/133.0.0.0"
3.144.14.123 - - [10/May/2026:19:44:31 +1000] "GET /wp-login.php HTTP/2" 301 795 "-" "Mozilla/5.0 (X11; Linux x86_64) AppleWebKit/537.36 (KHTML, like Gecko) Chrome/133.0.0.0 Safari/537.36 Edg/133.0.0.0"
121.200.216.56 - - [10/May/2026:19:44:31 +1000] "POST /wp-login.php HTTP/2" 200 2660 "https://www.pgkdistribution.com.au/wp-login.php" "Mozilla/5.0 (X11; Linux x86_64) AppleWebKit/537.36 (KHTML, like Gecko) Chrome/133.0.0.0 Safari/537.36 Edg/133.0.0.0"
3.144.14.123 - - [10/May/2026:19:44:33 +1000] "GET /wp-login.php HTTP/2" 200 2507 "https://pgkdistribution.com.au/wp-login.php" "Mozilla/5.0 (X11; Linux x86_64) AppleWebKit/537.36 (KHTML, like Gecko) Chrome/133.0.0.0 Safari/537.36 Edg/133.0.0.0"
3.144.14.123 - - [10/May/2026:19:44:35 +1000] "POST /wp-login.php HTTP/2" 301 795 "https://pgkdistribution.com.au/wp-login.php" "Mozilla/5.0 (X11; Linux x86_64) AppleWebKit/537.36 (KHTML, like Gecko) Chrome/133.0.0.0 Safari/537.36 Edg/133.0.0.0"
3.144.14.123 - - [10/May/2026:19:44:35 +1000] "GET /wp-login.php HTTP/2" 200 2507 "https://pgkdistribution.com.au/wp-login.php" "Mozilla/5.0 (X11; Linux x86_64) AppleWebKit/537.36 (KHTML, like Gecko) Chrome/133.0.0.0 Safari/537.36 Edg/133.0.0.0"
111.67.29.221 - - [10/May/2026:19:45:01 +1000] "POST /wp-cron.php?doing_wp_cron=1778406301.0042009353637695312500 HTTP/1.1" 200 538 "-" "WordPress/6.9.4; https://www.pgkdistribution.com.au"
45.142.193.140 - - [10/May/2026:19:44:59 +1000] "HEAD /wp-content/uploads/db_backup.zip HTTP/2" 404 0 "-" "Mozilla/5.0 (Windows NT 10.0; Win64; x64) AppleWebKit/537.36 (KHTML, like Gecko) Chrome/121.0.0.0 Safari/537.36"
121.200.216.56 - - [10/May/2026:19:45:04 +1000] "GET /wp-login.php HTTP/2" 200 2507 "-" "Mozilla/5.0 (X11; Fedora; Linux x86_64) AppleWebKit/537.36 (KHTML, like Gecko) Chrome/133.0.0.0 Safari/537.36"
121.200.216.56 - - [10/May/2026:19:45:07 +1000] "POST /wp-login.php HTTP/2" 200 2654 "https://www.pgkdistribution.com.au/wp-login.php" "Mozilla/5.0 (X11; Fedora; Linux x86_64) AppleWebKit/537.36 (KHTML, like Gecko) Chrome/133.0.0.0 Safari/537.36"
45.142.193.140 - - [10/May/2026:19:45:08 +1000] "HEAD /wp-content/uploads/database.zip HTTP/2" 404 0 "-" "Mozilla/5.0 (Windows NT 10.0; Win64; x64) AppleWebKit/537.36 (KHTML, like Gecko) Chrome/121.0.0.0 Safari/537.36"
111.67.29.221 - - [10/May/2026:19:45:21 +1000] "POST /wp-cron.php?doing_wp_cron=1778406320.9934659004211425781250 HTTP/1.1" 200 538 "-" "WordPress/6.9.4; https://www.pgkdistribution.com.au"
181.214.50.213 - - [10/May/2026:19:45:18 +1000] "GET /cookie-policy/ HTTP/2" 200 30369 "-" "Mozilla/5.0 (Macintosh; Intel Mac OS X 10_15_7) AppleWebKit/537.36 (KHTML, like Gecko) Chrome/142.0.0.0 Safari/537.36"
121.200.217.27 - - [10/May/2026:19:45:29 +1000] "GET /wp-login.php HTTP/2" 301 795 "-" "Mozilla/5.0 (X11; Ubuntu; Linux x86_64; rv:133.0) Gecko/20100101 Firefox/133.0"
121.200.217.27 - - [10/May/2026:19:45:32 +1000] "GET /wp-login.php HTTP/2" 200 2507 "https://pgkdistribution.com.au/wp-login.php" "Mozilla/5.0 (X11; Ubuntu; Linux x86_64; rv:133.0) Gecko/20100101 Firefox/133.0"
121.200.217.27 - - [10/May/2026:19:45:34 +1000] "POST /wp-login.php HTTP/2" 301 795 "https://pgkdistribution.com.au/wp-login.php" "Mozilla/5.0 (X11; Ubuntu; Linux x86_64; rv:133.0) Gecko/20100101 Firefox/133.0"
121.200.217.27 - - [10/May/2026:19:45:35 +1000] "GET /wp-login.php HTTP/2" 200 2507 "https://pgkdistribution.com.au/wp-login.php" "Mozilla/5.0 (X11; Ubuntu; Linux x86_64; rv:133.0) Gecko/20100101 Firefox/133.0"
103.82.21.169 - - [10/May/2026:19:45:41 +1000] "GET /wp-login.php HTTP/2" 301 795 "-" "Mozilla/5.0 (Windows NT 10.0; Win64; x64; rv:133.0) Gecko/20100101 Firefox/133.0"
103.82.21.169 - - [10/May/2026:19:45:43 +1000] "GET /wp-login.php HTTP/2" 200 2507 "https://pgkdistribution.com.au/wp-login.php" "Mozilla/5.0 (Windows NT 10.0; Win64; x64; rv:133.0) Gecko/20100101 Firefox/133.0"
103.82.21.169 - - [10/May/2026:19:45:54 +1000] "POST /wp-login.php HTTP/2" 301 795 "https://pgkdistribution.com.au/wp-login.php" "Mozilla/5.0 (Windows NT 10.0; Win64; x64; rv:133.0) Gecko/20100101 Firefox/133.0"
103.82.21.169 - - [10/May/2026:19:45:54 +1000] "GET /wp-login.php HTTP/2" 200 2507 "https://pgkdistribution.com.au/wp-login.php" "Mozilla/5.0 (Windows NT 10.0; Win64; x64; rv:133.0) Gecko/20100101 Firefox/133.0"
66.116.235.214 - - [10/May/2026:19:46:03 +1000] "GET /wp-login.php HTTP/2" 301 795 "-" "Mozilla/5.0 (X11; Linux x86_64; rv:133.0) Gecko/20100101 Firefox/133.0"
66.116.235.214 - - [10/May/2026:19:46:07 +1000] "GET /wp-login.php HTTP/2" 200 2507 "https://pgkdistribution.com.au/wp-login.php" "Mozilla/5.0 (X11; Linux x86_64; rv:133.0) Gecko/20100101 Firefox/133.0"
66.116.235.214 - - [10/May/2026:19:46:12 +1000] "POST /wp-login.php HTTP/2" 301 795 "https://pgkdistribution.com.au/wp-login.php" "Mozilla/5.0 (X11; Linux x86_64; rv:133.0) Gecko/20100101 Firefox/133.0"
66.116.235.214 - - [10/May/2026:19:46:14 +1000] "GET /wp-login.php HTTP/2" 200 2507 "https://pgkdistribution.com.au/wp-login.php" "Mozilla/5.0 (X11; Linux x86_64; rv:133.0) Gecko/20100101 Firefox/133.0"
111.67.29.221 - - [10/May/2026:19:46:28 +1000] "POST /wp-cron.php?doing_wp_cron=1778406388.9262290000915527343750 HTTP/1.1" 200 538 "-" "WordPress/6.9.4; https://www.pgkdistribution.com.au"
5.181.131.106 - - [10/May/2026:19:46:18 +1000] "POST /contact-us/ HTTP/1.1" 200 32739 "https://www.pgkdistribution.com.au/contact-us/" "Mozilla/5.0 (X11; Linux x86_64; rv:128.0) Gecko/20100101 Firefox/128.0"
5.181.131.106 - - [10/May/2026:19:46:31 +1000] "GET /contact-us/ HTTP/1.1" 200 33209 "http://pgkdistribution.com.au/contact-us/" "Mozilla/5.0 (compatible; Googlebot/2.1; +http://www.google.com/bot.html)"
78.142.18.172 - - [10/May/2026:19:46:43 +1000] "GET /wp-login.php HTTP/2" 200 2507 "-" "Mozilla/5.0 (Macintosh; Intel Mac OS X 10_15_7) AppleWebKit/537.36 (KHTML, like Gecko) Chrome/133.0.0.0 Safari/537.36 Edg/133.0.0.0"
78.142.18.172 - - [10/May/2026:19:46:45 +1000] "POST /wp-login.php HTTP/2" 200 2659 "https://www.pgkdistribution.com.au/wp-login.php" "Mozilla/5.0 (Macintosh; Intel Mac OS X 10_15_7) AppleWebKit/537.36 (KHTML, like Gecko) Chrome/133.0.0.0 Safari/537.36 Edg/133.0.0.0"
14.173.223.30 - - [10/May/2026:19:47:02 +1000] "GET /wp-json/oembed/1.0/embed?url=https%3A%2F%2Fwww.pgkdistribution.com.au%2Fproduct%2Fpgk-1p-indoor-enclosure%2F HTTP/1.1" 200 2084 "-" "Mozilla/5.0 (Windows NT 6.1; Win64; x64) AppleWebKit/537.36 (KHTML, like Gecko) Chrome/85.0.4183.121 Safari/537.36"
111.109.37.114 - - [10/May/2026:19:47:42 +1000] "GET /wp-login.php HTTP/2" 301 795 "-" "Mozilla/5.0 (X11; CrOS x86_64 14541.0.0) AppleWebKit/537.36 (KHTML, like Gecko) Chrome/133.0.0.0 Safari/537.36"
111.67.29.221 - - [10/May/2026:19:47:47 +1000] "POST /wp-cron.php?doing_wp_cron=1778406466.9117789268493652343750 HTTP/1.1" 200 538 "-" "WordPress/6.9.4; https://www.pgkdistribution.com.au"
111.109.37.114 - - [10/May/2026:19:47:44 +1000] "GET /wp-login.php HTTP/2" 200 2507 "https://pgkdistribution.com.au/wp-login.php" "Mozilla/5.0 (X11; CrOS x86_64 14541.0.0) AppleWebKit/537.36 (KHTML, like Gecko) Chrome/133.0.0.0 Safari/537.36"
111.109.37.114 - - [10/May/2026:19:47:47 +1000] "POST /wp-login.php HTTP/2" 301 795 "https://pgkdistribution.com.au/wp-login.php" "Mozilla/5.0 (X11; CrOS x86_64 14541.0.0) AppleWebKit/537.36 (KHTML, like Gecko) Chrome/133.0.0.0 Safari/537.36"
111.109.37.114 - - [10/May/2026:19:47:48 +1000] "GET /wp-login.php HTTP/2" 200 2507 "https://pgkdistribution.com.au/wp-login.php" "Mozilla/5.0 (X11; CrOS x86_64 14541.0.0) AppleWebKit/537.36 (KHTML, like Gecko) Chrome/133.0.0.0 Safari/537.36"
52.203.246.32 - - [10/May/2026:19:48:01 +1000] "GET /robots.txt HTTP/1.1" 301 1273 "-" "Mozilla/5.0 (Macintosh; Intel Mac OS X 10_10_1) AppleWebKit/600.2.5 (KHTML, like Gecko) Version/8.0.2 Safari/600.2.5 (Gort)"
32.193.54.32 - - [10/May/2026:19:48:03 +1000] "GET /robots.txt HTTP/1.1" 200 1012 "-" "Mozilla/5.0 (Macintosh; Intel Mac OS X 10_10_1) AppleWebKit/600.2.5 (KHTML, like Gecko) Version/8.0.2 Safari/600.2.5 (Gort)"
5.181.131.106 - - [10/May/2026:19:48:15 +1000] "GET /contact-us/ HTTP/1.1" 200 33209 "http://pgkdistribution.com.au/contact-us/" "Mozilla/5.0 (compatible; Googlebot/2.1; +http://www.google.com/bot.html)"
74.91.224.220 - - [10/May/2026:19:48:24 +1000] "GET /wp-login.php HTTP/2" 301 795 "-" "Mozilla/5.0 (Windows NT 10.0; Win64; x64) AppleWebKit/537.36 (KHTML, like Gecko) Chrome/133.0.0.0 Safari/537.36"
111.67.29.221 - - [10/May/2026:19:48:28 +1000] "POST /wp-cron.php?doing_wp_cron=1778406508.7222909927368164062500 HTTP/1.1" 200 538 "-" "WordPress/6.9.4; https://www.pgkdistribution.com.au"
74.91.224.220 - - [10/May/2026:19:48:26 +1000] "GET /wp-login.php HTTP/2" 200 2507 "https://pgkdistribution.com.au/wp-login.php" "Mozilla/5.0 (Windows NT 10.0; Win64; x64) AppleWebKit/537.36 (KHTML, like Gecko) Chrome/133.0.0.0 Safari/537.36"
74.91.224.220 - - [10/May/2026:19:48:29 +1000] "POST /wp-login.php HTTP/2" 301 795 "https://pgkdistribution.com.au/wp-login.php" "Mozilla/5.0 (Windows NT 10.0; Win64; x64) AppleWebKit/537.36 (KHTML, like Gecko) Chrome/133.0.0.0 Safari/537.36"
74.91.224.220 - - [10/May/2026:19:48:31 +1000] "GET /wp-login.php HTTP/2" 200 2507 "https://pgkdistribution.com.au/wp-login.php" "Mozilla/5.0 (Windows NT 10.0; Win64; x64) AppleWebKit/537.36 (KHTML, like Gecko) Chrome/133.0.0.0 Safari/537.36"
111.67.29.221 - - [10/May/2026:19:50:18 +1000] "POST /wp-cron.php?doing_wp_cron=1778406618.0395030975341796875000 HTTP/1.1" 200 538 "-" "WordPress/6.9.4; https://www.pgkdistribution.com.au"
216.73.217.75 - - [10/May/2026:19:50:15 +1000] "GET / HTTP/2" 200 42564 "-" "Mozilla/5.0 AppleWebKit/537.36 (KHTML, like Gecko; compatible; ClaudeBot/1.0; +claudebot@anthropic.com)"
123.30.233.13 - - [10/May/2026:19:51:04 +1000] "GET /wp-login.php HTTP/2" 301 795 "-" "Mozilla/5.0 (X11; Linux x86_64) AppleWebKit/537.36 (KHTML, like Gecko) Chrome/133.0.0.0 Safari/537.36 Edg/133.0.0.0"
123.30.233.13 - - [10/May/2026:19:51:07 +1000] "GET /wp-login.php HTTP/2" 200 2507 "https://pgkdistribution.com.au/wp-login.php" "Mozilla/5.0 (X11; Linux x86_64) AppleWebKit/537.36 (KHTML, like Gecko) Chrome/133.0.0.0 Safari/537.36 Edg/133.0.0.0"
123.30.233.13 - - [10/May/2026:19:51:11 +1000] "POST /wp-login.php HTTP/2" 301 795 "https://pgkdistribution.com.au/wp-login.php" "Mozilla/5.0 (X11; Linux x86_64) AppleWebKit/537.36 (KHTML, like Gecko) Chrome/133.0.0.0 Safari/537.36 Edg/133.0.0.0"
123.30.233.13 - - [10/May/2026:19:51:12 +1000] "GET /wp-login.php HTTP/2" 200 2507 "https://pgkdistribution.com.au/wp-login.php" "Mozilla/5.0 (X11; Linux x86_64) AppleWebKit/537.36 (KHTML, like Gecko) Chrome/133.0.0.0 Safari/537.36 Edg/133.0.0.0"
103.82.21.169 - - [10/May/2026:19:51:30 +1000] "GET /wp-login.php HTTP/2" 301 795 "-" "Mozilla/5.0 (X11; Ubuntu; Linux x86_64; rv:133.0) Gecko/20100101 Firefox/133.0"
111.67.29.221 - - [10/May/2026:19:51:35 +1000] "POST /wp-cron.php?doing_wp_cron=1778406695.1488809585571289062500 HTTP/1.1" 200 538 "-" "WordPress/6.9.4; https://www.pgkdistribution.com.au"
103.82.21.169 - - [10/May/2026:19:51:33 +1000] "GET /wp-login.php HTTP/2" 200 2507 "https://pgkdistribution.com.au/wp-login.php" "Mozilla/5.0 (X11; Ubuntu; Linux x86_64; rv:133.0) Gecko/20100101 Firefox/133.0"
103.82.21.169 - - [10/May/2026:19:51:35 +1000] "POST /wp-login.php HTTP/2" 301 795 "https://pgkdistribution.com.au/wp-login.php" "Mozilla/5.0 (X11; Ubuntu; Linux x86_64; rv:133.0) Gecko/20100101 Firefox/133.0"
103.82.21.169 - - [10/May/2026:19:51:36 +1000] "GET /wp-login.php HTTP/2" 200 2507 "https://pgkdistribution.com.au/wp-login.php" "Mozilla/5.0 (X11; Ubuntu; Linux x86_64; rv:133.0) Gecko/20100101 Firefox/133.0"
111.67.29.221 - - [10/May/2026:19:51:59 +1000] "POST /wp-cron.php?doing_wp_cron=1778406718.9098510742187500000000 HTTP/1.1" 200 538 "-" "WordPress/6.9.4; https://www.pgkdistribution.com.au"
222.165.190.235 - murphylwatt [10/May/2026:19:51:56 +1000] "GET /wp-json/wp/v2/users/me HTTP/2" 401 102 "-" "Mozilla/5.0 (Windows NT 10.0; Win64; x64) AppleWebKit/537.36 (KHTML, like Gecko) Chrome/133.0.0.0 Safari/537.36"
152.53.44.20 - - [10/May/2026:19:52:07 +1000] "GET /wp-login.php HTTP/2" 200 2507 "-" "Mozilla/5.0 (X11; Linux x86_64) AppleWebKit/537.36 (KHTML, like Gecko) Chrome/133.0.0.0 Safari/537.36"
121.200.217.28 - - [10/May/2026:19:52:09 +1000] "GET /wp-login.php HTTP/2" 301 795 "-" "Mozilla/5.0 (Windows NT 10.0) AppleWebKit/537.36 (KHTML, like Gecko) Chrome/133.0.0.0 Safari/537.36"
152.53.44.20 - - [10/May/2026:19:52:09 +1000] "POST /wp-login.php HTTP/2" 200 2654 "https://www.pgkdistribution.com.au/wp-login.php" "Mozilla/5.0 (X11; Linux x86_64) AppleWebKit/537.36 (KHTML, like Gecko) Chrome/133.0.0.0 Safari/537.36"
121.200.217.28 - - [10/May/2026:19:52:11 +1000] "GET /wp-login.php HTTP/2" 200 2507 "https://pgkdistribution.com.au/wp-login.php" "Mozilla/5.0 (Windows NT 10.0) AppleWebKit/537.36 (KHTML, like Gecko) Chrome/133.0.0.0 Safari/537.36"
121.200.217.28 - - [10/May/2026:19:52:14 +1000] "POST /wp-login.php HTTP/2" 301 795 "https://pgkdistribution.com.au/wp-login.php" "Mozilla/5.0 (Windows NT 10.0) AppleWebKit/537.36 (KHTML, like Gecko) Chrome/133.0.0.0 Safari/537.36"
121.200.217.28 - - [10/May/2026:19:52:14 +1000] "GET /wp-login.php HTTP/2" 200 2507 "https://pgkdistribution.com.au/wp-login.php" "Mozilla/5.0 (Windows NT 10.0) AppleWebKit/537.36 (KHTML, like Gecko) Chrome/133.0.0.0 Safari/537.36"
102.209.21.218 - - [10/May/2026:19:52:39 +1000] "GET /wp-login.php HTTP/2" 301 795 "-" "Mozilla/5.0 (Windows NT 10.0; Win64; x64; rv:133.0) Gecko/20100101 Firefox/133.0"
123.30.233.13 - - [10/May/2026:19:52:43 +1000] "GET /wp-login.php HTTP/2" 301 795 "-" "Mozilla/5.0 (X11; Linux x86_64) AppleWebKit/537.36 (KHTML, like Gecko) Chrome/133.0.0.0 Safari/537.36 Edg/133.0.0.0"
111.67.29.221 - - [10/May/2026:19:52:44 +1000] "POST /wp-cron.php?doing_wp_cron=1778406764.4265151023864746093750 HTTP/1.1" 200 538 "-" "WordPress/6.9.4; https://www.pgkdistribution.com.au"
102.209.21.218 - - [10/May/2026:19:52:42 +1000] "GET /wp-login.php HTTP/2" 200 2507 "https://pgkdistribution.com.au/wp-login.php" "Mozilla/5.0 (Windows NT 10.0; Win64; x64; rv:133.0) Gecko/20100101 Firefox/133.0"
102.209.21.218 - - [10/May/2026:19:52:45 +1000] "POST /wp-login.php HTTP/2" 301 795 "https://pgkdistribution.com.au/wp-login.php" "Mozilla/5.0 (Windows NT 10.0; Win64; x64; rv:133.0) Gecko/20100101 Firefox/133.0"
102.209.21.218 - - [10/May/2026:19:52:46 +1000] "GET /wp-login.php HTTP/2" 200 2507 "https://pgkdistribution.com.au/wp-login.php" "Mozilla/5.0 (Windows NT 10.0; Win64; x64; rv:133.0) Gecko/20100101 Firefox/133.0"
123.30.233.13 - - [10/May/2026:19:52:45 +1000] "GET /wp-login.php HTTP/2" 200 2507 "https://pgkdistribution.com.au/wp-login.php" "Mozilla/5.0 (X11; Linux x86_64) AppleWebKit/537.36 (KHTML, like Gecko) Chrome/133.0.0.0 Safari/537.36 Edg/133.0.0.0"
123.30.233.13 - - [10/May/2026:19:52:48 +1000] "POST /wp-login.php HTTP/2" 301 795 "https://pgkdistribution.com.au/wp-login.php" "Mozilla/5.0 (X11; Linux x86_64) AppleWebKit/537.36 (KHTML, like Gecko) Chrome/133.0.0.0 Safari/537.36 Edg/133.0.0.0"
123.30.233.13 - - [10/May/2026:19:52:49 +1000] "GET /wp-login.php HTTP/2" 200 2507 "https://pgkdistribution.com.au/wp-login.php" "Mozilla/5.0 (X11; Linux x86_64) AppleWebKit/537.36 (KHTML, like Gecko) Chrome/133.0.0.0 Safari/537.36 Edg/133.0.0.0"
111.67.29.221 - - [10/May/2026:19:53:41 +1000] "POST /wp-cron.php?doing_wp_cron=1778406821.9221999645233154296875 HTTP/1.1" 200 538 "-" "WordPress/6.9.4; https://www.pgkdistribution.com.au"
160.250.186.220 - - [10/May/2026:19:53:39 +1000] "GET /wp-login.php HTTP/2" 200 2507 "-" "Mozilla/5.0 (X11; Linux i686) AppleWebKit/537.36 (KHTML, like Gecko) Chrome/133.0.0.0 Safari/537.36"
160.250.186.220 - - [10/May/2026:19:53:42 +1000] "POST /wp-login.php HTTP/2" 200 2659 "https://www.pgkdistribution.com.au/wp-login.php" "Mozilla/5.0 (X11; Linux i686) AppleWebKit/537.36 (KHTML, like Gecko) Chrome/133.0.0.0 Safari/537.36"
152.42.134.236 - - [10/May/2026:19:54:02 +1000] "GET /wp-login.php HTTP/2" 301 795 "-" "Mozilla/5.0 (Windows NT 10.0; Win64; x64; rv:133.0) Gecko/20100101 Firefox/133.0"
152.42.134.236 - - [10/May/2026:19:54:03 +1000] "GET /wp-login.php HTTP/2" 200 2507 "https://pgkdistribution.com.au/wp-login.php" "Mozilla/5.0 (Windows NT 10.0; Win64; x64; rv:133.0) Gecko/20100101 Firefox/133.0"
152.42.134.236 - - [10/May/2026:19:54:06 +1000] "POST /wp-login.php HTTP/2" 301 795 "https://pgkdistribution.com.au/wp-login.php" "Mozilla/5.0 (Windows NT 10.0; Win64; x64; rv:133.0) Gecko/20100101 Firefox/133.0"
152.42.134.236 - - [10/May/2026:19:54:06 +1000] "GET /wp-login.php HTTP/2" 200 2507 "https://pgkdistribution.com.au/wp-login.php" "Mozilla/5.0 (Windows NT 10.0; Win64; x64; rv:133.0) Gecko/20100101 Firefox/133.0"
66.249.64.99 - - [10/May/2026:19:55:13 +1000] "GET /solar-inverters/ HTTP/1.1" 301 1316 "-" "Mozilla/5.0 (Linux; Android 6.0.1; Nexus 5X Build/MMB29P) AppleWebKit/537.36 (KHTML, like Gecko) Chrome/147.0.7727.137 Mobile Safari/537.36 (compatible; Googlebot/2.1; +http://www.google.com/bot.html)"
111.67.29.221 - - [10/May/2026:19:55:16 +1000] "POST /wp-cron.php?doing_wp_cron=1778406916.6913480758666992187500 HTTP/1.1" 200 538 "-" "WordPress/6.9.4; https://www.pgkdistribution.com.au"
66.249.70.172 - - [10/May/2026:19:55:14 +1000] "GET /solar-inverters/ HTTP/1.1" 200 32310 "-" "Mozilla/5.0 (Linux; Android 6.0.1; Nexus 5X Build/MMB29P) AppleWebKit/537.36 (KHTML, like Gecko) Chrome/147.0.7727.137 Mobile Safari/537.36 (compatible; Googlebot/2.1; +http://www.google.com/bot.html)"
66.249.70.171 - - [10/May/2026:19:55:20 +1000] "POST /?wc-ajax=get_refreshed_fragments HTTP/1.1" 200 1190 "https://www.pgkdistribution.com.au/solar-inverters/" "Mozilla/5.0 (Linux; Android 6.0.1; Nexus 5X Build/MMB29P) AppleWebKit/537.36 (KHTML, like Gecko) Chrome/147.0.7727.137 Mobile Safari/537.36 (compatible; Googlebot/2.1; +http://www.google.com/bot.html)"
66.249.70.171 - - [10/May/2026:19:55:23 +1000] "GET /wp-content/plugins/woocommerce-table-rate-shipping/assets/js/frontend-checkout.min.js?ver=3.5.8 HTTP/1.1" 200 622 "https://www.pgkdistribution.com.au/solar-inverters/" "Mozilla/5.0 (Linux; Android 6.0.1; Nexus 5X Build/MMB29P) AppleWebKit/537.36 (KHTML, like Gecko) Chrome/147.0.7727.137 Mobile Safari/537.36 (compatible; Googlebot/2.1; +http://www.google.com/bot.html)"
66.249.70.171 - - [10/May/2026:19:55:25 +1000] "GET /wp-content/plugins/woocommerce-table-rate-shipping/assets/js/frontend-checkout.min.js?ver=3.5.8 HTTP/1.1" 200 622 "https://www.pgkdistribution.com.au/solar-inverters/" "Mozilla/5.0 (Linux; Android 6.0.1; Nexus 5X Build/MMB29P) AppleWebKit/537.36 (KHTML, like Gecko) Chrome/147.0.7727.137 Mobile Safari/537.36 (compatible; Googlebot/2.1; +http://www.google.com/bot.html)"
66.249.70.171 - - [10/May/2026:19:55:27 +1000] "POST /?wc-ajax=get_refreshed_fragments HTTP/1.1" 200 1012 "https://www.pgkdistribution.com.au/solar-inverters/" "Mozilla/5.0 (Linux; Android 6.0.1; Nexus 5X Build/MMB29P) AppleWebKit/537.36 (KHTML, like Gecko) Chrome/147.0.7727.137 Mobile Safari/537.36 (compatible; Googlebot/2.1; +http://www.google.com/bot.html)"
172.225.64.54 - - [10/May/2026:19:56:57 +1000] "GET / HTTP/2" 301 795 "-" "Mozilla/5.0 (Macintosh; Intel Mac OS X 10_11_1) AppleWebKit/601.2.4 (KHTML, like Gecko) Version/9.0.1 Safari/601.2.4 facebookexternalhit/1.1 Facebot Twitterbot/1.0"
111.67.29.221 - - [10/May/2026:19:57:00 +1000] "POST /wp-cron.php?doing_wp_cron=1778407020.8585779666900634765625 HTTP/1.1" 200 538 "-" "WordPress/6.9.4; https://www.pgkdistribution.com.au"
172.225.64.54 - - [10/May/2026:19:56:58 +1000] "GET / HTTP/2" 200 42336 "-" "Mozilla/5.0 (Macintosh; Intel Mac OS X 10_11_1) AppleWebKit/601.2.4 (KHTML, like Gecko) Version/9.0.1 Safari/601.2.4 facebookexternalhit/1.1 Facebot Twitterbot/1.0"
45.142.193.140 - - [10/May/2026:19:57:05 +1000] "HEAD /m.zip.zip HTTP/2" 404 0 "-" "Mozilla/5.0 (Windows NT 10.0; Win64; x64) AppleWebKit/537.36 (KHTML, like Gecko) Chrome/121.0.0.0 Safari/537.36"
111.67.29.221 - - [10/May/2026:19:57:54 +1000] "POST /wp-cron.php?doing_wp_cron=1778407074.8405699729919433593750 HTTP/1.1" 200 538 "-" "WordPress/6.9.4; https://www.pgkdistribution.com.au"
74.7.242.11 - - [10/May/2026:19:57:52 +1000] "GET /?p=502 HTTP/2" 301 0 "https://pgkdistribution.com.au" "Mozilla/5.0 AppleWebKit/537.36 (KHTML, like Gecko; compatible; GPTBot/1.3; +https://openai.com/gptbot)"
62.232.51.140 - - [10/May/2026:19:58:07 +1000] "GET /wp-login.php HTTP/2" 200 2507 "-" "Mozilla/5.0 (Windows NT 10.0; Win64; x64) AppleWebKit/537.36 (KHTML, like Gecko) Chrome/133.0.0.0 Safari/537.36 Edg/133.0.0.0"
62.232.51.140 - - [10/May/2026:19:58:10 +1000] "POST /wp-login.php HTTP/2" 200 2660 "https://www.pgkdistribution.com.au/wp-login.php" "Mozilla/5.0 (Windows NT 10.0; Win64; x64) AppleWebKit/537.36 (KHTML, like Gecko) Chrome/133.0.0.0 Safari/537.36 Edg/133.0.0.0"
208.68.37.246 - - [10/May/2026:19:58:18 +1000] "GET /wp-login.php HTTP/2" 301 795 "-" "Mozilla/5.0 (X11; CrOS x86_64 14541.0.0) AppleWebKit/537.36 (KHTML, like Gecko) Chrome/133.0.0.0 Safari/537.36"
209.42.16.160 - - [10/May/2026:19:58:18 +1000] "GET /wp-login.php HTTP/2" 301 795 "-" "Mozilla/5.0 (Macintosh; Intel Mac OS X 10_15_7) AppleWebKit/605.1.15 (KHTML, like Gecko) Version/18.3 Safari/605.1.15"
111.67.29.221 - - [10/May/2026:19:58:22 +1000] "POST /wp-cron.php?doing_wp_cron=1778407102.8374340534210205078125 HTTP/1.1" 200 538 "-" "WordPress/6.9.4; https://www.pgkdistribution.com.au"
208.68.37.246 - - [10/May/2026:19:58:19 +1000] "GET /wp-login.php HTTP/2" 200 2507 "https://pgkdistribution.com.au/wp-login.php" "Mozilla/5.0 (X11; CrOS x86_64 14541.0.0) AppleWebKit/537.36 (KHTML, like Gecko) Chrome/133.0.0.0 Safari/537.36"
208.68.37.246 - - [10/May/2026:19:58:23 +1000] "POST /wp-login.php HTTP/2" 301 795 "https://pgkdistribution.com.au/wp-login.php" "Mozilla/5.0 (X11; CrOS x86_64 14541.0.0) AppleWebKit/537.36 (KHTML, like Gecko) Chrome/133.0.0.0 Safari/537.36"
209.42.16.160 - - [10/May/2026:19:58:20 +1000] "GET /wp-login.php HTTP/2" 200 2507 "https://pgkdistribution.com.au/wp-login.php" "Mozilla/5.0 (Macintosh; Intel Mac OS X 10_15_7) AppleWebKit/605.1.15 (KHTML, like Gecko) Version/18.3 Safari/605.1.15"
209.42.16.160 - - [10/May/2026:19:58:24 +1000] "POST /wp-login.php HTTP/2" 301 795 "https://pgkdistribution.com.au/wp-login.php" "Mozilla/5.0 (Macintosh; Intel Mac OS X 10_15_7) AppleWebKit/605.1.15 (KHTML, like Gecko) Version/18.3 Safari/605.1.15"
208.68.37.246 - - [10/May/2026:19:58:23 +1000] "GET /wp-login.php HTTP/2" 200 2507 "https://pgkdistribution.com.au/wp-login.php" "Mozilla/5.0 (X11; CrOS x86_64 14541.0.0) AppleWebKit/537.36 (KHTML, like Gecko) Chrome/133.0.0.0 Safari/537.36"
209.42.16.160 - - [10/May/2026:19:58:24 +1000] "GET /wp-login.php HTTP/2" 200 2507 "https://pgkdistribution.com.au/wp-login.php" "Mozilla/5.0 (Macintosh; Intel Mac OS X 10_15_7) AppleWebKit/605.1.15 (KHTML, like Gecko) Version/18.3 Safari/605.1.15"
62.232.51.140 - - [10/May/2026:19:58:52 +1000] "GET /wp-login.php HTTP/2" 200 2507 "-" "Mozilla/5.0 (Windows NT 10.0; WOW64) AppleWebKit/537.36 (KHTML, like Gecko) Chrome/133.0.0.0 Safari/537.36"
62.232.51.140 - - [10/May/2026:19:58:54 +1000] "POST /wp-login.php HTTP/2" 200 2654 "https://www.pgkdistribution.com.au/wp-login.php" "Mozilla/5.0 (Windows NT 10.0; WOW64) AppleWebKit/537.36 (KHTML, like Gecko) Chrome/133.0.0.0 Safari/537.36"
74.91.224.220 - - [10/May/2026:19:59:35 +1000] "GET /wp-login.php HTTP/2" 301 795 "-" "Mozilla/5.0 (Windows NT 10.0; Win64; x64; rv:133.0) Gecko/20100101 Firefox/133.0"
111.67.29.221 - - [10/May/2026:19:59:39 +1000] "POST /wp-cron.php?doing_wp_cron=1778407179.3345289230346679687500 HTTP/1.1" 200 538 "-" "WordPress/6.9.4; https://www.pgkdistribution.com.au"
74.91.224.220 - - [10/May/2026:19:59:37 +1000] "GET /wp-login.php HTTP/2" 200 2534 "https://pgkdistribution.com.au/wp-login.php" "Mozilla/5.0 (Windows NT 10.0; Win64; x64; rv:133.0) Gecko/20100101 Firefox/133.0"
74.91.224.220 - - [10/May/2026:19:59:39 +1000] "POST /wp-login.php HTTP/2" 301 795 "https://pgkdistribution.com.au/wp-login.php" "Mozilla/5.0 (Windows NT 10.0; Win64; x64; rv:133.0) Gecko/20100101 Firefox/133.0"
74.91.224.220 - - [10/May/2026:19:59:42 +1000] "GET /wp-login.php HTTP/2" 200 2507 "https://pgkdistribution.com.au/wp-login.php" "Mozilla/5.0 (Windows NT 10.0; Win64; x64; rv:133.0) Gecko/20100101 Firefox/133.0"
111.67.29.221 - - [10/May/2026:20:00:02 +1000] "POST /wp-cron.php?doing_wp_cron=1778407202.0521140098571777343750 HTTP/1.1" 200 538 "-" "WordPress/6.9.4; https://www.pgkdistribution.com.au"
66.249.70.172 - - [10/May/2026:20:00:00 +1000] "GET /cookie-policy/ HTTP/1.1" 200 33522 "-" "Mozilla/5.0 (Linux; Android 6.0.1; Nexus 5X Build/MMB29P) AppleWebKit/537.36 (KHTML, like Gecko) Chrome/99.0.4844.84 Mobile Safari/537.36 (compatible; Googlebot/2.1; +http://www.google.com/bot.html)"
66.249.70.171 - - [10/May/2026:20:00:03 +1000] "GET /cookie-policy/ HTTP/1.1" 200 33522 "-" "Mozilla/5.0 (compatible; Googlebot/2.1; +http://www.google.com/bot.html)"
66.249.70.171 - - [10/May/2026:20:00:09 +1000] "POST /?wc-ajax=get_refreshed_fragments HTTP/1.1" 200 1190 "https://www.pgkdistribution.com.au/cookie-policy/" "Mozilla/5.0 AppleWebKit/537.36 (KHTML, like Gecko; compatible; Googlebot/2.1; +http://www.google.com/bot.html) Chrome/147.0.7727.116 Safari/537.36"
66.249.70.172 - - [10/May/2026:20:00:12 +1000] "POST /?wc-ajax=get_refreshed_fragments HTTP/1.1" 200 1190 "https://www.pgkdistribution.com.au/cookie-policy/" "Mozilla/5.0 (Linux; Android 6.0.1; Nexus 5X Build/MMB29P) AppleWebKit/537.36 (KHTML, like Gecko) Chrome/147.0.7727.116 Mobile Safari/537.36 (compatible; Googlebot/2.1; +http://www.google.com/bot.html)"
111.67.29.221 - - [10/May/2026:20:00:23 +1000] "POST /wp-cron.php?doing_wp_cron=1778407223.0281019210815429687500 HTTP/1.1" 200 538 "-" "WordPress/6.9.4; https://www.pgkdistribution.com.au"
216.194.174.116 - - [10/May/2026:20:00:20 +1000] "GET /wp-login.php HTTP/2" 200 2507 "-" "Mozilla/5.0 (Windows NT 10.0; Win64; x64) AppleWebKit/537.36 (KHTML, like Gecko) Chrome/133.0.0.0 Safari/537.36"
216.194.174.116 - - [10/May/2026:20:00:23 +1000] "POST /wp-login.php HTTP/2" 200 2659 "https://www.pgkdistribution.com.au/wp-login.php" "Mozilla/5.0 (Windows NT 10.0; Win64; x64) AppleWebKit/537.36 (KHTML, like Gecko) Chrome/133.0.0.0 Safari/537.36"
154.0.171.161 - - [10/May/2026:20:00:58 +1000] "GET /wp-login.php HTTP/2" 301 795 "-" "Mozilla/5.0 (X11; Linux x86_64) AppleWebKit/537.36 (KHTML, like Gecko) Chrome/133.0.0.0 Safari/537.36 Edg/133.0.0.0"
111.67.29.221 - - [10/May/2026:20:02:30 +1000] "POST /wp-cron.php?doing_wp_cron=1778407350.8208410739898681640625 HTTP/1.1" 200 538 "-" "WordPress/6.9.4; https://www.pgkdistribution.com.au"
45.142.193.140 - - [10/May/2026:20:02:27 +1000] "HEAD /backups/database.zip HTTP/2" 404 0 "-" "Mozilla/5.0 (Windows NT 10.0; Win64; x64) AppleWebKit/537.36 (KHTML, like Gecko) Chrome/121.0.0.0 Safari/537.36"
217.20.124.76 - - [10/May/2026:20:02:33 +1000] "GET /wp-login.php HTTP/2" 301 795 "-" "Mozilla/5.0 (Windows NT 10.0; WOW64) AppleWebKit/537.36 (KHTML, like Gecko) Chrome/133.0.0.0 Safari/537.36"
217.20.124.76 - - [10/May/2026:20:02:35 +1000] "GET /wp-login.php HTTP/2" 200 2507 "https://pgkdistribution.com.au/wp-login.php" "Mozilla/5.0 (Windows NT 10.0; WOW64) AppleWebKit/537.36 (KHTML, like Gecko) Chrome/133.0.0.0 Safari/537.36"
217.20.124.76 - - [10/May/2026:20:02:38 +1000] "POST /wp-login.php HTTP/2" 301 795 "https://pgkdistribution.com.au/wp-login.php" "Mozilla/5.0 (Windows NT 10.0; WOW64) AppleWebKit/537.36 (KHTML, like Gecko) Chrome/133.0.0.0 Safari/537.36"
44.215.210.112 - - [10/May/2026:20:02:37 +1000] "GET /product/pgk-250v-ac-20amp-1p-circuit-breaker/ HTTP/1.1" 200 35641 "-" "Mozilla/5.0 AppleWebKit/537.36 (KHTML, like Gecko; compatible; Amazonbot/0.1; +https://developer.amazon.com/support/amazonbot) Chrome/119.0.6045.214 Safari/537.36"
217.20.124.76 - - [10/May/2026:20:02:38 +1000] "GET /wp-login.php HTTP/2" 200 2507 "https://pgkdistribution.com.au/wp-login.php" "Mozilla/5.0 (Windows NT 10.0; WOW64) AppleWebKit/537.36 (KHTML, like Gecko) Chrome/133.0.0.0 Safari/537.36"
216.75.132.47 - - [10/May/2026:20:03:08 +1000] "GET /wp-content/uploads/2021/05/1000V-DC-500x500-2.jpg HTTP/1.1" 200 15092 "-" "Mozilla/5.0 (iPad; CPU OS 17_0 like Mac OS X) AppleWebKit/605.1.15 (KHTML, like Gecko) Version/17.0 Mobile/15E148 Safari/604.1"
103.69.224.23 - - [10/May/2026:20:03:55 +1000] "POST /xmlrpc.php HTTP/1.1" 301 1310 "-" "wp_cli_pepe/0.1"
103.69.224.23 - - [10/May/2026:20:03:55 +1000] "GET /wp-login.php HTTP/1.1" 301 1134 "-" "wp_cli_pepe/0.1"
103.69.224.23 - - [10/May/2026:20:03:55 +1000] "POST /wp-login.php HTTP/1.1" 301 1134 "-" "wp_cli_pepe/0.1"
103.69.224.23 - - [10/May/2026:20:03:55 +1000] "GET /wp-admin/ HTTP/1.1" 301 1131 "-" "wp_cli_pepe/0.1"
147.135.37.185 - - [10/May/2026:20:04:31 +1000] "GET /wp-login.php HTTP/2" 301 795 "-" "Mozilla/5.0 (X11; Ubuntu; Linux x86_64) AppleWebKit/537.36 (KHTML, like Gecko) Chrome/133.0.0.0 Safari/537.36"
111.67.29.221 - - [10/May/2026:20:04:35 +1000] "POST /wp-cron.php?doing_wp_cron=1778407475.0752530097961425781250 HTTP/1.1" 200 538 "-" "WordPress/6.9.4; https://www.pgkdistribution.com.au"
147.135.37.185 - - [10/May/2026:20:04:33 +1000] "GET /wp-login.php HTTP/2" 200 2507 "https://pgkdistribution.com.au/wp-login.php" "Mozilla/5.0 (X11; Ubuntu; Linux x86_64) AppleWebKit/537.36 (KHTML, like Gecko) Chrome/133.0.0.0 Safari/537.36"
147.135.37.185 - - [10/May/2026:20:04:35 +1000] "POST /wp-login.php HTTP/2" 301 795 "https://pgkdistribution.com.au/wp-login.php" "Mozilla/5.0 (X11; Ubuntu; Linux x86_64) AppleWebKit/537.36 (KHTML, like Gecko) Chrome/133.0.0.0 Safari/537.36"
147.135.37.185 - - [10/May/2026:20:04:35 +1000] "GET /wp-login.php HTTP/2" 200 2507 "https://pgkdistribution.com.au/wp-login.php" "Mozilla/5.0 (X11; Ubuntu; Linux x86_64) AppleWebKit/537.36 (KHTML, like Gecko) Chrome/133.0.0.0 Safari/537.36"
66.249.70.173 - - [10/May/2026:20:04:42 +1000] "GET /product/solis-1p-5000w-dual-mppt/ HTTP/1.1" 200 35667 "-" "googlebot-smart-phone"
66.249.70.171 - - [10/May/2026:20:04:45 +1000] "GET /product/genuine-branch-mc4-connector-plug/ HTTP/1.1" 200 35838 "-" "googlebot-smart-phone"
111.67.29.221 - - [10/May/2026:20:04:55 +1000] "POST /wp-cron.php?doing_wp_cron=1778407495.8835089206695556640625 HTTP/1.1" 200 538 "-" "WordPress/6.9.4; https://www.pgkdistribution.com.au"
113.22.137.197 - murphylwatt [10/May/2026:20:04:53 +1000] "GET /wp-json/wp/v2/users/me HTTP/2" 401 102 "-" "Mozilla/5.0 (Windows NT 10.0; WOW64) AppleWebKit/537.36 (KHTML, like Gecko) Chrome/133.0.0.0 Safari/537.36"
74.91.224.220 - - [10/May/2026:20:05:04 +1000] "GET /wp-login.php HTTP/2" 301 795 "-" "Mozilla/5.0 (Macintosh; Intel Mac OS X 14_7_4) AppleWebKit/537.36 (KHTML, like Gecko) Chrome/133.0.0.0 Safari/537.36"
198.251.71.113 - - [10/May/2026:20:05:09 +1000] "GET /wp-login.php HTTP/2" 301 795 "-" "Mozilla/5.0 (Windows NT 10.0; Win64; x64) AppleWebKit/537.36 (KHTML, like Gecko) Chrome/133.0.0.0 Safari/537.36 Edg/133.0.0.0"
34.101.189.231 - - [10/May/2026:20:05:09 +1000] "GET /wp-login.php HTTP/2" 200 2507 "-" "Mozilla/5.0 (X11; Linux i686) AppleWebKit/537.36 (KHTML, like Gecko) Chrome/133.0.0.0 Safari/537.36"
198.251.71.113 - - [10/May/2026:20:05:11 +1000] "GET /wp-login.php HTTP/2" 200 2507 "https://pgkdistribution.com.au/wp-login.php" "Mozilla/5.0 (Windows NT 10.0; Win64; x64) AppleWebKit/537.36 (KHTML, like Gecko) Chrome/133.0.0.0 Safari/537.36 Edg/133.0.0.0"
198.251.71.113 - - [10/May/2026:20:05:13 +1000] "POST /wp-login.php HTTP/2" 301 795 "https://pgkdistribution.com.au/wp-login.php" "Mozilla/5.0 (Windows NT 10.0; Win64; x64) AppleWebKit/537.36 (KHTML, like Gecko) Chrome/133.0.0.0 Safari/537.36 Edg/133.0.0.0"
34.101.189.231 - - [10/May/2026:20:05:13 +1000] "POST /wp-login.php HTTP/2" 200 2654 "https://www.pgkdistribution.com.au/wp-login.php" "Mozilla/5.0 (X11; Linux i686) AppleWebKit/537.36 (KHTML, like Gecko) Chrome/133.0.0.0 Safari/537.36"
74.91.224.220 - pgkdistribution [10/May/2026:20:05:15 +1000] "GET /wp-json/wp/v2/users/me HTTP/2" 301 795 "-" "Mozilla/5.0 (Macintosh; Intel Mac OS X 14_7_4) AppleWebKit/537.36 (KHTML, like Gecko) Chrome/133.0.0.0 Safari/537.36"
198.251.71.113 - - [10/May/2026:20:05:13 +1000] "GET /wp-login.php HTTP/2" 200 2507 "https://pgkdistribution.com.au/wp-login.php" "Mozilla/5.0 (Windows NT 10.0; Win64; x64) AppleWebKit/537.36 (KHTML, like Gecko) Chrome/133.0.0.0 Safari/537.36 Edg/133.0.0.0"
111.67.29.221 - - [10/May/2026:20:05:20 +1000] "POST /wp-cron.php?doing_wp_cron=1778407520.0834779739379882812500 HTTP/1.1" 200 538 "-" "WordPress/6.9.4; https://www.pgkdistribution.com.au"
18.144.20.119 - - [10/May/2026:20:05:18 +1000] "GET /solar-rails/ HTTP/1.1" 200 31481 "-" "Mozilla/5.0 (Windows NT 10.0; Win64; x64) AppleWebKit/537.36 (KHTML, like Gecko) Chrome/104.0.0.0 Safari/537.36"
74.91.224.220 - - [10/May/2026:20:05:17 +1000] "GET /wp-json/wp/v2/users/me HTTP/2" 401 102 "https://pgkdistribution.com.au/wp-json/wp/v2/users/me" "Mozilla/5.0 (Macintosh; Intel Mac OS X 14_7_4) AppleWebKit/537.36 (KHTML, like Gecko) Chrome/133.0.0.0 Safari/537.36"
121.200.217.27 - - [10/May/2026:20:06:02 +1000] "GET /wp-login.php HTTP/2" 301 795 "-" "Mozilla/5.0 (Windows NT 10.0; Win64; x64; rv:133.0) Gecko/20100101 Firefox/133.0"
121.200.217.27 - - [10/May/2026:20:06:09 +1000] "GET /wp-login.php HTTP/2" 200 2507 "https://pgkdistribution.com.au/wp-login.php" "Mozilla/5.0 (Windows NT 10.0; Win64; x64; rv:133.0) Gecko/20100101 Firefox/133.0"
121.200.217.27 - - [10/May/2026:20:06:11 +1000] "POST /wp-login.php HTTP/2" 301 795 "https://pgkdistribution.com.au/wp-login.php" "Mozilla/5.0 (Windows NT 10.0; Win64; x64; rv:133.0) Gecko/20100101 Firefox/133.0"
121.200.217.27 - - [10/May/2026:20:06:12 +1000] "GET /wp-login.php HTTP/2" 200 2507 "https://pgkdistribution.com.au/wp-login.php" "Mozilla/5.0 (Windows NT 10.0; Win64; x64; rv:133.0) Gecko/20100101 Firefox/133.0"
111.67.29.221 - - [10/May/2026:20:07:03 +1000] "POST /wp-cron.php?doing_wp_cron=1778407623.4870960712432861328125 HTTP/1.1" 200 538 "-" "WordPress/6.9.4; https://www.pgkdistribution.com.au"
121.200.216.56 - purchasing [10/May/2026:20:07:01 +1000] "GET /wp-json/wp/v2/users/me HTTP/2" 401 102 "-" "Mozilla/5.0 (Macintosh; Intel Mac OS X 10_15_7) AppleWebKit/537.36 (KHTML, like Gecko) Chrome/133.0.0.0 Safari/537.36 Edg/133.0.0.0"
111.67.29.221 - - [10/May/2026:20:07:23 +1000] "POST /wp-cron.php?doing_wp_cron=1778407643.0901579856872558593750 HTTP/1.1" 200 538 "-" "WordPress/6.9.4; https://www.pgkdistribution.com.au"
66.249.70.172 - - [10/May/2026:20:07:20 +1000] "GET /product/pgk-3pole35a-ac-isolatorswitch/ HTTP/1.1" 200 36087 "-" "Mozilla/5.0 (compatible; Googlebot/2.1; +http://www.google.com/bot.html)"
160.250.186.220 - - [10/May/2026:20:07:34 +1000] "GET /wp-login.php HTTP/2" 301 795 "-" "Mozilla/5.0 (Windows NT 10.0; Win64; x64) AppleWebKit/537.36 (KHTML, like Gecko) Chrome/133.0.0.0 Safari/537.36"
111.67.29.221 - - [10/May/2026:20:07:37 +1000] "POST /wp-cron.php?doing_wp_cron=1778407657.5509419441223144531250 HTTP/1.1" 200 538 "-" "WordPress/6.9.4; https://www.pgkdistribution.com.au"
160.250.186.220 - - [10/May/2026:20:07:35 +1000] "GET /wp-login.php HTTP/2" 200 2507 "https://pgkdistribution.com.au/wp-login.php" "Mozilla/5.0 (Windows NT 10.0; Win64; x64) AppleWebKit/537.36 (KHTML, like Gecko) Chrome/133.0.0.0 Safari/537.36"
160.250.186.220 - - [10/May/2026:20:07:38 +1000] "POST /wp-login.php HTTP/2" 301 795 "https://pgkdistribution.com.au/wp-login.php" "Mozilla/5.0 (Windows NT 10.0; Win64; x64) AppleWebKit/537.36 (KHTML, like Gecko) Chrome/133.0.0.0 Safari/537.36"
160.250.186.220 - - [10/May/2026:20:07:38 +1000] "GET /wp-login.php HTTP/2" 200 2507 "https://pgkdistribution.com.au/wp-login.php" "Mozilla/5.0 (Windows NT 10.0; Win64; x64) AppleWebKit/537.36 (KHTML, like Gecko) Chrome/133.0.0.0 Safari/537.36"
66.249.64.99 - - [10/May/2026:20:08:27 +1000] "GET /wp-content/uploads/2021/05/SE042F-500x500-1.jpg HTTP/1.1" 301 1347 "-" "Googlebot-Image/1.0"
66.249.70.172 - - [10/May/2026:20:08:30 +1000] "GET /wp-content/uploads/2021/05/SE042F-500x500-1.jpg HTTP/1.1" 200 12246 "-" "Googlebot-Image/1.0"
200.69.20.165 - - [10/May/2026:20:08:43 +1000] "GET /wp-login.php HTTP/2" 301 795 "-" "Mozilla/5.0 (Windows NT 10.0; Win64; x64; rv:133.0) Gecko/20100101 Firefox/133.0"
111.67.29.221 - - [10/May/2026:20:08:47 +1000] "POST /wp-cron.php?doing_wp_cron=1778407727.1919078826904296875000 HTTP/1.1" 200 538 "-" "WordPress/6.9.4; https://www.pgkdistribution.com.au"
200.69.20.165 - - [10/May/2026:20:08:44 +1000] "GET /wp-login.php HTTP/2" 200 2507 "https://pgkdistribution.com.au/wp-login.php" "Mozilla/5.0 (Windows NT 10.0; Win64; x64; rv:133.0) Gecko/20100101 Firefox/133.0"
200.69.20.165 - - [10/May/2026:20:08:47 +1000] "POST /wp-login.php HTTP/2" 301 795 "https://pgkdistribution.com.au/wp-login.php" "Mozilla/5.0 (Windows NT 10.0; Win64; x64; rv:133.0) Gecko/20100101 Firefox/133.0"
200.69.20.165 - - [10/May/2026:20:08:47 +1000] "GET /wp-login.php HTTP/2" 200 2507 "https://pgkdistribution.com.au/wp-login.php" "Mozilla/5.0 (Windows NT 10.0; Win64; x64; rv:133.0) Gecko/20100101 Firefox/133.0"
111.67.29.221 - - [10/May/2026:20:10:28 +1000] "POST /wp-cron.php?doing_wp_cron=1778407828.0428540706634521484375 HTTP/1.1" 200 538 "-" "WordPress/6.9.4; https://www.pgkdistribution.com.au"
129.121.76.191 - - [10/May/2026:20:10:25 +1000] "GET /wp-login.php HTTP/2" 200 2507 "-" "Mozilla/5.0 (Windows NT 10.0) AppleWebKit/537.36 (KHTML, like Gecko) Chrome/133.0.0.0 Safari/537.36"
129.121.76.191 - - [10/May/2026:20:10:28 +1000] "POST /wp-login.php HTTP/2" 200 2660 "https://www.pgkdistribution.com.au/wp-login.php" "Mozilla/5.0 (Windows NT 10.0) AppleWebKit/537.36 (KHTML, like Gecko) Chrome/133.0.0.0 Safari/537.36"
82.196.25.136 - - [10/May/2026:20:10:45 +1000] "GET /wp-login.php HTTP/2" 301 795 "-" "Mozilla/5.0 (X11; Linux x86_64) AppleWebKit/537.36 (KHTML, like Gecko) Chrome/133.0.0.0 Safari/537.36 Edg/133.0.0.0"
82.196.25.136 - - [10/May/2026:20:10:47 +1000] "GET /wp-login.php HTTP/2" 200 2507 "https://pgkdistribution.com.au/wp-login.php" "Mozilla/5.0 (X11; Linux x86_64) AppleWebKit/537.36 (KHTML, like Gecko) Chrome/133.0.0.0 Safari/537.36 Edg/133.0.0.0"
82.196.25.136 - - [10/May/2026:20:10:49 +1000] "POST /wp-login.php HTTP/2" 301 795 "https://pgkdistribution.com.au/wp-login.php" "Mozilla/5.0 (X11; Linux x86_64) AppleWebKit/537.36 (KHTML, like Gecko) Chrome/133.0.0.0 Safari/537.36 Edg/133.0.0.0"
82.196.25.136 - - [10/May/2026:20:10:49 +1000] "GET /wp-login.php HTTP/2" 200 2507 "https://pgkdistribution.com.au/wp-login.php" "Mozilla/5.0 (X11; Linux x86_64) AppleWebKit/537.36 (KHTML, like Gecko) Chrome/133.0.0.0 Safari/537.36 Edg/133.0.0.0"
111.67.29.221 - - [10/May/2026:20:11:21 +1000] "POST /wp-cron.php?doing_wp_cron=1778407881.5873160362243652343750 HTTP/1.1" 200 538 "-" "WordPress/6.9.4; https://www.pgkdistribution.com.au"
49.13.78.50 - - [10/May/2026:20:11:18 +1000] "GET /wp-login.php HTTP/2" 200 2507 "-" "Mozilla/5.0 (Windows NT 10.0; Win64; x64; rv:133.0) Gecko/20100101 Firefox/133.0"
49.13.78.50 - - [10/May/2026:20:11:21 +1000] "POST /wp-login.php HTTP/2" 200 2654 "https://www.pgkdistribution.com.au/wp-login.php" "Mozilla/5.0 (Windows NT 10.0; Win64; x64; rv:133.0) Gecko/20100101 Firefox/133.0"
82.196.25.136 - - [10/May/2026:20:11:38 +1000] "GET /wp-login.php HTTP/2" 301 795 "-" "Mozilla/5.0 (Macintosh; Intel Mac OS X 10_15_7) AppleWebKit/537.36 (KHTML, like Gecko) Chrome/133.0.0.0 Safari/537.36"
40.89.166.179 - - [10/May/2026:20:11:39 +1000] "GET /wp-login.php HTTP/2" 301 795 "-" "Mozilla/5.0 (X11; Fedora; Linux x86_64) AppleWebKit/537.36 (KHTML, like Gecko) Chrome/133.0.0.0 Safari/537.36"
82.196.25.136 - - [10/May/2026:20:11:39 +1000] "GET /wp-login.php HTTP/2" 200 2507 "https://pgkdistribution.com.au/wp-login.php" "Mozilla/5.0 (Macintosh; Intel Mac OS X 10_15_7) AppleWebKit/537.36 (KHTML, like Gecko) Chrome/133.0.0.0 Safari/537.36"
82.196.25.136 - - [10/May/2026:20:11:42 +1000] "POST /wp-login.php HTTP/2" 301 795 "https://pgkdistribution.com.au/wp-login.php" "Mozilla/5.0 (Macintosh; Intel Mac OS X 10_15_7) AppleWebKit/537.36 (KHTML, like Gecko) Chrome/133.0.0.0 Safari/537.36"
40.89.166.179 - - [10/May/2026:20:11:40 +1000] "GET /wp-login.php HTTP/2" 200 2507 "https://pgkdistribution.com.au/wp-login.php" "Mozilla/5.0 (X11; Fedora; Linux x86_64) AppleWebKit/537.36 (KHTML, like Gecko) Chrome/133.0.0.0 Safari/537.36"
40.89.166.179 - - [10/May/2026:20:11:43 +1000] "POST /wp-login.php HTTP/2" 301 795 "https://pgkdistribution.com.au/wp-login.php" "Mozilla/5.0 (X11; Fedora; Linux x86_64) AppleWebKit/537.36 (KHTML, like Gecko) Chrome/133.0.0.0 Safari/537.36"
82.196.25.136 - - [10/May/2026:20:11:43 +1000] "GET /wp-login.php HTTP/2" 200 2507 "https://pgkdistribution.com.au/wp-login.php" "Mozilla/5.0 (Macintosh; Intel Mac OS X 10_15_7) AppleWebKit/537.36 (KHTML, like Gecko) Chrome/133.0.0.0 Safari/537.36"
40.89.166.179 - - [10/May/2026:20:11:43 +1000] "GET /wp-login.php HTTP/2" 200 2507 "https://pgkdistribution.com.au/wp-login.php" "Mozilla/5.0 (X11; Fedora; Linux x86_64) AppleWebKit/537.36 (KHTML, like Gecko) Chrome/133.0.0.0 Safari/537.36"
183.181.81.161 - - [10/May/2026:20:11:48 +1000] "GET /wp-login.php HTTP/2" 301 795 "-" "Mozilla/5.0 (X11; CrOS x86_64 14541.0.0) AppleWebKit/537.36 (KHTML, like Gecko) Chrome/133.0.0.0 Safari/537.36"
111.67.29.221 - - [10/May/2026:20:11:52 +1000] "POST /wp-cron.php?doing_wp_cron=1778407912.0735790729522705078125 HTTP/1.1" 200 538 "-" "WordPress/6.9.4; https://www.pgkdistribution.com.au"
183.181.81.161 - - [10/May/2026:20:11:49 +1000] "GET /wp-login.php HTTP/2" 200 2507 "https://pgkdistribution.com.au/wp-login.php" "Mozilla/5.0 (X11; CrOS x86_64 14541.0.0) AppleWebKit/537.36 (KHTML, like Gecko) Chrome/133.0.0.0 Safari/537.36"
183.181.81.161 - - [10/May/2026:20:11:52 +1000] "POST /wp-login.php HTTP/2" 301 795 "https://pgkdistribution.com.au/wp-login.php" "Mozilla/5.0 (X11; CrOS x86_64 14541.0.0) AppleWebKit/537.36 (KHTML, like Gecko) Chrome/133.0.0.0 Safari/537.36"
183.181.81.161 - - [10/May/2026:20:11:52 +1000] "GET /wp-login.php HTTP/2" 200 2507 "https://pgkdistribution.com.au/wp-login.php" "Mozilla/5.0 (X11; CrOS x86_64 14541.0.0) AppleWebKit/537.36 (KHTML, like Gecko) Chrome/133.0.0.0 Safari/537.36"
192.3.12.164 - - [10/May/2026:20:12:24 +1000] "GET /wp-login.php HTTP/2" 301 795 "-" "Mozilla/5.0 (Windows NT 10.0; Win64; x64; rv:133.0) Gecko/20100101 Firefox/133.0"
111.67.29.221 - - [10/May/2026:20:12:31 +1000] "POST /wp-cron.php?doing_wp_cron=1778407951.6093230247497558593750 HTTP/1.1" 200 538 "-" "WordPress/6.9.4; https://www.pgkdistribution.com.au"
192.3.12.164 - - [10/May/2026:20:12:29 +1000] "GET /wp-login.php HTTP/2" 200 2507 "https://pgkdistribution.com.au/wp-login.php" "Mozilla/5.0 (Windows NT 10.0; Win64; x64; rv:133.0) Gecko/20100101 Firefox/133.0"
192.3.12.164 - - [10/May/2026:20:12:32 +1000] "POST /wp-login.php HTTP/2" 301 795 "https://pgkdistribution.com.au/wp-login.php" "Mozilla/5.0 (Windows NT 10.0; Win64; x64; rv:133.0) Gecko/20100101 Firefox/133.0"
192.3.12.164 - - [10/May/2026:20:12:32 +1000] "GET /wp-login.php HTTP/2" 200 2507 "https://pgkdistribution.com.au/wp-login.php" "Mozilla/5.0 (Windows NT 10.0; Win64; x64; rv:133.0) Gecko/20100101 Firefox/133.0"
4.193.137.131 - - [10/May/2026:20:12:38 +1000] "GET /011i.php HTTP/1.1" 301 1308 "-" "Mozilla/5.0 (Windows NT 10.0; Win64; x64) AppleWebKit/537.36 (KHTML, like Gecko) Chrome/120.0.0.0 Safari/537.36"
4.193.137.131 - - [10/May/2026:20:12:38 +1000] "GET /03a005685d.php HTTP/1.1" 301 1136 "-" "Mozilla/5.0 (Windows NT 10.0; Win64; x64) AppleWebKit/537.36 (KHTML, like Gecko) Chrome/120.0.0.0 Safari/537.36"
4.193.137.131 - - [10/May/2026:20:12:38 +1000] "GET /403.php HTTP/1.1" 301 1129 "-" "Mozilla/5.0 (Windows NT 10.0; Win64; x64) AppleWebKit/537.36 (KHTML, like Gecko) Chrome/120.0.0.0 Safari/537.36"
4.193.137.131 - - [10/May/2026:20:12:38 +1000] "GET /404.php HTTP/1.1" 301 1129 "-" "Mozilla/5.0 (Windows NT 10.0; Win64; x64) AppleWebKit/537.36 (KHTML, like Gecko) Chrome/120.0.0.0 Safari/537.36"
4.193.137.131 - - [10/May/2026:20:12:38 +1000] "GET /aa.php HTTP/1.1" 301 1128 "-" "Mozilla/5.0 (Windows NT 10.0; Win64; x64) AppleWebKit/537.36 (KHTML, like Gecko) Chrome/120.0.0.0 Safari/537.36"
4.193.137.131 - - [10/May/2026:20:12:38 +1000] "GET /aafewc0k.php HTTP/1.1" 301 1134 "-" "Mozilla/5.0 (Windows NT 10.0; Win64; x64) AppleWebKit/537.36 (KHTML, like Gecko) Chrome/120.0.0.0 Safari/537.36"
4.193.137.131 - - [10/May/2026:20:12:39 +1000] "GET /abcd.php HTTP/1.1" 301 1130 "-" "Mozilla/5.0 (Windows NT 10.0; Win64; x64) AppleWebKit/537.36 (KHTML, like Gecko) Chrome/120.0.0.0 Safari/537.36"
4.193.137.131 - - [10/May/2026:20:12:39 +1000] "GET /about.php HTTP/1.1" 301 1131 "-" "Mozilla/5.0 (Windows NT 10.0; Win64; x64) AppleWebKit/537.36 (KHTML, like Gecko) Chrome/120.0.0.0 Safari/537.36"
4.193.137.131 - - [10/May/2026:20:12:39 +1000] "GET /admin.php HTTP/1.1" 301 1131 "-" "Mozilla/5.0 (Windows NT 10.0; Win64; x64) AppleWebKit/537.36 (KHTML, like Gecko) Chrome/120.0.0.0 Safari/537.36"
4.193.137.131 - - [10/May/2026:20:12:39 +1000] "GET /adminfuns.php HTTP/1.1" 301 1135 "-" "Mozilla/5.0 (Windows NT 10.0; Win64; x64) AppleWebKit/537.36 (KHTML, like Gecko) Chrome/120.0.0.0 Safari/537.36"
4.193.137.131 - - [10/May/2026:20:12:39 +1000] "GET /albin.php HTTP/1.1" 301 1131 "-" "Mozilla/5.0 (Windows NT 10.0; Win64; x64) AppleWebKit/537.36 (KHTML, like Gecko) Chrome/120.0.0.0 Safari/537.36"
4.193.137.131 - - [10/May/2026:20:12:39 +1000] "GET /amfsqvgv.php HTTP/1.1" 301 1134 "-" "Mozilla/5.0 (Windows NT 10.0; Win64; x64) AppleWebKit/537.36 (KHTML, like Gecko) Chrome/120.0.0.0 Safari/537.36"
4.193.137.131 - - [10/May/2026:20:12:39 +1000] "GET /ant.php HTTP/1.1" 301 1129 "-" "Mozilla/5.0 (Windows NT 10.0; Win64; x64) AppleWebKit/537.36 (KHTML, like Gecko) Chrome/120.0.0.0 Safari/537.36"
4.193.137.131 - - [10/May/2026:20:12:39 +1000] "GET /appreciators.php HTTP/1.1" 301 1138 "-" "Mozilla/5.0 (Windows NT 10.0; Win64; x64) AppleWebKit/537.36 (KHTML, like Gecko) Chrome/120.0.0.0 Safari/537.36"
4.193.137.131 - - [10/May/2026:20:12:39 +1000] "GET /archive.php HTTP/1.1" 301 1133 "-" "Mozilla/5.0 (Windows NT 10.0; Win64; x64) AppleWebKit/537.36 (KHTML, like Gecko) Chrome/120.0.0.0 Safari/537.36"
4.193.137.131 - - [10/May/2026:20:12:39 +1000] "GET /as.php HTTP/1.1" 301 1128 "-" "Mozilla/5.0 (Windows NT 10.0; Win64; x64) AppleWebKit/537.36 (KHTML, like Gecko) Chrome/120.0.0.0 Safari/537.36"
4.193.137.131 - - [10/May/2026:20:12:39 +1000] "GET /atomlib.php HTTP/1.1" 301 1133 "-" "Mozilla/5.0 (Windows NT 10.0; Win64; x64) AppleWebKit/537.36 (KHTML, like Gecko) Chrome/120.0.0.0 Safari/537.36"
4.193.137.131 - - [10/May/2026:20:12:40 +1000] "GET /autoload_classmap.php HTTP/1.1" 301 1143 "-" "Mozilla/5.0 (Windows NT 10.0; Win64; x64) AppleWebKit/537.36 (KHTML, like Gecko) Chrome/120.0.0.0 Safari/537.36"
4.193.137.131 - - [10/May/2026:20:12:40 +1000] "GET /bb.php HTTP/1.1" 301 1128 "-" "Mozilla/5.0 (Windows NT 10.0; Win64; x64) AppleWebKit/537.36 (KHTML, like Gecko) Chrome/120.0.0.0 Safari/537.36"
4.193.137.131 - - [10/May/2026:20:12:40 +1000] "GET /bnm.php HTTP/1.1" 301 1129 "-" "Mozilla/5.0 (Windows NT 10.0; Win64; x64) AppleWebKit/537.36 (KHTML, like Gecko) Chrome/120.0.0.0 Safari/537.36"
4.193.137.131 - - [10/May/2026:20:12:40 +1000] "GET /bootstrap.php HTTP/1.1" 301 1135 "-" "Mozilla/5.0 (Windows NT 10.0; Win64; x64) AppleWebKit/537.36 (KHTML, like Gecko) Chrome/120.0.0.0 Safari/537.36"
4.193.137.131 - - [10/May/2026:20:12:40 +1000] "GET /buy.php HTTP/1.1" 301 1129 "-" "Mozilla/5.0 (Windows NT 10.0; Win64; x64) AppleWebKit/537.36 (KHTML, like Gecko) Chrome/120.0.0.0 Safari/537.36"
4.193.137.131 - - [10/May/2026:20:12:40 +1000] "GET /chosen.php HTTP/1.1" 301 1132 "-" "Mozilla/5.0 (Windows NT 10.0; Win64; x64) AppleWebKit/537.36 (KHTML, like Gecko) Chrome/120.0.0.0 Safari/537.36"
4.193.137.131 - - [10/May/2026:20:12:40 +1000] "GET /class-wp-image.php HTTP/1.1" 301 1140 "-" "Mozilla/5.0 (Windows NT 10.0; Win64; x64) AppleWebKit/537.36 (KHTML, like Gecko) Chrome/120.0.0.0 Safari/537.36"
4.193.137.131 - - [10/May/2026:20:12:40 +1000] "GET /classsmtps.php HTTP/1.1" 301 1136 "-" "Mozilla/5.0 (Windows NT 10.0; Win64; x64) AppleWebKit/537.36 (KHTML, like Gecko) Chrome/120.0.0.0 Safari/537.36"
4.193.137.131 - - [10/May/2026:20:12:40 +1000] "GET /classwithtostring.php HTTP/1.1" 301 1143 "-" "Mozilla/5.0 (Windows NT 10.0; Win64; x64) AppleWebKit/537.36 (KHTML, like Gecko) Chrome/120.0.0.0 Safari/537.36"
4.193.137.131 - - [10/May/2026:20:12:40 +1000] "GET /config.php HTTP/1.1" 301 1132 "-" "Mozilla/5.0 (Windows NT 10.0; Win64; x64) AppleWebKit/537.36 (KHTML, like Gecko) Chrome/120.0.0.0 Safari/537.36"
