123.30.233.13 - - [10/May/2026:21:43:22 +1000] "GET /wp-login.php HTTP/2" 200 2507 "https://pgkdistribution.com.au/wp-login.php" "Mozilla/5.0 (Macintosh; Intel Mac OS X 10_15_7) AppleWebKit/605.1.15 (KHTML, like Gecko) Version/18.3 Safari/605.1.15"
123.30.233.13 - - [10/May/2026:21:43:24 +1000] "POST /wp-login.php HTTP/2" 301 795 "https://pgkdistribution.com.au/wp-login.php" "Mozilla/5.0 (Macintosh; Intel Mac OS X 10_15_7) AppleWebKit/605.1.15 (KHTML, like Gecko) Version/18.3 Safari/605.1.15"
147.135.37.185 - - [10/May/2026:21:43:23 +1000] "GET /wp-login.php HTTP/2" 200 2507 "https://pgkdistribution.com.au/wp-login.php" "Mozilla/5.0 (Macintosh; Intel Mac OS X 10_15_7) AppleWebKit/537.36 (KHTML, like Gecko) Chrome/133.0.0.0 Safari/537.36 Edg/133.0.0.0"
123.30.233.13 - - [10/May/2026:21:43:24 +1000] "GET /wp-login.php HTTP/2" 200 2507 "https://pgkdistribution.com.au/wp-login.php" "Mozilla/5.0 (Macintosh; Intel Mac OS X 10_15_7) AppleWebKit/605.1.15 (KHTML, like Gecko) Version/18.3 Safari/605.1.15"
45.142.193.140 - - [10/May/2026:21:44:14 +1000] "HEAD /wp-content/backups/database.zip HTTP/2" 404 0 "-" "Mozilla/5.0 (Windows NT 10.0; Win64; x64) AppleWebKit/537.36 (KHTML, like Gecko) Chrome/121.0.0.0 Safari/537.36"
111.67.29.221 - - [10/May/2026:21:44:23 +1000] "POST /wp-cron.php?doing_wp_cron=1778413462.9474461078643798828125 HTTP/1.1" 200 538 "-" "WordPress/6.9.4; https://www.pgkdistribution.com.au"
194.233.87.198 - - [10/May/2026:21:44:21 +1000] "GET /wp-login.php HTTP/2" 200 2507 "-" "Mozilla/5.0 (X11; CrOS x86_64 14541.0.0) AppleWebKit/537.36 (KHTML, like Gecko) Chrome/133.0.0.0 Safari/537.36"
194.233.87.198 - - [10/May/2026:21:44:23 +1000] "POST /wp-login.php HTTP/2" 200 2654 "https://www.pgkdistribution.com.au/wp-login.php" "Mozilla/5.0 (X11; CrOS x86_64 14541.0.0) AppleWebKit/537.36 (KHTML, like Gecko) Chrome/133.0.0.0 Safari/537.36"
46.32.229.28 - darren [10/May/2026:21:44:54 +1000] "GET /wp-json/wp/v2/users/me HTTP/2" 301 795 "-" "Mozilla/5.0 (Macintosh; Intel Mac OS X 10_15_7) AppleWebKit/537.36 (KHTML, like Gecko) Chrome/133.0.0.0 Safari/537.36 Edg/133.0.0.0"
160.22.108.208 - - [10/May/2026:21:44:54 +1000] "GET /wp-login.php HTTP/2" 301 795 "-" "Mozilla/5.0 (X11; Ubuntu; Linux x86_64; rv:133.0) Gecko/20100101 Firefox/133.0"
111.67.29.221 - - [10/May/2026:21:44:58 +1000] "POST /wp-cron.php?doing_wp_cron=1778413498.7870199680328369140625 HTTP/1.1" 200 538 "-" "WordPress/6.9.4; https://www.pgkdistribution.com.au"
160.22.108.208 - - [10/May/2026:21:44:56 +1000] "GET /wp-login.php HTTP/2" 200 2507 "https://pgkdistribution.com.au/wp-login.php" "Mozilla/5.0 (X11; Ubuntu; Linux x86_64; rv:133.0) Gecko/20100101 Firefox/133.0"
160.22.108.208 - - [10/May/2026:21:45:00 +1000] "POST /wp-login.php HTTP/2" 301 795 "https://pgkdistribution.com.au/wp-login.php" "Mozilla/5.0 (X11; Ubuntu; Linux x86_64; rv:133.0) Gecko/20100101 Firefox/133.0"
160.22.108.208 - - [10/May/2026:21:45:00 +1000] "GET /wp-login.php HTTP/2" 200 2507 "https://pgkdistribution.com.au/wp-login.php" "Mozilla/5.0 (X11; Ubuntu; Linux x86_64; rv:133.0) Gecko/20100101 Firefox/133.0"
78.142.18.172 - - [10/May/2026:21:46:09 +1000] "GET /wp-login.php HTTP/2" 301 795 "-" "Mozilla/5.0 (Windows NT 10.0; Win64; x64) AppleWebKit/537.36 (KHTML, like Gecko) Chrome/133.0.0.0 Safari/537.36 Edg/133.0.0.0"
111.67.29.221 - - [10/May/2026:21:46:18 +1000] "POST /wp-cron.php?doing_wp_cron=1778413578.7011959552764892578125 HTTP/1.1" 200 538 "-" "WordPress/6.9.4; https://www.pgkdistribution.com.au"
78.142.18.172 - - [10/May/2026:21:46:11 +1000] "GET /wp-login.php HTTP/2" 200 2534 "https://pgkdistribution.com.au/wp-login.php" "Mozilla/5.0 (Windows NT 10.0; Win64; x64) AppleWebKit/537.36 (KHTML, like Gecko) Chrome/133.0.0.0 Safari/537.36 Edg/133.0.0.0"
78.142.18.172 - - [10/May/2026:21:46:19 +1000] "POST /wp-login.php HTTP/2" 301 795 "https://pgkdistribution.com.au/wp-login.php" "Mozilla/5.0 (Windows NT 10.0; Win64; x64) AppleWebKit/537.36 (KHTML, like Gecko) Chrome/133.0.0.0 Safari/537.36 Edg/133.0.0.0"
78.142.18.172 - - [10/May/2026:21:46:19 +1000] "GET /wp-login.php HTTP/2" 200 2507 "https://pgkdistribution.com.au/wp-login.php" "Mozilla/5.0 (Windows NT 10.0; Win64; x64) AppleWebKit/537.36 (KHTML, like Gecko) Chrome/133.0.0.0 Safari/537.36 Edg/133.0.0.0"
111.67.29.221 - - [10/May/2026:21:46:24 +1000] "POST /wp-cron.php?doing_wp_cron=1778413584.6952290534973144531250 HTTP/1.1" 200 538 "-" "WordPress/6.9.4; https://www.pgkdistribution.com.au"
172.204.16.70 - - [10/May/2026:21:46:16 +1000] "GET /ac-isolators/ HTTP/2" 200 30815 "-" "Mozilla/5.0 AppleWebKit/537.36 (KHTML, like Gecko); compatible; ChatGPT-User/1.0; +https://openai.com/bot"
178.79.173.199 - - [10/May/2026:21:46:35 +1000] "GET /wp-login.php HTTP/2" 301 795 "-" "Mozilla/5.0 (X11; Ubuntu; Linux x86_64) AppleWebKit/537.36 (KHTML, like Gecko) Chrome/133.0.0.0 Safari/537.36"
178.79.173.199 - - [10/May/2026:21:46:38 +1000] "GET /wp-login.php HTTP/2" 200 2507 "https://pgkdistribution.com.au/wp-login.php" "Mozilla/5.0 (X11; Ubuntu; Linux x86_64) AppleWebKit/537.36 (KHTML, like Gecko) Chrome/133.0.0.0 Safari/537.36"
178.79.173.199 - - [10/May/2026:21:46:40 +1000] "POST /wp-login.php HTTP/2" 301 795 "https://pgkdistribution.com.au/wp-login.php" "Mozilla/5.0 (X11; Ubuntu; Linux x86_64) AppleWebKit/537.36 (KHTML, like Gecko) Chrome/133.0.0.0 Safari/537.36"
178.79.173.199 - - [10/May/2026:21:46:40 +1000] "GET /wp-login.php HTTP/2" 200 2507 "https://pgkdistribution.com.au/wp-login.php" "Mozilla/5.0 (X11; Ubuntu; Linux x86_64) AppleWebKit/537.36 (KHTML, like Gecko) Chrome/133.0.0.0 Safari/537.36"
111.67.29.221 - - [10/May/2026:21:47:43 +1000] "POST /wp-cron.php?doing_wp_cron=1778413663.0701420307159423828125 HTTP/1.1" 200 538 "-" "WordPress/6.9.4; https://www.pgkdistribution.com.au"
139.59.3.17 - - [10/May/2026:21:47:38 +1000] "GET /wp-login.php HTTP/2" 200 2507 "-" "Mozilla/5.0 (Macintosh; Intel Mac OS X 10_15_7) AppleWebKit/537.36 (KHTML, like Gecko) Chrome/133.0.0.0 Safari/537.36"
139.59.3.17 - - [10/May/2026:21:47:43 +1000] "POST /wp-login.php HTTP/2" 200 2659 "https://www.pgkdistribution.com.au/wp-login.php" "Mozilla/5.0 (Macintosh; Intel Mac OS X 10_15_7) AppleWebKit/537.36 (KHTML, like Gecko) Chrome/133.0.0.0 Safari/537.36"
45.142.193.140 - - [10/May/2026:21:47:49 +1000] "HEAD /2026.zip HTTP/2" 404 0 "-" "Mozilla/5.0 (Windows NT 10.0; Win64; x64) AppleWebKit/537.36 (KHTML, like Gecko) Chrome/121.0.0.0 Safari/537.36"
111.67.29.221 - - [10/May/2026:21:49:00 +1000] "POST /wp-cron.php?doing_wp_cron=1778413740.0487120151519775390625 HTTP/1.1" 200 538 "-" "WordPress/6.9.4; https://www.pgkdistribution.com.au"
62.60.130.228 - - [10/May/2026:21:48:58 +1000] "GET /images/images/cache.php HTTP/1.1" 404 30073 "www.google.com" "Mozlila/5.0 (Linux; Android 7.0; SM-G892A Bulid/NRD90M; wv) AppleWebKit/537.36 (KHTML, like Gecko) Version/4.0 Chrome/60.0.3112.107 Moblie Safari/537.36"
62.60.130.228 - - [10/May/2026:21:49:04 +1000] "GET /images/images/cache.php HTTP/1.1" 301 1323 "www.google.com" "Mozlila/5.0 (Linux; Android 7.0; SM-G892A Bulid/NRD90M; wv) AppleWebKit/537.36 (KHTML, like Gecko) Version/4.0 Chrome/60.0.3112.107 Moblie Safari/537.36"
121.200.216.56 - - [10/May/2026:21:49:05 +1000] "GET /wp-login.php HTTP/2" 301 795 "-" "Mozilla/5.0 (Windows NT 10.0; WOW64) AppleWebKit/537.36 (KHTML, like Gecko) Chrome/133.0.0.0 Safari/537.36"
121.200.216.56 - - [10/May/2026:21:49:07 +1000] "GET /wp-login.php HTTP/2" 200 2507 "https://pgkdistribution.com.au/wp-login.php" "Mozilla/5.0 (Windows NT 10.0; WOW64) AppleWebKit/537.36 (KHTML, like Gecko) Chrome/133.0.0.0 Safari/537.36"
121.200.216.56 - - [10/May/2026:21:49:08 +1000] "POST /wp-login.php HTTP/2" 301 795 "https://pgkdistribution.com.au/wp-login.php" "Mozilla/5.0 (Windows NT 10.0; WOW64) AppleWebKit/537.36 (KHTML, like Gecko) Chrome/133.0.0.0 Safari/537.36"
62.60.130.228 - - [10/May/2026:21:49:07 +1000] "GET /images/images/cache.php HTTP/1.1" 404 30073 "www.google.com" "Mozlila/5.0 (Linux; Android 7.0; SM-G892A Bulid/NRD90M; wv) AppleWebKit/537.36 (KHTML, like Gecko) Version/4.0 Chrome/60.0.3112.107 Moblie Safari/537.36"
121.200.216.56 - - [10/May/2026:21:49:09 +1000] "GET /wp-login.php HTTP/2" 200 2507 "https://pgkdistribution.com.au/wp-login.php" "Mozilla/5.0 (Windows NT 10.0; WOW64) AppleWebKit/537.36 (KHTML, like Gecko) Chrome/133.0.0.0 Safari/537.36"
34.143.174.220 - - [10/May/2026:21:49:25 +1000] "GET /wp-content/uploads/2021/05/1200V-Isolator-Standard.pdf HTTP/2" 200 1161133 "-" "Mozilla/5.0 (Macintosh; Intel Mac OS X 10_13_5) AppleWebKit/537.36 (KHTML, like Gecko) Chrome/88.0.4324.96 Safari/537.36"
111.67.29.221 - - [10/May/2026:21:49:51 +1000] "POST /wp-cron.php?doing_wp_cron=1778413791.1919620037078857421875 HTTP/1.1" 200 538 "-" "WordPress/6.9.4; https://www.pgkdistribution.com.au"
114.119.129.92 - - [10/May/2026:21:49:49 +1000] "GET /product/earthing-cable-4mm%C2%B2/ HTTP/1.1" 200 35178 "https://www.pgkdistribution.com.au/product/2x6mm%c2%b2-iec-62930-dc-cable-100m/" "Mozilla/5.0 (Linux; Android 7.0;) AppleWebKit/537.36 (KHTML, like Gecko) Mobile Safari/537.36 (compatible; PetalBot;+https://webmaster.petalsearch.com/site/petalbot)"
165.22.116.110 - - [10/May/2026:21:49:49 +1000] "GET /wp-login.php HTTP/2" 200 2507 "-" "Mozilla/5.0 (Macintosh; Intel Mac OS X 10_15_7) AppleWebKit/537.36 (KHTML, like Gecko) Chrome/133.0.0.0 Safari/537.36"
165.22.116.110 - - [10/May/2026:21:49:51 +1000] "POST /wp-login.php HTTP/2" 200 2660 "https://www.pgkdistribution.com.au/wp-login.php" "Mozilla/5.0 (Macintosh; Intel Mac OS X 10_15_7) AppleWebKit/537.36 (KHTML, like Gecko) Chrome/133.0.0.0 Safari/537.36"
108.160.152.22 - - [10/May/2026:21:50:18 +1000] "GET /wp-login.php HTTP/2" 301 795 "-" "Mozilla/5.0 (Macintosh; Intel Mac OS X 14_7_4) AppleWebKit/537.36 (KHTML, like Gecko) Chrome/133.0.0.0 Safari/537.36"
111.67.29.221 - - [10/May/2026:21:50:21 +1000] "POST /wp-cron.php?doing_wp_cron=1778413821.6723148822784423828125 HTTP/1.1" 200 538 "-" "WordPress/6.9.4; https://www.pgkdistribution.com.au"
108.160.152.22 - - [10/May/2026:21:50:19 +1000] "GET /wp-login.php HTTP/2" 200 2507 "https://pgkdistribution.com.au/wp-login.php" "Mozilla/5.0 (Macintosh; Intel Mac OS X 14_7_4) AppleWebKit/537.36 (KHTML, like Gecko) Chrome/133.0.0.0 Safari/537.36"
108.160.152.22 - - [10/May/2026:21:50:22 +1000] "POST /wp-login.php HTTP/2" 301 795 "https://pgkdistribution.com.au/wp-login.php" "Mozilla/5.0 (Macintosh; Intel Mac OS X 14_7_4) AppleWebKit/537.36 (KHTML, like Gecko) Chrome/133.0.0.0 Safari/537.36"
108.160.152.22 - - [10/May/2026:21:50:22 +1000] "GET /wp-login.php HTTP/2" 200 2507 "https://pgkdistribution.com.au/wp-login.php" "Mozilla/5.0 (Macintosh; Intel Mac OS X 14_7_4) AppleWebKit/537.36 (KHTML, like Gecko) Chrome/133.0.0.0 Safari/537.36"
114.119.156.126 - - [10/May/2026:21:50:26 +1000] "GET /product/genuine-mc4-connector-pairs HTTP/1.1" 301 1298 "-" "Mozilla/5.0 (Linux; Android 7.0;) AppleWebKit/537.36 (KHTML, like Gecko) Mobile Safari/537.36 (compatible; PetalBot;+https://webmaster.petalsearch.com/site/petalbot)"
114.119.156.126 - - [10/May/2026:21:50:28 +1000] "GET /product/genuine-mc4-connector-pairs HTTP/1.1" 301 569 "-" "Mozilla/5.0 (Linux; Android 7.0;) AppleWebKit/537.36 (KHTML, like Gecko) Mobile Safari/537.36 (compatible; PetalBot;+https://webmaster.petalsearch.com/site/petalbot)"
114.119.156.126 - - [10/May/2026:21:50:31 +1000] "GET /product/genuine-mc4-connector-pairs/ HTTP/1.1" 200 35611 "-" "Mozilla/5.0 (Linux; Android 7.0;) AppleWebKit/537.36 (KHTML, like Gecko) Mobile Safari/537.36 (compatible; PetalBot;+https://webmaster.petalsearch.com/site/petalbot)"
123.30.233.13 - - [10/May/2026:21:51:10 +1000] "GET /wp-login.php HTTP/2" 200 2507 "-" "Mozilla/5.0 (Macintosh; Intel Mac OS X 14_7_4) AppleWebKit/537.36 (KHTML, like Gecko) Chrome/133.0.0.0 Safari/537.36"
123.30.233.13 - - [10/May/2026:21:51:12 +1000] "POST /wp-login.php HTTP/2" 200 2654 "https://www.pgkdistribution.com.au/wp-login.php" "Mozilla/5.0 (Macintosh; Intel Mac OS X 14_7_4) AppleWebKit/537.36 (KHTML, like Gecko) Chrome/133.0.0.0 Safari/537.36"
5.75.134.69 - - [10/May/2026:21:51:33 +1000] "GET /wp-login.php HTTP/2" 301 795 "-" "Mozilla/5.0 (Windows NT 10.0) AppleWebKit/537.36 (KHTML, like Gecko) Chrome/133.0.0.0 Safari/537.36"
111.67.29.221 - - [10/May/2026:21:51:36 +1000] "POST /wp-cron.php?doing_wp_cron=1778413896.5313930511474609375000 HTTP/1.1" 200 538 "-" "WordPress/6.9.4; https://www.pgkdistribution.com.au"
5.75.134.69 - - [10/May/2026:21:51:34 +1000] "GET /wp-login.php HTTP/2" 200 2507 "https://pgkdistribution.com.au/wp-login.php" "Mozilla/5.0 (Windows NT 10.0) AppleWebKit/537.36 (KHTML, like Gecko) Chrome/133.0.0.0 Safari/537.36"
5.75.134.69 - - [10/May/2026:21:51:36 +1000] "POST /wp-login.php HTTP/2" 301 795 "https://pgkdistribution.com.au/wp-login.php" "Mozilla/5.0 (Windows NT 10.0) AppleWebKit/537.36 (KHTML, like Gecko) Chrome/133.0.0.0 Safari/537.36"
5.75.134.69 - - [10/May/2026:21:51:37 +1000] "GET /wp-login.php HTTP/2" 200 2507 "https://pgkdistribution.com.au/wp-login.php" "Mozilla/5.0 (Windows NT 10.0) AppleWebKit/537.36 (KHTML, like Gecko) Chrome/133.0.0.0 Safari/537.36"
123.30.233.13 - - [10/May/2026:21:51:48 +1000] "GET /wp-login.php HTTP/2" 301 795 "-" "Mozilla/5.0 (Macintosh; Intel Mac OS X 10_15_7) AppleWebKit/537.36 (KHTML, like Gecko) Chrome/133.0.0.0 Safari/537.36 Edg/133.0.0.0"
111.67.29.221 - - [10/May/2026:21:51:56 +1000] "POST /wp-cron.php?doing_wp_cron=1778413916.1350450515747070312500 HTTP/1.1" 200 538 "-" "WordPress/6.9.4; https://www.pgkdistribution.com.au"
123.30.233.13 - - [10/May/2026:21:51:54 +1000] "GET /wp-login.php HTTP/2" 200 2507 "https://pgkdistribution.com.au/wp-login.php" "Mozilla/5.0 (Macintosh; Intel Mac OS X 10_15_7) AppleWebKit/537.36 (KHTML, like Gecko) Chrome/133.0.0.0 Safari/537.36 Edg/133.0.0.0"
123.30.233.13 - - [10/May/2026:21:51:56 +1000] "POST /wp-login.php HTTP/2" 301 795 "https://pgkdistribution.com.au/wp-login.php" "Mozilla/5.0 (Macintosh; Intel Mac OS X 10_15_7) AppleWebKit/537.36 (KHTML, like Gecko) Chrome/133.0.0.0 Safari/537.36 Edg/133.0.0.0"
123.30.233.13 - - [10/May/2026:21:51:57 +1000] "GET /wp-login.php HTTP/2" 200 2507 "https://pgkdistribution.com.au/wp-login.php" "Mozilla/5.0 (Macintosh; Intel Mac OS X 10_15_7) AppleWebKit/537.36 (KHTML, like Gecko) Chrome/133.0.0.0 Safari/537.36 Edg/133.0.0.0"
111.67.29.221 - - [10/May/2026:21:52:18 +1000] "POST /wp-cron.php?doing_wp_cron=1778413938.9167170524597167968750 HTTP/1.1" 200 538 "-" "WordPress/6.9.4; https://www.pgkdistribution.com.au"
54.39.6.85 - - [10/May/2026:21:52:16 +1000] "GET /product/air-purifier-85/ HTTP/2" 200 34484 "-" "Mozilla/5.0 (compatible; AhrefsBot/7.0; +http://ahrefs.com/robot/)"
162.240.108.214 - - [10/May/2026:21:53:16 +1000] "GET /wp-login.php HTTP/2" 301 795 "-" "Mozilla/5.0 (X11; Ubuntu; Linux x86_64; rv:133.0) Gecko/20100101 Firefox/133.0"
111.67.29.221 - - [10/May/2026:21:53:20 +1000] "POST /wp-cron.php?doing_wp_cron=1778414000.0990560054779052734375 HTTP/1.1" 200 538 "-" "WordPress/6.9.4; https://www.pgkdistribution.com.au"
162.240.108.214 - - [10/May/2026:21:53:18 +1000] "GET /wp-login.php HTTP/2" 200 2507 "https://pgkdistribution.com.au/wp-login.php" "Mozilla/5.0 (X11; Ubuntu; Linux x86_64; rv:133.0) Gecko/20100101 Firefox/133.0"
162.240.108.214 - - [10/May/2026:21:53:20 +1000] "POST /wp-login.php HTTP/2" 301 795 "https://pgkdistribution.com.au/wp-login.php" "Mozilla/5.0 (X11; Ubuntu; Linux x86_64; rv:133.0) Gecko/20100101 Firefox/133.0"
162.240.108.214 - - [10/May/2026:21:53:20 +1000] "GET /wp-login.php HTTP/2" 200 2507 "https://pgkdistribution.com.au/wp-login.php" "Mozilla/5.0 (X11; Ubuntu; Linux x86_64; rv:133.0) Gecko/20100101 Firefox/133.0"
74.91.224.220 - - [10/May/2026:21:53:52 +1000] "GET /wp-login.php HTTP/2" 301 795 "-" "Mozilla/5.0 (Windows NT 10.0; WOW64) AppleWebKit/537.36 (KHTML, like Gecko) Chrome/133.0.0.0 Safari/537.36"
74.91.224.220 - - [10/May/2026:21:53:53 +1000] "GET /wp-login.php HTTP/2" 200 2507 "https://pgkdistribution.com.au/wp-login.php" "Mozilla/5.0 (Windows NT 10.0; WOW64) AppleWebKit/537.36 (KHTML, like Gecko) Chrome/133.0.0.0 Safari/537.36"
74.91.224.220 - - [10/May/2026:21:53:55 +1000] "POST /wp-login.php HTTP/2" 301 795 "https://pgkdistribution.com.au/wp-login.php" "Mozilla/5.0 (Windows NT 10.0; WOW64) AppleWebKit/537.36 (KHTML, like Gecko) Chrome/133.0.0.0 Safari/537.36"
74.91.224.220 - - [10/May/2026:21:53:56 +1000] "GET /wp-login.php HTTP/2" 200 2507 "https://pgkdistribution.com.au/wp-login.php" "Mozilla/5.0 (Windows NT 10.0; WOW64) AppleWebKit/537.36 (KHTML, like Gecko) Chrome/133.0.0.0 Safari/537.36"
66.249.64.99 - - [10/May/2026:21:54:29 +1000] "GET /ads.txt HTTP/1.1" 301 1307 "-" "Mozilla/5.0 (compatible; Googlebot/2.1; +http://www.google.com/bot.html)"
111.67.29.221 - - [10/May/2026:21:54:35 +1000] "POST /wp-cron.php?doing_wp_cron=1778414075.7999420166015625000000 HTTP/1.1" 200 538 "-" "WordPress/6.9.4; https://www.pgkdistribution.com.au"
92.205.109.21 - - [10/May/2026:21:54:34 +1000] "GET /wp-login.php HTTP/2" 200 2507 "-" "Mozilla/5.0 (X11; Linux x86_64) AppleWebKit/537.36 (KHTML, like Gecko) Chrome/133.0.0.0 Safari/537.36 Edg/133.0.0.0"
92.205.109.21 - - [10/May/2026:21:54:36 +1000] "POST /wp-login.php HTTP/2" 200 2659 "https://www.pgkdistribution.com.au/wp-login.php" "Mozilla/5.0 (X11; Linux x86_64) AppleWebKit/537.36 (KHTML, like Gecko) Chrome/133.0.0.0 Safari/537.36 Edg/133.0.0.0"
45.142.193.140 - - [10/May/2026:21:54:49 +1000] "HEAD /wp-content/backup/data.zip HTTP/2" 404 0 "-" "Mozilla/5.0 (Windows NT 10.0; Win64; x64) AppleWebKit/537.36 (KHTML, like Gecko) Chrome/121.0.0.0 Safari/537.36"
123.30.233.13 - - [10/May/2026:21:56:15 +1000] "GET /wp-login.php HTTP/2" 301 795 "-" "Mozilla/5.0 (Windows NT 10.0; Win64; x64; rv:133.0) Gecko/20100101 Firefox/133.0"
111.67.29.221 - - [10/May/2026:21:56:21 +1000] "POST /wp-cron.php?doing_wp_cron=1778414181.2507739067077636718750 HTTP/1.1" 200 538 "-" "WordPress/6.9.4; https://www.pgkdistribution.com.au"
123.30.233.13 - - [10/May/2026:21:56:18 +1000] "GET /wp-login.php HTTP/2" 200 2507 "https://pgkdistribution.com.au/wp-login.php" "Mozilla/5.0 (Windows NT 10.0; Win64; x64; rv:133.0) Gecko/20100101 Firefox/133.0"
123.30.233.13 - - [10/May/2026:21:56:21 +1000] "POST /wp-login.php HTTP/2" 301 795 "https://pgkdistribution.com.au/wp-login.php" "Mozilla/5.0 (Windows NT 10.0; Win64; x64; rv:133.0) Gecko/20100101 Firefox/133.0"
123.30.233.13 - - [10/May/2026:21:56:22 +1000] "GET /wp-login.php HTTP/2" 200 2507 "https://pgkdistribution.com.au/wp-login.php" "Mozilla/5.0 (Windows NT 10.0; Win64; x64; rv:133.0) Gecko/20100101 Firefox/133.0"
209.38.228.245 - - [10/May/2026:21:56:48 +1000] "GET /wp-content/uploads/2021/05/SE074-500x500-1.jpg HTTP/2" 200 34925 "https://www.pgkdistribution.com.au" "Mozilla/5.0 (Windows NT 10.0; Win64; x64) AppleWebKit/537.36 (KHTML, like Gecko) Chrome/146.0.0.0 Safari/537.36"
74.91.224.220 - - [10/May/2026:21:57:05 +1000] "GET /wp-login.php HTTP/2" 301 795 "-" "Mozilla/5.0 (Macintosh; Intel Mac OS X 10_15_7) AppleWebKit/537.36 (KHTML, like Gecko) Chrome/133.0.0.0 Safari/537.36"
34.141.230.59 - - [10/May/2026:21:57:04 +1000] "GET /product/100a-pv-dc-moulded-case-circuit-breaker/ HTTP/2" 200 33658 "-" "LinkupBot/1.0 (LinkupBot for web indexing; https://linkup.so/bot; bot@linkup.so)"
74.91.224.220 - - [10/May/2026:21:57:06 +1000] "GET /wp-login.php HTTP/2" 200 2507 "https://pgkdistribution.com.au/wp-login.php" "Mozilla/5.0 (Macintosh; Intel Mac OS X 10_15_7) AppleWebKit/537.36 (KHTML, like Gecko) Chrome/133.0.0.0 Safari/537.36"
74.91.224.220 - - [10/May/2026:21:57:08 +1000] "POST /wp-login.php HTTP/2" 301 795 "https://pgkdistribution.com.au/wp-login.php" "Mozilla/5.0 (Macintosh; Intel Mac OS X 10_15_7) AppleWebKit/537.36 (KHTML, like Gecko) Chrome/133.0.0.0 Safari/537.36"
74.91.224.220 - - [10/May/2026:21:57:09 +1000] "GET /wp-login.php HTTP/2" 200 2507 "https://pgkdistribution.com.au/wp-login.php" "Mozilla/5.0 (Macintosh; Intel Mac OS X 10_15_7) AppleWebKit/537.36 (KHTML, like Gecko) Chrome/133.0.0.0 Safari/537.36"
111.67.29.221 - - [10/May/2026:21:57:50 +1000] "POST /wp-cron.php?doing_wp_cron=1778414270.1156039237976074218750 HTTP/1.1" 200 538 "-" "WordPress/6.9.4; https://www.pgkdistribution.com.au"
66.249.70.173 - - [10/May/2026:21:57:47 +1000] "GET /ads.txt HTTP/1.1" 404 29903 "-" "Mozilla/5.0 (compatible; Googlebot/2.1; +http://www.google.com/bot.html)"
111.67.29.221 - - [10/May/2026:21:58:23 +1000] "POST /wp-cron.php?doing_wp_cron=1778414303.8541378974914550781250 HTTP/1.1" 200 538 "-" "WordPress/6.9.4; https://www.pgkdistribution.com.au"
45.142.193.140 - - [10/May/2026:21:58:21 +1000] "HEAD /wp-content/database.zip HTTP/2" 404 0 "-" "Mozilla/5.0 (Windows NT 10.0; Win64; x64) AppleWebKit/537.36 (KHTML, like Gecko) Chrome/121.0.0.0 Safari/537.36"
66.249.70.173 - - [10/May/2026:21:58:21 +1000] "GET /ads.txt HTTP/1.1" 404 29903 "-" "Mozilla/5.0 (compatible; Googlebot/2.1; +http://www.google.com/bot.html)"
78.142.18.172 - - [10/May/2026:21:59:04 +1000] "GET /wp-login.php HTTP/2" 301 795 "-" "Mozilla/5.0 (X11; Ubuntu; Linux x86_64) AppleWebKit/537.36 (KHTML, like Gecko) Chrome/133.0.0.0 Safari/537.36"
78.142.18.172 - - [10/May/2026:21:59:07 +1000] "GET /wp-login.php HTTP/2" 200 2507 "https://pgkdistribution.com.au/wp-login.php" "Mozilla/5.0 (X11; Ubuntu; Linux x86_64) AppleWebKit/537.36 (KHTML, like Gecko) Chrome/133.0.0.0 Safari/537.36"
78.142.18.172 - - [10/May/2026:21:59:10 +1000] "POST /wp-login.php HTTP/2" 301 795 "https://pgkdistribution.com.au/wp-login.php" "Mozilla/5.0 (X11; Ubuntu; Linux x86_64) AppleWebKit/537.36 (KHTML, like Gecko) Chrome/133.0.0.0 Safari/537.36"
78.142.18.172 - - [10/May/2026:21:59:10 +1000] "GET /wp-login.php HTTP/2" 200 2507 "https://pgkdistribution.com.au/wp-login.php" "Mozilla/5.0 (X11; Ubuntu; Linux x86_64) AppleWebKit/537.36 (KHTML, like Gecko) Chrome/133.0.0.0 Safari/537.36"
208.109.188.137 - - [10/May/2026:21:59:15 +1000] "GET /wp-login.php HTTP/2" 301 795 "-" "Mozilla/5.0 (Windows NT 10.0; WOW64) AppleWebKit/537.36 (KHTML, like Gecko) Chrome/133.0.0.0 Safari/537.36"
162.128.185.114 - - [10/May/2026:22:00:32 +1000] "POST /wp-login.php/wp-login.php HTTP/1.1" 301 1325 "-" "Mozilla"
111.67.29.221 - - [10/May/2026:22:00:36 +1000] "POST /wp-cron.php?doing_wp_cron=1778414436.4760739803314208984375 HTTP/1.1" 200 538 "-" "WordPress/6.9.4; https://www.pgkdistribution.com.au"
162.128.185.114 - - [10/May/2026:22:00:34 +1000] "GET /wp-login.php/wp-login.php HTTP/1.1" 200 3361 "-" "Mozilla"
173.231.249.1 - - [10/May/2026:22:01:10 +1000] "GET /wp-login.php HTTP/2" 301 795 "-" "Mozilla/5.0 (X11; Ubuntu; Linux x86_64; rv:133.0) Gecko/20100101 Firefox/133.0"
173.231.249.1 - - [10/May/2026:22:01:12 +1000] "GET /wp-login.php HTTP/2" 200 2507 "https://pgkdistribution.com.au/wp-login.php" "Mozilla/5.0 (X11; Ubuntu; Linux x86_64; rv:133.0) Gecko/20100101 Firefox/133.0"
173.231.249.1 - - [10/May/2026:22:01:14 +1000] "POST /wp-login.php HTTP/2" 301 795 "https://pgkdistribution.com.au/wp-login.php" "Mozilla/5.0 (X11; Ubuntu; Linux x86_64; rv:133.0) Gecko/20100101 Firefox/133.0"
173.231.249.1 - - [10/May/2026:22:01:15 +1000] "GET /wp-login.php HTTP/2" 200 2507 "https://pgkdistribution.com.au/wp-login.php" "Mozilla/5.0 (X11; Ubuntu; Linux x86_64; rv:133.0) Gecko/20100101 Firefox/133.0"
111.67.29.221 - - [10/May/2026:22:01:42 +1000] "POST /wp-cron.php?doing_wp_cron=1778414502.5091040134429931640625 HTTP/1.1" 200 538 "-" "WordPress/6.9.4; https://www.pgkdistribution.com.au"
139.59.3.17 - - [10/May/2026:22:01:40 +1000] "GET /wp-login.php HTTP/2" 200 2507 "-" "Mozilla/5.0 (X11; Ubuntu; Linux x86_64; rv:133.0) Gecko/20100101 Firefox/133.0"
139.59.3.17 - - [10/May/2026:22:01:44 +1000] "POST /wp-login.php HTTP/2" 200 2658 "https://www.pgkdistribution.com.au/wp-login.php" "Mozilla/5.0 (X11; Ubuntu; Linux x86_64; rv:133.0) Gecko/20100101 Firefox/133.0"
111.67.29.221 - - [10/May/2026:22:02:05 +1000] "POST /wp-cron.php?doing_wp_cron=1778414525.5905230045318603515625 HTTP/1.1" 200 538 "-" "WordPress/6.9.4; https://www.pgkdistribution.com.au"
34.227.234.246 - - [10/May/2026:22:02:03 +1000] "GET /product/pgk-1000v-dc-isolator/ HTTP/1.1" 200 35729 "-" "Mozilla/5.0 AppleWebKit/537.36 (KHTML, like Gecko; compatible; Amazonbot/0.1; +https://developer.amazon.com/support/amazonbot) Chrome/119.0.6045.214 Safari/537.36"
66.116.235.214 - - [10/May/2026:22:03:58 +1000] "GET /wp-login.php HTTP/2" 301 795 "-" "Mozilla/5.0 (Windows NT 10.0; WOW64) AppleWebKit/537.36 (KHTML, like Gecko) Chrome/133.0.0.0 Safari/537.36"
111.67.29.221 - - [10/May/2026:22:04:07 +1000] "POST /wp-cron.php?doing_wp_cron=1778414647.2756419181823730468750 HTTP/1.1" 200 538 "-" "WordPress/6.9.4; https://www.pgkdistribution.com.au"
66.116.235.214 - - [10/May/2026:22:04:05 +1000] "GET /wp-login.php HTTP/2" 200 2507 "https://pgkdistribution.com.au/wp-login.php" "Mozilla/5.0 (Windows NT 10.0; WOW64) AppleWebKit/537.36 (KHTML, like Gecko) Chrome/133.0.0.0 Safari/537.36"
66.116.235.214 - - [10/May/2026:22:04:09 +1000] "POST /wp-login.php HTTP/2" 301 795 "https://pgkdistribution.com.au/wp-login.php" "Mozilla/5.0 (Windows NT 10.0; WOW64) AppleWebKit/537.36 (KHTML, like Gecko) Chrome/133.0.0.0 Safari/537.36"
20.118.20.77 - - [10/May/2026:22:04:08 +1000] "GET /wp-login.php HTTP/2" 200 2507 "-" "Mozilla/5.0 (Windows NT 10.0) AppleWebKit/537.36 (KHTML, like Gecko) Chrome/133.0.0.0 Safari/537.36"
20.118.20.77 - - [10/May/2026:22:04:10 +1000] "POST /wp-login.php HTTP/2" 200 2660 "https://www.pgkdistribution.com.au/wp-login.php" "Mozilla/5.0 (Windows NT 10.0) AppleWebKit/537.36 (KHTML, like Gecko) Chrome/133.0.0.0 Safari/537.36"
66.116.235.214 - - [10/May/2026:22:04:11 +1000] "GET /wp-login.php HTTP/2" 200 2507 "https://pgkdistribution.com.au/wp-login.php" "Mozilla/5.0 (Windows NT 10.0; WOW64) AppleWebKit/537.36 (KHTML, like Gecko) Chrome/133.0.0.0 Safari/537.36"
208.97.187.39 - - [10/May/2026:22:04:30 +1000] "GET /wp-login.php HTTP/2" 301 795 "-" "Mozilla/5.0 (Macintosh; Intel Mac OS X 10_15_7) AppleWebKit/605.1.15 (KHTML, like Gecko) Version/18.3 Safari/605.1.15"
66.249.70.173 - - [10/May/2026:22:04:32 +1000] "GET /wp-content/uploads/2022/12/DCBPGK003-356x356.png HTTP/1.1" 304 494 "-" "Googlebot-Image/1.0"
111.67.29.221 - - [10/May/2026:22:04:33 +1000] "POST /wp-cron.php?doing_wp_cron=1778414673.0692949295043945312500 HTTP/1.1" 200 538 "-" "WordPress/6.9.4; https://www.pgkdistribution.com.au"
208.97.187.39 - - [10/May/2026:22:04:31 +1000] "GET /wp-login.php HTTP/2" 200 2507 "https://pgkdistribution.com.au/wp-login.php" "Mozilla/5.0 (Macintosh; Intel Mac OS X 10_15_7) AppleWebKit/605.1.15 (KHTML, like Gecko) Version/18.3 Safari/605.1.15"
208.97.187.39 - - [10/May/2026:22:04:33 +1000] "POST /wp-login.php HTTP/2" 301 795 "https://pgkdistribution.com.au/wp-login.php" "Mozilla/5.0 (Macintosh; Intel Mac OS X 10_15_7) AppleWebKit/605.1.15 (KHTML, like Gecko) Version/18.3 Safari/605.1.15"
208.97.187.39 - - [10/May/2026:22:04:33 +1000] "GET /wp-login.php HTTP/2" 200 2507 "https://pgkdistribution.com.au/wp-login.php" "Mozilla/5.0 (Macintosh; Intel Mac OS X 10_15_7) AppleWebKit/605.1.15 (KHTML, like Gecko) Version/18.3 Safari/605.1.15"
121.200.217.28 - - [10/May/2026:22:05:16 +1000] "GET /wp-login.php HTTP/2" 200 0 "-" "Mozilla/5.0 (X11; Ubuntu; Linux x86_64) AppleWebKit/537.36 (KHTML, like Gecko) Chrome/133.0.0.0 Safari/537.36"
111.67.29.221 - - [10/May/2026:22:05:18 +1000] "POST /wp-cron.php?doing_wp_cron=1778414718.0398728847503662109375 HTTP/1.1" 200 538 "-" "WordPress/6.9.4; https://www.pgkdistribution.com.au"
121.200.217.28 - paul [10/May/2026:22:05:24 +1000] "GET /wp-json/wp/v2/users/me HTTP/2" 401 102 "-" "Mozilla/5.0 (X11; Ubuntu; Linux x86_64) AppleWebKit/537.36 (KHTML, like Gecko) Chrome/133.0.0.0 Safari/537.36"
123.30.233.13 - - [10/May/2026:22:06:12 +1000] "GET /wp-login.php HTTP/2" 301 795 "-" "Mozilla/5.0 (Windows NT 10.0; WOW64) AppleWebKit/537.36 (KHTML, like Gecko) Chrome/133.0.0.0 Safari/537.36"
123.30.233.13 - - [10/May/2026:22:06:14 +1000] "GET /wp-login.php HTTP/2" 200 2507 "https://pgkdistribution.com.au/wp-login.php" "Mozilla/5.0 (Windows NT 10.0; WOW64) AppleWebKit/537.36 (KHTML, like Gecko) Chrome/133.0.0.0 Safari/537.36"
123.30.233.13 - - [10/May/2026:22:06:16 +1000] "POST /wp-login.php HTTP/2" 301 795 "https://pgkdistribution.com.au/wp-login.php" "Mozilla/5.0 (Windows NT 10.0; WOW64) AppleWebKit/537.36 (KHTML, like Gecko) Chrome/133.0.0.0 Safari/537.36"
111.67.29.221 - - [10/May/2026:22:06:19 +1000] "POST /wp-cron.php?doing_wp_cron=1778414779.0533659458160400390625 HTTP/1.1" 200 538 "-" "WordPress/6.9.4; https://www.pgkdistribution.com.au"
123.30.233.13 - - [10/May/2026:22:06:17 +1000] "GET /wp-login.php HTTP/2" 200 2507 "https://pgkdistribution.com.au/wp-login.php" "Mozilla/5.0 (Windows NT 10.0; WOW64) AppleWebKit/537.36 (KHTML, like Gecko) Chrome/133.0.0.0 Safari/537.36"
198.251.71.113 - - [10/May/2026:22:06:41 +1000] "GET /wp-login.php HTTP/2" 301 795 "-" "Mozilla/5.0 (X11; Linux x86_64) AppleWebKit/537.36 (KHTML, like Gecko) Chrome/133.0.0.0 Safari/537.36"
198.251.71.113 - - [10/May/2026:22:06:44 +1000] "GET /wp-login.php HTTP/2" 200 2507 "https://pgkdistribution.com.au/wp-login.php" "Mozilla/5.0 (X11; Linux x86_64) AppleWebKit/537.36 (KHTML, like Gecko) Chrome/133.0.0.0 Safari/537.36"
198.251.71.113 - - [10/May/2026:22:06:47 +1000] "POST /wp-login.php HTTP/2" 301 795 "https://pgkdistribution.com.au/wp-login.php" "Mozilla/5.0 (X11; Linux x86_64) AppleWebKit/537.36 (KHTML, like Gecko) Chrome/133.0.0.0 Safari/537.36"
198.251.71.113 - - [10/May/2026:22:06:48 +1000] "GET /wp-login.php HTTP/2" 200 2507 "https://pgkdistribution.com.au/wp-login.php" "Mozilla/5.0 (X11; Linux x86_64) AppleWebKit/537.36 (KHTML, like Gecko) Chrome/133.0.0.0 Safari/537.36"
34.141.230.59 - - [10/May/2026:22:07:04 +1000] "GET /product/pgk-3pole63a-ac-isolatorswitch/?add-to-cart=139 HTTP/2" 200 34849 "-" "LinkupBot/1.0 (LinkupBot for web indexing; https://linkup.so/bot; bot@linkup.so)"
111.67.29.221 - - [10/May/2026:22:07:30 +1000] "POST /wp-cron.php?doing_wp_cron=1778414850.5124709606170654296875 HTTP/1.1" 200 538 "-" "WordPress/6.9.4; https://www.pgkdistribution.com.au"
46.254.105.180 - - [10/May/2026:22:07:28 +1000] "GET /cookie-policy/ HTTP/2" 200 30369 "-" "Mozilla/5.0 (Macintosh; Intel Mac OS X 10_15_7) AppleWebKit/537.36 (KHTML, like Gecko) Chrome/143.0.0.0 Safari/537.36"
162.214.184.71 - - [10/May/2026:22:08:33 +1000] "GET /wp-login.php HTTP/2" 301 795 "-" "Mozilla/5.0 (X11; Linux x86_64; rv:133.0) Gecko/20100101 Firefox/133.0"
111.67.29.221 - - [10/May/2026:22:08:42 +1000] "POST /wp-cron.php?doing_wp_cron=1778414922.7444090843200683593750 HTTP/1.1" 200 538 "-" "WordPress/6.9.4; https://www.pgkdistribution.com.au"
162.214.184.71 - - [10/May/2026:22:08:41 +1000] "GET /wp-login.php HTTP/2" 200 2507 "https://pgkdistribution.com.au/wp-login.php" "Mozilla/5.0 (X11; Linux x86_64; rv:133.0) Gecko/20100101 Firefox/133.0"
162.214.184.71 - - [10/May/2026:22:08:45 +1000] "POST /wp-login.php HTTP/2" 301 795 "https://pgkdistribution.com.au/wp-login.php" "Mozilla/5.0 (X11; Linux x86_64; rv:133.0) Gecko/20100101 Firefox/133.0"
162.214.184.71 - - [10/May/2026:22:08:48 +1000] "GET /wp-login.php HTTP/2" 200 2507 "https://pgkdistribution.com.au/wp-login.php" "Mozilla/5.0 (X11; Linux x86_64; rv:133.0) Gecko/20100101 Firefox/133.0"
111.67.29.221 - - [10/May/2026:22:09:39 +1000] "POST /wp-cron.php?doing_wp_cron=1778414979.3519740104675292968750 HTTP/1.1" 200 538 "-" "WordPress/6.9.4; https://www.pgkdistribution.com.au"
45.142.193.140 - - [10/May/2026:22:09:37 +1000] "HEAD /wp-content/backups/db_backup.zip HTTP/2" 404 0 "-" "Mozilla/5.0 (Windows NT 10.0; Win64; x64) AppleWebKit/537.36 (KHTML, like Gecko) Chrome/121.0.0.0 Safari/537.36"
45.142.193.140 - - [10/May/2026:22:09:40 +1000] "HEAD /wp-content/fullwebsite.zip HTTP/2" 404 0 "-" "Mozilla/5.0 (Windows NT 10.0; Win64; x64) AppleWebKit/537.36 (KHTML, like Gecko) Chrome/121.0.0.0 Safari/537.36"
121.200.217.28 - - [10/May/2026:22:09:59 +1000] "GET /wp-login.php HTTP/2" 301 795 "-" "Mozilla/5.0 (Macintosh; Intel Mac OS X 10_15_7) AppleWebKit/605.1.15 (KHTML, like Gecko) Version/18.3 Safari/605.1.15"
111.67.29.221 - - [10/May/2026:22:10:05 +1000] "POST /wp-cron.php?doing_wp_cron=1778415004.9700939655303955078125 HTTP/1.1" 200 538 "-" "WordPress/6.9.4; https://www.pgkdistribution.com.au"
121.200.217.28 - - [10/May/2026:22:10:03 +1000] "GET /wp-login.php HTTP/2" 200 2507 "https://pgkdistribution.com.au/wp-login.php" "Mozilla/5.0 (Macintosh; Intel Mac OS X 10_15_7) AppleWebKit/605.1.15 (KHTML, like Gecko) Version/18.3 Safari/605.1.15"
121.200.217.28 - - [10/May/2026:22:10:07 +1000] "POST /wp-login.php HTTP/2" 301 795 "https://pgkdistribution.com.au/wp-login.php" "Mozilla/5.0 (Macintosh; Intel Mac OS X 10_15_7) AppleWebKit/605.1.15 (KHTML, like Gecko) Version/18.3 Safari/605.1.15"
121.200.217.28 - - [10/May/2026:22:10:07 +1000] "GET /wp-login.php HTTP/2" 200 2507 "https://pgkdistribution.com.au/wp-login.php" "Mozilla/5.0 (Macintosh; Intel Mac OS X 10_15_7) AppleWebKit/605.1.15 (KHTML, like Gecko) Version/18.3 Safari/605.1.15"
203.86.122.1 - - [10/May/2026:22:10:31 +1000] "GET /wp-login.php HTTP/2" 301 795 "-" "Mozilla/5.0 (Macintosh; Intel Mac OS X 11_7_10) AppleWebKit/537.36 (KHTML, like Gecko) Chrome/133.0.0.0 Safari/537.36"
111.67.29.221 - - [10/May/2026:22:10:39 +1000] "POST /wp-cron.php?doing_wp_cron=1778415039.7078230381011962890625 HTTP/1.1" 200 538 "-" "WordPress/6.9.4; https://www.pgkdistribution.com.au"
203.86.122.1 - - [10/May/2026:22:10:37 +1000] "GET /wp-login.php HTTP/2" 200 2507 "https://pgkdistribution.com.au/wp-login.php" "Mozilla/5.0 (Macintosh; Intel Mac OS X 11_7_10) AppleWebKit/537.36 (KHTML, like Gecko) Chrome/133.0.0.0 Safari/537.36"
203.86.122.1 - - [10/May/2026:22:10:42 +1000] "POST /wp-login.php HTTP/2" 301 795 "https://pgkdistribution.com.au/wp-login.php" "Mozilla/5.0 (Macintosh; Intel Mac OS X 11_7_10) AppleWebKit/537.36 (KHTML, like Gecko) Chrome/133.0.0.0 Safari/537.36"
72.167.150.128 - - [10/May/2026:22:10:53 +1000] "GET /wp-login.php HTTP/2" 200 2507 "-" "Mozilla/5.0 (X11; Linux x86_64) AppleWebKit/537.36 (KHTML, like Gecko) Chrome/133.0.0.0 Safari/537.36"
72.167.150.128 - - [10/May/2026:22:10:55 +1000] "POST /wp-login.php HTTP/2" 200 2660 "https://www.pgkdistribution.com.au/wp-login.php" "Mozilla/5.0 (X11; Linux x86_64) AppleWebKit/537.36 (KHTML, like Gecko) Chrome/133.0.0.0 Safari/537.36"
47.251.82.1 - - [10/May/2026:22:11:04 +1000] "GET /wp-login.php HTTP/2" 301 795 "-" "Mozilla/5.0 (X11; Ubuntu; Linux x86_64) AppleWebKit/537.36 (KHTML, like Gecko) Chrome/133.0.0.0 Safari/537.36"
47.251.82.1 - - [10/May/2026:22:11:06 +1000] "GET /wp-login.php HTTP/2" 200 2507 "https://pgkdistribution.com.au/wp-login.php" "Mozilla/5.0 (X11; Ubuntu; Linux x86_64) AppleWebKit/537.36 (KHTML, like Gecko) Chrome/133.0.0.0 Safari/537.36"
47.251.82.1 - - [10/May/2026:22:11:08 +1000] "POST /wp-login.php HTTP/2" 301 795 "https://pgkdistribution.com.au/wp-login.php" "Mozilla/5.0 (X11; Ubuntu; Linux x86_64) AppleWebKit/537.36 (KHTML, like Gecko) Chrome/133.0.0.0 Safari/537.36"
47.251.82.1 - - [10/May/2026:22:11:09 +1000] "GET /wp-login.php HTTP/2" 200 2507 "https://pgkdistribution.com.au/wp-login.php" "Mozilla/5.0 (X11; Ubuntu; Linux x86_64) AppleWebKit/537.36 (KHTML, like Gecko) Chrome/133.0.0.0 Safari/537.36"
111.67.29.221 - - [10/May/2026:22:11:22 +1000] "POST /wp-cron.php?doing_wp_cron=1778415082.1196689605712890625000 HTTP/1.1" 200 538 "-" "WordPress/6.9.4; https://www.pgkdistribution.com.au"
66.249.70.172 - - [10/May/2026:22:11:19 +1000] "GET /product/solis-1p-1500w-single-mppt/ HTTP/1.1" 200 35833 "-" "Mozilla/5.0 (Linux; Android 6.0.1; Nexus 5X Build/MMB29P) AppleWebKit/537.36 (KHTML, like Gecko) Chrome/147.0.7727.137 Mobile Safari/537.36 (compatible; Googlebot/2.1; +http://www.google.com/bot.html)"
111.67.29.221 - - [10/May/2026:22:12:00 +1000] "POST /wp-cron.php?doing_wp_cron=1778415120.5016529560089111328125 HTTP/1.1" 200 538 "-" "WordPress/6.9.4; https://www.pgkdistribution.com.au"
66.249.70.171 - - [10/May/2026:22:11:58 +1000] "GET /product/solis-1p-1500w-single-mppt/ HTTP/1.1" 200 35833 "-" "Mozilla/5.0 (compatible; Googlebot/2.1; +http://www.google.com/bot.html)"
66.249.70.172 - - [10/May/2026:22:12:02 +1000] "GET /wp-content/uploads/2022/12/DCBPGK004-356x356.png HTTP/1.1" 304 494 "-" "Googlebot-Image/1.0"
111.67.29.221 - - [10/May/2026:22:12:22 +1000] "POST /wp-cron.php?doing_wp_cron=1778415142.7222430706024169921875 HTTP/1.1" 200 538 "-" "WordPress/6.9.4; https://www.pgkdistribution.com.au"
49.13.78.50 - - [10/May/2026:22:12:20 +1000] "GET /wp-login.php HTTP/2" 200 2507 "-" "Mozilla/5.0 (Macintosh; Intel Mac OS X 10_15_7) AppleWebKit/605.1.15 (KHTML, like Gecko) Version/18.3 Safari/605.1.15"
49.13.78.50 - - [10/May/2026:22:12:23 +1000] "POST /wp-login.php HTTP/2" 200 2654 "https://www.pgkdistribution.com.au/wp-login.php" "Mozilla/5.0 (Macintosh; Intel Mac OS X 10_15_7) AppleWebKit/605.1.15 (KHTML, like Gecko) Version/18.3 Safari/605.1.15"
110.93.205.130 - - [10/May/2026:22:12:56 +1000] "GET /wp-login.php HTTP/2" 301 795 "-" "Mozilla/5.0 (X11; Linux x86_64; rv:133.0) Gecko/20100101 Firefox/133.0"
110.93.205.130 - darren [10/May/2026:22:13:04 +1000] "GET /wp-json/wp/v2/users/me HTTP/2" 301 795 "-" "Mozilla/5.0 (X11; Linux x86_64; rv:133.0) Gecko/20100101 Firefox/133.0"
111.67.29.221 - - [10/May/2026:22:13:11 +1000] "POST /wp-cron.php?doing_wp_cron=1778415191.4041800498962402343750 HTTP/1.1" 200 538 "-" "WordPress/6.9.4; https://www.pgkdistribution.com.au"
110.93.205.130 - - [10/May/2026:22:13:09 +1000] "GET /wp-json/wp/v2/users/me HTTP/2" 401 102 "https://pgkdistribution.com.au/wp-json/wp/v2/users/me" "Mozilla/5.0 (X11; Linux x86_64; rv:133.0) Gecko/20100101 Firefox/133.0"
111.67.29.221 - - [10/May/2026:22:13:32 +1000] "POST /wp-cron.php?doing_wp_cron=1778415212.4923388957977294921875 HTTP/1.1" 200 538 "-" "WordPress/6.9.4; https://www.pgkdistribution.com.au"
157.55.39.201 - - [10/May/2026:22:13:30 +1000] "GET /?post_type=product&s=2026 HTTP/2" 200 27161 "-" "Mozilla/5.0 AppleWebKit/537.36 (KHTML, like Gecko; compatible; bingbot/2.0; +http://www.bing.com/bingbot.htm) Chrome/116.0.1938.76 Safari/537.36"
78.142.18.172 - - [10/May/2026:22:13:36 +1000] "GET /wp-login.php HTTP/2" 301 795 "-" "Mozilla/5.0 (Windows NT 10.0; WOW64) AppleWebKit/537.36 (KHTML, like Gecko) Chrome/133.0.0.0 Safari/537.36"
78.142.18.172 - - [10/May/2026:22:13:38 +1000] "GET /wp-login.php HTTP/2" 200 2507 "https://pgkdistribution.com.au/wp-login.php" "Mozilla/5.0 (Windows NT 10.0; WOW64) AppleWebKit/537.36 (KHTML, like Gecko) Chrome/133.0.0.0 Safari/537.36"
78.142.18.172 - - [10/May/2026:22:13:40 +1000] "POST /wp-login.php HTTP/2" 301 795 "https://pgkdistribution.com.au/wp-login.php" "Mozilla/5.0 (Windows NT 10.0; WOW64) AppleWebKit/537.36 (KHTML, like Gecko) Chrome/133.0.0.0 Safari/537.36"
78.142.18.172 - - [10/May/2026:22:13:41 +1000] "GET /wp-login.php HTTP/2" 200 2507 "https://pgkdistribution.com.au/wp-login.php" "Mozilla/5.0 (Windows NT 10.0; WOW64) AppleWebKit/537.36 (KHTML, like Gecko) Chrome/133.0.0.0 Safari/537.36"
150.139.252.28 - - [10/May/2026:22:13:57 +1000] "GET / HTTP/2" 200 42565 "-" "Mozilla/5.0 (Windows NT 10.0; Win64; x64) AppleWebKit/537.36 (KHTML, like Gecko) Chrome/142.0.0.0 Safari/537.36"
150.139.252.28 - - [10/May/2026:22:14:01 +1000] "GET /wp-content/plugins/user-registration-plugin-for-woocommerce/front/css/afreg_front.css?ver=1.0 HTTP/2" 200 536 "https://www.pgkdistribution.com.au/" "Mozilla/5.0 (Windows NT 10.0; Win64; x64) AppleWebKit/537.36 (KHTML, like Gecko) Chrome/142.0.0.0 Safari/537.36"
150.139.252.28 - - [10/May/2026:22:14:01 +1000] "GET /wp-content/plugins/user-registration-plugin-for-woocommerce/front/css/afreg_color_spectrum.css?ver=1.0 HTTP/2" 200 3713 "https://www.pgkdistribution.com.au/" "Mozilla/5.0 (Windows NT 10.0; Win64; x64) AppleWebKit/537.36 (KHTML, like Gecko) Chrome/142.0.0.0 Safari/537.36"
150.139.252.28 - - [10/May/2026:22:14:01 +1000] "GET /wp-content/plugins/gutentor/assets/library/magnific-popup/magnific-popup.min.css?ver=1.8.0 HTTP/2" 200 1401 "https://www.pgkdistribution.com.au/" "Mozilla/5.0 (Windows NT 10.0; Win64; x64) AppleWebKit/537.36 (KHTML, like Gecko) Chrome/142.0.0.0 Safari/537.36"
150.139.252.28 - - [10/May/2026:22:14:01 +1000] "GET /wp-content/plugins/gutentor/assets/library/slick/slick.min.css?ver=1.8.1 HTTP/2" 200 395 "https://www.pgkdistribution.com.au/" "Mozilla/5.0 (Windows NT 10.0; Win64; x64) AppleWebKit/537.36 (KHTML, like Gecko) Chrome/142.0.0.0 Safari/537.36"
150.139.252.28 - - [10/May/2026:22:14:01 +1000] "GET /wp-content/plugins/woocommerce/assets/client/blocks/wc-blocks.css?ver=wc-10.7.0 HTTP/2" 200 2391 "https://www.pgkdistribution.com.au/" "Mozilla/5.0 (Windows NT 10.0; Win64; x64) AppleWebKit/537.36 (KHTML, like Gecko) Chrome/142.0.0.0 Safari/537.36"
150.139.252.28 - - [10/May/2026:22:14:01 +1000] "GET /wp-content/plugins/gutentor/assets/library/fontawesome/css/all.min.css?ver=5.12.0 HTTP/2" 200 11931 "https://www.pgkdistribution.com.au/" "Mozilla/5.0 (Windows NT 10.0; Win64; x64) AppleWebKit/537.36 (KHTML, like Gecko) Chrome/142.0.0.0 Safari/537.36"
150.139.252.28 - - [10/May/2026:22:14:01 +1000] "GET /wp-content/plugins/gutentor/assets/library/wpness-grid/wpness-grid.css?ver=1.0.0 HTTP/2" 200 2693 "https://www.pgkdistribution.com.au/" "Mozilla/5.0 (Windows NT 10.0; Win64; x64) AppleWebKit/537.36 (KHTML, like Gecko) Chrome/142.0.0.0 Safari/537.36"
150.139.252.28 - - [10/May/2026:22:14:01 +1000] "GET /wp-content/themes/storefront/assets/css/base/gutenberg-blocks.css?ver=4.6.1 HTTP/2" 200 3289 "https://www.pgkdistribution.com.au/" "Mozilla/5.0 (Windows NT 10.0; Win64; x64) AppleWebKit/537.36 (KHTML, like Gecko) Chrome/142.0.0.0 Safari/537.36"
150.139.252.28 - - [10/May/2026:22:14:01 +1000] "GET /wp-content/plugins/advanced-product-fields-for-woocommerce/assets/css/frontend.min.css?ver=1.6.17 HTTP/2" 200 427 "https://www.pgkdistribution.com.au/" "Mozilla/5.0 (Windows NT 10.0; Win64; x64) AppleWebKit/537.36 (KHTML, like Gecko) Chrome/142.0.0.0 Safari/537.36"
150.139.252.28 - - [10/May/2026:22:14:01 +1000] "GET /wp-content/plugins/contact-form-7/includes/css/styles.css?ver=6.1.3 HTTP/2" 200 899 "https://www.pgkdistribution.com.au/" "Mozilla/5.0 (Windows NT 10.0; Win64; x64) AppleWebKit/537.36 (KHTML, like Gecko) Chrome/142.0.0.0 Safari/537.36"
150.139.252.28 - - [10/May/2026:22:14:01 +1000] "GET /wp-content/plugins/hide-price-add-to-cart-button/assets/css/afwhp_front.css?ver=1.0 HTTP/2" 200 230 "https://www.pgkdistribution.com.au/" "Mozilla/5.0 (Windows NT 10.0; Win64; x64) AppleWebKit/537.36 (KHTML, like Gecko) Chrome/142.0.0.0 Safari/537.36"
150.139.252.28 - - [10/May/2026:22:14:01 +1000] "GET /wp-content/plugins/tier-pricing-table/assets/frontend/main.css?ver=8.3.0 HTTP/2" 200 1679 "https://www.pgkdistribution.com.au/" "Mozilla/5.0 (Windows NT 10.0; Win64; x64) AppleWebKit/537.36 (KHTML, like Gecko) Chrome/142.0.0.0 Safari/537.36"
150.139.252.28 - - [10/May/2026:22:14:01 +1000] "GET /wp-content/themes/storefront/style.css?ver=4.6.1 HTTP/2" 200 8134 "https://www.pgkdistribution.com.au/" "Mozilla/5.0 (Windows NT 10.0; Win64; x64) AppleWebKit/537.36 (KHTML, like Gecko) Chrome/142.0.0.0 Safari/537.36"
150.139.252.28 - - [10/May/2026:22:14:01 +1000] "GET /wp-content/themes/storefront/assets/css/base/icons.css?ver=4.6.1 HTTP/2" 200 14127 "https://www.pgkdistribution.com.au/" "Mozilla/5.0 (Windows NT 10.0; Win64; x64) AppleWebKit/537.36 (KHTML, like Gecko) Chrome/142.0.0.0 Safari/537.36"
150.139.252.28 - - [10/May/2026:22:14:01 +1000] "GET /wp-content/plugins/gutentor/assets/library/animatecss/animate.min.css?ver=3.7.2 HTTP/2" 200 4011 "https://www.pgkdistribution.com.au/" "Mozilla/5.0 (Windows NT 10.0; Win64; x64) AppleWebKit/537.36 (KHTML, like Gecko) Chrome/142.0.0.0 Safari/537.36"
150.139.252.28 - - [10/May/2026:22:14:01 +1000] "GET /wp-includes/css/dist/components/style.min.css?ver=6.9.4 HTTP/2" 200 13467 "https://www.pgkdistribution.com.au/" "Mozilla/5.0 (Windows NT 10.0; Win64; x64) AppleWebKit/537.36 (KHTML, like Gecko) Chrome/142.0.0.0 Safari/537.36"
150.139.252.28 - - [10/May/2026:22:14:01 +1000] "GET /wp-content/plugins/gutentor/dist/blocks.style.build.css?ver=3.5.3 HTTP/2" 200 24490 "https://www.pgkdistribution.com.au/" "Mozilla/5.0 (Windows NT 10.0; Win64; x64) AppleWebKit/537.36 (KHTML, like Gecko) Chrome/142.0.0.0 Safari/537.36"
150.139.252.28 - - [10/May/2026:22:14:01 +1000] "GET /wp-content/plugins/gutentor/assets/library/wow/wow.min.js?ver=1.2.1 HTTP/2" 200 0 "https://www.pgkdistribution.com.au/" "Mozilla/5.0 (Windows NT 10.0; Win64; x64) AppleWebKit/537.36 (KHTML, like Gecko) Chrome/142.0.0.0 Safari/537.36"
150.139.252.28 - - [10/May/2026:22:14:01 +1000] "GET /wp-content/plugins/user-registration-plugin-for-woocommerce/front/js/afreg_color_spectrum.js?ver=1.0 HTTP/2" 200 0 "https://www.pgkdistribution.com.au/" "Mozilla/5.0 (Windows NT 10.0; Win64; x64) AppleWebKit/537.36 (KHTML, like Gecko) Chrome/142.0.0.0 Safari/537.36"
150.139.252.28 - - [10/May/2026:22:14:01 +1000] "GET /wp-includes/js/jquery/jquery.min.js?ver=3.7.1 HTTP/2" 200 0 "https://www.pgkdistribution.com.au/" "Mozilla/5.0 (Windows NT 10.0; Win64; x64) AppleWebKit/537.36 (KHTML, like Gecko) Chrome/142.0.0.0 Safari/537.36"
150.139.252.28 - - [10/May/2026:22:14:01 +1000] "GET /wp-includes/js/jquery/jquery-migrate.min.js?ver=3.4.1 HTTP/2" 200 0 "https://www.pgkdistribution.com.au/" "Mozilla/5.0 (Windows NT 10.0; Win64; x64) AppleWebKit/537.36 (KHTML, like Gecko) Chrome/142.0.0.0 Safari/537.36"
150.139.252.28 - - [10/May/2026:22:14:01 +1000] "GET /wp-content/plugins/hide-price-add-to-cart-button/assets/js/afwhp_front.js?ver=1.0 HTTP/2" 200 0 "https://www.pgkdistribution.com.au/" "Mozilla/5.0 (Windows NT 10.0; Win64; x64) AppleWebKit/537.36 (KHTML, like Gecko) Chrome/142.0.0.0 Safari/537.36"
150.139.252.28 - - [10/May/2026:22:14:01 +1000] "GET /wp-content/plugins/tier-pricing-table/assets/frontend/product-tiered-pricing-table.min.js?ver=8.3.0 HTTP/2" 200 0 "https://www.pgkdistribution.com.au/" "Mozilla/5.0 (Windows NT 10.0; Win64; x64) AppleWebKit/537.36 (KHTML, like Gecko) Chrome/142.0.0.0 Safari/537.36"
150.139.252.28 - - [10/May/2026:22:14:01 +1000] "GET /wp-content/plugins/advanced-product-fields-for-woocommerce/assets/js/frontend.min.js?ver=1.6.17 HTTP/2" 200 0 "https://www.pgkdistribution.com.au/" "Mozilla/5.0 (Windows NT 10.0; Win64; x64) AppleWebKit/537.36 (KHTML, like Gecko) Chrome/142.0.0.0 Safari/537.36"
150.139.252.28 - - [10/May/2026:22:14:01 +1000] "GET /wp-content/plugins/hide-price-add-to-cart-button/assets/js/jquery.popupoverlay.js?ver=1.0 HTTP/2" 200 0 "https://www.pgkdistribution.com.au/" "Mozilla/5.0 (Windows NT 10.0; Win64; x64) AppleWebKit/537.36 (KHTML, like Gecko) Chrome/142.0.0.0 Safari/537.36"
150.139.252.28 - - [10/May/2026:22:14:01 +1000] "GET /wp-content/plugins/user-registration-plugin-for-woocommerce/front/js/afreg_front.js?ver=1.0 HTTP/2" 200 0 "https://www.pgkdistribution.com.au/" "Mozilla/5.0 (Windows NT 10.0; Win64; x64) AppleWebKit/537.36 (KHTML, like Gecko) Chrome/142.0.0.0 Safari/537.36"
150.139.252.28 - - [10/May/2026:22:14:01 +1000] "GET /wp-content/plugins/storefront-footer-bar/assets/css/style.css?ver=6.9.4 HTTP/2" 200 0 "https://www.pgkdistribution.com.au/" "Mozilla/5.0 (Windows NT 10.0; Win64; x64) AppleWebKit/537.36 (KHTML, like Gecko) Chrome/142.0.0.0 Safari/537.36"
150.139.252.28 - - [10/May/2026:22:14:01 +1000] "GET /wp-includes/css/dist/preferences/style.min.css?ver=6.9.4 HTTP/2" 200 0 "https://www.pgkdistribution.com.au/" "Mozilla/5.0 (Windows NT 10.0; Win64; x64) AppleWebKit/537.36 (KHTML, like Gecko) Chrome/142.0.0.0 Safari/537.36"
150.139.252.28 - - [10/May/2026:22:14:01 +1000] "GET /wp-content/themes/storefront/assets/css/woocommerce/woocommerce.css?ver=4.6.1 HTTP/2" 200 0 "https://www.pgkdistribution.com.au/" "Mozilla/5.0 (Windows NT 10.0; Win64; x64) AppleWebKit/537.36 (KHTML, like Gecko) Chrome/142.0.0.0 Safari/537.36"
150.139.252.28 - - [10/May/2026:22:14:01 +1000] "GET /wp-content/plugins/smart-slider-3/Public/SmartSlider3/Application/Frontend/Assets/dist/smartslider.min.css?ver=5ea20ab3 HTTP/2" 200 0 "https://www.pgkdistribution.com.au/" "Mozilla/5.0 (Windows NT 10.0; Win64; x64) AppleWebKit/537.36 (KHTML, like Gecko) Chrome/142.0.0.0 Safari/537.36"
150.139.252.28 - - [10/May/2026:22:14:01 +1000] "GET /wp-includes/css/dist/patterns/style.min.css?ver=6.9.4 HTTP/2" 200 0 "https://www.pgkdistribution.com.au/" "Mozilla/5.0 (Windows NT 10.0; Win64; x64) AppleWebKit/537.36 (KHTML, like Gecko) Chrome/142.0.0.0 Safari/537.36"
150.139.252.28 - - [10/May/2026:22:14:01 +1000] "GET /wp-includes/css/dist/editor/style.min.css?ver=6.9.4 HTTP/2" 200 0 "https://www.pgkdistribution.com.au/" "Mozilla/5.0 (Windows NT 10.0; Win64; x64) AppleWebKit/537.36 (KHTML, like Gecko) Chrome/142.0.0.0 Safari/537.36"
150.139.252.28 - - [10/May/2026:22:14:01 +1000] "GET /wp-content/plugins/storefront-hamburger-menu/assets/css/style.css?ver=1.2.2 HTTP/2" 200 0 "https://www.pgkdistribution.com.au/" "Mozilla/5.0 (Windows NT 10.0; Win64; x64) AppleWebKit/537.36 (KHTML, like Gecko) Chrome/142.0.0.0 Safari/537.36"
150.139.252.28 - - [10/May/2026:22:14:01 +1000] "GET /wp-includes/blocks/paragraph/style.min.css?ver=6.9.4 HTTP/2" 200 0 "https://www.pgkdistribution.com.au/" "Mozilla/5.0 (Windows NT 10.0; Win64; x64) AppleWebKit/537.36 (KHTML, like Gecko) Chrome/142.0.0.0 Safari/537.36"
150.139.252.28 - - [10/May/2026:22:14:01 +1000] "GET /wp-includes/css/dist/block-editor/style.min.css?ver=6.9.4 HTTP/2" 200 0 "https://www.pgkdistribution.com.au/" "Mozilla/5.0 (Windows NT 10.0; Win64; x64) AppleWebKit/537.36 (KHTML, like Gecko) Chrome/142.0.0.0 Safari/537.36"
150.139.252.28 - - [10/May/2026:22:14:01 +1000] "GET /wp-content/themes/storefront/assets/css/woocommerce/extensions/brands.css?ver=4.6.1 HTTP/2" 200 0 "https://www.pgkdistribution.com.au/" "Mozilla/5.0 (Windows NT 10.0; Win64; x64) AppleWebKit/537.36 (KHTML, like Gecko) Chrome/142.0.0.0 Safari/537.36"
