212.102.59.201 - - [02/May/2026:07:57:07 +1000] "POST /xmlrpc.php HTTP/1.1" 200 832 "-" "Jetpack/12.0; WordPress/6.3; http://site58647366.com"
212.102.59.201 - - [02/May/2026:07:57:23 +1000] "POST /xmlrpc.php HTTP/1.1" 200 1010 "-" "Jetpack/13.0; WordPress/6.2; http://site49661322.com"
212.102.59.201 - - [02/May/2026:07:57:29 +1000] "POST /xmlrpc.php HTTP/1.1" 200 832 "-" "WordPress.com; https://wordpress.com"
212.102.59.201 - - [02/May/2026:07:57:41 +1000] "POST /xmlrpc.php HTTP/1.1" 200 1010 "-" "Jetpack by WordPress.com"
94.26.106.9 - - [02/May/2026:07:57:46 +1000] "GET /wp-login.php HTTP/1.1" 200 5449 "https://wordpress.org/" "Mozilla/5.0 (Windows NT 10.0; Win64; x64; rv:118.0) Gecko/20100101 Firefox/118.0"
94.26.106.9 - - [02/May/2026:07:57:49 +1000] "GET /?author=1 HTTP/1.1" 301 346 "https://www.bing.com/" "Mozilla/5.0 (Windows NT 10.0; Win64; x64; rv:120.0) Gecko/20100101 Firefox/120.0"
212.102.59.201 - - [02/May/2026:07:57:52 +1000] "POST /xmlrpc.php HTTP/1.1" 200 1010 "-" "Jetpack by WordPress.com (Jetpack 12.0; WordPress 6.1)"
94.26.106.9 - - [02/May/2026:07:57:52 +1000] "GET /author/pgkdistribution/ HTTP/1.1" 200 24609 "https://www.bing.com/" "Mozilla/5.0 (Windows NT 10.0; Win64; x64; rv:120.0) Gecko/20100101 Firefox/120.0"
152.163.16.153 - - [02/May/2026:07:57:56 +1000] "GET /wp-content/uploads/2021/06/Single-Solar-DC-Cable-500x500-1.jpg HTTP/1.1" 200 31194 "-" "Mozilla/5.0 (compatible; crawler)"
94.26.106.9 - - [02/May/2026:07:57:55 +1000] "GET /?author=2 HTTP/1.1" 404 23687 "https://www.bing.com/" "Mozilla/5.0 (Windows NT 10.0; Win64; x64; rv:121.0) Gecko/20100101 Firefox/121.0"
94.26.106.9 - - [02/May/2026:07:57:59 +1000] "GET /?author=3 HTTP/1.1" 200 23892 "https://t.co/" "Mozilla/5.0 (Macintosh; Intel Mac OS X 13_6_1) AppleWebKit/537.36 (KHTML, like Gecko) Chrome/118.0.0.0 Safari/537.36"
212.102.59.201 - - [02/May/2026:07:58:02 +1000] "POST /xmlrpc.php HTTP/1.1" 200 1010 "-" "Jetpack/12.5; WordPress/6.2; http://site70675503.com"
94.26.106.9 - - [02/May/2026:07:58:03 +1000] "GET /?author=4 HTTP/1.1" 404 23687 "https://wordpress.org/" "Mozilla/5.0 (Macintosh; Intel Mac OS X 10_15_7; rv:121.0) Gecko/20100101 Firefox/121.0"
94.26.106.9 - - [02/May/2026:07:58:06 +1000] "GET /?author=5 HTTP/1.1" 404 23687 "https://www.google.com/search?q=wordpress" "Mozilla/5.0 (Windows NT 10.0; Win64; x64) AppleWebKit/537.36 (KHTML, like Gecko) Chrome/119.0.0.0 Safari/537.36"
94.26.106.9 - - [02/May/2026:07:58:10 +1000] "GET /wp-json/wp/v2/users HTTP/1.1" 200 2747 "https://www.google.com/" "Mozilla/5.0 (Windows NT 11.0; Win64; x64) AppleWebKit/537.36 (KHTML, like Gecko) Chrome/118.0.0.0 Safari/537.36"
94.26.106.9 - - [02/May/2026:07:58:14 +1000] "POST /wp-login.php HTTP/1.1" 200 5271 "https://pgkdistribution.co.nz/wp-login.php" "Mozilla/5.0 (Windows NT 10.0; Win64; x64) AppleWebKit/537.36 (KHTML, like Gecko) Chrome/121.0.0.0 Safari/537.36"
212.102.59.201 - - [02/May/2026:07:58:13 +1000] "POST /xmlrpc.php HTTP/1.1" 200 1010 "-" "Jetpack/12.1; WordPress/6.1; http://site13428588.com"
94.26.106.9 - - [02/May/2026:07:58:15 +1000] "GET /wp-admin/index.php HTTP/1.1" 302 515 "https://pgkdistribution.co.nz/wp-login.php" "Mozilla/5.0 (Macintosh; Intel Mac OS X 13_6_1) AppleWebKit/605.1.15 (KHTML, like Gecko) Version/16.6 Safari/605.1.15"
94.26.106.9 - - [02/May/2026:07:58:19 +1000] "GET /wp-login.php?redirect_to=https%3A%2F%2Fpgkdistribution.co.nz%2Fwp-admin%2Findex.php&reauth=1 HTTP/1.1" 200 5311 "https://pgkdistribution.co.nz/wp-login.php" "Mozilla/5.0 (Macintosh; Intel Mac OS X 13_6_1) AppleWebKit/605.1.15 (KHTML, like Gecko) Version/16.6 Safari/605.1.15"
94.26.106.9 - - [02/May/2026:07:58:21 +1000] "POST /wp-login.php HTTP/1.1" 200 5271 "https://pgkdistribution.co.nz/wp-login.php" "Mozilla/5.0 (X11; Linux x86_64) AppleWebKit/537.36 (KHTML, like Gecko) Chrome/119.0.0.0 Safari/537.36"
94.26.106.9 - - [02/May/2026:07:58:23 +1000] "GET /wp-admin/index.php HTTP/1.1" 302 515 "https://pgkdistribution.co.nz/wp-login.php" "Mozilla/5.0 (Macintosh; Intel Mac OS X 13_6_1) AppleWebKit/537.36 (KHTML, like Gecko) Chrome/120.0.0.0 Safari/537.36"
212.102.59.201 - - [02/May/2026:07:58:23 +1000] "POST /xmlrpc.php HTTP/1.1" 200 1010 "-" "Jetpack by WordPress.com (Jetpack 12.5; WordPress 6.3)"
94.26.106.9 - - [02/May/2026:07:58:26 +1000] "GET /wp-login.php?redirect_to=https%3A%2F%2Fpgkdistribution.co.nz%2Fwp-admin%2Findex.php&reauth=1 HTTP/1.1" 200 5311 "https://pgkdistribution.co.nz/wp-login.php" "Mozilla/5.0 (Macintosh; Intel Mac OS X 13_6_1) AppleWebKit/537.36 (KHTML, like Gecko) Chrome/120.0.0.0 Safari/537.36"
94.26.106.9 - - [02/May/2026:07:58:28 +1000] "POST /wp-login.php HTTP/1.1" 200 5271 "https://pgkdistribution.co.nz/wp-login.php" "Mozilla/5.0 (Windows NT 11.0; Win64; x64; rv:120.0) Gecko/20100101 Firefox/120.0"
94.26.106.9 - - [02/May/2026:07:58:31 +1000] "GET /wp-admin/index.php HTTP/1.1" 302 515 "https://pgkdistribution.co.nz/wp-login.php" "Mozilla/5.0 (X11; Ubuntu; Linux x86_64) AppleWebKit/537.36 (KHTML, like Gecko) Chrome/118.0.0.0 Safari/537.36"
94.26.106.9 - - [02/May/2026:07:58:34 +1000] "GET /wp-login.php?redirect_to=https%3A%2F%2Fpgkdistribution.co.nz%2Fwp-admin%2Findex.php&reauth=1 HTTP/1.1" 200 5311 "https://pgkdistribution.co.nz/wp-login.php" "Mozilla/5.0 (X11; Ubuntu; Linux x86_64) AppleWebKit/537.36 (KHTML, like Gecko) Chrome/118.0.0.0 Safari/537.36"
212.102.59.201 - - [02/May/2026:07:58:34 +1000] "POST /xmlrpc.php HTTP/1.1" 200 1010 "-" "Jetpack by WordPress.com (Jetpack 12.0; WordPress 6.4)"
94.26.106.9 - - [02/May/2026:07:58:36 +1000] "POST /wp-login.php HTTP/1.1" 200 5271 "https://pgkdistribution.co.nz/wp-login.php" "Mozilla/5.0 (Windows NT 10.0; Win64; x64) AppleWebKit/537.36 (KHTML, like Gecko) Chrome/120.0.0.0 Safari/537.36"
94.26.106.9 - - [02/May/2026:07:58:38 +1000] "GET /wp-admin/index.php HTTP/1.1" 302 515 "https://pgkdistribution.co.nz/wp-login.php" "Mozilla/5.0 (Windows NT 10.0; Win64; x64; rv:121.0) Gecko/20100101 Firefox/121.0"
94.26.106.9 - - [02/May/2026:07:58:41 +1000] "GET /wp-login.php?redirect_to=https%3A%2F%2Fpgkdistribution.co.nz%2Fwp-admin%2Findex.php&reauth=1 HTTP/1.1" 200 5311 "https://pgkdistribution.co.nz/wp-login.php" "Mozilla/5.0 (Windows NT 10.0; Win64; x64; rv:121.0) Gecko/20100101 Firefox/121.0"
94.26.106.9 - - [02/May/2026:07:58:43 +1000] "POST /wp-login.php HTTP/1.1" 200 5271 "https://pgkdistribution.co.nz/wp-login.php" "Mozilla/5.0 (Macintosh; Intel Mac OS X 10_15_7; rv:120.0) Gecko/20100101 Firefox/120.0"
94.26.106.9 - - [02/May/2026:07:58:45 +1000] "GET /wp-admin/index.php HTTP/1.1" 302 515 "https://pgkdistribution.co.nz/wp-login.php" "Mozilla/5.0 (X11; Ubuntu; Linux x86_64) AppleWebKit/537.36 (KHTML, like Gecko) Chrome/119.0.0.0 Safari/537.36"
94.26.106.9 - - [02/May/2026:07:58:48 +1000] "GET /wp-login.php?redirect_to=https%3A%2F%2Fpgkdistribution.co.nz%2Fwp-admin%2Findex.php&reauth=1 HTTP/1.1" 200 5311 "https://pgkdistribution.co.nz/wp-login.php" "Mozilla/5.0 (X11; Ubuntu; Linux x86_64) AppleWebKit/537.36 (KHTML, like Gecko) Chrome/119.0.0.0 Safari/537.36"
94.26.106.9 - - [02/May/2026:07:58:50 +1000] "POST /wp-login.php HTTP/1.1" 200 5271 "https://pgkdistribution.co.nz/wp-login.php" "Mozilla/5.0 (Macintosh; Intel Mac OS X 10_15_7) AppleWebKit/537.36 (KHTML, like Gecko) Chrome/118.0.0.0 Safari/537.36"
94.26.106.9 - - [02/May/2026:07:58:52 +1000] "GET /wp-admin/index.php HTTP/1.1" 302 515 "https://pgkdistribution.co.nz/wp-login.php" "Mozilla/5.0 (X11; Ubuntu; Linux x86_64) AppleWebKit/537.36 (KHTML, like Gecko) Chrome/121.0.0.0 Safari/537.36"
94.26.106.9 - - [02/May/2026:07:58:56 +1000] "GET /wp-login.php?redirect_to=https%3A%2F%2Fpgkdistribution.co.nz%2Fwp-admin%2Findex.php&reauth=1 HTTP/1.1" 200 5311 "https://pgkdistribution.co.nz/wp-login.php" "Mozilla/5.0 (X11; Ubuntu; Linux x86_64) AppleWebKit/537.36 (KHTML, like Gecko) Chrome/121.0.0.0 Safari/537.36"
212.102.59.201 - - [02/May/2026:07:58:55 +1000] "POST /xmlrpc.php HTTP/1.1" 200 1010 "-" "Jetpack/12.0; WordPress/6.1; http://site17280720.com"
94.26.106.9 - - [02/May/2026:07:58:58 +1000] "POST /wp-login.php HTTP/1.1" 200 5271 "https://pgkdistribution.co.nz/wp-login.php" "Mozilla/5.0 (Windows NT 11.0; Win64; x64; rv:119.0) Gecko/20100101 Firefox/119.0"
94.26.106.9 - - [02/May/2026:07:58:59 +1000] "GET /wp-admin/index.php HTTP/1.1" 302 515 "https://pgkdistribution.co.nz/wp-login.php" "Mozilla/5.0 (Windows NT 11.0; Win64; x64) AppleWebKit/537.36 (KHTML, like Gecko) Chrome/118.0.0.0 Safari/537.36"
94.26.106.9 - - [02/May/2026:07:59:03 +1000] "GET /wp-login.php?redirect_to=https%3A%2F%2Fpgkdistribution.co.nz%2Fwp-admin%2Findex.php&reauth=1 HTTP/1.1" 200 5311 "https://pgkdistribution.co.nz/wp-login.php" "Mozilla/5.0 (Windows NT 11.0; Win64; x64) AppleWebKit/537.36 (KHTML, like Gecko) Chrome/118.0.0.0 Safari/537.36"
94.26.106.9 - - [02/May/2026:07:59:04 +1000] "POST /wp-login.php HTTP/1.1" 200 5271 "https://pgkdistribution.co.nz/wp-login.php" "Mozilla/5.0 (Macintosh; Intel Mac OS X 13_6_1) AppleWebKit/605.1.15 (KHTML, like Gecko) Version/17.0 Safari/605.1.15"
212.102.59.201 - - [02/May/2026:07:59:06 +1000] "POST /xmlrpc.php HTTP/1.1" 200 1010 "-" "Jetpack/13.0; WordPress/6.3; http://site76997950.com"
94.26.106.9 - - [02/May/2026:07:59:06 +1000] "GET /wp-admin/index.php HTTP/1.1" 302 515 "https://pgkdistribution.co.nz/wp-login.php" "Mozilla/5.0 (Macintosh; Intel Mac OS X 10_15_7) AppleWebKit/605.1.15 (KHTML, like Gecko) Version/16.6 Safari/605.1.15"
94.26.106.9 - - [02/May/2026:07:59:09 +1000] "GET /wp-login.php?redirect_to=https%3A%2F%2Fpgkdistribution.co.nz%2Fwp-admin%2Findex.php&reauth=1 HTTP/1.1" 200 5311 "https://pgkdistribution.co.nz/wp-login.php" "Mozilla/5.0 (Macintosh; Intel Mac OS X 10_15_7) AppleWebKit/605.1.15 (KHTML, like Gecko) Version/16.6 Safari/605.1.15"
94.26.106.9 - - [02/May/2026:07:59:10 +1000] "POST /wp-login.php HTTP/1.1" 200 5271 "https://pgkdistribution.co.nz/wp-login.php" "Mozilla/5.0 (Windows NT 11.0; Win64; x64) AppleWebKit/537.36 (KHTML, like Gecko) Chrome/120.0.0.0 Safari/537.36"
94.26.106.9 - - [02/May/2026:07:59:12 +1000] "GET /wp-admin/index.php HTTP/1.1" 302 515 "https://pgkdistribution.co.nz/wp-login.php" "Mozilla/5.0 (Macintosh; Intel Mac OS X 13_6_1; rv:121.0) Gecko/20100101 Firefox/121.0"
94.26.106.9 - - [02/May/2026:07:59:15 +1000] "GET /wp-login.php?redirect_to=https%3A%2F%2Fpgkdistribution.co.nz%2Fwp-admin%2Findex.php&reauth=1 HTTP/1.1" 200 5311 "https://pgkdistribution.co.nz/wp-login.php" "Mozilla/5.0 (Macintosh; Intel Mac OS X 13_6_1; rv:121.0) Gecko/20100101 Firefox/121.0"
94.26.106.9 - - [02/May/2026:07:59:16 +1000] "POST /wp-login.php HTTP/1.1" 200 5271 "https://pgkdistribution.co.nz/wp-login.php" "Mozilla/5.0 (Macintosh; Intel Mac OS X 13_6_1) AppleWebKit/537.36 (KHTML, like Gecko) Chrome/118.0.0.0 Safari/537.36"
212.102.59.201 - - [02/May/2026:07:59:16 +1000] "POST /xmlrpc.php HTTP/1.1" 200 1010 "-" "Jetpack/12.1; WordPress/6.2; http://site22506606.com"
94.26.106.9 - - [02/May/2026:07:59:18 +1000] "GET /wp-admin/index.php HTTP/1.1" 302 515 "https://pgkdistribution.co.nz/wp-login.php" "Mozilla/5.0 (Macintosh; Intel Mac OS X 13_6_1; rv:120.0) Gecko/20100101 Firefox/120.0"
94.26.106.9 - - [02/May/2026:07:59:22 +1000] "GET /wp-login.php?redirect_to=https%3A%2F%2Fpgkdistribution.co.nz%2Fwp-admin%2Findex.php&reauth=1 HTTP/1.1" 200 5311 "https://pgkdistribution.co.nz/wp-login.php" "Mozilla/5.0 (Macintosh; Intel Mac OS X 13_6_1; rv:120.0) Gecko/20100101 Firefox/120.0"
94.26.106.9 - - [02/May/2026:07:59:23 +1000] "POST /wp-login.php HTTP/1.1" 200 5271 "https://pgkdistribution.co.nz/wp-login.php" "Mozilla/5.0 (Windows NT 11.0; Win64; x64) AppleWebKit/537.36 (KHTML, like Gecko) Chrome/118.0.0.0 Safari/537.36"
95.217.114.159 - - [02/May/2026:07:59:23 +1000] "GET /robots.txt HTTP/1.1" 200 705 "-" "Mozilla/5.0 (compatible; SERankingBacklinksBot/1.0; +https://seranking.com/backlinks-crawler)"
94.26.106.9 - - [02/May/2026:07:59:26 +1000] "GET /wp-admin/index.php HTTP/1.1" 302 515 "https://pgkdistribution.co.nz/wp-login.php" "Mozilla/5.0 (Windows NT 10.0; Win64; x64; rv:121.0) Gecko/20100101 Firefox/121.0"
212.102.59.201 - - [02/May/2026:07:59:27 +1000] "POST /xmlrpc.php HTTP/1.1" 200 1010 "-" "Jetpack by WordPress.com (Jetpack 13.0; WordPress 6.4)"
94.26.106.9 - - [02/May/2026:07:59:31 +1000] "GET /wp-login.php?redirect_to=https%3A%2F%2Fpgkdistribution.co.nz%2Fwp-admin%2Findex.php&reauth=1 HTTP/1.1" 200 5311 "https://pgkdistribution.co.nz/wp-login.php" "Mozilla/5.0 (Windows NT 10.0; Win64; x64; rv:121.0) Gecko/20100101 Firefox/121.0"
95.217.114.159 - - [02/May/2026:07:59:27 +1000] "GET /products/din-rail-mounting-1200v-dc-isolators/ HTTP/1.1" 404 23865 "-" "Mozilla/5.0 (compatible; SERankingBacklinksBot/1.0; +https://seranking.com/backlinks-crawler)"
94.26.106.9 - - [02/May/2026:07:59:33 +1000] "POST /wp-login.php HTTP/1.1" 200 5271 "https://pgkdistribution.co.nz/wp-login.php" "Mozilla/5.0 (Windows NT 11.0; Win64; x64; rv:120.0) Gecko/20100101 Firefox/120.0"
94.26.106.9 - - [02/May/2026:07:59:35 +1000] "GET /wp-admin/index.php HTTP/1.1" 302 515 "https://pgkdistribution.co.nz/wp-login.php" "Mozilla/5.0 (Macintosh; Intel Mac OS X 10_15_7) AppleWebKit/537.36 (KHTML, like Gecko) Chrome/118.0.0.0 Safari/537.36"
94.26.106.9 - - [02/May/2026:07:59:39 +1000] "GET /wp-login.php?redirect_to=https%3A%2F%2Fpgkdistribution.co.nz%2Fwp-admin%2Findex.php&reauth=1 HTTP/1.1" 200 5311 "https://pgkdistribution.co.nz/wp-login.php" "Mozilla/5.0 (Macintosh; Intel Mac OS X 10_15_7) AppleWebKit/537.36 (KHTML, like Gecko) Chrome/118.0.0.0 Safari/537.36"
212.102.59.201 - - [02/May/2026:07:59:38 +1000] "POST /xmlrpc.php HTTP/1.1" 200 1010 "-" "Jetpack/12.0; WordPress/6.4; http://site12606107.com"
94.26.106.9 - - [02/May/2026:07:59:40 +1000] "POST /wp-login.php HTTP/1.1" 200 5271 "https://pgkdistribution.co.nz/wp-login.php" "Mozilla/5.0 (Macintosh; Intel Mac OS X 13_6_1) AppleWebKit/537.36 (KHTML, like Gecko) Chrome/120.0.0.0 Safari/537.36"
94.26.106.9 - - [02/May/2026:07:59:43 +1000] "GET /wp-admin/index.php HTTP/1.1" 302 515 "https://pgkdistribution.co.nz/wp-login.php" "Mozilla/5.0 (Macintosh; Intel Mac OS X 10_15_7) AppleWebKit/537.36 (KHTML, like Gecko) Chrome/120.0.0.0 Safari/537.36"
94.26.106.9 - - [02/May/2026:07:59:46 +1000] "GET /wp-login.php?redirect_to=https%3A%2F%2Fpgkdistribution.co.nz%2Fwp-admin%2Findex.php&reauth=1 HTTP/1.1" 200 5311 "https://pgkdistribution.co.nz/wp-login.php" "Mozilla/5.0 (Macintosh; Intel Mac OS X 10_15_7) AppleWebKit/537.36 (KHTML, like Gecko) Chrome/120.0.0.0 Safari/537.36"
212.102.59.201 - - [02/May/2026:07:59:48 +1000] "POST /xmlrpc.php HTTP/1.1" 200 1010 "-" "Jetpack by WordPress.com (Jetpack 12.0; WordPress 6.1)"
94.26.106.9 - - [02/May/2026:07:59:48 +1000] "POST /wp-login.php HTTP/1.1" 200 5271 "https://pgkdistribution.co.nz/wp-login.php" "Mozilla/5.0 (Macintosh; Intel Mac OS X 13_6_1) AppleWebKit/605.1.15 (KHTML, like Gecko) Version/17.2 Safari/605.1.15"
94.26.106.9 - - [02/May/2026:07:59:51 +1000] "GET /wp-admin/index.php HTTP/1.1" 302 515 "https://pgkdistribution.co.nz/wp-login.php" "Mozilla/5.0 (Macintosh; Intel Mac OS X 13_6_1) AppleWebKit/537.36 (KHTML, like Gecko) Chrome/118.0.0.0 Safari/537.36"
94.26.106.9 - - [02/May/2026:07:59:54 +1000] "GET /wp-login.php?redirect_to=https%3A%2F%2Fpgkdistribution.co.nz%2Fwp-admin%2Findex.php&reauth=1 HTTP/1.1" 200 5311 "https://pgkdistribution.co.nz/wp-login.php" "Mozilla/5.0 (Macintosh; Intel Mac OS X 13_6_1) AppleWebKit/537.36 (KHTML, like Gecko) Chrome/118.0.0.0 Safari/537.36"
94.26.106.9 - - [02/May/2026:07:59:56 +1000] "POST /wp-login.php HTTP/1.1" 200 5271 "https://pgkdistribution.co.nz/wp-login.php" "Mozilla/5.0 (Macintosh; Intel Mac OS X 13_6_1; rv:121.0) Gecko/20100101 Firefox/121.0"
212.102.59.201 - - [02/May/2026:07:59:59 +1000] "POST /xmlrpc.php HTTP/1.1" 200 1010 "-" "Jetpack by WordPress.com"
94.26.106.9 - - [02/May/2026:08:00:00 +1000] "GET /wp-admin/index.php HTTP/1.1" 302 515 "https://pgkdistribution.co.nz/wp-login.php" "Mozilla/5.0 (Macintosh; Intel Mac OS X 13_6_1; rv:121.0) Gecko/20100101 Firefox/121.0"
94.26.106.9 - - [02/May/2026:08:00:04 +1000] "GET /wp-login.php?redirect_to=https%3A%2F%2Fpgkdistribution.co.nz%2Fwp-admin%2Findex.php&reauth=1 HTTP/1.1" 200 5311 "https://pgkdistribution.co.nz/wp-login.php" "Mozilla/5.0 (Macintosh; Intel Mac OS X 13_6_1; rv:121.0) Gecko/20100101 Firefox/121.0"
94.26.106.9 - - [02/May/2026:08:00:06 +1000] "POST /wp-login.php HTTP/1.1" 200 5271 "https://pgkdistribution.co.nz/wp-login.php" "Mozilla/5.0 (Windows NT 11.0; Win64; x64; rv:118.0) Gecko/20100101 Firefox/118.0"
94.26.106.9 - - [02/May/2026:08:00:11 +1000] "GET /wp-admin/index.php HTTP/1.1" 302 515 "https://pgkdistribution.co.nz/wp-login.php" "Mozilla/5.0 (Windows NT 11.0; Win64; x64; rv:118.0) Gecko/20100101 Firefox/118.0"
94.26.106.9 - - [02/May/2026:08:00:15 +1000] "GET /wp-login.php?redirect_to=https%3A%2F%2Fpgkdistribution.co.nz%2Fwp-admin%2Findex.php&reauth=1 HTTP/1.1" 200 5311 "https://pgkdistribution.co.nz/wp-login.php" "Mozilla/5.0 (Windows NT 11.0; Win64; x64; rv:118.0) Gecko/20100101 Firefox/118.0"
94.26.106.9 - - [02/May/2026:08:00:17 +1000] "POST /wp-login.php HTTP/1.1" 200 5271 "https://pgkdistribution.co.nz/wp-login.php" "Mozilla/5.0 (Macintosh; Intel Mac OS X 10_15_7; rv:121.0) Gecko/20100101 Firefox/121.0"
94.26.106.9 - - [02/May/2026:08:00:21 +1000] "GET /wp-admin/index.php HTTP/1.1" 302 515 "https://pgkdistribution.co.nz/wp-login.php" "Mozilla/5.0 (Windows NT 11.0; Win64; x64) AppleWebKit/537.36 (KHTML, like Gecko) Chrome/119.0.0.0 Safari/537.36"
94.26.106.9 - - [02/May/2026:08:00:25 +1000] "GET /wp-login.php?redirect_to=https%3A%2F%2Fpgkdistribution.co.nz%2Fwp-admin%2Findex.php&reauth=1 HTTP/1.1" 200 5311 "https://pgkdistribution.co.nz/wp-login.php" "Mozilla/5.0 (Windows NT 11.0; Win64; x64) AppleWebKit/537.36 (KHTML, like Gecko) Chrome/119.0.0.0 Safari/537.36"
94.26.106.9 - - [02/May/2026:08:00:27 +1000] "POST /wp-login.php HTTP/1.1" 200 5271 "https://pgkdistribution.co.nz/wp-login.php" "Mozilla/5.0 (Macintosh; Intel Mac OS X 13_6_1) AppleWebKit/537.36 (KHTML, like Gecko) Chrome/119.0.0.0 Safari/537.36"
94.26.106.9 - - [02/May/2026:08:00:32 +1000] "GET /wp-admin/index.php HTTP/1.1" 302 515 "https://pgkdistribution.co.nz/wp-login.php" "Mozilla/5.0 (X11; Linux x86_64) AppleWebKit/537.36 (KHTML, like Gecko) Chrome/118.0.0.0 Safari/537.36"
94.26.106.9 - - [02/May/2026:08:00:36 +1000] "GET /wp-login.php?redirect_to=https%3A%2F%2Fpgkdistribution.co.nz%2Fwp-admin%2Findex.php&reauth=1 HTTP/1.1" 200 5311 "https://pgkdistribution.co.nz/wp-login.php" "Mozilla/5.0 (X11; Linux x86_64) AppleWebKit/537.36 (KHTML, like Gecko) Chrome/118.0.0.0 Safari/537.36"
94.26.106.9 - - [02/May/2026:08:00:37 +1000] "POST /wp-login.php HTTP/1.1" 200 5271 "https://pgkdistribution.co.nz/wp-login.php" "Mozilla/5.0 (X11; Ubuntu; Linux x86_64) AppleWebKit/537.36 (KHTML, like Gecko) Chrome/120.0.0.0 Safari/537.36"
94.26.106.9 - - [02/May/2026:08:00:42 +1000] "GET /wp-admin/index.php HTTP/1.1" 302 515 "https://pgkdistribution.co.nz/wp-login.php" "Mozilla/5.0 (Windows NT 11.0; Win64; x64) AppleWebKit/537.36 (KHTML, like Gecko) Chrome/118.0.0.0 Safari/537.36"
94.26.106.9 - - [02/May/2026:08:00:47 +1000] "GET /wp-login.php?redirect_to=https%3A%2F%2Fpgkdistribution.co.nz%2Fwp-admin%2Findex.php&reauth=1 HTTP/1.1" 200 5311 "https://pgkdistribution.co.nz/wp-login.php" "Mozilla/5.0 (Windows NT 11.0; Win64; x64) AppleWebKit/537.36 (KHTML, like Gecko) Chrome/118.0.0.0 Safari/537.36"
92.205.109.21 - - [02/May/2026:08:00:50 +1000] "GET /wp-login.php HTTP/2" 200 4843 "-" "Mozilla/5.0 (Windows NT 6.3; WOW64; Trident/7.0; MATBJS; rv:11.0) like Gecko"
94.26.106.9 - - [02/May/2026:08:00:49 +1000] "POST /wp-login.php HTTP/1.1" 200 5271 "https://pgkdistribution.co.nz/wp-login.php" "Mozilla/5.0 (Windows NT 10.0; Win64; x64; rv:121.0) Gecko/20100101 Firefox/121.0"
92.205.109.21 - - [02/May/2026:08:00:53 +1000] "POST /wp-login.php HTTP/2" 200 4843 "https://pgkdistribution.co.nz/wp-login.php" "Mozilla/5.0 (Windows NT 6.3; WOW64; Trident/7.0; MATBJS; rv:11.0) like Gecko"
94.26.106.9 - - [02/May/2026:08:00:55 +1000] "GET /wp-admin/index.php HTTP/1.1" 302 515 "https://pgkdistribution.co.nz/wp-login.php" "Mozilla/5.0 (Macintosh; Intel Mac OS X 13_6_1; rv:121.0) Gecko/20100101 Firefox/121.0"
94.26.106.9 - - [02/May/2026:08:01:00 +1000] "GET /wp-login.php?redirect_to=https%3A%2F%2Fpgkdistribution.co.nz%2Fwp-admin%2Findex.php&reauth=1 HTTP/1.1" 200 5311 "https://pgkdistribution.co.nz/wp-login.php" "Mozilla/5.0 (Macintosh; Intel Mac OS X 13_6_1; rv:121.0) Gecko/20100101 Firefox/121.0"
94.26.106.9 - - [02/May/2026:08:01:02 +1000] "POST /wp-login.php HTTP/1.1" 200 5271 "https://pgkdistribution.co.nz/wp-login.php" "Mozilla/5.0 (Macintosh; Intel Mac OS X 10_15_7) AppleWebKit/605.1.15 (KHTML, like Gecko) Version/17.0 Safari/605.1.15"
94.26.106.9 - - [02/May/2026:08:01:07 +1000] "GET /wp-admin/index.php HTTP/1.1" 302 515 "https://pgkdistribution.co.nz/wp-login.php" "Mozilla/5.0 (X11; Linux x86_64) AppleWebKit/537.36 (KHTML, like Gecko) Chrome/121.0.0.0 Safari/537.36"
94.26.106.9 - - [02/May/2026:08:01:11 +1000] "GET /wp-login.php?redirect_to=https%3A%2F%2Fpgkdistribution.co.nz%2Fwp-admin%2Findex.php&reauth=1 HTTP/1.1" 200 5311 "https://pgkdistribution.co.nz/wp-login.php" "Mozilla/5.0 (X11; Linux x86_64) AppleWebKit/537.36 (KHTML, like Gecko) Chrome/121.0.0.0 Safari/537.36"
94.26.106.9 - - [02/May/2026:08:01:13 +1000] "POST /wp-login.php HTTP/1.1" 200 5271 "https://pgkdistribution.co.nz/wp-login.php" "Mozilla/5.0 (Macintosh; Intel Mac OS X 10_15_7) AppleWebKit/605.1.15 (KHTML, like Gecko) Version/16.6 Safari/605.1.15"
35.193.123.228 - - [02/May/2026:08:01:21 +1000] "GET /.git/config HTTP/1.1" 403 1115 "-" "-"
94.26.106.9 - - [02/May/2026:08:01:19 +1000] "GET /wp-admin/index.php HTTP/1.1" 302 515 "https://pgkdistribution.co.nz/wp-login.php" "Mozilla/5.0 (Windows NT 10.0; Win64; x64) AppleWebKit/537.36 (KHTML, like Gecko) Chrome/120.0.0.0 Safari/537.36"
94.26.106.9 - - [02/May/2026:08:01:22 +1000] "GET /wp-login.php?redirect_to=https%3A%2F%2Fpgkdistribution.co.nz%2Fwp-admin%2Findex.php&reauth=1 HTTP/1.1" 200 5311 "https://pgkdistribution.co.nz/wp-login.php" "Mozilla/5.0 (Windows NT 10.0; Win64; x64) AppleWebKit/537.36 (KHTML, like Gecko) Chrome/120.0.0.0 Safari/537.36"
94.26.106.9 - - [02/May/2026:08:01:23 +1000] "POST /wp-login.php HTTP/1.1" 200 5271 "https://pgkdistribution.co.nz/wp-login.php" "Mozilla/5.0 (Macintosh; Intel Mac OS X 13_6_1) AppleWebKit/537.36 (KHTML, like Gecko) Chrome/118.0.0.0 Safari/537.36"
94.26.106.9 - - [02/May/2026:08:01:41 +1000] "GET /wp-admin/index.php HTTP/1.1" 302 693 "https://pgkdistribution.co.nz/wp-login.php" "Mozilla/5.0 (Macintosh; Intel Mac OS X 10_15_7) AppleWebKit/605.1.15 (KHTML, like Gecko) Version/16.6 Safari/605.1.15"
94.26.106.9 - - [02/May/2026:08:01:45 +1000] "GET /wp-login.php?redirect_to=https%3A%2F%2Fpgkdistribution.co.nz%2Fwp-admin%2Findex.php&reauth=1 HTTP/1.1" 200 5311 "https://pgkdistribution.co.nz/wp-login.php" "Mozilla/5.0 (Macintosh; Intel Mac OS X 10_15_7) AppleWebKit/605.1.15 (KHTML, like Gecko) Version/16.6 Safari/605.1.15"
94.26.106.9 - - [02/May/2026:08:01:47 +1000] "POST /wp-login.php HTTP/1.1" 200 5271 "https://pgkdistribution.co.nz/wp-login.php" "Mozilla/5.0 (Macintosh; Intel Mac OS X 10_15_7) AppleWebKit/537.36 (KHTML, like Gecko) Chrome/119.0.0.0 Safari/537.36"
94.26.106.9 - - [02/May/2026:08:01:52 +1000] "GET /wp-admin/index.php HTTP/1.1" 302 515 "https://pgkdistribution.co.nz/wp-login.php" "Mozilla/5.0 (Windows NT 11.0; Win64; x64; rv:118.0) Gecko/20100101 Firefox/118.0"
94.26.106.9 - - [02/May/2026:08:01:56 +1000] "GET /wp-login.php?redirect_to=https%3A%2F%2Fpgkdistribution.co.nz%2Fwp-admin%2Findex.php&reauth=1 HTTP/1.1" 200 5311 "https://pgkdistribution.co.nz/wp-login.php" "Mozilla/5.0 (Windows NT 11.0; Win64; x64; rv:118.0) Gecko/20100101 Firefox/118.0"
94.26.106.9 - - [02/May/2026:08:01:58 +1000] "POST /wp-login.php HTTP/1.1" 200 5271 "https://pgkdistribution.co.nz/wp-login.php" "Mozilla/5.0 (X11; Linux x86_64) AppleWebKit/537.36 (KHTML, like Gecko) Chrome/118.0.0.0 Safari/537.36"
94.26.106.9 - - [02/May/2026:08:02:04 +1000] "GET /wp-admin/index.php HTTP/1.1" 302 515 "https://pgkdistribution.co.nz/wp-login.php" "Mozilla/5.0 (Windows NT 11.0; Win64; x64; rv:119.0) Gecko/20100101 Firefox/119.0"
111.67.29.221 - - [02/May/2026:08:02:21 +1000] "POST /wp-cron.php?doing_wp_cron=1777672941.4018619060516357421875 HTTP/1.1" 200 474 "-" "WordPress/6.9.4; https://pgkdistribution.co.nz"
94.26.106.9 - - [02/May/2026:08:02:18 +1000] "GET /wp-admin/profile.php HTTP/1.1" 302 695 "https://pgkdistribution.co.nz/wp-login.php" "Mozilla/5.0 (Windows NT 11.0; Win64; x64; rv:119.0) Gecko/20100101 Firefox/119.0"
94.26.106.9 - - [02/May/2026:08:02:23 +1000] "GET /wp-login.php?redirect_to=https%3A%2F%2Fpgkdistribution.co.nz%2Fwp-admin%2Fprofile.php&reauth=1 HTTP/1.1" 200 5313 "https://pgkdistribution.co.nz/wp-login.php" "Mozilla/5.0 (Windows NT 11.0; Win64; x64; rv:119.0) Gecko/20100101 Firefox/119.0"
94.26.106.9 - - [02/May/2026:08:02:25 +1000] "POST /wp-login.php HTTP/1.1" 200 5271 "https://pgkdistribution.co.nz/wp-login.php" "Mozilla/5.0 (X11; Linux x86_64) AppleWebKit/537.36 (KHTML, like Gecko) Chrome/119.0.0.0 Safari/537.36"
94.26.106.9 - - [02/May/2026:08:02:36 +1000] "GET /wp-admin/index.php HTTP/1.1" 302 693 "https://pgkdistribution.co.nz/wp-login.php" "Mozilla/5.0 (Windows NT 11.0; Win64; x64; rv:121.0) Gecko/20100101 Firefox/121.0"
94.26.106.9 - - [02/May/2026:08:02:40 +1000] "GET /wp-login.php?redirect_to=https%3A%2F%2Fpgkdistribution.co.nz%2Fwp-admin%2Findex.php&reauth=1 HTTP/1.1" 200 5311 "https://pgkdistribution.co.nz/wp-login.php" "Mozilla/5.0 (Windows NT 11.0; Win64; x64; rv:121.0) Gecko/20100101 Firefox/121.0"
94.26.106.9 - - [02/May/2026:08:02:42 +1000] "POST /wp-login.php HTTP/1.1" 200 5271 "https://pgkdistribution.co.nz/wp-login.php" "Mozilla/5.0 (Windows NT 10.0; Win64; x64; rv:119.0) Gecko/20100101 Firefox/119.0"
94.26.106.9 - - [02/May/2026:08:02:47 +1000] "GET /wp-admin/index.php HTTP/1.1" 302 515 "https://pgkdistribution.co.nz/wp-login.php" "Mozilla/5.0 (Macintosh; Intel Mac OS X 10_15_7) AppleWebKit/537.36 (KHTML, like Gecko) Chrome/121.0.0.0 Safari/537.36"
94.26.106.9 - - [02/May/2026:08:02:51 +1000] "GET /wp-login.php?redirect_to=https%3A%2F%2Fpgkdistribution.co.nz%2Fwp-admin%2Findex.php&reauth=1 HTTP/1.1" 200 5311 "https://pgkdistribution.co.nz/wp-login.php" "Mozilla/5.0 (Macintosh; Intel Mac OS X 10_15_7) AppleWebKit/537.36 (KHTML, like Gecko) Chrome/121.0.0.0 Safari/537.36"
94.26.106.9 - - [02/May/2026:08:02:54 +1000] "POST /wp-login.php HTTP/1.1" 200 5271 "https://pgkdistribution.co.nz/wp-login.php" "Mozilla/5.0 (Macintosh; Intel Mac OS X 13_6_1) AppleWebKit/605.1.15 (KHTML, like Gecko) Version/16.6 Safari/605.1.15"
94.26.106.9 - - [02/May/2026:08:03:13 +1000] "GET /wp-admin/index.php HTTP/1.1" 302 693 "https://pgkdistribution.co.nz/wp-login.php" "Mozilla/5.0 (Windows NT 11.0; Win64; x64; rv:118.0) Gecko/20100101 Firefox/118.0"
94.26.106.9 - - [02/May/2026:08:03:17 +1000] "GET /wp-login.php?redirect_to=https%3A%2F%2Fpgkdistribution.co.nz%2Fwp-admin%2Findex.php&reauth=1 HTTP/1.1" 200 5311 "https://pgkdistribution.co.nz/wp-login.php" "Mozilla/5.0 (Windows NT 11.0; Win64; x64; rv:118.0) Gecko/20100101 Firefox/118.0"
94.26.106.9 - - [02/May/2026:08:03:40 +1000] "POST /wp-login.php HTTP/1.1" 200 5449 "https://pgkdistribution.co.nz/wp-login.php" "Mozilla/5.0 (Macintosh; Intel Mac OS X 13_6_1; rv:119.0) Gecko/20100101 Firefox/119.0"
94.26.106.9 - - [02/May/2026:08:03:44 +1000] "GET /wp-admin/index.php HTTP/1.1" 302 515 "https://pgkdistribution.co.nz/wp-login.php" "Mozilla/5.0 (Macintosh; Intel Mac OS X 10_15_7) AppleWebKit/605.1.15 (KHTML, like Gecko) Version/17.2 Safari/605.1.15"
64.227.152.124 - - [02/May/2026:08:03:46 +1000] "POST /xmlrpc.php HTTP/2" 200 254 "-" "Mozilla/5.0 (Windows NT 6.3; Win64; x64) AppleWebKit/537.36 (KHTML, like Gecko) Chrome/66.0.3359.181 Safari/537.36"
94.26.106.9 - - [02/May/2026:08:03:49 +1000] "GET /wp-login.php?redirect_to=https%3A%2F%2Fpgkdistribution.co.nz%2Fwp-admin%2Findex.php&reauth=1 HTTP/1.1" 200 5311 "https://pgkdistribution.co.nz/wp-login.php" "Mozilla/5.0 (Macintosh; Intel Mac OS X 10_15_7) AppleWebKit/605.1.15 (KHTML, like Gecko) Version/17.2 Safari/605.1.15"
94.26.106.9 - - [02/May/2026:08:03:51 +1000] "POST /wp-login.php HTTP/1.1" 200 5271 "https://pgkdistribution.co.nz/wp-login.php" "Mozilla/5.0 (Macintosh; Intel Mac OS X 10_15_7; rv:118.0) Gecko/20100101 Firefox/118.0"
167.71.226.156 - - [02/May/2026:08:03:54 +1000] "GET /wp-login.php HTTP/2" 200 4845 "-" "Mozilla/5.0 (Windows NT 6.1; Trident/7.0; BOIE9;ENUS; rv:11.0) like Gecko"
167.71.226.156 - - [02/May/2026:08:03:57 +1000] "POST /wp-login.php HTTP/2" 200 4845 "https://pgkdistribution.co.nz/wp-login.php" "Mozilla/5.0 (Windows NT 6.1; Trident/7.0; BOIE9;ENUS; rv:11.0) like Gecko"
94.26.106.9 - - [02/May/2026:08:04:05 +1000] "GET /wp-admin/index.php HTTP/1.1" 302 693 "https://pgkdistribution.co.nz/wp-login.php" "Mozilla/5.0 (Macintosh; Intel Mac OS X 10_15_7) AppleWebKit/605.1.15 (KHTML, like Gecko) Version/17.1 Safari/605.1.15"
94.26.106.9 - - [02/May/2026:08:04:18 +1000] "GET /wp-login.php?redirect_to=https%3A%2F%2Fpgkdistribution.co.nz%2Fwp-admin%2Findex.php&reauth=1 HTTP/1.1" 200 5489 "https://pgkdistribution.co.nz/wp-login.php" "Mozilla/5.0 (Macintosh; Intel Mac OS X 10_15_7) AppleWebKit/605.1.15 (KHTML, like Gecko) Version/17.1 Safari/605.1.15"
94.26.106.9 - - [02/May/2026:08:04:32 +1000] "POST /wp-login.php HTTP/1.1" 200 5449 "https://pgkdistribution.co.nz/wp-login.php" "Mozilla/5.0 (Macintosh; Intel Mac OS X 10_15_7; rv:118.0) Gecko/20100101 Firefox/118.0"
94.26.106.9 - - [02/May/2026:08:04:34 +1000] "GET /wp-admin/index.php HTTP/1.1" 302 515 "https://pgkdistribution.co.nz/wp-login.php" "Mozilla/5.0 (Macintosh; Intel Mac OS X 10_15_7) AppleWebKit/605.1.15 (KHTML, like Gecko) Version/17.2 Safari/605.1.15"
94.26.106.9 - - [02/May/2026:08:04:38 +1000] "GET /wp-login.php?redirect_to=https%3A%2F%2Fpgkdistribution.co.nz%2Fwp-admin%2Findex.php&reauth=1 HTTP/1.1" 200 5311 "https://pgkdistribution.co.nz/wp-login.php" "Mozilla/5.0 (Macintosh; Intel Mac OS X 10_15_7) AppleWebKit/605.1.15 (KHTML, like Gecko) Version/17.2 Safari/605.1.15"
94.26.106.9 - - [02/May/2026:08:04:40 +1000] "POST /wp-login.php HTTP/1.1" 200 5271 "https://pgkdistribution.co.nz/wp-login.php" "Mozilla/5.0 (Macintosh; Intel Mac OS X 10_15_7) AppleWebKit/537.36 (KHTML, like Gecko) Chrome/120.0.0.0 Safari/537.36"
94.26.106.9 - - [02/May/2026:08:04:43 +1000] "GET /wp-admin/index.php HTTP/1.1" 302 515 "https://pgkdistribution.co.nz/wp-login.php" "Mozilla/5.0 (Macintosh; Intel Mac OS X 10_15_7) AppleWebKit/605.1.15 (KHTML, like Gecko) Version/16.6 Safari/605.1.15"
94.26.106.9 - - [02/May/2026:08:04:46 +1000] "GET /wp-login.php?redirect_to=https%3A%2F%2Fpgkdistribution.co.nz%2Fwp-admin%2Findex.php&reauth=1 HTTP/1.1" 200 5311 "https://pgkdistribution.co.nz/wp-login.php" "Mozilla/5.0 (Macintosh; Intel Mac OS X 10_15_7) AppleWebKit/605.1.15 (KHTML, like Gecko) Version/16.6 Safari/605.1.15"
94.26.106.9 - - [02/May/2026:08:04:48 +1000] "POST /wp-login.php HTTP/1.1" 200 5271 "https://pgkdistribution.co.nz/wp-login.php" "Mozilla/5.0 (Windows NT 10.0; Win64; x64) AppleWebKit/537.36 (KHTML, like Gecko) Chrome/121.0.0.0 Safari/537.36"
94.26.106.9 - - [02/May/2026:08:04:50 +1000] "GET /wp-admin/index.php HTTP/1.1" 302 515 "https://pgkdistribution.co.nz/wp-login.php" "Mozilla/5.0 (Windows NT 10.0; Win64; x64; rv:121.0) Gecko/20100101 Firefox/121.0"
94.26.106.9 - - [02/May/2026:08:04:53 +1000] "GET /wp-login.php?redirect_to=https%3A%2F%2Fpgkdistribution.co.nz%2Fwp-admin%2Findex.php&reauth=1 HTTP/1.1" 200 5311 "https://pgkdistribution.co.nz/wp-login.php" "Mozilla/5.0 (Windows NT 10.0; Win64; x64; rv:121.0) Gecko/20100101 Firefox/121.0"
94.26.106.9 - - [02/May/2026:08:04:56 +1000] "POST /wp-login.php HTTP/1.1" 200 5271 "https://pgkdistribution.co.nz/wp-login.php" "Mozilla/5.0 (Macintosh; Intel Mac OS X 10_15_7) AppleWebKit/605.1.15 (KHTML, like Gecko) Version/16.6 Safari/605.1.15"
94.26.106.9 - - [02/May/2026:08:04:58 +1000] "GET /wp-admin/index.php HTTP/1.1" 302 515 "https://pgkdistribution.co.nz/wp-login.php" "Mozilla/5.0 (Windows NT 10.0; Win64; x64) AppleWebKit/537.36 (KHTML, like Gecko) Chrome/119.0.0.0 Safari/537.36"
94.26.106.9 - - [02/May/2026:08:05:23 +1000] "GET /wp-admin/profile.php HTTP/1.1" 302 695 "https://pgkdistribution.co.nz/wp-login.php" "Mozilla/5.0 (Windows NT 10.0; Win64; x64) AppleWebKit/537.36 (KHTML, like Gecko) Chrome/119.0.0.0 Safari/537.36"
94.26.106.9 - - [02/May/2026:08:05:38 +1000] "GET /wp-login.php?redirect_to=https%3A%2F%2Fpgkdistribution.co.nz%2Fwp-admin%2Fprofile.php&reauth=1 HTTP/1.1" 200 5491 "https://pgkdistribution.co.nz/wp-login.php" "Mozilla/5.0 (Windows NT 10.0; Win64; x64) AppleWebKit/537.36 (KHTML, like Gecko) Chrome/119.0.0.0 Safari/537.36"
94.26.106.9 - - [02/May/2026:08:06:12 +1000] "POST /wp-login.php HTTP/1.1" 200 5449 "https://pgkdistribution.co.nz/wp-login.php" "Mozilla/5.0 (X11; Linux x86_64) AppleWebKit/537.36 (KHTML, like Gecko) Chrome/120.0.0.0 Safari/537.36"
94.26.106.9 - - [02/May/2026:08:06:16 +1000] "GET /wp-admin/index.php HTTP/1.1" 302 515 "https://pgkdistribution.co.nz/wp-login.php" "Mozilla/5.0 (Macintosh; Intel Mac OS X 10_15_7; rv:120.0) Gecko/20100101 Firefox/120.0"
94.26.106.9 - - [02/May/2026:08:06:23 +1000] "GET /wp-login.php?redirect_to=https%3A%2F%2Fpgkdistribution.co.nz%2Fwp-admin%2Findex.php&reauth=1 HTTP/1.1" 200 5311 "https://pgkdistribution.co.nz/wp-login.php" "Mozilla/5.0 (Macintosh; Intel Mac OS X 10_15_7; rv:120.0) Gecko/20100101 Firefox/120.0"
94.26.106.9 - - [02/May/2026:08:06:26 +1000] "POST /wp-login.php HTTP/1.1" 200 5271 "https://pgkdistribution.co.nz/wp-login.php" "Mozilla/5.0 (Macintosh; Intel Mac OS X 13_6_1; rv:121.0) Gecko/20100101 Firefox/121.0"
94.26.106.9 - - [02/May/2026:08:06:33 +1000] "GET /wp-admin/index.php HTTP/1.1" 302 693 "https://pgkdistribution.co.nz/wp-login.php" "Mozilla/5.0 (Windows NT 10.0; Win64; x64; rv:120.0) Gecko/20100101 Firefox/120.0"
94.26.106.9 - - [02/May/2026:08:06:39 +1000] "GET /wp-login.php?redirect_to=https%3A%2F%2Fpgkdistribution.co.nz%2Fwp-admin%2Findex.php&reauth=1 HTTP/1.1" 200 5311 "https://pgkdistribution.co.nz/wp-login.php" "Mozilla/5.0 (Windows NT 10.0; Win64; x64; rv:120.0) Gecko/20100101 Firefox/120.0"
94.26.106.9 - - [02/May/2026:08:06:41 +1000] "POST /wp-login.php HTTP/1.1" 200 5271 "https://pgkdistribution.co.nz/wp-login.php" "Mozilla/5.0 (Macintosh; Intel Mac OS X 10_15_7) AppleWebKit/537.36 (KHTML, like Gecko) Chrome/118.0.0.0 Safari/537.36"
94.26.106.9 - - [02/May/2026:08:06:43 +1000] "GET /wp-admin/index.php HTTP/1.1" 302 515 "https://pgkdistribution.co.nz/wp-login.php" "Mozilla/5.0 (Macintosh; Intel Mac OS X 13_6_1) AppleWebKit/537.36 (KHTML, like Gecko) Chrome/121.0.0.0 Safari/537.36"
94.26.106.9 - - [02/May/2026:08:06:49 +1000] "GET /wp-login.php?redirect_to=https%3A%2F%2Fpgkdistribution.co.nz%2Fwp-admin%2Findex.php&reauth=1 HTTP/1.1" 200 5311 "https://pgkdistribution.co.nz/wp-login.php" "Mozilla/5.0 (Macintosh; Intel Mac OS X 13_6_1) AppleWebKit/537.36 (KHTML, like Gecko) Chrome/121.0.0.0 Safari/537.36"
94.26.106.9 - - [02/May/2026:08:07:01 +1000] "POST /wp-login.php HTTP/1.1" 200 5449 "https://pgkdistribution.co.nz/wp-login.php" "Mozilla/5.0 (Macintosh; Intel Mac OS X 13_6_1) AppleWebKit/537.36 (KHTML, like Gecko) Chrome/121.0.0.0 Safari/537.36"
94.26.106.9 - - [02/May/2026:08:07:04 +1000] "GET /wp-admin/index.php HTTP/1.1" 302 515 "https://pgkdistribution.co.nz/wp-login.php" "Mozilla/5.0 (Macintosh; Intel Mac OS X 13_6_1) AppleWebKit/605.1.15 (KHTML, like Gecko) Version/16.6 Safari/605.1.15"
94.26.106.9 - - [02/May/2026:08:07:19 +1000] "GET /wp-login.php?redirect_to=https%3A%2F%2Fpgkdistribution.co.nz%2Fwp-admin%2Findex.php&reauth=1 HTTP/1.1" 200 5489 "https://pgkdistribution.co.nz/wp-login.php" "Mozilla/5.0 (Macintosh; Intel Mac OS X 13_6_1) AppleWebKit/605.1.15 (KHTML, like Gecko) Version/16.6 Safari/605.1.15"
94.26.106.9 - - [02/May/2026:08:07:24 +1000] "POST /wp-login.php HTTP/1.1" 200 5271 "https://pgkdistribution.co.nz/wp-login.php" "Mozilla/5.0 (Macintosh; Intel Mac OS X 10_15_7) AppleWebKit/537.36 (KHTML, like Gecko) Chrome/121.0.0.0 Safari/537.36"
203.161.56.124 - - [02/May/2026:08:07:25 +1000] "POST /xmlrpc.php HTTP/2" 200 254 "-" "Mozilla/5.0 (Windows NT 6.2; Win64; x64) AppleWebKit/537.36 (KHTML, like Gecko) Chrome/66.0.3359.181 Safari/537.36"
94.26.106.9 - - [02/May/2026:08:07:27 +1000] "GET /wp-admin/index.php HTTP/1.1" 302 515 "https://pgkdistribution.co.nz/wp-login.php" "Mozilla/5.0 (Macintosh; Intel Mac OS X 13_6_1) AppleWebKit/605.1.15 (KHTML, like Gecko) Version/16.6 Safari/605.1.15"
94.26.106.9 - - [02/May/2026:08:07:33 +1000] "GET /wp-login.php?redirect_to=https%3A%2F%2Fpgkdistribution.co.nz%2Fwp-admin%2Findex.php&reauth=1 HTTP/1.1" 200 5311 "https://pgkdistribution.co.nz/wp-login.php" "Mozilla/5.0 (Macintosh; Intel Mac OS X 13_6_1) AppleWebKit/605.1.15 (KHTML, like Gecko) Version/16.6 Safari/605.1.15"
94.26.106.9 - - [02/May/2026:08:07:38 +1000] "POST /wp-login.php HTTP/1.1" 200 5271 "https://pgkdistribution.co.nz/wp-login.php" "Mozilla/5.0 (Windows NT 11.0; Win64; x64) AppleWebKit/537.36 (KHTML, like Gecko) Chrome/121.0.0.0 Safari/537.36"
94.26.106.9 - - [02/May/2026:08:07:53 +1000] "GET /wp-admin/index.php HTTP/1.1" 302 693 "https://pgkdistribution.co.nz/wp-login.php" "Mozilla/5.0 (Windows NT 11.0; Win64; x64) AppleWebKit/537.36 (KHTML, like Gecko) Chrome/121.0.0.0 Safari/537.36"
94.26.106.9 - - [02/May/2026:08:07:58 +1000] "GET /wp-login.php?redirect_to=https%3A%2F%2Fpgkdistribution.co.nz%2Fwp-admin%2Findex.php&reauth=1 HTTP/1.1" 200 5311 "https://pgkdistribution.co.nz/wp-login.php" "Mozilla/5.0 (Windows NT 11.0; Win64; x64) AppleWebKit/537.36 (KHTML, like Gecko) Chrome/121.0.0.0 Safari/537.36"
94.26.106.9 - - [02/May/2026:08:08:01 +1000] "POST /wp-login.php HTTP/1.1" 200 5271 "https://pgkdistribution.co.nz/wp-login.php" "Mozilla/5.0 (Windows NT 11.0; Win64; x64) AppleWebKit/537.36 (KHTML, like Gecko) Chrome/121.0.0.0 Safari/537.36"
94.26.106.9 - - [02/May/2026:08:08:05 +1000] "GET /wp-admin/index.php HTTP/1.1" 302 515 "https://pgkdistribution.co.nz/wp-login.php" "Mozilla/5.0 (Macintosh; Intel Mac OS X 13_6_1) AppleWebKit/537.36 (KHTML, like Gecko) Chrome/119.0.0.0 Safari/537.36"
94.26.106.9 - - [02/May/2026:08:08:08 +1000] "GET /wp-login.php?redirect_to=https%3A%2F%2Fpgkdistribution.co.nz%2Fwp-admin%2Findex.php&reauth=1 HTTP/1.1" 200 5311 "https://pgkdistribution.co.nz/wp-login.php" "Mozilla/5.0 (Macintosh; Intel Mac OS X 13_6_1) AppleWebKit/537.36 (KHTML, like Gecko) Chrome/119.0.0.0 Safari/537.36"
94.26.106.9 - - [02/May/2026:08:08:10 +1000] "POST /wp-login.php HTTP/1.1" 200 5271 "https://pgkdistribution.co.nz/wp-login.php" "Mozilla/5.0 (X11; Ubuntu; Linux x86_64) AppleWebKit/537.36 (KHTML, like Gecko) Chrome/121.0.0.0 Safari/537.36"
94.26.106.9 - - [02/May/2026:08:08:12 +1000] "GET /wp-admin/index.php HTTP/1.1" 302 515 "https://pgkdistribution.co.nz/wp-login.php" "Mozilla/5.0 (Windows NT 10.0; Win64; x64; rv:120.0) Gecko/20100101 Firefox/120.0"
94.26.106.9 - - [02/May/2026:08:08:16 +1000] "GET /wp-login.php?redirect_to=https%3A%2F%2Fpgkdistribution.co.nz%2Fwp-admin%2Findex.php&reauth=1 HTTP/1.1" 200 5311 "https://pgkdistribution.co.nz/wp-login.php" "Mozilla/5.0 (Windows NT 10.0; Win64; x64; rv:120.0) Gecko/20100101 Firefox/120.0"
94.26.106.9 - - [02/May/2026:08:08:18 +1000] "POST /wp-login.php HTTP/1.1" 200 5271 "https://pgkdistribution.co.nz/wp-login.php" "Mozilla/5.0 (Macintosh; Intel Mac OS X 13_6_1) AppleWebKit/537.36 (KHTML, like Gecko) Chrome/118.0.0.0 Safari/537.36"
94.26.106.9 - - [02/May/2026:08:08:20 +1000] "GET /wp-admin/index.php HTTP/1.1" 302 515 "https://pgkdistribution.co.nz/wp-login.php" "Mozilla/5.0 (Macintosh; Intel Mac OS X 10_15_7) AppleWebKit/537.36 (KHTML, like Gecko) Chrome/120.0.0.0 Safari/537.36"
94.26.106.9 - - [02/May/2026:08:08:24 +1000] "GET /wp-login.php?redirect_to=https%3A%2F%2Fpgkdistribution.co.nz%2Fwp-admin%2Findex.php&reauth=1 HTTP/1.1" 200 5311 "https://pgkdistribution.co.nz/wp-login.php" "Mozilla/5.0 (Macintosh; Intel Mac OS X 10_15_7) AppleWebKit/537.36 (KHTML, like Gecko) Chrome/120.0.0.0 Safari/537.36"
94.26.106.9 - - [02/May/2026:08:08:25 +1000] "POST /wp-login.php HTTP/1.1" 200 5271 "https://pgkdistribution.co.nz/wp-login.php" "Mozilla/5.0 (Macintosh; Intel Mac OS X 10_15_7) AppleWebKit/537.36 (KHTML, like Gecko) Chrome/120.0.0.0 Safari/537.36"
94.26.106.9 - - [02/May/2026:08:08:28 +1000] "GET /wp-admin/index.php HTTP/1.1" 302 515 "https://pgkdistribution.co.nz/wp-login.php" "Mozilla/5.0 (Windows NT 11.0; Win64; x64; rv:120.0) Gecko/20100101 Firefox/120.0"
94.26.106.9 - - [02/May/2026:08:08:32 +1000] "GET /wp-login.php?redirect_to=https%3A%2F%2Fpgkdistribution.co.nz%2Fwp-admin%2Findex.php&reauth=1 HTTP/1.1" 200 5311 "https://pgkdistribution.co.nz/wp-login.php" "Mozilla/5.0 (Windows NT 11.0; Win64; x64; rv:120.0) Gecko/20100101 Firefox/120.0"
94.26.106.9 - - [02/May/2026:08:08:39 +1000] "POST /wp-login.php HTTP/1.1" 200 5449 "https://pgkdistribution.co.nz/wp-login.php" "Mozilla/5.0 (Macintosh; Intel Mac OS X 13_6_1) AppleWebKit/605.1.15 (KHTML, like Gecko) Version/16.6 Safari/605.1.15"
94.26.106.9 - - [02/May/2026:08:08:41 +1000] "GET /wp-admin/index.php HTTP/1.1" 302 515 "https://pgkdistribution.co.nz/wp-login.php" "Mozilla/5.0 (Windows NT 10.0; Win64; x64; rv:121.0) Gecko/20100101 Firefox/121.0"
94.26.106.9 - - [02/May/2026:08:08:45 +1000] "GET /wp-login.php?redirect_to=https%3A%2F%2Fpgkdistribution.co.nz%2Fwp-admin%2Findex.php&reauth=1 HTTP/1.1" 200 5311 "https://pgkdistribution.co.nz/wp-login.php" "Mozilla/5.0 (Windows NT 10.0; Win64; x64; rv:121.0) Gecko/20100101 Firefox/121.0"
94.26.106.9 - - [02/May/2026:08:08:47 +1000] "POST /wp-login.php HTTP/1.1" 200 5271 "https://pgkdistribution.co.nz/wp-login.php" "Mozilla/5.0 (Windows NT 11.0; Win64; x64) AppleWebKit/537.36 (KHTML, like Gecko) Chrome/120.0.0.0 Safari/537.36"
94.26.106.9 - - [02/May/2026:08:08:58 +1000] "GET /wp-admin/index.php HTTP/1.1" 302 693 "https://pgkdistribution.co.nz/wp-login.php" "Mozilla/5.0 (X11; Ubuntu; Linux x86_64) AppleWebKit/537.36 (KHTML, like Gecko) Chrome/121.0.0.0 Safari/537.36"
94.26.106.9 - - [02/May/2026:08:09:10 +1000] "GET /wp-admin/profile.php HTTP/1.1" 302 695 "https://pgkdistribution.co.nz/wp-login.php" "Mozilla/5.0 (X11; Ubuntu; Linux x86_64) AppleWebKit/537.36 (KHTML, like Gecko) Chrome/121.0.0.0 Safari/537.36"
94.26.106.9 - - [02/May/2026:08:09:14 +1000] "GET /wp-login.php?redirect_to=https%3A%2F%2Fpgkdistribution.co.nz%2Fwp-admin%2Fprofile.php&reauth=1 HTTP/1.1" 200 5313 "https://pgkdistribution.co.nz/wp-login.php" "Mozilla/5.0 (X11; Ubuntu; Linux x86_64) AppleWebKit/537.36 (KHTML, like Gecko) Chrome/121.0.0.0 Safari/537.36"
94.26.106.9 - - [02/May/2026:08:09:33 +1000] "POST /wp-login.php HTTP/1.1" 200 5449 "https://pgkdistribution.co.nz/wp-login.php" "Mozilla/5.0 (Macintosh; Intel Mac OS X 10_15_7; rv:120.0) Gecko/20100101 Firefox/120.0"
94.26.106.9 - - [02/May/2026:08:09:37 +1000] "GET /wp-admin/index.php HTTP/1.1" 302 515 "https://pgkdistribution.co.nz/wp-login.php" "Mozilla/5.0 (Macintosh; Intel Mac OS X 13_6_1) AppleWebKit/605.1.15 (KHTML, like Gecko) Version/17.1 Safari/605.1.15"
94.26.106.9 - - [02/May/2026:08:09:56 +1000] "GET /wp-admin/profile.php HTTP/1.1" 302 695 "https://pgkdistribution.co.nz/wp-login.php" "Mozilla/5.0 (Macintosh; Intel Mac OS X 13_6_1) AppleWebKit/605.1.15 (KHTML, like Gecko) Version/17.1 Safari/605.1.15"
94.26.106.9 - - [02/May/2026:08:10:12 +1000] "GET /wp-login.php?redirect_to=https%3A%2F%2Fpgkdistribution.co.nz%2Fwp-admin%2Fprofile.php&reauth=1 HTTP/1.1" 200 5491 "https://pgkdistribution.co.nz/wp-login.php" "Mozilla/5.0 (Macintosh; Intel Mac OS X 13_6_1) AppleWebKit/605.1.15 (KHTML, like Gecko) Version/17.1 Safari/605.1.15"
94.26.106.9 - - [02/May/2026:08:10:15 +1000] "POST /wp-login.php HTTP/1.1" 200 5271 "https://pgkdistribution.co.nz/wp-login.php" "Mozilla/5.0 (X11; Ubuntu; Linux x86_64) AppleWebKit/537.36 (KHTML, like Gecko) Chrome/119.0.0.0 Safari/537.36"
94.26.106.9 - - [02/May/2026:08:10:27 +1000] "GET /wp-admin/index.php HTTP/1.1" 302 693 "https://pgkdistribution.co.nz/wp-login.php" "Mozilla/5.0 (X11; Linux x86_64) AppleWebKit/537.36 (KHTML, like Gecko) Chrome/119.0.0.0 Safari/537.36"
94.26.106.9 - - [02/May/2026:08:10:32 +1000] "GET /wp-login.php?redirect_to=https%3A%2F%2Fpgkdistribution.co.nz%2Fwp-admin%2Findex.php&reauth=1 HTTP/1.1" 200 5311 "https://pgkdistribution.co.nz/wp-login.php" "Mozilla/5.0 (X11; Linux x86_64) AppleWebKit/537.36 (KHTML, like Gecko) Chrome/119.0.0.0 Safari/537.36"
94.26.106.9 - - [02/May/2026:08:10:33 +1000] "POST /wp-login.php HTTP/1.1" 200 5271 "https://pgkdistribution.co.nz/wp-login.php" "Mozilla/5.0 (X11; Linux x86_64) AppleWebKit/537.36 (KHTML, like Gecko) Chrome/118.0.0.0 Safari/537.36"
94.26.106.9 - - [02/May/2026:08:10:35 +1000] "GET /wp-admin/index.php HTTP/1.1" 302 515 "https://pgkdistribution.co.nz/wp-login.php" "Mozilla/5.0 (X11; Linux x86_64) AppleWebKit/537.36 (KHTML, like Gecko) Chrome/118.0.0.0 Safari/537.36"
94.26.106.9 - - [02/May/2026:08:10:39 +1000] "GET /wp-login.php?redirect_to=https%3A%2F%2Fpgkdistribution.co.nz%2Fwp-admin%2Findex.php&reauth=1 HTTP/1.1" 200 5311 "https://pgkdistribution.co.nz/wp-login.php" "Mozilla/5.0 (X11; Linux x86_64) AppleWebKit/537.36 (KHTML, like Gecko) Chrome/118.0.0.0 Safari/537.36"
94.26.106.9 - - [02/May/2026:08:10:41 +1000] "POST /wp-login.php HTTP/1.1" 200 5271 "https://pgkdistribution.co.nz/wp-login.php" "Mozilla/5.0 (Macintosh; Intel Mac OS X 13_6_1) AppleWebKit/537.36 (KHTML, like Gecko) Chrome/119.0.0.0 Safari/537.36"
94.26.106.9 - - [02/May/2026:08:10:43 +1000] "GET /wp-admin/index.php HTTP/1.1" 302 515 "https://pgkdistribution.co.nz/wp-login.php" "Mozilla/5.0 (Macintosh; Intel Mac OS X 13_6_1; rv:120.0) Gecko/20100101 Firefox/120.0"
94.26.106.9 - - [02/May/2026:08:10:48 +1000] "GET /wp-login.php?redirect_to=https%3A%2F%2Fpgkdistribution.co.nz%2Fwp-admin%2Findex.php&reauth=1 HTTP/1.1" 200 5311 "https://pgkdistribution.co.nz/wp-login.php" "Mozilla/5.0 (Macintosh; Intel Mac OS X 13_6_1; rv:120.0) Gecko/20100101 Firefox/120.0"
94.26.106.9 - - [02/May/2026:08:10:52 +1000] "POST /wp-login.php HTTP/1.1" 200 5271 "https://pgkdistribution.co.nz/wp-login.php" "Mozilla/5.0 (Windows NT 10.0; Win64; x64; rv:121.0) Gecko/20100101 Firefox/121.0"
94.26.106.9 - - [02/May/2026:08:10:59 +1000] "GET /wp-admin/index.php HTTP/1.1" 302 693 "https://pgkdistribution.co.nz/wp-login.php" "Mozilla/5.0 (Macintosh; Intel Mac OS X 13_6_1) AppleWebKit/605.1.15 (KHTML, like Gecko) Version/16.6 Safari/605.1.15"
94.26.106.9 - - [02/May/2026:08:11:04 +1000] "GET /wp-login.php?redirect_to=https%3A%2F%2Fpgkdistribution.co.nz%2Fwp-admin%2Findex.php&reauth=1 HTTP/1.1" 200 5311 "https://pgkdistribution.co.nz/wp-login.php" "Mozilla/5.0 (Macintosh; Intel Mac OS X 13_6_1) AppleWebKit/605.1.15 (KHTML, like Gecko) Version/16.6 Safari/605.1.15"
94.26.106.9 - - [02/May/2026:08:11:17 +1000] "POST /wp-login.php HTTP/1.1" 200 5449 "https://pgkdistribution.co.nz/wp-login.php" "Mozilla/5.0 (Windows NT 10.0; Win64; x64) AppleWebKit/537.36 (KHTML, like Gecko) Chrome/120.0.0.0 Safari/537.36"
94.26.106.9 - - [02/May/2026:08:11:18 +1000] "GET /wp-admin/index.php HTTP/1.1" 302 515 "https://pgkdistribution.co.nz/wp-login.php" "Mozilla/5.0 (Macintosh; Intel Mac OS X 13_6_1) AppleWebKit/537.36 (KHTML, like Gecko) Chrome/119.0.0.0 Safari/537.36"
94.26.106.9 - - [02/May/2026:08:11:32 +1000] "GET /wp-login.php?redirect_to=https%3A%2F%2Fpgkdistribution.co.nz%2Fwp-admin%2Findex.php&reauth=1 HTTP/1.1" 200 5489 "https://pgkdistribution.co.nz/wp-login.php" "Mozilla/5.0 (Macintosh; Intel Mac OS X 13_6_1) AppleWebKit/537.36 (KHTML, like Gecko) Chrome/119.0.0.0 Safari/537.36"
94.26.106.9 - - [02/May/2026:08:11:34 +1000] "POST /wp-login.php HTTP/1.1" 200 5271 "https://pgkdistribution.co.nz/wp-login.php" "Mozilla/5.0 (Macintosh; Intel Mac OS X 13_6_1) AppleWebKit/605.1.15 (KHTML, like Gecko) Version/17.0 Safari/605.1.15"
94.26.106.9 - - [02/May/2026:08:11:38 +1000] "GET /wp-admin/index.php HTTP/1.1" 302 515 "https://pgkdistribution.co.nz/wp-login.php" "Mozilla/5.0 (Macintosh; Intel Mac OS X 13_6_1) AppleWebKit/605.1.15 (KHTML, like Gecko) Version/17.2 Safari/605.1.15"
94.26.106.9 - - [02/May/2026:08:11:42 +1000] "GET /wp-login.php?redirect_to=https%3A%2F%2Fpgkdistribution.co.nz%2Fwp-admin%2Findex.php&reauth=1 HTTP/1.1" 200 5311 "https://pgkdistribution.co.nz/wp-login.php" "Mozilla/5.0 (Macintosh; Intel Mac OS X 13_6_1) AppleWebKit/605.1.15 (KHTML, like Gecko) Version/17.2 Safari/605.1.15"
94.26.106.9 - - [02/May/2026:08:12:02 +1000] "POST /wp-login.php HTTP/1.1" 200 5449 "https://pgkdistribution.co.nz/wp-login.php" "Mozilla/5.0 (Windows NT 11.0; Win64; x64) AppleWebKit/537.36 (KHTML, like Gecko) Chrome/119.0.0.0 Safari/537.36"
94.26.106.9 - - [02/May/2026:08:12:04 +1000] "GET /wp-admin/index.php HTTP/1.1" 302 515 "https://pgkdistribution.co.nz/wp-login.php" "Mozilla/5.0 (Macintosh; Intel Mac OS X 10_15_7) AppleWebKit/605.1.15 (KHTML, like Gecko) Version/17.1 Safari/605.1.15"
94.26.106.9 - - [02/May/2026:08:12:09 +1000] "GET /wp-login.php?redirect_to=https%3A%2F%2Fpgkdistribution.co.nz%2Fwp-admin%2Findex.php&reauth=1 HTTP/1.1" 200 5311 "https://pgkdistribution.co.nz/wp-login.php" "Mozilla/5.0 (Macintosh; Intel Mac OS X 10_15_7) AppleWebKit/605.1.15 (KHTML, like Gecko) Version/17.1 Safari/605.1.15"
94.26.106.9 - - [02/May/2026:08:12:10 +1000] "POST /wp-login.php HTTP/1.1" 200 5271 "https://pgkdistribution.co.nz/wp-login.php" "Mozilla/5.0 (Macintosh; Intel Mac OS X 10_15_7) AppleWebKit/537.36 (KHTML, like Gecko) Chrome/120.0.0.0 Safari/537.36"
94.26.106.9 - - [02/May/2026:08:12:12 +1000] "GET /wp-admin/index.php HTTP/1.1" 302 515 "https://pgkdistribution.co.nz/wp-login.php" "Mozilla/5.0 (Macintosh; Intel Mac OS X 10_15_7) AppleWebKit/605.1.15 (KHTML, like Gecko) Version/17.1 Safari/605.1.15"
