51.79.133.112 - - [02/May/2026:01:02:00 +1000] "GET /cjfuns.php HTTP/2" 404 23180 "http://pgkdistribution.co.nz/cjfuns.php" "Go-http-client/2.0"
51.79.133.112 - - [02/May/2026:01:02:03 +1000] "GET /.well-known/pki-validation/db-update.php HTTP/2" 404 23306 "http://pgkdistribution.co.nz/.well-known/pki-validation/db-update.php" "Go-http-client/2.0"
51.79.133.112 - - [02/May/2026:01:02:06 +1000] "GET /.well-known/acme-challenge/iR7SzrsOUEP.php HTTP/2" 404 796 "http://pgkdistribution.co.nz/.well-known/acme-challenge/iR7SzrsOUEP.php" "Go-http-client/2.0"
51.79.133.112 - - [02/May/2026:01:02:06 +1000] "GET /xl2023.php HTTP/2" 404 23180 "http://pgkdistribution.co.nz/xl2023.php" "Go-http-client/2.0"
51.79.133.112 - - [02/May/2026:01:02:09 +1000] "GET /wp-admin/images/admin.php HTTP/2" 404 23306 "http://pgkdistribution.co.nz/wp-admin/images/admin.php" "Go-http-client/2.0"
51.79.133.112 - - [02/May/2026:01:02:13 +1000] "GET /wp-includes/css/about.php HTTP/2" 404 23306 "http://pgkdistribution.co.nz/wp-includes/css/about.php" "Go-http-client/2.0"
51.79.133.112 - - [02/May/2026:01:02:15 +1000] "GET /wp-includes/class-wp-session-json.php HTTP/2" 404 23180 "http://pgkdistribution.co.nz/wp-includes/class-wp-session-json.php" "Go-http-client/2.0"
51.79.133.112 - - [02/May/2026:01:02:19 +1000] "GET /.tmb/cloud.php HTTP/2" 404 23180 "http://pgkdistribution.co.nz/.tmb/cloud.php" "Go-http-client/2.0"
51.79.133.112 - - [02/May/2026:01:02:23 +1000] "GET /up.php HTTP/2" 404 23180 "http://pgkdistribution.co.nz/up.php" "Go-http-client/2.0"
51.79.133.112 - - [02/May/2026:01:02:27 +1000] "GET /xx.php HTTP/2" 404 23180 "http://pgkdistribution.co.nz/xx.php" "Go-http-client/2.0"
51.79.133.112 - - [02/May/2026:01:02:31 +1000] "GET /wp-includes/random_compat/about.php HTTP/2" 404 23306 "http://pgkdistribution.co.nz/wp-includes/random_compat/about.php" "Go-http-client/2.0"
51.79.133.112 - - [02/May/2026:01:02:34 +1000] "GET /radio.php HTTP/2" 404 23180 "http://pgkdistribution.co.nz/radio.php" "Go-http-client/2.0"
51.79.133.112 - - [02/May/2026:01:02:38 +1000] "GET /ws.php7 HTTP/2" 404 23180 "http://pgkdistribution.co.nz/ws.php7" "Go-http-client/2.0"
51.79.133.112 - - [02/May/2026:01:02:41 +1000] "GET /wp-content/themes/gaukingo/db.php?u HTTP/2" 404 23306 "http://pgkdistribution.co.nz/wp-content/themes/gaukingo/db.php?u" "Go-http-client/2.0"
51.79.133.112 - - [02/May/2026:01:02:45 +1000] "GET /Enigma.php?key=EnigmaCyberSecurity HTTP/2" 404 23180 "http://pgkdistribution.co.nz/Enigma.php?key=EnigmaCyberSecurity" "Go-http-client/2.0"
51.79.133.112 - - [02/May/2026:01:02:48 +1000] "GET /1975.php?shell=1975 HTTP/2" 404 23180 "http://pgkdistribution.co.nz/1975.php?shell=1975" "Go-http-client/2.0"
51.79.133.112 - - [02/May/2026:01:02:51 +1000] "GET /wp-includes/theme-compat/wp-login.php HTTP/2" 404 23306 "http://pgkdistribution.co.nz/wp-includes/theme-compat/wp-login.php" "Go-http-client/2.0"
51.79.133.112 - - [02/May/2026:01:02:55 +1000] "GET /wp-includes/customize/about.php HTTP/2" 404 23306 "http://pgkdistribution.co.nz/wp-includes/customize/about.php" "Go-http-client/2.0"
51.79.133.112 - - [02/May/2026:01:02:58 +1000] "GET /wp-head.php HTTP/2" 404 23180 "http://pgkdistribution.co.nz/wp-head.php" "Go-http-client/2.0"
51.79.133.112 - - [02/May/2026:01:03:02 +1000] "GET /wp-content/plugins/about.php HTTP/2" 404 23306 "http://pgkdistribution.co.nz/wp-content/plugins/about.php" "Go-http-client/2.0"
51.79.133.112 - - [02/May/2026:01:03:06 +1000] "GET /mini.php HTTP/2" 404 23180 "http://pgkdistribution.co.nz/mini.php" "Go-http-client/2.0"
51.79.133.112 - - [02/May/2026:01:03:09 +1000] "GET /css.php HTTP/2" 404 23180 "http://pgkdistribution.co.nz/css.php" "Go-http-client/2.0"
51.79.133.112 - - [02/May/2026:01:03:13 +1000] "GET /wp-content/plugins/TOPXOH/wDR.php HTTP/2" 404 23306 "http://pgkdistribution.co.nz/wp-content/plugins/TOPXOH/wDR.php" "Go-http-client/2.0"
51.79.133.112 - - [02/May/2026:01:03:17 +1000] "GET /wp-content/themes/twenty/twenty.php HTTP/2" 404 23306 "http://pgkdistribution.co.nz/wp-content/themes/twenty/twenty.php" "Go-http-client/2.0"
51.79.133.112 - - [02/May/2026:01:03:21 +1000] "GET /wp-includes/Text/Diff/Renderer/content.php HTTP/2" 404 23306 "http://pgkdistribution.co.nz/wp-includes/Text/Diff/Renderer/content.php" "Go-http-client/2.0"
51.79.133.112 - - [02/May/2026:01:03:24 +1000] "GET /wp-admin/images/Mhbgf.php HTTP/2" 404 23306 "http://pgkdistribution.co.nz/wp-admin/images/Mhbgf.php" "Go-http-client/2.0"
51.79.133.112 - - [02/May/2026:01:03:27 +1000] "GET /wp-config-sample.php HTTP/2" 500 1083 "http://pgkdistribution.co.nz/wp-config-sample.php" "Go-http-client/2.0"
51.79.133.112 - - [02/May/2026:01:03:27 +1000] "GET /wp-content/plugins/Cache/Cache.php HTTP/2" 404 23306 "http://pgkdistribution.co.nz/wp-content/plugins/Cache/Cache.php" "Go-http-client/2.0"
51.79.133.112 - - [02/May/2026:01:03:30 +1000] "GET /about.php?p= HTTP/2" 301 0 "http://pgkdistribution.co.nz/about.php?p=" "Go-http-client/2.0"
51.79.133.112 - - [02/May/2026:01:03:33 +1000] "GET /about.php HTTP/2" 404 23180 "https://pgkdistribution.co.nz/about.php?p=" "Go-http-client/2.0"
51.79.133.112 - - [02/May/2026:01:03:37 +1000] "GET /dropdown.php?p= HTTP/2" 301 0 "http://pgkdistribution.co.nz/dropdown.php?p=" "Go-http-client/2.0"
51.79.133.112 - - [02/May/2026:01:03:39 +1000] "GET /dropdown.php HTTP/2" 404 23180 "https://pgkdistribution.co.nz/dropdown.php?p=" "Go-http-client/2.0"
51.79.133.112 - - [02/May/2026:01:03:42 +1000] "GET /wp-content/alfa.php HTTP/2" 404 23180 "http://pgkdistribution.co.nz/wp-content/alfa.php" "Go-http-client/2.0"
51.79.133.112 - - [02/May/2026:01:03:46 +1000] "GET /wp-content/cong.php HTTP/2" 404 23180 "http://pgkdistribution.co.nz/wp-content/cong.php" "Go-http-client/2.0"
51.79.133.112 - - [02/May/2026:01:03:49 +1000] "GET /.well-known/radio.php HTTP/2" 404 23180 "http://pgkdistribution.co.nz/.well-known/radio.php" "Go-http-client/2.0"
51.79.133.112 - - [02/May/2026:01:03:52 +1000] "GET /wp-admin/css/colors/blue/1.php HTTP/2" 404 23306 "http://pgkdistribution.co.nz/wp-admin/css/colors/blue/1.php" "Go-http-client/2.0"
51.79.133.112 - - [02/May/2026:01:03:56 +1000] "GET /wp-content/classwithtostring.php HTTP/2" 404 23180 "http://pgkdistribution.co.nz/wp-content/classwithtostring.php" "Go-http-client/2.0"
51.79.133.112 - - [02/May/2026:01:04:00 +1000] "GET /406 HTTP/2" 404 23180 "http://pgkdistribution.co.nz/406" "Go-http-client/2.0"
51.79.133.112 - - [02/May/2026:01:04:03 +1000] "GET /plugins/jquery.filer/uploads/jack2024.p.php HTTP/2" 404 23306 "http://pgkdistribution.co.nz/plugins/jquery.filer/uploads/jack2024.p.php" "Go-http-client/2.0"
51.79.133.112 - - [02/May/2026:01:04:07 +1000] "GET /wp-content/plugins/linkpreview/db.php?u HTTP/2" 404 23306 "http://pgkdistribution.co.nz/wp-content/plugins/linkpreview/db.php?u" "Go-http-client/2.0"
51.79.133.112 - - [02/May/2026:01:04:11 +1000] "GET /wp-content/install.php HTTP/2" 404 23180 "http://pgkdistribution.co.nz/wp-content/install.php" "Go-http-client/2.0"
51.79.133.112 - - [02/May/2026:01:04:15 +1000] "GET /.well-known/autoload_classmap.php HTTP/2" 404 23180 "http://pgkdistribution.co.nz/.well-known/autoload_classmap.php" "Go-http-client/2.0"
51.79.133.112 - - [02/May/2026:01:04:18 +1000] "GET /wp-includes/theme-compat/wp-conflg.php HTTP/2" 404 23306 "http://pgkdistribution.co.nz/wp-includes/theme-compat/wp-conflg.php" "Go-http-client/2.0"
51.79.133.112 - - [02/May/2026:01:04:21 +1000] "GET /wp-content/plugins/backup-backup/includes/ HTTP/2" 404 23306 "http://pgkdistribution.co.nz/wp-content/plugins/backup-backup/includes/" "Go-http-client/2.0"
51.79.133.112 - - [02/May/2026:01:04:24 +1000] "GET /wp-admin/network/amaxx.php HTTP/2" 404 23306 "http://pgkdistribution.co.nz/wp-admin/network/amaxx.php" "Go-http-client/2.0"
51.79.133.112 - - [02/May/2026:01:04:27 +1000] "GET /repeater.php HTTP/2" 404 23180 "http://pgkdistribution.co.nz/repeater.php" "Go-http-client/2.0"
199.203.54.15 - - [02/May/2026:01:04:28 +1000] "GET /wp-login.php HTTP/2" 200 4844 "-" "Mozilla/5.0 (Windows NT 10.0; WOW64; Trident/7.0; MDDCJS; rv:11.0) like Gecko"
51.79.133.112 - - [02/May/2026:01:04:29 +1000] "GET /wp-admin/1.php HTTP/2" 404 23180 "http://pgkdistribution.co.nz/wp-admin/1.php" "Go-http-client/2.0"
199.203.54.15 - - [02/May/2026:01:04:33 +1000] "POST /wp-login.php HTTP/2" 200 4844 "https://pgkdistribution.co.nz/wp-login.php" "Mozilla/5.0 (Windows NT 10.0; WOW64; Trident/7.0; MDDCJS; rv:11.0) like Gecko"
51.79.133.112 - - [02/May/2026:01:04:32 +1000] "GET /alfa-rex.php7 HTTP/2" 404 23180 "http://pgkdistribution.co.nz/alfa-rex.php7" "Go-http-client/2.0"
51.79.133.112 - - [02/May/2026:01:04:35 +1000] "GET /fw.php HTTP/2" 404 23180 "http://pgkdistribution.co.nz/fw.php" "Go-http-client/2.0"
51.79.133.112 - - [02/May/2026:01:04:37 +1000] "GET /wp-admin/X.php?action=768776e296b6f286f26796e2a72607e2972647 HTTP/2" 404 22965 "http://pgkdistribution.co.nz/wp-admin/X.php?action=768776e296b6f286f26796e2a72607e2972647" "Go-http-client/2.0"
51.79.133.112 - - [02/May/2026:01:04:40 +1000] "GET /wp-includes/wp-class.php HTTP/2" 404 23180 "http://pgkdistribution.co.nz/wp-includes/wp-class.php" "Go-http-client/2.0"
51.79.133.112 - - [02/May/2026:01:04:43 +1000] "GET /wso112233.php HTTP/2" 404 23180 "http://pgkdistribution.co.nz/wso112233.php" "Go-http-client/2.0"
51.79.133.112 - - [02/May/2026:01:04:46 +1000] "GET /wp-admin/images/wp-signup.php HTTP/2" 404 22974 "http://pgkdistribution.co.nz/wp-admin/images/wp-signup.php" "Go-http-client/2.0"
51.79.133.112 - - [02/May/2026:01:04:48 +1000] "GET /wp-content/bypass.php HTTP/2" 404 23180 "http://pgkdistribution.co.nz/wp-content/bypass.php" "Go-http-client/2.0"
51.79.133.112 - - [02/May/2026:01:04:51 +1000] "GET /content.php?p= HTTP/2" 301 0 "http://pgkdistribution.co.nz/content.php?p=" "Go-http-client/2.0"
51.79.133.112 - - [02/May/2026:01:04:54 +1000] "GET /content.php HTTP/2" 404 23180 "https://pgkdistribution.co.nz/content.php?p=" "Go-http-client/2.0"
51.79.133.112 - - [02/May/2026:01:04:56 +1000] "GET /wp-admin/shell20211028.php HTTP/2" 404 23180 "http://pgkdistribution.co.nz/wp-admin/shell20211028.php" "Go-http-client/2.0"
51.79.133.112 - - [02/May/2026:01:04:59 +1000] "GET /wp-includes/xx.php HTTP/2" 404 23180 "http://pgkdistribution.co.nz/wp-includes/xx.php" "Go-http-client/2.0"
51.79.133.112 - - [02/May/2026:01:05:02 +1000] "GET /wp-content/plugins/seoo/wsoyanz.php HTTP/2" 404 23306 "http://pgkdistribution.co.nz/wp-content/plugins/seoo/wsoyanz.php" "Go-http-client/2.0"
51.79.133.112 - - [02/May/2026:01:05:06 +1000] "GET /wp-content/mari.php HTTP/2" 404 23180 "http://pgkdistribution.co.nz/wp-content/mari.php" "Go-http-client/2.0"
51.79.133.112 - - [02/May/2026:01:05:09 +1000] "GET /wp-admin/js/widgets/about.php7 HTTP/2" 404 23306 "http://pgkdistribution.co.nz/wp-admin/js/widgets/about.php7" "Go-http-client/2.0"
51.79.133.112 - - [02/May/2026:01:05:12 +1000] "GET /alfa.php HTTP/2" 404 23180 "http://pgkdistribution.co.nz/alfa.php" "Go-http-client/2.0"
51.79.133.112 - - [02/May/2026:01:05:15 +1000] "GET /yanz.php HTTP/2" 404 23180 "http://pgkdistribution.co.nz/yanz.php" "Go-http-client/2.0"
51.79.133.112 - - [02/May/2026:01:05:19 +1000] "GET /.well-known/acme-challenge/1.php HTTP/2" 404 796 "http://pgkdistribution.co.nz/.well-known/acme-challenge/1.php" "Go-http-client/2.0"
51.79.133.112 - - [02/May/2026:01:05:19 +1000] "GET /class.api.php HTTP/2" 404 23180 "http://pgkdistribution.co.nz/class.api.php" "Go-http-client/2.0"
51.79.133.112 - - [02/May/2026:01:05:21 +1000] "GET /style2.php HTTP/2" 404 23180 "http://pgkdistribution.co.nz/style2.php" "Go-http-client/2.0"
51.79.133.112 - - [02/May/2026:01:05:24 +1000] "GET /.well-known/acme-challenge/cloud.php HTTP/2" 404 796 "http://pgkdistribution.co.nz/.well-known/acme-challenge/cloud.php" "Go-http-client/2.0"
51.79.133.112 - - [02/May/2026:01:05:25 +1000] "GET /mc.php HTTP/2" 404 23180 "http://pgkdistribution.co.nz/mc.php" "Go-http-client/2.0"
51.79.133.112 - - [02/May/2026:01:05:27 +1000] "GET /wp-admin/css/colors/light/about.php HTTP/2" 404 23306 "http://pgkdistribution.co.nz/wp-admin/css/colors/light/about.php" "Go-http-client/2.0"
51.79.133.112 - - [02/May/2026:01:05:30 +1000] "GET /wp-includes/js/tinymce/skins/lightgray/img/index.php HTTP/2" 301 0 "http://pgkdistribution.co.nz/wp-includes/js/tinymce/skins/lightgray/img/index.php" "Go-http-client/2.0"
51.79.133.112 - - [02/May/2026:01:05:32 +1000] "GET /wp-includes/js/tinymce/skins/lightgray/img/ HTTP/2" 404 566 "https://pgkdistribution.co.nz/wp-includes/js/tinymce/skins/lightgray/img/index.php" "Go-http-client/2.0"
51.79.133.112 - - [02/May/2026:01:05:33 +1000] "GET /wp-content/bak.php HTTP/2" 404 23180 "http://pgkdistribution.co.nz/wp-content/bak.php" "Go-http-client/2.0"
51.79.133.112 - - [02/May/2026:01:05:35 +1000] "GET /wp-includes/Text/about.php HTTP/2" 404 23306 "http://pgkdistribution.co.nz/wp-includes/Text/about.php" "Go-http-client/2.0"
51.79.133.112 - - [02/May/2026:01:05:38 +1000] "GET /b.php HTTP/2" 404 23180 "http://pgkdistribution.co.nz/b.php" "Go-http-client/2.0"
51.79.133.112 - - [02/May/2026:01:05:41 +1000] "GET /wp-admin/ss.php HTTP/2" 404 23180 "http://pgkdistribution.co.nz/wp-admin/ss.php" "Go-http-client/2.0"
51.79.133.112 - - [02/May/2026:01:05:43 +1000] "GET /wp-includes/plugins/instabuilder2/cache/plugins/moon.php HTTP/2" 404 23306 "http://pgkdistribution.co.nz/wp-includes/plugins/instabuilder2/cache/plugins/moon.php" "Go-http-client/2.0"
51.79.133.112 - - [02/May/2026:01:05:46 +1000] "GET /wp-content/index1.php HTTP/2" 404 23180 "http://pgkdistribution.co.nz/wp-content/index1.php" "Go-http-client/2.0"
51.79.133.112 - - [02/May/2026:01:05:49 +1000] "GET /wp-includes/content.php HTTP/2" 404 23180 "http://pgkdistribution.co.nz/wp-includes/content.php" "Go-http-client/2.0"
51.79.133.112 - - [02/May/2026:01:05:52 +1000] "GET /woh.php HTTP/2" 404 23180 "http://pgkdistribution.co.nz/woh.php" "Go-http-client/2.0"
51.79.133.112 - - [02/May/2026:01:05:55 +1000] "GET /wp-content/plugins/press/wp-class.php HTTP/2" 404 23306 "http://pgkdistribution.co.nz/wp-content/plugins/press/wp-class.php" "Go-http-client/2.0"
51.79.133.112 - - [02/May/2026:01:05:58 +1000] "GET /plugins.php HTTP/2" 404 23180 "http://pgkdistribution.co.nz/plugins.php" "Go-http-client/2.0"
51.79.133.112 - - [02/May/2026:01:06:01 +1000] "GET /wsoyanz.php HTTP/2" 404 23180 "http://pgkdistribution.co.nz/wsoyanz.php" "Go-http-client/2.0"
51.79.133.112 - - [02/May/2026:01:06:04 +1000] "GET /wp-admin/css/ HTTP/2" 404 566 "http://pgkdistribution.co.nz/wp-admin/css/" "Go-http-client/2.0"
51.79.133.112 - - [02/May/2026:01:06:04 +1000] "GET /wp-content/shell.php HTTP/2" 404 23180 "http://pgkdistribution.co.nz/wp-content/shell.php" "Go-http-client/2.0"
51.79.133.112 - - [02/May/2026:01:06:07 +1000] "GET /wp-includes/sodium_compat/src/Core/Curve25519/Ge/wp_blog.php HTTP/2" 404 23306 "http://pgkdistribution.co.nz/wp-includes/sodium_compat/src/Core/Curve25519/Ge/wp_blog.php" "Go-http-client/2.0"
51.79.133.112 - - [02/May/2026:01:06:10 +1000] "GET /epinyins.php HTTP/2" 404 23180 "http://pgkdistribution.co.nz/epinyins.php" "Go-http-client/2.0"
51.79.133.112 - - [02/May/2026:01:06:13 +1000] "GET /cgi-bin/admin.php HTTP/2" 404 796 "http://pgkdistribution.co.nz/cgi-bin/admin.php" "Go-http-client/2.0"
51.79.133.112 - - [02/May/2026:01:06:13 +1000] "GET /w.php HTTP/2" 404 23180 "http://pgkdistribution.co.nz/w.php" "Go-http-client/2.0"
51.79.133.112 - - [02/May/2026:01:06:16 +1000] "GET /wp-content/themes/pridmag/mar.php HTTP/2" 404 23306 "http://pgkdistribution.co.nz/wp-content/themes/pridmag/mar.php" "Go-http-client/2.0"
51.79.133.112 - - [02/May/2026:01:06:19 +1000] "GET /uploader.php HTTP/2" 404 23180 "http://pgkdistribution.co.nz/uploader.php" "Go-http-client/2.0"
51.79.133.112 - - [02/May/2026:01:06:22 +1000] "GET /wp-includes/Xl2023.php HTTP/2" 404 23180 "http://pgkdistribution.co.nz/wp-includes/Xl2023.php" "Go-http-client/2.0"
51.79.133.112 - - [02/May/2026:01:06:24 +1000] "GET /c.php HTTP/2" 404 23180 "http://pgkdistribution.co.nz/c.php" "Go-http-client/2.0"
51.79.133.112 - - [02/May/2026:01:06:28 +1000] "GET /js/access.php HTTP/2" 404 23180 "http://pgkdistribution.co.nz/js/access.php" "Go-http-client/2.0"
51.79.133.112 - - [02/May/2026:01:06:31 +1000] "GET /images/sclass_api.php HTTP/2" 404 23180 "http://pgkdistribution.co.nz/images/sclass_api.php" "Go-http-client/2.0"
52.3.104.214 - - [02/May/2026:01:06:30 +1000] "GET /solar-inverters/ HTTP/1.1" 200 27946 "-" "Mozilla/5.0 AppleWebKit/537.36 (KHTML, like Gecko; compatible; Amazonbot/0.1; +https://developer.amazon.com/support/amazonbot) Chrome/119.0.6045.214 Safari/537.36"
51.79.133.112 - - [02/May/2026:01:06:34 +1000] "GET /wp-content/plugins/core/include.php HTTP/2" 404 23306 "http://pgkdistribution.co.nz/wp-content/plugins/core/include.php" "Go-http-client/2.0"
98.82.40.168 - - [02/May/2026:01:06:34 +1000] "GET /terms-and-conditions-of-sale/ HTTP/1.1" 200 35641 "-" "Mozilla/5.0 AppleWebKit/537.36 (KHTML, like Gecko; compatible; Amazonbot/0.1; +https://developer.amazon.com/support/amazonbot) Chrome/119.0.6045.214 Safari/537.36"
51.79.133.112 - - [02/May/2026:01:06:38 +1000] "GET /.well-known/1.php HTTP/2" 404 23180 "http://pgkdistribution.co.nz/.well-known/1.php" "Go-http-client/2.0"
51.79.133.112 - - [02/May/2026:01:06:41 +1000] "GET /pekok.php HTTP/2" 404 23180 "http://pgkdistribution.co.nz/pekok.php" "Go-http-client/2.0"
51.79.133.112 - - [02/May/2026:01:06:43 +1000] "GET /api.php HTTP/2" 404 23180 "http://pgkdistribution.co.nz/api.php" "Go-http-client/2.0"
51.79.133.112 - - [02/May/2026:01:06:46 +1000] "GET /upgrade.php HTTP/2" 404 23180 "http://pgkdistribution.co.nz/upgrade.php" "Go-http-client/2.0"
51.79.133.112 - - [02/May/2026:01:06:49 +1000] "GET /chosen.php HTTP/2" 404 23180 "http://pgkdistribution.co.nz/chosen.php" "Go-http-client/2.0"
51.79.133.112 - - [02/May/2026:01:06:51 +1000] "GET /wp-admin/setup-config.php HTTP/2" 409 1222 "http://pgkdistribution.co.nz/wp-admin/setup-config.php" "Go-http-client/2.0"
51.79.133.112 - - [02/May/2026:01:06:52 +1000] "GET /wp-content/repeater.php HTTP/2" 404 23180 "http://pgkdistribution.co.nz/wp-content/repeater.php" "Go-http-client/2.0"
51.79.133.112 - - [02/May/2026:01:06:55 +1000] "GET /wp-includes/js/tinymce/skins/lightgray/img/index.php?p= HTTP/2" 301 0 "http://pgkdistribution.co.nz/wp-includes/js/tinymce/skins/lightgray/img/index.php?p=" "Go-http-client/2.0"
51.79.133.112 - - [02/May/2026:01:06:58 +1000] "GET /wp-includes/js/tinymce/skins/lightgray/img/ HTTP/2" 404 566 "https://pgkdistribution.co.nz/wp-includes/js/tinymce/skins/lightgray/img/index.php?p=" "Go-http-client/2.0"
51.79.133.112 - - [02/May/2026:01:06:58 +1000] "GET /wp-login.php?action=register HTTP/2" 302 0 "http://pgkdistribution.co.nz/wp-login.php?action=register" "Go-http-client/2.0"
51.79.133.112 - - [02/May/2026:01:07:01 +1000] "GET /wp-login.php?registration=disabled HTTP/2" 200 3808 "https://pgkdistribution.co.nz/wp-login.php?action=register" "Go-http-client/2.0"
51.79.133.112 - - [02/May/2026:01:07:05 +1000] "GET /wp-admin/wso112233.php HTTP/2" 404 23180 "http://pgkdistribution.co.nz/wp-admin/wso112233.php" "Go-http-client/2.0"
51.79.133.112 - - [02/May/2026:01:07:08 +1000] "GET /.well-known/js.php HTTP/2" 404 23180 "http://pgkdistribution.co.nz/.well-known/js.php" "Go-http-client/2.0"
51.79.133.112 - - [02/May/2026:01:07:12 +1000] "GET /c99.php HTTP/2" 404 23180 "http://pgkdistribution.co.nz/c99.php" "Go-http-client/2.0"
51.79.133.112 - - [02/May/2026:01:07:15 +1000] "GET /wp-content/uploads/help.php HTTP/2" 404 23306 "http://pgkdistribution.co.nz/wp-content/uploads/help.php" "Go-http-client/2.0"
51.79.133.112 - - [02/May/2026:01:07:17 +1000] "GET /admin-post.php HTTP/2" 404 23180 "http://pgkdistribution.co.nz/admin-post.php" "Go-http-client/2.0"
51.79.133.112 - - [02/May/2026:01:07:20 +1000] "GET /data.php HTTP/2" 404 23180 "http://pgkdistribution.co.nz/data.php" "Go-http-client/2.0"
51.79.133.112 - - [02/May/2026:01:07:23 +1000] "GET /rc.php HTTP/2" 404 23180 "http://pgkdistribution.co.nz/rc.php" "Go-http-client/2.0"
51.79.133.112 - - [02/May/2026:01:07:26 +1000] "GET /wp-apxupx.php?apx=upx HTTP/2" 404 23180 "http://pgkdistribution.co.nz/wp-apxupx.php?apx=upx" "Go-http-client/2.0"
51.79.133.112 - - [02/May/2026:01:07:29 +1000] "GET /.well-known/acme-challenge/index.php HTTP/2" 404 796 "http://pgkdistribution.co.nz/.well-known/acme-challenge/index.php" "Go-http-client/2.0"
51.79.133.112 - - [02/May/2026:01:07:29 +1000] "GET /wp-content/plugins/fix/up.php HTTP/2" 404 23306 "http://pgkdistribution.co.nz/wp-content/plugins/fix/up.php" "Go-http-client/2.0"
51.79.133.112 - - [02/May/2026:01:07:32 +1000] "GET /.well-known/index.php HTTP/2" 301 0 "http://pgkdistribution.co.nz/.well-known/index.php" "Go-http-client/2.0"
51.79.133.112 - - [02/May/2026:01:07:34 +1000] "GET /.well-known/ HTTP/2" 404 23180 "https://pgkdistribution.co.nz/.well-known/index.php" "Go-http-client/2.0"
51.79.133.112 - - [02/May/2026:01:07:37 +1000] "GET /log.php HTTP/2" 404 23180 "http://pgkdistribution.co.nz/log.php" "Go-http-client/2.0"
51.79.133.112 - - [02/May/2026:01:07:41 +1000] "GET /wp-pano.php HTTP/2" 404 23180 "http://pgkdistribution.co.nz/wp-pano.php" "Go-http-client/2.0"
51.79.133.112 - - [02/May/2026:01:07:44 +1000] "GET /images/include.php HTTP/2" 404 23180 "http://pgkdistribution.co.nz/images/include.php" "Go-http-client/2.0"
51.79.133.112 - - [02/May/2026:01:07:46 +1000] "GET /images/class.engine.php HTTP/2" 404 23180 "http://pgkdistribution.co.nz/images/class.engine.php" "Go-http-client/2.0"
51.79.133.112 - - [02/May/2026:01:07:50 +1000] "GET /js/be.php HTTP/2" 404 23180 "http://pgkdistribution.co.nz/js/be.php" "Go-http-client/2.0"
51.79.133.112 - - [02/May/2026:01:07:52 +1000] "GET /wp-admin/shapes.php HTTP/2" 404 23180 "http://pgkdistribution.co.nz/wp-admin/shapes.php" "Go-http-client/2.0"
51.79.133.112 - - [02/May/2026:01:07:56 +1000] "GET /.well-known/pki-validation/amaxx.php HTTP/2" 404 23306 "http://pgkdistribution.co.nz/.well-known/pki-validation/amaxx.php" "Go-http-client/2.0"
51.79.133.112 - - [02/May/2026:01:07:59 +1000] "GET /makeasmtp.php HTTP/2" 404 23180 "http://pgkdistribution.co.nz/makeasmtp.php" "Go-http-client/2.0"
51.79.133.112 - - [02/May/2026:01:08:02 +1000] "GET /bak.php HTTP/2" 404 23180 "http://pgkdistribution.co.nz/bak.php" "Go-http-client/2.0"
51.79.133.112 - - [02/May/2026:01:08:05 +1000] "GET /wp-includes/ms-controller.php HTTP/2" 404 23180 "http://pgkdistribution.co.nz/wp-includes/ms-controller.php" "Go-http-client/2.0"
51.79.133.112 - - [02/May/2026:01:08:08 +1000] "GET /wp-conflg.php HTTP/2" 404 23180 "http://pgkdistribution.co.nz/wp-conflg.php" "Go-http-client/2.0"
51.79.133.112 - - [02/May/2026:01:08:11 +1000] "GET /wp-includes/class-wp-smtp-bar.php HTTP/2" 404 23180 "http://pgkdistribution.co.nz/wp-includes/class-wp-smtp-bar.php" "Go-http-client/2.0"
51.79.133.112 - - [02/May/2026:01:08:15 +1000] "GET /wp-atom.php HTTP/2" 301 0 "http://pgkdistribution.co.nz/wp-atom.php" "Go-http-client/2.0"
51.79.133.112 - - [02/May/2026:01:08:18 +1000] "GET /feed/atom/ HTTP/2" 200 1971 "https://pgkdistribution.co.nz/wp-atom.php" "Go-http-client/2.0"
129.212.231.5 - - [02/May/2026:01:08:19 +1000] "GET /wp-login.php HTTP/1.1" 200 4754 "https://duckduckgo.com/" "Mozilla/5.0 (Macintosh; Intel Mac OS X 10_15_7; rv:121.0) Gecko/20100101 Firefox/121.0"
51.79.133.112 - - [02/May/2026:01:08:21 +1000] "GET /wp-includes/js/themes.php HTTP/2" 404 23306 "http://pgkdistribution.co.nz/wp-includes/js/themes.php" "Go-http-client/2.0"
51.79.133.112 - - [02/May/2026:01:08:26 +1000] "GET /wp-content/plugins/root-file-manager/wp-file.php HTTP/2" 404 23306 "http://pgkdistribution.co.nz/wp-content/plugins/root-file-manager/wp-file.php" "Go-http-client/2.0"
129.212.231.5 - - [02/May/2026:01:08:28 +1000] "GET /?author=1 HTTP/1.1" 301 524 "https://www.google.com/search?q=wordpress" "Mozilla/5.0 (Windows NT 10.0; Win64; x64) AppleWebKit/537.36 (KHTML, like Gecko) Chrome/121.0.0.0 Safari/537.36"
51.79.133.112 - - [02/May/2026:01:08:29 +1000] "GET /wp-content/plugins/dummyyummy/wp-signup.php HTTP/2" 404 23306 "http://pgkdistribution.co.nz/wp-content/plugins/dummyyummy/wp-signup.php" "Go-http-client/2.0"
51.79.133.112 - - [02/May/2026:01:08:34 +1000] "GET /images/offline.php HTTP/2" 404 23180 "http://pgkdistribution.co.nz/images/offline.php" "Go-http-client/2.0"
129.212.231.5 - - [02/May/2026:01:08:37 +1000] "GET /author/pgkdistribution/ HTTP/1.1" 200 24767 "https://www.google.com/search?q=wordpress" "Mozilla/5.0 (Windows NT 10.0; Win64; x64) AppleWebKit/537.36 (KHTML, like Gecko) Chrome/121.0.0.0 Safari/537.36"
51.79.133.112 - - [02/May/2026:01:08:38 +1000] "GET /wp-content/plugins/ph-file-manager/wp-file.php HTTP/2" 404 23306 "http://pgkdistribution.co.nz/wp-content/plugins/ph-file-manager/wp-file.php" "Go-http-client/2.0"
51.79.133.112 - - [02/May/2026:01:08:43 +1000] "GET /wp-includes/item.php HTTP/2" 404 23180 "http://pgkdistribution.co.nz/wp-includes/item.php" "Go-http-client/2.0"
144.76.72.43 - - [02/May/2026:01:08:45 +1000] "POST /xmlrpc.php HTTP/2" 200 252 "-" "Mozilla/5.0 (Windows NT 6.0; Win64; x64) AppleWebKit/537.36 (KHTML, like Gecko) Chrome/65.0.3325.181 Safari/537.36 OPR/52.0.2871.99"
129.212.231.5 - - [02/May/2026:01:08:46 +1000] "GET /wp-json/wp/v2/users HTTP/1.1" 200 2925 "-" "Mozilla/5.0 (Macintosh; Intel Mac OS X 13_6_1) AppleWebKit/537.36 (KHTML, like Gecko) Chrome/118.0.0.0 Safari/537.36"
51.79.133.112 - - [02/May/2026:01:08:47 +1000] "GET /wp-includes/class-response.php HTTP/2" 404 23180 "http://pgkdistribution.co.nz/wp-includes/class-response.php" "Go-http-client/2.0"
51.79.133.112 - - [02/May/2026:01:08:52 +1000] "GET /doc.php HTTP/2" 404 23180 "http://pgkdistribution.co.nz/doc.php" "Go-http-client/2.0"
129.212.231.5 - - [02/May/2026:01:08:54 +1000] "POST /wp-login.php HTTP/1.1" 401 2318 "https://pgkdistribution.co.nz/wp-login.php" "Mozilla/5.0 (X11; Ubuntu; Linux x86_64) AppleWebKit/537.36 (KHTML, like Gecko) Chrome/120.0.0.0 Safari/537.36"
51.79.133.112 - - [02/May/2026:01:08:55 +1000] "GET /css/load.php HTTP/2" 404 23180 "http://pgkdistribution.co.nz/css/load.php" "Go-http-client/2.0"
43.159.128.237 - - [02/May/2026:01:08:58 +1000] "GET / HTTP/1.1" 200 34329 "http://pgkdistribution.co.nz" "Mozilla/5.0 (iPhone; CPU iPhone OS 13_2_3 like Mac OS X) AppleWebKit/605.1.15 (KHTML, like Gecko) Version/13.0.3 Mobile/15E148 Safari/604.1"
51.79.133.112 - - [02/May/2026:01:09:00 +1000] "GET /images/rmdir.php HTTP/2" 404 23180 "http://pgkdistribution.co.nz/images/rmdir.php" "Go-http-client/2.0"
51.79.133.112 - - [02/May/2026:01:09:03 +1000] "GET /wp-content/upgrade/wp-casper.php HTTP/2" 404 23306 "http://pgkdistribution.co.nz/wp-content/upgrade/wp-casper.php" "Go-http-client/2.0"
51.79.133.112 - - [02/May/2026:01:09:07 +1000] "GET /.well-known/pki-validation/ HTTP/2" 404 566 "http://pgkdistribution.co.nz/.well-known/pki-validation/" "Go-http-client/2.0"
129.212.231.5 - - [02/May/2026:01:09:04 +1000] "GET /wp-admin/index.php HTTP/1.1" 302 693 "https://pgkdistribution.co.nz/wp-login.php" "Mozilla/5.0 (Macintosh; Intel Mac OS X 13_6_1) AppleWebKit/605.1.15 (KHTML, like Gecko) Version/17.2 Safari/605.1.15"
51.79.133.112 - - [02/May/2026:01:09:07 +1000] "GET /images/uclnvbmt.php HTTP/2" 404 22832 "http://pgkdistribution.co.nz/images/uclnvbmt.php" "Go-http-client/2.0"
51.79.133.112 - - [02/May/2026:01:09:10 +1000] "GET /wp-login.php HTTP/2" 200 3721 "http://pgkdistribution.co.nz/wp-login.php" "Go-http-client/2.0"
129.212.231.5 - - [02/May/2026:01:09:11 +1000] "GET /wp-login.php?redirect_to=https%3A%2F%2Fpgkdistribution.co.nz%2Fwp-admin%2Findex.php&reauth=1 HTTP/1.1" 200 6955 "https://pgkdistribution.co.nz/wp-login.php" "Mozilla/5.0 (Macintosh; Intel Mac OS X 13_6_1) AppleWebKit/605.1.15 (KHTML, like Gecko) Version/17.2 Safari/605.1.15"
51.79.133.112 - - [02/May/2026:01:09:14 +1000] "GET /.well-known/pki-validation/class.api.php HTTP/2" 404 23306 "http://pgkdistribution.co.nz/.well-known/pki-validation/class.api.php" "Go-http-client/2.0"
51.79.133.112 - - [02/May/2026:01:09:17 +1000] "GET /uploads/b374k.php.suspected HTTP/2" 404 23180 "http://pgkdistribution.co.nz/uploads/b374k.php.suspected" "Go-http-client/2.0"
129.212.231.5 - - [02/May/2026:01:09:18 +1000] "POST /wp-login.php HTTP/1.1" 401 2320 "https://pgkdistribution.co.nz/wp-login.php" "Mozilla/5.0 (Macintosh; Intel Mac OS X 13_6_1) AppleWebKit/537.36 (KHTML, like Gecko) Chrome/119.0.0.0 Safari/537.36"
51.79.133.112 - - [02/May/2026:01:09:20 +1000] "GET /.well-known/pki-validation/shell.php HTTP/2" 404 23306 "http://pgkdistribution.co.nz/.well-known/pki-validation/shell.php" "Go-http-client/2.0"
51.79.133.112 - - [02/May/2026:01:09:24 +1000] "GET /themes.php HTTP/2" 404 23180 "http://pgkdistribution.co.nz/themes.php" "Go-http-client/2.0"
129.212.231.5 - - [02/May/2026:01:09:25 +1000] "GET /wp-admin/index.php HTTP/1.1" 302 693 "https://pgkdistribution.co.nz/wp-login.php" "Mozilla/5.0 (Windows NT 10.0; Win64; x64; rv:118.0) Gecko/20100101 Firefox/118.0"
51.79.133.112 - - [02/May/2026:01:09:26 +1000] "GET /wp-includes/js/tinymce/wp-login.php HTTP/2" 404 23306 "http://pgkdistribution.co.nz/wp-includes/js/tinymce/wp-login.php" "Go-http-client/2.0"
51.79.133.112 - - [02/May/2026:01:09:29 +1000] "GET /wp-includes/tool.php HTTP/2" 404 23180 "http://pgkdistribution.co.nz/wp-includes/tool.php" "Go-http-client/2.0"
129.212.231.5 - - [02/May/2026:01:09:31 +1000] "GET /wp-login.php?redirect_to=https%3A%2F%2Fpgkdistribution.co.nz%2Fwp-admin%2Findex.php&reauth=1 HTTP/1.1" 200 6955 "https://pgkdistribution.co.nz/wp-login.php" "Mozilla/5.0 (Windows NT 10.0; Win64; x64; rv:118.0) Gecko/20100101 Firefox/118.0"
185.177.116.6 - - [02/May/2026:01:09:31 +1000] "POST /xmlrpc.php HTTP/2" 200 252 "-" "Mozilla/4.0 (compatible; MSIE 7.0; Windows NT 6.1; Trident/7.0; SLCC2; .NET CLR 2.0.50727; .NET CLR 3.5.30729; .NET CLR 3.0.30729; Media Center PC 6.0; InfoPath.3; .NET4.0C; .NET4.0E)"
51.79.133.112 - - [02/May/2026:01:09:32 +1000] "GET /wp-content/alfamodif.php HTTP/2" 404 23180 "http://pgkdistribution.co.nz/wp-content/alfamodif.php" "Go-http-client/2.0"
51.79.133.112 - - [02/May/2026:01:09:35 +1000] "GET /wp-includes/wp-cogguk.php HTTP/2" 404 23180 "http://pgkdistribution.co.nz/wp-includes/wp-cogguk.php" "Go-http-client/2.0"
129.212.231.5 - - [02/May/2026:01:09:38 +1000] "POST /wp-login.php HTTP/1.1" 401 2141 "https://pgkdistribution.co.nz/wp-login.php" "Mozilla/5.0 (X11; Ubuntu; Linux x86_64) AppleWebKit/537.36 (KHTML, like Gecko) Chrome/119.0.0.0 Safari/537.36"
51.79.133.112 - - [02/May/2026:01:09:38 +1000] "GET /wp-includes/feed-atom-comments-meta.php HTTP/2" 404 23180 "http://pgkdistribution.co.nz/wp-includes/feed-atom-comments-meta.php" "Go-http-client/2.0"
51.79.133.112 - - [02/May/2026:01:09:41 +1000] "GET /wp-content/languages/confno7.php HTTP/2" 404 23306 "http://pgkdistribution.co.nz/wp-content/languages/confno7.php" "Go-http-client/2.0"
51.79.133.112 - - [02/May/2026:01:09:43 +1000] "GET /wp-includes/ID3/getid3s.php HTTP/2" 404 23306 "http://pgkdistribution.co.nz/wp-includes/ID3/getid3s.php" "Go-http-client/2.0"
129.212.231.5 - - [02/May/2026:01:09:44 +1000] "GET /wp-admin/index.php HTTP/1.1" 302 693 "https://pgkdistribution.co.nz/wp-login.php" "Mozilla/5.0 (Windows NT 10.0; Win64; x64) AppleWebKit/537.36 (KHTML, like Gecko) Chrome/118.0.0.0 Safari/537.36"
51.79.133.112 - - [02/May/2026:01:09:46 +1000] "GET /uploads/20230303064717.php HTTP/2" 404 23180 "http://pgkdistribution.co.nz/uploads/20230303064717.php" "Go-http-client/2.0"
51.79.133.112 - - [02/May/2026:01:09:49 +1000] "GET /wp-includes/js/tinymce/radio.php HTTP/2" 404 23306 "http://pgkdistribution.co.nz/wp-includes/js/tinymce/radio.php" "Go-http-client/2.0"
51.79.133.112 - - [02/May/2026:01:09:51 +1000] "GET /assets/dropdown.php HTTP/2" 404 23180 "http://pgkdistribution.co.nz/assets/dropdown.php" "Go-http-client/2.0"
129.212.231.5 - - [02/May/2026:01:09:53 +1000] "GET /wp-admin/profile.php HTTP/1.1" 302 695 "https://pgkdistribution.co.nz/wp-login.php" "Mozilla/5.0 (Windows NT 10.0; Win64; x64) AppleWebKit/537.36 (KHTML, like Gecko) Chrome/118.0.0.0 Safari/537.36"
51.79.133.112 - - [02/May/2026:01:09:54 +1000] "GET /wp-includes/class-wp-session-tokens-ajax.php HTTP/2" 404 23180 "http://pgkdistribution.co.nz/wp-includes/class-wp-session-tokens-ajax.php" "Go-http-client/2.0"
51.79.133.112 - - [02/May/2026:01:09:56 +1000] "GET /wp-content/index.php.suspected HTTP/2" 404 23180 "http://pgkdistribution.co.nz/wp-content/index.php.suspected" "Go-http-client/2.0"
129.212.231.5 - - [02/May/2026:01:09:58 +1000] "GET /wp-login.php?redirect_to=https%3A%2F%2Fpgkdistribution.co.nz%2Fwp-admin%2Fprofile.php&reauth=1 HTTP/1.1" 200 6782 "https://pgkdistribution.co.nz/wp-login.php" "Mozilla/5.0 (Windows NT 10.0; Win64; x64) AppleWebKit/537.36 (KHTML, like Gecko) Chrome/118.0.0.0 Safari/537.36"
51.79.133.112 - - [02/May/2026:01:09:58 +1000] "GET /ini.php HTTP/2" 404 23180 "http://pgkdistribution.co.nz/ini.php" "Go-http-client/2.0"
51.79.133.112 - - [02/May/2026:01:10:01 +1000] "GET /.well-known/pki-validation/termps.php.suspected HTTP/2" 404 23306 "http://pgkdistribution.co.nz/.well-known/pki-validation/termps.php.suspected" "Go-http-client/2.0"
51.79.133.112 - - [02/May/2026:01:10:05 +1000] "GET /wp-includes/js/tinymce/wp-conflg.php.suspected HTTP/2" 404 23306 "http://pgkdistribution.co.nz/wp-includes/js/tinymce/wp-conflg.php.suspected" "Go-http-client/2.0"
129.212.231.5 - - [02/May/2026:01:10:05 +1000] "POST /wp-login.php HTTP/1.1" 401 2321 "https://pgkdistribution.co.nz/wp-login.php" "Mozilla/5.0 (X11; Ubuntu; Linux x86_64) AppleWebKit/537.36 (KHTML, like Gecko) Chrome/119.0.0.0 Safari/537.36"
51.79.133.112 - - [02/May/2026:01:10:08 +1000] "GET /wp-content/themes/travel/issue.phpp HTTP/2" 404 23306 "http://pgkdistribution.co.nz/wp-content/themes/travel/issue.phpp" "Go-http-client/2.0"
51.79.133.112 - - [02/May/2026:01:10:12 +1000] "GET /wp-includes/js/tinymce/wp-tinymce.php HTTP/2" 200 146896 "http://pgkdistribution.co.nz/wp-includes/js/tinymce/wp-tinymce.php" "Go-http-client/2.0"
129.212.231.5 - - [02/May/2026:01:10:12 +1000] "GET /wp-admin/index.php HTTP/1.1" 302 693 "https://pgkdistribution.co.nz/wp-login.php" "Mozilla/5.0 (Windows NT 10.0; Win64; x64) AppleWebKit/537.36 (KHTML, like Gecko) Chrome/120.0.0.0 Safari/537.36"
51.79.133.112 - - [02/May/2026:01:10:13 +1000] "GET /css/wp-blog.php HTTP/2" 404 23180 "http://pgkdistribution.co.nz/css/wp-blog.php" "Go-http-client/2.0"
51.79.133.112 - - [02/May/2026:01:10:16 +1000] "GET /upfile.php HTTP/2" 404 23180 "http://pgkdistribution.co.nz/upfile.php" "Go-http-client/2.0"
129.212.231.5 - - [02/May/2026:01:10:18 +1000] "GET /wp-login.php?redirect_to=https%3A%2F%2Fpgkdistribution.co.nz%2Fwp-admin%2Findex.php&reauth=1 HTTP/1.1" 200 6765 "https://pgkdistribution.co.nz/wp-login.php" "Mozilla/5.0 (Windows NT 10.0; Win64; x64) AppleWebKit/537.36 (KHTML, like Gecko) Chrome/120.0.0.0 Safari/537.36"
51.79.133.112 - - [02/May/2026:01:10:19 +1000] "GET /wp-content/plugins/pwnd/pwnd.php HTTP/2" 404 23306 "http://pgkdistribution.co.nz/wp-content/plugins/pwnd/pwnd.php" "Go-http-client/2.0"
51.79.133.112 - - [02/May/2026:01:10:22 +1000] "GET /wp-includes/js/irrrndex.php HTTP/2" 404 23306 "http://pgkdistribution.co.nz/wp-includes/js/irrrndex.php" "Go-http-client/2.0"
129.212.231.5 - - [02/May/2026:01:10:24 +1000] "POST /wp-login.php HTTP/1.1" 401 2320 "https://pgkdistribution.co.nz/wp-login.php" "Mozilla/5.0 (Macintosh; Intel Mac OS X 10_15_7; rv:121.0) Gecko/20100101 Firefox/121.0"
51.79.133.112 - - [02/May/2026:01:10:25 +1000] "GET /wp-includes/js/tinymce/plugins/compat3x/css/wp-casper.php HTTP/2" 404 23306 "http://pgkdistribution.co.nz/wp-includes/js/tinymce/plugins/compat3x/css/wp-casper.php" "Go-http-client/2.0"
51.79.133.112 - - [02/May/2026:01:10:28 +1000] "GET /bypass.php HTTP/2" 404 23180 "http://pgkdistribution.co.nz/bypass.php" "Go-http-client/2.0"
51.79.133.112 - - [02/May/2026:01:10:31 +1000] "GET /css/auth.php HTTP/2" 404 23180 "http://pgkdistribution.co.nz/css/auth.php" "Go-http-client/2.0"
129.212.231.5 - - [02/May/2026:01:10:30 +1000] "GET /wp-admin/index.php HTTP/1.1" 302 515 "https://pgkdistribution.co.nz/wp-login.php" "Mozilla/5.0 (Macintosh; Intel Mac OS X 13_6_1; rv:119.0) Gecko/20100101 Firefox/119.0"
51.79.133.112 - - [02/May/2026:01:10:34 +1000] "GET /wordpress/logsxxyyzz.php HTTP/2" 404 23180 "http://pgkdistribution.co.nz/wordpress/logsxxyyzz.php" "Go-http-client/2.0"
51.79.133.112 - - [02/May/2026:01:10:37 +1000] "GET /css/default.php HTTP/2" 404 23180 "http://pgkdistribution.co.nz/css/default.php" "Go-http-client/2.0"
129.212.231.5 - - [02/May/2026:01:10:37 +1000] "GET /wp-login.php?redirect_to=https%3A%2F%2Fpgkdistribution.co.nz%2Fwp-admin%2Findex.php&reauth=1 HTTP/1.1" 200 6955 "https://pgkdistribution.co.nz/wp-login.php" "Mozilla/5.0 (Macintosh; Intel Mac OS X 13_6_1; rv:119.0) Gecko/20100101 Firefox/119.0"
51.79.133.112 - - [02/May/2026:01:10:40 +1000] "GET /wp-includes/class-wp-editor-cron.php HTTP/2" 404 23180 "http://pgkdistribution.co.nz/wp-includes/class-wp-editor-cron.php" "Go-http-client/2.0"
51.79.133.112 - - [02/May/2026:01:10:42 +1000] "GET /wp-includes/rest-api/class-wp-rest-report.php HTTP/2" 404 23306 "http://pgkdistribution.co.nz/wp-includes/rest-api/class-wp-rest-report.php" "Go-http-client/2.0"
129.212.231.5 - - [02/May/2026:01:10:43 +1000] "POST /wp-login.php HTTP/1.1" 401 2319 "https://pgkdistribution.co.nz/wp-login.php" "Mozilla/5.0 (X11; Ubuntu; Linux x86_64) AppleWebKit/537.36 (KHTML, like Gecko) Chrome/119.0.0.0 Safari/537.36"
51.79.133.112 - - [02/May/2026:01:10:46 +1000] "GET /wp-includes/feed-rdp.php HTTP/2" 404 23180 "http://pgkdistribution.co.nz/wp-includes/feed-rdp.php" "Go-http-client/2.0"
51.79.133.112 - - [02/May/2026:01:10:49 +1000] "GET /css/radio.php HTTP/2" 404 23180 "http://pgkdistribution.co.nz/css/radio.php" "Go-http-client/2.0"
51.79.133.112 - - [02/May/2026:01:10:52 +1000] "GET /wp-activate.php HTTP/2" 302 0 "http://pgkdistribution.co.nz/wp-activate.php" "Go-http-client/2.0"
129.212.231.5 - - [02/May/2026:01:10:50 +1000] "GET /wp-admin/index.php HTTP/1.1" 302 515 "https://pgkdistribution.co.nz/wp-login.php" "Mozilla/5.0 (Macintosh; Intel Mac OS X 10_15_7) AppleWebKit/537.36 (KHTML, like Gecko) Chrome/120.0.0.0 Safari/537.36"
51.79.133.112 - - [02/May/2026:01:10:53 +1000] "GET /wp-login.php?action=register HTTP/2" 302 0 "https://pgkdistribution.co.nz/wp-activate.php" "Go-http-client/2.0"
51.79.133.112 - - [02/May/2026:01:10:55 +1000] "GET /wp-login.php?registration=disabled HTTP/2" 200 3808 "https://pgkdistribution.co.nz/wp-login.php?action=register" "Go-http-client/2.0"
165.22.116.110 - - [02/May/2026:01:10:57 +1000] "GET /wp-login.php HTTP/2" 200 4843 "-" "Mozilla/5.0 (Macintosh; Intel Mac OS X 10_11_6) AppleWebKit/603.3.8 (KHTML, like Gecko) Version/10.1.2 Safari/603.3.8"
129.212.231.5 - - [02/May/2026:01:10:57 +1000] "GET /wp-login.php?redirect_to=https%3A%2F%2Fpgkdistribution.co.nz%2Fwp-admin%2Findex.php&reauth=1 HTTP/1.1" 200 6943 "https://pgkdistribution.co.nz/wp-login.php" "Mozilla/5.0 (Macintosh; Intel Mac OS X 10_15_7) AppleWebKit/537.36 (KHTML, like Gecko) Chrome/120.0.0.0 Safari/537.36"
51.79.133.112 - - [02/May/2026:01:10:59 +1000] "GET /js/file.php HTTP/2" 404 23180 "http://pgkdistribution.co.nz/js/file.php" "Go-http-client/2.0"
165.22.116.110 - - [02/May/2026:01:11:00 +1000] "POST /wp-login.php HTTP/2" 200 4843 "https://pgkdistribution.co.nz/wp-login.php" "Mozilla/5.0 (Macintosh; Intel Mac OS X 10_11_6) AppleWebKit/603.3.8 (KHTML, like Gecko) Version/10.1.2 Safari/603.3.8"
51.79.133.112 - - [02/May/2026:01:11:03 +1000] "GET /assets/library.php HTTP/2" 404 23180 "http://pgkdistribution.co.nz/assets/library.php" "Go-http-client/2.0"
129.212.231.5 - - [02/May/2026:01:11:05 +1000] "POST /wp-login.php HTTP/1.1" 401 2140 "https://pgkdistribution.co.nz/wp-login.php" "Mozilla/5.0 (Macintosh; Intel Mac OS X 13_6_1) AppleWebKit/605.1.15 (KHTML, like Gecko) Version/17.1 Safari/605.1.15"
51.79.133.112 - - [02/May/2026:01:11:07 +1000] "GET /wp-includes/fm.php HTTP/2" 404 23180 "http://pgkdistribution.co.nz/wp-includes/fm.php" "Go-http-client/2.0"
51.79.133.112 - - [02/May/2026:01:11:10 +1000] "GET /wp-admin/css/colors/coffee/wp-casper.php HTTP/2" 404 23306 "http://pgkdistribution.co.nz/wp-admin/css/colors/coffee/wp-casper.php" "Go-http-client/2.0"
129.212.231.5 - - [02/May/2026:01:11:12 +1000] "GET /wp-admin/index.php HTTP/1.1" 302 693 "https://pgkdistribution.co.nz/wp-login.php" "Mozilla/5.0 (Macintosh; Intel Mac OS X 13_6_1) AppleWebKit/537.36 (KHTML, like Gecko) Chrome/119.0.0.0 Safari/537.36"
51.79.133.112 - - [02/May/2026:01:11:13 +1000] "GET /defaults.php HTTP/2" 404 23180 "http://pgkdistribution.co.nz/defaults.php" "Go-http-client/2.0"
51.79.133.112 - - [02/May/2026:01:11:16 +1000] "GET /config.bak.php HTTP/2" 404 23180 "http://pgkdistribution.co.nz/config.bak.php" "Go-http-client/2.0"
129.212.231.5 - - [02/May/2026:01:11:19 +1000] "GET /wp-login.php?redirect_to=https%3A%2F%2Fpgkdistribution.co.nz%2Fwp-admin%2Findex.php&reauth=1 HTTP/1.1" 200 6959 "https://pgkdistribution.co.nz/wp-login.php" "Mozilla/5.0 (Macintosh; Intel Mac OS X 13_6_1) AppleWebKit/537.36 (KHTML, like Gecko) Chrome/119.0.0.0 Safari/537.36"
51.79.133.112 - - [02/May/2026:01:11:20 +1000] "GET /wp-includes/wcache.php HTTP/2" 404 23180 "http://pgkdistribution.co.nz/wp-includes/wcache.php" "Go-http-client/2.0"
51.79.133.112 - - [02/May/2026:01:11:23 +1000] "GET /images/image.php HTTP/2" 404 23180 "http://pgkdistribution.co.nz/images/image.php" "Go-http-client/2.0"
129.212.231.5 - - [02/May/2026:01:11:25 +1000] "POST /wp-login.php HTTP/1.1" 401 2317 "https://pgkdistribution.co.nz/wp-login.php" "Mozilla/5.0 (Macintosh; Intel Mac OS X 13_6_1) AppleWebKit/605.1.15 (KHTML, like Gecko) Version/17.2 Safari/605.1.15"
51.79.133.112 - - [02/May/2026:01:11:27 +1000] "GET /robots.php HTTP/2" 404 23180 "http://pgkdistribution.co.nz/robots.php" "Go-http-client/2.0"
51.79.133.112 - - [02/May/2026:01:11:30 +1000] "GET /filemanager/dialog.php HTTP/2" 404 23180 "http://pgkdistribution.co.nz/filemanager/dialog.php" "Go-http-client/2.0"
129.212.231.5 - - [02/May/2026:01:11:32 +1000] "GET /wp-admin/index.php HTTP/1.1" 302 693 "https://pgkdistribution.co.nz/wp-login.php" "Mozilla/5.0 (Macintosh; Intel Mac OS X 13_6_1; rv:121.0) Gecko/20100101 Firefox/121.0"
51.79.133.112 - - [02/May/2026:01:11:35 +1000] "GET /cache/plugins.php HTTP/2" 404 23180 "http://pgkdistribution.co.nz/cache/plugins.php" "Go-http-client/2.0"
51.79.133.112 - - [02/May/2026:01:11:39 +1000] "GET /bitrix/cache/network.php HTTP/2" 404 23306 "http://pgkdistribution.co.nz/bitrix/cache/network.php" "Go-http-client/2.0"
129.212.231.5 - - [02/May/2026:01:11:41 +1000] "GET /wp-login.php?redirect_to=https%3A%2F%2Fpgkdistribution.co.nz%2Fwp-admin%2Findex.php&reauth=1 HTTP/1.1" 200 6954 "https://pgkdistribution.co.nz/wp-login.php" "Mozilla/5.0 (Macintosh; Intel Mac OS X 13_6_1; rv:121.0) Gecko/20100101 Firefox/121.0"
51.79.133.112 - - [02/May/2026:01:11:42 +1000] "GET /db5yjt/cache/wp-login.php HTTP/2" 404 23306 "http://pgkdistribution.co.nz/db5yjt/cache/wp-login.php" "Go-http-client/2.0"
51.79.133.112 - - [02/May/2026:01:11:46 +1000] "GET /wp-content/uploads/index.php HTTP/2" 301 0 "http://pgkdistribution.co.nz/wp-content/uploads/index.php" "Go-http-client/2.0"
51.79.133.112 - - [02/May/2026:01:11:48 +1000] "GET /wp-content/uploads/ HTTP/2" 404 566 "https://pgkdistribution.co.nz/wp-content/uploads/index.php" "Go-http-client/2.0"
129.212.231.5 - - [02/May/2026:01:11:47 +1000] "POST /wp-login.php HTTP/1.1" 401 2321 "https://pgkdistribution.co.nz/wp-login.php" "Mozilla/5.0 (Windows NT 10.0; Win64; x64; rv:121.0) Gecko/20100101 Firefox/121.0"
51.79.133.112 - - [02/May/2026:01:11:49 +1000] "GET /wp-content/cache/themes.php HTTP/2" 404 23306 "http://pgkdistribution.co.nz/wp-content/cache/themes.php" "Go-http-client/2.0"
51.79.133.112 - - [02/May/2026:01:11:52 +1000] "GET /general/cache/plugins.php HTTP/2" 404 23306 "http://pgkdistribution.co.nz/general/cache/plugins.php" "Go-http-client/2.0"
129.212.231.5 - - [02/May/2026:01:11:54 +1000] "GET /wp-admin/index.php HTTP/1.1" 302 693 "https://pgkdistribution.co.nz/wp-login.php" "Mozilla/5.0 (Macintosh; Intel Mac OS X 13_6_1) AppleWebKit/537.36 (KHTML, like Gecko) Chrome/118.0.0.0 Safari/537.36"
51.79.133.112 - - [02/May/2026:01:11:55 +1000] "GET /sozorp/cache/about.php HTTP/2" 404 23306 "http://pgkdistribution.co.nz/sozorp/cache/about.php" "Go-http-client/2.0"
51.79.133.112 - - [02/May/2026:01:11:58 +1000] "GET /.well-known/acme-challenge/upfile.php HTTP/2" 404 796 "http://pgkdistribution.co.nz/.well-known/acme-challenge/upfile.php" "Go-http-client/2.0"
51.79.133.112 - - [02/May/2026:01:11:58 +1000] "GET /ALFA_DATA/alfacgiapi/alfa.php HTTP/2" 404 23306 "http://pgkdistribution.co.nz/ALFA_DATA/alfacgiapi/alfa.php" "Go-http-client/2.0"
51.79.133.112 - - [02/May/2026:01:12:01 +1000] "GET /js/upfile.php HTTP/2" 404 23180 "http://pgkdistribution.co.nz/js/upfile.php" "Go-http-client/2.0"
129.212.231.5 - - [02/May/2026:01:12:01 +1000] "GET /wp-login.php?redirect_to=https%3A%2F%2Fpgkdistribution.co.nz%2Fwp-admin%2Findex.php&reauth=1 HTTP/1.1" 200 6956 "https://pgkdistribution.co.nz/wp-login.php" "Mozilla/5.0 (Macintosh; Intel Mac OS X 13_6_1) AppleWebKit/537.36 (KHTML, like Gecko) Chrome/118.0.0.0 Safari/537.36"
51.79.133.112 - - [02/May/2026:01:12:04 +1000] "GET /wp-admin/js/privacy-tools.min.php HTTP/2" 404 23306 "http://pgkdistribution.co.nz/wp-admin/js/privacy-tools.min.php" "Go-http-client/2.0"
51.79.133.112 - - [02/May/2026:01:12:07 +1000] "GET /wp-includes/option-old.php HTTP/2" 404 23180 "http://pgkdistribution.co.nz/wp-includes/option-old.php" "Go-http-client/2.0"
129.212.231.5 - - [02/May/2026:01:12:08 +1000] "POST /wp-login.php HTTP/1.1" 401 2320 "https://pgkdistribution.co.nz/wp-login.php" "Mozilla/5.0 (Windows NT 11.0; Win64; x64) AppleWebKit/537.36 (KHTML, like Gecko) Chrome/119.0.0.0 Safari/537.36"
51.79.133.112 - - [02/May/2026:01:12:11 +1000] "GET /js/themes.php HTTP/2" 404 23180 "http://pgkdistribution.co.nz/js/themes.php" "Go-http-client/2.0"
51.79.133.112 - - [02/May/2026:01:12:13 +1000] "GET /contact.php HTTP/2" 404 23180 "http://pgkdistribution.co.nz/contact.php" "Go-http-client/2.0"
51.79.133.112 - - [02/May/2026:01:12:16 +1000] "GET /.well-known/acme-challenge/admin.php HTTP/2" 404 796 "http://pgkdistribution.co.nz/.well-known/acme-challenge/admin.php" "Go-http-client/2.0"
129.212.231.5 - - [02/May/2026:01:12:15 +1000] "GET /wp-admin/index.php HTTP/1.1" 302 693 "https://pgkdistribution.co.nz/wp-login.php" "Mozilla/5.0 (Macintosh; Intel Mac OS X 13_6_1) AppleWebKit/605.1.15 (KHTML, like Gecko) Version/17.1 Safari/605.1.15"
51.79.133.112 - - [02/May/2026:01:12:16 +1000] "GET /.well-known/pki-validation/system.php HTTP/2" 404 23306 "http://pgkdistribution.co.nz/.well-known/pki-validation/system.php" "Go-http-client/2.0"
51.79.133.112 - - [02/May/2026:01:12:20 +1000] "GET /images/a.php HTTP/2" 404 23180 "http://pgkdistribution.co.nz/images/a.php" "Go-http-client/2.0"
129.212.231.5 - - [02/May/2026:01:12:22 +1000] "GET /wp-login.php?redirect_to=https%3A%2F%2Fpgkdistribution.co.nz%2Fwp-admin%2Findex.php&reauth=1 HTTP/1.1" 200 6956 "https://pgkdistribution.co.nz/wp-login.php" "Mozilla/5.0 (Macintosh; Intel Mac OS X 13_6_1) AppleWebKit/605.1.15 (KHTML, like Gecko) Version/17.1 Safari/605.1.15"
51.79.133.112 - - [02/May/2026:01:12:23 +1000] "GET /wp-includes/class-wp-user-wp.php HTTP/2" 404 23180 "http://pgkdistribution.co.nz/wp-includes/class-wp-user-wp.php" "Go-http-client/2.0"
51.79.133.112 - - [02/May/2026:01:12:26 +1000] "GET /x.php HTTP/2" 404 23180 "http://pgkdistribution.co.nz/x.php" "Go-http-client/2.0"
129.212.231.5 - - [02/May/2026:01:12:28 +1000] "POST /wp-login.php HTTP/1.1" 401 2141 "https://pgkdistribution.co.nz/wp-login.php" "Mozilla/5.0 (X11; Linux x86_64) AppleWebKit/537.36 (KHTML, like Gecko) Chrome/121.0.0.0 Safari/537.36"
51.79.133.112 - - [02/May/2026:01:12:30 +1000] "GET /wp-includes/sylib.php HTTP/2" 404 23180 "http://pgkdistribution.co.nz/wp-includes/sylib.php" "Go-http-client/2.0"
51.79.133.112 - - [02/May/2026:01:12:32 +1000] "GET /plugin.php HTTP/2" 404 23180 "http://pgkdistribution.co.nz/plugin.php" "Go-http-client/2.0"
129.212.231.5 - - [02/May/2026:01:12:34 +1000] "GET /wp-admin/index.php HTTP/1.1" 302 515 "https://pgkdistribution.co.nz/wp-login.php" "Mozilla/5.0 (Windows NT 10.0; Win64; x64; rv:120.0) Gecko/20100101 Firefox/120.0"
51.79.133.112 - - [02/May/2026:01:12:36 +1000] "GET /link.php HTTP/2" 404 23180 "http://pgkdistribution.co.nz/link.php" "Go-http-client/2.0"
51.79.133.112 - - [02/May/2026:01:12:39 +1000] "GET /wp-admin/user/wp-login.php HTTP/2" 404 23306 "http://pgkdistribution.co.nz/wp-admin/user/wp-login.php" "Go-http-client/2.0"
129.212.231.5 - - [02/May/2026:01:12:40 +1000] "GET /wp-login.php?redirect_to=https%3A%2F%2Fpgkdistribution.co.nz%2Fwp-admin%2Findex.php&reauth=1 HTTP/1.1" 200 6780 "https://pgkdistribution.co.nz/wp-login.php" "Mozilla/5.0 (Windows NT 10.0; Win64; x64; rv:120.0) Gecko/20100101 Firefox/120.0"
51.79.133.112 - - [02/May/2026:01:12:43 +1000] "GET /jp.php HTTP/2" 404 23180 "http://pgkdistribution.co.nz/jp.php" "Go-http-client/2.0"
51.79.133.112 - - [02/May/2026:01:12:45 +1000] "GET /wp-includes/dir/wp-login.php HTTP/2" 404 23306 "http://pgkdistribution.co.nz/wp-includes/dir/wp-login.php" "Go-http-client/2.0"
129.212.231.5 - - [02/May/2026:01:12:46 +1000] "POST /wp-login.php HTTP/1.1" 401 2142 "https://pgkdistribution.co.nz/wp-login.php" "Mozilla/5.0 (Macintosh; Intel Mac OS X 13_6_1) AppleWebKit/537.36 (KHTML, like Gecko) Chrome/119.0.0.0 Safari/537.36"
51.79.133.112 - - [02/May/2026:01:12:48 +1000] "GET /wp-scr1pts.php HTTP/2" 404 23180 "http://pgkdistribution.co.nz/wp-scr1pts.php" "Go-http-client/2.0"
51.79.133.112 - - [02/May/2026:01:12:51 +1000] "GET /wp-22.php HTTP/2" 404 23180 "http://pgkdistribution.co.nz/wp-22.php" "Go-http-client/2.0"
