129.212.231.5 - - [02/May/2026:01:12:52 +1000] "GET /wp-admin/index.php HTTP/1.1" 302 515 "https://pgkdistribution.co.nz/wp-login.php" "Mozilla/5.0 (Macintosh; Intel Mac OS X 10_15_7) AppleWebKit/605.1.15 (KHTML, like Gecko) Version/17.1 Safari/605.1.15"
51.79.133.112 - - [02/May/2026:01:12:54 +1000] "GET /wp-includes/js/crop/wp-admin.php HTTP/2" 404 23306 "http://pgkdistribution.co.nz/wp-includes/js/crop/wp-admin.php" "Go-http-client/2.0"
51.79.133.112 - - [02/May/2026:01:12:57 +1000] "GET /wp-the1me.php HTTP/2" 404 23180 "http://pgkdistribution.co.nz/wp-the1me.php" "Go-http-client/2.0"
129.212.231.5 - - [02/May/2026:01:12:58 +1000] "GET /wp-login.php?redirect_to=https%3A%2F%2Fpgkdistribution.co.nz%2Fwp-admin%2Findex.php&reauth=1 HTTP/1.1" 200 6777 "https://pgkdistribution.co.nz/wp-login.php" "Mozilla/5.0 (Macintosh; Intel Mac OS X 10_15_7) AppleWebKit/605.1.15 (KHTML, like Gecko) Version/17.1 Safari/605.1.15"
51.79.133.112 - - [02/May/2026:01:13:01 +1000] "GET /.well-known/pki-validation/alfa.php HTTP/2" 404 23306 "http://pgkdistribution.co.nz/.well-known/pki-validation/alfa.php" "Go-http-client/2.0"
129.212.231.5 - - [02/May/2026:01:13:04 +1000] "POST /wp-login.php HTTP/1.1" 401 2143 "https://pgkdistribution.co.nz/wp-login.php" "Mozilla/5.0 (Windows NT 10.0; Win64; x64; rv:120.0) Gecko/20100101 Firefox/120.0"
51.79.133.112 - - [02/May/2026:01:13:05 +1000] "GET /images/bannerads/1578087141_v3.php HTTP/2" 404 23306 "http://pgkdistribution.co.nz/images/bannerads/1578087141_v3.php" "Go-http-client/2.0"
51.79.133.112 - - [02/May/2026:01:13:08 +1000] "GET /wp-includes/fonts/wp-login.php HTTP/2" 404 23306 "http://pgkdistribution.co.nz/wp-includes/fonts/wp-login.php" "Go-http-client/2.0"
129.212.231.5 - - [02/May/2026:01:13:10 +1000] "GET /wp-admin/index.php HTTP/1.1" 302 515 "https://pgkdistribution.co.nz/wp-login.php" "Mozilla/5.0 (Windows NT 11.0; Win64; x64) AppleWebKit/537.36 (KHTML, like Gecko) Chrome/118.0.0.0 Safari/537.36"
51.79.133.112 - - [02/May/2026:01:13:11 +1000] "GET /wp-includes/js/jcrop/Jcrop.php HTTP/2" 404 23306 "http://pgkdistribution.co.nz/wp-includes/js/jcrop/Jcrop.php" "Go-http-client/2.0"
51.79.133.112 - - [02/May/2026:01:13:15 +1000] "GET /wp-includes/PHPMailer/plugins.php HTTP/2" 404 23306 "http://pgkdistribution.co.nz/wp-includes/PHPMailer/plugins.php" "Go-http-client/2.0"
51.79.133.112 - - [02/May/2026:01:13:18 +1000] "GET /.well-known/acme-challenge/settings.php HTTP/2" 404 796 "http://pgkdistribution.co.nz/.well-known/acme-challenge/settings.php" "Go-http-client/2.0"
129.212.231.5 - - [02/May/2026:01:13:16 +1000] "GET /wp-login.php?redirect_to=https%3A%2F%2Fpgkdistribution.co.nz%2Fwp-admin%2Findex.php&reauth=1 HTTP/1.1" 200 6777 "https://pgkdistribution.co.nz/wp-login.php" "Mozilla/5.0 (Windows NT 11.0; Win64; x64) AppleWebKit/537.36 (KHTML, like Gecko) Chrome/118.0.0.0 Safari/537.36"
51.79.133.112 - - [02/May/2026:01:13:18 +1000] "GET /wp-includes/customize/aogbgreen.php HTTP/2" 404 23306 "http://pgkdistribution.co.nz/wp-includes/customize/aogbgreen.php" "Go-http-client/2.0"
137.74.133.23 - - [02/May/2026:01:13:19 +1000] "GET /wp-login.php HTTP/2" 200 4844 "-" "Mozilla/5.0 (Windows NT 6.3; WOW64; Trident/7.0; MALCJS; rv:11.0) like Gecko"
137.74.133.23 - - [02/May/2026:01:13:22 +1000] "POST /wp-login.php HTTP/2" 200 4844 "https://pgkdistribution.co.nz/wp-login.php" "Mozilla/5.0 (Windows NT 6.3; WOW64; Trident/7.0; MALCJS; rv:11.0) like Gecko"
51.79.133.112 - - [02/May/2026:01:13:22 +1000] "GET /.well-known/pki-validation/bak.php HTTP/2" 404 23306 "http://pgkdistribution.co.nz/.well-known/pki-validation/bak.php" "Go-http-client/2.0"
129.212.231.5 - - [02/May/2026:01:13:22 +1000] "POST /wp-login.php HTTP/1.1" 401 2142 "https://pgkdistribution.co.nz/wp-login.php" "Mozilla/5.0 (Macintosh; Intel Mac OS X 10_15_7; rv:118.0) Gecko/20100101 Firefox/118.0"
51.79.133.112 - - [02/May/2026:01:13:25 +1000] "GET /Marvins.php HTTP/2" 404 23180 "http://pgkdistribution.co.nz/Marvins.php" "Go-http-client/2.0"
129.212.231.5 - - [02/May/2026:01:13:28 +1000] "GET /wp-admin/index.php HTTP/1.1" 302 515 "https://pgkdistribution.co.nz/wp-login.php" "Mozilla/5.0 (Macintosh; Intel Mac OS X 10_15_7) AppleWebKit/605.1.15 (KHTML, like Gecko) Version/17.1 Safari/605.1.15"
51.79.133.112 - - [02/May/2026:01:13:29 +1000] "GET /1.php?apx=upx HTTP/2" 404 23180 "http://pgkdistribution.co.nz/1.php?apx=upx" "Go-http-client/2.0"
51.79.133.112 - - [02/May/2026:01:13:32 +1000] "GET /wp-conflg.php?p= HTTP/2" 301 0 "http://pgkdistribution.co.nz/wp-conflg.php?p=" "Go-http-client/2.0"
129.212.231.5 - - [02/May/2026:01:13:34 +1000] "GET /wp-login.php?redirect_to=https%3A%2F%2Fpgkdistribution.co.nz%2Fwp-admin%2Findex.php&reauth=1 HTTP/1.1" 200 6777 "https://pgkdistribution.co.nz/wp-login.php" "Mozilla/5.0 (Macintosh; Intel Mac OS X 10_15_7) AppleWebKit/605.1.15 (KHTML, like Gecko) Version/17.1 Safari/605.1.15"
51.79.133.112 - - [02/May/2026:01:13:34 +1000] "GET /wp-conflg.php HTTP/2" 404 23180 "https://pgkdistribution.co.nz/wp-conflg.php?p=" "Go-http-client/2.0"
51.79.133.112 - - [02/May/2026:01:13:37 +1000] "GET /wp-content/upgrade/pdf.php HTTP/2" 404 23306 "http://pgkdistribution.co.nz/wp-content/upgrade/pdf.php" "Go-http-client/2.0"
129.212.231.5 - - [02/May/2026:01:13:40 +1000] "POST /wp-login.php HTTP/1.1" 401 2143 "https://pgkdistribution.co.nz/wp-login.php" "Mozilla/5.0 (Windows NT 10.0; Win64; x64; rv:120.0) Gecko/20100101 Firefox/120.0"
51.79.133.112 - - [02/May/2026:01:13:41 +1000] "GET /wp-includes/js/tinymce/wp-includes/js/tinymce/wp-tinymce.php HTTP/2" 404 23306 "http://pgkdistribution.co.nz/wp-includes/js/tinymce/wp-includes/js/tinymce/wp-tinymce.php" "Go-http-client/2.0"
51.79.133.112 - - [02/May/2026:01:13:44 +1000] "GET /wp-includes/js/tinymce/plugins/compat3x/content.php HTTP/2" 404 23306 "http://pgkdistribution.co.nz/wp-includes/js/tinymce/plugins/compat3x/content.php" "Go-http-client/2.0"
129.212.231.5 - - [02/May/2026:01:13:46 +1000] "GET /wp-admin/index.php HTTP/1.1" 302 693 "https://pgkdistribution.co.nz/wp-login.php" "Mozilla/5.0 (Macintosh; Intel Mac OS X 13_6_1) AppleWebKit/605.1.15 (KHTML, like Gecko) Version/16.6 Safari/605.1.15"
51.79.133.112 - - [02/May/2026:01:13:47 +1000] "GET /.well-known/pki-validation/baooorix.php HTTP/2" 404 23306 "http://pgkdistribution.co.nz/.well-known/pki-validation/baooorix.php" "Go-http-client/2.0"
51.79.133.112 - - [02/May/2026:01:13:50 +1000] "GET /images/b374k-mini-shell.php HTTP/2" 404 23180 "http://pgkdistribution.co.nz/images/b374k-mini-shell.php" "Go-http-client/2.0"
129.212.231.5 - - [02/May/2026:01:13:52 +1000] "GET /wp-login.php?redirect_to=https%3A%2F%2Fpgkdistribution.co.nz%2Fwp-admin%2Findex.php&reauth=1 HTTP/1.1" 200 6955 "https://pgkdistribution.co.nz/wp-login.php" "Mozilla/5.0 (Macintosh; Intel Mac OS X 13_6_1) AppleWebKit/605.1.15 (KHTML, like Gecko) Version/16.6 Safari/605.1.15"
51.79.133.112 - - [02/May/2026:01:13:53 +1000] "GET /.well-known/pki-validation/defaults.php HTTP/2" 404 23306 "http://pgkdistribution.co.nz/.well-known/pki-validation/defaults.php" "Go-http-client/2.0"
51.79.133.112 - - [02/May/2026:01:13:58 +1000] "GET /images/autoload_classmap.php HTTP/2" 404 23180 "http://pgkdistribution.co.nz/images/autoload_classmap.php" "Go-http-client/2.0"
129.212.231.5 - - [02/May/2026:01:14:01 +1000] "POST /wp-login.php HTTP/1.1" 401 2319 "https://pgkdistribution.co.nz/wp-login.php" "Mozilla/5.0 (Macintosh; Intel Mac OS X 10_15_7; rv:118.0) Gecko/20100101 Firefox/118.0"
51.79.133.112 - - [02/May/2026:01:14:01 +1000] "GET /wp-includes/rest-api/NzY6AS.php HTTP/2" 404 23306 "http://pgkdistribution.co.nz/wp-includes/rest-api/NzY6AS.php" "Go-http-client/2.0"
51.79.133.112 - - [02/May/2026:01:14:05 +1000] "GET /css/index.php HTTP/2" 301 0 "http://pgkdistribution.co.nz/css/index.php" "Go-http-client/2.0"
51.79.133.112 - - [02/May/2026:01:14:08 +1000] "GET /css/ HTTP/2" 404 23180 "https://pgkdistribution.co.nz/css/index.php" "Go-http-client/2.0"
129.212.231.5 - - [02/May/2026:01:14:08 +1000] "GET /wp-admin/index.php HTTP/1.1" 302 693 "https://pgkdistribution.co.nz/wp-login.php" "Mozilla/5.0 (Macintosh; Intel Mac OS X 13_6_1) AppleWebKit/537.36 (KHTML, like Gecko) Chrome/121.0.0.0 Safari/537.36"
51.79.133.112 - - [02/May/2026:01:14:11 +1000] "GET /indo.php HTTP/2" 404 23180 "http://pgkdistribution.co.nz/indo.php" "Go-http-client/2.0"
129.212.231.5 - - [02/May/2026:01:14:14 +1000] "GET /wp-login.php?redirect_to=https%3A%2F%2Fpgkdistribution.co.nz%2Fwp-admin%2Findex.php&reauth=1 HTTP/1.1" 200 6776 "https://pgkdistribution.co.nz/wp-login.php" "Mozilla/5.0 (Macintosh; Intel Mac OS X 13_6_1) AppleWebKit/537.36 (KHTML, like Gecko) Chrome/121.0.0.0 Safari/537.36"
51.79.133.112 - - [02/May/2026:01:14:14 +1000] "GET /js/about.php HTTP/2" 404 23180 "http://pgkdistribution.co.nz/js/about.php" "Go-http-client/2.0"
51.79.133.112 - - [02/May/2026:01:14:17 +1000] "GET /crop.php HTTP/2" 404 23180 "http://pgkdistribution.co.nz/crop.php" "Go-http-client/2.0"
129.212.231.5 - - [02/May/2026:01:14:19 +1000] "POST /wp-login.php HTTP/1.1" 401 2141 "https://pgkdistribution.co.nz/wp-login.php" "Mozilla/5.0 (X11; Linux x86_64) AppleWebKit/537.36 (KHTML, like Gecko) Chrome/119.0.0.0 Safari/537.36"
51.79.133.112 - - [02/May/2026:01:14:20 +1000] "GET /wp-admin/admin.php HTTP/2" 302 0 "http://pgkdistribution.co.nz/wp-admin/admin.php" "Go-http-client/2.0"
51.79.133.112 - - [02/May/2026:01:14:22 +1000] "GET /wp-login.php?redirect_to=https%3A%2F%2Fpgkdistribution.co.nz%2Fwp-admin%2Fadmin.php&reauth=1 HTTP/2" 200 3728 "https://pgkdistribution.co.nz/wp-admin/admin.php" "Go-http-client/2.0"
129.212.231.5 - - [02/May/2026:01:14:24 +1000] "GET /wp-admin/index.php HTTP/1.1" 302 515 "https://pgkdistribution.co.nz/wp-login.php" "Mozilla/5.0 (X11; Ubuntu; Linux x86_64) AppleWebKit/537.36 (KHTML, like Gecko) Chrome/121.0.0.0 Safari/537.36"
51.79.133.112 - - [02/May/2026:01:14:25 +1000] "GET /991176.php HTTP/2" 404 23180 "http://pgkdistribution.co.nz/991176.php" "Go-http-client/2.0"
51.79.133.112 - - [02/May/2026:01:14:28 +1000] "GET /cong.php HTTP/2" 404 23180 "http://pgkdistribution.co.nz/cong.php" "Go-http-client/2.0"
129.212.231.5 - - [02/May/2026:01:14:29 +1000] "GET /wp-login.php?redirect_to=https%3A%2F%2Fpgkdistribution.co.nz%2Fwp-admin%2Findex.php&reauth=1 HTTP/1.1" 200 6779 "https://pgkdistribution.co.nz/wp-login.php" "Mozilla/5.0 (X11; Ubuntu; Linux x86_64) AppleWebKit/537.36 (KHTML, like Gecko) Chrome/121.0.0.0 Safari/537.36"
51.79.133.112 - - [02/May/2026:01:14:31 +1000] "GET /wp-admin/js/index.php HTTP/2" 301 0 "http://pgkdistribution.co.nz/wp-admin/js/index.php" "Go-http-client/2.0"
51.79.133.112 - - [02/May/2026:01:14:34 +1000] "GET /wp-admin/js/ HTTP/2" 404 566 "https://pgkdistribution.co.nz/wp-admin/js/index.php" "Go-http-client/2.0"
51.79.133.112 - - [02/May/2026:01:14:34 +1000] "GET /js/autoload_classmap.php HTTP/2" 404 23180 "http://pgkdistribution.co.nz/js/autoload_classmap.php" "Go-http-client/2.0"
129.212.231.5 - - [02/May/2026:01:14:35 +1000] "POST /wp-login.php HTTP/1.1" 401 2144 "https://pgkdistribution.co.nz/wp-login.php" "Mozilla/5.0 (Macintosh; Intel Mac OS X 10_15_7) AppleWebKit/537.36 (KHTML, like Gecko) Chrome/119.0.0.0 Safari/537.36"
51.79.133.112 - - [02/May/2026:01:14:37 +1000] "GET /images/func.php_ HTTP/2" 404 23180 "http://pgkdistribution.co.nz/images/func.php_" "Go-http-client/2.0"
51.79.133.112 - - [02/May/2026:01:14:40 +1000] "GET /.well-known/pki-validation/doc.php HTTP/2" 404 23306 "http://pgkdistribution.co.nz/.well-known/pki-validation/doc.php" "Go-http-client/2.0"
129.212.231.5 - - [02/May/2026:01:14:41 +1000] "GET /wp-admin/index.php HTTP/1.1" 302 515 "https://pgkdistribution.co.nz/wp-login.php" "Mozilla/5.0 (Macintosh; Intel Mac OS X 13_6_1) AppleWebKit/605.1.15 (KHTML, like Gecko) Version/17.0 Safari/605.1.15"
51.79.133.112 - - [02/May/2026:01:14:43 +1000] "GET /wp-includes/css/index.php HTTP/2" 301 0 "http://pgkdistribution.co.nz/wp-includes/css/index.php" "Go-http-client/2.0"
51.79.133.112 - - [02/May/2026:01:14:45 +1000] "GET /wp-includes/css/ HTTP/2" 404 566 "https://pgkdistribution.co.nz/wp-includes/css/index.php" "Go-http-client/2.0"
51.79.133.112 - - [02/May/2026:01:14:45 +1000] "GET /wp-admin/maint/index.php HTTP/2" 301 0 "http://pgkdistribution.co.nz/wp-admin/maint/index.php" "Go-http-client/2.0"
51.79.133.112 - - [02/May/2026:01:14:48 +1000] "GET /wp-admin/maint/ HTTP/2" 404 566 "https://pgkdistribution.co.nz/wp-admin/maint/index.php" "Go-http-client/2.0"
129.212.231.5 - - [02/May/2026:01:14:46 +1000] "GET /wp-login.php?redirect_to=https%3A%2F%2Fpgkdistribution.co.nz%2Fwp-admin%2Findex.php&reauth=1 HTTP/1.1" 200 6777 "https://pgkdistribution.co.nz/wp-login.php" "Mozilla/5.0 (Macintosh; Intel Mac OS X 13_6_1) AppleWebKit/605.1.15 (KHTML, like Gecko) Version/17.0 Safari/605.1.15"
51.79.133.112 - - [02/May/2026:01:14:48 +1000] "GET /wp-content/admin.php HTTP/2" 404 23180 "http://pgkdistribution.co.nz/wp-content/admin.php" "Go-http-client/2.0"
51.79.133.112 - - [02/May/2026:01:14:51 +1000] "GET /lv.php HTTP/2" 404 22859 "http://pgkdistribution.co.nz/lv.php" "Go-http-client/2.0"
129.212.231.5 - - [02/May/2026:01:14:52 +1000] "POST /wp-login.php HTTP/1.1" 401 2142 "https://pgkdistribution.co.nz/wp-login.php" "Mozilla/5.0 (X11; Ubuntu; Linux x86_64) AppleWebKit/537.36 (KHTML, like Gecko) Chrome/120.0.0.0 Safari/537.36"
51.79.133.112 - - [02/May/2026:01:14:54 +1000] "GET /wp-includes/sitemaps/about.php HTTP/2" 404 23306 "http://pgkdistribution.co.nz/wp-includes/sitemaps/about.php" "Go-http-client/2.0"
51.79.133.112 - - [02/May/2026:01:14:57 +1000] "GET /wp-admin/about.php HTTP/2" 302 0 "http://pgkdistribution.co.nz/wp-admin/about.php" "Go-http-client/2.0"
129.212.231.5 - - [02/May/2026:01:14:57 +1000] "GET /wp-admin/index.php HTTP/1.1" 302 515 "https://pgkdistribution.co.nz/wp-login.php" "Mozilla/5.0 (Windows NT 10.0; Win64; x64; rv:119.0) Gecko/20100101 Firefox/119.0"
51.79.133.112 - - [02/May/2026:01:15:00 +1000] "GET /wp-login.php?redirect_to=https%3A%2F%2Fpgkdistribution.co.nz%2Fwp-admin%2Fabout.php&reauth=1 HTTP/2" 200 3730 "https://pgkdistribution.co.nz/wp-admin/about.php" "Go-http-client/2.0"
51.79.133.112 - - [02/May/2026:01:15:03 +1000] "GET /atomlib.php HTTP/2" 404 23180 "http://pgkdistribution.co.nz/atomlib.php" "Go-http-client/2.0"
129.212.231.5 - - [02/May/2026:01:15:03 +1000] "GET /wp-login.php?redirect_to=https%3A%2F%2Fpgkdistribution.co.nz%2Fwp-admin%2Findex.php&reauth=1 HTTP/1.1" 200 6778 "https://pgkdistribution.co.nz/wp-login.php" "Mozilla/5.0 (Windows NT 10.0; Win64; x64; rv:119.0) Gecko/20100101 Firefox/119.0"
51.79.133.112 - - [02/May/2026:01:15:07 +1000] "GET /wp-content/tmpls.php HTTP/2" 404 23180 "http://pgkdistribution.co.nz/wp-content/tmpls.php" "Go-http-client/2.0"
129.212.231.5 - - [02/May/2026:01:15:10 +1000] "POST /wp-login.php HTTP/1.1" 401 2140 "https://pgkdistribution.co.nz/wp-login.php" "Mozilla/5.0 (Macintosh; Intel Mac OS X 13_6_1) AppleWebKit/605.1.15 (KHTML, like Gecko) Version/17.2 Safari/605.1.15"
51.79.133.112 - - [02/May/2026:01:15:11 +1000] "GET /as.php HTTP/2" 404 23180 "http://pgkdistribution.co.nz/as.php" "Go-http-client/2.0"
51.79.133.112 - - [02/May/2026:01:15:16 +1000] "GET /randkeyword.php HTTP/2" 404 23180 "http://pgkdistribution.co.nz/randkeyword.php" "Go-http-client/2.0"
51.79.133.112 - - [02/May/2026:01:15:20 +1000] "GET /wp-admin/install.php HTTP/2" 200 523 "http://pgkdistribution.co.nz/wp-admin/install.php" "Go-http-client/2.0"
129.212.231.5 - - [02/May/2026:01:15:20 +1000] "GET /wp-admin/profile.php HTTP/1.1" 302 695 "https://pgkdistribution.co.nz/wp-login.php" "Mozilla/5.0 (Macintosh; Intel Mac OS X 13_6_1) AppleWebKit/537.36 (KHTML, like Gecko) Chrome/119.0.0.0 Safari/537.36"
51.79.133.112 - - [02/May/2026:01:15:21 +1000] "GET /assets/radio.php HTTP/2" 404 23180 "http://pgkdistribution.co.nz/assets/radio.php" "Go-http-client/2.0"
51.79.133.112 - - [02/May/2026:01:15:26 +1000] "GET /file.php HTTP/2" 404 23180 "http://pgkdistribution.co.nz/file.php" "Go-http-client/2.0"
129.212.231.5 - - [02/May/2026:01:15:29 +1000] "GET /wp-login.php?redirect_to=https%3A%2F%2Fpgkdistribution.co.nz%2Fwp-admin%2Fprofile.php&reauth=1 HTTP/1.1" 200 6954 "https://pgkdistribution.co.nz/wp-login.php" "Mozilla/5.0 (Macintosh; Intel Mac OS X 13_6_1) AppleWebKit/537.36 (KHTML, like Gecko) Chrome/119.0.0.0 Safari/537.36"
51.79.133.112 - - [02/May/2026:01:15:29 +1000] "GET /wp-content/content.php HTTP/2" 404 23180 "http://pgkdistribution.co.nz/wp-content/content.php" "Go-http-client/2.0"
51.79.133.112 - - [02/May/2026:01:15:34 +1000] "GET /lock.php HTTP/2" 404 23180 "http://pgkdistribution.co.nz/lock.php" "Go-http-client/2.0"
129.212.231.5 - - [02/May/2026:01:15:36 +1000] "POST /wp-login.php HTTP/1.1" 401 2316 "https://pgkdistribution.co.nz/wp-login.php" "Mozilla/5.0 (Macintosh; Intel Mac OS X 13_6_1) AppleWebKit/605.1.15 (KHTML, like Gecko) Version/17.2 Safari/605.1.15"
51.79.133.112 - - [02/May/2026:01:15:38 +1000] "GET /images/v1.php HTTP/2" 404 23180 "http://pgkdistribution.co.nz/images/v1.php" "Go-http-client/2.0"
51.79.133.112 - - [02/May/2026:01:15:44 +1000] "GET /uploads/_1681078363.php HTTP/2" 404 23180 "http://pgkdistribution.co.nz/uploads/_1681078363.php" "Go-http-client/2.0"
129.212.231.5 - - [02/May/2026:01:15:45 +1000] "GET /wp-admin/index.php HTTP/1.1" 302 515 "https://pgkdistribution.co.nz/wp-login.php" "Mozilla/5.0 (Macintosh; Intel Mac OS X 10_15_7) AppleWebKit/605.1.15 (KHTML, like Gecko) Version/17.0 Safari/605.1.15"
51.79.133.112 - - [02/May/2026:01:15:48 +1000] "GET /css/leafmailer.php HTTP/2" 404 23180 "http://pgkdistribution.co.nz/css/leafmailer.php" "Go-http-client/2.0"
51.79.133.112 - - [02/May/2026:01:15:52 +1000] "GET /bs1.php HTTP/2" 404 23180 "http://pgkdistribution.co.nz/bs1.php" "Go-http-client/2.0"
129.212.231.5 - - [02/May/2026:01:15:53 +1000] "GET /wp-login.php?redirect_to=https%3A%2F%2Fpgkdistribution.co.nz%2Fwp-admin%2Findex.php&reauth=1 HTTP/1.1" 200 6957 "https://pgkdistribution.co.nz/wp-login.php" "Mozilla/5.0 (Macintosh; Intel Mac OS X 10_15_7) AppleWebKit/605.1.15 (KHTML, like Gecko) Version/17.0 Safari/605.1.15"
51.79.133.112 - - [02/May/2026:01:15:56 +1000] "GET /js/404.php HTTP/2" 404 23180 "http://pgkdistribution.co.nz/js/404.php" "Go-http-client/2.0"
51.79.133.112 - - [02/May/2026:01:16:00 +1000] "GET /wp-content/languages/index.php HTTP/2" 301 0 "http://pgkdistribution.co.nz/wp-content/languages/index.php" "Go-http-client/2.0"
51.79.133.112 - - [02/May/2026:01:16:05 +1000] "GET /wp-content/languages/ HTTP/2" 404 566 "https://pgkdistribution.co.nz/wp-content/languages/index.php" "Go-http-client/2.0"
129.212.231.5 - - [02/May/2026:01:16:02 +1000] "POST /wp-login.php HTTP/1.1" 401 2319 "https://pgkdistribution.co.nz/wp-login.php" "Mozilla/5.0 (Windows NT 10.0; Win64; x64) AppleWebKit/537.36 (KHTML, like Gecko) Chrome/121.0.0.0 Safari/537.36"
51.79.133.112 - - [02/May/2026:01:16:05 +1000] "GET /.well-known/pki-validation/index.php HTTP/2" 301 0 "http://pgkdistribution.co.nz/.well-known/pki-validation/index.php" "Go-http-client/2.0"
51.79.133.112 - - [02/May/2026:01:16:10 +1000] "GET /.well-known/pki-validation/ HTTP/2" 404 566 "https://pgkdistribution.co.nz/.well-known/pki-validation/index.php" "Go-http-client/2.0"
51.79.133.112 - - [02/May/2026:01:16:10 +1000] "GET /.well-known/pki-validation/admin.php HTTP/2" 404 23306 "http://pgkdistribution.co.nz/.well-known/pki-validation/admin.php" "Go-http-client/2.0"
51.79.133.112 - - [02/May/2026:01:16:13 +1000] "GET /.well-known/acme-challenge/plugins.php HTTP/2" 404 796 "http://pgkdistribution.co.nz/.well-known/acme-challenge/plugins.php" "Go-http-client/2.0"
51.79.133.112 - - [02/May/2026:01:16:13 +1000] "GET /.well-known/pki-validation/ HTTP/2" 404 566 "http://pgkdistribution.co.nz/.well-known/pki-validation/" "Go-http-client/2.0"
51.79.133.112 - - [02/May/2026:01:16:13 +1000] "GET /wp-includes/admin.php HTTP/2" 404 23180 "http://pgkdistribution.co.nz/wp-includes/admin.php" "Go-http-client/2.0"
129.212.231.5 - - [02/May/2026:01:16:14 +1000] "GET /wp-admin/index.php HTTP/1.1" 302 693 "https://pgkdistribution.co.nz/wp-login.php" "Mozilla/5.0 (Macintosh; Intel Mac OS X 10_15_7) AppleWebKit/537.36 (KHTML, like Gecko) Chrome/118.0.0.0 Safari/537.36"
51.79.133.112 - - [02/May/2026:01:16:17 +1000] "GET /about/function.php HTTP/2" 404 23180 "http://pgkdistribution.co.nz/about/function.php" "Go-http-client/2.0"
51.79.133.112 - - [02/May/2026:01:16:19 +1000] "GET /.well-known/admin.php HTTP/2" 404 23180 "http://pgkdistribution.co.nz/.well-known/admin.php" "Go-http-client/2.0"
51.79.133.112 - - [02/May/2026:01:16:22 +1000] "GET /.well-known/pki-validation/wp.php HTTP/2" 404 23306 "http://pgkdistribution.co.nz/.well-known/pki-validation/wp.php" "Go-http-client/2.0"
129.212.231.5 - - [02/May/2026:01:16:24 +1000] "GET /wp-login.php?redirect_to=https%3A%2F%2Fpgkdistribution.co.nz%2Fwp-admin%2Findex.php&reauth=1 HTTP/1.1" 200 6951 "https://pgkdistribution.co.nz/wp-login.php" "Mozilla/5.0 (Macintosh; Intel Mac OS X 10_15_7) AppleWebKit/537.36 (KHTML, like Gecko) Chrome/118.0.0.0 Safari/537.36"
51.79.133.112 - - [02/May/2026:01:16:26 +1000] "GET /wp-admin/images/index.php HTTP/2" 301 0 "http://pgkdistribution.co.nz/wp-admin/images/index.php" "Go-http-client/2.0"
51.79.133.112 - - [02/May/2026:01:16:28 +1000] "GET /wp-admin/images/ HTTP/2" 404 566 "https://pgkdistribution.co.nz/wp-admin/images/index.php" "Go-http-client/2.0"
51.79.133.112 - - [02/May/2026:01:16:28 +1000] "GET /upload.php HTTP/2" 404 23180 "http://pgkdistribution.co.nz/upload.php" "Go-http-client/2.0"
129.212.231.5 - - [02/May/2026:01:16:31 +1000] "POST /wp-login.php HTTP/1.1" 401 2320 "https://pgkdistribution.co.nz/wp-login.php" "Mozilla/5.0 (Macintosh; Intel Mac OS X 10_15_7; rv:119.0) Gecko/20100101 Firefox/119.0"
51.79.133.112 - - [02/May/2026:01:16:32 +1000] "GET /wp-admin/wp-login.php HTTP/2" 404 23180 "http://pgkdistribution.co.nz/wp-admin/wp-login.php" "Go-http-client/2.0"
51.79.133.112 - - [02/May/2026:01:16:35 +1000] "GET /lock360.php HTTP/2" 404 23180 "http://pgkdistribution.co.nz/lock360.php" "Go-http-client/2.0"
51.79.133.112 - - [02/May/2026:01:16:38 +1000] "GET /wp-admin/js/network.php HTTP/2" 404 23306 "http://pgkdistribution.co.nz/wp-admin/js/network.php" "Go-http-client/2.0"
129.212.231.5 - - [02/May/2026:01:16:39 +1000] "GET /wp-admin/index.php HTTP/1.1" 302 693 "https://pgkdistribution.co.nz/wp-login.php" "Mozilla/5.0 (Macintosh; Intel Mac OS X 13_6_1) AppleWebKit/605.1.15 (KHTML, like Gecko) Version/17.0 Safari/605.1.15"
51.79.133.112 - - [02/May/2026:01:16:41 +1000] "GET /wp-signup.php HTTP/2" 302 0 "http://pgkdistribution.co.nz/wp-signup.php" "Go-http-client/2.0"
51.79.133.112 - - [02/May/2026:01:16:44 +1000] "GET /wp-login.php?action=register HTTP/2" 302 0 "https://pgkdistribution.co.nz/wp-signup.php" "Go-http-client/2.0"
51.79.133.112 - - [02/May/2026:01:16:46 +1000] "GET /wp-login.php?registration=disabled HTTP/2" 200 0 "https://pgkdistribution.co.nz/wp-login.php?action=register" "Go-http-client/2.0"
129.212.231.5 - - [02/May/2026:01:16:47 +1000] "GET /wp-login.php?redirect_to=https%3A%2F%2Fpgkdistribution.co.nz%2Fwp-admin%2Findex.php&reauth=1 HTTP/1.1" 200 6954 "https://pgkdistribution.co.nz/wp-login.php" "Mozilla/5.0 (Macintosh; Intel Mac OS X 13_6_1) AppleWebKit/605.1.15 (KHTML, like Gecko) Version/17.0 Safari/605.1.15"
51.79.133.112 - - [02/May/2026:01:16:48 +1000] "GET /class.php HTTP/2" 404 23180 "http://pgkdistribution.co.nz/class.php" "Go-http-client/2.0"
51.79.133.112 - - [02/May/2026:01:16:52 +1000] "GET /wp-admin/network/about.php HTTP/2" 302 0 "http://pgkdistribution.co.nz/wp-admin/network/about.php" "Go-http-client/2.0"
129.212.231.5 - - [02/May/2026:01:16:53 +1000] "POST /wp-login.php HTTP/1.1" 401 2143 "https://pgkdistribution.co.nz/wp-login.php" "Mozilla/5.0 (Macintosh; Intel Mac OS X 13_6_1; rv:118.0) Gecko/20100101 Firefox/118.0"
51.79.133.112 - - [02/May/2026:01:16:55 +1000] "GET /wp-login.php?redirect_to=https%3A%2F%2Fpgkdistribution.co.nz%2Fwp-admin%2Fnetwork%2Fabout.php&reauth=1 HTTP/2" 200 3736 "https://pgkdistribution.co.nz/wp-admin/network/about.php" "Go-http-client/2.0"
51.79.133.112 - - [02/May/2026:01:16:58 +1000] "GET /themes.php HTTP/2" 404 23180 "http://pgkdistribution.co.nz/themes.php?" "Go-http-client/2.0"
129.212.231.5 - - [02/May/2026:01:16:59 +1000] "GET /wp-admin/index.php HTTP/1.1" 302 515 "https://pgkdistribution.co.nz/wp-login.php" "Mozilla/5.0 (X11; Ubuntu; Linux x86_64) AppleWebKit/537.36 (KHTML, like Gecko) Chrome/118.0.0.0 Safari/537.36"
51.79.133.112 - - [02/May/2026:01:17:01 +1000] "GET /wp-content/uploads/wp-login.php HTTP/2" 404 23306 "http://pgkdistribution.co.nz/wp-content/uploads/wp-login.php" "Go-http-client/2.0"
51.79.133.112 - - [02/May/2026:01:17:05 +1000] "GET /cgi-bin/wp-login.php HTTP/2" 404 796 "http://pgkdistribution.co.nz/cgi-bin/wp-login.php" "Go-http-client/2.0"
51.79.133.112 - - [02/May/2026:01:17:05 +1000] "GET /.well-known/pki-validation/%20.php HTTP/2" 404 23306 "http://pgkdistribution.co.nz/.well-known/pki-validation/%20.php" "Go-http-client/2.0"
129.212.231.5 - - [02/May/2026:01:17:06 +1000] "GET /wp-login.php?redirect_to=https%3A%2F%2Fpgkdistribution.co.nz%2Fwp-admin%2Findex.php&reauth=1 HTTP/1.1" 200 6773 "https://pgkdistribution.co.nz/wp-login.php" "Mozilla/5.0 (X11; Ubuntu; Linux x86_64) AppleWebKit/537.36 (KHTML, like Gecko) Chrome/118.0.0.0 Safari/537.36"
51.79.133.112 - - [02/May/2026:01:17:08 +1000] "GET /x/index.php HTTP/2" 301 0 "http://pgkdistribution.co.nz/x/index.php" "Go-http-client/2.0"
51.79.133.112 - - [02/May/2026:01:17:11 +1000] "GET /x/ HTTP/2" 404 23180 "https://pgkdistribution.co.nz/x/index.php" "Go-http-client/2.0"
129.212.231.5 - - [02/May/2026:01:17:11 +1000] "POST /wp-login.php HTTP/1.1" 401 2143 "https://pgkdistribution.co.nz/wp-login.php" "Mozilla/5.0 (Macintosh; Intel Mac OS X 13_6_1) AppleWebKit/605.1.15 (KHTML, like Gecko) Version/17.0 Safari/605.1.15"
51.79.133.112 - - [02/May/2026:01:17:14 +1000] "GET /wp-includes/certificates/plugins.php HTTP/2" 404 23306 "http://pgkdistribution.co.nz/wp-includes/certificates/plugins.php" "Go-http-client/2.0"
129.212.231.5 - - [02/May/2026:01:17:17 +1000] "GET /wp-admin/index.php HTTP/1.1" 302 515 "https://pgkdistribution.co.nz/wp-login.php" "Mozilla/5.0 (Windows NT 10.0; Win64; x64; rv:118.0) Gecko/20100101 Firefox/118.0"
51.79.133.112 - - [02/May/2026:01:17:17 +1000] "GET /wp-content/plugins/autoplugin/vendor/xMAN.php HTTP/2" 404 23306 "http://pgkdistribution.co.nz/wp-content/plugins/autoplugin/vendor/xMAN.php" "Go-http-client/2.0"
51.79.133.112 - - [02/May/2026:01:17:21 +1000] "GET /css/Marvins.php HTTP/2" 404 23180 "http://pgkdistribution.co.nz/css/Marvins.php" "Go-http-client/2.0"
129.212.231.5 - - [02/May/2026:01:17:23 +1000] "GET /wp-login.php?redirect_to=https%3A%2F%2Fpgkdistribution.co.nz%2Fwp-admin%2Findex.php&reauth=1 HTTP/1.1" 200 6777 "https://pgkdistribution.co.nz/wp-login.php" "Mozilla/5.0 (Windows NT 10.0; Win64; x64; rv:118.0) Gecko/20100101 Firefox/118.0"
51.79.133.112 - - [02/May/2026:01:17:25 +1000] "GET /wp-includes/Text/wp-login.php HTTP/2" 404 23306 "http://pgkdistribution.co.nz/wp-includes/Text/wp-login.php" "Go-http-client/2.0"
51.79.133.112 - - [02/May/2026:01:17:28 +1000] "GET /images/Marvins.php HTTP/2" 404 23180 "http://pgkdistribution.co.nz/images/Marvins.php" "Go-http-client/2.0"
129.212.231.5 - - [02/May/2026:01:17:30 +1000] "POST /wp-login.php HTTP/1.1" 401 2141 "https://pgkdistribution.co.nz/wp-login.php" "Mozilla/5.0 (Macintosh; Intel Mac OS X 10_15_7; rv:118.0) Gecko/20100101 Firefox/118.0"
51.79.133.112 - - [02/May/2026:01:17:32 +1000] "GET /wp-content/languages/as.php HTTP/2" 404 23306 "http://pgkdistribution.co.nz/wp-content/languages/as.php" "Go-http-client/2.0"
51.79.133.112 - - [02/May/2026:01:17:35 +1000] "GET /wp-includes/js/tinymce/profile.php HTTP/2" 404 23306 "http://pgkdistribution.co.nz/wp-includes/js/tinymce/profile.php" "Go-http-client/2.0"
129.212.231.5 - - [02/May/2026:01:17:37 +1000] "GET /wp-admin/index.php HTTP/1.1" 302 693 "https://pgkdistribution.co.nz/wp-login.php" "Mozilla/5.0 (Windows NT 10.0; Win64; x64) AppleWebKit/537.36 (KHTML, like Gecko) Chrome/120.0.0.0 Safari/537.36"
51.79.133.112 - - [02/May/2026:01:17:39 +1000] "GET /images/wp-login.php HTTP/2" 404 23180 "http://pgkdistribution.co.nz/images/wp-login.php" "Go-http-client/2.0"
51.79.133.112 - - [02/May/2026:01:17:42 +1000] "GET /vendor/phpunit/phpunit/src/Util/PHP/kill.php HTTP/2" 404 23306 "http://pgkdistribution.co.nz/vendor/phpunit/phpunit/src/Util/PHP/kill.php" "Go-http-client/2.0"
129.212.231.5 - - [02/May/2026:01:17:43 +1000] "GET /wp-login.php?redirect_to=https%3A%2F%2Fpgkdistribution.co.nz%2Fwp-admin%2Findex.php&reauth=1 HTTP/1.1" 200 6777 "https://pgkdistribution.co.nz/wp-login.php" "Mozilla/5.0 (Windows NT 10.0; Win64; x64) AppleWebKit/537.36 (KHTML, like Gecko) Chrome/120.0.0.0 Safari/537.36"
51.79.133.112 - - [02/May/2026:01:17:47 +1000] "GET /worksec.php HTTP/2" 404 23180 "http://pgkdistribution.co.nz/worksec.php" "Go-http-client/2.0"
129.212.231.5 - - [02/May/2026:01:17:49 +1000] "POST /wp-login.php HTTP/1.1" 401 2141 "https://pgkdistribution.co.nz/wp-login.php" "Mozilla/5.0 (Macintosh; Intel Mac OS X 10_15_7) AppleWebKit/605.1.15 (KHTML, like Gecko) Version/17.0 Safari/605.1.15"
91.98.21.65 - - [02/May/2026:01:17:48 +1000] "POST /xmlrpc.php HTTP/2" 200 252 "-" "Mozilla/5.0 (Windows NT 5.1; Win64; x64) AppleWebKit/537.36 (KHTML, like Gecko) Chrome/58.0.3029.110 Safari/537.36 Edge/16.16299"
51.79.133.112 - - [02/May/2026:01:17:53 +1000] "GET /wp-includes/class-json-meta.php HTTP/2" 404 23180 "http://pgkdistribution.co.nz/wp-includes/class-json-meta.php" "Go-http-client/2.0"
51.79.133.112 - - [02/May/2026:01:17:58 +1000] "GET /user.php HTTP/2" 404 23180 "http://pgkdistribution.co.nz/user.php" "Go-http-client/2.0"
51.79.133.112 - - [02/May/2026:01:18:01 +1000] "GET /.well-known/pki-validation/cong.php HTTP/2" 404 23306 "http://pgkdistribution.co.nz/.well-known/pki-validation/cong.php" "Go-http-client/2.0"
51.79.133.112 - - [02/May/2026:01:18:04 +1000] "GET /wp-includes/SimplePie/about.php HTTP/2" 404 23306 "http://pgkdistribution.co.nz/wp-includes/SimplePie/about.php" "Go-http-client/2.0"
51.79.133.112 - - [02/May/2026:01:18:08 +1000] "GET /wp-cron.php?ac=3 HTTP/2" 200 0 "http://pgkdistribution.co.nz/wp-cron.php?ac=3" "Go-http-client/2.0"
129.212.231.5 - - [02/May/2026:01:18:05 +1000] "GET /wp-admin/index.php HTTP/1.1" 302 693 "https://pgkdistribution.co.nz/wp-login.php" "Mozilla/5.0 (X11; Linux x86_64) AppleWebKit/537.36 (KHTML, like Gecko) Chrome/119.0.0.0 Safari/537.36"
51.79.133.112 - - [02/May/2026:01:18:08 +1000] "GET /wp-content/themes/hideo/network.php HTTP/2" 404 23306 "http://pgkdistribution.co.nz/wp-content/themes/hideo/network.php" "Go-http-client/2.0"
129.212.231.5 - - [02/May/2026:01:18:11 +1000] "GET /wp-login.php?redirect_to=https%3A%2F%2Fpgkdistribution.co.nz%2Fwp-admin%2Findex.php&reauth=1 HTTP/1.1" 200 6779 "https://pgkdistribution.co.nz/wp-login.php" "Mozilla/5.0 (X11; Linux x86_64) AppleWebKit/537.36 (KHTML, like Gecko) Chrome/119.0.0.0 Safari/537.36"
51.79.133.112 - - [02/May/2026:01:18:13 +1000] "GET /wp-admin/maint/upfile.php HTTP/2" 404 23306 "http://pgkdistribution.co.nz/wp-admin/maint/upfile.php" "Go-http-client/2.0"
51.79.133.112 - - [02/May/2026:01:18:17 +1000] "GET /wp-commentin.php?pass=f0aab4595a024d626315fb786dce8282 HTTP/2" 404 23180 "http://pgkdistribution.co.nz/wp-commentin.php?pass=f0aab4595a024d626315fb786dce8282" "Go-http-client/2.0"
129.212.231.5 - - [02/May/2026:01:18:17 +1000] "POST /wp-login.php HTTP/1.1" 401 2319 "https://pgkdistribution.co.nz/wp-login.php" "Mozilla/5.0 (Macintosh; Intel Mac OS X 13_6_1; rv:118.0) Gecko/20100101 Firefox/118.0"
51.79.133.112 - - [02/May/2026:01:18:20 +1000] "GET /wp-content/themes/travelscape/json.php HTTP/2" 404 23306 "http://pgkdistribution.co.nz/wp-content/themes/travelscape/json.php" "Go-http-client/2.0"
51.79.133.112 - - [02/May/2026:01:18:23 +1000] "GET //gelay.php HTTP/2" 301 0 "http://pgkdistribution.co.nz//gelay.php" "Go-http-client/2.0"
129.212.231.5 - - [02/May/2026:01:18:25 +1000] "GET /wp-admin/index.php HTTP/1.1" 302 693 "https://pgkdistribution.co.nz/wp-login.php" "Mozilla/5.0 (Windows NT 10.0; Win64; x64) AppleWebKit/537.36 (KHTML, like Gecko) Chrome/121.0.0.0 Safari/537.36"
51.79.133.112 - - [02/May/2026:01:18:27 +1000] "GET /gelay.php HTTP/2" 200 0 "https://pgkdistribution.co.nz//gelay.php" "Go-http-client/2.0"
51.79.133.112 - - [02/May/2026:01:18:30 +1000] "GET //wp_wrong_datlib.php HTTP/2" 301 0 "http://pgkdistribution.co.nz//wp_wrong_datlib.php" "Go-http-client/2.0"
51.79.133.112 - - [02/May/2026:01:18:34 +1000] "GET /wp_wrong_datlib.php HTTP/2" 404 23180 "https://pgkdistribution.co.nz//wp_wrong_datlib.php" "Go-http-client/2.0"
129.212.231.5 - - [02/May/2026:01:18:34 +1000] "GET /wp-login.php?redirect_to=https%3A%2F%2Fpgkdistribution.co.nz%2Fwp-admin%2Findex.php&reauth=1 HTTP/1.1" 200 6954 "https://pgkdistribution.co.nz/wp-login.php" "Mozilla/5.0 (Windows NT 10.0; Win64; x64) AppleWebKit/537.36 (KHTML, like Gecko) Chrome/121.0.0.0 Safari/537.36"
51.79.133.112 - - [02/May/2026:01:18:37 +1000] "GET //wp-content/themes/digital-download/new.php HTTP/2" 301 0 "http://pgkdistribution.co.nz//wp-content/themes/digital-download/new.php" "Go-http-client/2.0"
129.212.231.5 - - [02/May/2026:01:18:40 +1000] "POST /wp-login.php HTTP/1.1" 401 2143 "https://pgkdistribution.co.nz/wp-login.php" "Mozilla/5.0 (X11; Ubuntu; Linux x86_64) AppleWebKit/537.36 (KHTML, like Gecko) Chrome/118.0.0.0 Safari/537.36"
51.79.133.112 - - [02/May/2026:01:18:41 +1000] "GET /wp-content/themes/digital-download/new.php HTTP/2" 404 23306 "https://pgkdistribution.co.nz//wp-content/themes/digital-download/new.php" "Go-http-client/2.0"
129.212.231.5 - - [02/May/2026:01:18:51 +1000] "GET /wp-admin/index.php HTTP/1.1" 302 693 "https://pgkdistribution.co.nz/wp-login.php" "Mozilla/5.0 (Windows NT 10.0; Win64; x64) AppleWebKit/537.36 (KHTML, like Gecko) Chrome/119.0.0.0 Safari/537.36"
129.212.231.5 - - [02/May/2026:01:18:57 +1000] "GET /wp-login.php?redirect_to=https%3A%2F%2Fpgkdistribution.co.nz%2Fwp-admin%2Findex.php&reauth=1 HTTP/1.1" 200 6958 "https://pgkdistribution.co.nz/wp-login.php" "Mozilla/5.0 (Windows NT 10.0; Win64; x64) AppleWebKit/537.36 (KHTML, like Gecko) Chrome/119.0.0.0 Safari/537.36"
129.212.231.5 - - [02/May/2026:01:19:04 +1000] "POST /wp-login.php HTTP/1.1" 401 2321 "https://pgkdistribution.co.nz/wp-login.php" "Mozilla/5.0 (Macintosh; Intel Mac OS X 10_15_7) AppleWebKit/537.36 (KHTML, like Gecko) Chrome/121.0.0.0 Safari/537.36"
129.212.231.5 - - [02/May/2026:01:19:11 +1000] "GET /wp-admin/index.php HTTP/1.1" 302 693 "https://pgkdistribution.co.nz/wp-login.php" "Mozilla/5.0 (Windows NT 10.0; Win64; x64) AppleWebKit/537.36 (KHTML, like Gecko) Chrome/119.0.0.0 Safari/537.36"
129.212.231.5 - - [02/May/2026:01:19:17 +1000] "GET /wp-login.php?redirect_to=https%3A%2F%2Fpgkdistribution.co.nz%2Fwp-admin%2Findex.php&reauth=1 HTTP/1.1" 200 6780 "https://pgkdistribution.co.nz/wp-login.php" "Mozilla/5.0 (Windows NT 10.0; Win64; x64) AppleWebKit/537.36 (KHTML, like Gecko) Chrome/119.0.0.0 Safari/537.36"
129.212.231.5 - - [02/May/2026:01:19:22 +1000] "POST /wp-login.php HTTP/1.1" 401 2143 "https://pgkdistribution.co.nz/wp-login.php" "Mozilla/5.0 (Windows NT 11.0; Win64; x64; rv:118.0) Gecko/20100101 Firefox/118.0"
129.212.231.5 - - [02/May/2026:01:19:30 +1000] "GET /wp-admin/index.php HTTP/1.1" 302 693 "https://pgkdistribution.co.nz/wp-login.php" "Mozilla/5.0 (Macintosh; Intel Mac OS X 10_15_7) AppleWebKit/605.1.15 (KHTML, like Gecko) Version/16.6 Safari/605.1.15"
129.212.231.5 - - [02/May/2026:01:19:39 +1000] "GET /wp-admin/profile.php HTTP/1.1" 302 695 "https://pgkdistribution.co.nz/wp-login.php" "Mozilla/5.0 (Macintosh; Intel Mac OS X 10_15_7) AppleWebKit/605.1.15 (KHTML, like Gecko) Version/16.6 Safari/605.1.15"
129.212.231.5 - - [02/May/2026:01:19:45 +1000] "GET /wp-login.php?redirect_to=https%3A%2F%2Fpgkdistribution.co.nz%2Fwp-admin%2Fprofile.php&reauth=1 HTTP/1.1" 200 6951 "https://pgkdistribution.co.nz/wp-login.php" "Mozilla/5.0 (Macintosh; Intel Mac OS X 10_15_7) AppleWebKit/605.1.15 (KHTML, like Gecko) Version/16.6 Safari/605.1.15"
129.212.231.5 - - [02/May/2026:01:19:55 +1000] "POST /wp-login.php HTTP/1.1" 401 2320 "https://pgkdistribution.co.nz/wp-login.php" "Mozilla/5.0 (Macintosh; Intel Mac OS X 13_6_1) AppleWebKit/605.1.15 (KHTML, like Gecko) Version/17.1 Safari/605.1.15"
129.212.231.5 - - [02/May/2026:01:20:01 +1000] "GET /wp-admin/index.php HTTP/1.1" 302 693 "https://pgkdistribution.co.nz/wp-login.php" "Mozilla/5.0 (Windows NT 11.0; Win64; x64; rv:121.0) Gecko/20100101 Firefox/121.0"
129.212.231.5 - - [02/May/2026:01:20:10 +1000] "GET /wp-login.php?redirect_to=https%3A%2F%2Fpgkdistribution.co.nz%2Fwp-admin%2Findex.php&reauth=1 HTTP/1.1" 200 6953 "https://pgkdistribution.co.nz/wp-login.php" "Mozilla/5.0 (Windows NT 11.0; Win64; x64; rv:121.0) Gecko/20100101 Firefox/121.0"
129.212.231.5 - - [02/May/2026:01:20:16 +1000] "POST /wp-login.php HTTP/1.1" 401 2142 "https://pgkdistribution.co.nz/wp-login.php" "Mozilla/5.0 (Macintosh; Intel Mac OS X 13_6_1) AppleWebKit/605.1.15 (KHTML, like Gecko) Version/16.6 Safari/605.1.15"
162.240.108.214 - - [02/May/2026:01:20:15 +1000] "POST /xmlrpc.php HTTP/2" 200 255 "-" "Mozilla/5.0 (Windows NT 6.1; Trident/7.0; MAMD; rv:11.0) like Gecko"
129.212.231.5 - - [02/May/2026:01:20:22 +1000] "GET /wp-admin/index.php HTTP/1.1" 302 515 "https://pgkdistribution.co.nz/wp-login.php" "Mozilla/5.0 (X11; Linux x86_64) AppleWebKit/537.36 (KHTML, like Gecko) Chrome/119.0.0.0 Safari/537.36"
129.212.231.5 - - [02/May/2026:01:20:29 +1000] "GET /wp-login.php?redirect_to=https%3A%2F%2Fpgkdistribution.co.nz%2Fwp-admin%2Findex.php&reauth=1 HTTP/1.1" 200 6776 "https://pgkdistribution.co.nz/wp-login.php" "Mozilla/5.0 (X11; Linux x86_64) AppleWebKit/537.36 (KHTML, like Gecko) Chrome/119.0.0.0 Safari/537.36"
129.212.231.5 - - [02/May/2026:01:20:34 +1000] "POST /wp-login.php HTTP/1.1" 401 2143 "https://pgkdistribution.co.nz/wp-login.php" "Mozilla/5.0 (Macintosh; Intel Mac OS X 13_6_1) AppleWebKit/537.36 (KHTML, like Gecko) Chrome/121.0.0.0 Safari/537.36"
129.212.231.5 - - [02/May/2026:01:20:39 +1000] "GET /wp-admin/index.php HTTP/1.1" 302 515 "https://pgkdistribution.co.nz/wp-login.php" "Mozilla/5.0 (Windows NT 10.0; Win64; x64) AppleWebKit/537.36 (KHTML, like Gecko) Chrome/118.0.0.0 Safari/537.36"
129.212.231.5 - - [02/May/2026:01:20:45 +1000] "GET /wp-login.php?redirect_to=https%3A%2F%2Fpgkdistribution.co.nz%2Fwp-admin%2Findex.php&reauth=1 HTTP/1.1" 200 6780 "https://pgkdistribution.co.nz/wp-login.php" "Mozilla/5.0 (Windows NT 10.0; Win64; x64) AppleWebKit/537.36 (KHTML, like Gecko) Chrome/118.0.0.0 Safari/537.36"
129.212.231.5 - - [02/May/2026:01:20:51 +1000] "POST /wp-login.php HTTP/1.1" 401 2142 "https://pgkdistribution.co.nz/wp-login.php" "Mozilla/5.0 (X11; Linux x86_64) AppleWebKit/537.36 (KHTML, like Gecko) Chrome/118.0.0.0 Safari/537.36"
129.212.231.5 - - [02/May/2026:01:20:56 +1000] "GET /wp-admin/index.php HTTP/1.1" 302 515 "https://pgkdistribution.co.nz/wp-login.php" "Mozilla/5.0 (Windows NT 10.0; Win64; x64) AppleWebKit/537.36 (KHTML, like Gecko) Chrome/121.0.0.0 Safari/537.36"
129.212.231.5 - - [02/May/2026:01:21:01 +1000] "GET /wp-login.php?redirect_to=https%3A%2F%2Fpgkdistribution.co.nz%2Fwp-admin%2Findex.php&reauth=1 HTTP/1.1" 200 6780 "https://pgkdistribution.co.nz/wp-login.php" "Mozilla/5.0 (Windows NT 10.0; Win64; x64) AppleWebKit/537.36 (KHTML, like Gecko) Chrome/121.0.0.0 Safari/537.36"
129.212.231.5 - - [02/May/2026:01:21:07 +1000] "POST /wp-login.php HTTP/1.1" 401 2141 "https://pgkdistribution.co.nz/wp-login.php" "Mozilla/5.0 (X11; Linux x86_64) AppleWebKit/537.36 (KHTML, like Gecko) Chrome/119.0.0.0 Safari/537.36"
129.212.231.5 - - [02/May/2026:01:21:12 +1000] "GET /wp-admin/index.php HTTP/1.1" 302 515 "https://pgkdistribution.co.nz/wp-login.php" "Mozilla/5.0 (Macintosh; Intel Mac OS X 13_6_1; rv:118.0) Gecko/20100101 Firefox/118.0"
129.212.231.5 - - [02/May/2026:01:21:18 +1000] "GET /wp-login.php?redirect_to=https%3A%2F%2Fpgkdistribution.co.nz%2Fwp-admin%2Findex.php&reauth=1 HTTP/1.1" 200 6777 "https://pgkdistribution.co.nz/wp-login.php" "Mozilla/5.0 (Macintosh; Intel Mac OS X 13_6_1; rv:118.0) Gecko/20100101 Firefox/118.0"
129.212.231.5 - - [02/May/2026:01:21:23 +1000] "POST /wp-login.php HTTP/1.1" 401 2142 "https://pgkdistribution.co.nz/wp-login.php" "Mozilla/5.0 (X11; Linux x86_64) AppleWebKit/537.36 (KHTML, like Gecko) Chrome/121.0.0.0 Safari/537.36"
129.212.231.5 - - [02/May/2026:01:21:28 +1000] "GET /wp-admin/index.php HTTP/1.1" 302 515 "https://pgkdistribution.co.nz/wp-login.php" "Mozilla/5.0 (Windows NT 11.0; Win64; x64; rv:119.0) Gecko/20100101 Firefox/119.0"
129.212.231.5 - - [02/May/2026:01:21:34 +1000] "GET /wp-login.php?redirect_to=https%3A%2F%2Fpgkdistribution.co.nz%2Fwp-admin%2Findex.php&reauth=1 HTTP/1.1" 200 6780 "https://pgkdistribution.co.nz/wp-login.php" "Mozilla/5.0 (Windows NT 11.0; Win64; x64; rv:119.0) Gecko/20100101 Firefox/119.0"
129.212.231.5 - - [02/May/2026:01:21:39 +1000] "POST /wp-login.php HTTP/1.1" 401 2142 "https://pgkdistribution.co.nz/wp-login.php" "Mozilla/5.0 (Windows NT 11.0; Win64; x64) AppleWebKit/537.36 (KHTML, like Gecko) Chrome/120.0.0.0 Safari/537.36"
129.212.231.5 - - [02/May/2026:01:21:45 +1000] "GET /wp-admin/index.php HTTP/1.1" 302 515 "https://pgkdistribution.co.nz/wp-login.php" "Mozilla/5.0 (Macintosh; Intel Mac OS X 10_15_7) AppleWebKit/537.36 (KHTML, like Gecko) Chrome/118.0.0.0 Safari/537.36"
129.212.231.5 - - [02/May/2026:01:21:50 +1000] "GET /wp-login.php?redirect_to=https%3A%2F%2Fpgkdistribution.co.nz%2Fwp-admin%2Findex.php&reauth=1 HTTP/1.1" 200 6774 "https://pgkdistribution.co.nz/wp-login.php" "Mozilla/5.0 (Macintosh; Intel Mac OS X 10_15_7) AppleWebKit/537.36 (KHTML, like Gecko) Chrome/118.0.0.0 Safari/537.36"
129.212.231.5 - - [02/May/2026:01:21:56 +1000] "POST /wp-login.php HTTP/1.1" 401 2142 "https://pgkdistribution.co.nz/wp-login.php" "Mozilla/5.0 (Macintosh; Intel Mac OS X 10_15_7) AppleWebKit/537.36 (KHTML, like Gecko) Chrome/119.0.0.0 Safari/537.36"
129.212.231.5 - - [02/May/2026:01:22:01 +1000] "GET /wp-admin/index.php HTTP/1.1" 302 515 "https://pgkdistribution.co.nz/wp-login.php" "Mozilla/5.0 (Windows NT 10.0; Win64; x64) AppleWebKit/537.36 (KHTML, like Gecko) Chrome/119.0.0.0 Safari/537.36"
129.212.231.5 - - [02/May/2026:01:22:07 +1000] "GET /wp-login.php?redirect_to=https%3A%2F%2Fpgkdistribution.co.nz%2Fwp-admin%2Findex.php&reauth=1 HTTP/1.1" 200 6779 "https://pgkdistribution.co.nz/wp-login.php" "Mozilla/5.0 (Windows NT 10.0; Win64; x64) AppleWebKit/537.36 (KHTML, like Gecko) Chrome/119.0.0.0 Safari/537.36"
129.212.231.5 - - [02/May/2026:01:22:12 +1000] "POST /wp-login.php HTTP/1.1" 401 2141 "https://pgkdistribution.co.nz/wp-login.php" "Mozilla/5.0 (Macintosh; Intel Mac OS X 13_6_1) AppleWebKit/605.1.15 (KHTML, like Gecko) Version/17.1 Safari/605.1.15"
129.212.231.5 - - [02/May/2026:01:22:17 +1000] "GET /wp-admin/index.php HTTP/1.1" 302 515 "https://pgkdistribution.co.nz/wp-login.php" "Mozilla/5.0 (Macintosh; Intel Mac OS X 10_15_7) AppleWebKit/537.36 (KHTML, like Gecko) Chrome/121.0.0.0 Safari/537.36"
129.212.231.5 - - [02/May/2026:01:22:22 +1000] "GET /wp-login.php?redirect_to=https%3A%2F%2Fpgkdistribution.co.nz%2Fwp-admin%2Findex.php&reauth=1 HTTP/1.1" 200 6780 "https://pgkdistribution.co.nz/wp-login.php" "Mozilla/5.0 (Macintosh; Intel Mac OS X 10_15_7) AppleWebKit/537.36 (KHTML, like Gecko) Chrome/121.0.0.0 Safari/537.36"
129.212.231.5 - - [02/May/2026:01:22:27 +1000] "POST /wp-login.php HTTP/1.1" 401 2142 "https://pgkdistribution.co.nz/wp-login.php" "Mozilla/5.0 (Windows NT 11.0; Win64; x64; rv:118.0) Gecko/20100101 Firefox/118.0"
129.212.231.5 - - [02/May/2026:01:22:32 +1000] "GET /wp-admin/index.php HTTP/1.1" 302 515 "https://pgkdistribution.co.nz/wp-login.php" "Mozilla/5.0 (Macintosh; Intel Mac OS X 13_6_1; rv:119.0) Gecko/20100101 Firefox/119.0"
129.212.231.5 - - [02/May/2026:01:22:38 +1000] "GET /wp-login.php?redirect_to=https%3A%2F%2Fpgkdistribution.co.nz%2Fwp-admin%2Findex.php&reauth=1 HTTP/1.1" 200 6780 "https://pgkdistribution.co.nz/wp-login.php" "Mozilla/5.0 (Macintosh; Intel Mac OS X 13_6_1; rv:119.0) Gecko/20100101 Firefox/119.0"
129.212.231.5 - - [02/May/2026:01:22:44 +1000] "POST /wp-login.php HTTP/1.1" 401 2142 "https://pgkdistribution.co.nz/wp-login.php" "Mozilla/5.0 (Windows NT 10.0; Win64; x64) AppleWebKit/537.36 (KHTML, like Gecko) Chrome/120.0.0.0 Safari/537.36"
129.212.231.5 - - [02/May/2026:01:22:49 +1000] "GET /wp-admin/index.php HTTP/1.1" 302 515 "https://pgkdistribution.co.nz/wp-login.php" "Mozilla/5.0 (Windows NT 11.0; Win64; x64) AppleWebKit/537.36 (KHTML, like Gecko) Chrome/121.0.0.0 Safari/537.36"
129.212.231.5 - - [02/May/2026:01:22:55 +1000] "GET /wp-login.php?redirect_to=https%3A%2F%2Fpgkdistribution.co.nz%2Fwp-admin%2Findex.php&reauth=1 HTTP/1.1" 200 6777 "https://pgkdistribution.co.nz/wp-login.php" "Mozilla/5.0 (Windows NT 11.0; Win64; x64) AppleWebKit/537.36 (KHTML, like Gecko) Chrome/121.0.0.0 Safari/537.36"
129.212.231.5 - - [02/May/2026:01:23:00 +1000] "POST /wp-login.php HTTP/1.1" 401 2139 "https://pgkdistribution.co.nz/wp-login.php" "Mozilla/5.0 (Macintosh; Intel Mac OS X 10_15_7; rv:120.0) Gecko/20100101 Firefox/120.0"
129.212.231.5 - - [02/May/2026:01:23:06 +1000] "GET /wp-admin/index.php HTTP/1.1" 302 515 "https://pgkdistribution.co.nz/wp-login.php" "Mozilla/5.0 (Windows NT 11.0; Win64; x64; rv:121.0) Gecko/20100101 Firefox/121.0"
129.212.231.5 - - [02/May/2026:01:23:11 +1000] "GET /wp-login.php?redirect_to=https%3A%2F%2Fpgkdistribution.co.nz%2Fwp-admin%2Findex.php&reauth=1 HTTP/1.1" 200 6777 "https://pgkdistribution.co.nz/wp-login.php" "Mozilla/5.0 (Windows NT 11.0; Win64; x64; rv:121.0) Gecko/20100101 Firefox/121.0"
129.212.231.5 - - [02/May/2026:01:23:15 +1000] "POST /wp-login.php HTTP/1.1" 401 2142 "https://pgkdistribution.co.nz/wp-login.php" "Mozilla/5.0 (Macintosh; Intel Mac OS X 10_15_7) AppleWebKit/537.36 (KHTML, like Gecko) Chrome/121.0.0.0 Safari/537.36"
129.212.231.5 - - [02/May/2026:01:23:21 +1000] "GET /wp-admin/index.php HTTP/1.1" 302 515 "https://pgkdistribution.co.nz/wp-login.php" "Mozilla/5.0 (Macintosh; Intel Mac OS X 10_15_7) AppleWebKit/537.36 (KHTML, like Gecko) Chrome/120.0.0.0 Safari/537.36"
129.212.231.5 - - [02/May/2026:01:23:26 +1000] "GET /wp-login.php?redirect_to=https%3A%2F%2Fpgkdistribution.co.nz%2Fwp-admin%2Findex.php&reauth=1 HTTP/1.1" 200 6775 "https://pgkdistribution.co.nz/wp-login.php" "Mozilla/5.0 (Macintosh; Intel Mac OS X 10_15_7) AppleWebKit/537.36 (KHTML, like Gecko) Chrome/120.0.0.0 Safari/537.36"
129.212.231.5 - - [02/May/2026:01:23:31 +1000] "POST /wp-login.php HTTP/1.1" 401 2143 "https://pgkdistribution.co.nz/wp-login.php" "Mozilla/5.0 (Macintosh; Intel Mac OS X 10_15_7) AppleWebKit/605.1.15 (KHTML, like Gecko) Version/17.0 Safari/605.1.15"
129.212.231.5 - - [02/May/2026:01:23:36 +1000] "GET /wp-admin/index.php HTTP/1.1" 302 515 "https://pgkdistribution.co.nz/wp-login.php" "Mozilla/5.0 (Windows NT 10.0; Win64; x64; rv:121.0) Gecko/20100101 Firefox/121.0"
129.212.231.5 - - [02/May/2026:01:23:41 +1000] "GET /wp-login.php?redirect_to=https%3A%2F%2Fpgkdistribution.co.nz%2Fwp-admin%2Findex.php&reauth=1 HTTP/1.1" 200 6780 "https://pgkdistribution.co.nz/wp-login.php" "Mozilla/5.0 (Windows NT 10.0; Win64; x64; rv:121.0) Gecko/20100101 Firefox/121.0"
129.212.231.5 - - [02/May/2026:01:23:47 +1000] "POST /wp-login.php HTTP/1.1" 401 2141 "https://pgkdistribution.co.nz/wp-login.php" "Mozilla/5.0 (Windows NT 11.0; Win64; x64; rv:118.0) Gecko/20100101 Firefox/118.0"
129.212.231.5 - - [02/May/2026:01:23:52 +1000] "GET /wp-admin/index.php HTTP/1.1" 302 515 "https://pgkdistribution.co.nz/wp-login.php" "Mozilla/5.0 (Macintosh; Intel Mac OS X 13_6_1) AppleWebKit/537.36 (KHTML, like Gecko) Chrome/118.0.0.0 Safari/537.36"
129.212.231.5 - - [02/May/2026:01:23:57 +1000] "GET /wp-login.php?redirect_to=https%3A%2F%2Fpgkdistribution.co.nz%2Fwp-admin%2Findex.php&reauth=1 HTTP/1.1" 200 6778 "https://pgkdistribution.co.nz/wp-login.php" "Mozilla/5.0 (Macintosh; Intel Mac OS X 13_6_1) AppleWebKit/537.36 (KHTML, like Gecko) Chrome/118.0.0.0 Safari/537.36"
129.212.231.5 - - [02/May/2026:01:24:03 +1000] "POST /wp-login.php HTTP/1.1" 401 2140 "https://pgkdistribution.co.nz/wp-login.php" "Mozilla/5.0 (Macintosh; Intel Mac OS X 10_15_7; rv:121.0) Gecko/20100101 Firefox/121.0"
129.212.231.5 - - [02/May/2026:01:24:10 +1000] "GET /wp-admin/index.php HTTP/1.1" 302 693 "https://pgkdistribution.co.nz/wp-login.php" "Mozilla/5.0 (Windows NT 10.0; Win64; x64) AppleWebKit/537.36 (KHTML, like Gecko) Chrome/120.0.0.0 Safari/537.36"
129.212.231.5 - - [02/May/2026:01:24:16 +1000] "GET /wp-login.php?redirect_to=https%3A%2F%2Fpgkdistribution.co.nz%2Fwp-admin%2Findex.php&reauth=1 HTTP/1.1" 200 6777 "https://pgkdistribution.co.nz/wp-login.php" "Mozilla/5.0 (Windows NT 10.0; Win64; x64) AppleWebKit/537.36 (KHTML, like Gecko) Chrome/120.0.0.0 Safari/537.36"
129.212.231.5 - - [02/May/2026:01:24:21 +1000] "POST /wp-login.php HTTP/1.1" 401 2143 "https://pgkdistribution.co.nz/wp-login.php" "Mozilla/5.0 (Macintosh; Intel Mac OS X 10_15_7) AppleWebKit/605.1.15 (KHTML, like Gecko) Version/17.2 Safari/605.1.15"
129.212.231.5 - - [02/May/2026:01:24:30 +1000] "GET /wp-admin/profile.php HTTP/1.1" 302 695 "https://pgkdistribution.co.nz/wp-login.php" "Mozilla/5.0 (Windows NT 11.0; Win64; x64) AppleWebKit/537.36 (KHTML, like Gecko) Chrome/120.0.0.0 Safari/537.36"
129.212.231.5 - - [02/May/2026:01:24:36 +1000] "GET /wp-login.php?redirect_to=https%3A%2F%2Fpgkdistribution.co.nz%2Fwp-admin%2Fprofile.php&reauth=1 HTTP/1.1" 200 6783 "https://pgkdistribution.co.nz/wp-login.php" "Mozilla/5.0 (Windows NT 11.0; Win64; x64) AppleWebKit/537.36 (KHTML, like Gecko) Chrome/120.0.0.0 Safari/537.36"
