192.178.4.100 - - [13/May/2026:06:31:05 +1000] "GET /comment.php?products/jiyuku-washable-soft-wool-high-gauge-fringe-stole/8658858/ HTTP/1.1" 200 34747 "-" "Mozilla/5.0 (Linux; Android 6.0.1; Nexus 5X Build/MMB29P) AppleWebKit/537.36 (KHTML, like Gecko) Chrome/147.0.7727.137 Mobile Safari/537.36 (compatible; Googlebot/2.1; +http://www.google.com/bot.html)"
57.141.14.78 - - [13/May/2026:06:31:06 +1000] "GET /products/detail/55281601 HTTP/2" 404 137739 "-" "meta-externalagent/1.1 (+https://developers.facebook.com/docs/sharing/webmasters/crawler)"
216.73.217.100 - - [13/May/2026:06:31:08 +1000] "GET /bitcoin-playn-go-slot-software-online-casinos-je-2026-beste-alternativen/ HTTP/2" 200 41341 "-" "Mozilla/5.0 AppleWebKit/537.36 (KHTML, like Gecko; compatible; ClaudeBot/1.0; +claudebot@anthropic.com)"
216.73.217.100 - - [13/May/2026:06:31:11 +1000] "GET /%e0%a6%b2%e0%a6%be%e0%a6%b8-%e0%a6%ad%e0%a7%87%e0%a6%97%e0%a6%be%e0%a6%b8%e0%a7%87%e0%a6%b0-%e0%a6%b8%e0%a7%8d%e0%a6%a5%e0%a6%be%e0%a6%a8%e0%a7%80%e0%a6%af%e0%a6%bc-%e0%a6%95%e0%a7%8d%e0%a6%af/feed/ HTTP/2" 200 1327 "-" "Mozilla/5.0 AppleWebKit/537.36 (KHTML, like Gecko; compatible; ClaudeBot/1.0; +claudebot@anthropic.com)"
216.73.217.100 - - [13/May/2026:06:31:11 +1000] "GET /play-twenty-five000-of-the-greatest-online-harbors-inside-deposit-10-play-with-80-casino-2026/ HTTP/2" 200 41481 "-" "Mozilla/5.0 AppleWebKit/537.36 (KHTML, like Gecko; compatible; ClaudeBot/1.0; +claudebot@anthropic.com)"
216.73.217.100 - - [13/May/2026:06:31:13 +1000] "GET /immortal-vulkan-spiele-problem-s-prijavom-slot-east-dragon-definicija-i-definicija-keller-williams/ HTTP/2" 200 40229 "-" "Mozilla/5.0 AppleWebKit/537.36 (KHTML, like Gecko; compatible; ClaudeBot/1.0; +claudebot@anthropic.com)"
192.178.4.100 - - [13/May/2026:06:31:17 +1000] "GET /wp-content/plugins/contact-form-7/includes/css/styles.css?ver=5.7.1 HTTP/1.1" 200 1546 "https://www.coridyan.com/?products/detail/61498567" "Mozilla/5.0 (Linux; Android 6.0.1; Nexus 5X Build/MMB29P) AppleWebKit/537.36 (KHTML, like Gecko) Chrome/147.0.7727.137 Mobile Safari/537.36 (compatible; GoogleOther)"
216.73.217.100 - - [13/May/2026:06:31:16 +1000] "GET /christmas-jackpot-position-100-percent-snap-this-site-free-trial-review-2026-summer-college-away-from-research-website/feed/ HTTP/2" 200 1082 "-" "Mozilla/5.0 AppleWebKit/537.36 (KHTML, like Gecko; compatible; ClaudeBot/1.0; +claudebot@anthropic.com)"
216.73.217.100 - - [13/May/2026:06:31:16 +1000] "GET /beste-online-spielhalle-land-der-dichter-und-denker-verbunden-spielhallen-spiele/ HTTP/2" 200 42857 "-" "Mozilla/5.0 AppleWebKit/537.36 (KHTML, like Gecko; compatible; ClaudeBot/1.0; +claudebot@anthropic.com)"
216.73.217.100 - - [13/May/2026:06:31:18 +1000] "GET /greatest-happy-halloween-online-casinos-united-states-casinos-taking-charge-percentage-method/ HTTP/2" 200 40954 "-" "Mozilla/5.0 AppleWebKit/537.36 (KHTML, like Gecko; compatible; ClaudeBot/1.0; +claudebot@anthropic.com)"
57.141.14.12 - - [13/May/2026:06:31:18 +1000] "GET /products/detail/54447193 HTTP/2" 404 137739 "-" "meta-externalagent/1.1 (+https://developers.facebook.com/docs/sharing/webmasters/crawler)"
57.141.14.94 - - [13/May/2026:06:31:19 +1000] "GET /products/detail/66770335 HTTP/2" 404 137739 "-" "meta-externalagent/1.1 (+https://developers.facebook.com/docs/sharing/webmasters/crawler)"
192.178.4.100 - - [13/May/2026:06:31:31 +1000] "GET /content.php?product/61947538 HTTP/1.1" 200 28478 "-" "Mozilla/5.0 (Linux; Android 6.0.1; Nexus 5X Build/MMB29P) AppleWebKit/537.36 (KHTML, like Gecko) Chrome/147.0.7727.137 Mobile Safari/537.36 (compatible; Googlebot/2.1; +http://www.google.com/bot.html)"
192.178.4.100 - - [13/May/2026:06:31:36 +1000] "GET /?products/detail/56387503 HTTP/1.1" 200 39259 "-" "Mozilla/5.0 (Linux; Android 6.0.1; Nexus 5X Build/MMB29P) AppleWebKit/537.36 (KHTML, like Gecko) Chrome/147.0.7727.137 Mobile Safari/537.36 (compatible; Googlebot/2.1; +http://www.google.com/bot.html)"
57.141.14.112 - - [13/May/2026:06:31:37 +1000] "GET /products/detail/69474457 HTTP/2" 404 137739 "-" "meta-externalagent/1.1 (+https://developers.facebook.com/docs/sharing/webmasters/crawler)"
57.141.14.109 - - [13/May/2026:06:31:38 +1000] "GET /products/detail/54032977 HTTP/2" 404 137739 "-" "meta-externalagent/1.1 (+https://developers.facebook.com/docs/sharing/webmasters/crawler)"
192.178.4.100 - - [13/May/2026:06:31:41 +1000] "GET /comment.php?products/fendi-ff-motif-sunglasses/9436153/ HTTP/1.1" 200 35383 "-" "Mozilla/5.0 (Linux; Android 6.0.1; Nexus 5X Build/MMB29P) AppleWebKit/537.36 (KHTML, like Gecko) Chrome/147.0.7727.137 Mobile Safari/537.36 (compatible; Googlebot/2.1; +http://www.google.com/bot.html)"
57.141.14.52 - - [13/May/2026:06:31:42 +1000] "GET /products/detail/61892191 HTTP/2" 404 137739 "-" "meta-externalagent/1.1 (+https://developers.facebook.com/docs/sharing/webmasters/crawler)"
57.141.14.44 - - [13/May/2026:06:31:44 +1000] "GET /products/detail/66591847 HTTP/2" 404 137739 "-" "meta-externalagent/1.1 (+https://developers.facebook.com/docs/sharing/webmasters/crawler)"
192.178.4.100 - - [13/May/2026:06:31:45 +1000] "POST /wp-admin/admin-ajax.php HTTP/1.1" 200 1100 "https://www.coridyan.com/?products/detail/56387503" "Mozilla/5.0 (Linux; Android 6.0.1; Nexus 5X Build/MMB29P) AppleWebKit/537.36 (KHTML, like Gecko) Chrome/147.0.7727.137 Mobile Safari/537.36 (compatible; Googlebot/2.1; +http://www.google.com/bot.html)"
216.73.217.100 - - [13/May/2026:06:31:46 +1000] "GET /spielautomaten-und-imhotep-manuscript-casino-live-spiele-in-mobilgeraten/feed/ HTTP/2" 200 944 "-" "Mozilla/5.0 AppleWebKit/537.36 (KHTML, like Gecko; compatible; ClaudeBot/1.0; +claudebot@anthropic.com)"
216.73.217.100 - - [13/May/2026:06:31:46 +1000] "GET /komentar-uptown-aces-casina-za-vulkan-spiele-bonusi-2026-poticaji-online-igra-i-cijena-isplate/feed/ HTTP/2" 200 1012 "-" "Mozilla/5.0 AppleWebKit/537.36 (KHTML, like Gecko; compatible; ClaudeBot/1.0; +claudebot@anthropic.com)"
192.178.4.100 - - [13/May/2026:06:31:51 +1000] "GET /content.php?product/85323442 HTTP/1.1" 200 28211 "-" "Mozilla/5.0 (Linux; Android 6.0.1; Nexus 5X Build/MMB29P) AppleWebKit/537.36 (KHTML, like Gecko) Chrome/147.0.7727.137 Mobile Safari/537.36 (compatible; GoogleOther)"
57.141.14.103 - - [13/May/2026:06:31:54 +1000] "GET /products/detail/68870917 HTTP/2" 404 137739 "-" "meta-externalagent/1.1 (+https://developers.facebook.com/docs/sharing/webmasters/crawler)"
192.178.4.100 - - [13/May/2026:06:31:56 +1000] "GET /?products/detail/62692633 HTTP/1.1" 200 39426 "-" "Mozilla/5.0 (Linux; Android 6.0.1; Nexus 5X Build/MMB29P) AppleWebKit/537.36 (KHTML, like Gecko) Chrome/147.0.7727.137 Mobile Safari/537.36 (compatible; Googlebot/2.1; +http://www.google.com/bot.html)"
18.97.9.97 - - [13/May/2026:06:31:58 +1000] "GET /comment.php?products/a-collection-of-masterpieces-the-john-mable-ringling-museum/10124948/ HTTP/1.1" 200 551 "-" "Mozilla/5.0 AppleWebKit/537.36 (KHTML, like Gecko; compatible; PerplexityBot/1.0; +https://perplexity.ai/perplexitybot)"
192.178.4.102 - - [13/May/2026:06:32:01 +1000] "POST /wp-json/platformist-quadendpointer-sxadtr/v1/s6qgn HTTP/1.1" 403 986 "https://www.coridyan.com/?products/detail/56387503" "Mozilla/5.0 (Linux; Android 6.0.1; Nexus 5X Build/MMB29P) AppleWebKit/537.36 (KHTML, like Gecko) Chrome/147.0.7727.137 Mobile Safari/537.36 (compatible; Googlebot/2.1; +http://www.google.com/bot.html)"
192.178.4.101 - - [13/May/2026:06:32:05 +1000] "GET /comment.php?products/estee-lauder-brasil-dream-50ml-edp-spray-women-brand-new/10734983/ HTTP/1.1" 200 34575 "-" "Mozilla/5.0 (Linux; Android 6.0.1; Nexus 5X Build/MMB29P) AppleWebKit/537.36 (KHTML, like Gecko) Chrome/147.0.7727.137 Mobile Safari/537.36 (compatible; Googlebot/2.1; +http://www.google.com/bot.html)"
57.141.14.51 - - [13/May/2026:06:32:07 +1000] "GET /products/detail/57012130 HTTP/2" 404 137739 "-" "meta-externalagent/1.1 (+https://developers.facebook.com/docs/sharing/webmasters/crawler)"
192.178.4.100 - - [13/May/2026:06:32:11 +1000] "GET /?products/detail/54650080 HTTP/1.1" 200 39435 "-" "Mozilla/5.0 (Linux; Android 6.0.1; Nexus 5X Build/MMB29P) AppleWebKit/537.36 (KHTML, like Gecko) Chrome/147.0.7727.137 Mobile Safari/537.36 (compatible; Googlebot/2.1; +http://www.google.com/bot.html)"
192.178.4.100 - - [13/May/2026:06:32:15 +1000] "GET /comment.php?products/pottery-barn-manzanita-nightstand/17483278/ HTTP/1.1" 200 35840 "-" "Mozilla/5.0 (Linux; Android 6.0.1; Nexus 5X Build/MMB29P) AppleWebKit/537.36 (KHTML, like Gecko) Chrome/147.0.7727.137 Mobile Safari/537.36 (compatible; Googlebot/2.1; +http://www.google.com/bot.html)"
192.178.4.100 - - [13/May/2026:06:32:26 +1000] "GET /comment.php?products/bape-sta-a-bathing-ape/19547263/ HTTP/1.1" 200 36065 "-" "Mozilla/5.0 (Linux; Android 6.0.1; Nexus 5X Build/MMB29P) AppleWebKit/537.36 (KHTML, like Gecko) Chrome/147.0.7727.137 Mobile Safari/537.36 (compatible; Googlebot/2.1; +http://www.google.com/bot.html)"
216.73.217.100 - - [13/May/2026:06:32:27 +1000] "GET /eintragung-und-eintragung-im-leovegas-online-casino-as-part-fruit-smoothies-slot-groser-sieg-of-ostmark/feed/ HTTP/2" 200 1037 "-" "Mozilla/5.0 AppleWebKit/537.36 (KHTML, like Gecko; compatible; ClaudeBot/1.0; +claudebot@anthropic.com)"
216.73.217.100 - - [13/May/2026:06:32:27 +1000] "GET /where-you-can-enjoy-super-moolah-50-no-deposit-spins-casino-all-slots-login-stampede-discover-huge-jackpots/feed/ HTTP/2" 200 1050 "-" "Mozilla/5.0 AppleWebKit/537.36 (KHTML, like Gecko; compatible; ClaudeBot/1.0; +claudebot@anthropic.com)"
47.82.10.227 - - [13/May/2026:06:32:30 +1000] "GET /pharaos-money/ HTTP/1.1" 200 41124 "https://www.coridyan.com/" "Mozilla/5.0 (X11; Linux x86_64) AppleWebKit/537.36 (KHTML, like Gecko) Chrome/114.0.0.0 Safari/537.36"
57.141.14.103 - - [13/May/2026:06:32:32 +1000] "GET /products/detail/67804201 HTTP/2" 404 137739 "-" "meta-externalagent/1.1 (+https://developers.facebook.com/docs/sharing/webmasters/crawler)"
57.141.14.9 - - [13/May/2026:06:32:33 +1000] "GET /products/detail/69994954 HTTP/2" 404 137739 "-" "meta-externalagent/1.1 (+https://developers.facebook.com/docs/sharing/webmasters/crawler)"
216.73.217.100 - - [13/May/2026:06:32:38 +1000] "GET /ma-destin-fr-prime-sans-nul-conserve-sauf-slot-bonus-mermaids-pearl-que-encarts-publicitaires/feed/ HTTP/2" 200 1008 "-" "Mozilla/5.0 AppleWebKit/537.36 (KHTML, like Gecko; compatible; ClaudeBot/1.0; +claudebot@anthropic.com)"
216.73.217.100 - - [13/May/2026:06:32:38 +1000] "GET /thunderstruck-reputation-napomena-2026-pravi-prihod-ports-cellular-promo-kod-za-slotove-vulkan-spiele-com-kockanje-na-mrezi/feed/ HTTP/2" 200 1097 "-" "Mozilla/5.0 AppleWebKit/537.36 (KHTML, like Gecko; compatible; ClaudeBot/1.0; +claudebot@anthropic.com)"
192.178.4.100 - - [13/May/2026:06:32:37 +1000] "GET /comment.php?products/hardcover-marc-davis-imagineering-the-disney-theme-parks-vol/9723918/ HTTP/1.1" 200 34278 "-" "Mozilla/5.0 (Linux; Android 6.0.1; Nexus 5X Build/MMB29P) AppleWebKit/537.36 (KHTML, like Gecko) Chrome/147.0.7727.137 Mobile Safari/537.36 (compatible; Googlebot/2.1; +http://www.google.com/bot.html)"
192.178.4.100 - - [13/May/2026:06:32:42 +1000] "GET /?products/detail/58189762 HTTP/1.1" 200 39259 "-" "Mozilla/5.0 (Linux; Android 6.0.1; Nexus 5X Build/MMB29P) AppleWebKit/537.36 (KHTML, like Gecko) Chrome/147.0.7727.137 Mobile Safari/537.36 (compatible; Googlebot/2.1; +http://www.google.com/bot.html)"
57.141.14.66 - - [13/May/2026:06:32:43 +1000] "GET /products/detail/63985438 HTTP/2" 404 137739 "-" "meta-externalagent/1.1 (+https://developers.facebook.com/docs/sharing/webmasters/crawler)"
57.141.14.76 - - [13/May/2026:06:32:45 +1000] "GET /products/detail/67588786 HTTP/2" 404 137739 "-" "meta-externalagent/1.1 (+https://developers.facebook.com/docs/sharing/webmasters/crawler)"
54.39.6.129 - - [13/May/2026:06:32:47 +1000] "GET /what-makes-the-brand-new-money-symbol-a-keen-s/feed/ HTTP/2" 200 866 "-" "Mozilla/5.0 (compatible; AhrefsBot/7.0; +http://ahrefs.com/robot/)"
192.178.4.100 - - [13/May/2026:06:32:48 +1000] "POST /wp-admin/admin-ajax.php HTTP/1.1" 200 1272 "https://www.coridyan.com/?products/detail/58189762" "Mozilla/5.0 (Linux; Android 6.0.1; Nexus 5X Build/MMB29P) AppleWebKit/537.36 (KHTML, like Gecko) Chrome/147.0.7727.137 Mobile Safari/537.36 (compatible; Googlebot/2.1; +http://www.google.com/bot.html)"
57.141.14.34 - - [13/May/2026:06:32:50 +1000] "GET /products/detail/69770854 HTTP/2" 404 137739 "-" "meta-externalagent/1.1 (+https://developers.facebook.com/docs/sharing/webmasters/crawler)"
216.73.217.100 - - [13/May/2026:06:32:55 +1000] "GET /enjoy-22900-100-percent-free-spins-dracula-no-deposit-free-casino-games-harbors-no-obtain/feed/ HTTP/2" 200 1003 "-" "Mozilla/5.0 AppleWebKit/537.36 (KHTML, like Gecko; compatible; ClaudeBot/1.0; +claudebot@anthropic.com)"
216.73.217.100 - - [13/May/2026:06:32:55 +1000] "GET /totally-free-ports-play-more-than-3000-position-game-on-the-internet-crown-of-egypt-online-slot-100percent-free/ HTTP/2" 200 40908 "-" "Mozilla/5.0 AppleWebKit/537.36 (KHTML, like Gecko; compatible; ClaudeBot/1.0; +claudebot@anthropic.com)"
57.141.14.44 - - [13/May/2026:06:32:56 +1000] "GET /products/detail/53113123 HTTP/2" 404 137739 "-" "meta-externalagent/1.1 (+https://developers.facebook.com/docs/sharing/webmasters/crawler)"
192.178.4.100 - - [13/May/2026:06:32:58 +1000] "GET /?products/detail/58512898 HTTP/1.1" 200 39437 "-" "Mozilla/5.0 (Linux; Android 6.0.1; Nexus 5X Build/MMB29P) AppleWebKit/537.36 (KHTML, like Gecko) Chrome/147.0.7727.137 Mobile Safari/537.36 (compatible; Googlebot/2.1; +http://www.google.com/bot.html)"
216.73.217.100 - - [13/May/2026:06:33:01 +1000] "GET /?p=32040 HTTP/2" 301 0 "-" "Mozilla/5.0 AppleWebKit/537.36 (KHTML, like Gecko; compatible; ClaudeBot/1.0; +claudebot@anthropic.com)"
216.73.217.100 - - [13/May/2026:06:33:01 +1000] "GET /?p=65197 HTTP/2" 301 0 "-" "Mozilla/5.0 AppleWebKit/537.36 (KHTML, like Gecko; compatible; ClaudeBot/1.0; +claudebot@anthropic.com)"
57.141.14.11 - - [13/May/2026:06:33:03 +1000] "GET /products/detail/53630614 HTTP/2" 404 137739 "-" "meta-externalagent/1.1 (+https://developers.facebook.com/docs/sharing/webmasters/crawler)"
216.73.217.100 - - [13/May/2026:06:33:03 +1000] "GET /finest-crypto-casinos-2026-better-finn-and-the-swirly-spin-1-deposit-bitcoin-casinos-assessed/ HTTP/2" 200 41080 "https://www.coridyan.com/?p=65197" "Mozilla/5.0 AppleWebKit/537.36 (KHTML, like Gecko; compatible; ClaudeBot/1.0; +claudebot@anthropic.com)"
216.73.217.100 - - [13/May/2026:06:33:03 +1000] "GET /free-online-pokies-2026-670-free-pokies-video-game/ HTTP/2" 200 40461 "https://www.coridyan.com/?p=32040" "Mozilla/5.0 AppleWebKit/537.36 (KHTML, like Gecko; compatible; ClaudeBot/1.0; +claudebot@anthropic.com)"
192.178.4.100 - - [13/May/2026:06:33:04 +1000] "GET /comment.php?products/mini-refri/11462538/ HTTP/1.1" 200 34705 "-" "Mozilla/5.0 (Linux; Android 6.0.1; Nexus 5X Build/MMB29P) AppleWebKit/537.36 (KHTML, like Gecko) Chrome/147.0.7727.137 Mobile Safari/537.36 (compatible; Googlebot/2.1; +http://www.google.com/bot.html)"
216.73.217.100 - - [13/May/2026:06:33:05 +1000] "GET /?p=31982 HTTP/2" 301 0 "-" "Mozilla/5.0 AppleWebKit/537.36 (KHTML, like Gecko; compatible; ClaudeBot/1.0; +claudebot@anthropic.com)"
216.73.217.100 - - [13/May/2026:06:33:06 +1000] "GET /?p=62052 HTTP/2" 301 0 "-" "Mozilla/5.0 AppleWebKit/537.36 (KHTML, like Gecko; compatible; ClaudeBot/1.0; +claudebot@anthropic.com)"
216.73.217.100 - - [13/May/2026:06:33:07 +1000] "GET /instacasino-du-brist-100percent-opptil-3-000-kr-og-60-realspins/ HTTP/2" 200 41657 "https://www.coridyan.com/?p=31982" "Mozilla/5.0 AppleWebKit/537.36 (KHTML, like Gecko; compatible; ClaudeBot/1.0; +claudebot@anthropic.com)"
216.73.217.100 - - [13/May/2026:06:33:08 +1000] "GET /greatest-cellular-ice-hockey-casino-casinos-for-iphone-3gs-android-os-march-2026/ HTTP/2" 200 40717 "https://www.coridyan.com/?p=62052" "Mozilla/5.0 AppleWebKit/537.36 (KHTML, like Gecko; compatible; ClaudeBot/1.0; +claudebot@anthropic.com)"
216.73.217.100 - - [13/May/2026:06:33:10 +1000] "GET /availableness-restricted/ HTTP/2" 200 40734 "-" "Mozilla/5.0 AppleWebKit/537.36 (KHTML, like Gecko; compatible; ClaudeBot/1.0; +claudebot@anthropic.com)"
57.141.14.7 - - [13/May/2026:06:33:10 +1000] "GET /products/detail/62956792 HTTP/2" 404 137739 "-" "meta-externalagent/1.1 (+https://developers.facebook.com/docs/sharing/webmasters/crawler)"
216.73.217.100 - - [13/May/2026:06:33:10 +1000] "GET /page/4405/ HTTP/2" 200 41135 "-" "Mozilla/5.0 AppleWebKit/537.36 (KHTML, like Gecko; compatible; ClaudeBot/1.0; +claudebot@anthropic.com)"
216.73.217.100 - - [13/May/2026:06:33:12 +1000] "GET /page/4401/ HTTP/2" 200 40624 "-" "Mozilla/5.0 AppleWebKit/537.36 (KHTML, like Gecko; compatible; ClaudeBot/1.0; +claudebot@anthropic.com)"
192.178.4.100 - - [13/May/2026:06:33:20 +1000] "GET /?products/detail/59906188 HTTP/1.1" 200 39437 "-" "Mozilla/5.0 (Linux; Android 6.0.1; Nexus 5X Build/MMB29P) AppleWebKit/537.36 (KHTML, like Gecko) Chrome/147.0.7727.137 Mobile Safari/537.36 (compatible; Googlebot/2.1; +http://www.google.com/bot.html)"
216.73.217.100 - - [13/May/2026:06:33:20 +1000] "GET /?p=74255 HTTP/2" 301 0 "-" "Mozilla/5.0 AppleWebKit/537.36 (KHTML, like Gecko; compatible; ClaudeBot/1.0; +claudebot@anthropic.com)"
216.73.217.100 - - [13/May/2026:06:33:22 +1000] "GET /spielbank-blos-lugas-tagesordnungspunkt-versorger-2026-inoffizieller-mitarbeiter-herr-bet-60-bonus-spins-keine-einzahlung-probe/ HTTP/2" 200 43095 "https://www.coridyan.com/?p=74255" "Mozilla/5.0 AppleWebKit/537.36 (KHTML, like Gecko; compatible; ClaudeBot/1.0; +claudebot@anthropic.com)"
216.73.217.100 - - [13/May/2026:06:33:24 +1000] "GET /?p=72702 HTTP/2" 301 0 "-" "Mozilla/5.0 AppleWebKit/537.36 (KHTML, like Gecko; compatible; ClaudeBot/1.0; +claudebot@anthropic.com)"
192.178.4.100 - - [13/May/2026:06:33:24 +1000] "POST /wp-json/platformist-quadendpointer-sxadtr/v1/s6qgn HTTP/1.1" 200 1505 "https://www.coridyan.com/?products/detail/58189762" "Mozilla/5.0 (Linux; Android 6.0.1; Nexus 5X Build/MMB29P) AppleWebKit/537.36 (KHTML, like Gecko) Chrome/147.0.7727.137 Mobile Safari/537.36 (compatible; Googlebot/2.1; +http://www.google.com/bot.html)"
216.73.217.100 - - [13/May/2026:06:33:26 +1000] "GET /free-online-slot-banana-splash-casino-games-online-slots-empire-city-online-casino/ HTTP/2" 200 41113 "https://www.coridyan.com/?p=72702" "Mozilla/5.0 AppleWebKit/537.36 (KHTML, like Gecko; compatible; ClaudeBot/1.0; +claudebot@anthropic.com)"
216.73.217.100 - - [13/May/2026:06:33:28 +1000] "GET /?p=63997 HTTP/2" 301 0 "-" "Mozilla/5.0 AppleWebKit/537.36 (KHTML, like Gecko; compatible; ClaudeBot/1.0; +claudebot@anthropic.com)"
57.141.14.94 - - [13/May/2026:06:33:28 +1000] "GET /products/detail/69231331 HTTP/2" 404 137739 "-" "meta-externalagent/1.1 (+https://developers.facebook.com/docs/sharing/webmasters/crawler)"
216.73.217.100 - - [13/May/2026:06:33:29 +1000] "GET /incentive-requirements-come-across-rainbow-riches-cluster-magic-slot-bonus-gambling-establishment-also-offers-and-gambling-promotions/ HTTP/2" 200 41131 "https://www.coridyan.com/?p=63997" "Mozilla/5.0 AppleWebKit/537.36 (KHTML, like Gecko; compatible; ClaudeBot/1.0; +claudebot@anthropic.com)"
192.178.4.100 - - [13/May/2026:06:33:29 +1000] "GET /comment.php?products/queen-sized-bed-frame/18705533/ HTTP/1.1" 200 34629 "-" "Mozilla/5.0 (Linux; Android 6.0.1; Nexus 5X Build/MMB29P) AppleWebKit/537.36 (KHTML, like Gecko) Chrome/147.0.7727.137 Mobile Safari/537.36 (compatible; Googlebot/2.1; +http://www.google.com/bot.html)"
57.141.14.3 - - [13/May/2026:06:33:30 +1000] "GET /products/detail/66360538 HTTP/2" 404 137739 "-" "meta-externalagent/1.1 (+https://developers.facebook.com/docs/sharing/webmasters/crawler)"
57.141.14.76 - - [13/May/2026:06:33:31 +1000] "GET /products/detail/61869952 HTTP/2" 404 137739 "-" "meta-externalagent/1.1 (+https://developers.facebook.com/docs/sharing/webmasters/crawler)"
216.73.217.100 - - [13/May/2026:06:33:31 +1000] "GET /?p=74503 HTTP/2" 301 0 "-" "Mozilla/5.0 AppleWebKit/537.36 (KHTML, like Gecko; compatible; ClaudeBot/1.0; +claudebot@anthropic.com)"
57.141.14.86 - - [13/May/2026:06:33:31 +1000] "GET /products/detail/53098858 HTTP/2" 404 137739 "-" "meta-externalagent/1.1 (+https://developers.facebook.com/docs/sharing/webmasters/crawler)"
216.73.217.100 - - [13/May/2026:06:33:33 +1000] "GET /spielsaal-blos-lugas-traktandum-anbieter-as-part-of-brd-2025/ HTTP/2" 200 43020 "https://www.coridyan.com/?p=74503" "Mozilla/5.0 AppleWebKit/537.36 (KHTML, like Gecko; compatible; ClaudeBot/1.0; +claudebot@anthropic.com)"
192.178.4.100 - - [13/May/2026:06:33:35 +1000] "POST /wp-admin/admin-ajax.php HTTP/1.1" 200 1276 "https://www.coridyan.com/?products/detail/59906188" "Mozilla/5.0 (Linux; Android 6.0.1; Nexus 5X Build/MMB29P) AppleWebKit/537.36 (KHTML, like Gecko) Chrome/147.0.7727.137 Mobile Safari/537.36 (compatible; Googlebot/2.1; +http://www.google.com/bot.html)"
192.178.4.100 - - [13/May/2026:06:33:40 +1000] "GET /?products/detail/54323614 HTTP/1.1" 200 39426 "-" "Mozilla/5.0 (Linux; Android 6.0.1; Nexus 5X Build/MMB29P) AppleWebKit/537.36 (KHTML, like Gecko) Chrome/147.0.7727.137 Mobile Safari/537.36 (compatible; Googlebot/2.1; +http://www.google.com/bot.html)"
65.111.31.0 - - [13/May/2026:06:33:41 +1000] "POST /xmlrpc.php HTTP/1.1" 200 697 "-" "Python-xmlrpc/3.11"
65.111.31.0 - - [13/May/2026:06:33:45 +1000] "POST /xmlrpc.php HTTP/1.1" 200 3455 "-" "Python-xmlrpc/3.11"
57.141.14.95 - - [13/May/2026:06:33:45 +1000] "GET /products/detail/56476963 HTTP/2" 404 137739 "-" "meta-externalagent/1.1 (+https://developers.facebook.com/docs/sharing/webmasters/crawler)"
57.141.14.98 - - [13/May/2026:06:33:45 +1000] "GET /products/detail/63322651 HTTP/2" 404 137739 "-" "meta-externalagent/1.1 (+https://developers.facebook.com/docs/sharing/webmasters/crawler)"
192.178.4.100 - - [13/May/2026:06:33:45 +1000] "GET /content.php?product/66835642 HTTP/1.1" 200 29341 "-" "Mozilla/5.0 (Linux; Android 6.0.1; Nexus 5X Build/MMB29P) AppleWebKit/537.36 (KHTML, like Gecko) Chrome/147.0.7727.137 Mobile Safari/537.36 (compatible; GoogleOther)"
111.67.29.221 - - [13/May/2026:06:33:46 +1000] "POST /wp-cron.php?doing_wp_cron=1778618026.9366519451141357421875 HTTP/1.1" 200 445 "https://www.coridyan.com/wp-cron.php?doing_wp_cron=1778618026.9366519451141357421875" "WordPress/6.0.11; https://www.coridyan.com"
57.141.14.39 - - [13/May/2026:06:33:50 +1000] "GET /products/detail/67689631 HTTP/2" 404 137739 "-" "meta-externalagent/1.1 (+https://developers.facebook.com/docs/sharing/webmasters/crawler)"
57.141.14.100 - - [13/May/2026:06:33:50 +1000] "GET /products/detail/61658371 HTTP/2" 404 137739 "-" "meta-externalagent/1.1 (+https://developers.facebook.com/docs/sharing/webmasters/crawler)"
57.141.14.94 - - [13/May/2026:06:33:52 +1000] "GET /products/detail/64335871 HTTP/2" 404 137739 "-" "meta-externalagent/1.1 (+https://developers.facebook.com/docs/sharing/webmasters/crawler)"
192.178.4.100 - - [13/May/2026:06:33:51 +1000] "GET /comment.php?products/bmw-128i-headlights-oem-oem/7481413/ HTTP/1.1" 200 35756 "-" "Mozilla/5.0 (Linux; Android 6.0.1; Nexus 5X Build/MMB29P) AppleWebKit/537.36 (KHTML, like Gecko) Chrome/147.0.7727.137 Mobile Safari/537.36 (compatible; Googlebot/2.1; +http://www.google.com/bot.html)"
57.141.14.16 - - [13/May/2026:06:33:53 +1000] "GET /products/detail/59325265 HTTP/2" 404 137739 "-" "meta-externalagent/1.1 (+https://developers.facebook.com/docs/sharing/webmasters/crawler)"
192.178.4.100 - - [13/May/2026:06:33:57 +1000] "GET /content.php?product/68930338 HTTP/1.1" 200 29841 "-" "Mozilla/5.0 (Linux; Android 6.0.1; Nexus 5X Build/MMB29P) AppleWebKit/537.36 (KHTML, like Gecko) Chrome/147.0.7727.137 Mobile Safari/537.36 (compatible; Googlebot/2.1; +http://www.google.com/bot.html)"
216.73.217.100 - - [13/May/2026:06:33:58 +1000] "GET /?p=76938 HTTP/2" 301 0 "-" "Mozilla/5.0 AppleWebKit/537.36 (KHTML, like Gecko; compatible; ClaudeBot/1.0; +claudebot@anthropic.com)"
216.73.217.100 - - [13/May/2026:06:34:00 +1000] "GET /play-on-the-web-free-pokies-australian-continent-no-download-for-fun/ HTTP/2" 200 40881 "https://www.coridyan.com/?p=76938" "Mozilla/5.0 AppleWebKit/537.36 (KHTML, like Gecko; compatible; ClaudeBot/1.0; +claudebot@anthropic.com)"
216.73.217.100 - - [13/May/2026:06:34:02 +1000] "GET /?p=76923 HTTP/2" 301 0 "-" "Mozilla/5.0 AppleWebKit/537.36 (KHTML, like Gecko; compatible; ClaudeBot/1.0; +claudebot@anthropic.com)"
216.73.217.100 - - [13/May/2026:06:34:04 +1000] "GET /finest-us-local-casino-applications-greatest-selections-to-possess-cellular-casino-play-february-2026/ HTTP/2" 200 40414 "https://www.coridyan.com/?p=76923" "Mozilla/5.0 AppleWebKit/537.36 (KHTML, like Gecko; compatible; ClaudeBot/1.0; +claudebot@anthropic.com)"
192.178.4.100 - - [13/May/2026:06:34:03 +1000] "POST /wp-json/platformist-quadendpointer-sxadtr/v1/s6qgn HTTP/1.1" 200 1684 "https://www.coridyan.com/?products/detail/59906188" "Mozilla/5.0 (Linux; Android 6.0.1; Nexus 5X Build/MMB29P) AppleWebKit/537.36 (KHTML, like Gecko) Chrome/147.0.7727.137 Mobile Safari/537.36 (compatible; Googlebot/2.1; +http://www.google.com/bot.html)"
216.73.217.100 - - [13/May/2026:06:34:06 +1000] "GET /?p=29639 HTTP/2" 301 0 "-" "Mozilla/5.0 AppleWebKit/537.36 (KHTML, like Gecko; compatible; ClaudeBot/1.0; +claudebot@anthropic.com)"
216.73.217.100 - - [13/May/2026:06:34:07 +1000] "GET /50-giros-falto-deposito-sobre-algun-wings-of-gold-empleo-desert-treasure-2-150-resenas-de-giros-de-balde-desprovisto-deposito-abril-2025/ HTTP/2" 200 44356 "https://www.coridyan.com/?p=29639" "Mozilla/5.0 AppleWebKit/537.36 (KHTML, like Gecko; compatible; ClaudeBot/1.0; +claudebot@anthropic.com)"
216.73.217.100 - - [13/May/2026:06:34:10 +1000] "GET /?p=74475 HTTP/2" 301 0 "-" "Mozilla/5.0 AppleWebKit/537.36 (KHTML, like Gecko; compatible; ClaudeBot/1.0; +claudebot@anthropic.com)"
192.178.4.100 - - [13/May/2026:06:34:10 +1000] "GET /?products/detail/66279889 HTTP/1.1" 200 39096 "-" "Mozilla/5.0 (Linux; Android 6.0.1; Nexus 5X Build/MMB29P) AppleWebKit/537.36 (KHTML, like Gecko) Chrome/147.0.7727.137 Mobile Safari/537.36 (compatible; Googlebot/2.1; +http://www.google.com/bot.html)"
57.141.14.59 - - [13/May/2026:06:34:10 +1000] "GET /products/detail/60914575 HTTP/2" 404 137739 "-" "meta-externalagent/1.1 (+https://developers.facebook.com/docs/sharing/webmasters/crawler)"
216.73.217.100 - - [13/May/2026:06:34:11 +1000] "GET /igrajte-thunderstruck-dos-slot-besplatno-vulkan-spiele-aplikacija-ili-za-pravi-novac-vec-danas/ HTTP/2" 200 40677 "https://www.coridyan.com/?p=74475" "Mozilla/5.0 AppleWebKit/537.36 (KHTML, like Gecko; compatible; ClaudeBot/1.0; +claudebot@anthropic.com)"
216.73.217.100 - - [13/May/2026:06:34:14 +1000] "GET /?p=67113 HTTP/2" 301 0 "-" "Mozilla/5.0 AppleWebKit/537.36 (KHTML, like Gecko; compatible; ClaudeBot/1.0; +claudebot@anthropic.com)"
57.141.14.98 - - [13/May/2026:06:34:14 +1000] "GET /products/detail/63138880 HTTP/2" 404 137739 "-" "meta-externalagent/1.1 (+https://developers.facebook.com/docs/sharing/webmasters/crawler)"
216.73.217.100 - - [13/May/2026:06:34:16 +1000] "GET /casino-espaces-gratuits-application-mr-bet-a-lexclusion-de-conserve-sur-le-canada-20-150-produits/ HTTP/2" 200 41033 "https://www.coridyan.com/?p=67113" "Mozilla/5.0 AppleWebKit/537.36 (KHTML, like Gecko; compatible; ClaudeBot/1.0; +claudebot@anthropic.com)"
216.73.217.100 - - [13/May/2026:06:34:16 +1000] "GET /?p=31179 HTTP/2" 301 0 "-" "Mozilla/5.0 AppleWebKit/537.36 (KHTML, like Gecko; compatible; ClaudeBot/1.0; +claudebot@anthropic.com)"
192.178.4.100 - - [13/May/2026:06:34:16 +1000] "GET /comment.php?products/bicycle/12514403/ HTTP/1.1" 200 36005 "-" "Mozilla/5.0 (Linux; Android 6.0.1; Nexus 5X Build/MMB29P) AppleWebKit/537.36 (KHTML, like Gecko) Chrome/147.0.7727.137 Mobile Safari/537.36 (compatible; Googlebot/2.1; +http://www.google.com/bot.html)"
216.73.217.100 - - [13/May/2026:06:34:17 +1000] "GET /tagesordnungspunkt-spielstellen-mit-glitz-mobile-casinos-im-test-2026/ HTTP/2" 200 42834 "https://www.coridyan.com/?p=31179" "Mozilla/5.0 AppleWebKit/537.36 (KHTML, like Gecko; compatible; ClaudeBot/1.0; +claudebot@anthropic.com)"
40.77.167.68 - - [13/May/2026:06:34:18 +1000] "GET /products/detail/58581064 HTTP/2" 404 35917 "-" "Mozilla/5.0 AppleWebKit/537.36 (KHTML, like Gecko; compatible; bingbot/2.0; +http://www.bing.com/bingbot.htm) Chrome/116.0.1938.76 Safari/537.36"
216.73.217.100 - - [13/May/2026:06:34:20 +1000] "GET /?p=76913 HTTP/2" 301 0 "-" "Mozilla/5.0 AppleWebKit/537.36 (KHTML, like Gecko; compatible; ClaudeBot/1.0; +claudebot@anthropic.com)"
40.77.167.68 - - [13/May/2026:06:34:20 +1000] "GET /products/detail/53008804 HTTP/2" 404 35911 "-" "Mozilla/5.0 AppleWebKit/537.36 (KHTML, like Gecko; compatible; bingbot/2.0; +http://www.bing.com/bingbot.htm) Chrome/116.0.1938.76 Safari/537.36"
216.73.217.100 - - [13/May/2026:06:34:21 +1000] "GET /better-web-based-casinos-australian-continent-2026-trusted-secure-bien-au-sites/ HTTP/2" 200 40463 "https://www.coridyan.com/?p=76913" "Mozilla/5.0 AppleWebKit/537.36 (KHTML, like Gecko; compatible; ClaudeBot/1.0; +claudebot@anthropic.com)"
52.167.144.232 - - [13/May/2026:06:34:23 +1000] "GET /products/detail/56389663 HTTP/2" 404 35917 "-" "Mozilla/5.0 AppleWebKit/537.36 (KHTML, like Gecko; compatible; bingbot/2.0; +http://www.bing.com/bingbot.htm) Chrome/116.0.1938.76 Safari/537.36"
192.178.4.100 - - [13/May/2026:06:34:23 +1000] "GET /?products/detail/60075568 HTTP/1.1" 200 39097 "-" "Mozilla/5.0 (Linux; Android 6.0.1; Nexus 5X Build/MMB29P) AppleWebKit/537.36 (KHTML, like Gecko) Chrome/147.0.7727.137 Mobile Safari/537.36 (compatible; Googlebot/2.1; +http://www.google.com/bot.html)"
216.73.217.100 - - [13/May/2026:06:34:24 +1000] "GET /?p=52330 HTTP/2" 301 0 "-" "Mozilla/5.0 AppleWebKit/537.36 (KHTML, like Gecko; compatible; ClaudeBot/1.0; +claudebot@anthropic.com)"
216.73.217.100 - - [13/May/2026:06:34:25 +1000] "GET /dolphin-pearl-deluxe-grati-pacanele-deluxe-king-kong-pentru-bani-reali-novomatic-%e6%98%95%e6%98%a0%e9%9b%bb%e5%ad%90%e9%8e%96%e6%99%ba%e6%85%a7%e7%94%9f%e6%b4%bb%e9%ab%94%e9%a9%97%e9%a4%a8/ HTTP/2" 200 41864 "https://www.coridyan.com/?p=52330" "Mozilla/5.0 AppleWebKit/537.36 (KHTML, like Gecko; compatible; ClaudeBot/1.0; +claudebot@anthropic.com)"
40.77.167.68 - - [13/May/2026:06:34:28 +1000] "GET /products/detail/62795233 HTTP/2" 404 35917 "-" "Mozilla/5.0 AppleWebKit/537.36 (KHTML, like Gecko; compatible; bingbot/2.0; +http://www.bing.com/bingbot.htm) Chrome/116.0.1938.76 Safari/537.36"
216.73.217.100 - - [13/May/2026:06:34:29 +1000] "GET /?p=28991 HTTP/2" 301 0 "-" "Mozilla/5.0 AppleWebKit/537.36 (KHTML, like Gecko; compatible; ClaudeBot/1.0; +claudebot@anthropic.com)"
192.178.4.100 - - [13/May/2026:06:34:29 +1000] "GET /?products/detail/58989412 HTTP/1.1" 200 39097 "-" "Mozilla/5.0 (Linux; Android 6.0.1; Nexus 5X Build/MMB29P) AppleWebKit/537.36 (KHTML, like Gecko) Chrome/147.0.7727.137 Mobile Safari/537.36 (compatible; Googlebot/2.1; +http://www.google.com/bot.html)"
216.73.217.100 - - [13/May/2026:06:34:30 +1000] "GET /lord-of-your-sea-position-demonstration-opinion-5000x-max-winnings/ HTTP/2" 200 40005 "https://www.coridyan.com/?p=28991" "Mozilla/5.0 AppleWebKit/537.36 (KHTML, like Gecko; compatible; ClaudeBot/1.0; +claudebot@anthropic.com)"
216.73.217.100 - - [13/May/2026:06:34:32 +1000] "GET /?p=31441 HTTP/2" 301 0 "-" "Mozilla/5.0 AppleWebKit/537.36 (KHTML, like Gecko; compatible; ClaudeBot/1.0; +claudebot@anthropic.com)"
216.73.217.100 - - [13/May/2026:06:34:33 +1000] "GET /hollywood-casino-promo-password-sdscasino-a-lot-of-incentive-revolves/ HTTP/2" 200 39958 "https://www.coridyan.com/?p=31441" "Mozilla/5.0 AppleWebKit/537.36 (KHTML, like Gecko; compatible; ClaudeBot/1.0; +claudebot@anthropic.com)"
57.141.14.104 - - [13/May/2026:06:34:34 +1000] "GET /products/detail/68075173 HTTP/2" 404 137739 "-" "meta-externalagent/1.1 (+https://developers.facebook.com/docs/sharing/webmasters/crawler)"
192.178.4.100 - - [13/May/2026:06:34:35 +1000] "POST /wp-admin/admin-ajax.php HTTP/1.1" 200 1276 "https://www.coridyan.com/?products/detail/60075568" "Mozilla/5.0 (Linux; Android 6.0.1; Nexus 5X Build/MMB29P) AppleWebKit/537.36 (KHTML, like Gecko) Chrome/147.0.7727.137 Mobile Safari/537.36 (compatible; Googlebot/2.1; +http://www.google.com/bot.html)"
216.73.217.100 - - [13/May/2026:06:34:36 +1000] "GET /?p=73265 HTTP/2" 301 0 "-" "Mozilla/5.0 AppleWebKit/537.36 (KHTML, like Gecko; compatible; ClaudeBot/1.0; +claudebot@anthropic.com)"
216.73.217.100 - - [13/May/2026:06:34:37 +1000] "GET /free-spins-lite-500-freespins-gratissnurr-intill-inskrivnin/ HTTP/2" 200 40804 "https://www.coridyan.com/?p=73265" "Mozilla/5.0 AppleWebKit/537.36 (KHTML, like Gecko; compatible; ClaudeBot/1.0; +claudebot@anthropic.com)"
216.73.217.100 - - [13/May/2026:06:34:42 +1000] "GET /?p=74257 HTTP/2" 301 0 "-" "Mozilla/5.0 AppleWebKit/537.36 (KHTML, like Gecko; compatible; ClaudeBot/1.0; +claudebot@anthropic.com)"
192.178.4.100 - - [13/May/2026:06:34:41 +1000] "GET /comment.php?products/bottega-veneta-blossom-chenille-boucl-tweed-jacket-in-dark-g/8229158/ HTTP/1.1" 200 34989 "-" "Mozilla/5.0 (Linux; Android 6.0.1; Nexus 5X Build/MMB29P) AppleWebKit/537.36 (KHTML, like Gecko) Chrome/147.0.7727.137 Mobile Safari/537.36 (compatible; Googlebot/2.1; +http://www.google.com/bot.html)"
216.73.217.100 - - [13/May/2026:06:34:43 +1000] "GET /crown-coinsi-hasartmanguasutuse-sooduskoodide-tulemused-75-taiesti-tasuta-vulkan-spiele-sissemakseta-promokood-sc-ja-esimese-sammu-5m-parimad-kuldmundid-martsiks-2026/ HTTP/2" 200 40135 "https://www.coridyan.com/?p=74257" "Mozilla/5.0 AppleWebKit/537.36 (KHTML, like Gecko; compatible; ClaudeBot/1.0; +claudebot@anthropic.com)"
216.73.217.100 - - [13/May/2026:06:34:46 +1000] "GET /?p=51074 HTTP/2" 301 0 "-" "Mozilla/5.0 AppleWebKit/537.36 (KHTML, like Gecko; compatible; ClaudeBot/1.0; +claudebot@anthropic.com)"
216.73.217.100 - - [13/May/2026:06:34:47 +1000] "GET /entier-sur-les-casinos-un-tantinet-credibilite-support-sauf-que-publicites/ HTTP/2" 200 41335 "https://www.coridyan.com/?p=51074" "Mozilla/5.0 AppleWebKit/537.36 (KHTML, like Gecko; compatible; ClaudeBot/1.0; +claudebot@anthropic.com)"
57.141.14.90 - - [13/May/2026:06:34:43 +1000] "GET /products/detail/64158139 HTTP/2" 404 137739 "-" "meta-externalagent/1.1 (+https://developers.facebook.com/docs/sharing/webmasters/crawler)"
57.141.14.64 - - [13/May/2026:06:34:40 +1000] "GET /products/detail/53136631 HTTP/2" 404 137739 "-" "meta-externalagent/1.1 (+https://developers.facebook.com/docs/sharing/webmasters/crawler)"
57.141.14.68 - - [13/May/2026:06:34:50 +1000] "GET /products/detail/66064645 HTTP/2" 404 137739 "-" "meta-externalagent/1.1 (+https://developers.facebook.com/docs/sharing/webmasters/crawler)"
57.141.14.67 - - [13/May/2026:06:34:51 +1000] "GET /products/detail/57432934 HTTP/2" 404 137739 "-" "meta-externalagent/1.1 (+https://developers.facebook.com/docs/sharing/webmasters/crawler)"
216.73.217.100 - - [13/May/2026:06:34:52 +1000] "GET /?p=71946 HTTP/2" 301 0 "-" "Mozilla/5.0 AppleWebKit/537.36 (KHTML, like Gecko; compatible; ClaudeBot/1.0; +claudebot@anthropic.com)"
216.73.217.100 - - [13/May/2026:06:34:53 +1000] "GET /bonos-falto-veposito-plenty-of-fortune-giros-falto-abertura-sobre-sasinos-de-de-cualquier-parte-del-mundo-hechos-modernos-haque-bhattacharjee-das-co/ HTTP/2" 200 43933 "https://www.coridyan.com/?p=71946" "Mozilla/5.0 AppleWebKit/537.36 (KHTML, like Gecko; compatible; ClaudeBot/1.0; +claudebot@anthropic.com)"
192.178.4.100 - - [13/May/2026:06:34:53 +1000] "GET /content.php?product/108683146 HTTP/1.1" 200 29211 "-" "Mozilla/5.0 (Linux; Android 6.0.1; Nexus 5X Build/MMB29P) AppleWebKit/537.36 (KHTML, like Gecko) Chrome/147.0.7727.137 Mobile Safari/537.36 (compatible; Googlebot/2.1; +http://www.google.com/bot.html)"
216.73.217.100 - - [13/May/2026:06:34:56 +1000] "GET /?p=71547 HTTP/2" 301 0 "-" "Mozilla/5.0 AppleWebKit/537.36 (KHTML, like Gecko; compatible; ClaudeBot/1.0; +claudebot@anthropic.com)"
216.73.217.100 - - [13/May/2026:06:34:57 +1000] "GET /skip-kitty-harbors-comment-play-miss-cat-get-100x-bonus/ HTTP/2" 200 40755 "https://www.coridyan.com/?p=71547" "Mozilla/5.0 AppleWebKit/537.36 (KHTML, like Gecko; compatible; ClaudeBot/1.0; +claudebot@anthropic.com)"
192.178.4.100 - - [13/May/2026:06:34:58 +1000] "POST /wp-json/platformist-quadendpointer-sxadtr/v1/s6qgn HTTP/1.1" 200 1506 "https://www.coridyan.com/?products/detail/60075568" "Mozilla/5.0 (Linux; Android 6.0.1; Nexus 5X Build/MMB29P) AppleWebKit/537.36 (KHTML, like Gecko) Chrome/147.0.7727.137 Mobile Safari/537.36 (compatible; Googlebot/2.1; +http://www.google.com/bot.html)"
216.73.217.100 - - [13/May/2026:06:35:00 +1000] "GET /?p=76925 HTTP/2" 301 0 "-" "Mozilla/5.0 AppleWebKit/537.36 (KHTML, like Gecko; compatible; ClaudeBot/1.0; +claudebot@anthropic.com)"
216.73.217.100 - - [13/May/2026:06:35:01 +1000] "GET /totally-free-pokies-free-online-pokies/ HTTP/2" 200 40425 "https://www.coridyan.com/?p=76925" "Mozilla/5.0 AppleWebKit/537.36 (KHTML, like Gecko; compatible; ClaudeBot/1.0; +claudebot@anthropic.com)"
216.73.217.100 - - [13/May/2026:06:35:05 +1000] "GET /?p=76927 HTTP/2" 301 0 "-" "Mozilla/5.0 AppleWebKit/537.36 (KHTML, like Gecko; compatible; ClaudeBot/1.0; +claudebot@anthropic.com)"
192.178.4.100 - - [13/May/2026:06:35:05 +1000] "GET /comment.php?products/pandora-minnie-mouse-silver-charm/19167138/ HTTP/1.1" 200 33911 "-" "Mozilla/5.0 (Linux; Android 6.0.1; Nexus 5X Build/MMB29P) AppleWebKit/537.36 (KHTML, like Gecko) Chrome/147.0.7727.137 Mobile Safari/537.36 (compatible; GoogleOther)"
216.73.217.100 - - [13/May/2026:06:35:07 +1000] "GET /twist-physics-wikipedia/ HTTP/2" 200 40656 "https://www.coridyan.com/?p=76927" "Mozilla/5.0 AppleWebKit/537.36 (KHTML, like Gecko; compatible; ClaudeBot/1.0; +claudebot@anthropic.com)"
57.141.14.104 - - [13/May/2026:06:35:08 +1000] "GET /products/detail/52963948 HTTP/2" 404 137739 "-" "meta-externalagent/1.1 (+https://developers.facebook.com/docs/sharing/webmasters/crawler)"
57.141.14.26 - - [13/May/2026:06:35:07 +1000] "GET /products/detail/56452789 HTTP/2" 404 137739 "-" "meta-externalagent/1.1 (+https://developers.facebook.com/docs/sharing/webmasters/crawler)"
216.73.217.100 - - [13/May/2026:06:35:11 +1000] "GET /?p=52332 HTTP/2" 301 0 "-" "Mozilla/5.0 AppleWebKit/537.36 (KHTML, like Gecko; compatible; ClaudeBot/1.0; +claudebot@anthropic.com)"
216.73.217.100 - - [13/May/2026:06:35:12 +1000] "GET /lucky-schnellste-auszahlung-online-casino-days-spielbank-erfahrungen-berechnung-casino-erleuchteter/ HTTP/2" 200 42375 "https://www.coridyan.com/?p=52332" "Mozilla/5.0 AppleWebKit/537.36 (KHTML, like Gecko; compatible; ClaudeBot/1.0; +claudebot@anthropic.com)"
192.178.4.100 - - [13/May/2026:06:35:12 +1000] "GET /content.php?product/106554682 HTTP/1.1" 200 28811 "-" "Mozilla/5.0 (Linux; Android 6.0.1; Nexus 5X Build/MMB29P) AppleWebKit/537.36 (KHTML, like Gecko) Chrome/147.0.7727.137 Mobile Safari/537.36 (compatible; Googlebot/2.1; +http://www.google.com/bot.html)"
216.73.217.100 - - [13/May/2026:06:35:16 +1000] "GET /?p=58081 HTTP/2" 301 0 "-" "Mozilla/5.0 AppleWebKit/537.36 (KHTML, like Gecko; compatible; ClaudeBot/1.0; +claudebot@anthropic.com)"
216.73.217.100 - - [13/May/2026:06:35:17 +1000] "GET /%d8%aa%d8%b9%d9%84%d9%8a%d9%82-%d9%85%d9%81%d8%b5%d9%84-%d9%85%d9%86-avabet-%d9%88%d8%b3%d8%aa%d8%aa%d8%b9%d8%b1%d9%81-%d8%b9%d9%84%d9%89-%d8%a7%d9%84%d8%ad%d9%88%d8%a7%d9%81%d8%b2-%d8%a7%d9%84%d9%85/ HTTP/2" 200 43420 "https://www.coridyan.com/?p=58081" "Mozilla/5.0 AppleWebKit/537.36 (KHTML, like Gecko; compatible; ClaudeBot/1.0; +claudebot@anthropic.com)"
192.178.4.100 - - [13/May/2026:06:35:19 +1000] "GET /content.php?product/62539810 HTTP/1.1" 200 28553 "-" "Mozilla/5.0 (Linux; Android 6.0.1; Nexus 5X Build/MMB29P) AppleWebKit/537.36 (KHTML, like Gecko) Chrome/147.0.7727.137 Mobile Safari/537.36 (compatible; Googlebot/2.1; +http://www.google.com/bot.html)"
216.73.217.100 - - [13/May/2026:06:35:20 +1000] "GET /?p=69640 HTTP/2" 301 0 "-" "Mozilla/5.0 AppleWebKit/537.36 (KHTML, like Gecko; compatible; ClaudeBot/1.0; +claudebot@anthropic.com)"
216.73.217.100 - - [13/May/2026:06:35:22 +1000] "GET /recomandatie-quickspin-software-pentru-cazinouri-generala-jocuri-recenziile-jucatorilor/ HTTP/2" 200 41483 "https://www.coridyan.com/?p=69640" "Mozilla/5.0 AppleWebKit/537.36 (KHTML, like Gecko; compatible; ClaudeBot/1.0; +claudebot@anthropic.com)"
57.141.14.27 - - [13/May/2026:06:35:26 +1000] "GET /products/detail/56787652 HTTP/2" 404 137739 "-" "meta-externalagent/1.1 (+https://developers.facebook.com/docs/sharing/webmasters/crawler)"
192.178.4.100 - - [13/May/2026:06:35:25 +1000] "GET /content.php?product/88231954 HTTP/1.1" 200 27731 "-" "Mozilla/5.0 (Linux; Android 6.0.1; Nexus 5X Build/MMB29P) AppleWebKit/537.36 (KHTML, like Gecko) Chrome/147.0.7727.137 Mobile Safari/537.36 (compatible; Googlebot/2.1; +http://www.google.com/bot.html)"
216.73.217.100 - - [13/May/2026:06:35:24 +1000] "GET /twist-physics-wikipedia/feed/ HTTP/2" 200 796 "-" "Mozilla/5.0 AppleWebKit/537.36 (KHTML, like Gecko; compatible; ClaudeBot/1.0; +claudebot@anthropic.com)"
57.141.14.79 - - [13/May/2026:06:35:29 +1000] "GET /products/detail/64332865 HTTP/2" 404 137739 "-" "meta-externalagent/1.1 (+https://developers.facebook.com/docs/sharing/webmasters/crawler)"
216.73.217.100 - - [13/May/2026:06:35:31 +1000] "GET /?p=71621 HTTP/2" 301 0 "-" "Mozilla/5.0 AppleWebKit/537.36 (KHTML, like Gecko; compatible; ClaudeBot/1.0; +claudebot@anthropic.com)"
57.141.14.102 - - [13/May/2026:06:35:31 +1000] "GET /products/detail/59096368 HTTP/2" 404 137739 "-" "meta-externalagent/1.1 (+https://developers.facebook.com/docs/sharing/webmasters/crawler)"
216.73.217.100 - - [13/May/2026:06:35:32 +1000] "GET /tomb-raider-position-online-game-remark-free-play-extra/ HTTP/2" 200 40584 "https://www.coridyan.com/?p=71621" "Mozilla/5.0 AppleWebKit/537.36 (KHTML, like Gecko; compatible; ClaudeBot/1.0; +claudebot@anthropic.com)"
192.178.4.100 - - [13/May/2026:06:35:33 +1000] "GET /content.php?product/97584034 HTTP/1.1" 200 28961 "-" "Mozilla/5.0 (Linux; Android 6.0.1; Nexus 5X Build/MMB29P) AppleWebKit/537.36 (KHTML, like Gecko) Chrome/147.0.7727.137 Mobile Safari/537.36 (compatible; Googlebot/2.1; +http://www.google.com/bot.html)"
216.73.217.100 - - [13/May/2026:06:35:37 +1000] "GET /?p=53132 HTTP/2" 301 0 "-" "Mozilla/5.0 AppleWebKit/537.36 (KHTML, like Gecko; compatible; ClaudeBot/1.0; +claudebot@anthropic.com)"
216.73.217.100 - - [13/May/2026:06:35:39 +1000] "GET /verbunden-spielbank-zahlungsmethoden-2026-direkt-auf-paradise-found-bewertung-jeden-fall/ HTTP/2" 200 42805 "https://www.coridyan.com/?p=53132" "Mozilla/5.0 AppleWebKit/537.36 (KHTML, like Gecko; compatible; ClaudeBot/1.0; +claudebot@anthropic.com)"
192.178.4.100 - - [13/May/2026:06:35:40 +1000] "GET /content.php?product/53049490 HTTP/1.1" 200 27939 "-" "Mozilla/5.0 (Linux; Android 6.0.1; Nexus 5X Build/MMB29P) AppleWebKit/537.36 (KHTML, like Gecko) Chrome/147.0.7727.137 Mobile Safari/537.36 (compatible; Googlebot/2.1; +http://www.google.com/bot.html)"
216.73.217.100 - - [13/May/2026:06:35:42 +1000] "GET /?p=62619 HTTP/2" 301 0 "-" "Mozilla/5.0 AppleWebKit/537.36 (KHTML, like Gecko; compatible; ClaudeBot/1.0; +claudebot@anthropic.com)"
216.73.217.100 - - [13/May/2026:06:35:44 +1000] "GET /live-drogenhandler-spielsaal-land-der-dichter-und-bet3000-casino-top-denker-verweis-der-nuchterne-ansicht-eines-veteranen/ HTTP/2" 200 42058 "https://www.coridyan.com/?p=62619" "Mozilla/5.0 AppleWebKit/537.36 (KHTML, like Gecko; compatible; ClaudeBot/1.0; +claudebot@anthropic.com)"
216.73.217.100 - - [13/May/2026:06:35:47 +1000] "GET /?p=22495 HTTP/2" 301 0 "-" "Mozilla/5.0 AppleWebKit/537.36 (KHTML, like Gecko; compatible; ClaudeBot/1.0; +claudebot@anthropic.com)"
216.73.217.100 - - [13/May/2026:06:35:49 +1000] "GET /the-newest-casinos-on-the-slots-online-real-money-internet-australia-2025-analysis-read-support-service-recommendations-from-new-online-casinos-australia-2025-com/ HTTP/2" 200 41523 "https://www.coridyan.com/?p=22495" "Mozilla/5.0 AppleWebKit/537.36 (KHTML, like Gecko; compatible; ClaudeBot/1.0; +claudebot@anthropic.com)"
192.178.4.100 - - [13/May/2026:06:35:48 +1000] "GET /content.php?product/47570386 HTTP/1.1" 200 30227 "-" "Mozilla/5.0 (Linux; Android 6.0.1; Nexus 5X Build/MMB29P) AppleWebKit/537.36 (KHTML, like Gecko) Chrome/147.0.7727.137 Mobile Safari/537.36 (compatible; Googlebot/2.1; +http://www.google.com/bot.html)"
57.141.14.96 - - [13/May/2026:06:35:50 +1000] "GET /products/detail/64246591 HTTP/2" 404 137739 "-" "meta-externalagent/1.1 (+https://developers.facebook.com/docs/sharing/webmasters/crawler)"
216.73.217.100 - - [13/May/2026:06:35:52 +1000] "GET /?p=52996 HTTP/2" 301 0 "-" "Mozilla/5.0 AppleWebKit/537.36 (KHTML, like Gecko; compatible; ClaudeBot/1.0; +claudebot@anthropic.com)"
216.73.217.100 - - [13/May/2026:06:35:54 +1000] "GET /book-spybet-bet-login-from-ra/ HTTP/2" 200 41350 "https://www.coridyan.com/?p=52996" "Mozilla/5.0 AppleWebKit/537.36 (KHTML, like Gecko; compatible; ClaudeBot/1.0; +claudebot@anthropic.com)"
192.178.4.100 - - [13/May/2026:06:35:55 +1000] "GET /content.php?product/83551138 HTTP/1.1" 200 28861 "-" "Mozilla/5.0 (Linux; Android 6.0.1; Nexus 5X Build/MMB29P) AppleWebKit/537.36 (KHTML, like Gecko) Chrome/147.0.7727.137 Mobile Safari/537.36 (compatible; Googlebot/2.1; +http://www.google.com/bot.html)"
57.141.14.106 - - [13/May/2026:06:35:57 +1000] "GET /products/detail/63618841 HTTP/2" 404 137739 "-" "meta-externalagent/1.1 (+https://developers.facebook.com/docs/sharing/webmasters/crawler)"
216.73.217.100 - - [13/May/2026:06:35:58 +1000] "GET /?p=31177 HTTP/2" 301 0 "-" "Mozilla/5.0 AppleWebKit/537.36 (KHTML, like Gecko; compatible; ClaudeBot/1.0; +claudebot@anthropic.com)"
216.73.217.100 - - [13/May/2026:06:36:00 +1000] "GET /twenty-five-big-game-play-slot-free-spins-no-deposit-nederland-recommendations-bekijk-consumentenreviews-more-25freespinsnodepositnederland-vip/ HTTP/2" 200 41916 "https://www.coridyan.com/?p=31177" "Mozilla/5.0 AppleWebKit/537.36 (KHTML, like Gecko; compatible; ClaudeBot/1.0; +claudebot@anthropic.com)"
57.141.14.17 - - [13/May/2026:06:36:00 +1000] "GET /products/detail/70048117 HTTP/2" 404 137739 "-" "meta-externalagent/1.1 (+https://developers.facebook.com/docs/sharing/webmasters/crawler)"
192.178.4.100 - - [13/May/2026:06:36:03 +1000] "GET /content.php?product/103253074 HTTP/1.1" 200 28091 "-" "Mozilla/5.0 (Linux; Android 6.0.1; Nexus 5X Build/MMB29P) AppleWebKit/537.36 (KHTML, like Gecko) Chrome/147.0.7727.137 Mobile Safari/537.36 (compatible; Googlebot/2.1; +http://www.google.com/bot.html)"
216.73.217.100 - - [13/May/2026:06:36:05 +1000] "GET /products/detail/67784284 HTTP/2" 404 35917 "-" "Mozilla/5.0 AppleWebKit/537.36 (KHTML, like Gecko; compatible; ClaudeBot/1.0; +claudebot@anthropic.com)"
216.73.217.100 - - [13/May/2026:06:36:11 +1000] "GET /products/detail/63802180 HTTP/2" 404 35911 "-" "Mozilla/5.0 AppleWebKit/537.36 (KHTML, like Gecko; compatible; ClaudeBot/1.0; +claudebot@anthropic.com)"
192.178.4.101 - - [13/May/2026:06:36:11 +1000] "GET /comment.php?products/single-speed-cruiser-bicycle-with-road-tires/12044248/ HTTP/1.1" 200 36490 "-" "Mozilla/5.0 (Linux; Android 6.0.1; Nexus 5X Build/MMB29P) AppleWebKit/537.36 (KHTML, like Gecko) Chrome/147.0.7727.137 Mobile Safari/537.36 (compatible; GoogleOther)"
216.73.217.100 - - [13/May/2026:06:36:18 +1000] "GET /products/detail/58458178 HTTP/2" 404 35911 "-" "Mozilla/5.0 AppleWebKit/537.36 (KHTML, like Gecko; compatible; ClaudeBot/1.0; +claudebot@anthropic.com)"
192.178.4.100 - - [13/May/2026:06:36:19 +1000] "GET /?products/detail/69587596%20%20%20%20%20%20%20%20%20%20%20%20%20%20%20%20%20%20%20%20%20%20%20%20class= HTTP/1.1" 200 39097 "-" "Mozilla/5.0 (Linux; Android 6.0.1; Nexus 5X Build/MMB29P) AppleWebKit/537.36 (KHTML, like Gecko) Chrome/147.0.7727.137 Mobile Safari/537.36 (compatible; Googlebot/2.1; +http://www.google.com/bot.html)"
57.141.14.36 - - [13/May/2026:06:36:24 +1000] "GET /products/detail/66874870 HTTP/2" 404 137739 "-" "meta-externalagent/1.1 (+https://developers.facebook.com/docs/sharing/webmasters/crawler)"
216.73.217.100 - - [13/May/2026:06:36:25 +1000] "GET /products/detail/53612929 HTTP/2" 404 35911 "-" "Mozilla/5.0 AppleWebKit/537.36 (KHTML, like Gecko; compatible; ClaudeBot/1.0; +claudebot@anthropic.com)"
192.178.4.100 - - [13/May/2026:06:36:26 +1000] "POST /wp-admin/admin-ajax.php HTTP/1.1" 200 1280 "https://www.coridyan.com/?products/detail/69587596%20%20%20%20%20%20%20%20%20%20%20%20%20%20%20%20%20%20%20%20%20%20%20%20class=" "Mozilla/5.0 (Linux; Android 6.0.1; Nexus 5X Build/MMB29P) AppleWebKit/537.36 (KHTML, like Gecko) Chrome/147.0.7727.137 Mobile Safari/537.36 (compatible; Googlebot/2.1; +http://www.google.com/bot.html)"
57.141.14.2 - - [13/May/2026:06:36:26 +1000] "GET /products/detail/63629488 HTTP/2" 404 137739 "-" "meta-externalagent/1.1 (+https://developers.facebook.com/docs/sharing/webmasters/crawler)"
216.73.217.100 - - [13/May/2026:06:36:32 +1000] "GET /products/detail/63759385 HTTP/2" 404 35911 "-" "Mozilla/5.0 AppleWebKit/537.36 (KHTML, like Gecko; compatible; ClaudeBot/1.0; +claudebot@anthropic.com)"
57.141.14.20 - - [13/May/2026:06:36:34 +1000] "GET /products/detail/53473906 HTTP/2" 404 137739 "-" "meta-externalagent/1.1 (+https://developers.facebook.com/docs/sharing/webmasters/crawler)"
192.178.4.100 - - [13/May/2026:06:36:33 +1000] "GET /content.php?product/110699362 HTTP/1.1" 200 28923 "-" "Mozilla/5.0 (Linux; Android 6.0.1; Nexus 5X Build/MMB29P) AppleWebKit/537.36 (KHTML, like Gecko) Chrome/147.0.7727.137 Mobile Safari/537.36 (compatible; Googlebot/2.1; +http://www.google.com/bot.html)"
57.141.14.22 - - [13/May/2026:06:36:36 +1000] "GET /products/detail/66696751 HTTP/2" 404 137739 "-" "meta-externalagent/1.1 (+https://developers.facebook.com/docs/sharing/webmasters/crawler)"
