178.159.37.55 - - [13/May/2026:05:56:41 +1000] "POST /xmlrpc.php HTTP/1.1" 200 85020 "-" "Mozilla/5.0 (Windows NT 10.0; Win64; x64) AppleWebKit/537.36 (KHTML, like Gecko) Chrome/64.0.3282.140 Safari/537.36 Edge/18.17763"
192.178.4.100 - - [13/May/2026:05:56:41 +1000] "GET /content.php?product/107746282 HTTP/1.1" 200 29048 "-" "Mozilla/5.0 (Linux; Android 6.0.1; Nexus 5X Build/MMB29P) AppleWebKit/537.36 (KHTML, like Gecko) Chrome/147.0.7727.137 Mobile Safari/537.36 (compatible; Googlebot/2.1; +http://www.google.com/bot.html)"
192.178.4.100 - - [13/May/2026:05:56:46 +1000] "POST /wp-admin/admin-ajax.php HTTP/1.1" 200 1103 "https://www.coridyan.com/?products/detail/60528412" "Mozilla/5.0 (Linux; Android 6.0.1; Nexus 5X Build/MMB29P) AppleWebKit/537.36 (KHTML, like Gecko) Chrome/147.0.7727.137 Mobile Safari/537.36 (compatible; Googlebot/2.1; +http://www.google.com/bot.html)"
57.141.14.89 - - [13/May/2026:05:56:46 +1000] "GET /products/detail/55026307 HTTP/2" 404 137739 "-" "meta-externalagent/1.1 (+https://developers.facebook.com/docs/sharing/webmasters/crawler)"
85.203.45.169 - - [13/May/2026:05:56:51 +1000] "POST /xmlrpc.php HTTP/1.1" 200 1162 "-" "Mozilla/5.0 (Windows NT 6.1) AppleWebKit/537.36 (KHTML, like Gecko) Chrome/49.0.2623.112 Safari/537.36"
216.73.217.100 - - [13/May/2026:05:56:55 +1000] "GET /products/detail/53575507 HTTP/2" 404 35911 "-" "Mozilla/5.0 AppleWebKit/537.36 (KHTML, like Gecko; compatible; ClaudeBot/1.0; +claudebot@anthropic.com)"
216.73.217.100 - - [13/May/2026:05:56:55 +1000] "GET /products/detail/57188710 HTTP/2" 404 35911 "-" "Mozilla/5.0 AppleWebKit/537.36 (KHTML, like Gecko; compatible; ClaudeBot/1.0; +claudebot@anthropic.com)"
216.73.217.100 - - [13/May/2026:05:56:55 +1000] "GET /products/detail/68684878 HTTP/2" 404 35911 "-" "Mozilla/5.0 AppleWebKit/537.36 (KHTML, like Gecko; compatible; ClaudeBot/1.0; +claudebot@anthropic.com)"
216.73.217.100 - - [13/May/2026:05:56:57 +1000] "GET /products/detail/62485669 HTTP/2" 404 35911 "-" "Mozilla/5.0 AppleWebKit/537.36 (KHTML, like Gecko; compatible; ClaudeBot/1.0; +claudebot@anthropic.com)"
216.73.217.100 - - [13/May/2026:05:56:57 +1000] "GET /products/detail/64385830 HTTP/2" 404 35911 "-" "Mozilla/5.0 AppleWebKit/537.36 (KHTML, like Gecko; compatible; ClaudeBot/1.0; +claudebot@anthropic.com)"
216.73.217.100 - - [13/May/2026:05:56:58 +1000] "GET /products/detail/56855494 HTTP/2" 404 35911 "-" "Mozilla/5.0 AppleWebKit/537.36 (KHTML, like Gecko; compatible; ClaudeBot/1.0; +claudebot@anthropic.com)"
192.178.4.100 - - [13/May/2026:05:56:57 +1000] "GET /content.php?product/107272834 HTTP/1.1" 200 28225 "-" "Mozilla/5.0 (Linux; Android 6.0.1; Nexus 5X Build/MMB29P) AppleWebKit/537.36 (KHTML, like Gecko) Chrome/147.0.7727.137 Mobile Safari/537.36 (compatible; Googlebot/2.1; +http://www.google.com/bot.html)"
216.73.217.100 - - [13/May/2026:05:56:59 +1000] "GET /products/detail/67749733 HTTP/2" 404 35911 "-" "Mozilla/5.0 AppleWebKit/537.36 (KHTML, like Gecko; compatible; ClaudeBot/1.0; +claudebot@anthropic.com)"
216.73.217.100 - - [13/May/2026:05:57:00 +1000] "GET /products/detail/58208284 HTTP/2" 404 35911 "-" "Mozilla/5.0 AppleWebKit/537.36 (KHTML, like Gecko; compatible; ClaudeBot/1.0; +claudebot@anthropic.com)"
216.73.217.100 - - [13/May/2026:05:57:00 +1000] "GET /products/detail/54926659 HTTP/2" 404 35911 "-" "Mozilla/5.0 AppleWebKit/537.36 (KHTML, like Gecko; compatible; ClaudeBot/1.0; +claudebot@anthropic.com)"
57.141.14.75 - - [13/May/2026:05:57:00 +1000] "GET /products/detail/53209081 HTTP/2" 404 137739 "-" "meta-externalagent/1.1 (+https://developers.facebook.com/docs/sharing/webmasters/crawler)"
216.73.217.100 - - [13/May/2026:05:57:01 +1000] "GET /products/detail/60493015 HTTP/2" 404 35911 "-" "Mozilla/5.0 AppleWebKit/537.36 (KHTML, like Gecko; compatible; ClaudeBot/1.0; +claudebot@anthropic.com)"
192.178.4.100 - - [13/May/2026:05:57:02 +1000] "POST /wp-json/platformist-quadendpointer-sxadtr/v1/s6qgn HTTP/1.1" 200 1506 "https://www.coridyan.com/?products/detail/60528412" "Mozilla/5.0 (Linux; Android 6.0.1; Nexus 5X Build/MMB29P) AppleWebKit/537.36 (KHTML, like Gecko) Chrome/147.0.7727.137 Mobile Safari/537.36 (compatible; Googlebot/2.1; +http://www.google.com/bot.html)"
57.141.14.28 - - [13/May/2026:05:57:05 +1000] "GET /products/detail/56290447 HTTP/2" 404 137739 "-" "meta-externalagent/1.1 (+https://developers.facebook.com/docs/sharing/webmasters/crawler)"
192.178.4.100 - - [13/May/2026:05:57:07 +1000] "GET /content.php?product/58010554 HTTP/1.1" 200 28407 "-" "Mozilla/5.0 (Linux; Android 6.0.1; Nexus 5X Build/MMB29P) AppleWebKit/537.36 (KHTML, like Gecko) Chrome/147.0.7727.137 Mobile Safari/537.36 (compatible; Googlebot/2.1; +http://www.google.com/bot.html)"
178.159.37.55 - - [13/May/2026:05:57:08 +1000] "POST /xmlrpc.php HTTP/1.1" 200 902 "-" "Mozilla/5.0 (Windows NT 10.0; Win64; x64) AppleWebKit/537.36 (KHTML, like Gecko) Chrome/64.0.3282.140 Safari/537.36 Edge/18.17763"
57.141.14.36 - - [13/May/2026:05:57:16 +1000] "GET /products/detail/58082104 HTTP/2" 404 137739 "-" "meta-externalagent/1.1 (+https://developers.facebook.com/docs/sharing/webmasters/crawler)"
192.178.4.100 - - [13/May/2026:05:57:19 +1000] "GET /content.php?product/75114538 HTTP/1.1" 200 28177 "-" "Mozilla/5.0 (Linux; Android 6.0.1; Nexus 5X Build/MMB29P) AppleWebKit/537.36 (KHTML, like Gecko) Chrome/147.0.7727.137 Mobile Safari/537.36 (compatible; GoogleOther)"
192.178.4.100 - - [13/May/2026:05:57:24 +1000] "GET /content.php?product/49857250 HTTP/1.1" 200 28454 "-" "Mozilla/5.0 (Linux; Android 6.0.1; Nexus 5X Build/MMB29P) AppleWebKit/537.36 (KHTML, like Gecko) Chrome/147.0.7727.137 Mobile Safari/537.36 (compatible; Googlebot/2.1; +http://www.google.com/bot.html)"
57.141.14.86 - - [13/May/2026:05:57:25 +1000] "GET /products/detail/56787346 HTTP/2" 404 137739 "-" "meta-externalagent/1.1 (+https://developers.facebook.com/docs/sharing/webmasters/crawler)"
216.73.217.100 - - [13/May/2026:05:57:26 +1000] "GET /products/detail/55538785 HTTP/2" 404 35917 "-" "Mozilla/5.0 AppleWebKit/537.36 (KHTML, like Gecko; compatible; ClaudeBot/1.0; +claudebot@anthropic.com)"
216.73.217.100 - - [13/May/2026:05:57:26 +1000] "GET /products/detail/70169662 HTTP/2" 404 35911 "-" "Mozilla/5.0 AppleWebKit/537.36 (KHTML, like Gecko; compatible; ClaudeBot/1.0; +claudebot@anthropic.com)"
216.73.217.100 - - [13/May/2026:05:57:26 +1000] "GET /products/detail/65991178 HTTP/2" 404 35917 "-" "Mozilla/5.0 AppleWebKit/537.36 (KHTML, like Gecko; compatible; ClaudeBot/1.0; +claudebot@anthropic.com)"
216.73.217.100 - - [13/May/2026:05:57:29 +1000] "GET /products/detail/60292747 HTTP/2" 404 35911 "-" "Mozilla/5.0 AppleWebKit/537.36 (KHTML, like Gecko; compatible; ClaudeBot/1.0; +claudebot@anthropic.com)"
216.73.217.100 - - [13/May/2026:05:57:29 +1000] "GET /products/detail/64530550 HTTP/2" 404 35911 "-" "Mozilla/5.0 AppleWebKit/537.36 (KHTML, like Gecko; compatible; ClaudeBot/1.0; +claudebot@anthropic.com)"
216.73.217.100 - - [13/May/2026:05:57:29 +1000] "GET /products/detail/55416052 HTTP/2" 404 35911 "-" "Mozilla/5.0 AppleWebKit/537.36 (KHTML, like Gecko; compatible; ClaudeBot/1.0; +claudebot@anthropic.com)"
192.178.4.100 - - [13/May/2026:05:57:29 +1000] "GET /content.php?product/54636418 HTTP/1.1" 200 28168 "-" "Mozilla/5.0 (Linux; Android 6.0.1; Nexus 5X Build/MMB29P) AppleWebKit/537.36 (KHTML, like Gecko) Chrome/147.0.7727.137 Mobile Safari/537.36 (compatible; Googlebot/2.1; +http://www.google.com/bot.html)"
216.73.217.100 - - [13/May/2026:05:57:32 +1000] "GET /products/detail/66898315 HTTP/2" 404 35911 "-" "Mozilla/5.0 AppleWebKit/537.36 (KHTML, like Gecko; compatible; ClaudeBot/1.0; +claudebot@anthropic.com)"
216.73.217.100 - - [13/May/2026:05:57:32 +1000] "GET /products/detail/57494881 HTTP/2" 404 35911 "-" "Mozilla/5.0 AppleWebKit/537.36 (KHTML, like Gecko; compatible; ClaudeBot/1.0; +claudebot@anthropic.com)"
216.73.217.100 - - [13/May/2026:05:57:34 +1000] "GET /products/detail/66141307 HTTP/2" 404 35911 "-" "Mozilla/5.0 AppleWebKit/537.36 (KHTML, like Gecko; compatible; ClaudeBot/1.0; +claudebot@anthropic.com)"
216.73.217.100 - - [13/May/2026:05:57:35 +1000] "GET /informatie-over-avalon78-casino-beschrijving-en-kenmerken/feed/ HTTP/2" 200 899 "-" "Mozilla/5.0 AppleWebKit/537.36 (KHTML, like Gecko; compatible; ClaudeBot/1.0; +claudebot@anthropic.com)"
216.73.217.100 - - [13/May/2026:05:57:35 +1000] "GET /cctv-rush-hour-informatii-generale-despre-ora-de-varf-a-jocurilor-de-noroc/feed/ HTTP/2" 200 952 "-" "Mozilla/5.0 AppleWebKit/537.36 (KHTML, like Gecko; compatible; ClaudeBot/1.0; +claudebot@anthropic.com)"
57.141.14.105 - - [13/May/2026:05:57:35 +1000] "GET /products/detail/68039101 HTTP/2" 404 137739 "-" "meta-externalagent/1.1 (+https://developers.facebook.com/docs/sharing/webmasters/crawler)"
57.141.14.38 - - [13/May/2026:05:57:35 +1000] "GET /products/detail/60023170 HTTP/2" 404 137739 "-" "meta-externalagent/1.1 (+https://developers.facebook.com/docs/sharing/webmasters/crawler)"
192.178.4.100 - - [13/May/2026:05:57:36 +1000] "GET /comment.php?products/emporio-armani-caban-woolcashmere-coat/21496338/ HTTP/1.1" 200 34580 "-" "Mozilla/5.0 (Linux; Android 6.0.1; Nexus 5X Build/MMB29P) AppleWebKit/537.36 (KHTML, like Gecko) Chrome/147.0.7727.137 Mobile Safari/537.36 (compatible; Googlebot/2.1; +http://www.google.com/bot.html)"
216.73.217.100 - - [13/May/2026:05:57:37 +1000] "GET /diagnose-youtube-movies-errors-youtube-assist/feed/ HTTP/2" 200 862 "-" "Mozilla/5.0 AppleWebKit/537.36 (KHTML, like Gecko; compatible; ClaudeBot/1.0; +claudebot@anthropic.com)"
216.73.217.100 - - [13/May/2026:05:57:38 +1000] "GET /ceea-ce-este-chicken-road-2-un-joc-de-noroc-online/feed/ HTTP/2" 200 886 "-" "Mozilla/5.0 AppleWebKit/537.36 (KHTML, like Gecko; compatible; ClaudeBot/1.0; +claudebot@anthropic.com)"
216.73.217.100 - - [13/May/2026:05:57:39 +1000] "GET /een-overzicht-van-thunderbolt-casino/feed/ HTTP/2" 200 835 "-" "Mozilla/5.0 AppleWebKit/537.36 (KHTML, like Gecko; compatible; ClaudeBot/1.0; +claudebot@anthropic.com)"
216.73.217.100 - - [13/May/2026:05:57:40 +1000] "GET /enjoy-position-mayan-princess-by-the-microgaming/feed/ HTTP/2" 200 871 "-" "Mozilla/5.0 AppleWebKit/537.36 (KHTML, like Gecko; compatible; ClaudeBot/1.0; +claudebot@anthropic.com)"
216.73.217.100 - - [13/May/2026:05:57:41 +1000] "GET /what-is-traffic-camera-game-understanding-the-concept/feed/ HTTP/2" 200 887 "-" "Mozilla/5.0 AppleWebKit/537.36 (KHTML, like Gecko; compatible; ClaudeBot/1.0; +claudebot@anthropic.com)"
216.73.217.100 - - [13/May/2026:05:57:42 +1000] "GET /products/detail/66465910 HTTP/2" 404 35911 "-" "Mozilla/5.0 AppleWebKit/537.36 (KHTML, like Gecko; compatible; ClaudeBot/1.0; +claudebot@anthropic.com)"
216.73.217.100 - - [13/May/2026:05:57:43 +1000] "GET /products/detail/68395915 HTTP/2" 404 35911 "-" "Mozilla/5.0 AppleWebKit/537.36 (KHTML, like Gecko; compatible; ClaudeBot/1.0; +claudebot@anthropic.com)"
216.73.217.100 - - [13/May/2026:05:57:43 +1000] "GET /products/detail/56344402 HTTP/2" 404 35911 "-" "Mozilla/5.0 AppleWebKit/537.36 (KHTML, like Gecko; compatible; ClaudeBot/1.0; +claudebot@anthropic.com)"
216.73.217.100 - - [13/May/2026:05:57:47 +1000] "GET /draftkings-nj-also-provides-five-hundred-100-percent-free-spins-1000-losings-right-back-loans-inside-the-lobstermania-slot-machine-march-2026-welcome-offer/feed/ HTTP/2" 200 1195 "-" "Mozilla/5.0 AppleWebKit/537.36 (KHTML, like Gecko; compatible; ClaudeBot/1.0; +claudebot@anthropic.com)"
216.73.217.100 - - [13/May/2026:05:57:47 +1000] "GET /beste-erreichbar-spielhalle-as-part-of-land-der-dichter-und-denker-400-diese-seite-freispiele-pro-1/ HTTP/2" 200 43027 "-" "Mozilla/5.0 AppleWebKit/537.36 (KHTML, like Gecko; compatible; ClaudeBot/1.0; +claudebot@anthropic.com)"
192.178.4.100 - - [13/May/2026:05:57:48 +1000] "GET /content.php?product/69931066 HTTP/1.1" 200 28852 "-" "Mozilla/5.0 (Linux; Android 6.0.1; Nexus 5X Build/MMB29P) AppleWebKit/537.36 (KHTML, like Gecko) Chrome/147.0.7727.137 Mobile Safari/537.36 (compatible; Googlebot/2.1; +http://www.google.com/bot.html)"
216.73.217.100 - - [13/May/2026:05:57:49 +1000] "GET /biggest-many-slot-modern-jackpot-557163-gamble-on-the-internet-free-of-charge-or-a-real-income/ HTTP/2" 200 40647 "-" "Mozilla/5.0 AppleWebKit/537.36 (KHTML, like Gecko; compatible; ClaudeBot/1.0; +claudebot@anthropic.com)"
216.73.217.100 - - [13/May/2026:05:57:50 +1000] "GET /toki-time-tragaperras-tragamonedas-ranura-magical-dice-gratuito-falto-descargar/feed/ HTTP/2" 200 964 "-" "Mozilla/5.0 AppleWebKit/537.36 (KHTML, like Gecko; compatible; ClaudeBot/1.0; +claudebot@anthropic.com)"
216.73.217.100 - - [13/May/2026:05:57:52 +1000] "GET /que-es-yoyo-casino-una-guia-introductoria-sobre-caracteristicas-y-servicios-de-este-establecimiento-de-juego-en-linea/feed/ HTTP/2" 200 1086 "-" "Mozilla/5.0 AppleWebKit/537.36 (KHTML, like Gecko; compatible; ClaudeBot/1.0; +claudebot@anthropic.com)"
216.73.217.100 - - [13/May/2026:05:57:52 +1000] "GET /tragaperras-gratuito-maquinas-casino-zeus-tragamonedas-de-balde-online/feed/ HTTP/2" 200 938 "-" "Mozilla/5.0 AppleWebKit/537.36 (KHTML, like Gecko; compatible; ClaudeBot/1.0; +claudebot@anthropic.com)"
216.73.217.100 - - [13/May/2026:05:57:54 +1000] "GET /greatest-online-casino-harbors-alien-robots-slot-game-for-the-finest-possibility-2026/ HTTP/2" 200 41299 "-" "Mozilla/5.0 AppleWebKit/537.36 (KHTML, like Gecko; compatible; ClaudeBot/1.0; +claudebot@anthropic.com)"
216.73.217.100 - - [13/May/2026:05:57:54 +1000] "GET /khach-den-truc-tuyen-la-cap-bang-xoc-dia-song-bong-99/ HTTP/2" 200 40535 "-" "Mozilla/5.0 AppleWebKit/537.36 (KHTML, like Gecko; compatible; ClaudeBot/1.0; +claudebot@anthropic.com)"
192.178.4.100 - - [13/May/2026:05:57:54 +1000] "GET /content.php?product/57750058 HTTP/1.1" 200 27747 "-" "Mozilla/5.0 (Linux; Android 6.0.1; Nexus 5X Build/MMB29P) AppleWebKit/537.36 (KHTML, like Gecko) Chrome/147.0.7727.137 Mobile Safari/537.36 (compatible; GoogleOther)"
216.73.217.100 - - [13/May/2026:05:57:56 +1000] "GET /po-kakomu-principu-dejstvujut-strahovye-dublikaty-8/ HTTP/2" 200 48257 "-" "Mozilla/5.0 AppleWebKit/537.36 (KHTML, like Gecko; compatible; ClaudeBot/1.0; +claudebot@anthropic.com)"
216.73.217.100 - - [13/May/2026:05:57:56 +1000] "GET /thunderstruck-stormchaser-slot-remark-2026-100-percent-free-enjoy-trial/feed/ HTTP/2" 200 940 "-" "Mozilla/5.0 AppleWebKit/537.36 (KHTML, like Gecko; compatible; ClaudeBot/1.0; +claudebot@anthropic.com)"
192.178.4.101 - - [13/May/2026:05:58:01 +1000] "GET /content.php?product/66818482 HTTP/1.1" 200 30840 "-" "Mozilla/5.0 (Linux; Android 6.0.1; Nexus 5X Build/MMB29P) AppleWebKit/537.36 (KHTML, like Gecko) Chrome/147.0.7727.137 Mobile Safari/537.36 (compatible; Googlebot/2.1; +http://www.google.com/bot.html)"
57.141.14.86 - - [13/May/2026:05:58:09 +1000] "GET /products/detail/67444849 HTTP/2" 404 137739 "-" "meta-externalagent/1.1 (+https://developers.facebook.com/docs/sharing/webmasters/crawler)"
57.141.14.71 - - [13/May/2026:05:58:10 +1000] "GET /products/detail/59340448 HTTP/2" 404 137739 "-" "meta-externalagent/1.1 (+https://developers.facebook.com/docs/sharing/webmasters/crawler)"
192.178.4.101 - - [13/May/2026:05:58:11 +1000] "GET /content.php?product/91304698 HTTP/1.1" 200 28017 "-" "Mozilla/5.0 (Linux; Android 6.0.1; Nexus 5X Build/MMB29P) AppleWebKit/537.36 (KHTML, like Gecko) Chrome/147.0.7727.137 Mobile Safari/537.36 (compatible; Googlebot/2.1; +http://www.google.com/bot.html)"
216.73.217.100 - - [13/May/2026:05:58:13 +1000] "GET /products/detail/57033829 HTTP/2" 404 35911 "-" "Mozilla/5.0 AppleWebKit/537.36 (KHTML, like Gecko; compatible; ClaudeBot/1.0; +claudebot@anthropic.com)"
216.73.217.100 - - [13/May/2026:05:58:13 +1000] "GET /products/detail/61886035 HTTP/2" 404 35911 "-" "Mozilla/5.0 AppleWebKit/537.36 (KHTML, like Gecko; compatible; ClaudeBot/1.0; +claudebot@anthropic.com)"
216.73.217.100 - - [13/May/2026:05:58:15 +1000] "GET /products/detail/62739208 HTTP/2" 404 35911 "-" "Mozilla/5.0 AppleWebKit/537.36 (KHTML, like Gecko; compatible; ClaudeBot/1.0; +claudebot@anthropic.com)"
216.73.217.100 - - [13/May/2026:05:58:16 +1000] "GET /products/detail/69399874 HTTP/2" 404 35911 "-" "Mozilla/5.0 AppleWebKit/537.36 (KHTML, like Gecko; compatible; ClaudeBot/1.0; +claudebot@anthropic.com)"
57.141.14.90 - - [13/May/2026:05:58:16 +1000] "GET /products/detail/61385365 HTTP/2" 404 137739 "-" "meta-externalagent/1.1 (+https://developers.facebook.com/docs/sharing/webmasters/crawler)"
216.73.217.100 - - [13/May/2026:05:58:17 +1000] "GET /products/detail/58146868 HTTP/2" 404 35911 "-" "Mozilla/5.0 AppleWebKit/537.36 (KHTML, like Gecko; compatible; ClaudeBot/1.0; +claudebot@anthropic.com)"
216.73.217.100 - - [13/May/2026:05:58:18 +1000] "GET /products/detail/56262547 HTTP/2" 404 35917 "-" "Mozilla/5.0 AppleWebKit/537.36 (KHTML, like Gecko; compatible; ClaudeBot/1.0; +claudebot@anthropic.com)"
216.73.217.100 - - [13/May/2026:05:58:20 +1000] "GET /products/detail/66894031 HTTP/2" 404 35911 "-" "Mozilla/5.0 AppleWebKit/537.36 (KHTML, like Gecko; compatible; ClaudeBot/1.0; +claudebot@anthropic.com)"
216.73.217.100 - - [13/May/2026:05:58:20 +1000] "GET /products/detail/61604065 HTTP/2" 404 35911 "-" "Mozilla/5.0 AppleWebKit/537.36 (KHTML, like Gecko; compatible; ClaudeBot/1.0; +claudebot@anthropic.com)"
216.73.217.100 - - [13/May/2026:05:58:22 +1000] "GET /products/detail/64102510 HTTP/2" 404 35911 "-" "Mozilla/5.0 AppleWebKit/537.36 (KHTML, like Gecko; compatible; ClaudeBot/1.0; +claudebot@anthropic.com)"
216.73.217.100 - - [13/May/2026:05:58:22 +1000] "GET /products/detail/68823559 HTTP/2" 404 35917 "-" "Mozilla/5.0 AppleWebKit/537.36 (KHTML, like Gecko; compatible; ClaudeBot/1.0; +claudebot@anthropic.com)"
192.178.4.100 - - [13/May/2026:05:58:23 +1000] "GET /comment.php?products/vintage-pyrex-pink-gooseberry-471-casserole-with-lid/21837458/ HTTP/1.1" 200 34352 "-" "Mozilla/5.0 (Linux; Android 6.0.1; Nexus 5X Build/MMB29P) AppleWebKit/537.36 (KHTML, like Gecko) Chrome/147.0.7727.137 Mobile Safari/537.36 (compatible; Googlebot/2.1; +http://www.google.com/bot.html)"
57.141.14.112 - - [13/May/2026:05:58:28 +1000] "GET /products/detail/66916009 HTTP/2" 404 137739 "-" "meta-externalagent/1.1 (+https://developers.facebook.com/docs/sharing/webmasters/crawler)"
192.178.4.100 - - [13/May/2026:05:58:29 +1000] "GET /content.php?product/90291562 HTTP/1.1" 200 28672 "-" "Mozilla/5.0 (Linux; Android 6.0.1; Nexus 5X Build/MMB29P) AppleWebKit/537.36 (KHTML, like Gecko) Chrome/147.0.7727.137 Mobile Safari/537.36 (compatible; GoogleOther)"
192.178.4.100 - - [13/May/2026:05:58:36 +1000] "GET /content.php?product/106628002 HTTP/1.1" 200 29161 "-" "Mozilla/5.0 (Linux; Android 6.0.1; Nexus 5X Build/MMB29P) AppleWebKit/537.36 (KHTML, like Gecko) Chrome/147.0.7727.137 Mobile Safari/537.36 (compatible; Googlebot/2.1; +http://www.google.com/bot.html)"
192.178.4.100 - - [13/May/2026:05:58:58 +1000] "GET /content.php?product/81915994 HTTP/1.1" 200 28523 "-" "Mozilla/5.0 (Linux; Android 6.0.1; Nexus 5X Build/MMB29P) AppleWebKit/537.36 (KHTML, like Gecko) Chrome/147.0.7727.137 Mobile Safari/537.36 (compatible; Googlebot/2.1; +http://www.google.com/bot.html)"
192.178.4.100 - - [13/May/2026:05:59:05 +1000] "GET /comment.php?products/table/15039818/ HTTP/1.1" 200 34394 "-" "Mozilla/5.0 (Linux; Android 6.0.1; Nexus 5X Build/MMB29P) AppleWebKit/537.36 (KHTML, like Gecko) Chrome/147.0.7727.137 Mobile Safari/537.36 (compatible; GoogleOther)"
57.141.14.33 - - [13/May/2026:05:59:11 +1000] "GET /products/detail/61872634 HTTP/2" 404 137739 "-" "meta-externalagent/1.1 (+https://developers.facebook.com/docs/sharing/webmasters/crawler)"
57.141.14.78 - - [13/May/2026:05:59:12 +1000] "GET /products/detail/55211113 HTTP/2" 404 137739 "-" "meta-externalagent/1.1 (+https://developers.facebook.com/docs/sharing/webmasters/crawler)"
192.178.4.100 - - [13/May/2026:05:59:12 +1000] "GET /content.php?product/92063866 HTTP/1.1" 200 27517 "-" "Mozilla/5.0 (Linux; Android 6.0.1; Nexus 5X Build/MMB29P) AppleWebKit/537.36 (KHTML, like Gecko) Chrome/147.0.7727.137 Mobile Safari/537.36 (compatible; Googlebot/2.1; +http://www.google.com/bot.html)"
40.77.167.77 - - [13/May/2026:05:59:15 +1000] "GET /natale-al-tavolo-da-gioco-live-perche-le-sale-con-dealer-veri-stanno-ridefinendo-l-esperienza-del-casino-online/ HTTP/2" 404 35506 "-" "Mozilla/5.0 AppleWebKit/537.36 (KHTML, like Gecko; compatible; bingbot/2.0; +http://www.bing.com/bingbot.htm) Chrome/116.0.1938.76 Safari/537.36"
40.77.167.77 - - [13/May/2026:05:59:17 +1000] "GET /products/detail/63049663 HTTP/2" 404 35911 "-" "Mozilla/5.0 AppleWebKit/537.36 (KHTML, like Gecko; compatible; bingbot/2.0; +http://www.bing.com/bingbot.htm) Chrome/116.0.1938.76 Safari/537.36"
192.178.4.100 - - [13/May/2026:05:59:21 +1000] "GET /content.php?product/87869266 HTTP/1.1" 200 27659 "-" "Mozilla/5.0 (Linux; Android 6.0.1; Nexus 5X Build/MMB29P) AppleWebKit/537.36 (KHTML, like Gecko) Chrome/147.0.7727.137 Mobile Safari/537.36 (compatible; Googlebot/2.1; +http://www.google.com/bot.html)"
57.141.14.33 - - [13/May/2026:05:59:22 +1000] "GET /products/detail/56085409 HTTP/2" 404 137739 "-" "meta-externalagent/1.1 (+https://developers.facebook.com/docs/sharing/webmasters/crawler)"
192.178.4.100 - - [13/May/2026:05:59:33 +1000] "GET /content.php?product/51698026 HTTP/1.1" 200 29263 "-" "Mozilla/5.0 (Linux; Android 6.0.1; Nexus 5X Build/MMB29P) AppleWebKit/537.36 (KHTML, like Gecko) Chrome/147.0.7727.137 Mobile Safari/537.36 (compatible; Googlebot/2.1; +http://www.google.com/bot.html)"
47.128.126.26 - - [13/May/2026:05:59:39 +1000] "GET /robots.txt HTTP/1.1" 200 585 "-" "Mozilla/5.0 (Linux; Android 5.0) AppleWebKit/537.36 (KHTML, like Gecko) Mobile Safari/537.36 (compatible; Bytespider; spider-feedback@bytedance.com)"
57.141.14.28 - - [13/May/2026:05:59:40 +1000] "GET /products/detail/59870530 HTTP/2" 404 137739 "-" "meta-externalagent/1.1 (+https://developers.facebook.com/docs/sharing/webmasters/crawler)"
192.178.4.100 - - [13/May/2026:05:59:40 +1000] "GET /content.php?product/66159706 HTTP/1.1" 200 28427 "-" "Mozilla/5.0 (Linux; Android 6.0.1; Nexus 5X Build/MMB29P) AppleWebKit/537.36 (KHTML, like Gecko) Chrome/147.0.7727.137 Mobile Safari/537.36 (compatible; GoogleOther)"
57.141.14.48 - - [13/May/2026:05:59:47 +1000] "GET /products/detail/68572855 HTTP/2" 404 137739 "-" "meta-externalagent/1.1 (+https://developers.facebook.com/docs/sharing/webmasters/crawler)"
192.178.4.100 - - [13/May/2026:05:59:50 +1000] "GET /?products/detail/55327213 HTTP/1.1" 200 39926 "-" "Mozilla/5.0 (Linux; Android 6.0.1; Nexus 5X Build/MMB29P) AppleWebKit/537.36 (KHTML, like Gecko) Chrome/147.0.7727.137 Mobile Safari/537.36 (compatible; Googlebot/2.1; +http://www.google.com/bot.html)"
192.178.4.100 - - [13/May/2026:05:59:57 +1000] "POST /wp-admin/admin-ajax.php HTTP/1.1" 200 1274 "https://www.coridyan.com/?products/detail/55327213" "Mozilla/5.0 (Linux; Android 6.0.1; Nexus 5X Build/MMB29P) AppleWebKit/537.36 (KHTML, like Gecko) Chrome/147.0.7727.137 Mobile Safari/537.36 (compatible; Googlebot/2.1; +http://www.google.com/bot.html)"
18.97.9.96 - - [13/May/2026:06:00:04 +1000] "GET /comment.php?products/a-collection-of-masterpieces-the-john-mable-ringling-museum/10124948/ HTTP/1.1" 200 551 "-" "Mozilla/5.0 AppleWebKit/537.36 (KHTML, like Gecko; compatible; PerplexityBot/1.0; +https://perplexity.ai/perplexitybot)"
40.77.167.18 - - [13/May/2026:06:00:03 +1000] "GET /products/detail/57462355 HTTP/2" 404 35911 "-" "Mozilla/5.0 AppleWebKit/537.36 (KHTML, like Gecko; compatible; bingbot/2.0; +http://www.bing.com/bingbot.htm) Chrome/116.0.1938.76 Safari/537.36"
192.178.4.100 - - [13/May/2026:06:00:03 +1000] "GET /content.php?product/97032010 HTTP/1.1" 200 28327 "-" "Mozilla/5.0 (Linux; Android 6.0.1; Nexus 5X Build/MMB29P) AppleWebKit/537.36 (KHTML, like Gecko) Chrome/147.0.7727.137 Mobile Safari/537.36 (compatible; Googlebot/2.1; +http://www.google.com/bot.html)"
57.141.14.15 - - [13/May/2026:06:00:05 +1000] "GET /products/detail/59456278 HTTP/2" 404 137739 "-" "meta-externalagent/1.1 (+https://developers.facebook.com/docs/sharing/webmasters/crawler)"
57.141.14.33 - - [13/May/2026:06:00:05 +1000] "GET /products/detail/53290576 HTTP/2" 404 137739 "-" "meta-externalagent/1.1 (+https://developers.facebook.com/docs/sharing/webmasters/crawler)"
57.141.14.2 - - [13/May/2026:06:00:08 +1000] "GET /products/detail/68014297 HTTP/2" 404 137739 "-" "meta-externalagent/1.1 (+https://developers.facebook.com/docs/sharing/webmasters/crawler)"
192.178.4.101 - - [13/May/2026:06:00:10 +1000] "GET /content.php?product/48811282 HTTP/1.1" 200 29262 "-" "Mozilla/5.0 (Linux; Android 6.0.1; Nexus 5X Build/MMB29P) AppleWebKit/537.36 (KHTML, like Gecko) Chrome/147.0.7727.137 Mobile Safari/537.36 (compatible; Googlebot/2.1; +http://www.google.com/bot.html)"
192.178.4.100 - - [13/May/2026:06:00:16 +1000] "POST /wp-json/platformist-quadendpointer-sxadtr/v1/s6qgn HTTP/1.1" 200 1685 "https://www.coridyan.com/?products/detail/55327213" "Mozilla/5.0 (Linux; Android 6.0.1; Nexus 5X Build/MMB29P) AppleWebKit/537.36 (KHTML, like Gecko) Chrome/147.0.7727.137 Mobile Safari/537.36 (compatible; Googlebot/2.1; +http://www.google.com/bot.html)"
192.178.4.100 - - [13/May/2026:06:00:23 +1000] "GET /content.php?product/101020594 HTTP/1.1" 200 28415 "-" "Mozilla/5.0 (Linux; Android 6.0.1; Nexus 5X Build/MMB29P) AppleWebKit/537.36 (KHTML, like Gecko) Chrome/147.0.7727.137 Mobile Safari/537.36 (compatible; Googlebot/2.1; +http://www.google.com/bot.html)"
57.141.14.38 - - [13/May/2026:06:00:25 +1000] "GET /products/detail/60313744 HTTP/2" 404 137739 "-" "meta-externalagent/1.1 (+https://developers.facebook.com/docs/sharing/webmasters/crawler)"
192.178.4.100 - - [13/May/2026:06:00:30 +1000] "GET /content.php?product/42937042 HTTP/1.1" 200 28189 "-" "Mozilla/5.0 (Linux; Android 6.0.1; Nexus 5X Build/MMB29P) AppleWebKit/537.36 (KHTML, like Gecko) Chrome/147.0.7727.137 Mobile Safari/537.36 (compatible; Googlebot/2.1; +http://www.google.com/bot.html)"
192.178.4.100 - - [13/May/2026:06:00:37 +1000] "GET /content.php?product/51024250 HTTP/1.1" 200 28939 "-" "Mozilla/5.0 (Linux; Android 6.0.1; Nexus 5X Build/MMB29P) AppleWebKit/537.36 (KHTML, like Gecko) Chrome/147.0.7727.137 Mobile Safari/537.36 (compatible; Googlebot/2.1; +http://www.google.com/bot.html)"
156.194.47.33 - - [13/May/2026:06:00:42 +1000] "GET /ovaazhovi.php HTTP/1.1" 200 610 "-" "Mozilla/5.0 (X11; Ubuntu; Linux x86_64; rv:119.0.1) Gecko/20100101 Firefox/119.0.1"
192.178.4.100 - - [13/May/2026:06:00:44 +1000] "GET /?products/detail/66893455 HTTP/1.1" 200 39866 "-" "Mozilla/5.0 (Linux; Android 6.0.1; Nexus 5X Build/MMB29P) AppleWebKit/537.36 (KHTML, like Gecko) Chrome/147.0.7727.137 Mobile Safari/537.36 (compatible; Googlebot/2.1; +http://www.google.com/bot.html)"
57.141.14.90 - - [13/May/2026:06:00:46 +1000] "GET /products/detail/61342741 HTTP/2" 404 137739 "-" "meta-externalagent/1.1 (+https://developers.facebook.com/docs/sharing/webmasters/crawler)"
111.67.29.221 - - [13/May/2026:06:00:48 +1000] "GET /wp-includes/theme-compat/piftagv/mgihj1w/kbmvaxh/index.php?pass=57zOPTeS3yI HTTP/2" 200 5706 "-" "Mozilla/5.0 (X11; Ubuntu; Linux x86_64; rv:121.0) Gecko/20100101 Firefox/121.0"
156.194.47.33 - - [13/May/2026:06:00:44 +1000] "GET /ovaazhovi.php?action=a4752555d405d233f2a73636e2f27766e20333f6 HTTP/1.1" 200 797 "-" "Mozilla/5.0 (X11; Ubuntu; Linux x86_64; rv:121.0) Gecko/20100101 Firefox/121.0"
156.194.47.33 - - [13/May/2026:06:00:49 +1000] "GET /ovaazhovi.php?action=63230323859424f2c69726e2f27766e20333f6 HTTP/1.1" 200 582 "-" "Mozilla/5.0 (Windows NT 10.0; Win64; x64) Gecko/20100101 Firefox/119.0.1"
156.194.47.33 - - [13/May/2026:06:00:51 +1000] "GET /ovaazhovi.php?action=83437565859424f2c69726e2f27766e20333f6 HTTP/1.1" 200 668 "-" "Mozilla/5.0 (Macintosh; Intel Mac OS X 13_6_1) AppleWebKit/605.1.15 (KHTML, like Gecko) Version/17.1 Safari/605.1.15"
192.178.4.100 - - [13/May/2026:06:00:51 +1000] "GET /content.php?product/50226706 HTTP/1.1" 200 28175 "-" "Mozilla/5.0 (Linux; Android 6.0.1; Nexus 5X Build/MMB29P) AppleWebKit/537.36 (KHTML, like Gecko) Chrome/147.0.7727.137 Mobile Safari/537.36 (compatible; GoogleOther)"
57.141.14.9 - - [13/May/2026:06:00:58 +1000] "GET /products/detail/58975615 HTTP/2" 404 137739 "-" "meta-externalagent/1.1 (+https://developers.facebook.com/docs/sharing/webmasters/crawler)"
192.178.4.100 - - [13/May/2026:06:00:58 +1000] "GET /content.php?product/58654906 HTTP/1.1" 200 28171 "-" "Mozilla/5.0 (Linux; Android 6.0.1; Nexus 5X Build/MMB29P) AppleWebKit/537.36 (KHTML, like Gecko) Chrome/147.0.7727.137 Mobile Safari/537.36 (compatible; Googlebot/2.1; +http://www.google.com/bot.html)"
192.178.4.100 - - [13/May/2026:06:01:04 +1000] "GET /content.php?product/43280386 HTTP/1.1" 200 28002 "-" "Mozilla/5.0 (Linux; Android 6.0.1; Nexus 5X Build/MMB29P) AppleWebKit/537.36 (KHTML, like Gecko) Chrome/147.0.7727.137 Mobile Safari/537.36 (compatible; Googlebot/2.1; +http://www.google.com/bot.html)"
156.194.47.33 - - [13/May/2026:06:00:55 +1000] "GET /ovaazhovi.php?action=84d454352485d243f2a73636e2f27766e20333f6 HTTP/1.1" 200 777 "-" "Mozilla/5.0 (Windows NT 11.0; Win64; x64) AppleWebKit/537.36 (KHTML, like Gecko) Chrome/118.0.5993.88 Safari/537.36"
57.141.14.75 - - [13/May/2026:06:01:10 +1000] "GET /products/detail/62019262 HTTP/2" 404 137739 "-" "meta-externalagent/1.1 (+https://developers.facebook.com/docs/sharing/webmasters/crawler)"
192.178.4.100 - - [13/May/2026:06:01:11 +1000] "GET /content.php?product/48348634 HTTP/1.1" 200 31039 "-" "Mozilla/5.0 (Linux; Android 6.0.1; Nexus 5X Build/MMB29P) AppleWebKit/537.36 (KHTML, like Gecko) Chrome/147.0.7727.137 Mobile Safari/537.36 (compatible; Googlebot/2.1; +http://www.google.com/bot.html)"
57.141.14.109 - - [13/May/2026:06:01:14 +1000] "GET /products/detail/65291257 HTTP/2" 404 137739 "-" "meta-externalagent/1.1 (+https://developers.facebook.com/docs/sharing/webmasters/crawler)"
192.178.4.100 - - [13/May/2026:06:01:18 +1000] "GET /content.php?product/50226706 HTTP/1.1" 200 28164 "-" "Mozilla/5.0 (Linux; Android 6.0.1; Nexus 5X Build/MMB29P) AppleWebKit/537.36 (KHTML, like Gecko) Chrome/147.0.7727.137 Mobile Safari/537.36 (compatible; Googlebot/2.1; +http://www.google.com/bot.html)"
192.178.4.100 - - [13/May/2026:06:01:25 +1000] "GET /?products/detail/59909221 HTTP/1.1" 200 39864 "-" "Mozilla/5.0 (Linux; Android 6.0.1; Nexus 5X Build/MMB29P) AppleWebKit/537.36 (KHTML, like Gecko) Chrome/147.0.7727.137 Mobile Safari/537.36 (compatible; Googlebot/2.1; +http://www.google.com/bot.html)"
40.77.167.241 - - [13/May/2026:06:01:32 +1000] "GET /products/detail/68030218 HTTP/2" 404 35911 "-" "Mozilla/5.0 AppleWebKit/537.36 (KHTML, like Gecko; compatible; bingbot/2.0; +http://www.bing.com/bingbot.htm) Chrome/116.0.1938.76 Safari/537.36"
192.178.4.100 - - [13/May/2026:06:01:31 +1000] "GET /content.php?product/88779778 HTTP/1.1" 200 28336 "-" "Mozilla/5.0 (Linux; Android 6.0.1; Nexus 5X Build/MMB29P) AppleWebKit/537.36 (KHTML, like Gecko) Chrome/147.0.7727.137 Mobile Safari/537.36 (compatible; Googlebot/2.1; +http://www.google.com/bot.html)"
57.141.14.7 - - [13/May/2026:06:01:35 +1000] "GET /products/detail/68018635 HTTP/2" 404 137739 "-" "meta-externalagent/1.1 (+https://developers.facebook.com/docs/sharing/webmasters/crawler)"
57.141.14.76 - - [13/May/2026:06:01:35 +1000] "GET /products/detail/60501988 HTTP/2" 404 137739 "-" "meta-externalagent/1.1 (+https://developers.facebook.com/docs/sharing/webmasters/crawler)"
192.178.4.100 - - [13/May/2026:06:01:38 +1000] "GET /content.php?product/92460418 HTTP/1.1" 200 29545 "-" "Mozilla/5.0 (Linux; Android 6.0.1; Nexus 5X Build/MMB29P) AppleWebKit/537.36 (KHTML, like Gecko) Chrome/147.0.7727.137 Mobile Safari/537.36 (compatible; Googlebot/2.1; +http://www.google.com/bot.html)"
57.141.14.85 - - [13/May/2026:06:01:41 +1000] "GET /products/detail/62147530 HTTP/2" 404 137739 "-" "meta-externalagent/1.1 (+https://developers.facebook.com/docs/sharing/webmasters/crawler)"
192.178.4.100 - - [13/May/2026:06:01:45 +1000] "GET /products/detail/60769189 HTTP/1.1" 404 36636 "-" "Mozilla/5.0 (Linux; Android 6.0.1; Nexus 5X Build/MMB29P) AppleWebKit/537.36 (KHTML, like Gecko) Chrome/147.0.7727.137 Mobile Safari/537.36 (compatible; Googlebot/2.1; +http://www.google.com/bot.html)"
34.42.129.236 - - [13/May/2026:06:01:52 +1000] "HEAD / HTTP/2" 301 0 "http://coridyan.com/" "Mozilla/5.0 (X11; Linux x86_64) AppleWebKit/537.36 (KHTML, like Gecko) Chrome/125.0.6422.76 Safari/537.36"
192.178.4.100 - - [13/May/2026:06:01:51 +1000] "GET /content.php?product/48603898 HTTP/1.1" 200 28188 "-" "Mozilla/5.0 (Linux; Android 6.0.1; Nexus 5X Build/MMB29P) AppleWebKit/537.36 (KHTML, like Gecko) Chrome/147.0.7727.137 Mobile Safari/537.36 (compatible; GoogleOther)"
34.42.129.236 - - [13/May/2026:06:01:55 +1000] "HEAD / HTTP/2" 200 0 "https://coridyan.com/" "Mozilla/5.0 (X11; Linux x86_64) AppleWebKit/537.36 (KHTML, like Gecko) Chrome/125.0.6422.76 Safari/537.36"
34.42.129.236 - - [13/May/2026:06:01:56 +1000] "HEAD /backup/ HTTP/2" 301 0 "http://coridyan.com/backup/" "Mozilla/5.0 (Windows NT 10.0; WOW64) AppleWebKit/537.36 (KHTML, like Gecko) Chrome/118.0.5993.90 Safari/537.36"
34.42.129.236 - - [13/May/2026:06:01:57 +1000] "HEAD /backup/ HTTP/2" 404 0 "https://coridyan.com/backup/" "Mozilla/5.0 (Windows NT 10.0; WOW64) AppleWebKit/537.36 (KHTML, like Gecko) Chrome/118.0.5993.90 Safari/537.36"
34.42.129.236 - - [13/May/2026:06:01:59 +1000] "HEAD /wp/ HTTP/2" 301 0 "http://coridyan.com/wp/" "Mozilla/5.0 (Linux; Android 13; Pixel 7a) AppleWebKit/537.36 (KHTML, like Gecko) Chrome/124.0.6367.82 Mobile Safari/537.36"
192.178.4.100 - - [13/May/2026:06:01:58 +1000] "GET /content.php?product/81138850 HTTP/1.1" 200 27879 "-" "Mozilla/5.0 (Linux; Android 6.0.1; Nexus 5X Build/MMB29P) AppleWebKit/537.36 (KHTML, like Gecko) Chrome/147.0.7727.137 Mobile Safari/537.36 (compatible; Googlebot/2.1; +http://www.google.com/bot.html)"
34.42.129.236 - - [13/May/2026:06:02:00 +1000] "HEAD /wpis-i-logowanie-w-calej-lemon-casino-pilot-stopniowo/ HTTP/2" 200 0 "https://coridyan.com/wp/" "Mozilla/5.0 (Linux; Android 13; Pixel 7a) AppleWebKit/537.36 (KHTML, like Gecko) Chrome/124.0.6367.82 Mobile Safari/537.36"
34.42.129.236 - - [13/May/2026:06:02:02 +1000] "HEAD /new/ HTTP/2" 301 0 "http://coridyan.com/new/" "Mozilla/5.0 (Windows NT 10.0; Win64; x64) AppleWebKit/537.36 (KHTML, like Gecko) Chrome/126.0.6478.70 Safari/537.36 Vivaldi/6.7.3200.25"
34.42.129.236 - - [13/May/2026:06:02:03 +1000] "HEAD /new-10-free-no-deposit-slots-australia-2026/ HTTP/2" 200 0 "https://coridyan.com/new/" "Mozilla/5.0 (Windows NT 10.0; Win64; x64) AppleWebKit/537.36 (KHTML, like Gecko) Chrome/126.0.6478.70 Safari/537.36 Vivaldi/6.7.3200.25"
34.42.129.236 - - [13/May/2026:06:02:05 +1000] "HEAD /blog/ HTTP/2" 301 0 "http://coridyan.com/blog/" "Mozilla/5.0 (Linux; Android 14; Xiaomi 14 Pro) AppleWebKit/537.36 (KHTML, like Gecko) Chrome/126.0.6478.33 Mobile Safari/537.36"
192.178.4.100 - - [13/May/2026:06:02:04 +1000] "GET /comment.php?products/whistlepig-whiskey-ugly-christmas-sweater-vest-size-medium-x/21385723/ HTTP/1.1" 200 34671 "-" "Mozilla/5.0 (Linux; Android 6.0.1; Nexus 5X Build/MMB29P) AppleWebKit/537.36 (KHTML, like Gecko) Chrome/147.0.7727.137 Mobile Safari/537.36 (compatible; Googlebot/2.1; +http://www.google.com/bot.html)"
34.42.129.236 - - [13/May/2026:06:02:06 +1000] "HEAD /blog-exploring-the-thing-from-withdrawing-funds-from-account-and-just-what-the-soccer-safari-5-deposit-data-reveals/ HTTP/2" 200 0 "https://coridyan.com/blog/" "Mozilla/5.0 (Linux; Android 14; Xiaomi 14 Pro) AppleWebKit/537.36 (KHTML, like Gecko) Chrome/126.0.6478.33 Mobile Safari/537.36"
34.42.129.236 - - [13/May/2026:06:02:08 +1000] "HEAD /wordpress/ HTTP/2" 301 0 "http://coridyan.com/wordpress/" "Mozilla/5.0 (Linux; Android 14; Samsung SM-A546B) AppleWebKit/537.36 (KHTML, like Gecko) Chrome/126.0.6478.14 Mobile Safari/537.36"
57.141.14.5 - - [13/May/2026:06:02:08 +1000] "GET /products/detail/62293276 HTTP/2" 404 137739 "-" "meta-externalagent/1.1 (+https://developers.facebook.com/docs/sharing/webmasters/crawler)"
34.42.129.236 - - [13/May/2026:06:02:09 +1000] "HEAD /wordpress-tinklarasciai-com-viskas-ko-reikia-yoyospins-spelu-automatu-promo-norint-sukurti-savo-svetaine/ HTTP/2" 200 0 "https://coridyan.com/wordpress/" "Mozilla/5.0 (Linux; Android 14; Samsung SM-A546B) AppleWebKit/537.36 (KHTML, like Gecko) Chrome/126.0.6478.14 Mobile Safari/537.36"
34.42.129.236 - - [13/May/2026:06:02:10 +1000] "HEAD /old/ HTTP/2" 301 0 "http://coridyan.com/old/" "Mozilla/5.0 (Linux; U; Android 10; en-US; CPH2015) AppleWebKit/537.36 (KHTML, like Gecko) UCBrowser/13.5.8.1311 Mobile Safari/537.36"
34.42.129.236 - - [13/May/2026:06:02:12 +1000] "HEAD /old-casino-town-in-uk/ HTTP/2" 200 0 "https://coridyan.com/old/" "Mozilla/5.0 (Linux; U; Android 10; en-US; CPH2015) AppleWebKit/537.36 (KHTML, like Gecko) UCBrowser/13.5.8.1311 Mobile Safari/537.36"
52.167.144.187 - - [13/May/2026:06:02:13 +1000] "GET /products/detail/68113576 HTTP/2" 404 35911 "-" "Mozilla/5.0 AppleWebKit/537.36 (KHTML, like Gecko; compatible; bingbot/2.0; +http://www.bing.com/bingbot.htm) Chrome/116.0.1938.76 Safari/537.36"
40.77.167.77 - - [13/May/2026:06:02:17 +1000] "GET /products/detail/64834669 HTTP/2" 404 35911 "-" "Mozilla/5.0 AppleWebKit/537.36 (KHTML, like Gecko; compatible; bingbot/2.0; +http://www.bing.com/bingbot.htm) Chrome/116.0.1938.76 Safari/537.36"
192.178.4.100 - - [13/May/2026:06:02:17 +1000] "GET /comment.php?products/pokemon-cards-3/11211363/ HTTP/1.1" 200 34300 "-" "Mozilla/5.0 (Linux; Android 6.0.1; Nexus 5X Build/MMB29P) AppleWebKit/537.36 (KHTML, like Gecko) Chrome/147.0.7727.137 Mobile Safari/537.36 (compatible; Googlebot/2.1; +http://www.google.com/bot.html)"
57.141.14.84 - - [13/May/2026:06:02:20 +1000] "GET /products/detail/67926484 HTTP/2" 404 137739 "-" "meta-externalagent/1.1 (+https://developers.facebook.com/docs/sharing/webmasters/crawler)"
192.178.4.100 - - [13/May/2026:06:02:24 +1000] "GET /content.php?product/58774858 HTTP/1.1" 200 28793 "-" "Mozilla/5.0 (Linux; Android 6.0.1; Nexus 5X Build/MMB29P) AppleWebKit/537.36 (KHTML, like Gecko) Chrome/147.0.7727.137 Mobile Safari/537.36 (compatible; Googlebot/2.1; +http://www.google.com/bot.html)"
57.141.14.9 - - [13/May/2026:06:02:28 +1000] "GET /products/detail/61417027 HTTP/2" 404 137739 "-" "meta-externalagent/1.1 (+https://developers.facebook.com/docs/sharing/webmasters/crawler)"
57.141.14.8 - - [13/May/2026:06:02:29 +1000] "GET /products/detail/60078304 HTTP/2" 404 137739 "-" "meta-externalagent/1.1 (+https://developers.facebook.com/docs/sharing/webmasters/crawler)"
192.178.4.100 - - [13/May/2026:06:02:30 +1000] "GET /content.php?product/61167178 HTTP/1.1" 200 28407 "-" "Mozilla/5.0 (Linux; Android 6.0.1; Nexus 5X Build/MMB29P) AppleWebKit/537.36 (KHTML, like Gecko) Chrome/147.0.7727.137 Mobile Safari/537.36 (compatible; Googlebot/2.1; +http://www.google.com/bot.html)"
57.141.14.98 - - [13/May/2026:06:02:32 +1000] "GET /products/detail/62052526 HTTP/2" 404 137739 "-" "meta-externalagent/1.1 (+https://developers.facebook.com/docs/sharing/webmasters/crawler)"
57.141.14.42 - - [13/May/2026:06:02:35 +1000] "GET /products/detail/62967646 HTTP/2" 404 137739 "-" "meta-externalagent/1.1 (+https://developers.facebook.com/docs/sharing/webmasters/crawler)"
57.141.14.101 - - [13/May/2026:06:02:44 +1000] "GET /products/detail/61326676 HTTP/2" 404 137739 "-" "meta-externalagent/1.1 (+https://developers.facebook.com/docs/sharing/webmasters/crawler)"
192.178.4.100 - - [13/May/2026:06:02:50 +1000] "GET /comment.php?products/intermec-easycoder-pm4i-barcode-label-printer/8473198/ HTTP/1.1" 200 34094 "-" "Mozilla/5.0 (Linux; Android 6.0.1; Nexus 5X Build/MMB29P) AppleWebKit/537.36 (KHTML, like Gecko) Chrome/147.0.7727.137 Mobile Safari/537.36 (compatible; GoogleOther)"
57.141.14.64 - - [13/May/2026:06:02:58 +1000] "GET /products/detail/67440547 HTTP/2" 404 137739 "-" "meta-externalagent/1.1 (+https://developers.facebook.com/docs/sharing/webmasters/crawler)"
57.141.14.54 - - [13/May/2026:06:02:59 +1000] "GET /products/detail/65088361 HTTP/2" 404 137739 "-" "meta-externalagent/1.1 (+https://developers.facebook.com/docs/sharing/webmasters/crawler)"
57.141.14.14 - - [13/May/2026:06:03:03 +1000] "GET /products/detail/62512642 HTTP/2" 404 137739 "-" "meta-externalagent/1.1 (+https://developers.facebook.com/docs/sharing/webmasters/crawler)"
192.178.4.101 - - [13/May/2026:06:03:13 +1000] "GET /kingmaker-casino%F0%9F%AB%85-bono-sobre-admision-sobre-100-eurillos-cincuenta-tiradas-sin-cargo/ HTTP/1.1" 200 43556 "-" "Mozilla/5.0 (Linux; Android 6.0.1; Nexus 5X Build/MMB29P) AppleWebKit/537.36 (KHTML, like Gecko) Chrome/147.0.7727.137 Mobile Safari/537.36 (compatible; Googlebot/2.1; +http://www.google.com/bot.html)"
192.178.4.100 - - [13/May/2026:06:03:33 +1000] "GET /finding-the-best-online-casino-that-matches-your-playstyle-without-overcomplicating-the-game/?__tcv=1778065399322-1 HTTP/1.1" 200 40696 "-" "Mozilla/5.0 (Linux; Android 6.0.1; Nexus 5X Build/MMB29P) AppleWebKit/537.36 (KHTML, like Gecko) Chrome/147.0.7727.137 Mobile Safari/537.36 (compatible; Googlebot/2.1; +http://www.google.com/bot.html)"
57.141.14.47 - - [13/May/2026:06:03:36 +1000] "GET /products/detail/56718244 HTTP/2" 404 137739 "-" "meta-externalagent/1.1 (+https://developers.facebook.com/docs/sharing/webmasters/crawler)"
57.141.14.37 - - [13/May/2026:06:03:41 +1000] "GET /products/detail/61940332 HTTP/2" 404 137739 "-" "meta-externalagent/1.1 (+https://developers.facebook.com/docs/sharing/webmasters/crawler)"
192.178.4.100 - - [13/May/2026:06:03:41 +1000] "GET /spielsaal-bonus-ohne-einzahlung-traktandum-no-deposite-boni-2025/ HTTP/1.1" 200 43636 "-" "Mozilla/5.0 (Linux; Android 6.0.1; Nexus 5X Build/MMB29P) AppleWebKit/537.36 (KHTML, like Gecko) Chrome/147.0.7727.137 Mobile Safari/537.36 (compatible; Googlebot/2.1; +http://www.google.com/bot.html)"
52.167.144.187 - - [13/May/2026:06:03:45 +1000] "GET /products/detail/56141551 HTTP/2" 404 35911 "-" "Mozilla/5.0 AppleWebKit/537.36 (KHTML, like Gecko; compatible; bingbot/2.0; +http://www.bing.com/bingbot.htm) Chrome/116.0.1938.76 Safari/537.36"
52.167.144.187 - - [13/May/2026:06:03:48 +1000] "GET /products/detail/69625981 HTTP/2" 404 35911 "-" "Mozilla/5.0 AppleWebKit/537.36 (KHTML, like Gecko; compatible; bingbot/2.0; +http://www.bing.com/bingbot.htm) Chrome/116.0.1938.76 Safari/537.36"
47.82.9.38 - - [13/May/2026:06:03:48 +1000] "GET /real-time-agent-slots/ HTTP/1.1" 200 41264 "https://www.coridyan.com/" "Mozilla/5.0 (Windows NT 10.0; Win64; x64) AppleWebKit/537.36 (KHTML, like Gecko) Chrome/135.0.0.0 Safari/537.36 Edg/135.0.0.0"
192.178.4.100 - - [13/May/2026:06:03:49 +1000] "POST /wp-admin/admin-ajax.php HTTP/1.1" 200 1275 "https://www.coridyan.com/finding-the-best-online-casino-that-matches-your-playstyle-without-overcomplicating-the-game/?__tcv=1778065399322-1" "Mozilla/5.0 (Linux; Android 6.0.1; Nexus 5X Build/MMB29P) AppleWebKit/537.36 (KHTML, like Gecko) Chrome/147.0.7727.137 Mobile Safari/537.36 (compatible; Googlebot/2.1; +http://www.google.com/bot.html)"
52.167.144.161 - - [13/May/2026:06:03:55 +1000] "GET /products/detail/68336461 HTTP/2" 404 35911 "-" "Mozilla/5.0 AppleWebKit/537.36 (KHTML, like Gecko; compatible; bingbot/2.0; +http://www.bing.com/bingbot.htm) Chrome/116.0.1938.76 Safari/537.36"
192.178.4.100 - - [13/May/2026:06:03:57 +1000] "GET /spielsaal-bonus-ohne-einzahlung-traktandum-no-deposite-boni-2025/ HTTP/1.1" 200 43624 "-" "Mozilla/5.0 (Linux; Android 6.0.1; Nexus 5X Build/MMB29P) AppleWebKit/537.36 (KHTML, like Gecko) Chrome/147.0.7727.137 Mobile Safari/537.36 (compatible; Googlebot/2.1; +http://www.google.com/bot.html)"
40.77.167.77 - - [13/May/2026:06:04:00 +1000] "GET /products/detail/66467251 HTTP/2" 404 35911 "-" "Mozilla/5.0 AppleWebKit/537.36 (KHTML, like Gecko; compatible; bingbot/2.0; +http://www.bing.com/bingbot.htm) Chrome/116.0.1938.76 Safari/537.36"
57.141.14.26 - - [13/May/2026:06:04:07 +1000] "GET /products/detail/68233951 HTTP/2" 404 137739 "-" "meta-externalagent/1.1 (+https://developers.facebook.com/docs/sharing/webmasters/crawler)"
57.141.14.47 - - [13/May/2026:06:04:10 +1000] "GET /products/detail/58354948 HTTP/2" 404 137739 "-" "meta-externalagent/1.1 (+https://developers.facebook.com/docs/sharing/webmasters/crawler)"
192.178.4.100 - - [13/May/2026:06:04:11 +1000] "POST /wp-admin/admin-ajax.php HTTP/1.1" 200 1280 "https://www.coridyan.com/spielsaal-bonus-ohne-einzahlung-traktandum-no-deposite-boni-2025/" "Mozilla/5.0 (Linux; Android 6.0.1; Nexus 5X Build/MMB29P) AppleWebKit/537.36 (KHTML, like Gecko) Chrome/147.0.7727.137 Mobile Safari/537.36 (compatible; Googlebot/2.1; +http://www.google.com/bot.html)"
192.178.4.100 - - [13/May/2026:06:04:17 +1000] "GET /religious-zugelassen-spielen-uber-deutscher-spielsaal-erlaubnisschein/ HTTP/1.1" 200 41880 "-" "Mozilla/5.0 (Linux; Android 6.0.1; Nexus 5X Build/MMB29P) AppleWebKit/537.36 (KHTML, like Gecko) Chrome/147.0.7727.137 Mobile Safari/537.36 (compatible; Googlebot/2.1; +http://www.google.com/bot.html)"
192.178.4.100 - - [13/May/2026:06:04:23 +1000] "GET /religious-zugelassen-spielen-uber-deutscher-spielsaal-erlaubnisschein/ HTTP/1.1" 200 41880 "-" "Mozilla/5.0 (Linux; Android 6.0.1; Nexus 5X Build/MMB29P) AppleWebKit/537.36 (KHTML, like Gecko) Chrome/147.0.7727.137 Mobile Safari/537.36 (compatible; Googlebot/2.1; +http://www.google.com/bot.html)"
192.178.4.100 - - [13/May/2026:06:04:29 +1000] "GET /comment.php?products/new/10630778/ HTTP/1.1" 200 34828 "-" "Mozilla/5.0 (Linux; Android 6.0.1; Nexus 5X Build/MMB29P) AppleWebKit/537.36 (KHTML, like Gecko) Chrome/147.0.7727.137 Mobile Safari/537.36 (compatible; GoogleOther)"
57.141.14.77 - - [13/May/2026:06:04:35 +1000] "GET /products/detail/63372646 HTTP/2" 404 137739 "-" "meta-externalagent/1.1 (+https://developers.facebook.com/docs/sharing/webmasters/crawler)"
192.178.4.100 - - [13/May/2026:06:04:35 +1000] "GET /content.php?product/76107250 HTTP/1.1" 200 29518 "-" "Mozilla/5.0 (Linux; Android 6.0.1; Nexus 5X Build/MMB29P) AppleWebKit/537.36 (KHTML, like Gecko) Chrome/147.0.7727.137 Mobile Safari/537.36 (compatible; Googlebot/2.1; +http://www.google.com/bot.html)"
57.141.14.9 - - [13/May/2026:06:04:36 +1000] "GET /products/detail/58446397 HTTP/2" 404 137739 "-" "meta-externalagent/1.1 (+https://developers.facebook.com/docs/sharing/webmasters/crawler)"
57.141.14.98 - - [13/May/2026:06:04:36 +1000] "GET /products/detail/57123505 HTTP/2" 404 137739 "-" "meta-externalagent/1.1 (+https://developers.facebook.com/docs/sharing/webmasters/crawler)"
57.141.14.95 - - [13/May/2026:06:04:37 +1000] "GET /products/detail/53114599 HTTP/2" 404 137739 "-" "meta-externalagent/1.1 (+https://developers.facebook.com/docs/sharing/webmasters/crawler)"
192.178.4.100 - - [13/May/2026:06:04:41 +1000] "POST /wp-admin/admin-ajax.php HTTP/1.1" 200 1100 "https://www.coridyan.com/religious-zugelassen-spielen-uber-deutscher-spielsaal-erlaubnisschein/" "Mozilla/5.0 (Linux; Android 6.0.1; Nexus 5X Build/MMB29P) AppleWebKit/537.36 (KHTML, like Gecko) Chrome/147.0.7727.137 Mobile Safari/537.36 (compatible; Googlebot/2.1; +http://www.google.com/bot.html)"
192.178.4.100 - - [13/May/2026:06:04:47 +1000] "GET /products/detail/57133567 HTTP/1.1" 404 36636 "-" "Mozilla/5.0 (Linux; Android 6.0.1; Nexus 5X Build/MMB29P) AppleWebKit/537.36 (KHTML, like Gecko) Chrome/147.0.7727.137 Mobile Safari/537.36 (compatible; Googlebot/2.1; +http://www.google.com/bot.html)"
57.141.14.83 - - [13/May/2026:06:04:51 +1000] "GET /products/detail/64994977 HTTP/2" 404 137739 "-" "meta-externalagent/1.1 (+https://developers.facebook.com/docs/sharing/webmasters/crawler)"
47.82.10.227 - - [13/May/2026:06:04:50 +1000] "GET /author/admlnlx/page/1738/ HTTP/1.1" 200 40838 "https://www.coridyan.com/" "Mozilla/5.0 (X11; Linux x86_64; rv:128.0) Gecko/20100101 Firefox/128.0"
57.141.14.106 - - [13/May/2026:06:04:58 +1000] "GET /products/detail/68809663 HTTP/2" 404 137739 "-" "meta-externalagent/1.1 (+https://developers.facebook.com/docs/sharing/webmasters/crawler)"
192.178.4.100 - - [13/May/2026:06:04:59 +1000] "POST /wp-json/platformist-quadendpointer-sxadtr/v1/s6qgn HTTP/1.1" 200 1686 "https://www.coridyan.com/religious-zugelassen-spielen-uber-deutscher-spielsaal-erlaubnisschein/" "Mozilla/5.0 (Linux; Android 6.0.1; Nexus 5X Build/MMB29P) AppleWebKit/537.36 (KHTML, like Gecko) Chrome/147.0.7727.137 Mobile Safari/537.36 (compatible; Googlebot/2.1; +http://www.google.com/bot.html)"
57.141.14.63 - - [13/May/2026:06:05:06 +1000] "GET /products/detail/69781411 HTTP/2" 404 137739 "-" "meta-externalagent/1.1 (+https://developers.facebook.com/docs/sharing/webmasters/crawler)"
57.141.14.11 - - [13/May/2026:06:05:12 +1000] "GET /products/detail/53073235 HTTP/2" 404 137739 "-" "meta-externalagent/1.1 (+https://developers.facebook.com/docs/sharing/webmasters/crawler)"
57.141.14.61 - - [13/May/2026:06:05:17 +1000] "GET /products/detail/64441324 HTTP/2" 404 137739 "-" "meta-externalagent/1.1 (+https://developers.facebook.com/docs/sharing/webmasters/crawler)"
57.141.14.27 - - [13/May/2026:06:05:14 +1000] "GET /products/detail/54124462 HTTP/2" 404 137739 "-" "meta-externalagent/1.1 (+https://developers.facebook.com/docs/sharing/webmasters/crawler)"
57.141.14.72 - - [13/May/2026:06:05:23 +1000] "GET /products/detail/61005385 HTTP/2" 404 137739 "-" "meta-externalagent/1.1 (+https://developers.facebook.com/docs/sharing/webmasters/crawler)"
57.141.14.47 - - [13/May/2026:06:05:25 +1000] "GET /products/detail/68820562 HTTP/2" 404 137739 "-" "meta-externalagent/1.1 (+https://developers.facebook.com/docs/sharing/webmasters/crawler)"
57.141.14.45 - - [13/May/2026:06:05:28 +1000] "GET /products/detail/59639356 HTTP/2" 404 137739 "-" "meta-externalagent/1.1 (+https://developers.facebook.com/docs/sharing/webmasters/crawler)"
15.235.98.241 - - [13/May/2026:06:05:39 +1000] "GET /sitemap.xml HTTP/2" 301 0 "-" "Mozilla/5.0 (compatible; AhrefsBot/7.0; +http://ahrefs.com/robot/)"
