192.178.4.100 - - [13/May/2026:05:13:29 +1000] "POST /wp-json/platformist-quadendpointer-sxadtr/v1/s6qgn HTTP/1.1" 200 1685 "https://www.coridyan.com/?products/detail/69129298" "Mozilla/5.0 (Linux; Android 6.0.1; Nexus 5X Build/MMB29P) AppleWebKit/537.36 (KHTML, like Gecko) Chrome/147.0.7727.137 Mobile Safari/537.36 (compatible; GoogleOther)"
192.178.4.100 - - [13/May/2026:05:13:37 +1000] "GET /?products/detail/64223137 HTTP/1.1" 200 40120 "-" "Mozilla/5.0 (Linux; Android 6.0.1; Nexus 5X Build/MMB29P) AppleWebKit/537.36 (KHTML, like Gecko) Chrome/147.0.7727.137 Mobile Safari/537.36 (compatible; Googlebot/2.1; +http://www.google.com/bot.html)"
192.178.4.100 - - [13/May/2026:05:13:40 +1000] "POST /wp-admin/admin-ajax.php HTTP/1.1" 200 1096 "https://www.coridyan.com/?products/detail/63807724" "Mozilla/5.0 (Linux; Android 6.0.1; Nexus 5X Build/MMB29P) AppleWebKit/537.36 (KHTML, like Gecko) Chrome/147.0.7727.137 Mobile Safari/537.36 (compatible; Googlebot/2.1; +http://www.google.com/bot.html)"
192.178.4.100 - - [13/May/2026:05:13:43 +1000] "POST /wp-json/platformist-quadendpointer-sxadtr/v1/s6qgn HTTP/1.1" 200 1504 "https://www.coridyan.com/?products/detail/63807724" "Mozilla/5.0 (Linux; Android 6.0.1; Nexus 5X Build/MMB29P) AppleWebKit/537.36 (KHTML, like Gecko) Chrome/147.0.7727.137 Mobile Safari/537.36 (compatible; Googlebot/2.1; +http://www.google.com/bot.html)"
57.141.14.2 - - [13/May/2026:05:13:47 +1000] "GET /products/detail/58826008 HTTP/2" 404 137739 "-" "meta-externalagent/1.1 (+https://developers.facebook.com/docs/sharing/webmasters/crawler)"
192.178.4.100 - - [13/May/2026:05:13:51 +1000] "POST /wp-admin/admin-ajax.php HTTP/1.1" 200 1277 "https://www.coridyan.com/?products/detail/64223137" "Mozilla/5.0 (Linux; Android 6.0.1; Nexus 5X Build/MMB29P) AppleWebKit/537.36 (KHTML, like Gecko) Chrome/147.0.7727.137 Mobile Safari/537.36 (compatible; Googlebot/2.1; +http://www.google.com/bot.html)"
192.178.4.100 - - [13/May/2026:05:13:57 +1000] "POST /wp-json/platformist-quadendpointer-sxadtr/v1/s6qgn HTTP/1.1" 200 1684 "https://www.coridyan.com/?products/detail/64223137" "Mozilla/5.0 (Linux; Android 6.0.1; Nexus 5X Build/MMB29P) AppleWebKit/537.36 (KHTML, like Gecko) Chrome/147.0.7727.137 Mobile Safari/537.36 (compatible; Googlebot/2.1; +http://www.google.com/bot.html)"
52.167.144.179 - - [13/May/2026:05:13:59 +1000] "GET /products/detail/60724171 HTTP/2" 404 35786 "-" "Mozilla/5.0 AppleWebKit/537.36 (KHTML, like Gecko; compatible; bingbot/2.0; +http://www.bing.com/bingbot.htm) Chrome/116.0.1938.76 Safari/537.36"
52.167.144.179 - - [13/May/2026:05:14:01 +1000] "GET /products/detail/59039083 HTTP/2" 404 35911 "-" "Mozilla/5.0 AppleWebKit/537.36 (KHTML, like Gecko; compatible; bingbot/2.0; +http://www.bing.com/bingbot.htm) Chrome/116.0.1938.76 Safari/537.36"
192.178.4.102 - - [13/May/2026:05:14:04 +1000] "POST /wp-json/platformist-quadendpointer-sxadtr/v1/s6qgn HTTP/1.1" 403 962 "https://www.coridyan.com/?products/detail/64223137" "Mozilla/5.0 (Linux; Android 6.0.1; Nexus 5X Build/MMB29P) AppleWebKit/537.36 (KHTML, like Gecko) Chrome/147.0.7727.137 Mobile Safari/537.36 (compatible; Googlebot/2.1; +http://www.google.com/bot.html)"
40.77.167.61 - - [13/May/2026:05:14:04 +1000] "GET /products/detail/68859010 HTTP/2" 404 35911 "-" "Mozilla/5.0 AppleWebKit/537.36 (KHTML, like Gecko; compatible; bingbot/2.0; +http://www.bing.com/bingbot.htm) Chrome/116.0.1938.76 Safari/537.36"
40.77.167.61 - - [13/May/2026:05:14:07 +1000] "GET /plateformes-de-jeux-ultra-rapides-comment-les-sites-de-casino-optimisent-le-chargement-pour-les-novices/ HTTP/2" 404 35506 "-" "Mozilla/5.0 AppleWebKit/537.36 (KHTML, like Gecko; compatible; bingbot/2.0; +http://www.bing.com/bingbot.htm) Chrome/116.0.1938.76 Safari/537.36"
192.178.4.101 - - [13/May/2026:05:14:08 +1000] "GET /?products/detail/67201255 HTTP/1.1" 200 40121 "-" "Mozilla/5.0 (Linux; Android 6.0.1; Nexus 5X Build/MMB29P) AppleWebKit/537.36 (KHTML, like Gecko) Chrome/147.0.7727.137 Mobile Safari/537.36 (compatible; Googlebot/2.1; +http://www.google.com/bot.html)"
216.73.216.86 - - [13/May/2026:05:14:10 +1000] "GET /?p=76218 HTTP/2" 301 0 "-" "Mozilla/5.0 AppleWebKit/537.36 (KHTML, like Gecko; compatible; ClaudeBot/1.0; +claudebot@anthropic.com)"
216.73.216.86 - - [13/May/2026:05:14:10 +1000] "GET /?p=25488 HTTP/2" 301 0 "-" "Mozilla/5.0 AppleWebKit/537.36 (KHTML, like Gecko; compatible; ClaudeBot/1.0; +claudebot@anthropic.com)"
216.73.216.86 - - [13/May/2026:05:14:10 +1000] "GET /?p=60167 HTTP/2" 301 0 "-" "Mozilla/5.0 AppleWebKit/537.36 (KHTML, like Gecko; compatible; ClaudeBot/1.0; +claudebot@anthropic.com)"
216.73.216.86 - - [13/May/2026:05:14:10 +1000] "GET /?p=69628 HTTP/2" 301 0 "-" "Mozilla/5.0 AppleWebKit/537.36 (KHTML, like Gecko; compatible; ClaudeBot/1.0; +claudebot@anthropic.com)"
216.73.216.86 - - [13/May/2026:05:14:10 +1000] "GET /?p=76287 HTTP/2" 301 0 "-" "Mozilla/5.0 AppleWebKit/537.36 (KHTML, like Gecko; compatible; ClaudeBot/1.0; +claudebot@anthropic.com)"
216.73.216.86 - - [13/May/2026:05:14:10 +1000] "GET /?p=31980 HTTP/2" 301 0 "-" "Mozilla/5.0 AppleWebKit/537.36 (KHTML, like Gecko; compatible; ClaudeBot/1.0; +claudebot@anthropic.com)"
216.73.216.86 - - [13/May/2026:05:14:10 +1000] "GET /?p=65587 HTTP/2" 301 0 "-" "Mozilla/5.0 AppleWebKit/537.36 (KHTML, like Gecko; compatible; ClaudeBot/1.0; +claudebot@anthropic.com)"
40.77.167.8 - - [13/May/2026:05:14:10 +1000] "GET /products/detail/62769547 HTTP/2" 404 35917 "-" "Mozilla/5.0 AppleWebKit/537.36 (KHTML, like Gecko; compatible; bingbot/2.0; +http://www.bing.com/bingbot.htm) Chrome/116.0.1938.76 Safari/537.36"
192.178.4.101 - - [13/May/2026:05:14:11 +1000] "POST /wp-admin/admin-ajax.php HTTP/1.1" 200 1100 "https://www.coridyan.com/?products/detail/59890501" "Mozilla/5.0 (Linux; Android 6.0.1; Nexus 5X Build/MMB29P) AppleWebKit/537.36 (KHTML, like Gecko) Chrome/147.0.7727.137 Mobile Safari/537.36 (compatible; Googlebot/2.1; +http://www.google.com/bot.html)"
216.73.216.86 - - [13/May/2026:05:14:11 +1000] "GET /wildsino-gambling-establishment-remark-can-get-2026/ HTTP/2" 200 42336 "https://www.coridyan.com/?p=76218" "Mozilla/5.0 AppleWebKit/537.36 (KHTML, like Gecko; compatible; ClaudeBot/1.0; +claudebot@anthropic.com)"
216.73.216.86 - - [13/May/2026:05:14:12 +1000] "GET /rigtige-knap-spilleban-find-ma-bedste-tilslutte-casinoer-ved-hjaelp-af-rigtig-gysser/ HTTP/2" 200 40703 "https://www.coridyan.com/?p=69628" "Mozilla/5.0 AppleWebKit/537.36 (KHTML, like Gecko; compatible; ClaudeBot/1.0; +claudebot@anthropic.com)"
216.73.216.86 - - [13/May/2026:05:14:12 +1000] "GET /slot-gratis-inoffizieller-5-einzahlung-casino-fruit-mania-mitarbeiter-inter-browser-testen/ HTTP/2" 200 42051 "https://www.coridyan.com/?p=25488" "Mozilla/5.0 AppleWebKit/537.36 (KHTML, like Gecko; compatible; ClaudeBot/1.0; +claudebot@anthropic.com)"
216.73.216.86 - - [13/May/2026:05:14:12 +1000] "GET /finest-mobile-crypto-money-train-casino-gambling-enterprises-the-real-deal-money-find-a-very-good-you-to-definitely/ HTTP/2" 200 41237 "https://www.coridyan.com/?p=65587" "Mozilla/5.0 AppleWebKit/537.36 (KHTML, like Gecko; compatible; ClaudeBot/1.0; +claudebot@anthropic.com)"
216.73.216.86 - - [13/May/2026:05:14:12 +1000] "GET /100-magro-per-460-oggi/ HTTP/2" 200 41474 "https://www.coridyan.com/?p=76287" "Mozilla/5.0 AppleWebKit/537.36 (KHTML, like Gecko; compatible; ClaudeBot/1.0; +claudebot@anthropic.com)"
216.73.216.86 - - [13/May/2026:05:14:12 +1000] "GET /spinshark-rijden-met-de-snelste-spelers-van-het-casino/ HTTP/2" 200 40046 "https://www.coridyan.com/?p=31980" "Mozilla/5.0 AppleWebKit/537.36 (KHTML, like Gecko; compatible; ClaudeBot/1.0; +claudebot@anthropic.com)"
40.77.167.8 - - [13/May/2026:05:14:13 +1000] "GET /products/detail/67368484 HTTP/2" 404 35911 "-" "Mozilla/5.0 AppleWebKit/537.36 (KHTML, like Gecko; compatible; bingbot/2.0; +http://www.bing.com/bingbot.htm) Chrome/116.0.1938.76 Safari/537.36"
216.73.216.86 - - [13/May/2026:05:14:12 +1000] "GET /beste-echtgeld-casinos-2026-erreichbar-spielotheken-uber-echtgeld/ HTTP/2" 200 41051 "https://www.coridyan.com/?p=60167" "Mozilla/5.0 AppleWebKit/537.36 (KHTML, like Gecko; compatible; ClaudeBot/1.0; +claudebot@anthropic.com)"
192.178.4.100 - - [13/May/2026:05:14:15 +1000] "POST /wp-json/platformist-quadendpointer-sxadtr/v1/s6qgn HTTP/1.1" 403 986 "https://www.coridyan.com/?products/detail/59890501" "Mozilla/5.0 (Linux; Android 6.0.1; Nexus 5X Build/MMB29P) AppleWebKit/537.36 (KHTML, like Gecko) Chrome/147.0.7727.137 Mobile Safari/537.36 (compatible; Googlebot/2.1; +http://www.google.com/bot.html)"
216.73.216.86 - - [13/May/2026:05:14:16 +1000] "GET /?p=22529 HTTP/2" 301 0 "-" "Mozilla/5.0 AppleWebKit/537.36 (KHTML, like Gecko; compatible; ClaudeBot/1.0; +claudebot@anthropic.com)"
216.73.216.86 - - [13/May/2026:05:14:16 +1000] "GET /?p=31439 HTTP/2" 301 0 "-" "Mozilla/5.0 AppleWebKit/537.36 (KHTML, like Gecko; compatible; ClaudeBot/1.0; +claudebot@anthropic.com)"
216.73.216.86 - - [13/May/2026:05:14:16 +1000] "GET /?p=67111 HTTP/2" 301 0 "-" "Mozilla/5.0 AppleWebKit/537.36 (KHTML, like Gecko; compatible; ClaudeBot/1.0; +claudebot@anthropic.com)"
216.73.216.86 - - [13/May/2026:05:14:16 +1000] "GET /?p=51772 HTTP/2" 301 0 "-" "Mozilla/5.0 AppleWebKit/537.36 (KHTML, like Gecko; compatible; ClaudeBot/1.0; +claudebot@anthropic.com)"
216.73.216.86 - - [13/May/2026:05:14:16 +1000] "GET /?p=23203 HTTP/2" 301 0 "-" "Mozilla/5.0 AppleWebKit/537.36 (KHTML, like Gecko; compatible; ClaudeBot/1.0; +claudebot@anthropic.com)"
216.73.216.86 - - [13/May/2026:05:14:16 +1000] "GET /?p=60611 HTTP/2" 301 0 "-" "Mozilla/5.0 AppleWebKit/537.36 (KHTML, like Gecko; compatible; ClaudeBot/1.0; +claudebot@anthropic.com)"
216.73.216.86 - - [13/May/2026:05:14:16 +1000] "GET /?p=74469 HTTP/2" 301 0 "-" "Mozilla/5.0 AppleWebKit/537.36 (KHTML, like Gecko; compatible; ClaudeBot/1.0; +claudebot@anthropic.com)"
216.73.216.86 - - [13/May/2026:05:14:17 +1000] "GET /noppes-spins-appreciren-online-gokkasten-indien-casino-bonus/ HTTP/2" 200 40602 "https://www.coridyan.com/?p=31439" "Mozilla/5.0 AppleWebKit/537.36 (KHTML, like Gecko; compatible; ClaudeBot/1.0; +claudebot@anthropic.com)"
216.73.216.86 - - [13/May/2026:05:14:17 +1000] "GET /happy-twins-demonstration-gamble-100-percent-free-pokies-real-money-position-on-the-web/ HTTP/2" 200 41602 "https://www.coridyan.com/?p=22529" "Mozilla/5.0 AppleWebKit/537.36 (KHTML, like Gecko; compatible; ClaudeBot/1.0; +claudebot@anthropic.com)"
216.73.216.86 - - [13/May/2026:05:14:18 +1000] "GET /ilmaisia-i24slot-kirjautuminen-r50-tilausbonuksia/ HTTP/2" 200 39927 "https://www.coridyan.com/?p=51772" "Mozilla/5.0 AppleWebKit/537.36 (KHTML, like Gecko; compatible; ClaudeBot/1.0; +claudebot@anthropic.com)"
216.73.216.86 - - [13/May/2026:05:14:18 +1000] "GET /auszahlungen-as-part-of-wunderino-de-diese-spielbank-boni-je-gamer-vollstandige-betriebsanleitung-online-slot-anbieter-wunderino-de/ HTTP/2" 200 41706 "https://www.coridyan.com/?p=67111" "Mozilla/5.0 AppleWebKit/537.36 (KHTML, like Gecko; compatible; ClaudeBot/1.0; +claudebot@anthropic.com)"
216.73.216.86 - - [13/May/2026:05:14:18 +1000] "GET /penny-harbors-bez-vulkan-spiele-prijava-agenta-instalacije-kockanje-besplatni-cent-automati/ HTTP/2" 200 39983 "https://www.coridyan.com/?p=74469" "Mozilla/5.0 AppleWebKit/537.36 (KHTML, like Gecko; compatible; ClaudeBot/1.0; +claudebot@anthropic.com)"
216.73.216.86 - - [13/May/2026:05:14:18 +1000] "GET /starburst-dem-verde-casino-mobiel-inloggen-voor-gokkas-acteren/ HTTP/2" 200 41080 "https://www.coridyan.com/?p=23203" "Mozilla/5.0 AppleWebKit/537.36 (KHTML, like Gecko; compatible; ClaudeBot/1.0; +claudebot@anthropic.com)"
216.73.216.86 - - [13/May/2026:05:14:18 +1000] "GET /70-freispiele-exklusive-einzahlung-%ef%b8%8f-70-free-spins-no-abschlagzahlung/ HTTP/2" 200 40453 "https://www.coridyan.com/?p=60611" "Mozilla/5.0 AppleWebKit/537.36 (KHTML, like Gecko; compatible; ClaudeBot/1.0; +claudebot@anthropic.com)"
192.178.4.100 - - [13/May/2026:05:14:19 +1000] "GET /content.php?product/74297602 HTTP/1.1" 200 28879 "-" "Mozilla/5.0 (Linux; Android 6.0.1; Nexus 5X Build/MMB29P) AppleWebKit/537.36 (KHTML, like Gecko) Chrome/147.0.7727.137 Mobile Safari/537.36 (compatible; GoogleOther)"
192.178.4.100 - - [13/May/2026:05:14:23 +1000] "GET /?products/detail/61694299 HTTP/1.1" 200 40133 "-" "Mozilla/5.0 (Linux; Android 6.0.1; Nexus 5X Build/MMB29P) AppleWebKit/537.36 (KHTML, like Gecko) Chrome/147.0.7727.137 Mobile Safari/537.36 (compatible; Googlebot/2.1; +http://www.google.com/bot.html)"
192.178.4.100 - - [13/May/2026:05:14:26 +1000] "POST /wp-admin/admin-ajax.php HTTP/1.1" 200 1099 "https://www.coridyan.com/?products/detail/61694299" "Mozilla/5.0 (Linux; Android 6.0.1; Nexus 5X Build/MMB29P) AppleWebKit/537.36 (KHTML, like Gecko) Chrome/147.0.7727.137 Mobile Safari/537.36 (compatible; Googlebot/2.1; +http://www.google.com/bot.html)"
192.178.4.100 - - [13/May/2026:05:14:35 +1000] "GET /?products/detail/54755029 HTTP/1.1" 200 40121 "-" "Mozilla/5.0 (Linux; Android 6.0.1; Nexus 5X Build/MMB29P) AppleWebKit/537.36 (KHTML, like Gecko) Chrome/147.0.7727.137 Mobile Safari/537.36 (compatible; Googlebot/2.1; +http://www.google.com/bot.html)"
192.178.4.100 - - [13/May/2026:05:14:38 +1000] "POST /wp-json/platformist-quadendpointer-sxadtr/v1/s6qgn HTTP/1.1" 200 1505 "https://www.coridyan.com/?products/detail/61694299" "Mozilla/5.0 (Linux; Android 6.0.1; Nexus 5X Build/MMB29P) AppleWebKit/537.36 (KHTML, like Gecko) Chrome/147.0.7727.137 Mobile Safari/537.36 (compatible; Googlebot/2.1; +http://www.google.com/bot.html)"
15.235.98.250 - - [13/May/2026:05:14:43 +1000] "GET /guida-ai-bonus-natale-a-sorpresa-sfrutta-le-offerte-dei-casino-top/ HTTP/2" 404 35506 "-" "Mozilla/5.0 (compatible; AhrefsBot/7.0; +http://ahrefs.com/robot/)"
192.178.4.100 - - [13/May/2026:05:14:42 +1000] "POST /wp-json/platformist-quadendpointer-sxadtr/v1/s6qgn HTTP/1.1" 200 2348 "https://www.coridyan.com/?products/detail/61694299" "Mozilla/5.0 (Linux; Android 6.0.1; Nexus 5X Build/MMB29P) AppleWebKit/537.36 (KHTML, like Gecko) Chrome/147.0.7727.137 Mobile Safari/537.36 (compatible; Googlebot/2.1; +http://www.google.com/bot.html)"
216.73.216.86 - - [13/May/2026:05:14:45 +1000] "GET /?p=73329 HTTP/2" 301 0 "-" "Mozilla/5.0 AppleWebKit/537.36 (KHTML, like Gecko; compatible; ClaudeBot/1.0; +claudebot@anthropic.com)"
216.73.216.86 - - [13/May/2026:05:14:45 +1000] "GET /?p=74513 HTTP/2" 301 0 "-" "Mozilla/5.0 AppleWebKit/537.36 (KHTML, like Gecko; compatible; ClaudeBot/1.0; +claudebot@anthropic.com)"
216.73.216.86 - - [13/May/2026:05:14:45 +1000] "GET /?p=72846 HTTP/2" 301 0 "-" "Mozilla/5.0 AppleWebKit/537.36 (KHTML, like Gecko; compatible; ClaudeBot/1.0; +claudebot@anthropic.com)"
216.73.216.86 - - [13/May/2026:05:14:45 +1000] "GET /?p=51748 HTTP/2" 301 0 "-" "Mozilla/5.0 AppleWebKit/537.36 (KHTML, like Gecko; compatible; ClaudeBot/1.0; +claudebot@anthropic.com)"
216.73.216.86 - - [13/May/2026:05:14:45 +1000] "GET /?p=60502 HTTP/2" 301 0 "-" "Mozilla/5.0 AppleWebKit/537.36 (KHTML, like Gecko; compatible; ClaudeBot/1.0; +claudebot@anthropic.com)"
216.73.216.86 - - [13/May/2026:05:14:45 +1000] "GET /?p=60615 HTTP/2" 301 0 "-" "Mozilla/5.0 AppleWebKit/537.36 (KHTML, like Gecko; compatible; ClaudeBot/1.0; +claudebot@anthropic.com)"
216.73.216.86 - - [13/May/2026:05:14:45 +1000] "GET /?p=30957 HTTP/2" 301 0 "-" "Mozilla/5.0 AppleWebKit/537.36 (KHTML, like Gecko; compatible; ClaudeBot/1.0; +claudebot@anthropic.com)"
216.73.216.86 - - [13/May/2026:05:14:47 +1000] "GET /casino-inte-med-konto-2026-forsoka-inte-med-inregistrering-i-sverige/ HTTP/2" 200 40906 "https://www.coridyan.com/?p=73329" "Mozilla/5.0 AppleWebKit/537.36 (KHTML, like Gecko; compatible; ClaudeBot/1.0; +claudebot@anthropic.com)"
216.73.216.86 - - [13/May/2026:05:14:47 +1000] "GET /aparelhar-reel-banks-apontar-ademane-beizebu-100-gratis/ HTTP/2" 200 42431 "https://www.coridyan.com/?p=51748" "Mozilla/5.0 AppleWebKit/537.36 (KHTML, like Gecko; compatible; ClaudeBot/1.0; +claudebot@anthropic.com)"
216.73.216.86 - - [13/May/2026:05:14:47 +1000] "GET /how-to-manage-a-key-santa-casino-brantford-sign-up-on-the-internet-or-even-in-people/ HTTP/2" 200 41021 "https://www.coridyan.com/?p=60615" "Mozilla/5.0 AppleWebKit/537.36 (KHTML, like Gecko; compatible; ClaudeBot/1.0; +claudebot@anthropic.com)"
216.73.216.86 - - [13/May/2026:05:14:47 +1000] "GET /topx-local-casino-the-ultimate-self-help-guide-to-online-betting-inside-bangladesh/ HTTP/2" 200 42876 "https://www.coridyan.com/?p=74513" "Mozilla/5.0 AppleWebKit/537.36 (KHTML, like Gecko; compatible; ClaudeBot/1.0; +claudebot@anthropic.com)"
216.73.216.86 - - [13/May/2026:05:14:47 +1000] "GET /best-cellular-gambling-enterprises-and-you-can-gambling-programs-for-real-cash-in-2026/ HTTP/2" 200 40520 "https://www.coridyan.com/?p=72846" "Mozilla/5.0 AppleWebKit/537.36 (KHTML, like Gecko; compatible; ClaudeBot/1.0; +claudebot@anthropic.com)"
216.73.216.86 - - [13/May/2026:05:14:47 +1000] "GET /super-magic-fruits-81-slot-payout-connect-pokie-wager-free-and-understand-review/ HTTP/2" 200 40965 "https://www.coridyan.com/?p=60502" "Mozilla/5.0 AppleWebKit/537.36 (KHTML, like Gecko; compatible; ClaudeBot/1.0; +claudebot@anthropic.com)"
216.73.216.86 - - [13/May/2026:05:14:47 +1000] "GET /huge-resort-casino-no-deposit-bonus-rules-at-no-cost-revolves-2026/ HTTP/2" 200 40061 "https://www.coridyan.com/?p=30957" "Mozilla/5.0 AppleWebKit/537.36 (KHTML, like Gecko; compatible; ClaudeBot/1.0; +claudebot@anthropic.com)"
192.178.4.100 - - [13/May/2026:05:14:47 +1000] "GET /content.php?product/74269810 HTTP/1.1" 200 28496 "-" "Mozilla/5.0 (Linux; Android 6.0.1; Nexus 5X Build/MMB29P) AppleWebKit/537.36 (KHTML, like Gecko) Chrome/147.0.7727.137 Mobile Safari/537.36 (compatible; GoogleOther)"
192.178.4.100 - - [13/May/2026:05:14:51 +1000] "POST /wp-json/platformist-quadendpointer-sxadtr/v1/s6qgn HTTP/1.1" 200 1547 "https://www.coridyan.com/?products/detail/61694299" "Mozilla/5.0 (Linux; Android 6.0.1; Nexus 5X Build/MMB29P) AppleWebKit/537.36 (KHTML, like Gecko) Chrome/147.0.7727.137 Mobile Safari/537.36 (compatible; Googlebot/2.1; +http://www.google.com/bot.html)"
192.178.4.100 - - [13/May/2026:05:14:55 +1000] "GET /?products/detail/59586958 HTTP/1.1" 200 39954 "-" "Mozilla/5.0 (Linux; Android 6.0.1; Nexus 5X Build/MMB29P) AppleWebKit/537.36 (KHTML, like Gecko) Chrome/147.0.7727.137 Mobile Safari/537.36 (compatible; Googlebot/2.1; +http://www.google.com/bot.html)"
57.141.14.71 - - [13/May/2026:05:15:04 +1000] "GET /products/detail/66893860 HTTP/2" 404 137739 "-" "meta-externalagent/1.1 (+https://developers.facebook.com/docs/sharing/webmasters/crawler)"
192.178.4.100 - - [13/May/2026:05:15:07 +1000] "GET /?products/detail/63929593 HTTP/1.1" 200 40121 "-" "Mozilla/5.0 (Linux; Android 6.0.1; Nexus 5X Build/MMB29P) AppleWebKit/537.36 (KHTML, like Gecko) Chrome/147.0.7727.137 Mobile Safari/537.36 (compatible; Googlebot/2.1; +http://www.google.com/bot.html)"
192.178.4.100 - - [13/May/2026:05:15:11 +1000] "GET /comment.php?products/coffee-table-and-two-end-tables/19928023/ HTTP/1.1" 200 35483 "-" "Mozilla/5.0 (Linux; Android 6.0.1; Nexus 5X Build/MMB29P) AppleWebKit/537.36 (KHTML, like Gecko) Chrome/147.0.7727.137 Mobile Safari/537.36 (compatible; GoogleOther)"
57.141.14.69 - - [13/May/2026:05:15:21 +1000] "GET /products/detail/64748053 HTTP/2" 404 137739 "-" "meta-externalagent/1.1 (+https://developers.facebook.com/docs/sharing/webmasters/crawler)"
192.178.4.100 - - [13/May/2026:05:15:25 +1000] "POST /wp-json/platformist-quadendpointer-sxadtr/v1/s6qgn HTTP/1.1" 200 2527 "https://www.coridyan.com/?products/detail/63807724" "Mozilla/5.0 (Linux; Android 6.0.1; Nexus 5X Build/MMB29P) AppleWebKit/537.36 (KHTML, like Gecko) Chrome/147.0.7727.137 Mobile Safari/537.36 (compatible; Googlebot/2.1; +http://www.google.com/bot.html)"
192.178.4.100 - - [13/May/2026:05:15:30 +1000] "GET /?products/detail/70009795 HTTP/1.1" 200 39943 "-" "Mozilla/5.0 (Linux; Android 6.0.1; Nexus 5X Build/MMB29P) AppleWebKit/537.36 (KHTML, like Gecko) Chrome/147.0.7727.137 Mobile Safari/537.36 (compatible; Googlebot/2.1; +http://www.google.com/bot.html)"
57.141.14.101 - - [13/May/2026:05:15:32 +1000] "GET /products/detail/65183248 HTTP/2" 404 137739 "-" "meta-externalagent/1.1 (+https://developers.facebook.com/docs/sharing/webmasters/crawler)"
216.73.216.86 - - [13/May/2026:05:15:35 +1000] "GET /?p=72360 HTTP/2" 301 0 "-" "Mozilla/5.0 AppleWebKit/537.36 (KHTML, like Gecko; compatible; ClaudeBot/1.0; +claudebot@anthropic.com)"
216.73.216.86 - - [13/May/2026:05:15:35 +1000] "GET /?p=62919 HTTP/2" 301 0 "-" "Mozilla/5.0 AppleWebKit/537.36 (KHTML, like Gecko; compatible; ClaudeBot/1.0; +claudebot@anthropic.com)"
216.73.216.86 - - [13/May/2026:05:15:35 +1000] "GET /?p=65551 HTTP/2" 301 0 "-" "Mozilla/5.0 AppleWebKit/537.36 (KHTML, like Gecko; compatible; ClaudeBot/1.0; +claudebot@anthropic.com)"
216.73.216.86 - - [13/May/2026:05:15:35 +1000] "GET /?p=73857 HTTP/2" 301 0 "-" "Mozilla/5.0 AppleWebKit/537.36 (KHTML, like Gecko; compatible; ClaudeBot/1.0; +claudebot@anthropic.com)"
216.73.216.86 - - [13/May/2026:05:15:35 +1000] "GET /?p=72564 HTTP/2" 301 0 "-" "Mozilla/5.0 AppleWebKit/537.36 (KHTML, like Gecko; compatible; ClaudeBot/1.0; +claudebot@anthropic.com)"
216.73.216.86 - - [13/May/2026:05:15:35 +1000] "GET /?p=71777 HTTP/2" 301 0 "-" "Mozilla/5.0 AppleWebKit/537.36 (KHTML, like Gecko; compatible; ClaudeBot/1.0; +claudebot@anthropic.com)"
216.73.216.86 - - [13/May/2026:05:15:35 +1000] "GET /?p=71948 HTTP/2" 301 0 "-" "Mozilla/5.0 AppleWebKit/537.36 (KHTML, like Gecko; compatible; ClaudeBot/1.0; +claudebot@anthropic.com)"
192.178.4.100 - - [13/May/2026:05:15:36 +1000] "POST /wp-admin/admin-ajax.php HTTP/1.1" 200 1274 "https://www.coridyan.com/?products/detail/70009795" "Mozilla/5.0 (Linux; Android 6.0.1; Nexus 5X Build/MMB29P) AppleWebKit/537.36 (KHTML, like Gecko) Chrome/147.0.7727.137 Mobile Safari/537.36 (compatible; Googlebot/2.1; +http://www.google.com/bot.html)"
216.73.216.86 - - [13/May/2026:05:15:37 +1000] "GET /speel-kosteloos-offlin-roulett/ HTTP/2" 200 40175 "https://www.coridyan.com/?p=72360" "Mozilla/5.0 AppleWebKit/537.36 (KHTML, like Gecko; compatible; ClaudeBot/1.0; +claudebot@anthropic.com)"
216.73.216.86 - - [13/May/2026:05:15:37 +1000] "GET /juguetear-agent-jane-blonde-codigo-de-bonificacion-quick-win-gratuito/ HTTP/2" 200 43682 "https://www.coridyan.com/?p=62919" "Mozilla/5.0 AppleWebKit/537.36 (KHTML, like Gecko; compatible; ClaudeBot/1.0; +claudebot@anthropic.com)"
216.73.216.86 - - [13/May/2026:05:15:37 +1000] "GET /free-play-at-the-iron-man-slot-free-spins-uptown-pokies-gambling-enterprise-spins-demonstrations-tips/ HTTP/2" 200 41301 "https://www.coridyan.com/?p=65551" "Mozilla/5.0 AppleWebKit/537.36 (KHTML, like Gecko; compatible; ClaudeBot/1.0; +claudebot@anthropic.com)"
216.73.216.86 - - [13/May/2026:05:15:37 +1000] "GET /deutsche-klarna-casinos/ HTTP/2" 200 42518 "https://www.coridyan.com/?p=71948" "Mozilla/5.0 AppleWebKit/537.36 (KHTML, like Gecko; compatible; ClaudeBot/1.0; +claudebot@anthropic.com)"
216.73.216.86 - - [13/May/2026:05:15:37 +1000] "GET /%ce%ba%ce%b1%ce%b6%ce%af%ce%bd%ce%bf-%ce%bc%ce%b5-%ce%ba%ce%b1%cf%84%ce%ac%ce%b8%ce%b5%cf%83%ce%b7-step-1-%cf%80%ce%b1%ce%af%ce%be%cf%84%ce%b5-%ce%bc%ce%b5-%ce%bc%cf%8c%ce%bd%ce%bf-step-one-%ce%ba/ HTTP/2" 200 41902 "https://www.coridyan.com/?p=73857" "Mozilla/5.0 AppleWebKit/537.36 (KHTML, like Gecko; compatible; ClaudeBot/1.0; +claudebot@anthropic.com)"
216.73.216.86 - - [13/May/2026:05:15:37 +1000] "GET /cincuenta-tiradas-gratuito-casinos-dgoj-mayo-2026/ HTTP/2" 200 43613 "https://www.coridyan.com/?p=71777" "Mozilla/5.0 AppleWebKit/537.36 (KHTML, like Gecko; compatible; ClaudeBot/1.0; +claudebot@anthropic.com)"
216.73.216.86 - - [13/May/2026:05:15:37 +1000] "GET /play-reel-rush-slot-free-review-high-rtp-and-exciting/ HTTP/2" 200 41061 "https://www.coridyan.com/?p=72564" "Mozilla/5.0 AppleWebKit/537.36 (KHTML, like Gecko; compatible; ClaudeBot/1.0; +claudebot@anthropic.com)"
57.141.14.52 - - [13/May/2026:05:15:39 +1000] "GET /products/detail/62108290 HTTP/2" 404 137739 "-" "meta-externalagent/1.1 (+https://developers.facebook.com/docs/sharing/webmasters/crawler)"
192.178.4.100 - - [13/May/2026:05:15:40 +1000] "POST /wp-json/platformist-quadendpointer-sxadtr/v1/s6qgn HTTP/1.1" 200 1506 "https://www.coridyan.com/?products/detail/70009795" "Mozilla/5.0 (Linux; Android 6.0.1; Nexus 5X Build/MMB29P) AppleWebKit/537.36 (KHTML, like Gecko) Chrome/147.0.7727.137 Mobile Safari/537.36 (compatible; Googlebot/2.1; +http://www.google.com/bot.html)"
192.178.4.100 - - [13/May/2026:05:15:45 +1000] "GET /?products/detail/63953713 HTTP/1.1" 200 39944 "-" "Mozilla/5.0 (Linux; Android 6.0.1; Nexus 5X Build/MMB29P) AppleWebKit/537.36 (KHTML, like Gecko) Chrome/147.0.7727.137 Mobile Safari/537.36 (compatible; Googlebot/2.1; +http://www.google.com/bot.html)"
192.178.4.100 - - [13/May/2026:05:15:51 +1000] "POST /wp-json/platformist-quadendpointer-sxadtr/v1/s6qgn HTTP/1.1" 200 2531 "https://www.coridyan.com/?products/detail/70009795" "Mozilla/5.0 (Linux; Android 6.0.1; Nexus 5X Build/MMB29P) AppleWebKit/537.36 (KHTML, like Gecko) Chrome/147.0.7727.137 Mobile Safari/537.36 (compatible; Googlebot/2.1; +http://www.google.com/bot.html)"
216.73.216.86 - - [13/May/2026:05:15:53 +1000] "GET /?p=54464 HTTP/2" 301 0 "-" "Mozilla/5.0 AppleWebKit/537.36 (KHTML, like Gecko; compatible; ClaudeBot/1.0; +claudebot@anthropic.com)"
216.73.216.86 - - [13/May/2026:05:15:53 +1000] "GET /?p=52326 HTTP/2" 301 0 "-" "Mozilla/5.0 AppleWebKit/537.36 (KHTML, like Gecko; compatible; ClaudeBot/1.0; +claudebot@anthropic.com)"
216.73.216.86 - - [13/May/2026:05:15:53 +1000] "GET /?p=72556 HTTP/2" 301 0 "-" "Mozilla/5.0 AppleWebKit/537.36 (KHTML, like Gecko; compatible; ClaudeBot/1.0; +claudebot@anthropic.com)"
216.73.216.86 - - [13/May/2026:05:15:54 +1000] "GET /immortal-romance-50-free-spins-shoot-position-100-percent-free-demonstration-expert-opinion-2026/ HTTP/2" 200 41422 "https://www.coridyan.com/?p=54464" "Mozilla/5.0 AppleWebKit/537.36 (KHTML, like Gecko; compatible; ClaudeBot/1.0; +claudebot@anthropic.com)"
216.73.216.86 - - [13/May/2026:05:15:54 +1000] "GET /seriose-erreichbar-casinos-casino-crystal-ball-spielotheken-2026-brd/ HTTP/2" 200 43298 "https://www.coridyan.com/?p=52326" "Mozilla/5.0 AppleWebKit/537.36 (KHTML, like Gecko; compatible; ClaudeBot/1.0; +claudebot@anthropic.com)"
192.178.4.100 - - [13/May/2026:05:15:55 +1000] "POST /wp-admin/admin-ajax.php HTTP/1.1" 200 1099 "https://www.coridyan.com/?products/detail/63953713" "Mozilla/5.0 (Linux; Android 6.0.1; Nexus 5X Build/MMB29P) AppleWebKit/537.36 (KHTML, like Gecko) Chrome/147.0.7727.137 Mobile Safari/537.36 (compatible; Googlebot/2.1; +http://www.google.com/bot.html)"
216.73.216.86 - - [13/May/2026:05:15:55 +1000] "GET /greatest-real-money-pokies-apps-around-australia-2026/ HTTP/2" 200 40755 "https://www.coridyan.com/?p=72556" "Mozilla/5.0 AppleWebKit/537.36 (KHTML, like Gecko; compatible; ClaudeBot/1.0; +claudebot@anthropic.com)"
216.73.216.86 - - [13/May/2026:05:15:53 +1000] "GET /author/admlnlx/page/1836/ HTTP/2" 200 41067 "-" "Mozilla/5.0 AppleWebKit/537.36 (KHTML, like Gecko; compatible; ClaudeBot/1.0; +claudebot@anthropic.com)"
216.73.216.86 - - [13/May/2026:05:15:53 +1000] "GET /author/admlnlx/page/1850/ HTTP/2" 200 41684 "-" "Mozilla/5.0 AppleWebKit/537.36 (KHTML, like Gecko; compatible; ClaudeBot/1.0; +claudebot@anthropic.com)"
216.73.216.86 - - [13/May/2026:05:15:53 +1000] "GET /author/admlnlx/page/1681/ HTTP/2" 200 40603 "-" "Mozilla/5.0 AppleWebKit/537.36 (KHTML, like Gecko; compatible; ClaudeBot/1.0; +claudebot@anthropic.com)"
216.73.216.86 - - [13/May/2026:05:15:53 +1000] "GET /author/admlnlx/page/1847/ HTTP/2" 200 40852 "-" "Mozilla/5.0 AppleWebKit/537.36 (KHTML, like Gecko; compatible; ClaudeBot/1.0; +claudebot@anthropic.com)"
192.178.4.100 - - [13/May/2026:05:16:00 +1000] "POST /wp-json/platformist-quadendpointer-sxadtr/v1/s6qgn HTTP/1.1" 200 1547 "https://www.coridyan.com/?products/detail/70009795" "Mozilla/5.0 (Linux; Android 6.0.1; Nexus 5X Build/MMB29P) AppleWebKit/537.36 (KHTML, like Gecko) Chrome/147.0.7727.137 Mobile Safari/537.36 (compatible; Googlebot/2.1; +http://www.google.com/bot.html)"
192.178.4.100 - - [13/May/2026:05:16:05 +1000] "GET /?products/detail/53452018 HTTP/1.1" 200 39943 "-" "Mozilla/5.0 (Linux; Android 6.0.1; Nexus 5X Build/MMB29P) AppleWebKit/537.36 (KHTML, like Gecko) Chrome/147.0.7727.137 Mobile Safari/537.36 (compatible; Googlebot/2.1; +http://www.google.com/bot.html)"
192.178.4.100 - - [13/May/2026:05:16:10 +1000] "POST /wp-json/platformist-quadendpointer-sxadtr/v1/s6qgn HTTP/1.1" 200 1684 "https://www.coridyan.com/?products/detail/63953713" "Mozilla/5.0 (Linux; Android 6.0.1; Nexus 5X Build/MMB29P) AppleWebKit/537.36 (KHTML, like Gecko) Chrome/147.0.7727.137 Mobile Safari/537.36 (compatible; Googlebot/2.1; +http://www.google.com/bot.html)"
57.141.14.102 - - [13/May/2026:05:16:14 +1000] "GET /products/detail/68178763 HTTP/2" 404 137739 "-" "meta-externalagent/1.1 (+https://developers.facebook.com/docs/sharing/webmasters/crawler)"
192.178.4.100 - - [13/May/2026:05:16:14 +1000] "POST /wp-admin/admin-ajax.php HTTP/1.1" 200 1095 "https://www.coridyan.com/?products/detail/53452018" "Mozilla/5.0 (Linux; Android 6.0.1; Nexus 5X Build/MMB29P) AppleWebKit/537.36 (KHTML, like Gecko) Chrome/147.0.7727.137 Mobile Safari/537.36 (compatible; Googlebot/2.1; +http://www.google.com/bot.html)"
216.73.216.86 - - [13/May/2026:05:16:16 +1000] "GET /ofertas-de-casino-online-sobre-chile/ HTTP/2" 200 43428 "-" "Mozilla/5.0 AppleWebKit/537.36 (KHTML, like Gecko; compatible; ClaudeBot/1.0; +claudebot@anthropic.com)"
216.73.216.86 - - [13/May/2026:05:16:16 +1000] "GET /karaoke-video-poker-apps-game/ HTTP/2" 200 40772 "-" "Mozilla/5.0 AppleWebKit/537.36 (KHTML, like Gecko; compatible; ClaudeBot/1.0; +claudebot@anthropic.com)"
216.73.216.86 - - [13/May/2026:05:16:16 +1000] "GET /author/admlnlx/page/1831/ HTTP/2" 200 40915 "-" "Mozilla/5.0 AppleWebKit/537.36 (KHTML, like Gecko; compatible; ClaudeBot/1.0; +claudebot@anthropic.com)"
216.73.216.86 - - [13/May/2026:05:16:16 +1000] "GET /wildsino-gambling-establishment-remark-can-get-2026/feed/ HTTP/2" 200 880 "-" "Mozilla/5.0 AppleWebKit/537.36 (KHTML, like Gecko; compatible; ClaudeBot/1.0; +claudebot@anthropic.com)"
216.73.216.86 - - [13/May/2026:05:16:16 +1000] "GET /deutsche-klarna-casinos/feed/ HTTP/2" 200 796 "-" "Mozilla/5.0 AppleWebKit/537.36 (KHTML, like Gecko; compatible; ClaudeBot/1.0; +claudebot@anthropic.com)"
216.73.216.86 - - [13/May/2026:05:16:16 +1000] "GET /100-magro-per-460-oggi/feed/ HTTP/2" 200 794 "-" "Mozilla/5.0 AppleWebKit/537.36 (KHTML, like Gecko; compatible; ClaudeBot/1.0; +claudebot@anthropic.com)"
216.73.216.86 - - [13/May/2026:05:16:16 +1000] "GET /speel-kosteloos-offlin-roulett/feed/ HTTP/2" 200 817 "-" "Mozilla/5.0 AppleWebKit/537.36 (KHTML, like Gecko; compatible; ClaudeBot/1.0; +claudebot@anthropic.com)"
192.178.4.100 - - [13/May/2026:05:16:20 +1000] "POST /wp-json/platformist-quadendpointer-sxadtr/v1/s6qgn HTTP/1.1" 200 2529 "https://www.coridyan.com/?products/detail/63953713" "Mozilla/5.0 (Linux; Android 6.0.1; Nexus 5X Build/MMB29P) AppleWebKit/537.36 (KHTML, like Gecko) Chrome/147.0.7727.137 Mobile Safari/537.36 (compatible; Googlebot/2.1; +http://www.google.com/bot.html)"
192.178.4.100 - - [13/May/2026:05:16:24 +1000] "GET /?products/detail/70097158 HTTP/1.1" 200 39943 "-" "Mozilla/5.0 (Linux; Android 6.0.1; Nexus 5X Build/MMB29P) AppleWebKit/537.36 (KHTML, like Gecko) Chrome/147.0.7727.137 Mobile Safari/537.36 (compatible; Googlebot/2.1; +http://www.google.com/bot.html)"
192.178.4.100 - - [13/May/2026:05:16:29 +1000] "POST /wp-json/platformist-quadendpointer-sxadtr/v1/s6qgn HTTP/1.1" 200 1547 "https://www.coridyan.com/?products/detail/63953713" "Mozilla/5.0 (Linux; Android 6.0.1; Nexus 5X Build/MMB29P) AppleWebKit/537.36 (KHTML, like Gecko) Chrome/147.0.7727.137 Mobile Safari/537.36 (compatible; Googlebot/2.1; +http://www.google.com/bot.html)"
192.178.4.100 - - [13/May/2026:05:16:34 +1000] "POST /wp-admin/admin-ajax.php HTTP/1.1" 200 1101 "https://www.coridyan.com/?products/detail/70097158" "Mozilla/5.0 (Linux; Android 6.0.1; Nexus 5X Build/MMB29P) AppleWebKit/537.36 (KHTML, like Gecko) Chrome/147.0.7727.137 Mobile Safari/537.36 (compatible; Googlebot/2.1; +http://www.google.com/bot.html)"
216.73.216.86 - - [13/May/2026:05:16:39 +1000] "GET /juguetear-agent-jane-blonde-codigo-de-bonificacion-quick-win-gratuito/feed/ HTTP/2" 200 936 "-" "Mozilla/5.0 AppleWebKit/537.36 (KHTML, like Gecko; compatible; ClaudeBot/1.0; +claudebot@anthropic.com)"
216.73.216.86 - - [13/May/2026:05:16:39 +1000] "GET /penny-harbors-bez-vulkan-spiele-prijava-agenta-instalacije-kockanje-besplatni-cent-automati/feed/ HTTP/2" 200 1002 "-" "Mozilla/5.0 AppleWebKit/537.36 (KHTML, like Gecko; compatible; ClaudeBot/1.0; +claudebot@anthropic.com)"
216.73.216.86 - - [13/May/2026:05:16:39 +1000] "GET /huge-resort-casino-no-deposit-bonus-rules-at-no-cost-revolves-2026/feed/ HTTP/2" 200 925 "-" "Mozilla/5.0 AppleWebKit/537.36 (KHTML, like Gecko; compatible; ClaudeBot/1.0; +claudebot@anthropic.com)"
216.73.216.86 - - [13/May/2026:05:16:39 +1000] "GET /aparelhar-reel-banks-apontar-ademane-beizebu-100-gratis/feed/ HTTP/2" 200 894 "-" "Mozilla/5.0 AppleWebKit/537.36 (KHTML, like Gecko; compatible; ClaudeBot/1.0; +claudebot@anthropic.com)"
216.73.216.86 - - [13/May/2026:05:16:39 +1000] "GET /play-cellular-casino-floor-pokies-apps-around-australia-2026/ HTTP/2" 200 41278 "-" "Mozilla/5.0 AppleWebKit/537.36 (KHTML, like Gecko; compatible; ClaudeBot/1.0; +claudebot@anthropic.com)"
216.73.216.86 - - [13/May/2026:05:16:39 +1000] "GET /eye-of-horus-gratis-spielen-abzuglich-registration/ HTTP/2" 200 41004 "-" "Mozilla/5.0 AppleWebKit/537.36 (KHTML, like Gecko; compatible; ClaudeBot/1.0; +claudebot@anthropic.com)"
216.73.216.86 - - [13/May/2026:05:16:39 +1000] "GET /beste-zahlungsmethoden-je-deutsche-spielhallen-2026/ HTTP/2" 200 42068 "-" "Mozilla/5.0 AppleWebKit/537.36 (KHTML, like Gecko; compatible; ClaudeBot/1.0; +claudebot@anthropic.com)"
192.178.4.100 - - [13/May/2026:05:16:39 +1000] "GET /content.php?product/91985458 HTTP/1.1" 200 28172 "-" "Mozilla/5.0 (Linux; Android 6.0.1; Nexus 5X Build/MMB29P) AppleWebKit/537.36 (KHTML, like Gecko) Chrome/147.0.7727.137 Mobile Safari/537.36 (compatible; GoogleOther)"
192.178.4.100 - - [13/May/2026:05:16:45 +1000] "GET /?products/detail/63028963 HTTP/1.1" 200 40121 "-" "Mozilla/5.0 (Linux; Android 6.0.1; Nexus 5X Build/MMB29P) AppleWebKit/537.36 (KHTML, like Gecko) Chrome/147.0.7727.137 Mobile Safari/537.36 (compatible; Googlebot/2.1; +http://www.google.com/bot.html)"
57.141.14.49 - - [13/May/2026:05:16:47 +1000] "GET /products/detail/54985663 HTTP/2" 404 137739 "-" "meta-externalagent/1.1 (+https://developers.facebook.com/docs/sharing/webmasters/crawler)"
192.178.4.100 - - [13/May/2026:05:16:49 +1000] "POST /wp-json/platformist-quadendpointer-sxadtr/v1/s6qgn HTTP/1.1" 200 1506 "https://www.coridyan.com/?products/detail/70097158" "Mozilla/5.0 (Linux; Android 6.0.1; Nexus 5X Build/MMB29P) AppleWebKit/537.36 (KHTML, like Gecko) Chrome/147.0.7727.137 Mobile Safari/537.36 (compatible; Googlebot/2.1; +http://www.google.com/bot.html)"
57.141.14.56 - - [13/May/2026:05:16:53 +1000] "GET /products/detail/60513103 HTTP/2" 404 137739 "-" "meta-externalagent/1.1 (+https://developers.facebook.com/docs/sharing/webmasters/crawler)"
192.178.4.100 - - [13/May/2026:05:16:55 +1000] "POST /wp-json/platformist-quadendpointer-sxadtr/v1/s6qgn HTTP/1.1" 200 1683 "https://www.coridyan.com/?products/detail/53452018" "Mozilla/5.0 (Linux; Android 6.0.1; Nexus 5X Build/MMB29P) AppleWebKit/537.36 (KHTML, like Gecko) Chrome/147.0.7727.137 Mobile Safari/537.36 (compatible; Googlebot/2.1; +http://www.google.com/bot.html)"
216.73.216.86 - - [13/May/2026:05:17:01 +1000] "GET /play-reel-rush-slot-free-review-high-rtp-and-exciting/feed/ HTTP/2" 200 886 "-" "Mozilla/5.0 AppleWebKit/537.36 (KHTML, like Gecko; compatible; ClaudeBot/1.0; +claudebot@anthropic.com)"
216.73.216.86 - - [13/May/2026:05:17:01 +1000] "GET /finest-web-based-casinos-australian-continent-top-10-australian-gambling-establishment-internet-sites/ HTTP/2" 200 40850 "-" "Mozilla/5.0 AppleWebKit/537.36 (KHTML, like Gecko; compatible; ClaudeBot/1.0; +claudebot@anthropic.com)"
216.73.216.86 - - [13/May/2026:05:17:01 +1000] "GET /greatest-real-money-pokies-apps-around-australia-2026/feed/ HTTP/2" 200 886 "-" "Mozilla/5.0 AppleWebKit/537.36 (KHTML, like Gecko; compatible; ClaudeBot/1.0; +claudebot@anthropic.com)"
216.73.216.86 - - [13/May/2026:05:17:01 +1000] "GET /true-luck-casino-extra-greeting-bonus-free-spins-private-now-offers/feed/ HTTP/2" 200 937 "-" "Mozilla/5.0 AppleWebKit/537.36 (KHTML, like Gecko; compatible; ClaudeBot/1.0; +claudebot@anthropic.com)"
216.73.216.86 - - [13/May/2026:05:17:01 +1000] "GET /spinshark-rijden-met-de-snelste-spelers-van-het-casino/feed/ HTTP/2" 200 897 "-" "Mozilla/5.0 AppleWebKit/537.36 (KHTML, like Gecko; compatible; ClaudeBot/1.0; +claudebot@anthropic.com)"
216.73.216.86 - - [13/May/2026:05:17:01 +1000] "GET /%CE%BA%CE%B1%CE%B6%CE%AF%CE%BD%CE%BF-%CE%BC%CE%B5-%CE%BA%CE%B1%CF%84%CE%AC%CE%B8%CE%B5%CF%83%CE%B7-step-1-%CF%80%CE%B1%CE%AF%CE%BE%CF%84%CE%B5-%CE%BC%CE%B5-%CE%BC%CF%8C%CE%BD%CE%BF-step-one-%CE%BA/ HTTP/2" 200 41908 "-" "Mozilla/5.0 AppleWebKit/537.36 (KHTML, like Gecko; compatible; ClaudeBot/1.0; +claudebot@anthropic.com)"
216.73.216.86 - - [13/May/2026:05:17:01 +1000] "GET /tours-sans-frais-sans-nul-classe-2026-top-articles-du-janvier/ HTTP/2" 200 41493 "-" "Mozilla/5.0 AppleWebKit/537.36 (KHTML, like Gecko; compatible; ClaudeBot/1.0; +claudebot@anthropic.com)"
192.178.4.101 - - [13/May/2026:05:17:01 +1000] "GET /?products/detail/52993369 HTTP/1.1" 200 40133 "-" "Mozilla/5.0 (Linux; Android 6.0.1; Nexus 5X Build/MMB29P) AppleWebKit/537.36 (KHTML, like Gecko) Chrome/147.0.7727.137 Mobile Safari/537.36 (compatible; Googlebot/2.1; +http://www.google.com/bot.html)"
192.178.4.101 - - [13/May/2026:05:17:08 +1000] "GET /content.php?product/41123578 HTTP/1.1" 200 28294 "-" "Mozilla/5.0 (Linux; Android 6.0.1; Nexus 5X Build/MMB29P) AppleWebKit/537.36 (KHTML, like Gecko) Chrome/147.0.7727.137 Mobile Safari/537.36 (compatible; GoogleOther)"
192.178.4.100 - - [13/May/2026:05:17:14 +1000] "POST /wp-admin/admin-ajax.php HTTP/1.1" 200 1277 "https://www.coridyan.com/?products/detail/52993369" "Mozilla/5.0 (Linux; Android 6.0.1; Nexus 5X Build/MMB29P) AppleWebKit/537.36 (KHTML, like Gecko) Chrome/147.0.7727.137 Mobile Safari/537.36 (compatible; Googlebot/2.1; +http://www.google.com/bot.html)"
192.178.4.100 - - [13/May/2026:05:17:20 +1000] "GET /?products/detail/61226992 HTTP/1.1" 200 40121 "-" "Mozilla/5.0 (Linux; Android 6.0.1; Nexus 5X Build/MMB29P) AppleWebKit/537.36 (KHTML, like Gecko) Chrome/147.0.7727.137 Mobile Safari/537.36 (compatible; Googlebot/2.1; +http://www.google.com/bot.html)"
66.249.74.78 - - [13/May/2026:05:17:26 +1000] "POST /wp-json/platformist-quadendpointer-sxadtr/v1/s6qgn HTTP/1.1" 403 986 "https://www.coridyan.com/?products/detail/52993369" "Mozilla/5.0 (Linux; Android 6.0.1; Nexus 5X Build/MMB29P) AppleWebKit/537.36 (KHTML, like Gecko) Chrome/147.0.7727.137 Mobile Safari/537.36 (compatible; Googlebot/2.1; +http://www.google.com/bot.html)"
52.167.144.179 - - [13/May/2026:05:17:31 +1000] "GET /products/detail/56686024 HTTP/2" 404 35917 "-" "Mozilla/5.0 AppleWebKit/537.36 (KHTML, like Gecko; compatible; bingbot/2.0; +http://www.bing.com/bingbot.htm) Chrome/116.0.1938.76 Safari/537.36"
216.73.216.86 - - [13/May/2026:05:17:32 +1000] "GET /cincuenta-tiradas-gratuito-casinos-dgoj-mayo-2026/feed/ HTTP/2" 200 875 "-" "Mozilla/5.0 AppleWebKit/537.36 (KHTML, like Gecko; compatible; ClaudeBot/1.0; +claudebot@anthropic.com)"
216.73.216.86 - - [13/May/2026:05:17:32 +1000] "GET /slot-gratis-inoffizieller-5-einzahlung-casino-fruit-mania-mitarbeiter-inter-browser-testen/feed/ HTTP/2" 200 999 "-" "Mozilla/5.0 AppleWebKit/537.36 (KHTML, like Gecko; compatible; ClaudeBot/1.0; +claudebot@anthropic.com)"
216.73.216.86 - - [13/May/2026:05:17:32 +1000] "GET /best-cellular-gambling-enterprises-and-you-can-gambling-programs-for-real-cash-in-2026/feed/ HTTP/2" 200 985 "-" "Mozilla/5.0 AppleWebKit/537.36 (KHTML, like Gecko; compatible; ClaudeBot/1.0; +claudebot@anthropic.com)"
216.73.216.86 - - [13/May/2026:05:17:32 +1000] "GET /natcasino-jamfora-ultimata-svenska-spraket-natcasinon-2026/ HTTP/2" 200 41236 "-" "Mozilla/5.0 AppleWebKit/537.36 (KHTML, like Gecko; compatible; ClaudeBot/1.0; +claudebot@anthropic.com)"
216.73.216.86 - - [13/May/2026:05:17:32 +1000] "GET /vehicle-online-game-play-on-funky-fruits-slots-mac-the-web-for-free/ HTTP/2" 200 41198 "-" "Mozilla/5.0 AppleWebKit/537.36 (KHTML, like Gecko; compatible; ClaudeBot/1.0; +claudebot@anthropic.com)"
216.73.216.86 - - [13/May/2026:05:17:32 +1000] "GET /70-freispiele-exklusive-einzahlung-%EF%B8%8F-70-free-spins-no-abschlagzahlung/ HTTP/2" 200 40412 "-" "Mozilla/5.0 AppleWebKit/537.36 (KHTML, like Gecko; compatible; ClaudeBot/1.0; +claudebot@anthropic.com)"
192.178.4.100 - - [13/May/2026:05:17:32 +1000] "POST /wp-json/platformist-quadendpointer-sxadtr/v1/s6qgn HTTP/1.1" 200 1684 "https://www.coridyan.com/?products/detail/52993369" "Mozilla/5.0 (Linux; Android 6.0.1; Nexus 5X Build/MMB29P) AppleWebKit/537.36 (KHTML, like Gecko) Chrome/147.0.7727.137 Mobile Safari/537.36 (compatible; Googlebot/2.1; +http://www.google.com/bot.html)"
40.77.167.77 - - [13/May/2026:05:17:35 +1000] "GET /products/detail/67349278 HTTP/2" 404 35911 "-" "Mozilla/5.0 AppleWebKit/537.36 (KHTML, like Gecko; compatible; bingbot/2.0; +http://www.bing.com/bingbot.htm) Chrome/116.0.1938.76 Safari/537.36"
192.178.4.101 - - [13/May/2026:05:17:38 +1000] "GET /?products/detail/69984730 HTTP/1.1" 200 40121 "-" "Mozilla/5.0 (Linux; Android 6.0.1; Nexus 5X Build/MMB29P) AppleWebKit/537.36 (KHTML, like Gecko) Chrome/147.0.7727.137 Mobile Safari/537.36 (compatible; Googlebot/2.1; +http://www.google.com/bot.html)"
57.141.14.22 - - [13/May/2026:05:17:40 +1000] "GET /products/detail/63865909 HTTP/2" 404 137739 "-" "meta-externalagent/1.1 (+https://developers.facebook.com/docs/sharing/webmasters/crawler)"
216.73.216.86 - - [13/May/2026:05:17:40 +1000] "GET /casino-espaces-gratuits-application-mr-bet-a-lexclusion-de-conserve-sur-le-canada-20-150-produits/ HTTP/2" 200 41076 "-" "Mozilla/5.0 AppleWebKit/537.36 (KHTML, like Gecko; compatible; ClaudeBot/1.0; +claudebot@anthropic.com)"
216.73.216.86 - - [13/May/2026:05:17:40 +1000] "GET /spielsaal-blos-lugas-traktandum-anbieter-as-part-of-brd-2025/ HTTP/2" 200 43073 "-" "Mozilla/5.0 AppleWebKit/537.36 (KHTML, like Gecko; compatible; ClaudeBot/1.0; +claudebot@anthropic.com)"
216.73.216.86 - - [13/May/2026:05:17:40 +1000] "GET /free-spins-lite-500-freespins-gratissnurr-intill-inskrivnin/ HTTP/2" 200 40849 "-" "Mozilla/5.0 AppleWebKit/537.36 (KHTML, like Gecko; compatible; ClaudeBot/1.0; +claudebot@anthropic.com)"
216.73.216.86 - - [13/May/2026:05:17:40 +1000] "GET /instacasino-du-brist-100percent-opptil-3-000-kr-og-60-realspins/ HTTP/2" 200 41663 "-" "Mozilla/5.0 AppleWebKit/537.36 (KHTML, like Gecko; compatible; ClaudeBot/1.0; +claudebot@anthropic.com)"
216.73.216.86 - - [13/May/2026:05:17:40 +1000] "GET /hollywood-casino-promo-password-sdscasino-a-lot-of-incentive-revolves/ HTTP/2" 200 39965 "-" "Mozilla/5.0 AppleWebKit/537.36 (KHTML, like Gecko; compatible; ClaudeBot/1.0; +claudebot@anthropic.com)"
3.96.172.104 - - [13/May/2026:05:17:39 +1000] "POST /xmlrpc.php HTTP/1.1" 200 682 "-" "Mozilla/5.0 (Windows NT 10.0; Win64; x64) AppleWebKit/537.36 (KHTML, like Gecko) Chrome/114.0.0.0 Safari/537.36"
192.178.4.100 - - [13/May/2026:05:17:44 +1000] "POST /wp-json/platformist-quadendpointer-sxadtr/v1/s6qgn HTTP/1.1" 200 2528 "https://www.coridyan.com/?products/detail/52993369" "Mozilla/5.0 (Linux; Android 6.0.1; Nexus 5X Build/MMB29P) AppleWebKit/537.36 (KHTML, like Gecko) Chrome/147.0.7727.137 Mobile Safari/537.36 (compatible; Googlebot/2.1; +http://www.google.com/bot.html)"
216.73.216.86 - - [13/May/2026:05:17:40 +1000] "GET /beste-echtgeld-casinos-2026-erreichbar-spielotheken-uber-echtgeld/feed/ HTTP/2" 200 924 "-" "Mozilla/5.0 AppleWebKit/537.36 (KHTML, like Gecko; compatible; ClaudeBot/1.0; +claudebot@anthropic.com)"
111.67.29.221 - - [13/May/2026:05:17:45 +1000] "POST /wp-cron.php?doing_wp_cron=1778613465.5989360809326171875000 HTTP/1.1" 200 445 "https://www.coridyan.com/wp-cron.php?doing_wp_cron=1778613465.5989360809326171875000" "WordPress/6.0.11; https://www.coridyan.com"
3.96.172.104 - - [13/May/2026:05:17:50 +1000] "POST /xmlrpc.php HTTP/1.1" 200 16728 "-" "Mozilla/5.0 (Windows NT 10.0; Win64; x64) AppleWebKit/537.36 (KHTML, like Gecko) Chrome/114.0.0.0 Safari/537.36"
192.178.4.100 - - [13/May/2026:05:17:50 +1000] "GET /comment.php?products/table-with-storage-3-chairs/19944888/ HTTP/1.1" 200 35533 "-" "Mozilla/5.0 (Linux; Android 6.0.1; Nexus 5X Build/MMB29P) AppleWebKit/537.36 (KHTML, like Gecko) Chrome/147.0.7727.137 Mobile Safari/537.36 (compatible; Googlebot/2.1; +http://www.google.com/bot.html)"
57.141.14.20 - - [13/May/2026:05:17:53 +1000] "GET /products/detail/61676092 HTTP/2" 404 137739 "-" "meta-externalagent/1.1 (+https://developers.facebook.com/docs/sharing/webmasters/crawler)"
3.96.172.104 - - [13/May/2026:05:17:53 +1000] "GET /mobilnaya-platforma-bukmekerskoy-kontory-melbet-pozvolyaet-delat-stavki-cherez-telefon/ HTTP/1.1" 200 160258 "-" "Mozilla/5.0 (Windows NT 10.0; Win64; x64) AppleWebKit/537.36 (KHTML, like Gecko) Chrome/124.0.0.0 Safari/537.36"
192.178.4.100 - - [13/May/2026:05:17:57 +1000] "GET /?products/detail/53427547 HTTP/1.1" 200 40122 "-" "Mozilla/5.0 (Linux; Android 6.0.1; Nexus 5X Build/MMB29P) AppleWebKit/537.36 (KHTML, like Gecko) Chrome/147.0.7727.137 Mobile Safari/537.36 (compatible; Googlebot/2.1; +http://www.google.com/bot.html)"
216.73.216.86 - - [13/May/2026:05:17:59 +1000] "GET /better-skrill-casinos-on-the-internet-inside-the-no-deposit-500-free-spins-2026/ HTTP/2" 200 41456 "-" "Mozilla/5.0 AppleWebKit/537.36 (KHTML, like Gecko; compatible; ClaudeBot/1.0; +claudebot@anthropic.com)"
216.73.216.86 - - [13/May/2026:05:17:59 +1000] "GET /free-revolves-no-deposit-bonuses-within-the-canada-goldbet-casino-promo-code-2026-2026-claim-now/ HTTP/2" 200 42182 "-" "Mozilla/5.0 AppleWebKit/537.36 (KHTML, like Gecko; compatible; ClaudeBot/1.0; +claudebot@anthropic.com)"
216.73.216.86 - - [13/May/2026:05:17:59 +1000] "GET /short-strikes-position-on-the-web-enjoy-100-casino-nitro-circus-percent-free-online-game-now/ HTTP/2" 200 41251 "-" "Mozilla/5.0 AppleWebKit/537.36 (KHTML, like Gecko; compatible; ClaudeBot/1.0; +claudebot@anthropic.com)"
216.73.216.86 - - [13/May/2026:05:17:59 +1000] "GET /ilmaisia-i24slot-kirjautuminen-r50-tilausbonuksia/feed/ HTTP/2" 200 880 "-" "Mozilla/5.0 AppleWebKit/537.36 (KHTML, like Gecko; compatible; ClaudeBot/1.0; +claudebot@anthropic.com)"
216.73.216.86 - - [13/May/2026:05:17:59 +1000] "GET /70-freispiele-exklusive-einzahlung-%ef%b8%8f-70-free-spins-no-abschlagzahlung/feed/ HTTP/2" 200 957 "-" "Mozilla/5.0 AppleWebKit/537.36 (KHTML, like Gecko; compatible; ClaudeBot/1.0; +claudebot@anthropic.com)"
216.73.216.86 - - [13/May/2026:05:17:59 +1000] "GET /starburst-dem-verde-casino-mobiel-inloggen-voor-gokkas-acteren/feed/ HTTP/2" 200 913 "-" "Mozilla/5.0 AppleWebKit/537.36 (KHTML, like Gecko; compatible; ClaudeBot/1.0; +claudebot@anthropic.com)"
192.178.4.100 - - [13/May/2026:05:18:03 +1000] "POST /wp-admin/admin-ajax.php HTTP/1.1" 200 1274 "https://www.coridyan.com/?products/detail/53427547" "Mozilla/5.0 (Linux; Android 6.0.1; Nexus 5X Build/MMB29P) AppleWebKit/537.36 (KHTML, like Gecko) Chrome/147.0.7727.137 Mobile Safari/537.36 (compatible; Googlebot/2.1; +http://www.google.com/bot.html)"
216.73.216.86 - - [13/May/2026:05:18:09 +1000] "GET /%ce%ba%ce%b1%ce%b6%ce%af%ce%bd%ce%bf-%ce%bc%ce%b5-%ce%ba%ce%b1%cf%84%ce%ac%ce%b8%ce%b5%cf%83%ce%b7-step-1-%cf%80%ce%b1%ce%af%ce%be%cf%84%ce%b5-%ce%bc%ce%b5-%ce%bc%cf%8c%ce%bd%ce%bf-step-one-%ce%ba/feed/ HTTP/2" 200 1274 "-" "Mozilla/5.0 AppleWebKit/537.36 (KHTML, like Gecko; compatible; ClaudeBot/1.0; +claudebot@anthropic.com)"
216.73.216.86 - - [13/May/2026:05:18:09 +1000] "GET /offizielle-flugel-land-der-magic-love-slot-bonus-dichter-und-denker-2026/feed/ HTTP/2" 200 945 "-" "Mozilla/5.0 AppleWebKit/537.36 (KHTML, like Gecko; compatible; ClaudeBot/1.0; +claudebot@anthropic.com)"
216.73.216.86 - - [13/May/2026:05:18:09 +1000] "GET /topx-local-casino-the-ultimate-self-help-guide-to-online-betting-inside-bangladesh/feed/ HTTP/2" 200 974 "-" "Mozilla/5.0 AppleWebKit/537.36 (KHTML, like Gecko; compatible; ClaudeBot/1.0; +claudebot@anthropic.com)"
216.73.216.86 - - [13/May/2026:05:18:09 +1000] "GET /casino-tillag-natets-ultimata-svenska-spraket-casinobonusar-2026/feed/ HTTP/2" 200 922 "-" "Mozilla/5.0 AppleWebKit/537.36 (KHTML, like Gecko; compatible; ClaudeBot/1.0; +claudebot@anthropic.com)"
216.73.216.86 - - [13/May/2026:05:18:09 +1000] "GET /pharaohs-silver-2-100-percent-free-slot-machine-on-line-gamble-video-game-%E1%90%88-novomatic/ HTTP/2" 200 40194 "-" "Mozilla/5.0 AppleWebKit/537.36 (KHTML, like Gecko; compatible; ClaudeBot/1.0; +claudebot@anthropic.com)"
192.178.4.100 - - [13/May/2026:05:18:08 +1000] "POST /wp-json/platformist-quadendpointer-sxadtr/v1/s6qgn HTTP/1.1" 200 1682 "https://www.coridyan.com/?products/detail/53427547" "Mozilla/5.0 (Linux; Android 6.0.1; Nexus 5X Build/MMB29P) AppleWebKit/537.36 (KHTML, like Gecko) Chrome/147.0.7727.137 Mobile Safari/537.36 (compatible; Googlebot/2.1; +http://www.google.com/bot.html)"
216.73.216.86 - - [13/May/2026:05:18:09 +1000] "GET /noppes-spins-appreciren-online-gokkasten-indien-casino-bonus/feed/ HTTP/2" 200 907 "-" "Mozilla/5.0 AppleWebKit/537.36 (KHTML, like Gecko; compatible; ClaudeBot/1.0; +claudebot@anthropic.com)"
