77.237.244.221 - - [13/May/2026:06:50:08 +1000] "GET /logs/ HTTP/1.1" 301 658 "-" "Mozilla/5.0 (Windows NT 10.0; Win64; x64) AppleWebKit/537.36 (KHTML, like Gecko) Chrome/91.0.4472.124 Safari/537.36"
77.237.244.221 - - [13/May/2026:06:50:10 +1000] "GET /logs/ HTTP/1.1" 404 36234 "-" "Mozilla/5.0 (Windows NT 10.0; Win64; x64) AppleWebKit/537.36 (KHTML, like Gecko) Chrome/91.0.4472.124 Safari/537.36"
18.97.9.101 - - [13/May/2026:06:50:12 +1000] "GET /comment.php?products/a-collection-of-masterpieces-the-john-mable-ringling-museum/10124948/ HTTP/1.1" 200 551 "-" "Mozilla/5.0 AppleWebKit/537.36 (KHTML, like Gecko; compatible; PerplexityBot/1.0; +https://perplexity.ai/perplexitybot)"
77.237.244.221 - - [13/May/2026:06:50:14 +1000] "GET /installation/ HTTP/1.1" 301 666 "-" "Mozilla/5.0 (Windows NT 10.0; Win64; x64) AppleWebKit/537.36 (KHTML, like Gecko) Chrome/91.0.4472.124 Safari/537.36"
216.73.217.100 - - [13/May/2026:06:50:13 +1000] "GET /nederlands-lezen-ervoor-geld-optreden/ HTTP/2" 200 40859 "-" "Mozilla/5.0 AppleWebKit/537.36 (KHTML, like Gecko; compatible; ClaudeBot/1.0; +claudebot@anthropic.com)"
77.237.244.221 - - [13/May/2026:06:50:16 +1000] "GET /installation/ HTTP/1.1" 404 36234 "-" "Mozilla/5.0 (Windows NT 10.0; Win64; x64) AppleWebKit/537.36 (KHTML, like Gecko) Chrome/91.0.4472.124 Safari/537.36"
77.237.244.221 - - [13/May/2026:06:50:20 +1000] "GET /admin/ HTTP/1.1" 301 659 "-" "Mozilla/5.0 (Windows NT 10.0; Win64; x64) AppleWebKit/537.36 (KHTML, like Gecko) Chrome/91.0.4472.124 Safari/537.36"
77.237.244.221 - - [13/May/2026:06:50:23 +1000] "GET /admin/ HTTP/1.1" 302 729 "-" "Mozilla/5.0 (Windows NT 10.0; Win64; x64) AppleWebKit/537.36 (KHTML, like Gecko) Chrome/91.0.4472.124 Safari/537.36"
77.237.244.221 - - [13/May/2026:06:50:24 +1000] "GET /wp-admin/ HTTP/1.1" 302 551 "-" "Mozilla/5.0 (Windows NT 10.0; Win64; x64) AppleWebKit/537.36 (KHTML, like Gecko) Chrome/91.0.4472.124 Safari/537.36"
77.237.244.221 - - [13/May/2026:06:50:26 +1000] "GET /wp-login.php?redirect_to=https%3A%2F%2Fwww.coridyan.com%2Fwp-admin%2F&reauth=1 HTTP/1.1" 200 5588 "-" "Mozilla/5.0 (Windows NT 10.0; Win64; x64) AppleWebKit/537.36 (KHTML, like Gecko) Chrome/91.0.4472.124 Safari/537.36"
216.73.217.100 - - [13/May/2026:06:50:21 +1000] "GET /play-alberta-casino/feed/ HTTP/2" 200 784 "-" "Mozilla/5.0 AppleWebKit/537.36 (KHTML, like Gecko; compatible; ClaudeBot/1.0; +claudebot@anthropic.com)"
40.77.167.57 - - [13/May/2026:06:50:26 +1000] "GET /products/detail/64117117 HTTP/2" 404 35911 "-" "Mozilla/5.0 AppleWebKit/537.36 (KHTML, like Gecko; compatible; bingbot/2.0; +http://www.bing.com/bingbot.htm) Chrome/116.0.1938.76 Safari/537.36"
77.237.244.221 - - [13/May/2026:06:50:29 +1000] "GET /admin/tool/ HTTP/1.1" 301 664 "-" "Mozilla/5.0 (Windows NT 10.0; Win64; x64) AppleWebKit/537.36 (KHTML, like Gecko) Chrome/91.0.4472.124 Safari/537.36"
77.237.244.221 - - [13/May/2026:06:50:31 +1000] "GET /admin/tool/ HTTP/1.1" 404 36234 "-" "Mozilla/5.0 (Windows NT 10.0; Win64; x64) AppleWebKit/537.36 (KHTML, like Gecko) Chrome/91.0.4472.124 Safari/537.36"
216.73.217.100 - - [13/May/2026:06:50:35 +1000] "GET /stimuli-vulkan-spiele-partnorski-vkhod-i-bankirane-2025/feed/ HTTP/2" 200 924 "-" "Mozilla/5.0 AppleWebKit/537.36 (KHTML, like Gecko; compatible; ClaudeBot/1.0; +claudebot@anthropic.com)"
77.237.244.221 - - [13/May/2026:06:50:35 +1000] "GET /auth/ HTTP/1.1" 301 677 "-" "Mozilla/5.0 (Windows NT 10.0; Win64; x64) AppleWebKit/537.36 (KHTML, like Gecko) Chrome/91.0.4472.124 Safari/537.36"
57.141.14.11 - - [13/May/2026:06:50:36 +1000] "GET /products/detail/64895005 HTTP/2" 404 137739 "-" "meta-externalagent/1.1 (+https://developers.facebook.com/docs/sharing/webmasters/crawler)"
77.237.244.221 - - [13/May/2026:06:50:38 +1000] "GET /authentic-online-casino/ HTTP/1.1" 200 41016 "-" "Mozilla/5.0 (Windows NT 10.0; Win64; x64) AppleWebKit/537.36 (KHTML, like Gecko) Chrome/91.0.4472.124 Safari/537.36"
216.73.217.100 - - [13/May/2026:06:50:41 +1000] "GET /mr-eco-friendly-gambling-enterprise-remark-2026-bonuses-games-shelter/ HTTP/2" 200 41016 "-" "Mozilla/5.0 AppleWebKit/537.36 (KHTML, like Gecko; compatible; ClaudeBot/1.0; +claudebot@anthropic.com)"
52.167.144.169 - - [13/May/2026:06:50:42 +1000] "GET /products/detail/59498803 HTTP/2" 404 35917 "-" "Mozilla/5.0 AppleWebKit/537.36 (KHTML, like Gecko; compatible; bingbot/2.0; +http://www.bing.com/bingbot.htm) Chrome/116.0.1938.76 Safari/537.36"
77.237.244.221 - - [13/May/2026:06:50:42 +1000] "GET /backup/ HTTP/1.1" 301 660 "-" "Mozilla/5.0 (Windows NT 10.0; Win64; x64) AppleWebKit/537.36 (KHTML, like Gecko) Chrome/91.0.4472.124 Safari/537.36"
57.141.14.106 - - [13/May/2026:06:50:42 +1000] "GET /products/detail/61931521 HTTP/2" 404 137739 "-" "meta-externalagent/1.1 (+https://developers.facebook.com/docs/sharing/webmasters/crawler)"
77.237.244.221 - - [13/May/2026:06:50:44 +1000] "GET /backup/ HTTP/1.1" 404 36234 "-" "Mozilla/5.0 (Windows NT 10.0; Win64; x64) AppleWebKit/537.36 (KHTML, like Gecko) Chrome/91.0.4472.124 Safari/537.36"
77.237.244.221 - - [13/May/2026:06:50:48 +1000] "GET /badges/ HTTP/1.1" 301 660 "-" "Mozilla/5.0 (Windows NT 10.0; Win64; x64) AppleWebKit/537.36 (KHTML, like Gecko) Chrome/91.0.4472.124 Safari/537.36"
77.237.244.221 - - [13/May/2026:06:50:50 +1000] "GET /badges/ HTTP/1.1" 404 36234 "-" "Mozilla/5.0 (Windows NT 10.0; Win64; x64) AppleWebKit/537.36 (KHTML, like Gecko) Chrome/91.0.4472.124 Safari/537.36"
216.73.217.100 - - [13/May/2026:06:50:50 +1000] "GET /jungle-jim-el-dorado-microgaming-on-line-position-review-rating/ HTTP/2" 200 40623 "-" "Mozilla/5.0 AppleWebKit/537.36 (KHTML, like Gecko; compatible; ClaudeBot/1.0; +claudebot@anthropic.com)"
192.178.4.100 - - [13/May/2026:06:50:50 +1000] "GET /content.php?product/64070866 HTTP/1.1" 200 28436 "-" "Mozilla/5.0 (Linux; Android 6.0.1; Nexus 5X Build/MMB29P) AppleWebKit/537.36 (KHTML, like Gecko) Chrome/147.0.7727.137 Mobile Safari/537.36 (compatible; GoogleOther)"
57.141.14.66 - - [13/May/2026:06:50:51 +1000] "GET /products/detail/57058210 HTTP/2" 404 137739 "-" "meta-externalagent/1.1 (+https://developers.facebook.com/docs/sharing/webmasters/crawler)"
77.237.244.221 - - [13/May/2026:06:50:54 +1000] "GET /blocks/ HTTP/1.1" 301 660 "-" "Mozilla/5.0 (Windows NT 10.0; Win64; x64) AppleWebKit/537.36 (KHTML, like Gecko) Chrome/91.0.4472.124 Safari/537.36"
77.237.244.221 - - [13/May/2026:06:50:57 +1000] "GET /blocks/ HTTP/1.1" 404 36234 "-" "Mozilla/5.0 (Windows NT 10.0; Win64; x64) AppleWebKit/537.36 (KHTML, like Gecko) Chrome/91.0.4472.124 Safari/537.36"
216.73.217.100 - - [13/May/2026:06:50:59 +1000] "GET /casino-slots-villig-inter-utprova-spelautomater-online/ HTTP/2" 200 40920 "-" "Mozilla/5.0 AppleWebKit/537.36 (KHTML, like Gecko; compatible; ClaudeBot/1.0; +claudebot@anthropic.com)"
77.237.244.221 - - [13/May/2026:06:51:01 +1000] "GET /calendar/ HTTP/1.1" 301 662 "-" "Mozilla/5.0 (Windows NT 10.0; Win64; x64) AppleWebKit/537.36 (KHTML, like Gecko) Chrome/91.0.4472.124 Safari/537.36"
77.237.244.221 - - [13/May/2026:06:51:04 +1000] "GET /calendar/ HTTP/1.1" 404 36234 "-" "Mozilla/5.0 (Windows NT 10.0; Win64; x64) AppleWebKit/537.36 (KHTML, like Gecko) Chrome/91.0.4472.124 Safari/537.36"
216.73.217.100 - - [13/May/2026:06:51:08 +1000] "GET /strings-post-ports-review-medieval-dinner-cobber-casino-au-madness-bonuses/ HTTP/2" 200 42374 "-" "Mozilla/5.0 AppleWebKit/537.36 (KHTML, like Gecko; compatible; ClaudeBot/1.0; +claudebot@anthropic.com)"
77.237.244.221 - - [13/May/2026:06:51:08 +1000] "GET /cohort/ HTTP/1.1" 301 660 "-" "Mozilla/5.0 (Windows NT 10.0; Win64; x64) AppleWebKit/537.36 (KHTML, like Gecko) Chrome/91.0.4472.124 Safari/537.36"
77.237.244.221 - - [13/May/2026:06:51:10 +1000] "GET /cohort/ HTTP/1.1" 404 36234 "-" "Mozilla/5.0 (Windows NT 10.0; Win64; x64) AppleWebKit/537.36 (KHTML, like Gecko) Chrome/91.0.4472.124 Safari/537.36"
216.73.217.100 - - [13/May/2026:06:51:12 +1000] "GET /casino-online-topplista-gallande-suveran-online-casino-2026/feed/ HTTP/2" 200 906 "-" "Mozilla/5.0 AppleWebKit/537.36 (KHTML, like Gecko; compatible; ClaudeBot/1.0; +claudebot@anthropic.com)"
77.237.244.221 - - [13/May/2026:06:51:14 +1000] "GET /comment/ HTTP/1.1" 301 739 "-" "Mozilla/5.0 (Windows NT 10.0; Win64; x64) AppleWebKit/537.36 (KHTML, like Gecko) Chrome/91.0.4472.124 Safari/537.36"
43.156.225.86 - - [13/May/2026:06:51:15 +1000] "GET /om-chicken-cross-i-spill/ HTTP/1.1" 200 39296 "-" "Mozilla/5.0 (iPhone; CPU iPhone OS 13_2_3 like Mac OS X) AppleWebKit/605.1.15 (KHTML, like Gecko) Version/13.0.3 Mobile/15E148 Safari/604.1"
77.237.244.221 - - [13/May/2026:06:51:17 +1000] "GET /comment-amuser-a-une-eye-of-ra-play-slot-fraise-nos-accoutumances-pour-apprendre-2026/ HTTP/1.1" 200 42675 "-" "Mozilla/5.0 (Windows NT 10.0; Win64; x64) AppleWebKit/537.36 (KHTML, like Gecko) Chrome/91.0.4472.124 Safari/537.36"
192.178.4.100 - - [13/May/2026:06:51:20 +1000] "GET /?products/detail/58133845 HTTP/1.1" 200 39089 "-" "Mozilla/5.0 (Linux; Android 6.0.1; Nexus 5X Build/MMB29P) AppleWebKit/537.36 (KHTML, like Gecko) Chrome/147.0.7727.137 Mobile Safari/537.36 (compatible; Googlebot/2.1; +http://www.google.com/bot.html)"
77.237.244.221 - - [13/May/2026:06:51:21 +1000] "GET /completion/ HTTP/1.1" 301 664 "-" "Mozilla/5.0 (Windows NT 10.0; Win64; x64) AppleWebKit/537.36 (KHTML, like Gecko) Chrome/91.0.4472.124 Safari/537.36"
77.237.244.221 - - [13/May/2026:06:51:24 +1000] "GET /completion/ HTTP/1.1" 404 36234 "-" "Mozilla/5.0 (Windows NT 10.0; Win64; x64) AppleWebKit/537.36 (KHTML, like Gecko) Chrome/91.0.4472.124 Safari/537.36"
77.237.244.221 - - [13/May/2026:06:51:27 +1000] "GET /course/ HTTP/1.1" 301 660 "-" "Mozilla/5.0 (Windows NT 10.0; Win64; x64) AppleWebKit/537.36 (KHTML, like Gecko) Chrome/91.0.4472.124 Safari/537.36"
192.178.4.100 - - [13/May/2026:06:51:26 +1000] "GET /content.php?product/71647786 HTTP/1.1" 200 28988 "-" "Mozilla/5.0 (Linux; Android 6.0.1; Nexus 5X Build/MMB29P) AppleWebKit/537.36 (KHTML, like Gecko) Chrome/147.0.7727.137 Mobile Safari/537.36 (compatible; GoogleOther)"
216.73.217.100 - - [13/May/2026:06:51:28 +1000] "GET /mr-choice-casino-extra-find-best-selling-deals-and-cash-straight-back-promos/ HTTP/2" 200 40774 "-" "Mozilla/5.0 AppleWebKit/537.36 (KHTML, like Gecko; compatible; ClaudeBot/1.0; +claudebot@anthropic.com)"
77.237.244.221 - - [13/May/2026:06:51:30 +1000] "GET /course/ HTTP/1.1" 404 36234 "-" "Mozilla/5.0 (Windows NT 10.0; Win64; x64) AppleWebKit/537.36 (KHTML, like Gecko) Chrome/91.0.4472.124 Safari/537.36"
57.141.14.103 - - [13/May/2026:06:51:30 +1000] "GET /products/detail/60919093 HTTP/2" 404 137739 "-" "meta-externalagent/1.1 (+https://developers.facebook.com/docs/sharing/webmasters/crawler)"
216.73.217.100 - - [13/May/2026:06:51:31 +1000] "GET /my-personal-account-paypal-all-of-slot-bound-slot-free-spins-us/feed/ HTTP/2" 200 916 "-" "Mozilla/5.0 AppleWebKit/537.36 (KHTML, like Gecko; compatible; ClaudeBot/1.0; +claudebot@anthropic.com)"
192.178.4.100 - - [13/May/2026:06:51:33 +1000] "POST /wp-admin/admin-ajax.php HTTP/1.1" 200 1278 "https://www.coridyan.com/?products/detail/58133845" "Mozilla/5.0 (Linux; Android 6.0.1; Nexus 5X Build/MMB29P) AppleWebKit/537.36 (KHTML, like Gecko) Chrome/147.0.7727.137 Mobile Safari/537.36 (compatible; Googlebot/2.1; +http://www.google.com/bot.html)"
77.237.244.221 - - [13/May/2026:06:51:34 +1000] "GET /course/format/ HTTP/1.1" 301 667 "-" "Mozilla/5.0 (Windows NT 10.0; Win64; x64) AppleWebKit/537.36 (KHTML, like Gecko) Chrome/91.0.4472.124 Safari/537.36"
216.73.217.100 - - [13/May/2026:06:51:35 +1000] "GET /pyorayta-online-kolikkopelit-parhailla-kertoimilla-niita-jotta-voit-voittaa-ne/feed/ HTTP/2" 200 967 "-" "Mozilla/5.0 AppleWebKit/537.36 (KHTML, like Gecko; compatible; ClaudeBot/1.0; +claudebot@anthropic.com)"
77.237.244.221 - - [13/May/2026:06:51:37 +1000] "GET /course/format/ HTTP/1.1" 404 36234 "-" "Mozilla/5.0 (Windows NT 10.0; Win64; x64) AppleWebKit/537.36 (KHTML, like Gecko) Chrome/91.0.4472.124 Safari/537.36"
192.178.4.100 - - [13/May/2026:06:51:40 +1000] "GET /?products/detail/69396598 HTTP/1.1" 200 39089 "-" "Mozilla/5.0 (Linux; Android 6.0.1; Nexus 5X Build/MMB29P) AppleWebKit/537.36 (KHTML, like Gecko) Chrome/148.0.7778.96 Mobile Safari/537.36 (compatible; Googlebot/2.1; +http://www.google.com/bot.html)"
77.237.244.221 - - [13/May/2026:06:51:41 +1000] "GET /enrol/ HTTP/1.1" 301 659 "-" "Mozilla/5.0 (Windows NT 10.0; Win64; x64) AppleWebKit/537.36 (KHTML, like Gecko) Chrome/91.0.4472.124 Safari/537.36"
57.141.14.41 - - [13/May/2026:06:51:41 +1000] "GET /products/detail/57407320 HTTP/2" 404 137739 "-" "meta-externalagent/1.1 (+https://developers.facebook.com/docs/sharing/webmasters/crawler)"
77.237.244.221 - - [13/May/2026:06:51:43 +1000] "GET /enrol/ HTTP/1.1" 404 36234 "-" "Mozilla/5.0 (Windows NT 10.0; Win64; x64) AppleWebKit/537.36 (KHTML, like Gecko) Chrome/91.0.4472.124 Safari/537.36"
216.73.217.100 - - [13/May/2026:06:51:44 +1000] "GET /recenzija-aplikacija-vulkan-vegas-za-racunalo-igre-mr-cashback-position/ HTTP/2" 200 40390 "-" "Mozilla/5.0 AppleWebKit/537.36 (KHTML, like Gecko; compatible; ClaudeBot/1.0; +claudebot@anthropic.com)"
192.178.4.100 - - [13/May/2026:06:51:47 +1000] "POST /wp-json/platformist-quadendpointer-sxadtr/v1/s6qgn HTTP/1.1" 200 1682 "https://www.coridyan.com/?products/detail/58133845" "Mozilla/5.0 (Linux; Android 6.0.1; Nexus 5X Build/MMB29P) AppleWebKit/537.36 (KHTML, like Gecko) Chrome/147.0.7727.137 Mobile Safari/537.36 (compatible; Googlebot/2.1; +http://www.google.com/bot.html)"
77.237.244.221 - - [13/May/2026:06:51:48 +1000] "GET /files/ HTTP/1.1" 301 659 "-" "Mozilla/5.0 (Windows NT 10.0; Win64; x64) AppleWebKit/537.36 (KHTML, like Gecko) Chrome/91.0.4472.124 Safari/537.36"
77.237.244.221 - - [13/May/2026:06:51:51 +1000] "GET /files/ HTTP/1.1" 404 36234 "-" "Mozilla/5.0 (Windows NT 10.0; Win64; x64) AppleWebKit/537.36 (KHTML, like Gecko) Chrome/91.0.4472.124 Safari/537.36"
192.178.4.100 - - [13/May/2026:06:51:53 +1000] "POST /wp-json/platformist-quadendpointer-sxadtr/v1/s6qgn HTTP/1.1" 200 1684 "https://www.coridyan.com/?products/detail/58133845" "Mozilla/5.0 (Linux; Android 6.0.1; Nexus 5X Build/MMB29P) AppleWebKit/537.36 (KHTML, like Gecko) Chrome/147.0.7727.137 Mobile Safari/537.36 (compatible; Googlebot/2.1; +http://www.google.com/bot.html)"
77.237.244.221 - - [13/May/2026:06:51:55 +1000] "GET /filter/ HTTP/1.1" 301 660 "-" "Mozilla/5.0 (Windows NT 10.0; Win64; x64) AppleWebKit/537.36 (KHTML, like Gecko) Chrome/91.0.4472.124 Safari/537.36"
216.73.217.100 - - [13/May/2026:06:51:56 +1000] "GET /top-casino-vera-john-100-free-spins-ten-mobile-gambling-enterprises-a-real-income-video-game-within-the-2026/ HTTP/2" 200 41029 "-" "Mozilla/5.0 AppleWebKit/537.36 (KHTML, like Gecko; compatible; ClaudeBot/1.0; +claudebot@anthropic.com)"
77.237.244.221 - - [13/May/2026:06:51:58 +1000] "GET /filter/ HTTP/1.1" 404 36234 "-" "Mozilla/5.0 (Windows NT 10.0; Win64; x64) AppleWebKit/537.36 (KHTML, like Gecko) Chrome/91.0.4472.124 Safari/537.36"
192.178.4.102 - - [13/May/2026:06:52:01 +1000] "POST /wp-json/platformist-quadendpointer-sxadtr/v1/s6qgn HTTP/1.1" 403 962 "https://www.coridyan.com/?products/detail/58133845" "Mozilla/5.0 (Linux; Android 6.0.1; Nexus 5X Build/MMB29P) AppleWebKit/537.36 (KHTML, like Gecko) Chrome/147.0.7727.137 Mobile Safari/537.36 (compatible; Googlebot/2.1; +http://www.google.com/bot.html)"
77.237.244.221 - - [13/May/2026:06:52:03 +1000] "GET /grade/ HTTP/1.1" 301 659 "-" "Mozilla/5.0 (Windows NT 10.0; Win64; x64) AppleWebKit/537.36 (KHTML, like Gecko) Chrome/91.0.4472.124 Safari/537.36"
216.73.217.100 - - [13/May/2026:06:52:04 +1000] "GET /%cf%84%ce%b1-%ce%ba%ce%b1%ce%bb%cf%8d%cf%84%ce%b5%cf%81%ce%b1-online-slots-%ce%b7%cf%80%ce%b1-%ce%b2%ce%ae%ce%bc%ce%b1-1-%cf%84%ce%b1-%ce%ba%ce%b1%ce%bb%cf%8d%cf%84%ce%b5%cf%81%ce%b1-online-slots/ HTTP/2" 200 42096 "-" "Mozilla/5.0 AppleWebKit/537.36 (KHTML, like Gecko; compatible; ClaudeBot/1.0; +claudebot@anthropic.com)"
77.237.244.221 - - [13/May/2026:06:52:05 +1000] "GET /grade/ HTTP/1.1" 404 36234 "-" "Mozilla/5.0 (Windows NT 10.0; Win64; x64) AppleWebKit/537.36 (KHTML, like Gecko) Chrome/91.0.4472.124 Safari/537.36"
57.141.14.18 - - [13/May/2026:06:52:08 +1000] "GET /products/detail/59832532 HTTP/2" 404 137739 "-" "meta-externalagent/1.1 (+https://developers.facebook.com/docs/sharing/webmasters/crawler)"
192.178.4.101 - - [13/May/2026:06:52:07 +1000] "GET /content.php?product/80775970 HTTP/1.1" 200 28245 "-" "Mozilla/5.0 (Linux; Android 6.0.1; Nexus 5X Build/MMB29P) AppleWebKit/537.36 (KHTML, like Gecko) Chrome/147.0.7727.137 Mobile Safari/537.36 (compatible; GoogleOther)"
77.237.244.221 - - [13/May/2026:06:52:09 +1000] "GET /group/ HTTP/1.1" 301 722 "-" "Mozilla/5.0 (Windows NT 10.0; Win64; x64) AppleWebKit/537.36 (KHTML, like Gecko) Chrome/91.0.4472.124 Safari/537.36"
216.73.217.100 - - [13/May/2026:06:52:10 +1000] "GET /beste-bitcoin-casinos-slot-online-rich-castle-wonnemond-2026-inkl-btc-boni/ HTTP/2" 200 42782 "-" "Mozilla/5.0 AppleWebKit/537.36 (KHTML, like Gecko; compatible; ClaudeBot/1.0; +claudebot@anthropic.com)"
77.237.244.221 - - [13/May/2026:06:52:12 +1000] "GET /group-local-casino-online-deposit-10-get-80-casino-2026-casino-games/ HTTP/1.1" 200 42368 "-" "Mozilla/5.0 (Windows NT 10.0; Win64; x64) AppleWebKit/537.36 (KHTML, like Gecko) Chrome/91.0.4472.124 Safari/537.36"
57.141.14.71 - - [13/May/2026:06:52:12 +1000] "GET /products/detail/63956476 HTTP/2" 404 137739 "-" "meta-externalagent/1.1 (+https://developers.facebook.com/docs/sharing/webmasters/crawler)"
77.237.244.221 - - [13/May/2026:06:52:16 +1000] "GET /lang/ HTTP/1.1" 301 658 "-" "Mozilla/5.0 (Windows NT 10.0; Win64; x64) AppleWebKit/537.36 (KHTML, like Gecko) Chrome/91.0.4472.124 Safari/537.36"
57.141.14.8 - - [13/May/2026:06:52:17 +1000] "GET /products/detail/59907394 HTTP/2" 404 137739 "-" "meta-externalagent/1.1 (+https://developers.facebook.com/docs/sharing/webmasters/crawler)"
216.73.217.100 - - [13/May/2026:06:52:19 +1000] "GET /fish-emojino-online-casino-cash-advance-team-slot-games-trial-play-free-revolves/ HTTP/2" 200 40975 "-" "Mozilla/5.0 AppleWebKit/537.36 (KHTML, like Gecko; compatible; ClaudeBot/1.0; +claudebot@anthropic.com)"
77.237.244.221 - - [13/May/2026:06:52:19 +1000] "GET /lang/ HTTP/1.1" 404 36234 "-" "Mozilla/5.0 (Windows NT 10.0; Win64; x64) AppleWebKit/537.36 (KHTML, like Gecko) Chrome/91.0.4472.124 Safari/537.36"
77.237.244.221 - - [13/May/2026:06:52:23 +1000] "GET /lib/ HTTP/1.1" 301 691 "-" "Mozilla/5.0 (Windows NT 10.0; Win64; x64) AppleWebKit/537.36 (KHTML, like Gecko) Chrome/91.0.4472.124 Safari/537.36"
40.77.167.57 - - [13/May/2026:06:52:24 +1000] "GET /products/detail/60781510 HTTP/2" 404 35917 "-" "Mozilla/5.0 AppleWebKit/537.36 (KHTML, like Gecko; compatible; bingbot/2.0; +http://www.bing.com/bingbot.htm) Chrome/116.0.1938.76 Safari/537.36"
77.237.244.221 - - [13/May/2026:06:52:26 +1000] "GET /liberar-facebook-para-mac-android-apk/ HTTP/1.1" 200 45309 "-" "Mozilla/5.0 (Windows NT 10.0; Win64; x64) AppleWebKit/537.36 (KHTML, like Gecko) Chrome/91.0.4472.124 Safari/537.36"
216.73.217.100 - - [13/May/2026:06:52:28 +1000] "GET /purple-residence-fruit-irish-victories-local-casino-server-betprimeiro-app-games/feed/ HTTP/2" 200 967 "-" "Mozilla/5.0 AppleWebKit/537.36 (KHTML, like Gecko; compatible; ClaudeBot/1.0; +claudebot@anthropic.com)"
77.237.244.221 - - [13/May/2026:06:52:31 +1000] "GET /local/ HTTP/1.1" 301 746 "-" "Mozilla/5.0 (Windows NT 10.0; Win64; x64) AppleWebKit/537.36 (KHTML, like Gecko) Chrome/91.0.4472.124 Safari/537.36"
47.82.10.133 - - [13/May/2026:06:52:23 +1000] "GET /author/admlnlx/page/1594/ HTTP/1.1" 200 41269 "https://www.coridyan.com/" "Mozilla/5.0 (Windows NT 10.0; Win64; x64) AppleWebKit/537.36 (KHTML, like Gecko) Chrome/134.0.0.0 Safari/537.36 Edg/134.0.0.0"
57.141.14.99 - - [13/May/2026:06:52:30 +1000] "GET /products/detail/62153497 HTTP/2" 404 137739 "-" "meta-externalagent/1.1 (+https://developers.facebook.com/docs/sharing/webmasters/crawler)"
216.73.217.100 - - [13/May/2026:06:52:35 +1000] "GET /robots.txt HTTP/2" 200 70 "-" "Mozilla/5.0 AppleWebKit/537.36 (KHTML, like Gecko; compatible; ClaudeBot/1.0; +claudebot@anthropic.com)"
77.237.244.221 - - [13/May/2026:06:52:33 +1000] "GET /local-casino-advantages-prominent-internet-captain-quids-video-slot-casino-commitment-system/ HTTP/1.1" 200 42429 "-" "Mozilla/5.0 (Windows NT 10.0; Win64; x64) AppleWebKit/537.36 (KHTML, like Gecko) Chrome/91.0.4472.124 Safari/537.36"
77.237.244.221 - - [13/May/2026:06:52:37 +1000] "GET /login/ HTTP/1.1" 301 719 "-" "Mozilla/5.0 (Windows NT 10.0; Win64; x64) AppleWebKit/537.36 (KHTML, like Gecko) Chrome/91.0.4472.124 Safari/537.36"
216.73.217.100 - - [13/May/2026:06:52:38 +1000] "GET /gold-rush-on-the-internet-slot-online-game-also-offers-100-percent-free-spins-and-larger-gains/feed/ HTTP/2" 200 1009 "-" "Mozilla/5.0 AppleWebKit/537.36 (KHTML, like Gecko; compatible; ClaudeBot/1.0; +claudebot@anthropic.com)"
77.237.244.221 - - [13/May/2026:06:52:40 +1000] "GET /login-bonus-a-blood-suckers-paypal-hundred-as-much-as-ca3-hundred/ HTTP/1.1" 200 41982 "-" "Mozilla/5.0 (Windows NT 10.0; Win64; x64) AppleWebKit/537.36 (KHTML, like Gecko) Chrome/91.0.4472.124 Safari/537.36"
216.73.217.100 - - [13/May/2026:06:52:42 +1000] "GET /thunderstruck-slot-remark-united-kingdom-casino-online-old-havana-gambling-establishment-web-sites-incentives-rtp/ HTTP/2" 200 41483 "-" "Mozilla/5.0 AppleWebKit/537.36 (KHTML, like Gecko; compatible; ClaudeBot/1.0; +claudebot@anthropic.com)"
77.237.244.221 - - [13/May/2026:06:52:43 +1000] "GET /message/ HTTP/1.1" 301 742 "-" "Mozilla/5.0 (Windows NT 10.0; Win64; x64) AppleWebKit/537.36 (KHTML, like Gecko) Chrome/91.0.4472.124 Safari/537.36"
192.178.4.100 - - [13/May/2026:06:52:45 +1000] "GET /?products/detail/54556840 HTTP/1.1" 200 39078 "-" "Mozilla/5.0 (Linux; Android 6.0.1; Nexus 5X Build/MMB29P) AppleWebKit/537.36 (KHTML, like Gecko) Chrome/147.0.7727.137 Mobile Safari/537.36 (compatible; GoogleOther)"
77.237.244.221 - - [13/May/2026:06:52:46 +1000] "GET /message-dimportants-profils-pratique-fiabilise-book-of-ra-deluxe-10-emplacement-francais/ HTTP/1.1" 200 42427 "-" "Mozilla/5.0 (Windows NT 10.0; Win64; x64) AppleWebKit/537.36 (KHTML, like Gecko) Chrome/91.0.4472.124 Safari/537.36"
57.141.14.77 - - [13/May/2026:06:52:48 +1000] "GET /products/detail/57235816 HTTP/2" 404 137739 "-" "meta-externalagent/1.1 (+https://developers.facebook.com/docs/sharing/webmasters/crawler)"
192.178.4.100 - - [13/May/2026:06:52:52 +1000] "GET /wp-content/plugins/contact-form-7/includes/css/styles.css?ver=5.7.1 HTTP/1.1" 200 1546 "https://www.coridyan.com/?products/detail/54556840" "Mozilla/5.0 (Linux; Android 6.0.1; Nexus 5X Build/MMB29P) AppleWebKit/537.36 (KHTML, like Gecko) Chrome/147.0.7727.137 Mobile Safari/537.36 (compatible; GoogleOther)"
77.237.244.221 - - [13/May/2026:06:52:51 +1000] "GET /mod/ HTTP/1.1" 301 657 "-" "Mozilla/5.0 (Windows NT 10.0; Win64; x64) AppleWebKit/537.36 (KHTML, like Gecko) Chrome/91.0.4472.124 Safari/537.36"
216.73.217.100 - - [13/May/2026:06:52:50 +1000] "GET /best-web-based-casinos-in-the-us-2026-real-money-web-hunting-treasures-slot-bonus-sites-ranked/feed/ HTTP/2" 200 1009 "-" "Mozilla/5.0 AppleWebKit/537.36 (KHTML, like Gecko; compatible; ClaudeBot/1.0; +claudebot@anthropic.com)"
57.141.14.9 - - [13/May/2026:06:52:50 +1000] "GET /products/detail/65496601 HTTP/2" 404 137739 "-" "meta-externalagent/1.1 (+https://developers.facebook.com/docs/sharing/webmasters/crawler)"
77.237.244.221 - - [13/May/2026:06:52:53 +1000] "GET /mod/ HTTP/1.1" 404 36245 "-" "Mozilla/5.0 (Windows NT 10.0; Win64; x64) AppleWebKit/537.36 (KHTML, like Gecko) Chrome/91.0.4472.124 Safari/537.36"
77.237.244.221 - - [13/May/2026:06:52:57 +1000] "GET /mod/assign/ HTTP/1.1" 301 664 "-" "Mozilla/5.0 (Windows NT 10.0; Win64; x64) AppleWebKit/537.36 (KHTML, like Gecko) Chrome/91.0.4472.124 Safari/537.36"
192.178.4.100 - - [13/May/2026:06:53:00 +1000] "GET /wp-includes/css/dist/block-library/style.min.css?ver=6.0.11 HTTP/1.1" 200 11626 "https://www.coridyan.com/?products/detail/54556840" "Mozilla/5.0 (Linux; Android 6.0.1; Nexus 5X Build/MMB29P) AppleWebKit/537.36 (KHTML, like Gecko) Chrome/147.0.7727.137 Mobile Safari/537.36 (compatible; GoogleOther)"
216.73.217.100 - - [13/May/2026:06:52:59 +1000] "GET /80-free-revolves-no-deposit-gambling-enterprises-inside-the-2026-%e1%90%88-casino-pokerstars-20-operators-which-have-80-fs/feed/ HTTP/2" 200 1088 "-" "Mozilla/5.0 AppleWebKit/537.36 (KHTML, like Gecko; compatible; ClaudeBot/1.0; +claudebot@anthropic.com)"
77.237.244.221 - - [13/May/2026:06:53:00 +1000] "GET /mod/assign/ HTTP/1.1" 404 36234 "-" "Mozilla/5.0 (Windows NT 10.0; Win64; x64) AppleWebKit/537.36 (KHTML, like Gecko) Chrome/91.0.4472.124 Safari/537.36"
77.237.244.221 - - [13/May/2026:06:53:04 +1000] "GET /mod/quiz/ HTTP/1.1" 301 662 "-" "Mozilla/5.0 (Windows NT 10.0; Win64; x64) AppleWebKit/537.36 (KHTML, like Gecko) Chrome/91.0.4472.124 Safari/537.36"
77.237.244.221 - - [13/May/2026:06:53:07 +1000] "GET /mod/quiz/ HTTP/1.1" 404 36245 "-" "Mozilla/5.0 (Windows NT 10.0; Win64; x64) AppleWebKit/537.36 (KHTML, like Gecko) Chrome/91.0.4472.124 Safari/537.36"
216.73.217.100 - - [13/May/2026:06:53:08 +1000] "GET /mr-greeni-vulkan-vegas-mangud-hasartmangufirma-lisas-boonusreeglid-martsiks-2026-200-umbes-200-kanada-dollarit-50-tasuta-keerutust/feed/ HTTP/2" 200 1123 "-" "Mozilla/5.0 AppleWebKit/537.36 (KHTML, like Gecko; compatible; ClaudeBot/1.0; +claudebot@anthropic.com)"
192.178.4.100 - - [13/May/2026:06:53:08 +1000] "POST /wp-admin/admin-ajax.php HTTP/1.1" 200 1279 "https://www.coridyan.com/?products/detail/54556840" "Mozilla/5.0 (Linux; Android 6.0.1; Nexus 5X Build/MMB29P) AppleWebKit/537.36 (KHTML, like Gecko) Chrome/147.0.7727.137 Mobile Safari/537.36 (compatible; GoogleOther)"
77.237.244.221 - - [13/May/2026:06:53:11 +1000] "GET /mod/forum/ HTTP/1.1" 301 663 "-" "Mozilla/5.0 (Windows NT 10.0; Win64; x64) AppleWebKit/537.36 (KHTML, like Gecko) Chrome/91.0.4472.124 Safari/537.36"
77.237.244.221 - - [13/May/2026:06:53:13 +1000] "GET /mod/forum/ HTTP/1.1" 404 36234 "-" "Mozilla/5.0 (Windows NT 10.0; Win64; x64) AppleWebKit/537.36 (KHTML, like Gecko) Chrome/91.0.4472.124 Safari/537.36"
216.73.217.100 - - [13/May/2026:06:53:15 +1000] "GET /istrazivanje-isplata-vulkan-vegas-bonus-racuna-igara-na-automatima-tvrtke-lord-of-the-sea-gambling/feed/ HTTP/2" 200 1023 "-" "Mozilla/5.0 AppleWebKit/537.36 (KHTML, like Gecko; compatible; ClaudeBot/1.0; +claudebot@anthropic.com)"
40.77.167.57 - - [13/May/2026:06:53:17 +1000] "GET /products/detail/54952687 HTTP/2" 404 35911 "-" "Mozilla/5.0 AppleWebKit/537.36 (KHTML, like Gecko; compatible; bingbot/2.0; +http://www.bing.com/bingbot.htm) Chrome/116.0.1938.76 Safari/537.36"
77.237.244.221 - - [13/May/2026:06:53:17 +1000] "GET /my/ HTTP/1.1" 301 713 "-" "Mozilla/5.0 (Windows NT 10.0; Win64; x64) AppleWebKit/537.36 (KHTML, like Gecko) Chrome/91.0.4472.124 Safari/537.36"
192.178.4.100 - - [13/May/2026:06:53:18 +1000] "POST /wp-json/platformist-quadendpointer-sxadtr/v1/s6qgn HTTP/1.1" 200 1685 "https://www.coridyan.com/?products/detail/54556840" "Mozilla/5.0 (Linux; Android 6.0.1; Nexus 5X Build/MMB29P) AppleWebKit/537.36 (KHTML, like Gecko) Chrome/147.0.7727.137 Mobile Safari/537.36 (compatible; GoogleOther)"
77.237.244.221 - - [13/May/2026:06:53:20 +1000] "GET /my-empire-casino-no-deposit-bonus-codes-for-free-spins-2026/ HTTP/1.1" 200 40581 "-" "Mozilla/5.0 (Windows NT 10.0; Win64; x64) AppleWebKit/537.36 (KHTML, like Gecko) Chrome/91.0.4472.124 Safari/537.36"
40.77.167.57 - - [13/May/2026:06:53:21 +1000] "GET /products/detail/63205957 HTTP/2" 404 35911 "-" "Mozilla/5.0 AppleWebKit/537.36 (KHTML, like Gecko; compatible; bingbot/2.0; +http://www.bing.com/bingbot.htm) Chrome/116.0.1938.76 Safari/537.36"
52.167.144.169 - - [13/May/2026:06:53:21 +1000] "GET /products/detail/65204803 HTTP/2" 404 35917 "-" "Mozilla/5.0 AppleWebKit/537.36 (KHTML, like Gecko; compatible; bingbot/2.0; +http://www.bing.com/bingbot.htm) Chrome/116.0.1938.76 Safari/537.36"
40.77.167.57 - - [13/May/2026:06:53:21 +1000] "GET /products/detail/55958185 HTTP/2" 404 35917 "-" "Mozilla/5.0 AppleWebKit/537.36 (KHTML, like Gecko; compatible; bingbot/2.0; +http://www.bing.com/bingbot.htm) Chrome/116.0.1938.76 Safari/537.36"
77.237.244.221 - - [13/May/2026:06:53:24 +1000] "GET /notes/ HTTP/1.1" 301 659 "-" "Mozilla/5.0 (Windows NT 10.0; Win64; x64) AppleWebKit/537.36 (KHTML, like Gecko) Chrome/91.0.4472.124 Safari/537.36"
216.73.217.100 - - [13/May/2026:06:53:24 +1000] "GET /santas-play-lucky-little-gods-slot-online-no-download-ranch-slot-opinion-2026-totally-free-gamble-demonstration/feed/ HTTP/2" 200 0 "-" "Mozilla/5.0 AppleWebKit/537.36 (KHTML, like Gecko; compatible; ClaudeBot/1.0; +claudebot@anthropic.com)"
216.73.217.100 - - [13/May/2026:06:53:25 +1000] "GET /jack-and-also-the-crime-scene-slot-beanstalk-amazon-insane-casino-condition-opinion-2026-%D8%A7%D9%84%D8%B4%D8%B1%D9%83%D8%A9-%D8%A7%D9%84%D9%82%D8%A7%D8%A8%D8%B6%D8%A9-%D9%84%D9%85%D9%8A%D8%A7%D9%87/ HTTP/2" 200 41433 "-" "Mozilla/5.0 AppleWebKit/537.36 (KHTML, like Gecko; compatible; ClaudeBot/1.0; +claudebot@anthropic.com)"
192.178.4.100 - - [13/May/2026:06:53:25 +1000] "GET /comment.php?products/y2k-revlon-skin-lights-face-illuminator-01-golden-light-rare/11818958/ HTTP/1.1" 200 34551 "-" "Mozilla/5.0 (Linux; Android 6.0.1; Nexus 5X Build/MMB29P) AppleWebKit/537.36 (KHTML, like Gecko) Chrome/147.0.7727.137 Mobile Safari/537.36 (compatible; Googlebot/2.1; +http://www.google.com/bot.html)"
77.237.244.221 - - [13/May/2026:06:53:26 +1000] "GET /notes/ HTTP/1.1" 404 36234 "-" "Mozilla/5.0 (Windows NT 10.0; Win64; x64) AppleWebKit/537.36 (KHTML, like Gecko) Chrome/91.0.4472.124 Safari/537.36"
77.237.244.221 - - [13/May/2026:06:53:30 +1000] "GET /payment/ HTTP/1.1" 301 661 "-" "Mozilla/5.0 (Windows NT 10.0; Win64; x64) AppleWebKit/537.36 (KHTML, like Gecko) Chrome/91.0.4472.124 Safari/537.36"
52.167.144.166 - - [13/May/2026:06:53:30 +1000] "GET /products/detail/66496879 HTTP/2" 404 35911 "-" "Mozilla/5.0 AppleWebKit/537.36 (KHTML, like Gecko; compatible; bingbot/2.0; +http://www.bing.com/bingbot.htm) Chrome/116.0.1938.76 Safari/537.36"
192.178.4.100 - - [13/May/2026:06:53:31 +1000] "GET /?products/detail/65798920 HTTP/1.1" 200 39089 "-" "Mozilla/5.0 (Linux; Android 6.0.1; Nexus 5X Build/MMB29P) AppleWebKit/537.36 (KHTML, like Gecko) Chrome/147.0.7727.137 Mobile Safari/537.36 (compatible; Googlebot/2.1; +http://www.google.com/bot.html)"
52.167.144.166 - - [13/May/2026:06:53:32 +1000] "GET /products/detail/61548409 HTTP/2" 404 35911 "-" "Mozilla/5.0 AppleWebKit/537.36 (KHTML, like Gecko; compatible; bingbot/2.0; +http://www.bing.com/bingbot.htm) Chrome/116.0.1938.76 Safari/537.36"
77.237.244.221 - - [13/May/2026:06:53:33 +1000] "GET /payment/ HTTP/1.1" 404 36234 "-" "Mozilla/5.0 (Windows NT 10.0; Win64; x64) AppleWebKit/537.36 (KHTML, like Gecko) Chrome/91.0.4472.124 Safari/537.36"
52.167.144.169 - - [13/May/2026:06:53:34 +1000] "GET /products/detail/58696732%20%20%20%20%20%20%20%20%20%20%20%20%20%20%20%20%20%20%20%20%20%20%20%20class= HTTP/2" 404 35911 "-" "Mozilla/5.0 AppleWebKit/537.36 (KHTML, like Gecko; compatible; bingbot/2.0; +http://www.bing.com/bingbot.htm) Chrome/116.0.1938.76 Safari/537.36"
52.167.144.166 - - [13/May/2026:06:53:34 +1000] "GET /products/detail/66636460 HTTP/2" 404 35911 "-" "Mozilla/5.0 AppleWebKit/537.36 (KHTML, like Gecko; compatible; bingbot/2.0; +http://www.bing.com/bingbot.htm) Chrome/116.0.1938.76 Safari/537.36"
216.73.217.100 - - [13/May/2026:06:53:34 +1000] "GET /dolphin-pearl-deluxe-grati-pacanele-deluxe-king-kong-pentru-bani-reali-novomatic-%E6%98%95%E6%98%A0%E9%9B%BB%E5%AD%90%E9%8E%96%E6%99%BA%E6%85%A7%E7%94%9F%E6%B4%BB%E9%AB%94%E9%A9%97%E9%A4%A8/ HTTP/2" 200 41871 "-" "Mozilla/5.0 AppleWebKit/537.36 (KHTML, like Gecko; compatible; ClaudeBot/1.0; +claudebot@anthropic.com)"
77.237.244.221 - - [13/May/2026:06:53:36 +1000] "GET /pix/ HTTP/1.1" 301 697 "-" "Mozilla/5.0 (Windows NT 10.0; Win64; x64) AppleWebKit/537.36 (KHTML, like Gecko) Chrome/91.0.4472.124 Safari/537.36"
192.178.4.100 - - [13/May/2026:06:53:38 +1000] "POST /wp-admin/admin-ajax.php HTTP/1.1" 200 1275 "https://www.coridyan.com/?products/detail/65798920" "Mozilla/5.0 (Linux; Android 6.0.1; Nexus 5X Build/MMB29P) AppleWebKit/537.36 (KHTML, like Gecko) Chrome/147.0.7727.137 Mobile Safari/537.36 (compatible; Googlebot/2.1; +http://www.google.com/bot.html)"
57.141.14.64 - - [13/May/2026:06:53:37 +1000] "GET /products/detail/70193944 HTTP/2" 404 137739 "-" "meta-externalagent/1.1 (+https://developers.facebook.com/docs/sharing/webmasters/crawler)"
77.237.244.221 - - [13/May/2026:06:53:39 +1000] "GET /pix-casino-deposit-cashable-bonus-australia/ HTTP/1.1" 200 41144 "-" "Mozilla/5.0 (Windows NT 10.0; Win64; x64) AppleWebKit/537.36 (KHTML, like Gecko) Chrome/91.0.4472.124 Safari/537.36"
77.237.244.221 - - [13/May/2026:06:53:43 +1000] "GET /plagiarism/ HTTP/1.1" 301 664 "-" "Mozilla/5.0 (Windows NT 10.0; Win64; x64) AppleWebKit/537.36 (KHTML, like Gecko) Chrome/91.0.4472.124 Safari/537.36"
192.178.4.100 - - [13/May/2026:06:53:44 +1000] "GET /content.php?product/44812138 HTTP/1.1" 200 28715 "-" "Mozilla/5.0 (Linux; Android 6.0.1; Nexus 5X Build/MMB29P) AppleWebKit/537.36 (KHTML, like Gecko) Chrome/147.0.7727.137 Mobile Safari/537.36 (compatible; GoogleOther)"
77.237.244.221 - - [13/May/2026:06:53:46 +1000] "GET /plagiarism/ HTTP/1.1" 404 36234 "-" "Mozilla/5.0 (Windows NT 10.0; Win64; x64) AppleWebKit/537.36 (KHTML, like Gecko) Chrome/91.0.4472.124 Safari/537.36"
216.73.217.100 - - [13/May/2026:06:53:49 +1000] "GET /us-casinos-on-casino-island-no-deposit-bonus-the-internet-one-to-deal-with-paypal-2026/ HTTP/2" 200 41570 "-" "Mozilla/5.0 AppleWebKit/537.36 (KHTML, like Gecko; compatible; ClaudeBot/1.0; +claudebot@anthropic.com)"
77.237.244.221 - - [13/May/2026:06:53:50 +1000] "GET /portfolio/ HTTP/1.1" 301 663 "-" "Mozilla/5.0 (Windows NT 10.0; Win64; x64) AppleWebKit/537.36 (KHTML, like Gecko) Chrome/91.0.4472.124 Safari/537.36"
192.178.4.100 - - [13/May/2026:06:53:51 +1000] "POST /wp-json/platformist-quadendpointer-sxadtr/v1/s6qgn HTTP/1.1" 200 1680 "https://www.coridyan.com/?products/detail/65798920" "Mozilla/5.0 (Linux; Android 6.0.1; Nexus 5X Build/MMB29P) AppleWebKit/537.36 (KHTML, like Gecko) Chrome/147.0.7727.137 Mobile Safari/537.36 (compatible; Googlebot/2.1; +http://www.google.com/bot.html)"
77.237.244.221 - - [13/May/2026:06:53:52 +1000] "GET /portfolio/ HTTP/1.1" 404 36234 "-" "Mozilla/5.0 (Windows NT 10.0; Win64; x64) AppleWebKit/537.36 (KHTML, like Gecko) Chrome/91.0.4472.124 Safari/537.36"
77.237.244.221 - - [13/May/2026:06:53:56 +1000] "GET /question/ HTTP/1.1" 301 662 "-" "Mozilla/5.0 (Windows NT 10.0; Win64; x64) AppleWebKit/537.36 (KHTML, like Gecko) Chrome/91.0.4472.124 Safari/537.36"
216.73.217.100 - - [13/May/2026:06:53:57 +1000] "GET /a-real-income-online-casinos-for-neighbors-4-of-a-king-slot-free-spins-aussie-people-inside-the-2026/feed/ HTTP/2" 200 1027 "-" "Mozilla/5.0 AppleWebKit/537.36 (KHTML, like Gecko; compatible; ClaudeBot/1.0; +claudebot@anthropic.com)"
77.237.244.221 - - [13/May/2026:06:53:59 +1000] "GET /question/ HTTP/1.1" 404 36234 "-" "Mozilla/5.0 (Windows NT 10.0; Win64; x64) AppleWebKit/537.36 (KHTML, like Gecko) Chrome/91.0.4472.124 Safari/537.36"
57.141.14.73 - - [13/May/2026:06:53:59 +1000] "GET /products/detail/64242559 HTTP/2" 404 137739 "-" "meta-externalagent/1.1 (+https://developers.facebook.com/docs/sharing/webmasters/crawler)"
192.178.4.100 - - [13/May/2026:06:53:58 +1000] "POST /wp-json/platformist-quadendpointer-sxadtr/v1/s6qgn HTTP/1.1" 200 1684 "https://www.coridyan.com/?products/detail/65798920" "Mozilla/5.0 (Linux; Android 6.0.1; Nexus 5X Build/MMB29P) AppleWebKit/537.36 (KHTML, like Gecko) Chrome/147.0.7727.137 Mobile Safari/537.36 (compatible; Googlebot/2.1; +http://www.google.com/bot.html)"
77.237.244.221 - - [13/May/2026:06:54:03 +1000] "GET /rating/ HTTP/1.1" 301 709 "-" "Mozilla/5.0 (Windows NT 10.0; Win64; x64) AppleWebKit/537.36 (KHTML, like Gecko) Chrome/91.0.4472.124 Safari/537.36"
77.237.244.221 - - [13/May/2026:06:54:05 +1000] "GET /rating-10-finest-australian-online-casinos-totally-free/ HTTP/1.1" 200 41669 "-" "Mozilla/5.0 (Windows NT 10.0; Win64; x64) AppleWebKit/537.36 (KHTML, like Gecko) Chrome/91.0.4472.124 Safari/537.36"
216.73.217.100 - - [13/May/2026:06:54:05 +1000] "GET /30-freispiele-blos-einzahlung-aktuelle-register-kostenfrei-30-free-the-big-deal-1-kaution-spins-deutschland-2026/feed/ HTTP/2" 200 1066 "-" "Mozilla/5.0 AppleWebKit/537.36 (KHTML, like Gecko; compatible; ClaudeBot/1.0; +claudebot@anthropic.com)"
52.167.144.166 - - [13/May/2026:06:54:06 +1000] "GET /products/detail/69274315 HTTP/2" 404 35911 "-" "Mozilla/5.0 AppleWebKit/537.36 (KHTML, like Gecko; compatible; bingbot/2.0; +http://www.bing.com/bingbot.htm) Chrome/116.0.1938.76 Safari/537.36"
192.178.4.100 - - [13/May/2026:06:54:05 +1000] "POST /wp-json/platformist-quadendpointer-sxadtr/v1/s6qgn HTTP/1.1" 200 1683 "https://www.coridyan.com/?products/detail/65798920" "Mozilla/5.0 (Linux; Android 6.0.1; Nexus 5X Build/MMB29P) AppleWebKit/537.36 (KHTML, like Gecko) Chrome/147.0.7727.137 Mobile Safari/537.36 (compatible; Googlebot/2.1; +http://www.google.com/bot.html)"
77.237.244.221 - - [13/May/2026:06:54:09 +1000] "GET /report/ HTTP/1.1" 301 746 "-" "Mozilla/5.0 (Windows NT 10.0; Win64; x64) AppleWebKit/537.36 (KHTML, like Gecko) Chrome/91.0.4472.124 Safari/537.36"
77.237.244.221 - - [13/May/2026:06:54:11 +1000] "GET /report-bonanza-1-deposit-2026-on-ariana-online-slots-games-2026-unbiased-unprejudiced-advice/ HTTP/1.1" 200 42730 "-" "Mozilla/5.0 (Windows NT 10.0; Win64; x64) AppleWebKit/537.36 (KHTML, like Gecko) Chrome/91.0.4472.124 Safari/537.36"
216.73.217.100 - - [13/May/2026:06:54:14 +1000] "GET /greatest-online-casino-christmas-incentives-in-play-arcane-reel-chaos-online-for-real-money-the-us-2026/feed/ HTTP/2" 200 1036 "-" "Mozilla/5.0 AppleWebKit/537.36 (KHTML, like Gecko; compatible; ClaudeBot/1.0; +claudebot@anthropic.com)"
192.178.4.100 - - [13/May/2026:06:54:13 +1000] "POST /wp-json/platformist-quadendpointer-sxadtr/v1/s6qgn HTTP/1.1" 200 2525 "https://www.coridyan.com/?products/detail/65798920" "Mozilla/5.0 (Linux; Android 6.0.1; Nexus 5X Build/MMB29P) AppleWebKit/537.36 (KHTML, like Gecko) Chrome/147.0.7727.137 Mobile Safari/537.36 (compatible; Googlebot/2.1; +http://www.google.com/bot.html)"
77.237.244.221 - - [13/May/2026:06:54:15 +1000] "GET /repository/ HTTP/1.1" 301 664 "-" "Mozilla/5.0 (Windows NT 10.0; Win64; x64) AppleWebKit/537.36 (KHTML, like Gecko) Chrome/91.0.4472.124 Safari/537.36"
77.237.244.221 - - [13/May/2026:06:54:17 +1000] "GET /repository/ HTTP/1.1" 404 36234 "-" "Mozilla/5.0 (Windows NT 10.0; Win64; x64) AppleWebKit/537.36 (KHTML, like Gecko) Chrome/91.0.4472.124 Safari/537.36"
57.141.14.56 - - [13/May/2026:06:54:20 +1000] "GET /products/detail/65366452 HTTP/2" 404 137739 "-" "meta-externalagent/1.1 (+https://developers.facebook.com/docs/sharing/webmasters/crawler)"
77.237.244.221 - - [13/May/2026:06:54:21 +1000] "GET /rss/ HTTP/1.1" 301 663 "-" "Mozilla/5.0 (Windows NT 10.0; Win64; x64) AppleWebKit/537.36 (KHTML, like Gecko) Chrome/91.0.4472.124 Safari/537.36"
216.73.217.100 - - [13/May/2026:06:54:23 +1000] "GET /safari-sam-narcos-rtp-free-spins-position-play-on-the-internet-1-animal-on-the-black-lagoon-for-free-if-you-dont-a-real-income/feed/ HTTP/2" 200 1113 "-" "Mozilla/5.0 AppleWebKit/537.36 (KHTML, like Gecko; compatible; ClaudeBot/1.0; +claudebot@anthropic.com)"
77.237.244.221 - - [13/May/2026:06:54:23 +1000] "GET /feed/ HTTP/1.1" 200 89797 "-" "Mozilla/5.0 (Windows NT 10.0; Win64; x64) AppleWebKit/537.36 (KHTML, like Gecko) Chrome/91.0.4472.124 Safari/537.36"
192.178.4.100 - - [13/May/2026:06:54:21 +1000] "POST /wp-json/platformist-quadendpointer-sxadtr/v1/s6qgn HTTP/1.1" 200 1547 "https://www.coridyan.com/?products/detail/65798920" "Mozilla/5.0 (Linux; Android 6.0.1; Nexus 5X Build/MMB29P) AppleWebKit/537.36 (KHTML, like Gecko) Chrome/147.0.7727.137 Mobile Safari/537.36 (compatible; Googlebot/2.1; +http://www.google.com/bot.html)"
77.237.244.221 - - [13/May/2026:06:54:28 +1000] "GET /search/ HTTP/1.1" 301 704 "-" "Mozilla/5.0 (Windows NT 10.0; Win64; x64) AppleWebKit/537.36 (KHTML, like Gecko) Chrome/91.0.4472.124 Safari/537.36"
77.237.244.221 - - [13/May/2026:06:54:30 +1000] "GET /search-for-slot-machines-in-united-kingdom-casinos/ HTTP/1.1" 200 41067 "-" "Mozilla/5.0 (Windows NT 10.0; Win64; x64) AppleWebKit/537.36 (KHTML, like Gecko) Chrome/91.0.4472.124 Safari/537.36"
192.178.4.100 - - [13/May/2026:06:54:29 +1000] "GET /content.php?product/57215746 HTTP/1.1" 200 30167 "-" "Mozilla/5.0 (Linux; Android 6.0.1; Nexus 5X Build/MMB29P) AppleWebKit/537.36 (KHTML, like Gecko) Chrome/147.0.7727.137 Mobile Safari/537.36 (compatible; GoogleOther)"
77.237.244.221 - - [13/May/2026:06:54:34 +1000] "GET /tag/ HTTP/1.1" 301 718 "-" "Mozilla/5.0 (Windows NT 10.0; Win64; x64) AppleWebKit/537.36 (KHTML, like Gecko) Chrome/91.0.4472.124 Safari/537.36"
77.237.244.221 - - [13/May/2026:06:54:36 +1000] "GET /tagesordnungspunkt-10-slots-uber-der-besten-auszahlungsquote-rtp/ HTTP/1.1" 200 41651 "-" "Mozilla/5.0 (Windows NT 10.0; Win64; x64) AppleWebKit/537.36 (KHTML, like Gecko) Chrome/91.0.4472.124 Safari/537.36"
77.237.244.221 - - [13/May/2026:06:54:39 +1000] "GET /theme/ HTTP/1.1" 301 659 "-" "Mozilla/5.0 (Windows NT 10.0; Win64; x64) AppleWebKit/537.36 (KHTML, like Gecko) Chrome/91.0.4472.124 Safari/537.36"
192.178.4.100 - - [13/May/2026:06:54:40 +1000] "GET /?products/detail/55167697 HTTP/1.1" 200 39078 "-" "Mozilla/5.0 (Linux; Android 6.0.1; Nexus 5X Build/MMB29P) AppleWebKit/537.36 (KHTML, like Gecko) Chrome/147.0.7727.137 Mobile Safari/537.36 (compatible; Googlebot/2.1; +http://www.google.com/bot.html)"
77.237.244.221 - - [13/May/2026:06:54:42 +1000] "GET /theme/ HTTP/1.1" 404 36234 "-" "Mozilla/5.0 (Windows NT 10.0; Win64; x64) AppleWebKit/537.36 (KHTML, like Gecko) Chrome/91.0.4472.124 Safari/537.36"
77.237.244.221 - - [13/May/2026:06:54:46 +1000] "GET /user/ HTTP/1.1" 301 706 "-" "Mozilla/5.0 (Windows NT 10.0; Win64; x64) AppleWebKit/537.36 (KHTML, like Gecko) Chrome/91.0.4472.124 Safari/537.36"
192.178.4.100 - - [13/May/2026:06:54:48 +1000] "POST /wp-admin/admin-ajax.php HTTP/1.1" 200 1278 "https://www.coridyan.com/?products/detail/55167697" "Mozilla/5.0 (Linux; Android 6.0.1; Nexus 5X Build/MMB29P) AppleWebKit/537.36 (KHTML, like Gecko) Chrome/147.0.7727.137 Mobile Safari/537.36 (compatible; Googlebot/2.1; +http://www.google.com/bot.html)"
77.237.244.221 - - [13/May/2026:06:54:48 +1000] "GET /user-experiences-with-siti-casino-non-aams-platforms/ HTTP/1.1" 200 40407 "-" "Mozilla/5.0 (Windows NT 10.0; Win64; x64) AppleWebKit/537.36 (KHTML, like Gecko) Chrome/91.0.4472.124 Safari/537.36"
77.237.244.221 - - [13/May/2026:06:54:52 +1000] "GET /webservice/ HTTP/1.1" 301 664 "-" "Mozilla/5.0 (Windows NT 10.0; Win64; x64) AppleWebKit/537.36 (KHTML, like Gecko) Chrome/91.0.4472.124 Safari/537.36"
77.237.244.221 - - [13/May/2026:06:54:54 +1000] "GET /webservice/ HTTP/1.1" 404 36234 "-" "Mozilla/5.0 (Windows NT 10.0; Win64; x64) AppleWebKit/537.36 (KHTML, like Gecko) Chrome/91.0.4472.124 Safari/537.36"
192.178.4.100 - - [13/May/2026:06:54:56 +1000] "POST /wp-json/platformist-quadendpointer-sxadtr/v1/s6qgn HTTP/1.1" 200 1684 "https://www.coridyan.com/?products/detail/55167697" "Mozilla/5.0 (Linux; Android 6.0.1; Nexus 5X Build/MMB29P) AppleWebKit/537.36 (KHTML, like Gecko) Chrome/147.0.7727.137 Mobile Safari/537.36 (compatible; Googlebot/2.1; +http://www.google.com/bot.html)"
77.237.244.221 - - [13/May/2026:06:54:59 +1000] "GET /moodledata/ HTTP/1.1" 301 664 "-" "Mozilla/5.0 (Windows NT 10.0; Win64; x64) AppleWebKit/537.36 (KHTML, like Gecko) Chrome/91.0.4472.124 Safari/537.36"
77.237.244.221 - - [13/May/2026:06:55:01 +1000] "GET /moodledata/ HTTP/1.1" 404 36234 "-" "Mozilla/5.0 (Windows NT 10.0; Win64; x64) AppleWebKit/537.36 (KHTML, like Gecko) Chrome/91.0.4472.124 Safari/537.36"
192.178.4.102 - - [13/May/2026:06:55:04 +1000] "POST /wp-json/platformist-quadendpointer-sxadtr/v1/s6qgn HTTP/1.1" 403 962 "https://www.coridyan.com/?products/detail/55167697" "Mozilla/5.0 (Linux; Android 6.0.1; Nexus 5X Build/MMB29P) AppleWebKit/537.36 (KHTML, like Gecko) Chrome/147.0.7727.137 Mobile Safari/537.36 (compatible; Googlebot/2.1; +http://www.google.com/bot.html)"
77.237.244.221 - - [13/May/2026:06:55:05 +1000] "GET /moodledata/filedir/ HTTP/1.1" 301 672 "-" "Mozilla/5.0 (Windows NT 10.0; Win64; x64) AppleWebKit/537.36 (KHTML, like Gecko) Chrome/91.0.4472.124 Safari/537.36"
77.237.244.221 - - [13/May/2026:06:55:08 +1000] "GET /moodledata/filedir/ HTTP/1.1" 404 36234 "-" "Mozilla/5.0 (Windows NT 10.0; Win64; x64) AppleWebKit/537.36 (KHTML, like Gecko) Chrome/91.0.4472.124 Safari/537.36"
77.237.244.221 - - [13/May/2026:06:55:12 +1000] "GET /moodledata/lang/ HTTP/1.1" 301 669 "-" "Mozilla/5.0 (Windows NT 10.0; Win64; x64) AppleWebKit/537.36 (KHTML, like Gecko) Chrome/91.0.4472.124 Safari/537.36"
192.178.4.100 - - [13/May/2026:06:55:12 +1000] "GET /content.php?product/78721690 HTTP/1.1" 200 28483 "-" "Mozilla/5.0 (Linux; Android 6.0.1; Nexus 5X Build/MMB29P) AppleWebKit/537.36 (KHTML, like Gecko) Chrome/147.0.7727.137 Mobile Safari/537.36 (compatible; GoogleOther)"
77.237.244.221 - - [13/May/2026:06:55:14 +1000] "GET /moodledata/lang/ HTTP/1.1" 404 36234 "-" "Mozilla/5.0 (Windows NT 10.0; Win64; x64) AppleWebKit/537.36 (KHTML, like Gecko) Chrome/91.0.4472.124 Safari/537.36"
77.237.244.221 - - [13/May/2026:06:55:18 +1000] "GET /moodledata/localcache/ HTTP/1.1" 301 675 "-" "Mozilla/5.0 (Windows NT 10.0; Win64; x64) AppleWebKit/537.36 (KHTML, like Gecko) Chrome/91.0.4472.124 Safari/537.36"
77.237.244.221 - - [13/May/2026:06:55:21 +1000] "GET /moodledata/localcache/ HTTP/1.1" 404 36234 "-" "Mozilla/5.0 (Windows NT 10.0; Win64; x64) AppleWebKit/537.36 (KHTML, like Gecko) Chrome/91.0.4472.124 Safari/537.36"
77.237.244.221 - - [13/May/2026:06:55:25 +1000] "GET /moodledata/sessions/ HTTP/1.1" 301 673 "-" "Mozilla/5.0 (Windows NT 10.0; Win64; x64) AppleWebKit/537.36 (KHTML, like Gecko) Chrome/91.0.4472.124 Safari/537.36"
77.237.244.221 - - [13/May/2026:06:55:27 +1000] "GET /moodledata/sessions/ HTTP/1.1" 404 36234 "-" "Mozilla/5.0 (Windows NT 10.0; Win64; x64) AppleWebKit/537.36 (KHTML, like Gecko) Chrome/91.0.4472.124 Safari/537.36"
52.167.144.158 - - [13/May/2026:06:55:28 +1000] "GET /products/detail/68035366 HTTP/2" 404 35911 "-" "Mozilla/5.0 AppleWebKit/537.36 (KHTML, like Gecko; compatible; bingbot/2.0; +http://www.bing.com/bingbot.htm) Chrome/116.0.1938.76 Safari/537.36"
77.237.244.221 - - [13/May/2026:06:55:30 +1000] "GET /moodledata/temp/ HTTP/1.1" 301 727 "-" "Mozilla/5.0 (Windows NT 10.0; Win64; x64) AppleWebKit/537.36 (KHTML, like Gecko) Chrome/91.0.4472.124 Safari/537.36"
77.237.244.221 - - [13/May/2026:06:55:38 +1000] "GET /temperature-managing-betfred-secure-online-casino-range-1200-cubic-inches/ HTTP/1.1" 200 42091 "-" "Mozilla/5.0 (Windows NT 10.0; Win64; x64) AppleWebKit/537.36 (KHTML, like Gecko) Chrome/91.0.4472.124 Safari/537.36"
77.237.244.221 - - [13/May/2026:06:55:42 +1000] "GET /moodledata/trashdir/ HTTP/1.1" 301 673 "-" "Mozilla/5.0 (Windows NT 10.0; Win64; x64) AppleWebKit/537.36 (KHTML, like Gecko) Chrome/91.0.4472.124 Safari/537.36"
77.237.244.221 - - [13/May/2026:06:55:45 +1000] "GET /moodledata/trashdir/ HTTP/1.1" 404 36234 "-" "Mozilla/5.0 (Windows NT 10.0; Win64; x64) AppleWebKit/537.36 (KHTML, like Gecko) Chrome/91.0.4472.124 Safari/537.36"
40.77.167.57 - - [13/May/2026:06:55:48 +1000] "GET /products/detail/66456235 HTTP/2" 404 35911 "-" "Mozilla/5.0 AppleWebKit/537.36 (KHTML, like Gecko; compatible; bingbot/2.0; +http://www.bing.com/bingbot.htm) Chrome/116.0.1938.76 Safari/537.36"
52.167.144.158 - - [13/May/2026:06:55:51 +1000] "GET /products/detail/62542081 HTTP/2" 404 35911 "-" "Mozilla/5.0 AppleWebKit/537.36 (KHTML, like Gecko; compatible; bingbot/2.0; +http://www.bing.com/bingbot.htm) Chrome/116.0.1938.76 Safari/537.36"
52.167.144.166 - - [13/May/2026:06:55:53 +1000] "GET /products/detail/57295567 HTTP/2" 404 35911 "-" "Mozilla/5.0 AppleWebKit/537.36 (KHTML, like Gecko; compatible; bingbot/2.0; +http://www.bing.com/bingbot.htm) Chrome/116.0.1938.76 Safari/537.36"
77.237.244.221 - - [13/May/2026:06:55:53 +1000] "GET /cache/t_cache/ HTTP/1.1" 301 667 "-" "Mozilla/5.0 (Windows NT 10.0; Win64; x64) AppleWebKit/537.36 (KHTML, like Gecko) Chrome/91.0.4472.124 Safari/537.36"
52.167.144.166 - - [13/May/2026:06:55:54 +1000] "GET /products/detail/59649670 HTTP/2" 404 35911 "-" "Mozilla/5.0 AppleWebKit/537.36 (KHTML, like Gecko; compatible; bingbot/2.0; +http://www.bing.com/bingbot.htm) Chrome/116.0.1938.76 Safari/537.36"
52.167.144.166 - - [13/May/2026:06:55:56 +1000] "GET /products/detail/59971447 HTTP/2" 404 35911 "-" "Mozilla/5.0 AppleWebKit/537.36 (KHTML, like Gecko; compatible; bingbot/2.0; +http://www.bing.com/bingbot.htm) Chrome/116.0.1938.76 Safari/537.36"
52.167.144.166 - - [13/May/2026:06:55:58 +1000] "GET /products/detail/58925035 HTTP/2" 404 35911 "-" "Mozilla/5.0 AppleWebKit/537.36 (KHTML, like Gecko; compatible; bingbot/2.0; +http://www.bing.com/bingbot.htm) Chrome/116.0.1938.76 Safari/537.36"
77.237.244.221 - - [13/May/2026:06:55:59 +1000] "GET /cache/t_cache/ HTTP/1.1" 404 36234 "-" "Mozilla/5.0 (Windows NT 10.0; Win64; x64) AppleWebKit/537.36 (KHTML, like Gecko) Chrome/91.0.4472.124 Safari/537.36"
57.141.14.72 - - [13/May/2026:06:56:00 +1000] "GET /products/detail/56695186 HTTP/2" 404 137739 "-" "meta-externalagent/1.1 (+https://developers.facebook.com/docs/sharing/webmasters/crawler)"
77.237.244.221 - - [13/May/2026:06:56:02 +1000] "GET /cache/t_compile/ HTTP/1.1" 301 669 "-" "Mozilla/5.0 (Windows NT 10.0; Win64; x64) AppleWebKit/537.36 (KHTML, like Gecko) Chrome/91.0.4472.124 Safari/537.36"
