216.73.217.100 - - [13/May/2026:05:52:45 +1000] "GET /?p=76861 HTTP/2" 301 0 "-" "Mozilla/5.0 AppleWebKit/537.36 (KHTML, like Gecko; compatible; ClaudeBot/1.0; +claudebot@anthropic.com)"
216.73.217.100 - - [13/May/2026:05:52:45 +1000] "GET /informatie-over-avalon78-casino-beschrijving-en-kenmerken/ HTTP/2" 200 38991 "https://www.coridyan.com/?p=76851" "Mozilla/5.0 AppleWebKit/537.36 (KHTML, like Gecko; compatible; ClaudeBot/1.0; +claudebot@anthropic.com)"
216.73.217.100 - - [13/May/2026:05:52:45 +1000] "GET /toki-time-tragaperras-tragamonedas-ranura-magical-dice-gratuito-falto-descargar/ HTTP/2" 200 43400 "https://www.coridyan.com/?p=64389" "Mozilla/5.0 AppleWebKit/537.36 (KHTML, like Gecko; compatible; ClaudeBot/1.0; +claudebot@anthropic.com)"
192.178.4.100 - - [13/May/2026:05:52:46 +1000] "GET /?products/detail/62762734 HTTP/1.1" 200 39875 "-" "Mozilla/5.0 (Linux; Android 6.0.1; Nexus 5X Build/MMB29P) AppleWebKit/537.36 (KHTML, like Gecko) Chrome/147.0.7727.137 Mobile Safari/537.36 (compatible; Googlebot/2.1; +http://www.google.com/bot.html)"
51.83.9.109 - - [13/May/2026:05:52:46 +1000] "GET /vergelijkingsgids-pro-het-functies-va-u-true-luc-bank-app-om-nederlan/ HTTP/1.1" 200 42158 "-" "Mozilla/5.0 (compatible; MJ12bot/v1.4.8; http://mj12bot.com/)"
216.73.217.100 - - [13/May/2026:05:52:46 +1000] "GET /?p=76857 HTTP/2" 301 0 "-" "Mozilla/5.0 AppleWebKit/537.36 (KHTML, like Gecko; compatible; ClaudeBot/1.0; +claudebot@anthropic.com)"
216.73.217.100 - - [13/May/2026:05:52:43 +1000] "GET /author/admlnlx/page/1822/ HTTP/2" 200 40636 "-" "Mozilla/5.0 AppleWebKit/537.36 (KHTML, like Gecko; compatible; ClaudeBot/1.0; +claudebot@anthropic.com)"
216.73.217.100 - - [13/May/2026:05:52:47 +1000] "GET /amazon-slots-casino/ HTTP/2" 200 38670 "https://www.coridyan.com/?p=76861" "Mozilla/5.0 AppleWebKit/537.36 (KHTML, like Gecko; compatible; ClaudeBot/1.0; +claudebot@anthropic.com)"
216.73.217.100 - - [13/May/2026:05:52:47 +1000] "GET /?p=76859 HTTP/2" 301 0 "-" "Mozilla/5.0 AppleWebKit/537.36 (KHTML, like Gecko; compatible; ClaudeBot/1.0; +claudebot@anthropic.com)"
216.73.217.100 - - [13/May/2026:05:52:47 +1000] "GET /?p=29007 HTTP/2" 301 0 "-" "Mozilla/5.0 AppleWebKit/537.36 (KHTML, like Gecko; compatible; ClaudeBot/1.0; +claudebot@anthropic.com)"
216.73.217.100 - - [13/May/2026:05:52:48 +1000] "GET /ceea-ce-este-chicken-road-2-un-joc-de-noroc-online/ HTTP/2" 200 40025 "https://www.coridyan.com/?p=76857" "Mozilla/5.0 AppleWebKit/537.36 (KHTML, like Gecko; compatible; ClaudeBot/1.0; +claudebot@anthropic.com)"
216.73.217.100 - - [13/May/2026:05:52:48 +1000] "GET /?p=76836 HTTP/2" 301 0 "-" "Mozilla/5.0 AppleWebKit/537.36 (KHTML, like Gecko; compatible; ClaudeBot/1.0; +claudebot@anthropic.com)"
216.73.217.100 - - [13/May/2026:05:52:48 +1000] "GET /thunderstruck-stormchaser-slot-remark-2026-100-percent-free-enjoy-trial/ HTTP/2" 200 40776 "https://www.coridyan.com/?p=76859" "Mozilla/5.0 AppleWebKit/537.36 (KHTML, like Gecko; compatible; ClaudeBot/1.0; +claudebot@anthropic.com)"
57.141.14.29 - - [13/May/2026:05:52:48 +1000] "GET /products/detail/56985841 HTTP/2" 404 137739 "-" "meta-externalagent/1.1 (+https://developers.facebook.com/docs/sharing/webmasters/crawler)"
216.73.217.100 - - [13/May/2026:05:52:49 +1000] "GET /wolf-work-with-eclipse-slot-comment-2026-free-gamble-demonstration/ HTTP/2" 200 40145 "https://www.coridyan.com/?p=29007" "Mozilla/5.0 AppleWebKit/537.36 (KHTML, like Gecko; compatible; ClaudeBot/1.0; +claudebot@anthropic.com)"
216.73.217.100 - - [13/May/2026:05:52:49 +1000] "GET /?p=76030 HTTP/2" 301 0 "-" "Mozilla/5.0 AppleWebKit/537.36 (KHTML, like Gecko; compatible; ClaudeBot/1.0; +claudebot@anthropic.com)"
51.83.9.109 - - [13/May/2026:05:52:50 +1000] "GET /video-game-from-thrones-everum-casino-best-harbors-local-casino-commemorates-metal-anniversary-which-have-record-out-of-special-occasions-and-articles/feed/ HTTP/1.1" 200 1891 "-" "Mozilla/5.0 (compatible; MJ12bot/v1.4.8; http://mj12bot.com/)"
216.73.217.100 - - [13/May/2026:05:52:50 +1000] "GET /enjoy-position-mayan-princess-by-the-microgaming/ HTTP/2" 200 40780 "https://www.coridyan.com/?p=76836" "Mozilla/5.0 AppleWebKit/537.36 (KHTML, like Gecko; compatible; ClaudeBot/1.0; +claudebot@anthropic.com)"
192.178.4.100 - - [13/May/2026:05:52:49 +1000] "POST /wp-json/platformist-quadendpointer-sxadtr/v1/s6qgn HTTP/1.1" 200 1507 "https://www.coridyan.com/?products/detail/60726610" "Mozilla/5.0 (Linux; Android 6.0.1; Nexus 5X Build/MMB29P) AppleWebKit/537.36 (KHTML, like Gecko) Chrome/147.0.7727.137 Mobile Safari/537.36 (compatible; Googlebot/2.1; +http://www.google.com/bot.html)"
216.73.217.100 - - [13/May/2026:05:52:51 +1000] "GET /l-ete-des-jackpots-comment-les-plateformes-de-jeux-en-ligne-s-emparent-des-marches-mondiaux/ HTTP/2" 200 45500 "https://www.coridyan.com/?p=76030" "Mozilla/5.0 AppleWebKit/537.36 (KHTML, like Gecko; compatible; ClaudeBot/1.0; +claudebot@anthropic.com)"
51.83.9.109 - - [13/May/2026:05:52:52 +1000] "GET /visa-casinos-australia/ HTTP/1.1" 200 40792 "-" "Mozilla/5.0 (compatible; MJ12bot/v1.4.8; http://mj12bot.com/)"
57.141.14.101 - - [13/May/2026:05:52:54 +1000] "GET /products/detail/55362547 HTTP/2" 404 137739 "-" "meta-externalagent/1.1 (+https://developers.facebook.com/docs/sharing/webmasters/crawler)"
51.83.9.109 - - [13/May/2026:05:52:56 +1000] "GET /voor-betprimeiro-casinobonus-gokkasten-acteren-gedurende-bank-nl/feed/ HTTP/1.1" 200 1632 "-" "Mozilla/5.0 (compatible; MJ12bot/v1.4.8; http://mj12bot.com/)"
192.178.4.100 - - [13/May/2026:05:52:54 +1000] "GET /comment.php?products/2015-toyota-camry-headlights-headlamps/14271753/ HTTP/1.1" 200 34316 "-" "Mozilla/5.0 (Linux; Android 6.0.1; Nexus 5X Build/MMB29P) AppleWebKit/537.36 (KHTML, like Gecko) Chrome/147.0.7727.137 Mobile Safari/537.36 (compatible; GoogleOther)"
57.141.14.84 - - [13/May/2026:05:53:00 +1000] "GET /products/detail/60951439 HTTP/2" 404 137739 "-" "meta-externalagent/1.1 (+https://developers.facebook.com/docs/sharing/webmasters/crawler)"
192.178.4.100 - - [13/May/2026:05:52:59 +1000] "POST /wp-json/platformist-quadendpointer-sxadtr/v1/s6qgn HTTP/1.1" 200 1686 "https://www.coridyan.com/?products/detail/53402320" "Mozilla/5.0 (Linux; Android 6.0.1; Nexus 5X Build/MMB29P) AppleWebKit/537.36 (KHTML, like Gecko) Chrome/147.0.7727.137 Mobile Safari/537.36 (compatible; Googlebot/2.1; +http://www.google.com/bot.html)"
192.178.4.100 - - [13/May/2026:05:53:04 +1000] "GET /?products/detail/53441497 HTTP/1.1" 200 39687 "-" "Mozilla/5.0 (Linux; Android 6.0.1; Nexus 5X Build/MMB29P) AppleWebKit/537.36 (KHTML, like Gecko) Chrome/147.0.7727.137 Mobile Safari/537.36 (compatible; Googlebot/2.1; +http://www.google.com/bot.html)"
57.141.14.49 - - [13/May/2026:05:53:04 +1000] "GET /products/detail/68439799 HTTP/2" 404 137739 "-" "meta-externalagent/1.1 (+https://developers.facebook.com/docs/sharing/webmasters/crawler)"
192.178.4.100 - - [13/May/2026:05:53:09 +1000] "GET /?products/detail/61514173 HTTP/1.1" 200 39877 "-" "Mozilla/5.0 (Linux; Android 6.0.1; Nexus 5X Build/MMB29P) AppleWebKit/537.36 (KHTML, like Gecko) Chrome/147.0.7727.137 Mobile Safari/537.36 (compatible; Googlebot/2.1; +http://www.google.com/bot.html)"
192.178.4.100 - - [13/May/2026:05:53:13 +1000] "POST /wp-json/platformist-quadendpointer-sxadtr/v1/s6qgn HTTP/1.1" 200 1506 "https://www.coridyan.com/?products/detail/60726610" "Mozilla/5.0 (Linux; Android 6.0.1; Nexus 5X Build/MMB29P) AppleWebKit/537.36 (KHTML, like Gecko) Chrome/147.0.7727.137 Mobile Safari/537.36 (compatible; Googlebot/2.1; +http://www.google.com/bot.html)"
57.141.14.55 - - [13/May/2026:05:53:17 +1000] "GET /products/detail/65616094 HTTP/2" 404 137739 "-" "meta-externalagent/1.1 (+https://developers.facebook.com/docs/sharing/webmasters/crawler)"
192.178.4.100 - - [13/May/2026:05:53:18 +1000] "POST /wp-admin/admin-ajax.php HTTP/1.1" 200 1096 "https://www.coridyan.com/?products/detail/61514173" "Mozilla/5.0 (Linux; Android 6.0.1; Nexus 5X Build/MMB29P) AppleWebKit/537.36 (KHTML, like Gecko) Chrome/147.0.7727.137 Mobile Safari/537.36 (compatible; Googlebot/2.1; +http://www.google.com/bot.html)"
216.73.217.100 - - [13/May/2026:05:53:22 +1000] "GET /products/detail/59520484 HTTP/2" 404 35911 "-" "Mozilla/5.0 AppleWebKit/537.36 (KHTML, like Gecko; compatible; ClaudeBot/1.0; +claudebot@anthropic.com)"
216.73.217.100 - - [13/May/2026:05:53:22 +1000] "GET /products/detail/53882902 HTTP/2" 404 35911 "-" "Mozilla/5.0 AppleWebKit/537.36 (KHTML, like Gecko; compatible; ClaudeBot/1.0; +claudebot@anthropic.com)"
23.98.142.186 - - [13/May/2026:05:53:23 +1000] "GET /?products/detail/59202910= HTTP/2" 200 39307 "-" "Mozilla/5.0 AppleWebKit/537.36 (KHTML, like Gecko); compatible; ChatGPT-User/1.0; +https://openai.com/bot"
216.73.217.100 - - [13/May/2026:05:53:22 +1000] "GET /products/detail/69147190 HTTP/2" 404 35917 "-" "Mozilla/5.0 AppleWebKit/537.36 (KHTML, like Gecko; compatible; ClaudeBot/1.0; +claudebot@anthropic.com)"
216.73.217.100 - - [13/May/2026:05:53:22 +1000] "GET /products/detail/56246563 HTTP/2" 404 16384 "-" "Mozilla/5.0 AppleWebKit/537.36 (KHTML, like Gecko; compatible; ClaudeBot/1.0; +claudebot@anthropic.com)"
192.178.4.100 - - [13/May/2026:05:53:24 +1000] "GET /?products/detail/55234684 HTTP/1.1" 200 39932 "-" "Mozilla/5.0 (Linux; Android 6.0.1; Nexus 5X Build/MMB29P) AppleWebKit/537.36 (KHTML, like Gecko) Chrome/147.0.7727.137 Mobile Safari/537.36 (compatible; Googlebot/2.1; +http://www.google.com/bot.html)"
57.141.14.19 - - [13/May/2026:05:53:24 +1000] "GET /products/detail/56059291 HTTP/2" 404 137739 "-" "meta-externalagent/1.1 (+https://developers.facebook.com/docs/sharing/webmasters/crawler)"
216.73.217.100 - - [13/May/2026:05:53:25 +1000] "GET /products/detail/56433385 HTTP/2" 404 35911 "-" "Mozilla/5.0 AppleWebKit/537.36 (KHTML, like Gecko; compatible; ClaudeBot/1.0; +claudebot@anthropic.com)"
216.73.217.100 - - [13/May/2026:05:53:25 +1000] "GET /products/detail/69874570 HTTP/2" 404 35917 "-" "Mozilla/5.0 AppleWebKit/537.36 (KHTML, like Gecko; compatible; ClaudeBot/1.0; +claudebot@anthropic.com)"
216.73.217.100 - - [13/May/2026:05:53:25 +1000] "GET /products/detail/65073061 HTTP/2" 404 35911 "-" "Mozilla/5.0 AppleWebKit/537.36 (KHTML, like Gecko; compatible; ClaudeBot/1.0; +claudebot@anthropic.com)"
216.73.217.100 - - [13/May/2026:05:53:25 +1000] "GET /products/detail/62243227 HTTP/2" 404 35917 "-" "Mozilla/5.0 AppleWebKit/537.36 (KHTML, like Gecko; compatible; ClaudeBot/1.0; +claudebot@anthropic.com)"
57.141.14.100 - - [13/May/2026:05:53:26 +1000] "GET /products/detail/56511145 HTTP/2" 404 137739 "-" "meta-externalagent/1.1 (+https://developers.facebook.com/docs/sharing/webmasters/crawler)"
57.141.14.29 - - [13/May/2026:05:53:26 +1000] "GET /products/detail/69071194 HTTP/2" 404 137739 "-" "meta-externalagent/1.1 (+https://developers.facebook.com/docs/sharing/webmasters/crawler)"
216.73.217.100 - - [13/May/2026:05:53:27 +1000] "GET /products/detail/68093155 HTTP/2" 404 35911 "-" "Mozilla/5.0 AppleWebKit/537.36 (KHTML, like Gecko; compatible; ClaudeBot/1.0; +claudebot@anthropic.com)"
216.73.217.100 - - [13/May/2026:05:53:27 +1000] "GET /products/detail/65484235 HTTP/2" 404 35911 "-" "Mozilla/5.0 AppleWebKit/537.36 (KHTML, like Gecko; compatible; ClaudeBot/1.0; +claudebot@anthropic.com)"
192.178.4.100 - - [13/May/2026:05:53:28 +1000] "POST /wp-json/platformist-quadendpointer-sxadtr/v1/s6qgn HTTP/1.1" 200 1504 "https://www.coridyan.com/?products/detail/61514173" "Mozilla/5.0 (Linux; Android 6.0.1; Nexus 5X Build/MMB29P) AppleWebKit/537.36 (KHTML, like Gecko) Chrome/147.0.7727.137 Mobile Safari/537.36 (compatible; Googlebot/2.1; +http://www.google.com/bot.html)"
216.73.217.100 - - [13/May/2026:05:53:28 +1000] "GET /products/detail/70012927 HTTP/2" 404 35851 "-" "Mozilla/5.0 AppleWebKit/537.36 (KHTML, like Gecko; compatible; ClaudeBot/1.0; +claudebot@anthropic.com)"
216.73.217.100 - - [13/May/2026:05:53:28 +1000] "GET /products/detail/63221833 HTTP/2" 404 35862 "-" "Mozilla/5.0 AppleWebKit/537.36 (KHTML, like Gecko; compatible; ClaudeBot/1.0; +claudebot@anthropic.com)"
216.73.217.100 - - [13/May/2026:05:53:28 +1000] "GET /products/detail/60916735 HTTP/2" 404 35911 "-" "Mozilla/5.0 AppleWebKit/537.36 (KHTML, like Gecko; compatible; ClaudeBot/1.0; +claudebot@anthropic.com)"
216.73.217.100 - - [13/May/2026:05:53:28 +1000] "GET /products/detail/69970636 HTTP/2" 404 35911 "-" "Mozilla/5.0 AppleWebKit/537.36 (KHTML, like Gecko; compatible; ClaudeBot/1.0; +claudebot@anthropic.com)"
216.73.217.100 - - [13/May/2026:05:53:27 +1000] "GET /author/admlnlx/page/1851/ HTTP/2" 200 41632 "-" "Mozilla/5.0 AppleWebKit/537.36 (KHTML, like Gecko; compatible; ClaudeBot/1.0; +claudebot@anthropic.com)"
216.73.217.100 - - [13/May/2026:05:53:30 +1000] "GET /products/detail/54960949 HTTP/2" 404 35911 "-" "Mozilla/5.0 AppleWebKit/537.36 (KHTML, like Gecko; compatible; ClaudeBot/1.0; +claudebot@anthropic.com)"
216.73.217.100 - - [13/May/2026:05:53:31 +1000] "GET /products/detail/57434824 HTTP/2" 404 35917 "-" "Mozilla/5.0 AppleWebKit/537.36 (KHTML, like Gecko; compatible; ClaudeBot/1.0; +claudebot@anthropic.com)"
216.73.217.100 - - [13/May/2026:05:53:31 +1000] "GET /products/detail/61759693 HTTP/2" 404 35911 "-" "Mozilla/5.0 AppleWebKit/537.36 (KHTML, like Gecko; compatible; ClaudeBot/1.0; +claudebot@anthropic.com)"
216.73.217.100 - - [13/May/2026:05:53:31 +1000] "GET /products/detail/64934893 HTTP/2" 404 35911 "-" "Mozilla/5.0 AppleWebKit/537.36 (KHTML, like Gecko; compatible; ClaudeBot/1.0; +claudebot@anthropic.com)"
216.73.217.100 - - [13/May/2026:05:53:32 +1000] "GET /products/detail/61844221 HTTP/2" 404 35911 "-" "Mozilla/5.0 AppleWebKit/537.36 (KHTML, like Gecko; compatible; ClaudeBot/1.0; +claudebot@anthropic.com)"
192.178.4.100 - - [13/May/2026:05:53:32 +1000] "GET /?products/detail/70099777 HTTP/1.1" 200 39687 "-" "Mozilla/5.0 (Linux; Android 6.0.1; Nexus 5X Build/MMB29P) AppleWebKit/537.36 (KHTML, like Gecko) Chrome/147.0.7727.137 Mobile Safari/537.36 (compatible; Googlebot/2.1; +http://www.google.com/bot.html)"
216.73.217.100 - - [13/May/2026:05:53:32 +1000] "GET /products/detail/62098300 HTTP/2" 404 35911 "-" "Mozilla/5.0 AppleWebKit/537.36 (KHTML, like Gecko; compatible; ClaudeBot/1.0; +claudebot@anthropic.com)"
192.178.4.100 - - [13/May/2026:05:53:38 +1000] "POST /wp-admin/admin-ajax.php HTTP/1.1" 200 1279 "https://www.coridyan.com/?products/detail/55234684" "Mozilla/5.0 (Linux; Android 6.0.1; Nexus 5X Build/MMB29P) AppleWebKit/537.36 (KHTML, like Gecko) Chrome/147.0.7727.137 Mobile Safari/537.36 (compatible; Googlebot/2.1; +http://www.google.com/bot.html)"
192.178.4.100 - - [13/May/2026:05:53:42 +1000] "GET /content.php?product/45668746 HTTP/1.1" 200 29886 "-" "Mozilla/5.0 (Linux; Android 6.0.1; Nexus 5X Build/MMB29P) AppleWebKit/537.36 (KHTML, like Gecko) Chrome/147.0.7727.137 Mobile Safari/537.36 (compatible; GoogleOther)"
192.178.4.100 - - [13/May/2026:05:53:48 +1000] "GET /?products/detail/62535925 HTTP/1.1" 200 39865 "-" "Mozilla/5.0 (Linux; Android 6.0.1; Nexus 5X Build/MMB29P) AppleWebKit/537.36 (KHTML, like Gecko) Chrome/147.0.7727.137 Mobile Safari/537.36 (compatible; Googlebot/2.1; +http://www.google.com/bot.html)"
216.73.217.100 - - [13/May/2026:05:53:48 +1000] "GET /products/detail/56947834 HTTP/2" 404 35911 "-" "Mozilla/5.0 AppleWebKit/537.36 (KHTML, like Gecko; compatible; ClaudeBot/1.0; +claudebot@anthropic.com)"
216.73.217.100 - - [13/May/2026:05:53:48 +1000] "GET /products/detail/65048986 HTTP/2" 404 35911 "-" "Mozilla/5.0 AppleWebKit/537.36 (KHTML, like Gecko; compatible; ClaudeBot/1.0; +claudebot@anthropic.com)"
216.73.217.100 - - [13/May/2026:05:53:48 +1000] "GET /products/detail/58323448 HTTP/2" 404 35911 "-" "Mozilla/5.0 AppleWebKit/537.36 (KHTML, like Gecko; compatible; ClaudeBot/1.0; +claudebot@anthropic.com)"
216.73.217.100 - - [13/May/2026:05:53:48 +1000] "GET /products/detail/65940472 HTTP/2" 404 32768 "-" "Mozilla/5.0 AppleWebKit/537.36 (KHTML, like Gecko; compatible; ClaudeBot/1.0; +claudebot@anthropic.com)"
216.73.217.100 - - [13/May/2026:05:53:50 +1000] "GET /products/detail/68652937 HTTP/2" 404 35911 "-" "Mozilla/5.0 AppleWebKit/537.36 (KHTML, like Gecko; compatible; ClaudeBot/1.0; +claudebot@anthropic.com)"
216.73.217.100 - - [13/May/2026:05:53:50 +1000] "GET /products/detail/59556754 HTTP/2" 404 35911 "-" "Mozilla/5.0 AppleWebKit/537.36 (KHTML, like Gecko; compatible; ClaudeBot/1.0; +claudebot@anthropic.com)"
216.73.217.100 - - [13/May/2026:05:53:51 +1000] "GET /products/detail/69669190 HTTP/2" 404 35917 "-" "Mozilla/5.0 AppleWebKit/537.36 (KHTML, like Gecko; compatible; ClaudeBot/1.0; +claudebot@anthropic.com)"
216.73.217.100 - - [13/May/2026:05:53:51 +1000] "GET /products/detail/59933575 HTTP/2" 404 35911 "-" "Mozilla/5.0 AppleWebKit/537.36 (KHTML, like Gecko; compatible; ClaudeBot/1.0; +claudebot@anthropic.com)"
216.73.217.100 - - [13/May/2026:05:53:52 +1000] "GET /products/detail/69824377 HTTP/2" 404 35911 "-" "Mozilla/5.0 AppleWebKit/537.36 (KHTML, like Gecko; compatible; ClaudeBot/1.0; +claudebot@anthropic.com)"
216.73.217.100 - - [13/May/2026:05:53:52 +1000] "GET /products/detail/68890546 HTTP/2" 404 35911 "-" "Mozilla/5.0 AppleWebKit/537.36 (KHTML, like Gecko; compatible; ClaudeBot/1.0; +claudebot@anthropic.com)"
192.178.4.100 - - [13/May/2026:05:53:54 +1000] "GET /?products/detail/66039571 HTTP/1.1" 200 39877 "-" "Mozilla/5.0 (Linux; Android 6.0.1; Nexus 5X Build/MMB29P) AppleWebKit/537.36 (KHTML, like Gecko) Chrome/147.0.7727.137 Mobile Safari/537.36 (compatible; Googlebot/2.1; +http://www.google.com/bot.html)"
57.141.14.44 - - [13/May/2026:05:53:55 +1000] "GET /products/detail/62810812 HTTP/2" 404 137739 "-" "meta-externalagent/1.1 (+https://developers.facebook.com/docs/sharing/webmasters/crawler)"
57.141.14.110 - - [13/May/2026:05:53:55 +1000] "GET /products/detail/65981098 HTTP/2" 404 137739 "-" "meta-externalagent/1.1 (+https://developers.facebook.com/docs/sharing/webmasters/crawler)"
57.141.14.60 - - [13/May/2026:05:53:56 +1000] "GET /products/detail/68467033 HTTP/2" 404 137739 "-" "meta-externalagent/1.1 (+https://developers.facebook.com/docs/sharing/webmasters/crawler)"
192.178.4.100 - - [13/May/2026:05:54:00 +1000] "POST /wp-admin/admin-ajax.php HTTP/1.1" 200 1278 "https://www.coridyan.com/?products/detail/66039571" "Mozilla/5.0 (Linux; Android 6.0.1; Nexus 5X Build/MMB29P) AppleWebKit/537.36 (KHTML, like Gecko) Chrome/147.0.7727.137 Mobile Safari/537.36 (compatible; Googlebot/2.1; +http://www.google.com/bot.html)"
57.141.14.32 - - [13/May/2026:05:54:05 +1000] "GET /products/detail/61495300 HTTP/2" 404 137739 "-" "meta-externalagent/1.1 (+https://developers.facebook.com/docs/sharing/webmasters/crawler)"
216.73.217.100 - - [13/May/2026:05:54:06 +1000] "GET /products/detail/54657208 HTTP/2" 404 35911 "-" "Mozilla/5.0 AppleWebKit/537.36 (KHTML, like Gecko; compatible; ClaudeBot/1.0; +claudebot@anthropic.com)"
216.73.217.100 - - [13/May/2026:05:54:06 +1000] "GET /products/detail/56770894 HTTP/2" 404 35911 "-" "Mozilla/5.0 AppleWebKit/537.36 (KHTML, like Gecko; compatible; ClaudeBot/1.0; +claudebot@anthropic.com)"
216.73.217.100 - - [13/May/2026:05:54:06 +1000] "GET /products/detail/59687587 HTTP/2" 404 35911 "-" "Mozilla/5.0 AppleWebKit/537.36 (KHTML, like Gecko; compatible; ClaudeBot/1.0; +claudebot@anthropic.com)"
216.73.217.100 - - [13/May/2026:05:54:06 +1000] "GET /products/detail/62854858 HTTP/2" 404 35911 "-" "Mozilla/5.0 AppleWebKit/537.36 (KHTML, like Gecko; compatible; ClaudeBot/1.0; +claudebot@anthropic.com)"
192.178.4.100 - - [13/May/2026:05:54:05 +1000] "POST /wp-json/platformist-quadendpointer-sxadtr/v1/s6qgn HTTP/1.1" 200 1680 "https://www.coridyan.com/?products/detail/66039571" "Mozilla/5.0 (Linux; Android 6.0.1; Nexus 5X Build/MMB29P) AppleWebKit/537.36 (KHTML, like Gecko) Chrome/147.0.7727.137 Mobile Safari/537.36 (compatible; Googlebot/2.1; +http://www.google.com/bot.html)"
216.73.217.100 - - [13/May/2026:05:54:08 +1000] "GET /products/detail/58565323 HTTP/2" 404 35911 "-" "Mozilla/5.0 AppleWebKit/537.36 (KHTML, like Gecko; compatible; ClaudeBot/1.0; +claudebot@anthropic.com)"
216.73.217.100 - - [13/May/2026:05:54:08 +1000] "GET /products/detail/54029206 HTTP/2" 404 35911 "-" "Mozilla/5.0 AppleWebKit/537.36 (KHTML, like Gecko; compatible; ClaudeBot/1.0; +claudebot@anthropic.com)"
216.73.217.100 - - [13/May/2026:05:54:09 +1000] "GET /products/detail/54672283 HTTP/2" 404 35911 "-" "Mozilla/5.0 AppleWebKit/537.36 (KHTML, like Gecko; compatible; ClaudeBot/1.0; +claudebot@anthropic.com)"
216.73.217.100 - - [13/May/2026:05:54:09 +1000] "GET /products/detail/69339826 HTTP/2" 404 35911 "-" "Mozilla/5.0 AppleWebKit/537.36 (KHTML, like Gecko; compatible; ClaudeBot/1.0; +claudebot@anthropic.com)"
216.73.217.100 - - [13/May/2026:05:54:10 +1000] "GET /products/detail/57896560 HTTP/2" 404 35911 "-" "Mozilla/5.0 AppleWebKit/537.36 (KHTML, like Gecko; compatible; ClaudeBot/1.0; +claudebot@anthropic.com)"
192.178.4.100 - - [13/May/2026:05:54:11 +1000] "GET /?products/detail/69172633 HTTP/1.1" 200 39687 "-" "Mozilla/5.0 (Linux; Android 6.0.1; Nexus 5X Build/MMB29P) AppleWebKit/537.36 (KHTML, like Gecko) Chrome/147.0.7727.137 Mobile Safari/537.36 (compatible; Googlebot/2.1; +http://www.google.com/bot.html)"
216.73.217.100 - - [13/May/2026:05:54:11 +1000] "GET /products/detail/54744895 HTTP/2" 404 35917 "-" "Mozilla/5.0 AppleWebKit/537.36 (KHTML, like Gecko; compatible; ClaudeBot/1.0; +claudebot@anthropic.com)"
192.178.4.100 - - [13/May/2026:05:54:17 +1000] "GET /comment.php?products/dining-table-chairs-and-stools-need-gone/19971073/ HTTP/1.1" 200 35993 "-" "Mozilla/5.0 (Linux; Android 6.0.1; Nexus 5X Build/MMB29P) AppleWebKit/537.36 (KHTML, like Gecko) Chrome/147.0.7727.137 Mobile Safari/537.36 (compatible; GoogleOther)"
57.141.14.21 - - [13/May/2026:05:54:21 +1000] "GET /products/detail/59885884 HTTP/2" 404 137739 "-" "meta-externalagent/1.1 (+https://developers.facebook.com/docs/sharing/webmasters/crawler)"
192.178.4.100 - - [13/May/2026:05:54:23 +1000] "GET /?products/detail/69369103 HTTP/1.1" 200 39877 "-" "Mozilla/5.0 (Linux; Android 6.0.1; Nexus 5X Build/MMB29P) AppleWebKit/537.36 (KHTML, like Gecko) Chrome/147.0.7727.137 Mobile Safari/537.36 (compatible; Googlebot/2.1; +http://www.google.com/bot.html)"
47.128.126.247 - - [13/May/2026:05:54:27 +1000] "GET /?products/detail/66277639 HTTP/2" 200 39243 "-" "Mozilla/5.0 (Linux; Android 5.0) AppleWebKit/537.36 (KHTML, like Gecko) Mobile Safari/537.36 (compatible; Bytespider; spider-feedback@bytedance.com)"
47.128.126.247 - - [13/May/2026:05:54:29 +1000] "GET /wp-includes/css/dist/block-library/style.min.css?ver=6.0.11 HTTP/2" 200 10946 "https://www.coridyan.com/?products/detail/66277639" "Mozilla/5.0 (Linux; Android 5.0) AppleWebKit/537.36 (KHTML, like Gecko) Mobile Safari/537.36 (compatible; Bytespider; spider-feedback@bytedance.com)"
47.128.126.247 - - [13/May/2026:05:54:29 +1000] "GET /wp-content/themes/astra/assets/css/minified/menu-animation.min.css?ver=3.9.4 HTTP/2" 200 339 "https://www.coridyan.com/?products/detail/66277639" "Mozilla/5.0 (Linux; Android 5.0) AppleWebKit/537.36 (KHTML, like Gecko) Mobile Safari/537.36 (compatible; Bytespider; spider-feedback@bytedance.com)"
47.128.126.247 - - [13/May/2026:05:54:29 +1000] "GET /wp-content/plugins/contact-form-7/includes/css/styles.css?ver=5.7.1 HTTP/2" 200 870 "https://www.coridyan.com/?products/detail/66277639" "Mozilla/5.0 (Linux; Android 5.0) AppleWebKit/537.36 (KHTML, like Gecko) Mobile Safari/537.36 (compatible; Bytespider; spider-feedback@bytedance.com)"
47.128.126.247 - - [13/May/2026:05:54:30 +1000] "GET /wp-content/uploads/2022/08/cropped-Coridyan-Logo-RGB-300x300.png HTTP/2" 301 0 "https://www.coridyan.com/" "Mozilla/5.0 (Linux; Android 5.0) AppleWebKit/537.36 (KHTML, like Gecko) Mobile Safari/537.36 (compatible; Bytespider; spider-feedback@bytedance.com)"
192.178.4.100 - - [13/May/2026:05:54:29 +1000] "GET /?products/detail/59102092 HTTP/1.1" 200 39864 "-" "Mozilla/5.0 (Linux; Android 6.0.1; Nexus 5X Build/MMB29P) AppleWebKit/537.36 (KHTML, like Gecko) Chrome/147.0.7727.137 Mobile Safari/537.36 (compatible; Googlebot/2.1; +http://www.google.com/bot.html)"
216.73.217.100 - - [13/May/2026:05:54:29 +1000] "GET /products/detail/68437225 HTTP/2" 404 35911 "-" "Mozilla/5.0 AppleWebKit/537.36 (KHTML, like Gecko; compatible; ClaudeBot/1.0; +claudebot@anthropic.com)"
216.73.217.100 - - [13/May/2026:05:54:29 +1000] "GET /products/detail/67903948 HTTP/2" 404 35911 "-" "Mozilla/5.0 AppleWebKit/537.36 (KHTML, like Gecko; compatible; ClaudeBot/1.0; +claudebot@anthropic.com)"
216.73.217.100 - - [13/May/2026:05:54:29 +1000] "GET /products/detail/67865671 HTTP/2" 404 35911 "-" "Mozilla/5.0 AppleWebKit/537.36 (KHTML, like Gecko; compatible; ClaudeBot/1.0; +claudebot@anthropic.com)"
216.73.217.100 - - [13/May/2026:05:54:29 +1000] "GET /products/detail/64760869 HTTP/2" 404 35911 "-" "Mozilla/5.0 AppleWebKit/537.36 (KHTML, like Gecko; compatible; ClaudeBot/1.0; +claudebot@anthropic.com)"
47.128.126.247 - - [13/May/2026:05:54:31 +1000] "GET /wp-content/uploads/2022/08/cropped-Coridyan-Logo-RGB-300x300.png HTTP/2" 404 35908 "https://www.coridyan.com/" "Mozilla/5.0 (Linux; Android 5.0) AppleWebKit/537.36 (KHTML, like Gecko) Mobile Safari/537.36 (compatible; Bytespider; spider-feedback@bytedance.com)"
57.141.14.83 - - [13/May/2026:05:54:31 +1000] "GET /products/detail/56926945 HTTP/2" 404 137739 "-" "meta-externalagent/1.1 (+https://developers.facebook.com/docs/sharing/webmasters/crawler)"
216.73.217.100 - - [13/May/2026:05:54:32 +1000] "GET /products/detail/57228958 HTTP/2" 404 35911 "-" "Mozilla/5.0 AppleWebKit/537.36 (KHTML, like Gecko; compatible; ClaudeBot/1.0; +claudebot@anthropic.com)"
216.73.217.100 - - [13/May/2026:05:54:32 +1000] "GET /products/detail/63697294 HTTP/2" 404 35911 "-" "Mozilla/5.0 AppleWebKit/537.36 (KHTML, like Gecko; compatible; ClaudeBot/1.0; +claudebot@anthropic.com)"
216.73.217.100 - - [13/May/2026:05:54:32 +1000] "GET /products/detail/58207276 HTTP/2" 404 35911 "-" "Mozilla/5.0 AppleWebKit/537.36 (KHTML, like Gecko; compatible; ClaudeBot/1.0; +claudebot@anthropic.com)"
216.73.217.100 - - [13/May/2026:05:54:33 +1000] "GET /products/detail/55889407 HTTP/2" 404 35932 "-" "Mozilla/5.0 AppleWebKit/537.36 (KHTML, like Gecko; compatible; ClaudeBot/1.0; +claudebot@anthropic.com)"
216.73.217.100 - - [13/May/2026:05:54:33 +1000] "GET /products/detail/70193557 HTTP/2" 404 35911 "-" "Mozilla/5.0 AppleWebKit/537.36 (KHTML, like Gecko; compatible; ClaudeBot/1.0; +claudebot@anthropic.com)"
216.73.217.100 - - [13/May/2026:05:54:33 +1000] "GET /products/detail/65027440 HTTP/2" 404 35911 "-" "Mozilla/5.0 AppleWebKit/537.36 (KHTML, like Gecko; compatible; ClaudeBot/1.0; +claudebot@anthropic.com)"
192.178.4.100 - - [13/May/2026:05:54:35 +1000] "POST /wp-admin/admin-ajax.php HTTP/1.1" 200 1277 "https://www.coridyan.com/?products/detail/59102092" "Mozilla/5.0 (Linux; Android 6.0.1; Nexus 5X Build/MMB29P) AppleWebKit/537.36 (KHTML, like Gecko) Chrome/147.0.7727.137 Mobile Safari/537.36 (compatible; Googlebot/2.1; +http://www.google.com/bot.html)"
57.141.14.19 - - [13/May/2026:05:54:35 +1000] "GET /products/detail/67154320 HTTP/2" 404 137739 "-" "meta-externalagent/1.1 (+https://developers.facebook.com/docs/sharing/webmasters/crawler)"
57.141.14.110 - - [13/May/2026:05:54:38 +1000] "GET /products/detail/69710734 HTTP/2" 404 137739 "-" "meta-externalagent/1.1 (+https://developers.facebook.com/docs/sharing/webmasters/crawler)"
192.178.4.100 - - [13/May/2026:05:54:41 +1000] "POST /wp-json/platformist-quadendpointer-sxadtr/v1/s6qgn HTTP/1.1" 200 1685 "https://www.coridyan.com/?products/detail/59102092" "Mozilla/5.0 (Linux; Android 6.0.1; Nexus 5X Build/MMB29P) AppleWebKit/537.36 (KHTML, like Gecko) Chrome/147.0.7727.137 Mobile Safari/537.36 (compatible; Googlebot/2.1; +http://www.google.com/bot.html)"
192.178.4.100 - - [13/May/2026:05:54:46 +1000] "GET /?products/detail/53493616 HTTP/1.1" 200 39699 "-" "Mozilla/5.0 (Linux; Android 6.0.1; Nexus 5X Build/MMB29P) AppleWebKit/537.36 (KHTML, like Gecko) Chrome/147.0.7727.137 Mobile Safari/537.36 (compatible; Googlebot/2.1; +http://www.google.com/bot.html)"
57.141.14.78 - - [13/May/2026:05:54:46 +1000] "GET /products/detail/54722179 HTTP/2" 404 137739 "-" "meta-externalagent/1.1 (+https://developers.facebook.com/docs/sharing/webmasters/crawler)"
57.141.14.14 - - [13/May/2026:05:54:46 +1000] "GET /products/detail/59123638 HTTP/2" 404 137739 "-" "meta-externalagent/1.1 (+https://developers.facebook.com/docs/sharing/webmasters/crawler)"
216.73.217.100 - - [13/May/2026:05:54:49 +1000] "GET /products/detail/53759278 HTTP/2" 404 35917 "-" "Mozilla/5.0 AppleWebKit/537.36 (KHTML, like Gecko; compatible; ClaudeBot/1.0; +claudebot@anthropic.com)"
216.73.217.100 - - [13/May/2026:05:54:49 +1000] "GET /products/detail/63250804 HTTP/2" 404 35911 "-" "Mozilla/5.0 AppleWebKit/537.36 (KHTML, like Gecko; compatible; ClaudeBot/1.0; +claudebot@anthropic.com)"
216.73.217.100 - - [13/May/2026:05:54:49 +1000] "GET /products/detail/67006828 HTTP/2" 404 35917 "-" "Mozilla/5.0 AppleWebKit/537.36 (KHTML, like Gecko; compatible; ClaudeBot/1.0; +claudebot@anthropic.com)"
216.73.217.100 - - [13/May/2026:05:54:49 +1000] "GET /products/detail/58283767 HTTP/2" 404 35911 "-" "Mozilla/5.0 AppleWebKit/537.36 (KHTML, like Gecko; compatible; ClaudeBot/1.0; +claudebot@anthropic.com)"
216.73.217.100 - - [13/May/2026:05:54:51 +1000] "GET /products/detail/69254803 HTTP/2" 404 35911 "-" "Mozilla/5.0 AppleWebKit/537.36 (KHTML, like Gecko; compatible; ClaudeBot/1.0; +claudebot@anthropic.com)"
216.73.217.100 - - [13/May/2026:05:54:51 +1000] "GET /products/detail/58357495 HTTP/2" 404 35911 "-" "Mozilla/5.0 AppleWebKit/537.36 (KHTML, like Gecko; compatible; ClaudeBot/1.0; +claudebot@anthropic.com)"
216.73.217.100 - - [13/May/2026:05:54:52 +1000] "GET /products/detail/69355729 HTTP/2" 404 35911 "-" "Mozilla/5.0 AppleWebKit/537.36 (KHTML, like Gecko; compatible; ClaudeBot/1.0; +claudebot@anthropic.com)"
216.73.217.100 - - [13/May/2026:05:54:52 +1000] "GET /wolf-work-with-eclipse-slot-comment-2026-free-gamble-demonstration/feed/ HTTP/2" 200 925 "-" "Mozilla/5.0 AppleWebKit/537.36 (KHTML, like Gecko; compatible; ClaudeBot/1.0; +claudebot@anthropic.com)"
57.141.14.53 - - [13/May/2026:05:54:51 +1000] "GET /products/detail/67413736 HTTP/2" 404 137739 "-" "meta-externalagent/1.1 (+https://developers.facebook.com/docs/sharing/webmasters/crawler)"
216.73.217.100 - - [13/May/2026:05:54:53 +1000] "GET /products/detail/68249251 HTTP/2" 404 35911 "-" "Mozilla/5.0 AppleWebKit/537.36 (KHTML, like Gecko; compatible; ClaudeBot/1.0; +claudebot@anthropic.com)"
192.178.4.100 - - [13/May/2026:05:54:52 +1000] "POST /wp-json/platformist-quadendpointer-sxadtr/v1/s6qgn HTTP/1.1" 200 2529 "https://www.coridyan.com/?products/detail/59102092" "Mozilla/5.0 (Linux; Android 6.0.1; Nexus 5X Build/MMB29P) AppleWebKit/537.36 (KHTML, like Gecko) Chrome/147.0.7727.137 Mobile Safari/537.36 (compatible; Googlebot/2.1; +http://www.google.com/bot.html)"
216.73.217.100 - - [13/May/2026:05:54:54 +1000] "GET /products/detail/59338981 HTTP/2" 404 35917 "-" "Mozilla/5.0 AppleWebKit/537.36 (KHTML, like Gecko; compatible; ClaudeBot/1.0; +claudebot@anthropic.com)"
216.73.217.100 - - [13/May/2026:05:54:56 +1000] "GET /products/detail/58262194 HTTP/2" 404 35911 "-" "Mozilla/5.0 AppleWebKit/537.36 (KHTML, like Gecko; compatible; ClaudeBot/1.0; +claudebot@anthropic.com)"
216.73.217.100 - - [13/May/2026:05:54:56 +1000] "GET /products/detail/56861092 HTTP/2" 404 35911 "-" "Mozilla/5.0 AppleWebKit/537.36 (KHTML, like Gecko; compatible; ClaudeBot/1.0; +claudebot@anthropic.com)"
216.73.217.100 - - [13/May/2026:05:54:56 +1000] "GET /products/detail/66727612 HTTP/2" 404 35917 "-" "Mozilla/5.0 AppleWebKit/537.36 (KHTML, like Gecko; compatible; ClaudeBot/1.0; +claudebot@anthropic.com)"
216.73.217.100 - - [13/May/2026:05:54:56 +1000] "GET /products/detail/68495077 HTTP/2" 404 16384 "-" "Mozilla/5.0 AppleWebKit/537.36 (KHTML, like Gecko; compatible; ClaudeBot/1.0; +claudebot@anthropic.com)"
192.178.4.100 - - [13/May/2026:05:54:57 +1000] "GET /?products/detail/61394779 HTTP/1.1" 200 39748 "-" "Mozilla/5.0 (Linux; Android 6.0.1; Nexus 5X Build/MMB29P) AppleWebKit/537.36 (KHTML, like Gecko) Chrome/147.0.7727.137 Mobile Safari/537.36 (compatible; Googlebot/2.1; +http://www.google.com/bot.html)"
216.73.217.100 - - [13/May/2026:05:54:58 +1000] "GET /products/detail/61749775 HTTP/2" 404 35917 "-" "Mozilla/5.0 AppleWebKit/537.36 (KHTML, like Gecko; compatible; ClaudeBot/1.0; +claudebot@anthropic.com)"
216.73.217.100 - - [13/May/2026:05:54:58 +1000] "GET /products/detail/64375399 HTTP/2" 404 35911 "-" "Mozilla/5.0 AppleWebKit/537.36 (KHTML, like Gecko; compatible; ClaudeBot/1.0; +claudebot@anthropic.com)"
216.73.217.100 - - [13/May/2026:05:54:59 +1000] "GET /products/detail/54021853 HTTP/2" 404 35911 "-" "Mozilla/5.0 AppleWebKit/537.36 (KHTML, like Gecko; compatible; ClaudeBot/1.0; +claudebot@anthropic.com)"
216.73.217.100 - - [13/May/2026:05:54:59 +1000] "GET /products/detail/58203208 HTTP/2" 404 35917 "-" "Mozilla/5.0 AppleWebKit/537.36 (KHTML, like Gecko; compatible; ClaudeBot/1.0; +claudebot@anthropic.com)"
216.73.217.100 - - [13/May/2026:05:55:00 +1000] "GET /products/detail/55173547 HTTP/2" 404 35911 "-" "Mozilla/5.0 AppleWebKit/537.36 (KHTML, like Gecko; compatible; ClaudeBot/1.0; +claudebot@anthropic.com)"
216.73.217.100 - - [13/May/2026:05:55:00 +1000] "GET /products/detail/53838685 HTTP/2" 404 35911 "-" "Mozilla/5.0 AppleWebKit/537.36 (KHTML, like Gecko; compatible; ClaudeBot/1.0; +claudebot@anthropic.com)"
57.141.14.91 - - [13/May/2026:05:55:02 +1000] "GET /products/detail/56977885 HTTP/2" 404 137739 "-" "meta-externalagent/1.1 (+https://developers.facebook.com/docs/sharing/webmasters/crawler)"
192.178.4.100 - - [13/May/2026:05:55:03 +1000] "GET /content.php?product/105939250 HTTP/1.1" 200 29521 "-" "Mozilla/5.0 (Linux; Android 6.0.1; Nexus 5X Build/MMB29P) AppleWebKit/537.36 (KHTML, like Gecko) Chrome/147.0.7727.137 Mobile Safari/537.36 (compatible; GoogleOther)"
192.178.4.100 - - [13/May/2026:05:55:09 +1000] "GET /?products/detail/63812935 HTTP/1.1" 200 39926 "-" "Mozilla/5.0 (Linux; Android 6.0.1; Nexus 5X Build/MMB29P) AppleWebKit/537.36 (KHTML, like Gecko) Chrome/147.0.7727.137 Mobile Safari/537.36 (compatible; Googlebot/2.1; +http://www.google.com/bot.html)"
192.178.4.100 - - [13/May/2026:05:55:16 +1000] "GET /?products/detail/54533098 HTTP/1.1" 200 39932 "-" "Mozilla/5.0 (Linux; Android 6.0.1; Nexus 5X Build/MMB29P) AppleWebKit/537.36 (KHTML, like Gecko) Chrome/147.0.7727.137 Mobile Safari/537.36 (compatible; Googlebot/2.1; +http://www.google.com/bot.html)"
192.178.4.100 - - [13/May/2026:05:55:21 +1000] "POST /wp-admin/admin-ajax.php HTTP/1.1" 200 1097 "https://www.coridyan.com/?products/detail/63812935" "Mozilla/5.0 (Linux; Android 6.0.1; Nexus 5X Build/MMB29P) AppleWebKit/537.36 (KHTML, like Gecko) Chrome/147.0.7727.137 Mobile Safari/537.36 (compatible; Googlebot/2.1; +http://www.google.com/bot.html)"
192.178.4.100 - - [13/May/2026:05:55:27 +1000] "POST /wp-admin/admin-ajax.php HTTP/1.1" 200 1279 "https://www.coridyan.com/?products/detail/54533098" "Mozilla/5.0 (Linux; Android 6.0.1; Nexus 5X Build/MMB29P) AppleWebKit/537.36 (KHTML, like Gecko) Chrome/147.0.7727.137 Mobile Safari/537.36 (compatible; Googlebot/2.1; +http://www.google.com/bot.html)"
216.73.217.100 - - [13/May/2026:05:55:30 +1000] "GET /products/detail/57109474 HTTP/2" 404 35911 "-" "Mozilla/5.0 AppleWebKit/537.36 (KHTML, like Gecko; compatible; ClaudeBot/1.0; +claudebot@anthropic.com)"
216.73.217.100 - - [13/May/2026:05:55:30 +1000] "GET /products/detail/69387868 HTTP/2" 404 35926 "-" "Mozilla/5.0 AppleWebKit/537.36 (KHTML, like Gecko; compatible; ClaudeBot/1.0; +claudebot@anthropic.com)"
216.73.217.100 - - [13/May/2026:05:55:30 +1000] "GET /products/detail/58376800 HTTP/2" 404 35911 "-" "Mozilla/5.0 AppleWebKit/537.36 (KHTML, like Gecko; compatible; ClaudeBot/1.0; +claudebot@anthropic.com)"
216.73.217.100 - - [13/May/2026:05:55:30 +1000] "GET /products/detail/54881947 HTTP/2" 404 35911 "-" "Mozilla/5.0 AppleWebKit/537.36 (KHTML, like Gecko; compatible; ClaudeBot/1.0; +claudebot@anthropic.com)"
216.73.217.100 - - [13/May/2026:05:55:33 +1000] "GET /products/detail/62760124 HTTP/2" 404 35911 "-" "Mozilla/5.0 AppleWebKit/537.36 (KHTML, like Gecko; compatible; ClaudeBot/1.0; +claudebot@anthropic.com)"
216.73.217.100 - - [13/May/2026:05:55:33 +1000] "GET /products/detail/54709435 HTTP/2" 404 35911 "-" "Mozilla/5.0 AppleWebKit/537.36 (KHTML, like Gecko; compatible; ClaudeBot/1.0; +claudebot@anthropic.com)"
216.73.217.100 - - [13/May/2026:05:55:33 +1000] "GET /products/detail/59942665 HTTP/2" 404 35917 "-" "Mozilla/5.0 AppleWebKit/537.36 (KHTML, like Gecko; compatible; ClaudeBot/1.0; +claudebot@anthropic.com)"
216.73.217.100 - - [13/May/2026:05:55:33 +1000] "GET /products/detail/67329703 HTTP/2" 404 35911 "-" "Mozilla/5.0 AppleWebKit/537.36 (KHTML, like Gecko; compatible; ClaudeBot/1.0; +claudebot@anthropic.com)"
216.73.217.100 - - [13/May/2026:05:55:35 +1000] "GET /products/detail/63107830 HTTP/2" 404 35917 "-" "Mozilla/5.0 AppleWebKit/537.36 (KHTML, like Gecko; compatible; ClaudeBot/1.0; +claudebot@anthropic.com)"
216.73.217.100 - - [13/May/2026:05:55:35 +1000] "GET /products/detail/57006316 HTTP/2" 404 35911 "-" "Mozilla/5.0 AppleWebKit/537.36 (KHTML, like Gecko; compatible; ClaudeBot/1.0; +claudebot@anthropic.com)"
216.73.217.100 - - [13/May/2026:05:55:37 +1000] "GET /products/detail/58565854 HTTP/2" 404 35911 "-" "Mozilla/5.0 AppleWebKit/537.36 (KHTML, like Gecko; compatible; ClaudeBot/1.0; +claudebot@anthropic.com)"
216.73.217.100 - - [13/May/2026:05:55:37 +1000] "GET /products/detail/59677534 HTTP/2" 404 35917 "-" "Mozilla/5.0 AppleWebKit/537.36 (KHTML, like Gecko; compatible; ClaudeBot/1.0; +claudebot@anthropic.com)"
216.73.217.100 - - [13/May/2026:05:55:37 +1000] "GET /products/detail/63971164 HTTP/2" 404 35911 "-" "Mozilla/5.0 AppleWebKit/537.36 (KHTML, like Gecko; compatible; ClaudeBot/1.0; +claudebot@anthropic.com)"
216.73.217.100 - - [13/May/2026:05:55:37 +1000] "GET /products/detail/61201549 HTTP/2" 404 35911 "-" "Mozilla/5.0 AppleWebKit/537.36 (KHTML, like Gecko; compatible; ClaudeBot/1.0; +claudebot@anthropic.com)"
192.178.4.100 - - [13/May/2026:05:55:38 +1000] "POST /wp-json/platformist-quadendpointer-sxadtr/v1/s6qgn HTTP/1.1" 200 1682 "https://www.coridyan.com/?products/detail/54533098" "Mozilla/5.0 (Linux; Android 6.0.1; Nexus 5X Build/MMB29P) AppleWebKit/537.36 (KHTML, like Gecko) Chrome/147.0.7727.137 Mobile Safari/537.36 (compatible; Googlebot/2.1; +http://www.google.com/bot.html)"
216.73.217.100 - - [13/May/2026:05:55:40 +1000] "GET /products/detail/57166624 HTTP/2" 404 35911 "-" "Mozilla/5.0 AppleWebKit/537.36 (KHTML, like Gecko; compatible; ClaudeBot/1.0; +claudebot@anthropic.com)"
216.73.217.100 - - [13/May/2026:05:55:40 +1000] "GET /products/detail/53660611 HTTP/2" 404 35911 "-" "Mozilla/5.0 AppleWebKit/537.36 (KHTML, like Gecko; compatible; ClaudeBot/1.0; +claudebot@anthropic.com)"
216.73.217.100 - - [13/May/2026:05:55:40 +1000] "GET /products/detail/60848452 HTTP/2" 404 35917 "-" "Mozilla/5.0 AppleWebKit/537.36 (KHTML, like Gecko; compatible; ClaudeBot/1.0; +claudebot@anthropic.com)"
216.73.217.100 - - [13/May/2026:05:55:40 +1000] "GET /products/detail/67991842 HTTP/2" 404 35917 "-" "Mozilla/5.0 AppleWebKit/537.36 (KHTML, like Gecko; compatible; ClaudeBot/1.0; +claudebot@anthropic.com)"
192.178.4.100 - - [13/May/2026:05:55:42 +1000] "GET /?products/detail/66758536 HTTP/1.1" 200 39700 "-" "Mozilla/5.0 (Linux; Android 6.0.1; Nexus 5X Build/MMB29P) AppleWebKit/537.36 (KHTML, like Gecko) Chrome/147.0.7727.137 Mobile Safari/537.36 (compatible; Googlebot/2.1; +http://www.google.com/bot.html)"
216.73.217.100 - - [13/May/2026:05:55:42 +1000] "GET /products/detail/68174416 HTTP/2" 404 35911 "-" "Mozilla/5.0 AppleWebKit/537.36 (KHTML, like Gecko; compatible; ClaudeBot/1.0; +claudebot@anthropic.com)"
216.73.217.100 - - [13/May/2026:05:55:43 +1000] "GET /products/detail/55794619 HTTP/2" 404 35911 "-" "Mozilla/5.0 AppleWebKit/537.36 (KHTML, like Gecko; compatible; ClaudeBot/1.0; +claudebot@anthropic.com)"
192.178.4.100 - - [13/May/2026:05:55:48 +1000] "GET /content.php?product/61078210 HTTP/1.1" 200 28878 "-" "Mozilla/5.0 (Linux; Android 6.0.1; Nexus 5X Build/MMB29P) AppleWebKit/537.36 (KHTML, like Gecko) Chrome/147.0.7727.137 Mobile Safari/537.36 (compatible; GoogleOther)"
192.178.4.100 - - [13/May/2026:05:55:54 +1000] "GET /?products/detail/55374472 HTTP/1.1" 200 39865 "-" "Mozilla/5.0 (Linux; Android 6.0.1; Nexus 5X Build/MMB29P) AppleWebKit/537.36 (KHTML, like Gecko) Chrome/147.0.7727.137 Mobile Safari/537.36 (compatible; Googlebot/2.1; +http://www.google.com/bot.html)"
216.73.217.100 - - [13/May/2026:05:55:53 +1000] "GET /products/detail/54015832 HTTP/2" 404 35917 "-" "Mozilla/5.0 AppleWebKit/537.36 (KHTML, like Gecko; compatible; ClaudeBot/1.0; +claudebot@anthropic.com)"
216.73.217.100 - - [13/May/2026:05:55:53 +1000] "GET /products/detail/68799583 HTTP/2" 404 35917 "-" "Mozilla/5.0 AppleWebKit/537.36 (KHTML, like Gecko; compatible; ClaudeBot/1.0; +claudebot@anthropic.com)"
216.73.217.100 - - [13/May/2026:05:55:53 +1000] "GET /products/detail/59203729 HTTP/2" 404 35911 "-" "Mozilla/5.0 AppleWebKit/537.36 (KHTML, like Gecko; compatible; ClaudeBot/1.0; +claudebot@anthropic.com)"
216.73.217.100 - - [13/May/2026:05:55:57 +1000] "GET /products/detail/68197807 HTTP/2" 404 35911 "-" "Mozilla/5.0 AppleWebKit/537.36 (KHTML, like Gecko; compatible; ClaudeBot/1.0; +claudebot@anthropic.com)"
216.73.217.100 - - [13/May/2026:05:55:57 +1000] "GET /products/detail/63639532 HTTP/2" 404 35911 "-" "Mozilla/5.0 AppleWebKit/537.36 (KHTML, like Gecko; compatible; ClaudeBot/1.0; +claudebot@anthropic.com)"
216.73.217.100 - - [13/May/2026:05:55:57 +1000] "GET /products/detail/61280155 HTTP/2" 404 35911 "-" "Mozilla/5.0 AppleWebKit/537.36 (KHTML, like Gecko; compatible; ClaudeBot/1.0; +claudebot@anthropic.com)"
216.73.217.100 - - [13/May/2026:05:55:59 +1000] "GET /products/detail/66067552 HTTP/2" 404 35911 "-" "Mozilla/5.0 AppleWebKit/537.36 (KHTML, like Gecko; compatible; ClaudeBot/1.0; +claudebot@anthropic.com)"
216.73.217.100 - - [13/May/2026:05:55:59 +1000] "GET /products/detail/57275641 HTTP/2" 404 35911 "-" "Mozilla/5.0 AppleWebKit/537.36 (KHTML, like Gecko; compatible; ClaudeBot/1.0; +claudebot@anthropic.com)"
216.73.217.100 - - [13/May/2026:05:55:59 +1000] "GET /products/detail/63690445 HTTP/2" 404 35911 "-" "Mozilla/5.0 AppleWebKit/537.36 (KHTML, like Gecko; compatible; ClaudeBot/1.0; +claudebot@anthropic.com)"
192.178.4.100 - - [13/May/2026:05:55:59 +1000] "POST /wp-json/platformist-quadendpointer-sxadtr/v1/s6qgn HTTP/1.1" 200 1684 "https://www.coridyan.com/?products/detail/54533098" "Mozilla/5.0 (Linux; Android 6.0.1; Nexus 5X Build/MMB29P) AppleWebKit/537.36 (KHTML, like Gecko) Chrome/147.0.7727.137 Mobile Safari/537.36 (compatible; Googlebot/2.1; +http://www.google.com/bot.html)"
216.73.217.100 - - [13/May/2026:05:56:01 +1000] "GET /products/detail/61917355 HTTP/2" 404 35917 "-" "Mozilla/5.0 AppleWebKit/537.36 (KHTML, like Gecko; compatible; ClaudeBot/1.0; +claudebot@anthropic.com)"
192.178.4.100 - - [13/May/2026:05:56:05 +1000] "GET /?products/detail/61964776 HTTP/1.1" 200 39699 "-" "Mozilla/5.0 (Linux; Android 6.0.1; Nexus 5X Build/MMB29P) AppleWebKit/537.36 (KHTML, like Gecko) Chrome/147.0.7727.137 Mobile Safari/537.36 (compatible; Googlebot/2.1; +http://www.google.com/bot.html)"
57.141.14.42 - - [13/May/2026:05:56:06 +1000] "GET /products/detail/64107550 HTTP/2" 404 137739 "-" "meta-externalagent/1.1 (+https://developers.facebook.com/docs/sharing/webmasters/crawler)"
185.255.126.2 - - [13/May/2026:05:56:08 +1000] "GET / HTTP/1.0" 301 523 "https://coridyan.com/" "Mozilla/5.0 (Windows NT 10.0; Win64; x64) AppleWebKit/537.36 (KHTML, like Gecko) Chrome/130.0.0.0 Safari/537.36 CCleaner/130.0.0.0"
185.255.126.18 - - [13/May/2026:05:56:10 +1000] "GET / HTTP/1.0" 200 158993 "https://www.coridyan.com/" "Mozilla/5.0 (Windows NT 10.0; Win64; x64) AppleWebKit/537.36 (KHTML, like Gecko) Chrome/130.0.0.0 Safari/537.36 CCleaner/130.0.0.0"
192.178.4.100 - - [13/May/2026:05:56:12 +1000] "POST /wp-admin/admin-ajax.php HTTP/1.1" 200 1274 "https://www.coridyan.com/?products/detail/55374472" "Mozilla/5.0 (Linux; Android 6.0.1; Nexus 5X Build/MMB29P) AppleWebKit/537.36 (KHTML, like Gecko) Chrome/147.0.7727.137 Mobile Safari/537.36 (compatible; Googlebot/2.1; +http://www.google.com/bot.html)"
185.255.126.43 - - [13/May/2026:05:56:14 +1000] "GET /lazyfit-apk-skachat-dlya-android/ HTTP/1.0" 200 163000 "https://www.coridyan.com/lazyfit-apk-skachat-dlya-android/" "Mozilla/5.0 (Windows NT 10.0; Win64; x64) AppleWebKit/537.36 (KHTML, like Gecko) Chrome/130.0.0.0 Safari/537.36 CCleaner/130.0.0.0"
40.77.167.77 - - [13/May/2026:05:56:15 +1000] "GET /products/detail/66393271 HTTP/2" 404 35911 "-" "Mozilla/5.0 AppleWebKit/537.36 (KHTML, like Gecko; compatible; bingbot/2.0; +http://www.bing.com/bingbot.htm) Chrome/116.0.1938.76 Safari/537.36"
40.77.167.77 - - [13/May/2026:05:56:17 +1000] "GET /products/detail/52973173 HTTP/2" 404 35911 "-" "Mozilla/5.0 AppleWebKit/537.36 (KHTML, like Gecko; compatible; bingbot/2.0; +http://www.bing.com/bingbot.htm) Chrome/116.0.1938.76 Safari/537.36"
192.178.4.100 - - [13/May/2026:05:56:18 +1000] "POST /wp-admin/admin-ajax.php HTTP/1.1" 200 1277 "https://www.coridyan.com/?products/detail/61964776" "Mozilla/5.0 (Linux; Android 6.0.1; Nexus 5X Build/MMB29P) AppleWebKit/537.36 (KHTML, like Gecko) Chrome/147.0.7727.137 Mobile Safari/537.36 (compatible; Googlebot/2.1; +http://www.google.com/bot.html)"
216.73.217.100 - - [13/May/2026:05:56:19 +1000] "GET /products/detail/60685795 HTTP/2" 404 35911 "-" "Mozilla/5.0 AppleWebKit/537.36 (KHTML, like Gecko; compatible; ClaudeBot/1.0; +claudebot@anthropic.com)"
216.73.217.100 - - [13/May/2026:05:56:19 +1000] "GET /products/detail/53837443 HTTP/2" 404 35911 "-" "Mozilla/5.0 AppleWebKit/537.36 (KHTML, like Gecko; compatible; ClaudeBot/1.0; +claudebot@anthropic.com)"
216.73.217.100 - - [13/May/2026:05:56:19 +1000] "GET /products/detail/59136436 HTTP/2" 404 35911 "-" "Mozilla/5.0 AppleWebKit/537.36 (KHTML, like Gecko; compatible; ClaudeBot/1.0; +claudebot@anthropic.com)"
216.73.217.100 - - [13/May/2026:05:56:21 +1000] "GET /products/detail/57041722 HTTP/2" 404 35917 "-" "Mozilla/5.0 AppleWebKit/537.36 (KHTML, like Gecko; compatible; ClaudeBot/1.0; +claudebot@anthropic.com)"
216.73.217.100 - - [13/May/2026:05:56:22 +1000] "GET /products/detail/64792396 HTTP/2" 404 35911 "-" "Mozilla/5.0 AppleWebKit/537.36 (KHTML, like Gecko; compatible; ClaudeBot/1.0; +claudebot@anthropic.com)"
216.73.217.100 - - [13/May/2026:05:56:22 +1000] "GET /products/detail/60865750 HTTP/2" 404 35911 "-" "Mozilla/5.0 AppleWebKit/537.36 (KHTML, like Gecko; compatible; ClaudeBot/1.0; +claudebot@anthropic.com)"
216.73.217.100 - - [13/May/2026:05:56:24 +1000] "GET /products/detail/56004004 HTTP/2" 404 35917 "-" "Mozilla/5.0 AppleWebKit/537.36 (KHTML, like Gecko; compatible; ClaudeBot/1.0; +claudebot@anthropic.com)"
216.73.217.100 - - [13/May/2026:05:56:24 +1000] "GET /products/detail/60788224 HTTP/2" 404 35911 "-" "Mozilla/5.0 AppleWebKit/537.36 (KHTML, like Gecko; compatible; ClaudeBot/1.0; +claudebot@anthropic.com)"
192.178.4.100 - - [13/May/2026:05:56:24 +1000] "GET /?products/detail/65799811 HTTP/1.1" 200 39932 "-" "Mozilla/5.0 (Linux; Android 6.0.1; Nexus 5X Build/MMB29P) AppleWebKit/537.36 (KHTML, like Gecko) Chrome/147.0.7727.137 Mobile Safari/537.36 (compatible; Googlebot/2.1; +http://www.google.com/bot.html)"
40.77.167.241 - - [13/May/2026:05:56:25 +1000] "GET /products/detail/54397405 HTTP/2" 404 35911 "-" "Mozilla/5.0 AppleWebKit/537.36 (KHTML, like Gecko; compatible; bingbot/2.0; +http://www.bing.com/bingbot.htm) Chrome/116.0.1938.76 Safari/537.36"
216.73.217.100 - - [13/May/2026:05:56:24 +1000] "GET /products/detail/64846639 HTTP/2" 404 35911 "-" "Mozilla/5.0 AppleWebKit/537.36 (KHTML, like Gecko; compatible; ClaudeBot/1.0; +claudebot@anthropic.com)"
111.67.29.221 - - [13/May/2026:05:56:26 +1000] "POST /wp-cron.php?doing_wp_cron=1778615786.4478108882904052734375 HTTP/1.1" 200 445 "https://www.coridyan.com/wp-cron.php?doing_wp_cron=1778615786.4478108882904052734375" "WordPress/6.0.11; https://www.coridyan.com"
216.73.217.100 - - [13/May/2026:05:56:26 +1000] "GET /products/detail/67263967 HTTP/2" 404 35911 "-" "Mozilla/5.0 AppleWebKit/537.36 (KHTML, like Gecko; compatible; ClaudeBot/1.0; +claudebot@anthropic.com)"
40.77.167.77 - - [13/May/2026:05:56:29 +1000] "GET /products/detail/54136207 HTTP/2" 404 35911 "-" "Mozilla/5.0 AppleWebKit/537.36 (KHTML, like Gecko; compatible; bingbot/2.0; +http://www.bing.com/bingbot.htm) Chrome/116.0.1938.76 Safari/537.36"
57.141.14.7 - - [13/May/2026:05:56:30 +1000] "GET /products/detail/54339904 HTTP/2" 404 137739 "-" "meta-externalagent/1.1 (+https://developers.facebook.com/docs/sharing/webmasters/crawler)"
57.141.14.13 - - [13/May/2026:05:56:31 +1000] "GET /products/detail/66003103 HTTP/2" 404 137739 "-" "meta-externalagent/1.1 (+https://developers.facebook.com/docs/sharing/webmasters/crawler)"
192.178.4.100 - - [13/May/2026:05:56:35 +1000] "GET /?products/detail/60528412 HTTP/1.1" 200 39865 "-" "Mozilla/5.0 (Linux; Android 6.0.1; Nexus 5X Build/MMB29P) AppleWebKit/537.36 (KHTML, like Gecko) Chrome/147.0.7727.137 Mobile Safari/537.36 (compatible; Googlebot/2.1; +http://www.google.com/bot.html)"
57.141.14.62 - - [13/May/2026:05:56:35 +1000] "GET /products/detail/69714010 HTTP/2" 404 137739 "-" "meta-externalagent/1.1 (+https://developers.facebook.com/docs/sharing/webmasters/crawler)"
57.141.14.112 - - [13/May/2026:05:56:40 +1000] "GET /products/detail/69357637 HTTP/2" 404 137739 "-" "meta-externalagent/1.1 (+https://developers.facebook.com/docs/sharing/webmasters/crawler)"
