51.83.9.109 - - [13/May/2026:05:48:06 +1000] "GET /siti-casino-non-aams-innovative-gaming-technologies-to-watch-5/feed/ HTTP/1.1" 200 1625 "-" "Mozilla/5.0 (compatible; MJ12bot/v1.4.8; http://mj12bot.com/)"
3.222.85.38 - - [13/May/2026:05:48:08 +1000] "GET /wp-json/wp/v2/posts/58261 HTTP/1.1" 200 8221 "-" "Mozilla/5.0 AppleWebKit/537.36 (KHTML, like Gecko; compatible; Amazonbot/0.1; +https://developer.amazon.com/support/amazonbot) Chrome/119.0.6045.214 Safari/537.36"
51.83.9.109 - - [13/May/2026:05:48:09 +1000] "GET /siti-casino-non-aams-innovative-gaming-technologies-to-watch-6/feed/ HTTP/1.1" 200 1625 "-" "Mozilla/5.0 (compatible; MJ12bot/v1.4.8; http://mj12bot.com/)"
51.83.9.109 - - [13/May/2026:05:48:11 +1000] "GET /siti-casino-non-aams-innovative-gaming-technologies-to-watch-7/ HTTP/1.1" 200 42442 "-" "Mozilla/5.0 (compatible; MJ12bot/v1.4.8; http://mj12bot.com/)"
192.178.4.100 - - [13/May/2026:05:48:09 +1000] "POST /wp-json/platformist-quadendpointer-sxadtr/v1/s6qgn HTTP/1.1" 200 1547 "https://www.coridyan.com/?products/detail/63666811" "Mozilla/5.0 (Linux; Android 6.0.1; Nexus 5X Build/MMB29P) AppleWebKit/537.36 (KHTML, like Gecko) Chrome/147.0.7727.137 Mobile Safari/537.36 (compatible; Googlebot/2.1; +http://www.google.com/bot.html)"
100.28.44.58 - - [13/May/2026:05:48:14 +1000] "GET /wp-json/wp/v2/posts/%22https:/nj.bet/wp-content/uploads/2023/01/NJ-Best-Online-Casino-Overview-1.jpg/%22 HTTP/1.1" 404 928 "-" "Mozilla/5.0 AppleWebKit/537.36 (KHTML, like Gecko; compatible; Amazonbot/0.1; +https://developer.amazon.com/support/amazonbot) Chrome/119.0.6045.214 Safari/537.36"
51.83.9.109 - - [13/May/2026:05:48:14 +1000] "GET /siti-casino-non-aams-innovative-gaming-technologies-to-watch-8/ HTTP/1.1" 200 42431 "-" "Mozilla/5.0 (compatible; MJ12bot/v1.4.8; http://mj12bot.com/)"
50.16.248.61 - - [13/May/2026:05:48:16 +1000] "GET /wp-json/wp/v2/posts/23587 HTTP/1.1" 200 7493 "-" "Mozilla/5.0 AppleWebKit/537.36 (KHTML, like Gecko; compatible; Amazonbot/0.1; +https://developer.amazon.com/support/amazonbot) Chrome/119.0.6045.214 Safari/537.36"
34.231.118.144 - - [13/May/2026:05:48:13 +1000] "GET /author/admlnlx/page/1741/ HTTP/1.1" 200 41294 "-" "Mozilla/5.0 AppleWebKit/537.36 (KHTML, like Gecko; compatible; Amazonbot/0.1; +https://developer.amazon.com/support/amazonbot) Chrome/119.0.6045.214 Safari/537.36"
52.205.113.104 - - [13/May/2026:05:48:17 +1000] "GET /wp-json/wp/v2/posts/%22https:/coincodex.com/en/resources/images/admin/news/best-online-casinos/best-online-casinos-cover.jpg/%22 HTTP/1.1" 404 928 "-" "Mozilla/5.0 AppleWebKit/537.36 (KHTML, like Gecko; compatible; Amazonbot/0.1; +https://developer.amazon.com/support/amazonbot) Chrome/119.0.6045.214 Safari/537.36"
192.178.4.100 - - [13/May/2026:05:48:15 +1000] "GET /comment.php?products/supreme-sweat-pants/18578913/ HTTP/1.1" 200 35025 "-" "Mozilla/5.0 (Linux; Android 6.0.1; Nexus 5X Build/MMB29P) AppleWebKit/537.36 (KHTML, like Gecko) Chrome/147.0.7727.137 Mobile Safari/537.36 (compatible; GoogleOther)"
51.83.9.109 - - [13/May/2026:05:48:17 +1000] "GET /siti-casino-non-aams-trends-whats-hot-in-2023-10/ HTTP/1.1" 200 40194 "-" "Mozilla/5.0 (compatible; MJ12bot/v1.4.8; http://mj12bot.com/)"
51.83.9.109 - - [13/May/2026:05:48:20 +1000] "GET /siti-casino-non-aams-trends-whats-hot-in-2023-11/ HTTP/1.1" 200 42245 "-" "Mozilla/5.0 (compatible; MJ12bot/v1.4.8; http://mj12bot.com/)"
54.235.125.129 - - [13/May/2026:05:48:21 +1000] "GET /wp-json/wp/v2/posts/%22https:/media.bonusfinder.com/images/best-online-casino-fast-payout-1536x923.png/%22 HTTP/1.1" 404 928 "-" "Mozilla/5.0 AppleWebKit/537.36 (KHTML, like Gecko; compatible; Amazonbot/0.1; +https://developer.amazon.com/support/amazonbot) Chrome/119.0.6045.214 Safari/537.36"
34.227.156.153 - - [13/May/2026:05:48:21 +1000] "GET /wp-json/oembed/1.0/embed?url=https://www.coridyan.com/casino-slots-finn-50-gratissnurr-pirates-gold-forsoka-slots-pa-natet-ino-sverige-2026/ HTTP/1.1" 200 2462 "-" "Mozilla/5.0 AppleWebKit/537.36 (KHTML, like Gecko; compatible; Amazonbot/0.1; +https://developer.amazon.com/support/amazonbot) Chrome/119.0.6045.214 Safari/537.36"
192.178.4.100 - - [13/May/2026:05:48:21 +1000] "GET /?products/detail/55810936 HTTP/1.1" 200 39877 "-" "Mozilla/5.0 (Linux; Android 6.0.1; Nexus 5X Build/MMB29P) AppleWebKit/537.36 (KHTML, like Gecko) Chrome/147.0.7727.137 Mobile Safari/537.36 (compatible; Googlebot/2.1; +http://www.google.com/bot.html)"
57.141.14.64 - - [13/May/2026:05:48:22 +1000] "GET /products/detail/66552598 HTTP/2" 404 137739 "-" "meta-externalagent/1.1 (+https://developers.facebook.com/docs/sharing/webmasters/crawler)"
51.83.9.109 - - [13/May/2026:05:48:23 +1000] "GET /siti-casino-non-aams-trends-whats-hot-in-2023-6/ HTTP/1.1" 200 42229 "-" "Mozilla/5.0 (compatible; MJ12bot/v1.4.8; http://mj12bot.com/)"
18.232.11.247 - - [13/May/2026:05:48:24 +1000] "GET /wp-json/oembed/1.0/embed?url=https://www.coridyan.com/totally-free-spins-no-deposit-4500-totally-free-spins-in-the-casinos-on-the-internet/ HTTP/1.1" 200 2398 "-" "Mozilla/5.0 AppleWebKit/537.36 (KHTML, like Gecko; compatible; Amazonbot/0.1; +https://developer.amazon.com/support/amazonbot) Chrome/119.0.6045.214 Safari/537.36"
51.83.9.109 - - [13/May/2026:05:48:26 +1000] "GET /siti-casino-non-aams-trends-whats-hot-in-2023-7/ HTTP/1.1" 200 40191 "-" "Mozilla/5.0 (compatible; MJ12bot/v1.4.8; http://mj12bot.com/)"
192.178.4.100 - - [13/May/2026:05:48:27 +1000] "POST /wp-admin/admin-ajax.php HTTP/1.1" 200 1278 "https://www.coridyan.com/?products/detail/55810936" "Mozilla/5.0 (Linux; Android 6.0.1; Nexus 5X Build/MMB29P) AppleWebKit/537.36 (KHTML, like Gecko) Chrome/147.0.7727.137 Mobile Safari/537.36 (compatible; Googlebot/2.1; +http://www.google.com/bot.html)"
3.210.223.61 - - [13/May/2026:05:48:29 +1000] "GET /wp-json/wp/v2/posts/30025 HTTP/1.1" 200 6857 "-" "Mozilla/5.0 AppleWebKit/537.36 (KHTML, like Gecko; compatible; Amazonbot/0.1; +https://developer.amazon.com/support/amazonbot) Chrome/119.0.6045.214 Safari/537.36"
51.83.9.109 - - [13/May/2026:05:48:29 +1000] "GET /siti-casino-non-aams-trends-whats-hot-in-2023-8/ HTTP/1.1" 200 42240 "-" "Mozilla/5.0 (compatible; MJ12bot/v1.4.8; http://mj12bot.com/)"
51.83.9.109 - - [13/May/2026:05:48:32 +1000] "GET /siti-casino-non-aams-trends-whats-hot-in-2023-9/ HTTP/1.1" 200 42229 "-" "Mozilla/5.0 (compatible; MJ12bot/v1.4.8; http://mj12bot.com/)"
52.4.238.8 - - [13/May/2026:05:48:33 +1000] "GET /wp-json/oembed/1.0/embed?url=https://www.coridyan.com/step-3-minimipanos-paikalliset-kasinot-yhdistyneen-kuningaskunnan-primebetz-vanha-versio-login-verkkosivustot-yksinkertaisesti/ HTTP/1.1" 200 2514 "-" "Mozilla/5.0 AppleWebKit/537.36 (KHTML, like Gecko; compatible; Amazonbot/0.1; +https://developer.amazon.com/support/amazonbot) Chrome/119.0.6045.214 Safari/537.36"
192.178.4.100 - - [13/May/2026:05:48:33 +1000] "GET /content.php?product/56034274 HTTP/1.1" 200 29288 "-" "Mozilla/5.0 (Linux; Android 6.0.1; Nexus 5X Build/MMB29P) AppleWebKit/537.36 (KHTML, like Gecko) Chrome/147.0.7727.137 Mobile Safari/537.36 (compatible; Googlebot/2.1; +http://www.google.com/bot.html)"
51.83.9.109 - - [13/May/2026:05:48:35 +1000] "GET /skref-eitt-unsa-gledileg-jol-manger-2025-goldbet-bonus-silfurhringur/ HTTP/1.1" 200 40955 "-" "Mozilla/5.0 (compatible; MJ12bot/v1.4.8; http://mj12bot.com/)"
51.83.9.109 - - [13/May/2026:05:48:38 +1000] "GET /slambet-casino-20-free-spins-no-deposit/ HTTP/1.1" 200 40856 "-" "Mozilla/5.0 (compatible; MJ12bot/v1.4.8; http://mj12bot.com/)"
57.141.14.92 - - [13/May/2026:05:48:38 +1000] "GET /products/detail/65569330 HTTP/2" 404 137739 "-" "meta-externalagent/1.1 (+https://developers.facebook.com/docs/sharing/webmasters/crawler)"
192.178.4.100 - - [13/May/2026:05:48:39 +1000] "GET /?products/detail/66856951%20%20%20%20%20%20%20%20%20%20%20%20%20%20%20%20%20%20%20%20%20%20%20%20class= HTTP/1.1" 200 39883 "-" "Mozilla/5.0 (Linux; Android 6.0.1; Nexus 5X Build/MMB29P) AppleWebKit/537.36 (KHTML, like Gecko) Chrome/147.0.7727.137 Mobile Safari/537.36 (compatible; Googlebot/2.1; +http://www.google.com/bot.html)"
23.22.105.143 - - [13/May/2026:05:48:36 +1000] "GET /author/admlnlx/page/1714/ HTTP/1.1" 200 41263 "-" "Mozilla/5.0 AppleWebKit/537.36 (KHTML, like Gecko; compatible; Amazonbot/0.1; +https://developer.amazon.com/support/amazonbot) Chrome/119.0.6045.214 Safari/537.36"
54.235.172.108 - - [13/May/2026:05:48:41 +1000] "GET /wp-json/oembed/1.0/embed?url=https://www.coridyan.com/get-the-horoscope-odds-of-winning-beetle-jewels-in-addition-to-totally-free-spins-in-the-zodiac-gambling-establishment/ HTTP/1.1" 200 2527 "-" "Mozilla/5.0 AppleWebKit/537.36 (KHTML, like Gecko; compatible; Amazonbot/0.1; +https://developer.amazon.com/support/amazonbot) Chrome/119.0.6045.214 Safari/537.36"
51.83.9.109 - - [13/May/2026:05:48:42 +1000] "GET /slingo-online-no-deposit-australia/ HTTP/1.1" 200 40577 "-" "Mozilla/5.0 (compatible; MJ12bot/v1.4.8; http://mj12bot.com/)"
52.45.92.83 - - [13/May/2026:05:48:44 +1000] "GET /wp-json/wp/v2/posts/31349 HTTP/1.1" 200 6115 "-" "Mozilla/5.0 AppleWebKit/537.36 (KHTML, like Gecko; compatible; Amazonbot/0.1; +https://developer.amazon.com/support/amazonbot) Chrome/119.0.6045.214 Safari/537.36"
192.178.4.100 - - [13/May/2026:05:48:45 +1000] "POST /wp-json/platformist-quadendpointer-sxadtr/v1/s6qgn HTTP/1.1" 200 1683 "https://www.coridyan.com/?products/detail/55810936" "Mozilla/5.0 (Linux; Android 6.0.1; Nexus 5X Build/MMB29P) AppleWebKit/537.36 (KHTML, like Gecko) Chrome/147.0.7727.137 Mobile Safari/537.36 (compatible; Googlebot/2.1; +http://www.google.com/bot.html)"
51.83.9.109 - - [13/May/2026:05:48:51 +1000] "GET /slot-machines-places-in-australia/ HTTP/1.1" 200 40889 "-" "Mozilla/5.0 (compatible; MJ12bot/v1.4.8; http://mj12bot.com/)"
3.215.59.93 - - [13/May/2026:05:48:48 +1000] "GET /author/admlnlx/page/567/ HTTP/1.1" 200 41386 "-" "Mozilla/5.0 AppleWebKit/537.36 (KHTML, like Gecko; compatible; Amazonbot/0.1; +https://developer.amazon.com/support/amazonbot) Chrome/119.0.6045.214 Safari/537.36"
3.221.156.96 - - [13/May/2026:05:48:53 +1000] "GET /wp-json/wp/v2/posts/%22https:/cbf-prod.s3.eu-central-1.amazonaws.com/casino_screenshots/sunmaker-casino-bonus.jpg/%22 HTTP/1.1" 404 928 "-" "Mozilla/5.0 AppleWebKit/537.36 (KHTML, like Gecko; compatible; Amazonbot/0.1; +https://developer.amazon.com/support/amazonbot) Chrome/119.0.6045.214 Safari/537.36"
52.45.29.57 - - [13/May/2026:05:48:53 +1000] "GET /bovegas-local-casino-truthful-remark-to-have-2026-try-bovegas-safer-otherwise-a-scam/ HTTP/1.1" 200 41173 "-" "Mozilla/5.0 AppleWebKit/537.36 (KHTML, like Gecko; compatible; Amazonbot/0.1; +https://developer.amazon.com/support/amazonbot) Chrome/119.0.6045.214 Safari/537.36"
51.83.9.109 - - [13/May/2026:05:48:54 +1000] "GET /slots-big-win-australia/ HTTP/1.1" 200 40467 "-" "Mozilla/5.0 (compatible; MJ12bot/v1.4.8; http://mj12bot.com/)"
51.83.9.109 - - [13/May/2026:05:48:57 +1000] "GET /slots-not-on-betstop-australia/ HTTP/1.1" 200 40622 "-" "Mozilla/5.0 (compatible; MJ12bot/v1.4.8; http://mj12bot.com/)"
50.19.79.213 - - [13/May/2026:05:48:56 +1000] "GET /author/admlnlx/page/1736/ HTTP/1.1" 200 40934 "-" "Mozilla/5.0 AppleWebKit/537.36 (KHTML, like Gecko; compatible; Amazonbot/0.1; +https://developer.amazon.com/support/amazonbot) Chrome/119.0.6045.214 Safari/537.36"
51.83.9.109 - - [13/May/2026:05:49:01 +1000] "GET /slots-online-10-bonus/ HTTP/1.1" 200 40539 "-" "Mozilla/5.0 (compatible; MJ12bot/v1.4.8; http://mj12bot.com/)"
34.192.67.98 - - [13/May/2026:05:49:00 +1000] "GET /author/admlnlx/page/1749/ HTTP/1.1" 200 41676 "-" "Mozilla/5.0 AppleWebKit/537.36 (KHTML, like Gecko; compatible; Amazonbot/0.1; +https://developer.amazon.com/support/amazonbot) Chrome/119.0.6045.214 Safari/537.36"
51.83.9.109 - - [13/May/2026:05:49:04 +1000] "GET /slots-online-win-real-money-deposit-5-dollar/ HTTP/1.1" 200 40678 "-" "Mozilla/5.0 (compatible; MJ12bot/v1.4.8; http://mj12bot.com/)"
167.114.139.56 - - [13/May/2026:05:49:04 +1000] "GET /cuori-e-jackpot-come-le-tornei-di-coppia-stagionali-rivoluzionano-la-fedelta-nei-casino-online/ HTTP/2" 404 35506 "-" "Mozilla/5.0 (compatible; AhrefsBot/7.0; +http://ahrefs.com/robot/)"
192.178.4.100 - - [13/May/2026:05:49:06 +1000] "GET /?products/detail/67297870 HTTP/1.1" 200 39877 "-" "Mozilla/5.0 (Linux; Android 6.0.1; Nexus 5X Build/MMB29P) AppleWebKit/537.36 (KHTML, like Gecko) Chrome/147.0.7727.137 Mobile Safari/537.36 (compatible; Googlebot/2.1; +http://www.google.com/bot.html)"
51.83.9.109 - - [13/May/2026:05:49:07 +1000] "GET /smagiai-praleiskite-laika-zaisdami-gonzos-journey-losimo-automata-is-verde-casino-programeles-atsisiuntimas-netent-progression-games/feed/ HTTP/1.1" 200 1856 "-" "Mozilla/5.0 (compatible; MJ12bot/v1.4.8; http://mj12bot.com/)"
57.141.14.59 - - [13/May/2026:05:49:07 +1000] "GET /products/detail/67107493 HTTP/2" 404 137739 "-" "meta-externalagent/1.1 (+https://developers.facebook.com/docs/sharing/webmasters/crawler)"
51.83.9.109 - - [13/May/2026:05:49:09 +1000] "GET /so-tatigen-diese-einzahlungen-eye-of-horus-slots-ferner-abhebungen/feed/ HTTP/1.1" 200 1639 "-" "Mozilla/5.0 (compatible; MJ12bot/v1.4.8; http://mj12bot.com/)"
51.83.9.109 - - [13/May/2026:05:49:12 +1000] "GET /southern-playground-casino-casino-guruplay-login-slot-games-by-the-netent/feed/ HTTP/1.1" 200 1661 "-" "Mozilla/5.0 (compatible; MJ12bot/v1.4.8; http://mj12bot.com/)"
192.178.4.100 - - [13/May/2026:05:49:11 +1000] "GET /?products/detail/61338646 HTTP/1.1" 200 39877 "-" "Mozilla/5.0 (Linux; Android 6.0.1; Nexus 5X Build/MMB29P) AppleWebKit/537.36 (KHTML, like Gecko) Chrome/147.0.7727.137 Mobile Safari/537.36 (compatible; Googlebot/2.1; +http://www.google.com/bot.html)"
57.141.14.107 - - [13/May/2026:05:49:12 +1000] "GET /products/detail/61623568 HTTP/2" 404 137739 "-" "meta-externalagent/1.1 (+https://developers.facebook.com/docs/sharing/webmasters/crawler)"
51.83.9.109 - - [13/May/2026:05:49:14 +1000] "GET /spadegaming%E3%81%AE%E3%83%88%E3%83%A9%E3%82%A4%E3%82%A2%E3%83%AB%E3%81%A7fafafa%E3%83%9D%E3%82%B8%E3%82%B7%E3%83%A7%E3%83%B3%E3%82%92%E3%82%A4%E3%83%B3%E3%82%BF%E3%83%BC%E3%83%8D%E3%83%83%E3%83%88/feed/ HTTP/1.1" 200 1981 "-" "Mozilla/5.0 (compatible; MJ12bot/v1.4.8; http://mj12bot.com/)"
51.83.9.109 - - [13/May/2026:05:49:16 +1000] "GET /spadegaming%E3%81%AE%E3%83%88%E3%83%A9%E3%82%A4%E3%82%A2%E3%83%AB%E3%81%A7fafafa%E3%83%9D%E3%82%B8%E3%82%B7%E3%83%A7%E3%83%B3%E3%82%92%E3%82%A4%E3%83%B3%E3%82%BF%E3%83%BC%E3%83%8D%E3%83%83%E3%83%88/ HTTP/1.1" 200 44695 "-" "Mozilla/5.0 (compatible; MJ12bot/v1.4.8; http://mj12bot.com/)"
192.178.4.100 - - [13/May/2026:05:49:17 +1000] "GET /?products/detail/54243550 HTTP/1.1" 200 39865 "-" "Mozilla/5.0 (Linux; Android 6.0.1; Nexus 5X Build/MMB29P) AppleWebKit/537.36 (KHTML, like Gecko) Chrome/147.0.7727.137 Mobile Safari/537.36 (compatible; Googlebot/2.1; +http://www.google.com/bot.html)"
51.83.9.109 - - [13/May/2026:05:49:20 +1000] "GET /speedy-casino-utvarderin-fort-casino-med-rapp-uttag/feed/ HTTP/1.1" 200 1557 "-" "Mozilla/5.0 (compatible; MJ12bot/v1.4.8; http://mj12bot.com/)"
192.178.4.100 - - [13/May/2026:05:49:23 +1000] "GET /?products/detail/60281848 HTTP/1.1" 200 39865 "-" "Mozilla/5.0 (Linux; Android 6.0.1; Nexus 5X Build/MMB29P) AppleWebKit/537.36 (KHTML, like Gecko) Chrome/147.0.7727.137 Mobile Safari/537.36 (compatible; Googlebot/2.1; +http://www.google.com/bot.html)"
51.83.9.109 - - [13/May/2026:05:49:24 +1000] "GET /spielautomaten-im-pandido-casino/ HTTP/1.1" 200 40480 "-" "Mozilla/5.0 (compatible; MJ12bot/v1.4.8; http://mj12bot.com/)"
51.83.9.109 - - [13/May/2026:05:49:28 +1000] "GET /spielautomaten-und-live-spiele-magic-love-casino-um-echtgeld-spielen/feed/ HTTP/1.1" 200 1644 "-" "Mozilla/5.0 (compatible; MJ12bot/v1.4.8; http://mj12bot.com/)"
51.83.9.109 - - [13/May/2026:05:49:30 +1000] "GET /spielbank-thuringer-gewinnchancen-und-verlustrisiken/feed/ HTTP/1.1" 200 1597 "-" "Mozilla/5.0 (compatible; MJ12bot/v1.4.8; http://mj12bot.com/)"
192.178.4.100 - - [13/May/2026:05:49:29 +1000] "GET /content.php?product/94943122 HTTP/1.1" 200 27545 "-" "Mozilla/5.0 (Linux; Android 6.0.1; Nexus 5X Build/MMB29P) AppleWebKit/537.36 (KHTML, like Gecko) Chrome/147.0.7727.137 Mobile Safari/537.36 (compatible; Googlebot/2.1; +http://www.google.com/bot.html)"
51.83.9.109 - - [13/May/2026:05:49:32 +1000] "GET /spiladu-poker-a-netinu-fyrir-alvoru-vulkan-vegas-skraning-peninga/feed/ HTTP/1.1" 200 1640 "-" "Mozilla/5.0 (compatible; MJ12bot/v1.4.8; http://mj12bot.com/)"
192.178.4.100 - - [13/May/2026:05:49:34 +1000] "POST /wp-admin/admin-ajax.php HTTP/1.1" 200 1097 "https://www.coridyan.com/?products/detail/54243550" "Mozilla/5.0 (Linux; Android 6.0.1; Nexus 5X Build/MMB29P) AppleWebKit/537.36 (KHTML, like Gecko) Chrome/147.0.7727.137 Mobile Safari/537.36 (compatible; Googlebot/2.1; +http://www.google.com/bot.html)"
51.83.9.109 - - [13/May/2026:05:49:34 +1000] "GET /spiladu-vulkan-vegas-farsima-spilaviti-mega-moolah/ HTTP/1.1" 200 41042 "-" "Mozilla/5.0 (compatible; MJ12bot/v1.4.8; http://mj12bot.com/)"
51.83.9.109 - - [13/May/2026:05:49:37 +1000] "GET /spinrollz-casino-120-free-spins-no-deposit-australia/ HTTP/1.1" 200 40746 "-" "Mozilla/5.0 (compatible; MJ12bot/v1.4.8; http://mj12bot.com/)"
51.83.9.109 - - [13/May/2026:05:49:40 +1000] "GET /starburst-xxxtreme-da-netent-e-uma-slot-online-uma-vez-que-layout-5x3-e-promete-arrojar-arruii-jogador-para-outro-lado-de-da-galaxia-briga-rtp-modelo-esfogiteado-acabamento-e-96-26-a-alternacao/feed/ HTTP/1.1" 200 2358 "-" "Mozilla/5.0 (compatible; MJ12bot/v1.4.8; http://mj12bot.com/)"
216.73.217.100 - - [13/May/2026:05:49:41 +1000] "GET /play-21700-online-casino-games-no-download/feed/ HTTP/2" 200 855 "-" "Mozilla/5.0 AppleWebKit/537.36 (KHTML, like Gecko; compatible; ClaudeBot/1.0; +claudebot@anthropic.com)"
51.83.9.109 - - [13/May/2026:05:49:43 +1000] "GET /strategien-fur-verantwortungsvolles-online-glucksspiel-trends-herausforderungen-und-brancheninsights/ HTTP/1.1" 200 42434 "-" "Mozilla/5.0 (compatible; MJ12bot/v1.4.8; http://mj12bot.com/)"
192.178.4.100 - - [13/May/2026:05:49:45 +1000] "GET /?products/detail/69265000 HTTP/1.1" 200 40020 "-" "Mozilla/5.0 (Linux; Android 6.0.1; Nexus 5X Build/MMB29P) AppleWebKit/537.36 (KHTML, like Gecko) Chrome/147.0.7727.137 Mobile Safari/537.36 (compatible; Googlebot/2.1; +http://www.google.com/bot.html)"
51.83.9.109 - - [13/May/2026:05:49:46 +1000] "GET /strategier-for-att-maximera-vinster-i-online-slots/ HTTP/1.1" 200 42289 "-" "Mozilla/5.0 (compatible; MJ12bot/v1.4.8; http://mj12bot.com/)"
57.141.14.48 - - [13/May/2026:05:49:45 +1000] "GET /products/detail/60752980 HTTP/2" 404 137739 "-" "meta-externalagent/1.1 (+https://developers.facebook.com/docs/sharing/webmasters/crawler)"
51.83.9.109 - - [13/May/2026:05:49:50 +1000] "GET /studying-real-time-specialist-jackpots-and-you-may-bonus-play-at-the-gambling-establishment-secret-win-mentorifi/feed/ HTTP/1.1" 200 1955 "-" "Mozilla/5.0 (compatible; MJ12bot/v1.4.8; http://mj12bot.com/)"
57.141.14.6 - - [13/May/2026:05:49:51 +1000] "GET /products/detail/58827376 HTTP/2" 404 137739 "-" "meta-externalagent/1.1 (+https://developers.facebook.com/docs/sharing/webmasters/crawler)"
51.83.9.109 - - [13/May/2026:05:49:52 +1000] "GET /superiores-100-tiradas-gratis-sin-deposito-vegas-world-casinos-online-2026-hace-el-trabajo-acerca-de-linea-con-dinero-conveniente/feed/ HTTP/1.1" 200 1830 "-" "Mozilla/5.0 (compatible; MJ12bot/v1.4.8; http://mj12bot.com/)"
192.178.4.100 - - [13/May/2026:05:49:50 +1000] "POST /wp-json/platformist-quadendpointer-sxadtr/v1/s6qgn HTTP/1.1" 200 1684 "https://www.coridyan.com/?products/detail/54243550" "Mozilla/5.0 (Linux; Android 6.0.1; Nexus 5X Build/MMB29P) AppleWebKit/537.36 (KHTML, like Gecko) Chrome/147.0.7727.137 Mobile Safari/537.36 (compatible; Googlebot/2.1; +http://www.google.com/bot.html)"
51.83.9.109 - - [13/May/2026:05:49:54 +1000] "GET /sus-particulares-the-dark-knight-rises-giros-ladbrokes-casino-sin-codigo-de-deposito-carente-abertura-de-wintingo-casino-2024/feed/ HTTP/1.1" 200 1818 "-" "Mozilla/5.0 (compatible; MJ12bot/v1.4.8; http://mj12bot.com/)"
192.178.4.100 - - [13/May/2026:05:49:55 +1000] "GET /?products/detail/67301866%20%20%20%20%20%20%20%20%20%20%20%20%20%20%20%20%20%20%20%20%20%20%20%20class= HTTP/1.1" 200 39705 "-" "Mozilla/5.0 (Linux; Android 6.0.1; Nexus 5X Build/MMB29P) AppleWebKit/537.36 (KHTML, like Gecko) Chrome/147.0.7727.137 Mobile Safari/537.36 (compatible; Googlebot/2.1; +http://www.google.com/bot.html)"
57.141.14.61 - - [13/May/2026:05:49:56 +1000] "GET /products/detail/62518537 HTTP/2" 404 137739 "-" "meta-externalagent/1.1 (+https://developers.facebook.com/docs/sharing/webmasters/crawler)"
51.83.9.109 - - [13/May/2026:05:49:57 +1000] "GET /take-full-advantage-of-wagering-which-have-trendy-fruit-50-free-spins-no-deposit-holmes-the-stolen-stones-position-gambling-enterprise-promo-password/feed/ HTTP/1.1" 200 1888 "-" "Mozilla/5.0 (compatible; MJ12bot/v1.4.8; http://mj12bot.com/)"
51.83.9.109 - - [13/May/2026:05:49:59 +1000] "GET /terms-and-conditions-casino-gambling-sites/ HTTP/1.1" 200 40859 "-" "Mozilla/5.0 (compatible; MJ12bot/v1.4.8; http://mj12bot.com/)"
57.141.14.19 - - [13/May/2026:05:50:00 +1000] "GET /products/detail/60841225 HTTP/2" 404 137739 "-" "meta-externalagent/1.1 (+https://developers.facebook.com/docs/sharing/webmasters/crawler)"
192.178.4.101 - - [13/May/2026:05:50:01 +1000] "GET /?products/detail/62697898 HTTP/1.1" 200 39877 "-" "Mozilla/5.0 (Linux; Android 6.0.1; Nexus 5X Build/MMB29P) AppleWebKit/537.36 (KHTML, like Gecko) Chrome/147.0.7727.137 Mobile Safari/537.36 (compatible; Googlebot/2.1; +http://www.google.com/bot.html)"
51.83.9.109 - - [13/May/2026:05:50:03 +1000] "GET /the-best-online-slots-highest-rtp-harbors-for-people-people/feed/ HTTP/1.1" 200 1618 "-" "Mozilla/5.0 (compatible; MJ12bot/v1.4.8; http://mj12bot.com/)"
51.83.9.109 - - [13/May/2026:05:50:05 +1000] "GET /the-critical-role-of-digital-wallet-security-in-the-evolving-mobile-app-ecosystem/feed/ HTTP/1.1" 200 1683 "-" "Mozilla/5.0 (compatible; MJ12bot/v1.4.8; http://mj12bot.com/)"
192.178.4.100 - - [13/May/2026:05:50:06 +1000] "GET /comment.php?products/size-95/12107718/ HTTP/1.1" 200 35468 "-" "Mozilla/5.0 (Linux; Android 6.0.1; Nexus 5X Build/MMB29P) AppleWebKit/537.36 (KHTML, like Gecko) Chrome/147.0.7727.137 Mobile Safari/537.36 (compatible; Googlebot/2.1; +http://www.google.com/bot.html)"
51.83.9.109 - - [13/May/2026:05:50:08 +1000] "GET /the-future-of-data-visualization-in-digital-content-embracing-interactivity-and-user-engagement/ HTTP/1.1" 200 42260 "-" "Mozilla/5.0 (compatible; MJ12bot/v1.4.8; http://mj12bot.com/)"
51.83.9.109 - - [13/May/2026:05:50:11 +1000] "GET /the-rise-and-fall-of-a-high-roller-in-roostino-casino/feed/ HTTP/1.1" 200 1599 "-" "Mozilla/5.0 (compatible; MJ12bot/v1.4.8; http://mj12bot.com/)"
192.178.4.100 - - [13/May/2026:05:50:11 +1000] "GET /?products/detail/67884022%20%20%20%20%20%20%20%20%20%20%20%20%20%20%20%20%20%20%20%20%20%20%20%20class= HTTP/1.1" 200 39765 "-" "Mozilla/5.0 (Linux; Android 6.0.1; Nexus 5X Build/MMB29P) AppleWebKit/537.36 (KHTML, like Gecko) Chrome/147.0.7727.137 Mobile Safari/537.36 (compatible; Googlebot/2.1; +http://www.google.com/bot.html)"
57.141.14.18 - - [13/May/2026:05:50:11 +1000] "GET /products/detail/62913376 HTTP/2" 404 137739 "-" "meta-externalagent/1.1 (+https://developers.facebook.com/docs/sharing/webmasters/crawler)"
51.83.9.109 - - [13/May/2026:05:50:13 +1000] "GET /the-rise-of-personal-game-development/ HTTP/1.1" 200 42093 "-" "Mozilla/5.0 (compatible; MJ12bot/v1.4.8; http://mj12bot.com/)"
51.83.9.109 - - [13/May/2026:05:50:17 +1000] "GET /the-treasures-of-1xslot-giros-gratis-sin-deposito-bonus-espana-montezuma-tres-funciona-regalado-sobre-play123/ HTTP/1.1" 200 43590 "-" "Mozilla/5.0 (compatible; MJ12bot/v1.4.8; http://mj12bot.com/)"
23.94.162.154 - - [13/May/2026:05:50:17 +1000] "GET / HTTP/1.1" 200 39861 "-" "Mozilla/5.0 (Windows NT 10.0; Win64; x64) AppleWebKit/537.36 (KHTML, like Gecko) Chrome/120.0.0.0 Safari/537.36"
192.178.4.100 - - [13/May/2026:05:50:17 +1000] "GET /content.php?product/81624898 HTTP/1.1" 200 29298 "-" "Mozilla/5.0 (Linux; Android 6.0.1; Nexus 5X Build/MMB29P) AppleWebKit/537.36 (KHTML, like Gecko) Chrome/147.0.7727.137 Mobile Safari/537.36 (compatible; Googlebot/2.1; +http://www.google.com/bot.html)"
51.83.9.109 - - [13/May/2026:05:50:20 +1000] "GET /thunderstruck-2-slots-top-ten-thunderstruck-2-position-web-slot-online-night-club-81-sites/ HTTP/1.1" 200 42948 "-" "Mozilla/5.0 (compatible; MJ12bot/v1.4.8; http://mj12bot.com/)"
57.141.14.16 - - [13/May/2026:05:50:21 +1000] "GET /products/detail/57099655 HTTP/2" 404 137739 "-" "meta-externalagent/1.1 (+https://developers.facebook.com/docs/sharing/webmasters/crawler)"
51.83.9.109 - - [13/May/2026:05:50:23 +1000] "GET /thunderstruck-ii-review-greatest-rated-microgaming-norse-karaoke-party-slot-online-pokies/ HTTP/1.1" 200 43026 "-" "Mozilla/5.0 (compatible; MJ12bot/v1.4.8; http://mj12bot.com/)"
192.178.4.100 - - [13/May/2026:05:50:23 +1000] "GET /content.php?product/68179066 HTTP/1.1" 200 29435 "-" "Mozilla/5.0 (Linux; Android 6.0.1; Nexus 5X Build/MMB29P) AppleWebKit/537.36 (KHTML, like Gecko) Chrome/147.0.7727.137 Mobile Safari/537.36 (compatible; GoogleOther)"
51.83.9.109 - - [13/May/2026:05:50:26 +1000] "GET /thunderstruck-jurassic-giants-online-casinos-reputation-review-2026-real-cash-ports-cellular-com-play-on-the-internet/ HTTP/1.1" 200 42873 "-" "Mozilla/5.0 (compatible; MJ12bot/v1.4.8; http://mj12bot.com/)"
47.128.126.244 - - [13/May/2026:05:50:27 +1000] "GET /comment.php?products/weatherman-danielle-kang-68-golf-umbrella-new-in-box-huge/15278968/ HTTP/2" 200 21 "-" "Mozilla/5.0 (Linux; Android 5.0) AppleWebKit/537.36 (KHTML, like Gecko) Mobile Safari/537.36 (compatible; Bytespider; spider-feedback@bytedance.com)"
192.178.4.100 - - [13/May/2026:05:50:29 +1000] "POST /wp-admin/admin-ajax.php HTTP/1.1" 200 1274 "https://www.coridyan.com/?products/detail/67884022%20%20%20%20%20%20%20%20%20%20%20%20%20%20%20%20%20%20%20%20%20%20%20%20class=" "Mozilla/5.0 (Linux; Android 6.0.1; Nexus 5X Build/MMB29P) AppleWebKit/537.36 (KHTML, like Gecko) Chrome/147.0.7727.137 Mobile Safari/537.36 (compatible; Googlebot/2.1; +http://www.google.com/bot.html)"
51.83.9.109 - - [13/May/2026:05:50:29 +1000] "GET /thunderstruck-reputation-opinion-96-gambling-enterprise-casigo-no-deposit-a-lot-more-royal-roller-slot-free-spins-the-fresh-earliest-steppercent-rtp-microgaming-2026-costa-rica/feed/ HTTP/1.1" 200 1969 "-" "Mozilla/5.0 (compatible; MJ12bot/v1.4.8; http://mj12bot.com/)"
51.83.9.109 - - [13/May/2026:05:50:32 +1000] "GET /tips-view-grand-federal-2025-tv-route-and-you-can-alive-stream/ HTTP/1.1" 200 42287 "-" "Mozilla/5.0 (compatible; MJ12bot/v1.4.8; http://mj12bot.com/)"
57.141.14.49 - - [13/May/2026:05:50:32 +1000] "GET /products/detail/65574352 HTTP/2" 404 137739 "-" "meta-externalagent/1.1 (+https://developers.facebook.com/docs/sharing/webmasters/crawler)"
51.83.9.109 - - [13/May/2026:05:50:35 +1000] "GET /titanbet-casino-app-download-au/ HTTP/1.1" 200 40727 "-" "Mozilla/5.0 (compatible; MJ12bot/v1.4.8; http://mj12bot.com/)"
192.178.4.100 - - [13/May/2026:05:50:35 +1000] "GET /?products/detail/53859079 HTTP/1.1" 200 39865 "-" "Mozilla/5.0 (Linux; Android 6.0.1; Nexus 5X Build/MMB29P) AppleWebKit/537.36 (KHTML, like Gecko) Chrome/147.0.7727.137 Mobile Safari/537.36 (compatible; Googlebot/2.1; +http://www.google.com/bot.html)"
51.83.9.109 - - [13/May/2026:05:50:39 +1000] "GET /top-10-android-os-gambling-enterprises-programs-2026-real-money-video-game/ HTTP/1.1" 200 41594 "-" "Mozilla/5.0 (compatible; MJ12bot/v1.4.8; http://mj12bot.com/)"
192.178.4.100 - - [13/May/2026:05:50:41 +1000] "GET /?products/detail/62117272 HTTP/1.1" 200 39877 "-" "Mozilla/5.0 (Linux; Android 6.0.1; Nexus 5X Build/MMB29P) AppleWebKit/537.36 (KHTML, like Gecko) Chrome/147.0.7727.137 Mobile Safari/537.36 (compatible; Googlebot/2.1; +http://www.google.com/bot.html)"
51.83.9.109 - - [13/May/2026:05:50:42 +1000] "GET /top-10-bitcoin-gambling-enterprises-better-btc-crypto-betting-internet-sites-to-have-2025-biggest-book-spending-news/ HTTP/1.1" 200 40977 "-" "Mozilla/5.0 (compatible; MJ12bot/v1.4.8; http://mj12bot.com/)"
51.83.9.109 - - [13/May/2026:05:50:45 +1000] "GET /top-10-microgaming-slots-forsteprisvinner-of-the-bestemann-casino-betsson-registrer-bonus-september-2023-update/feed/ HTTP/1.1" 200 1776 "-" "Mozilla/5.0 (compatible; MJ12bot/v1.4.8; http://mj12bot.com/)"
192.178.4.100 - - [13/May/2026:05:50:47 +1000] "POST /wp-admin/admin-ajax.php HTTP/1.1" 200 1278 "https://www.coridyan.com/?products/detail/53859079" "Mozilla/5.0 (Linux; Android 6.0.1; Nexus 5X Build/MMB29P) AppleWebKit/537.36 (KHTML, like Gecko) Chrome/147.0.7727.137 Mobile Safari/537.36 (compatible; Googlebot/2.1; +http://www.google.com/bot.html)"
51.83.9.109 - - [13/May/2026:05:50:47 +1000] "GET /top-casino-sites-real-money-casinos/ HTTP/1.1" 200 40632 "-" "Mozilla/5.0 (compatible; MJ12bot/v1.4.8; http://mj12bot.com/)"
51.83.9.109 - - [13/May/2026:05:50:50 +1000] "GET /top-casino-withdrawal-time/ HTTP/1.1" 200 42429 "-" "Mozilla/5.0 (compatible; MJ12bot/v1.4.8; http://mj12bot.com/)"
51.83.9.109 - - [13/May/2026:05:50:54 +1000] "GET /top-eye-of-horus-casinos-%EF%B8%8F-uber-pramie-echtgeld-vortragen/ HTTP/1.1" 200 42088 "-" "Mozilla/5.0 (compatible; MJ12bot/v1.4.8; http://mj12bot.com/)"
192.178.4.100 - - [13/May/2026:05:50:52 +1000] "GET /comment.php?products/samsung-dvd-surround-sound-system-with-5-speakers-subwoofer/17009213/ HTTP/1.1" 200 34597 "-" "Mozilla/5.0 (Linux; Android 6.0.1; Nexus 5X Build/MMB29P) AppleWebKit/537.36 (KHTML, like Gecko) Chrome/147.0.7727.137 Mobile Safari/537.36 (compatible; Googlebot/2.1; +http://www.google.com/bot.html)"
51.83.9.109 - - [13/May/2026:05:50:57 +1000] "GET /top-eye-of-horus-casinos-%EF%B8%8F-uber-pramie-echtgeld-vortragen/feed/ HTTP/1.1" 200 1643 "-" "Mozilla/5.0 (compatible; MJ12bot/v1.4.8; http://mj12bot.com/)"
192.178.4.100 - - [13/May/2026:05:50:58 +1000] "GET /?products/detail/64039429 HTTP/1.1" 200 39864 "-" "Mozilla/5.0 (Linux; Android 6.0.1; Nexus 5X Build/MMB29P) AppleWebKit/537.36 (KHTML, like Gecko) Chrome/147.0.7727.137 Mobile Safari/537.36 (compatible; Googlebot/2.1; +http://www.google.com/bot.html)"
51.83.9.109 - - [13/May/2026:05:50:59 +1000] "GET /top-oferte-casino-online-romania-2026-bonusuri-exclusive/feed/ HTTP/1.1" 200 1609 "-" "Mozilla/5.0 (compatible; MJ12bot/v1.4.8; http://mj12bot.com/)"
51.83.9.109 - - [13/May/2026:05:51:02 +1000] "GET /top-online-casino-free-bonus-no-deposit/ HTTP/1.1" 200 40570 "-" "Mozilla/5.0 (compatible; MJ12bot/v1.4.8; http://mj12bot.com/)"
57.141.14.76 - - [13/May/2026:05:51:02 +1000] "GET /products/detail/63133984 HTTP/2" 404 137739 "-" "meta-externalagent/1.1 (+https://developers.facebook.com/docs/sharing/webmasters/crawler)"
51.83.9.109 - - [13/May/2026:05:51:05 +1000] "GET /top-online-casino-sites-that-accept-bank-transfer/ HTTP/1.1" 200 40912 "-" "Mozilla/5.0 (compatible; MJ12bot/v1.4.8; http://mj12bot.com/)"
51.83.9.109 - - [13/May/2026:05:51:07 +1000] "GET /top-online-casino-sites-that-accept-ecopayz-deposits/ HTTP/1.1" 200 40473 "-" "Mozilla/5.0 (compatible; MJ12bot/v1.4.8; http://mj12bot.com/)"
192.178.4.100 - - [13/May/2026:05:51:09 +1000] "POST /wp-admin/admin-ajax.php HTTP/1.1" 200 1280 "https://www.coridyan.com/?products/detail/64039429" "Mozilla/5.0 (Linux; Android 6.0.1; Nexus 5X Build/MMB29P) AppleWebKit/537.36 (KHTML, like Gecko) Chrome/147.0.7727.137 Mobile Safari/537.36 (compatible; Googlebot/2.1; +http://www.google.com/bot.html)"
51.83.9.109 - - [13/May/2026:05:51:10 +1000] "GET /top-pay-by-mobile-online-casino-sites/ HTTP/1.1" 200 40700 "-" "Mozilla/5.0 (compatible; MJ12bot/v1.4.8; http://mj12bot.com/)"
51.83.9.109 - - [13/May/2026:05:51:13 +1000] "GET /top-sitio-justo-ahi-10-excelentes-casinos-en-internet-mexicanos-sobre-2024/ HTTP/1.1" 200 44036 "-" "Mozilla/5.0 (compatible; MJ12bot/v1.4.8; http://mj12bot.com/)"
51.83.9.109 - - [13/May/2026:05:51:17 +1000] "GET /top-ten-bitcoin-gambling-enterprises-greatest-btc-crypto-playing-internet-sites-to-possess-2025-biggest-publication-investing-reports/feed/ HTTP/1.1" 200 1841 "-" "Mozilla/5.0 (compatible; MJ12bot/v1.4.8; http://mj12bot.com/)"
51.83.9.109 - - [13/May/2026:05:51:19 +1000] "GET /topbet-casino-how-to-withdraw-au/ HTTP/1.1" 200 41005 "-" "Mozilla/5.0 (compatible; MJ12bot/v1.4.8; http://mj12bot.com/)"
192.178.4.100 - - [13/May/2026:05:51:20 +1000] "GET /?products/detail/57396574 HTTP/1.1" 200 39878 "-" "Mozilla/5.0 (Linux; Android 6.0.1; Nexus 5X Build/MMB29P) AppleWebKit/537.36 (KHTML, like Gecko) Chrome/147.0.7727.137 Mobile Safari/537.36 (compatible; Googlebot/2.1; +http://www.google.com/bot.html)"
51.83.9.109 - - [13/May/2026:05:51:22 +1000] "GET /tornado-tragamonedas-para-abastecedor-sobre-netent-asignaciones-especificas/feed/ HTTP/1.1" 200 1666 "-" "Mozilla/5.0 (compatible; MJ12bot/v1.4.8; http://mj12bot.com/)"
51.83.9.109 - - [13/May/2026:05:51:24 +1000] "GET /totally-crucial-link-free-spins-incentives-no-deposit-required/feed/ HTTP/1.1" 200 1626 "-" "Mozilla/5.0 (compatible; MJ12bot/v1.4.8; http://mj12bot.com/)"
51.83.9.109 - - [13/May/2026:05:51:27 +1000] "GET /totally-free-pokies-australia-gamble-online-pokies-gratowin-bonus-code-enjoyment-no-install/feed/ HTTP/1.1" 200 1714 "-" "Mozilla/5.0 (compatible; MJ12bot/v1.4.8; http://mj12bot.com/)"
57.141.14.82 - - [13/May/2026:05:51:26 +1000] "GET /products/detail/65616256 HTTP/2" 404 137739 "-" "meta-externalagent/1.1 (+https://developers.facebook.com/docs/sharing/webmasters/crawler)"
51.83.9.109 - - [13/May/2026:05:51:29 +1000] "GET /totally-free-starburst-reputation-online-casino-premium-no-deposit-added-bonus-video-game-enjoy-demo-release-regarding-the-netent-zeus-android-slot-machine-ministere-de-la-sante-publique/ HTTP/1.1" 200 43227 "-" "Mozilla/5.0 (compatible; MJ12bot/v1.4.8; http://mj12bot.com/)"
192.178.4.100 - - [13/May/2026:05:51:30 +1000] "GET /?products/detail/66883060 HTTP/1.1" 200 39877 "-" "Mozilla/5.0 (Linux; Android 6.0.1; Nexus 5X Build/MMB29P) AppleWebKit/537.36 (KHTML, like Gecko) Chrome/147.0.7727.137 Mobile Safari/537.36 (compatible; Googlebot/2.1; +http://www.google.com/bot.html)"
51.83.9.109 - - [13/May/2026:05:51:32 +1000] "GET /tournois-verts-comment-les-operateurs-igaming-allient-competitions-e-sportives-securite-des-paiements-et-engagement-ecologique/feed/ HTTP/1.1" 200 1829 "-" "Mozilla/5.0 (compatible; MJ12bot/v1.4.8; http://mj12bot.com/)"
192.178.4.100 - - [13/May/2026:05:51:35 +1000] "GET /?products/detail/61675381 HTTP/1.1" 200 39865 "-" "Mozilla/5.0 (Linux; Android 6.0.1; Nexus 5X Build/MMB29P) AppleWebKit/537.36 (KHTML, like Gecko) Chrome/147.0.7727.137 Mobile Safari/537.36 (compatible; Googlebot/2.1; +http://www.google.com/bot.html)"
57.141.14.77 - - [13/May/2026:05:51:35 +1000] "GET /products/detail/60588190 HTTP/2" 404 137739 "-" "meta-externalagent/1.1 (+https://developers.facebook.com/docs/sharing/webmasters/crawler)"
51.83.9.109 - - [13/May/2026:05:51:37 +1000] "GET /tradizione-e-innovazione-il-ruolo-delle-tecnologie-nel-preservation-della-memoria-storica/ HTTP/1.1" 200 42396 "-" "Mozilla/5.0 (compatible; MJ12bot/v1.4.8; http://mj12bot.com/)"
51.83.9.109 - - [13/May/2026:05:51:40 +1000] "GET /trendy-good-fresh-fruit-ranch-slot-machine-game-british-free-play-within-the-playtech-gambling-slot-sites-with-1-arm-bandit-establishment/ HTTP/1.1" 200 42073 "-" "Mozilla/5.0 (compatible; MJ12bot/v1.4.8; http://mj12bot.com/)"
192.178.4.100 - - [13/May/2026:05:51:40 +1000] "POST /wp-json/platformist-quadendpointer-sxadtr/v1/s6qgn HTTP/1.1" 200 1680 "https://www.coridyan.com/?products/detail/64039429" "Mozilla/5.0 (Linux; Android 6.0.1; Nexus 5X Build/MMB29P) AppleWebKit/537.36 (KHTML, like Gecko) Chrome/147.0.7727.137 Mobile Safari/537.36 (compatible; Googlebot/2.1; +http://www.google.com/bot.html)"
51.83.9.109 - - [13/May/2026:05:51:43 +1000] "GET /trendy-good-svieziu-vaisiu-demonstracinis-losimo-automatas-100-procentu-nemokamas-losimo-automatas-verde-casino-prisijungimas-prie-kompiuterio-internete/ HTTP/1.1" 200 41206 "-" "Mozilla/5.0 (compatible; MJ12bot/v1.4.8; http://mj12bot.com/)"
51.83.9.109 - - [13/May/2026:05:51:46 +1000] "GET /trolls-slot-review-95-sigl-rtp-netent-2026/feed/ HTTP/1.1" 200 1567 "-" "Mozilla/5.0 (compatible; MJ12bot/v1.4.8; http://mj12bot.com/)"
51.83.9.109 - - [13/May/2026:05:51:49 +1000] "GET /trt-world-forum-secret-forest-ranura-giros-gratis-trtworldforum/ HTTP/1.1" 200 43265 "-" "Mozilla/5.0 (compatible; MJ12bot/v1.4.8; http://mj12bot.com/)"
192.178.4.100 - - [13/May/2026:05:51:51 +1000] "GET /?products/detail/61205158 HTTP/1.1" 200 39865 "-" "Mozilla/5.0 (Linux; Android 6.0.1; Nexus 5X Build/MMB29P) AppleWebKit/537.36 (KHTML, like Gecko) Chrome/147.0.7727.137 Mobile Safari/537.36 (compatible; Googlebot/2.1; +http://www.google.com/bot.html)"
51.83.9.109 - - [13/May/2026:05:51:52 +1000] "GET /tsars-casino-exclusive-bonus-au/ HTTP/1.1" 200 41093 "-" "Mozilla/5.0 (compatible; MJ12bot/v1.4.8; http://mj12bot.com/)"
192.178.4.100 - - [13/May/2026:05:51:55 +1000] "GET /?products/detail/53154235 HTTP/1.1" 200 39759 "-" "Mozilla/5.0 (Linux; Android 6.0.1; Nexus 5X Build/MMB29P) AppleWebKit/537.36 (KHTML, like Gecko) Chrome/147.0.7727.137 Mobile Safari/537.36 (compatible; Googlebot/2.1; +http://www.google.com/bot.html)"
51.83.9.109 - - [13/May/2026:05:51:55 +1000] "GET /uj-kaszinok-2026-minden-amit-tudni-kell/ HTTP/1.1" 200 42388 "-" "Mozilla/5.0 (compatible; MJ12bot/v1.4.8; http://mj12bot.com/)"
51.83.9.109 - - [13/May/2026:05:51:58 +1000] "GET /ultimat-online-swish-onlinekasino-enkelt-uttag-casino-jamfor-suveran-casinon-villig-nate-2026/feed/ HTTP/1.1" 200 1727 "-" "Mozilla/5.0 (compatible; MJ12bot/v1.4.8; http://mj12bot.com/)"
51.83.9.109 - - [13/May/2026:05:52:01 +1000] "GET /understanding-online-casino-registration-processes-and-regulations/ HTTP/1.1" 200 42338 "-" "Mozilla/5.0 (compatible; MJ12bot/v1.4.8; http://mj12bot.com/)"
192.178.4.101 - - [13/May/2026:05:52:01 +1000] "GET /comment.php?products/1995-bmw-525i/15502288/ HTTP/1.1" 200 34509 "-" "Mozilla/5.0 (Linux; Android 6.0.1; Nexus 5X Build/MMB29P) AppleWebKit/537.36 (KHTML, like Gecko) Chrome/147.0.7727.137 Mobile Safari/537.36 (compatible; GoogleOther)"
51.83.9.109 - - [13/May/2026:05:52:04 +1000] "GET /understanding-the-concept-of-magical-vegas-casino-operations/ HTTP/1.1" 200 40334 "-" "Mozilla/5.0 (compatible; MJ12bot/v1.4.8; http://mj12bot.com/)"
192.178.4.100 - - [13/May/2026:05:52:06 +1000] "GET /?products/detail/64452709 HTTP/1.1" 200 39865 "-" "Mozilla/5.0 (Linux; Android 6.0.1; Nexus 5X Build/MMB29P) AppleWebKit/537.36 (KHTML, like Gecko) Chrome/147.0.7727.137 Mobile Safari/537.36 (compatible; Googlebot/2.1; +http://www.google.com/bot.html)"
51.83.9.109 - - [13/May/2026:05:52:07 +1000] "GET /understanding-traffic-camera-game-mechanics/ HTTP/1.1" 200 40767 "-" "Mozilla/5.0 (compatible; MJ12bot/v1.4.8; http://mj12bot.com/)"
192.178.4.100 - - [13/May/2026:05:52:10 +1000] "GET /?products/detail/67693789 HTTP/1.1" 200 39700 "-" "Mozilla/5.0 (Linux; Android 6.0.1; Nexus 5X Build/MMB29P) AppleWebKit/537.36 (KHTML, like Gecko) Chrome/147.0.7727.137 Mobile Safari/537.36 (compatible; Googlebot/2.1; +http://www.google.com/bot.html)"
51.83.9.109 - - [13/May/2026:05:52:10 +1000] "GET /underwater-slots-free-spins-australia/ HTTP/1.1" 200 41078 "-" "Mozilla/5.0 (compatible; MJ12bot/v1.4.8; http://mj12bot.com/)"
57.141.14.85 - - [13/May/2026:05:52:11 +1000] "GET /products/detail/60514066 HTTP/2" 404 137739 "-" "meta-externalagent/1.1 (+https://developers.facebook.com/docs/sharing/webmasters/crawler)"
51.83.9.109 - - [13/May/2026:05:52:13 +1000] "GET /unlocking-the-potential-of-progressive-slot-games-in-the-digital-age/ HTTP/1.1" 200 42446 "-" "Mozilla/5.0 (compatible; MJ12bot/v1.4.8; http://mj12bot.com/)"
192.178.4.100 - - [13/May/2026:05:52:15 +1000] "GET /?products/detail/53402320 HTTP/1.1" 200 39926 "-" "Mozilla/5.0 (Linux; Android 6.0.1; Nexus 5X Build/MMB29P) AppleWebKit/537.36 (KHTML, like Gecko) Chrome/147.0.7727.137 Mobile Safari/537.36 (compatible; Googlebot/2.1; +http://www.google.com/bot.html)"
51.83.9.109 - - [13/May/2026:05:52:17 +1000] "GET /unser-spielautomaten-via-hochster-rtp-register-kein-bruce-bet-bewertung-saga-statt-nackte-hinblattern/ HTTP/1.1" 200 42106 "-" "Mozilla/5.0 (compatible; MJ12bot/v1.4.8; http://mj12bot.com/)"
216.73.217.100 - - [13/May/2026:05:52:21 +1000] "GET /robots.txt HTTP/2" 200 70 "-" "Mozilla/5.0 AppleWebKit/537.36 (KHTML, like Gecko; compatible; ClaudeBot/1.0; +claudebot@anthropic.com)"
51.83.9.109 - - [13/May/2026:05:52:20 +1000] "GET /us-casino-accepting-australia-players/ HTTP/1.1" 200 40406 "-" "Mozilla/5.0 (compatible; MJ12bot/v1.4.8; http://mj12bot.com/)"
192.178.4.100 - - [13/May/2026:05:52:20 +1000] "GET /?products/detail/60726610 HTTP/1.1" 200 39931 "-" "Mozilla/5.0 (Linux; Android 6.0.1; Nexus 5X Build/MMB29P) AppleWebKit/537.36 (KHTML, like Gecko) Chrome/147.0.7727.137 Mobile Safari/537.36 (compatible; Googlebot/2.1; +http://www.google.com/bot.html)"
216.73.217.100 - - [13/May/2026:05:52:21 +1000] "GET /?p=76919 HTTP/2" 301 0 "-" "Mozilla/5.0 AppleWebKit/537.36 (KHTML, like Gecko; compatible; ClaudeBot/1.0; +claudebot@anthropic.com)"
216.73.217.100 - - [13/May/2026:05:52:22 +1000] "GET /play-21700-online-casino-games-no-download/ HTTP/2" 200 40477 "https://www.coridyan.com/?p=76919" "Mozilla/5.0 AppleWebKit/537.36 (KHTML, like Gecko; compatible; ClaudeBot/1.0; +claudebot@anthropic.com)"
216.73.217.100 - - [13/May/2026:05:52:23 +1000] "GET /?p=64394 HTTP/2" 301 0 "-" "Mozilla/5.0 AppleWebKit/537.36 (KHTML, like Gecko; compatible; ClaudeBot/1.0; +claudebot@anthropic.com)"
216.73.217.100 - - [13/May/2026:05:52:23 +1000] "GET /?p=76849 HTTP/2" 301 0 "-" "Mozilla/5.0 AppleWebKit/537.36 (KHTML, like Gecko; compatible; ClaudeBot/1.0; +claudebot@anthropic.com)"
216.73.217.100 - - [13/May/2026:05:52:23 +1000] "GET /?p=76834 HTTP/2" 301 0 "-" "Mozilla/5.0 AppleWebKit/537.36 (KHTML, like Gecko; compatible; ClaudeBot/1.0; +claudebot@anthropic.com)"
216.73.217.100 - - [13/May/2026:05:52:23 +1000] "GET /?p=76853 HTTP/2" 301 0 "-" "Mozilla/5.0 AppleWebKit/537.36 (KHTML, like Gecko; compatible; ClaudeBot/1.0; +claudebot@anthropic.com)"
216.73.217.100 - - [13/May/2026:05:52:23 +1000] "GET /?p=65501 HTTP/2" 301 0 "-" "Mozilla/5.0 AppleWebKit/537.36 (KHTML, like Gecko; compatible; ClaudeBot/1.0; +claudebot@anthropic.com)"
51.83.9.109 - - [13/May/2026:05:52:23 +1000] "GET /usd-1-deposit-casino-new-australia/ HTTP/1.1" 200 40781 "-" "Mozilla/5.0 (compatible; MJ12bot/v1.4.8; http://mj12bot.com/)"
216.73.217.100 - - [13/May/2026:05:52:23 +1000] "GET /?p=76863 HTTP/2" 301 0 "-" "Mozilla/5.0 AppleWebKit/537.36 (KHTML, like Gecko; compatible; ClaudeBot/1.0; +claudebot@anthropic.com)"
192.178.4.100 - - [13/May/2026:05:52:24 +1000] "GET /?products/detail/68416930 HTTP/1.1" 200 39759 "-" "Mozilla/5.0 (Linux; Android 6.0.1; Nexus 5X Build/MMB29P) AppleWebKit/537.36 (KHTML, like Gecko) Chrome/147.0.7727.137 Mobile Safari/537.36 (compatible; Googlebot/2.1; +http://www.google.com/bot.html)"
216.73.217.100 - - [13/May/2026:05:52:24 +1000] "GET /and-a-wondrously-joyful-enjoying-and-you-may-cosy-environment-colorful-graphics-and-you-can-incredible-jolly-soundtrack-allow-it-to-be-the-greatest-game-to-own-cold-winter-season-nights-for-those-w/ HTTP/2" 200 41593 "https://www.coridyan.com/?p=64394" "Mozilla/5.0 AppleWebKit/537.36 (KHTML, like Gecko; compatible; ClaudeBot/1.0; +claudebot@anthropic.com)"
216.73.217.100 - - [13/May/2026:05:52:25 +1000] "GET /een-overzicht-van-thunderbolt-casino/ HTTP/2" 200 38374 "https://www.coridyan.com/?p=76849" "Mozilla/5.0 AppleWebKit/537.36 (KHTML, like Gecko; compatible; ClaudeBot/1.0; +claudebot@anthropic.com)"
216.73.217.100 - - [13/May/2026:05:52:25 +1000] "GET /cctv-rush-hour-informatii-generale-despre-ora-de-varf-a-jocurilor-de-noroc/ HTTP/2" 200 39280 "https://www.coridyan.com/?p=76834" "Mozilla/5.0 AppleWebKit/537.36 (KHTML, like Gecko; compatible; ClaudeBot/1.0; +claudebot@anthropic.com)"
216.73.217.100 - - [13/May/2026:05:52:25 +1000] "GET /convencer-sizzling-hot-deluxe-opiniones-con-el-echa-un-vistazo-a-este-hipervinculo-fin-de-ganar-de-jugadores-expertos/ HTTP/2" 200 43266 "https://www.coridyan.com/?p=65501" "Mozilla/5.0 AppleWebKit/537.36 (KHTML, like Gecko; compatible; ClaudeBot/1.0; +claudebot@anthropic.com)"
216.73.217.100 - - [13/May/2026:05:52:25 +1000] "GET /what-is-traffic-camera-game-understanding-the-concept/ HTTP/2" 200 39824 "https://www.coridyan.com/?p=76853" "Mozilla/5.0 AppleWebKit/537.36 (KHTML, like Gecko; compatible; ClaudeBot/1.0; +claudebot@anthropic.com)"
216.73.217.100 - - [13/May/2026:05:52:25 +1000] "GET /diagnose-youtube-movies-errors-youtube-assist/ HTTP/2" 200 40476 "https://www.coridyan.com/?p=76863" "Mozilla/5.0 AppleWebKit/537.36 (KHTML, like Gecko; compatible; ClaudeBot/1.0; +claudebot@anthropic.com)"
216.73.217.100 - - [13/May/2026:05:52:27 +1000] "GET /?p=65503 HTTP/2" 301 0 "-" "Mozilla/5.0 AppleWebKit/537.36 (KHTML, like Gecko; compatible; ClaudeBot/1.0; +claudebot@anthropic.com)"
216.73.217.100 - - [13/May/2026:05:52:27 +1000] "GET /?p=64396 HTTP/2" 301 0 "-" "Mozilla/5.0 AppleWebKit/537.36 (KHTML, like Gecko; compatible; ClaudeBot/1.0; +claudebot@anthropic.com)"
51.83.9.109 - - [13/May/2026:05:52:27 +1000] "GET /usdt-casino-no-kyc/ HTTP/1.1" 200 40903 "-" "Mozilla/5.0 (compatible; MJ12bot/v1.4.8; http://mj12bot.com/)"
216.73.217.100 - - [13/May/2026:05:52:27 +1000] "GET /?p=76845 HTTP/2" 301 0 "-" "Mozilla/5.0 AppleWebKit/537.36 (KHTML, like Gecko; compatible; ClaudeBot/1.0; +claudebot@anthropic.com)"
216.73.217.100 - - [13/May/2026:05:52:27 +1000] "GET /widgit-icon-tips-increasing-flowers/ HTTP/2" 200 40603 "-" "Mozilla/5.0 AppleWebKit/537.36 (KHTML, like Gecko; compatible; ClaudeBot/1.0; +claudebot@anthropic.com)"
216.73.217.100 - - [13/May/2026:05:52:27 +1000] "GET /check-in/ HTTP/2" 200 40386 "-" "Mozilla/5.0 AppleWebKit/537.36 (KHTML, like Gecko; compatible; ClaudeBot/1.0; +claudebot@anthropic.com)"
192.178.4.100 - - [13/May/2026:05:52:28 +1000] "POST /wp-admin/admin-ajax.php HTTP/1.1" 200 1099 "https://www.coridyan.com/?products/detail/53402320" "Mozilla/5.0 (Linux; Android 6.0.1; Nexus 5X Build/MMB29P) AppleWebKit/537.36 (KHTML, like Gecko) Chrome/147.0.7727.137 Mobile Safari/537.36 (compatible; Googlebot/2.1; +http://www.google.com/bot.html)"
216.73.217.100 - - [13/May/2026:05:52:28 +1000] "GET /draftkings-nj-also-provides-five-hundred-100-percent-free-spins-1000-losings-right-back-loans-inside-the-lobstermania-slot-machine-march-2026-welcome-offer/ HTTP/2" 200 41509 "https://www.coridyan.com/?p=65503" "Mozilla/5.0 AppleWebKit/537.36 (KHTML, like Gecko; compatible; ClaudeBot/1.0; +claudebot@anthropic.com)"
216.73.217.100 - - [13/May/2026:05:52:28 +1000] "GET /tragaperras-gratuito-maquinas-casino-zeus-tragamonedas-de-balde-online/ HTTP/2" 200 42980 "https://www.coridyan.com/?p=64396" "Mozilla/5.0 AppleWebKit/537.36 (KHTML, like Gecko; compatible; ClaudeBot/1.0; +claudebot@anthropic.com)"
216.73.217.100 - - [13/May/2026:05:52:28 +1000] "GET /que-es-yoyo-casino-una-guia-introductoria-sobre-caracteristicas-y-servicios-de-este-establecimiento-de-juego-en-linea/ HTTP/2" 200 39616 "https://www.coridyan.com/?p=76845" "Mozilla/5.0 AppleWebKit/537.36 (KHTML, like Gecko; compatible; ClaudeBot/1.0; +claudebot@anthropic.com)"
51.83.9.109 - - [13/May/2026:05:52:30 +1000] "GET /uwodzenie-fortuny-w-kasynie-winshark/feed/ HTTP/1.1" 200 1548 "-" "Mozilla/5.0 (compatible; MJ12bot/v1.4.8; http://mj12bot.com/)"
51.83.9.109 - - [13/May/2026:05:52:33 +1000] "GET /vavada-casino-wygrywaj-dzis-wraz-z-najnowszy-bez-depozytu-roulettino-grami-snien/feed/ HTTP/1.1" 200 1684 "-" "Mozilla/5.0 (compatible; MJ12bot/v1.4.8; http://mj12bot.com/)"
51.83.9.109 - - [13/May/2026:05:52:35 +1000] "GET /vegasnow-casino-20-free-spins-no-deposit/ HTTP/1.1" 200 40661 "-" "Mozilla/5.0 (compatible; MJ12bot/v1.4.8; http://mj12bot.com/)"
192.178.4.100 - - [13/May/2026:05:52:37 +1000] "POST /wp-admin/admin-ajax.php HTTP/1.1" 200 1278 "https://www.coridyan.com/?products/detail/60726610" "Mozilla/5.0 (Linux; Android 6.0.1; Nexus 5X Build/MMB29P) AppleWebKit/537.36 (KHTML, like Gecko) Chrome/147.0.7727.137 Mobile Safari/537.36 (compatible; Googlebot/2.1; +http://www.google.com/bot.html)"
51.83.9.109 - - [13/May/2026:05:52:38 +1000] "GET /verbunden-book-of-ra-bonus-buy-demo-kasino-echtgeld-2026-beste-deutsche-casinos-boni/feed/ HTTP/1.1" 200 1699 "-" "Mozilla/5.0 (compatible; MJ12bot/v1.4.8; http://mj12bot.com/)"
51.83.9.109 - - [13/May/2026:05:52:40 +1000] "GET /verbunden-casinos-bonanza-slot-groser-sieg-uber-lastschrift-2026-beste-lastschrift-casinos/ HTTP/1.1" 200 41850 "-" "Mozilla/5.0 (compatible; MJ12bot/v1.4.8; http://mj12bot.com/)"
51.83.9.109 - - [13/May/2026:05:52:44 +1000] "GET /verbunden-spielbank-alpenrepublik-kasino-angeschlossen-vortragen/feed/ HTTP/1.1" 200 1632 "-" "Mozilla/5.0 (compatible; MJ12bot/v1.4.8; http://mj12bot.com/)"
216.73.217.100 - - [13/May/2026:05:52:43 +1000] "GET /?p=64389 HTTP/2" 301 0 "-" "Mozilla/5.0 AppleWebKit/537.36 (KHTML, like Gecko; compatible; ClaudeBot/1.0; +claudebot@anthropic.com)"
216.73.217.100 - - [13/May/2026:05:52:43 +1000] "GET /?p=76851 HTTP/2" 301 0 "-" "Mozilla/5.0 AppleWebKit/537.36 (KHTML, like Gecko; compatible; ClaudeBot/1.0; +claudebot@anthropic.com)"
216.73.217.100 - - [13/May/2026:05:52:43 +1000] "GET /amazon-slots-casino/feed/ HTTP/2" 200 784 "-" "Mozilla/5.0 AppleWebKit/537.36 (KHTML, like Gecko; compatible; ClaudeBot/1.0; +claudebot@anthropic.com)"
216.73.217.100 - - [13/May/2026:05:52:43 +1000] "GET /play-alberta-casino/ HTTP/2" 200 39605 "-" "Mozilla/5.0 AppleWebKit/537.36 (KHTML, like Gecko; compatible; ClaudeBot/1.0; +claudebot@anthropic.com)"
57.141.14.94 - - [13/May/2026:05:52:44 +1000] "GET /products/detail/56699866 HTTP/2" 404 137739 "-" "meta-externalagent/1.1 (+https://developers.facebook.com/docs/sharing/webmasters/crawler)"
