52.45.77.169 - - [13/May/2026:07:00:28 +1000] "GET /wp-json/oembed/1.0/embed?format=xml&url=https://www.coridyan.com/casino-tillsamman-rappa-toki-time-plats-uttag-casinon-med-direkt-utbetalning/ HTTP/1.1" 200 2448 "-" "Mozilla/5.0 AppleWebKit/537.36 (KHTML, like Gecko; compatible; Amazonbot/0.1; +https://developer.amazon.com/support/amazonbot) Chrome/119.0.6045.214 Safari/537.36"
77.237.244.221 - - [13/May/2026:07:00:28 +1000] "GET /upload/ HTTP/1.1" 301 705 "-" "Mozilla/5.0 (Windows NT 10.0; Win64; x64) AppleWebKit/537.36 (KHTML, like Gecko) Chrome/91.0.4472.124 Safari/537.36"
37.187.226.30 - - [13/May/2026:07:00:29 +1000] "GET /vinbet-casino-honest-review-au/ HTTP/1.1" 200 40922 "-" "Mozilla/5.0 (compatible; MJ12bot/v1.4.8; http://mj12bot.com/)"
77.237.244.221 - - [13/May/2026:07:00:31 +1000] "GET /uploader-lapplication-trueluck-pour-portable-et-ios/ HTTP/1.1" 200 42054 "-" "Mozilla/5.0 (Windows NT 10.0; Win64; x64) AppleWebKit/537.36 (KHTML, like Gecko) Chrome/91.0.4472.124 Safari/537.36"
3.235.215.92 - - [13/May/2026:07:00:32 +1000] "GET /page/4100/ HTTP/1.1" 200 39550 "-" "Mozilla/5.0 AppleWebKit/537.36 (KHTML, like Gecko; compatible; Amazonbot/0.1; +https://developer.amazon.com/support/amazonbot) Chrome/119.0.6045.214 Safari/537.36"
37.187.226.30 - - [13/May/2026:07:00:32 +1000] "GET /?p=10160 HTTP/1.1" 301 427 "-" "Mozilla/5.0 (compatible; MJ12bot/v1.4.8; http://mj12bot.com/)"
77.237.244.221 - - [13/May/2026:07:00:34 +1000] "GET /home/ HTTP/1.1" 301 614 "-" "Mozilla/5.0 (Windows NT 10.0; Win64; x64) AppleWebKit/537.36 (KHTML, like Gecko) Chrome/91.0.4472.124 Safari/537.36"
37.187.226.30 - - [13/May/2026:07:00:36 +1000] "GET /spin-palace-casino-100-free-spins-no-deposit/ HTTP/1.1" 200 40975 "-" "Mozilla/5.0 (compatible; MJ12bot/v1.4.8; http://mj12bot.com/)"
52.71.216.196 - - [13/May/2026:07:00:36 +1000] "GET /wp-json/wp/v2/posts/27273 HTTP/1.1" 200 6422 "-" "Mozilla/5.0 AppleWebKit/537.36 (KHTML, like Gecko; compatible; Amazonbot/0.1; +https://developer.amazon.com/support/amazonbot) Chrome/119.0.6045.214 Safari/537.36"
77.237.244.221 - - [13/May/2026:07:00:37 +1000] "GET /home/ HTTP/1.1" 200 40290 "-" "Mozilla/5.0 (Windows NT 10.0; Win64; x64) AppleWebKit/537.36 (KHTML, like Gecko) Chrome/91.0.4472.124 Safari/537.36"
37.187.226.30 - - [13/May/2026:07:00:39 +1000] "GET /?p=10169 HTTP/1.1" 301 412 "-" "Mozilla/5.0 (compatible; MJ12bot/v1.4.8; http://mj12bot.com/)"
52.0.105.244 - - [13/May/2026:07:00:41 +1000] "GET /slot-beizebu-jokers-jogo-online-como-jogar-bingo-jewels-wild-jogo-acessivel/feed/ HTTP/1.1" 200 1814 "-" "Mozilla/5.0 AppleWebKit/537.36 (KHTML, like Gecko; compatible; Amazonbot/0.1; +https://developer.amazon.com/support/amazonbot) Chrome/119.0.6045.214 Safari/537.36"
77.237.244.221 - - [13/May/2026:07:00:41 +1000] "GET /_wp-admin/ HTTP/1.1" 301 663 "-" "Mozilla/5.0 (Windows NT 10.0; Win64; x64) AppleWebKit/537.36 (KHTML, like Gecko) Chrome/91.0.4472.124 Safari/537.36"
54.84.93.8 - - [13/May/2026:07:00:41 +1000] "GET /wp-json/wp/v2/posts/%22https:/www.jokaroom.net/wp-content/uploads/2021/04/las-vegas-usa-online-casino-review.png/%22 HTTP/1.1" 404 928 "-" "Mozilla/5.0 AppleWebKit/537.36 (KHTML, like Gecko; compatible; Amazonbot/0.1; +https://developer.amazon.com/support/amazonbot) Chrome/119.0.6045.214 Safari/537.36"
57.141.14.76 - - [13/May/2026:07:00:40 +1000] "GET /products/detail/61713091 HTTP/2" 404 137739 "-" "meta-externalagent/1.1 (+https://developers.facebook.com/docs/sharing/webmasters/crawler)"
37.187.226.30 - - [13/May/2026:07:00:43 +1000] "GET /best-of-online-casino-deutsch/ HTTP/1.1" 200 40841 "-" "Mozilla/5.0 (compatible; MJ12bot/v1.4.8; http://mj12bot.com/)"
172.71.174.201 - - [13/May/2026:07:00:44 +1000] "HEAD /peny-przegld-dla-graczy-nowoczesnych-kasyn/ HTTP/2" 200 0 "-" "Mozilla/5.0 (X11; Linux x86_64) AppleWebKit/537.36 (KHTML, like Gecko) Chrome/120.0.0.0 Safari/537.36"
77.237.244.221 - - [13/May/2026:07:00:43 +1000] "GET /_wp-admin/ HTTP/1.1" 404 36234 "-" "Mozilla/5.0 (Windows NT 10.0; Win64; x64) AppleWebKit/537.36 (KHTML, like Gecko) Chrome/91.0.4472.124 Safari/537.36"
98.82.59.253 - - [13/May/2026:07:00:44 +1000] "GET /top-christmas-inspired-local-casino-harbors-to-play-inside-2023/feed/ HTTP/1.1" 200 1770 "-" "Mozilla/5.0 AppleWebKit/537.36 (KHTML, like Gecko; compatible; Amazonbot/0.1; +https://developer.amazon.com/support/amazonbot) Chrome/119.0.6045.214 Safari/537.36"
37.187.226.30 - - [13/May/2026:07:00:46 +1000] "GET /?p=10174 HTTP/1.1" 301 412 "-" "Mozilla/5.0 (compatible; MJ12bot/v1.4.8; http://mj12bot.com/)"
77.237.244.221 - - [13/May/2026:07:00:47 +1000] "GET /_wp-includes/ HTTP/1.1" 301 666 "-" "Mozilla/5.0 (Windows NT 10.0; Win64; x64) AppleWebKit/537.36 (KHTML, like Gecko) Chrome/91.0.4472.124 Safari/537.36"
34.194.14.255 - - [13/May/2026:07:00:48 +1000] "GET /wp-json/oembed/1.0/embed?url=https://www.coridyan.com/options-ports-on-the-draftkings-gambling-enterprise-penny-progressive-thunderstruck-freespins-higher-rtp-slots/ HTTP/1.1" 200 2491 "-" "Mozilla/5.0 AppleWebKit/537.36 (KHTML, like Gecko; compatible; Amazonbot/0.1; +https://developer.amazon.com/support/amazonbot) Chrome/119.0.6045.214 Safari/537.36"
77.237.244.221 - - [13/May/2026:07:00:49 +1000] "GET /_wp-includes/ HTTP/1.1" 404 36234 "-" "Mozilla/5.0 (Windows NT 10.0; Win64; x64) AppleWebKit/537.36 (KHTML, like Gecko) Chrome/91.0.4472.124 Safari/537.36"
37.187.226.30 - - [13/May/2026:07:00:50 +1000] "GET /20000x-max-win-slot-australia/ HTTP/1.1" 200 40919 "-" "Mozilla/5.0 (compatible; MJ12bot/v1.4.8; http://mj12bot.com/)"
77.237.244.221 - - [13/May/2026:07:00:53 +1000] "GET /_wp-content/ HTTP/1.1" 301 665 "-" "Mozilla/5.0 (Windows NT 10.0; Win64; x64) AppleWebKit/537.36 (KHTML, like Gecko) Chrome/91.0.4472.124 Safari/537.36"
37.187.226.30 - - [13/May/2026:07:00:53 +1000] "GET /?p=10268 HTTP/1.1" 301 416 "-" "Mozilla/5.0 (compatible; MJ12bot/v1.4.8; http://mj12bot.com/)"
3.221.156.96 - - [13/May/2026:07:00:54 +1000] "GET /free-flashdash-pc-login-slots-on-line-societal-gambling-enterprise/feed/ HTTP/1.1" 200 1786 "-" "Mozilla/5.0 AppleWebKit/537.36 (KHTML, like Gecko; compatible; Amazonbot/0.1; +https://developer.amazon.com/support/amazonbot) Chrome/119.0.6045.214 Safari/537.36"
192.178.4.100 - - [13/May/2026:07:00:55 +1000] "GET /?products/detail/55146439 HTTP/1.1" 200 39078 "-" "Mozilla/5.0 (Linux; Android 6.0.1; Nexus 5X Build/MMB29P) AppleWebKit/537.36 (KHTML, like Gecko) Chrome/147.0.7727.137 Mobile Safari/537.36 (compatible; Googlebot/2.1; +http://www.google.com/bot.html)"
77.237.244.221 - - [13/May/2026:07:00:55 +1000] "GET /_wp-content/ HTTP/1.1" 404 36234 "-" "Mozilla/5.0 (Windows NT 10.0; Win64; x64) AppleWebKit/537.36 (KHTML, like Gecko) Chrome/91.0.4472.124 Safari/537.36"
98.83.177.42 - - [13/May/2026:07:00:56 +1000] "GET /finest-free-spins-us-2026-deposit-5-get-20-free-casino-put-no-deposit-incentives/feed/ HTTP/1.1" 200 1829 "-" "Mozilla/5.0 AppleWebKit/537.36 (KHTML, like Gecko; compatible; Amazonbot/0.1; +https://developer.amazon.com/support/amazonbot) Chrome/119.0.6045.214 Safari/537.36"
37.187.226.30 - - [13/May/2026:07:00:57 +1000] "GET /best-casino-that-accepts-entropay/ HTTP/1.1" 200 41131 "-" "Mozilla/5.0 (compatible; MJ12bot/v1.4.8; http://mj12bot.com/)"
77.237.244.221 - - [13/May/2026:07:00:59 +1000] "GET /about/ HTTP/1.1" 301 679 "-" "Mozilla/5.0 (Windows NT 10.0; Win64; x64) AppleWebKit/537.36 (KHTML, like Gecko) Chrome/91.0.4472.124 Safari/537.36"
37.187.226.30 - - [13/May/2026:07:01:00 +1000] "GET /?p=10368 HTTP/1.1" 301 419 "-" "Mozilla/5.0 (compatible; MJ12bot/v1.4.8; http://mj12bot.com/)"
34.236.41.241 - - [13/May/2026:07:01:02 +1000] "GET /wp-json/wp/v2/posts/32184 HTTP/1.1" 200 8537 "-" "Mozilla/5.0 AppleWebKit/537.36 (KHTML, like Gecko; compatible; Amazonbot/0.1; +https://developer.amazon.com/support/amazonbot) Chrome/119.0.6045.214 Safari/537.36"
77.237.244.221 - - [13/May/2026:07:01:01 +1000] "GET /about-online-casino-games/ HTTP/1.1" 200 40852 "-" "Mozilla/5.0 (Windows NT 10.0; Win64; x64) AppleWebKit/537.36 (KHTML, like Gecko) Chrome/91.0.4472.124 Safari/537.36"
37.187.226.30 - - [13/May/2026:07:01:03 +1000] "GET /company-casino-no-deposit-bonus-code/ HTTP/1.1" 200 41080 "-" "Mozilla/5.0 (compatible; MJ12bot/v1.4.8; http://mj12bot.com/)"
77.237.244.221 - - [13/May/2026:07:01:05 +1000] "GET /promo/ HTTP/1.1" 301 671 "-" "Mozilla/5.0 (Windows NT 10.0; Win64; x64) AppleWebKit/537.36 (KHTML, like Gecko) Chrome/91.0.4472.124 Safari/537.36"
54.84.147.79 - - [13/May/2026:07:01:05 +1000] "GET /loaded-hocus-pocus-deluxe-80-free-spins/ HTTP/1.1" 200 42953 "-" "Mozilla/5.0 AppleWebKit/537.36 (KHTML, like Gecko; compatible; Amazonbot/0.1; +https://developer.amazon.com/support/amazonbot) Chrome/119.0.6045.214 Safari/537.36"
37.187.226.30 - - [13/May/2026:07:01:07 +1000] "GET /?p=10444 HTTP/1.1" 301 420 "-" "Mozilla/5.0 (compatible; MJ12bot/v1.4.8; http://mj12bot.com/)"
77.237.244.221 - - [13/May/2026:07:01:08 +1000] "GET /promo-code-casino/ HTTP/1.1" 200 41036 "-" "Mozilla/5.0 (Windows NT 10.0; Win64; x64) AppleWebKit/537.36 (KHTML, like Gecko) Chrome/91.0.4472.124 Safari/537.36"
98.82.59.253 - - [13/May/2026:07:01:08 +1000] "GET /wp-json/oembed/1.0/embed?url=https://www.coridyan.com/bclcs-on-the-web-lotto-sports-casino-thrills-login-gambling-enterprise/ HTTP/1.1" 200 2384 "-" "Mozilla/5.0 AppleWebKit/537.36 (KHTML, like Gecko; compatible; Amazonbot/0.1; +https://developer.amazon.com/support/amazonbot) Chrome/119.0.6045.214 Safari/537.36"
192.178.4.102 - - [13/May/2026:07:01:10 +1000] "POST /wp-admin/admin-ajax.php HTTP/1.1" 200 1278 "https://www.coridyan.com/?products/detail/55146439" "Mozilla/5.0 (Linux; Android 6.0.1; Nexus 5X Build/MMB29P) AppleWebKit/537.36 (KHTML, like Gecko) Chrome/147.0.7727.137 Mobile Safari/537.36 (compatible; Googlebot/2.1; +http://www.google.com/bot.html)"
37.187.226.30 - - [13/May/2026:07:01:10 +1000] "GET /pokies-unlimited-withdrawal-australia/ HTTP/1.1" 200 40466 "-" "Mozilla/5.0 (compatible; MJ12bot/v1.4.8; http://mj12bot.com/)"
77.237.244.221 - - [13/May/2026:07:01:11 +1000] "GET /admin/controller/ HTTP/1.1" 301 670 "-" "Mozilla/5.0 (Windows NT 10.0; Win64; x64) AppleWebKit/537.36 (KHTML, like Gecko) Chrome/91.0.4472.124 Safari/537.36"
52.70.123.241 - - [13/May/2026:07:01:12 +1000] "GET /better-no-deposit-extra-codes-2026-up-to-55-100-percent-free-local-casino-bucks/feed/ HTTP/1.1" 200 1820 "-" "Mozilla/5.0 AppleWebKit/537.36 (KHTML, like Gecko; compatible; Amazonbot/0.1; +https://developer.amazon.com/support/amazonbot) Chrome/119.0.6045.214 Safari/537.36"
192.178.4.100 - - [13/May/2026:07:01:13 +1000] "POST /wp-json/platformist-quadendpointer-sxadtr/v1/s6qgn HTTP/1.1" 403 986 "https://www.coridyan.com/?products/detail/55146439" "Mozilla/5.0 (Linux; Android 6.0.1; Nexus 5X Build/MMB29P) AppleWebKit/537.36 (KHTML, like Gecko) Chrome/147.0.7727.137 Mobile Safari/537.36 (compatible; Googlebot/2.1; +http://www.google.com/bot.html)"
37.187.226.30 - - [13/May/2026:07:01:13 +1000] "GET /?p=10482 HTTP/1.1" 301 416 "-" "Mozilla/5.0 (compatible; MJ12bot/v1.4.8; http://mj12bot.com/)"
77.237.244.221 - - [13/May/2026:07:01:13 +1000] "GET /admin/controller/ HTTP/1.1" 404 36234 "-" "Mozilla/5.0 (Windows NT 10.0; Win64; x64) AppleWebKit/537.36 (KHTML, like Gecko) Chrome/91.0.4472.124 Safari/537.36"
77.237.244.221 - - [13/May/2026:07:01:17 +1000] "GET /sites/default/ HTTP/1.1" 301 667 "-" "Mozilla/5.0 (Windows NT 10.0; Win64; x64) AppleWebKit/537.36 (KHTML, like Gecko) Chrome/91.0.4472.124 Safari/537.36"
37.187.226.30 - - [13/May/2026:07:01:17 +1000] "GET /payid-casino-vip-casino-australia/ HTTP/1.1" 200 41086 "-" "Mozilla/5.0 (compatible; MJ12bot/v1.4.8; http://mj12bot.com/)"
98.80.130.239 - - [13/May/2026:07:01:18 +1000] "GET /wp-json/oembed/1.0/embed?format=xml&url=https://www.coridyan.com/sweet-bonanza-klassisk-idraetsgren-spil-i-yoyospins-indbetalingsbonus-kraft-af-for-kun-1-kr/ HTTP/1.1" 200 2472 "-" "Mozilla/5.0 AppleWebKit/537.36 (KHTML, like Gecko; compatible; Amazonbot/0.1; +https://developer.amazon.com/support/amazonbot) Chrome/119.0.6045.214 Safari/537.36"
57.141.14.100 - - [13/May/2026:07:01:17 +1000] "GET /products/detail/53370829 HTTP/2" 404 137739 "-" "meta-externalagent/1.1 (+https://developers.facebook.com/docs/sharing/webmasters/crawler)"
192.178.4.100 - - [13/May/2026:07:01:17 +1000] "GET /comment.php?products/sealed-pokemon-sword-and-shield-chilling-reign-booster-box-u/11204538/ HTTP/1.1" 200 34346 "-" "Mozilla/5.0 (Linux; Android 6.0.1; Nexus 5X Build/MMB29P) AppleWebKit/537.36 (KHTML, like Gecko) Chrome/147.0.7727.137 Mobile Safari/537.36 (compatible; GoogleOther)"
77.237.244.221 - - [13/May/2026:07:01:19 +1000] "GET /sites/default/ HTTP/1.1" 404 36234 "-" "Mozilla/5.0 (Windows NT 10.0; Win64; x64) AppleWebKit/537.36 (KHTML, like Gecko) Chrome/91.0.4472.124 Safari/537.36"
37.187.226.30 - - [13/May/2026:07:01:20 +1000] "GET /?p=10514 HTTP/1.1" 301 407 "-" "Mozilla/5.0 (compatible; MJ12bot/v1.4.8; http://mj12bot.com/)"
52.5.242.243 - - [13/May/2026:07:01:20 +1000] "GET /gold-rush-on-the-internet-slot-online-game-also-offers-100-percent-free-spins-and-larger-gains/ HTTP/1.1" 200 41411 "-" "Mozilla/5.0 AppleWebKit/537.36 (KHTML, like Gecko; compatible; Amazonbot/0.1; +https://developer.amazon.com/support/amazonbot) Chrome/119.0.6045.214 Safari/537.36"
77.237.244.221 - - [13/May/2026:07:01:23 +1000] "GET /sites/ HTTP/1.1" 301 724 "-" "Mozilla/5.0 (Windows NT 10.0; Win64; x64) AppleWebKit/537.36 (KHTML, like Gecko) Chrome/91.0.4472.124 Safari/537.36"
37.187.226.30 - - [13/May/2026:07:01:24 +1000] "GET /eu-slot-no-deposit-bonus/ HTTP/1.1" 200 40793 "-" "Mozilla/5.0 (compatible; MJ12bot/v1.4.8; http://mj12bot.com/)"
44.223.116.149 - - [13/May/2026:07:01:24 +1000] "GET /wp-json/wp/v2/posts/70514 HTTP/1.1" 200 9165 "-" "Mozilla/5.0 AppleWebKit/537.36 (KHTML, like Gecko; compatible; Amazonbot/0.1; +https://developer.amazon.com/support/amazonbot) Chrome/119.0.6045.214 Safari/537.36"
77.237.244.221 - - [13/May/2026:07:01:25 +1000] "GET /sites-bonus-pikebit-infantilidade-slots-online-acercade-evidencia-2026/ HTTP/1.1" 200 43836 "-" "Mozilla/5.0 (Windows NT 10.0; Win64; x64) AppleWebKit/537.36 (KHTML, like Gecko) Chrome/91.0.4472.124 Safari/537.36"
37.187.226.30 - - [13/May/2026:07:01:27 +1000] "GET /?p=10657 HTTP/1.1" 301 429 "-" "Mozilla/5.0 (compatible; MJ12bot/v1.4.8; http://mj12bot.com/)"
52.200.142.199 - - [13/May/2026:07:01:28 +1000] "GET /wp-json/oembed/1.0/embed?url=https://www.coridyan.com/o-clube-dos-gigantes-do-jogo-de-maquinas-embrulhadas/ HTTP/1.1" 200 2107 "-" "Mozilla/5.0 AppleWebKit/537.36 (KHTML, like Gecko; compatible; Amazonbot/0.1; +https://developer.amazon.com/support/amazonbot) Chrome/119.0.6045.214 Safari/537.36"
77.237.244.221 - - [13/May/2026:07:01:28 +1000] "GET /_inc/ HTTP/1.1" 301 658 "-" "Mozilla/5.0 (Windows NT 10.0; Win64; x64) AppleWebKit/537.36 (KHTML, like Gecko) Chrome/91.0.4472.124 Safari/537.36"
37.187.226.30 - - [13/May/2026:07:01:30 +1000] "GET /play-double-ball-roulette-real-money-australia/ HTTP/1.1" 200 40803 "-" "Mozilla/5.0 (compatible; MJ12bot/v1.4.8; http://mj12bot.com/)"
77.237.244.221 - - [13/May/2026:07:01:31 +1000] "GET /_inc/ HTTP/1.1" 404 36234 "-" "Mozilla/5.0 (Windows NT 10.0; Win64; x64) AppleWebKit/537.36 (KHTML, like Gecko) Chrome/91.0.4472.124 Safari/537.36"
43.130.74.193 - - [13/May/2026:07:01:30 +1000] "GET /casino-bonus-vi-mata-allihopa-svenska-spraket-casino-bonusar-2026/ HTTP/1.1" 200 40932 "-" "Mozilla/5.0 (iPhone; CPU iPhone OS 13_2_3 like Mac OS X) AppleWebKit/605.1.15 (KHTML, like Gecko) Version/13.0.3 Mobile/15E148 Safari/604.1"
98.82.66.172 - - [13/May/2026:07:01:31 +1000] "GET /wp-json/wp/v2/posts/%22https:/www.scam-detector.com/wp-content/uploads/2020/08/blog-1456256268-1024x682.jpg/%22 HTTP/1.1" 404 928 "-" "Mozilla/5.0 AppleWebKit/537.36 (KHTML, like Gecko; compatible; Amazonbot/0.1; +https://developer.amazon.com/support/amazonbot) Chrome/119.0.6045.214 Safari/537.36"
184.73.35.182 - - [13/May/2026:07:01:32 +1000] "GET /how-to-enjoy-and-enjoy-incredible-prizes-within-the-funky-good-fresh-fruit-position/feed/ HTTP/1.1" 200 1830 "-" "Mozilla/5.0 AppleWebKit/537.36 (KHTML, like Gecko; compatible; Amazonbot/0.1; +https://developer.amazon.com/support/amazonbot) Chrome/119.0.6045.214 Safari/537.36"
37.187.226.30 - - [13/May/2026:07:01:34 +1000] "GET /?p=10765 HTTP/1.1" 301 411 "-" "Mozilla/5.0 (compatible; MJ12bot/v1.4.8; http://mj12bot.com/)"
77.237.244.221 - - [13/May/2026:07:01:34 +1000] "GET /stripe/ HTTP/1.1" 301 660 "-" "Mozilla/5.0 (Windows NT 10.0; Win64; x64) AppleWebKit/537.36 (KHTML, like Gecko) Chrome/91.0.4472.124 Safari/537.36"
77.237.244.221 - - [13/May/2026:07:01:37 +1000] "GET /stripe/ HTTP/1.1" 404 36234 "-" "Mozilla/5.0 (Windows NT 10.0; Win64; x64) AppleWebKit/537.36 (KHTML, like Gecko) Chrome/91.0.4472.124 Safari/537.36"
37.187.226.30 - - [13/May/2026:07:01:37 +1000] "GET /online-casino-australia-poli/ HTTP/1.1" 200 40702 "-" "Mozilla/5.0 (compatible; MJ12bot/v1.4.8; http://mj12bot.com/)"
52.200.142.199 - - [13/May/2026:07:01:37 +1000] "GET /wp-json/oembed/1.0/embed?url=https://www.coridyan.com/royal-88-fortunes-slot-panda-gambling-establishment-2026-royalpanda-no-deposit-incentive-rules/ HTTP/1.1" 200 2403 "-" "Mozilla/5.0 AppleWebKit/537.36 (KHTML, like Gecko; compatible; Amazonbot/0.1; +https://developer.amazon.com/support/amazonbot) Chrome/119.0.6045.214 Safari/537.36"
44.215.61.66 - - [13/May/2026:07:01:40 +1000] "GET /wp-json/wp/v2/posts/15456 HTTP/1.1" 200 8778 "-" "Mozilla/5.0 AppleWebKit/537.36 (KHTML, like Gecko; compatible; Amazonbot/0.1; +https://developer.amazon.com/support/amazonbot) Chrome/119.0.6045.214 Safari/537.36"
37.187.226.30 - - [13/May/2026:07:01:40 +1000] "GET /?p=10789 HTTP/1.1" 301 420 "-" "Mozilla/5.0 (compatible; MJ12bot/v1.4.8; http://mj12bot.com/)"
77.237.244.221 - - [13/May/2026:07:01:41 +1000] "GET /testing/ HTTP/1.1" 301 661 "-" "Mozilla/5.0 (Windows NT 10.0; Win64; x64) AppleWebKit/537.36 (KHTML, like Gecko) Chrome/91.0.4472.124 Safari/537.36"
77.237.244.221 - - [13/May/2026:07:01:43 +1000] "GET /testing/ HTTP/1.1" 404 36234 "-" "Mozilla/5.0 (Windows NT 10.0; Win64; x64) AppleWebKit/537.36 (KHTML, like Gecko) Chrome/91.0.4472.124 Safari/537.36"
52.4.76.156 - - [13/May/2026:07:01:44 +1000] "GET /wp-json/oembed/1.0/embed?format=xml&url=https://www.coridyan.com/ramses-2-slot-machine-game-to-play-100-crucial-link-percent-free-inside-the-novolines-on-the-web-casinos/ HTTP/1.1" 200 2480 "-" "Mozilla/5.0 AppleWebKit/537.36 (KHTML, like Gecko; compatible; Amazonbot/0.1; +https://developer.amazon.com/support/amazonbot) Chrome/119.0.6045.214 Safari/537.36"
37.187.226.30 - - [13/May/2026:07:01:44 +1000] "GET /safe-casino-without-licence-australia/ HTTP/1.1" 200 40585 "-" "Mozilla/5.0 (compatible; MJ12bot/v1.4.8; http://mj12bot.com/)"
77.237.244.221 - - [13/May/2026:07:01:47 +1000] "GET /git/ HTTP/1.1" 301 657 "-" "Mozilla/5.0 (Windows NT 10.0; Win64; x64) AppleWebKit/537.36 (KHTML, like Gecko) Chrome/91.0.4472.124 Safari/537.36"
37.187.226.30 - - [13/May/2026:07:01:47 +1000] "GET /?p=10871 HTTP/1.1" 301 425 "-" "Mozilla/5.0 (compatible; MJ12bot/v1.4.8; http://mj12bot.com/)"
192.178.4.100 - - [13/May/2026:07:01:48 +1000] "GET /content.php?product/51138130 HTTP/1.1" 200 30704 "-" "Mozilla/5.0 (Linux; Android 6.0.1; Nexus 5X Build/MMB29P) AppleWebKit/537.36 (KHTML, like Gecko) Chrome/147.0.7727.137 Mobile Safari/537.36 (compatible; GoogleOther)"
77.237.244.221 - - [13/May/2026:07:01:49 +1000] "GET /git/ HTTP/1.1" 404 36234 "-" "Mozilla/5.0 (Windows NT 10.0; Win64; x64) AppleWebKit/537.36 (KHTML, like Gecko) Chrome/91.0.4472.124 Safari/537.36"
18.205.91.101 - - [13/May/2026:07:01:50 +1000] "GET /wp-json/wp/v2/posts/28688 HTTP/1.1" 200 6705 "-" "Mozilla/5.0 AppleWebKit/537.36 (KHTML, like Gecko; compatible; Amazonbot/0.1; +https://developer.amazon.com/support/amazonbot) Chrome/119.0.6045.214 Safari/537.36"
37.187.226.30 - - [13/May/2026:07:01:51 +1000] "GET /australia-casino-sign-up-with-phone-number/ HTTP/1.1" 200 40981 "-" "Mozilla/5.0 (compatible; MJ12bot/v1.4.8; http://mj12bot.com/)"
50.16.248.61 - - [13/May/2026:07:01:52 +1000] "GET /wp-json/wp/v2/posts/72077 HTTP/1.1" 200 7313 "-" "Mozilla/5.0 AppleWebKit/537.36 (KHTML, like Gecko; compatible; Amazonbot/0.1; +https://developer.amazon.com/support/amazonbot) Chrome/119.0.6045.214 Safari/537.36"
54.84.161.62 - - [13/May/2026:07:01:53 +1000] "GET /wp-json/wp/v2/posts/%22https:/s3-media0.fl.yelpcdn.com/bphoto/gj5dW5H1Ryvi0kES6h5Qwg/348s.jpg/%22 HTTP/1.1" 404 928 "-" "Mozilla/5.0 AppleWebKit/537.36 (KHTML, like Gecko; compatible; Amazonbot/0.1; +https://developer.amazon.com/support/amazonbot) Chrome/119.0.6045.214 Safari/537.36"
77.237.244.221 - - [13/May/2026:07:01:53 +1000] "GET /teacher/ HTTP/1.1" 301 661 "-" "Mozilla/5.0 (Windows NT 10.0; Win64; x64) AppleWebKit/537.36 (KHTML, like Gecko) Chrome/91.0.4472.124 Safari/537.36"
37.187.226.30 - - [13/May/2026:07:01:54 +1000] "GET /?p=10935 HTTP/1.1" 301 411 "-" "Mozilla/5.0 (compatible; MJ12bot/v1.4.8; http://mj12bot.com/)"
77.237.244.221 - - [13/May/2026:07:01:56 +1000] "GET /teacher/ HTTP/1.1" 404 36234 "-" "Mozilla/5.0 (Windows NT 10.0; Win64; x64) AppleWebKit/537.36 (KHTML, like Gecko) Chrome/91.0.4472.124 Safari/537.36"
54.235.158.162 - - [13/May/2026:07:01:57 +1000] "GET /wp-json/wp/v2/posts/%22https:/www.nodeposit365.com/images/nd365-crypto-loko-casino-biggest-no-deposit-free-spins-week-12-2-2023.jpg/%22 HTTP/1.1" 404 928 "-" "Mozilla/5.0 AppleWebKit/537.36 (KHTML, like Gecko; compatible; Amazonbot/0.1; +https://developer.amazon.com/support/amazonbot) Chrome/119.0.6045.214 Safari/537.36"
34.225.138.57 - - [13/May/2026:07:01:57 +1000] "GET /wp-json/oembed/1.0/embed?format=xml&url=https://www.coridyan.com/online-casinos-one-undertake-neteller-2026/ HTTP/1.1" 200 2381 "-" "Mozilla/5.0 AppleWebKit/537.36 (KHTML, like Gecko; compatible; Amazonbot/0.1; +https://developer.amazon.com/support/amazonbot) Chrome/119.0.6045.214 Safari/537.36"
57.141.14.94 - - [13/May/2026:07:01:57 +1000] "GET /products/detail/61301728 HTTP/2" 404 137739 "-" "meta-externalagent/1.1 (+https://developers.facebook.com/docs/sharing/webmasters/crawler)"
37.187.226.30 - - [13/May/2026:07:01:58 +1000] "GET /best-50-ways-slots-australia/ HTTP/1.1" 200 41100 "-" "Mozilla/5.0 (compatible; MJ12bot/v1.4.8; http://mj12bot.com/)"
77.237.244.221 - - [13/May/2026:07:01:59 +1000] "GET /streamhub/ HTTP/1.1" 301 663 "-" "Mozilla/5.0 (Windows NT 10.0; Win64; x64) AppleWebKit/537.36 (KHTML, like Gecko) Chrome/91.0.4472.124 Safari/537.36"
3.232.102.111 - - [13/May/2026:07:02:00 +1000] "GET /wp-json/oembed/1.0/embed?format=xml&url=https://www.coridyan.com/dollars-splash-spybet-friday-bonus-rules-step-three-reel-100-percent-free-demo-jackpot/ HTTP/1.1" 200 2444 "-" "Mozilla/5.0 AppleWebKit/537.36 (KHTML, like Gecko; compatible; Amazonbot/0.1; +https://developer.amazon.com/support/amazonbot) Chrome/119.0.6045.214 Safari/537.36"
37.187.226.30 - - [13/May/2026:07:02:01 +1000] "GET /?p=11055 HTTP/1.1" 301 428 "-" "Mozilla/5.0 (compatible; MJ12bot/v1.4.8; http://mj12bot.com/)"
77.237.244.221 - - [13/May/2026:07:02:01 +1000] "GET /streamhub/ HTTP/1.1" 404 36234 "-" "Mozilla/5.0 (Windows NT 10.0; Win64; x64) AppleWebKit/537.36 (KHTML, like Gecko) Chrome/91.0.4472.124 Safari/537.36"
34.204.150.196 - - [13/May/2026:07:02:04 +1000] "GET /wp-json/oembed/1.0/embed?format=xml&url=https://www.coridyan.com/mejores-casinos-con-retirada-instantanea-chile-2026/ HTTP/1.1" 200 2438 "-" "Mozilla/5.0 AppleWebKit/537.36 (KHTML, like Gecko; compatible; Amazonbot/0.1; +https://developer.amazon.com/support/amazonbot) Chrome/119.0.6045.214 Safari/537.36"
37.187.226.30 - - [13/May/2026:07:02:04 +1000] "GET /best-casino-sites-that-accept-echeck-deposits/ HTTP/1.1" 200 41020 "-" "Mozilla/5.0 (compatible; MJ12bot/v1.4.8; http://mj12bot.com/)"
77.237.244.221 - - [13/May/2026:07:02:05 +1000] "GET /bk/ HTTP/1.1" 301 679 "-" "Mozilla/5.0 (Windows NT 10.0; Win64; x64) AppleWebKit/537.36 (KHTML, like Gecko) Chrome/91.0.4472.124 Safari/537.36"
192.178.4.101 - - [13/May/2026:07:02:06 +1000] "GET /comment.php?products/sealed-pokemon-sword-and-shield-chilling-reign-booster-box-u/11204538/ HTTP/1.1" 200 34357 "-" "Mozilla/5.0 (Linux; Android 6.0.1; Nexus 5X Build/MMB29P) AppleWebKit/537.36 (KHTML, like Gecko) Chrome/147.0.7727.137 Mobile Safari/537.36 (compatible; Googlebot/2.1; +http://www.google.com/bot.html)"
77.237.244.221 - - [13/May/2026:07:02:07 +1000] "GET /bk9-casino-200-free-spins/ HTTP/1.1" 200 40829 "-" "Mozilla/5.0 (Windows NT 10.0; Win64; x64) AppleWebKit/537.36 (KHTML, like Gecko) Chrome/91.0.4472.124 Safari/537.36"
37.187.226.30 - - [13/May/2026:07:02:08 +1000] "GET /?p=11099 HTTP/1.1" 301 408 "-" "Mozilla/5.0 (compatible; MJ12bot/v1.4.8; http://mj12bot.com/)"
54.88.84.219 - - [13/May/2026:07:02:08 +1000] "GET /wp-json/oembed/1.0/embed?format=xml&url=https://www.coridyan.com/julkaisu-poissa-passiivisesta-asemasta-playn-i24slot-sovellus-lataa-uusin-versio-wade-mielipide-2026/ HTTP/1.1" 200 2528 "-" "Mozilla/5.0 AppleWebKit/537.36 (KHTML, like Gecko; compatible; Amazonbot/0.1; +https://developer.amazon.com/support/amazonbot) Chrome/119.0.6045.214 Safari/537.36"
77.237.244.221 - - [13/May/2026:07:02:11 +1000] "GET /gst_system/ HTTP/1.1" 301 664 "-" "Mozilla/5.0 (Windows NT 10.0; Win64; x64) AppleWebKit/537.36 (KHTML, like Gecko) Chrome/91.0.4472.124 Safari/537.36"
37.187.226.30 - - [13/May/2026:07:02:11 +1000] "GET /free-spins-10-max-cashout/ HTTP/1.1" 200 40679 "-" "Mozilla/5.0 (compatible; MJ12bot/v1.4.8; http://mj12bot.com/)"
107.20.224.184 - - [13/May/2026:07:02:12 +1000] "GET /wp-json/oembed/1.0/embed?format=xml&url=https://www.coridyan.com/mr-hugo-spiel-zum-spas-green-spielsaal/ HTTP/1.1" 200 2426 "-" "Mozilla/5.0 AppleWebKit/537.36 (KHTML, like Gecko; compatible; Amazonbot/0.1; +https://developer.amazon.com/support/amazonbot) Chrome/119.0.6045.214 Safari/537.36"
77.237.244.221 - - [13/May/2026:07:02:14 +1000] "GET /gst_system/ HTTP/1.1" 404 36234 "-" "Mozilla/5.0 (Windows NT 10.0; Win64; x64) AppleWebKit/537.36 (KHTML, like Gecko) Chrome/91.0.4472.124 Safari/537.36"
37.187.226.30 - - [13/May/2026:07:02:14 +1000] "GET /?p=11285 HTTP/1.1" 301 439 "-" "Mozilla/5.0 (compatible; MJ12bot/v1.4.8; http://mj12bot.com/)"
52.54.157.23 - - [13/May/2026:07:02:16 +1000] "GET /wp-json/oembed/1.0/embed?format=xml&url=https://www.coridyan.com/pharaohs-cost-supe-it-up-online-slot-video-slot-play-it-now-for-100-percent-free/ HTTP/1.1" 200 2391 "-" "Mozilla/5.0 AppleWebKit/537.36 (KHTML, like Gecko; compatible; Amazonbot/0.1; +https://developer.amazon.com/support/amazonbot) Chrome/119.0.6045.214 Safari/537.36"
77.237.244.221 - - [13/May/2026:07:02:18 +1000] "GET /ticket/ HTTP/1.1" 301 660 "-" "Mozilla/5.0 (Windows NT 10.0; Win64; x64) AppleWebKit/537.36 (KHTML, like Gecko) Chrome/91.0.4472.124 Safari/537.36"
37.187.226.30 - - [13/May/2026:07:02:18 +1000] "GET /free-online-casino-blackjack-no-download-no-registration/ HTTP/1.1" 200 41108 "-" "Mozilla/5.0 (compatible; MJ12bot/v1.4.8; http://mj12bot.com/)"
77.237.244.221 - - [13/May/2026:07:02:20 +1000] "GET /ticket/ HTTP/1.1" 404 36234 "-" "Mozilla/5.0 (Windows NT 10.0; Win64; x64) AppleWebKit/537.36 (KHTML, like Gecko) Chrome/91.0.4472.124 Safari/537.36"
37.187.226.30 - - [13/May/2026:07:02:21 +1000] "GET /?p=11683 HTTP/1.1" 301 428 "-" "Mozilla/5.0 (compatible; MJ12bot/v1.4.8; http://mj12bot.com/)"
192.178.4.100 - - [13/May/2026:07:02:20 +1000] "GET /content.php?product/95476810 HTTP/1.1" 200 28250 "-" "Mozilla/5.0 (Linux; Android 6.0.1; Nexus 5X Build/MMB29P) AppleWebKit/537.36 (KHTML, like Gecko) Chrome/147.0.7727.137 Mobile Safari/537.36 (compatible; GoogleOther)"
57.141.14.91 - - [13/May/2026:07:02:21 +1000] "GET /products/detail/62103466 HTTP/2" 404 137739 "-" "meta-externalagent/1.1 (+https://developers.facebook.com/docs/sharing/webmasters/crawler)"
3.208.156.9 - - [13/May/2026:07:02:22 +1000] "GET /wp-json/oembed/1.0/embed?format=xml&url=https://www.coridyan.com/instrument-a-thunes-santas-wild-cat-inventaire-sans-aucun-frais-prime/ HTTP/1.1" 200 2438 "-" "Mozilla/5.0 AppleWebKit/537.36 (KHTML, like Gecko; compatible; Amazonbot/0.1; +https://developer.amazon.com/support/amazonbot) Chrome/119.0.6045.214 Safari/537.36"
77.237.244.221 - - [13/May/2026:07:02:24 +1000] "GET /lab/ HTTP/1.1" 301 788 "-" "Mozilla/5.0 (Windows NT 10.0; Win64; x64) AppleWebKit/537.36 (KHTML, like Gecko) Chrome/91.0.4472.124 Safari/537.36"
54.243.63.52 - - [13/May/2026:07:02:24 +1000] "GET /wp-json/wp/v2/posts/15343 HTTP/1.1" 200 9103 "-" "Mozilla/5.0 AppleWebKit/537.36 (KHTML, like Gecko; compatible; Amazonbot/0.1; +https://developer.amazon.com/support/amazonbot) Chrome/119.0.6045.214 Safari/537.36"
37.187.226.30 - - [13/May/2026:07:02:25 +1000] "GET /minimum-3-deposit-debit-card-casino-australia/ HTTP/1.1" 200 40971 "-" "Mozilla/5.0 (compatible; MJ12bot/v1.4.8; http://mj12bot.com/)"
77.237.244.221 - - [13/May/2026:07:02:26 +1000] "GET /labakas-asv-kazino-programmas-un-labaka-izvele-lai-mobilo-azartspelu-bizness-speletu-kazino-bez-depozita-vulkan-spiele-2026-gada-marta/ HTTP/1.1" 200 41217 "-" "Mozilla/5.0 (Windows NT 10.0; Win64; x64) AppleWebKit/537.36 (KHTML, like Gecko) Chrome/91.0.4472.124 Safari/537.36"
37.187.226.30 - - [13/May/2026:07:02:28 +1000] "GET /?p=11849 HTTP/1.1" 301 414 "-" "Mozilla/5.0 (compatible; MJ12bot/v1.4.8; http://mj12bot.com/)"
18.205.91.101 - - [13/May/2026:07:02:28 +1000] "GET /finest-web-based-casinos-accepting-slot-gold-boom-boku-within-the-canada-for-easy-cellular-repayments/ HTTP/1.1" 200 42060 "-" "Mozilla/5.0 AppleWebKit/537.36 (KHTML, like Gecko; compatible; Amazonbot/0.1; +https://developer.amazon.com/support/amazonbot) Chrome/119.0.6045.214 Safari/537.36"
77.237.244.221 - - [13/May/2026:07:02:29 +1000] "GET /wszool/ HTTP/1.1" 301 660 "-" "Mozilla/5.0 (Windows NT 10.0; Win64; x64) AppleWebKit/537.36 (KHTML, like Gecko) Chrome/91.0.4472.124 Safari/537.36"
3.226.106.93 - - [13/May/2026:07:02:32 +1000] "GET /dracula-castigurilor-de-noroc/feed/ HTTP/1.1" 200 1671 "-" "Mozilla/5.0 AppleWebKit/537.36 (KHTML, like Gecko; compatible; Amazonbot/0.1; +https://developer.amazon.com/support/amazonbot) Chrome/119.0.6045.214 Safari/537.36"
77.237.244.221 - - [13/May/2026:07:02:32 +1000] "GET /wszool/ HTTP/1.1" 404 36234 "-" "Mozilla/5.0 (Windows NT 10.0; Win64; x64) AppleWebKit/537.36 (KHTML, like Gecko) Chrome/91.0.4472.124 Safari/537.36"
37.187.226.30 - - [13/May/2026:07:02:32 +1000] "GET /mobile-slots-games-casino-bonus/ HTTP/1.1" 200 41278 "-" "Mozilla/5.0 (compatible; MJ12bot/v1.4.8; http://mj12bot.com/)"
37.187.226.30 - - [13/May/2026:07:02:35 +1000] "GET /?p=32572 HTTP/1.1" 301 424 "-" "Mozilla/5.0 (compatible; MJ12bot/v1.4.8; http://mj12bot.com/)"
77.237.244.221 - - [13/May/2026:07:02:35 +1000] "GET /stockapi/ HTTP/1.1" 301 662 "-" "Mozilla/5.0 (Windows NT 10.0; Win64; x64) AppleWebKit/537.36 (KHTML, like Gecko) Chrome/91.0.4472.124 Safari/537.36"
44.197.76.210 - - [13/May/2026:07:02:37 +1000] "GET /online-casinon-med-svensk-person-koncession-1934/feed/ HTTP/1.1" 200 1725 "-" "Mozilla/5.0 AppleWebKit/537.36 (KHTML, like Gecko; compatible; Amazonbot/0.1; +https://developer.amazon.com/support/amazonbot) Chrome/119.0.6045.214 Safari/537.36"
57.141.14.97 - - [13/May/2026:07:02:37 +1000] "GET /products/detail/64534060 HTTP/2" 404 137739 "-" "meta-externalagent/1.1 (+https://developers.facebook.com/docs/sharing/webmasters/crawler)"
77.237.244.221 - - [13/May/2026:07:02:38 +1000] "GET /stockapi/ HTTP/1.1" 404 36234 "-" "Mozilla/5.0 (Windows NT 10.0; Win64; x64) AppleWebKit/537.36 (KHTML, like Gecko) Chrome/91.0.4472.124 Safari/537.36"
37.187.226.30 - - [13/May/2026:07:02:38 +1000] "GET /no-deposit-bonus-codes-for-online-casinos/ HTTP/1.1" 200 40846 "-" "Mozilla/5.0 (compatible; MJ12bot/v1.4.8; http://mj12bot.com/)"
50.19.102.70 - - [13/May/2026:07:02:40 +1000] "GET /wp-json/oembed/1.0/embed?format=xml&url=https://www.coridyan.com/angeschlossen-slot-hot-target-spiel-spiele/ HTTP/1.1" 200 2447 "-" "Mozilla/5.0 AppleWebKit/537.36 (KHTML, like Gecko; compatible; Amazonbot/0.1; +https://developer.amazon.com/support/amazonbot) Chrome/119.0.6045.214 Safari/537.36"
51.161.65.233 - - [13/May/2026:07:02:40 +1000] "GET /nv-casino-a-jatekosok-uj-kedvence-az-online-szerencsejatekban/ HTTP/2" 404 35506 "-" "Mozilla/5.0 (compatible; AhrefsBot/7.0; +http://ahrefs.com/robot/)"
77.237.244.221 - - [13/May/2026:07:02:41 +1000] "GET /labs/ HTTP/1.1" 301 658 "-" "Mozilla/5.0 (Windows NT 10.0; Win64; x64) AppleWebKit/537.36 (KHTML, like Gecko) Chrome/91.0.4472.124 Safari/537.36"
37.187.226.30 - - [13/May/2026:07:02:42 +1000] "GET /?p=32638 HTTP/1.1" 301 409 "-" "Mozilla/5.0 (compatible; MJ12bot/v1.4.8; http://mj12bot.com/)"
3.226.106.93 - - [13/May/2026:07:02:44 +1000] "GET /wp-json/oembed/1.0/embed?url=https://www.coridyan.com/cashapillar-totally-free-casino-goldbet-free-spins-existing-customers-no-deposit-slot-games/ HTTP/1.1" 200 2393 "-" "Mozilla/5.0 AppleWebKit/537.36 (KHTML, like Gecko; compatible; Amazonbot/0.1; +https://developer.amazon.com/support/amazonbot) Chrome/119.0.6045.214 Safari/537.36"
77.237.244.221 - - [13/May/2026:07:02:44 +1000] "GET /labs/ HTTP/1.1" 404 36234 "-" "Mozilla/5.0 (Windows NT 10.0; Win64; x64) AppleWebKit/537.36 (KHTML, like Gecko) Chrome/91.0.4472.124 Safari/537.36"
37.187.226.30 - - [13/May/2026:07:02:45 +1000] "GET /how-to-make-money-gambling/ HTTP/1.1" 200 40723 "-" "Mozilla/5.0 (compatible; MJ12bot/v1.4.8; http://mj12bot.com/)"
77.237.244.221 - - [13/May/2026:07:02:48 +1000] "GET /www/ HTTP/1.1" 301 657 "-" "Mozilla/5.0 (Windows NT 10.0; Win64; x64) AppleWebKit/537.36 (KHTML, like Gecko) Chrome/91.0.4472.124 Safari/537.36"
184.73.167.217 - - [13/May/2026:07:02:48 +1000] "GET /wp-json/wp/v2/posts/70768 HTTP/1.1" 200 7698 "-" "Mozilla/5.0 AppleWebKit/537.36 (KHTML, like Gecko; compatible; Amazonbot/0.1; +https://developer.amazon.com/support/amazonbot) Chrome/119.0.6045.214 Safari/537.36"
37.187.226.30 - - [13/May/2026:07:02:49 +1000] "GET /?p=32684 HTTP/1.1" 301 416 "-" "Mozilla/5.0 (compatible; MJ12bot/v1.4.8; http://mj12bot.com/)"
77.237.244.221 - - [13/May/2026:07:02:50 +1000] "GET /www/ HTTP/1.1" 404 36234 "-" "Mozilla/5.0 (Windows NT 10.0; Win64; x64) AppleWebKit/537.36 (KHTML, like Gecko) Chrome/91.0.4472.124 Safari/537.36"
54.84.147.79 - - [13/May/2026:07:02:53 +1000] "GET /wp-json/oembed/1.0/embed?url=https://www.coridyan.com/moneywatch-financial-news-industry-financing-and-market-information-your-bank-account-tool-recalls-flashdash-contact-in-australia-current-each-day/ HTTP/1.1" 200 2470 "-" "Mozilla/5.0 AppleWebKit/537.36 (KHTML, like Gecko; compatible; Amazonbot/0.1; +https://developer.amazon.com/support/amazonbot) Chrome/119.0.6045.214 Safari/537.36"
77.237.244.221 - - [13/May/2026:07:02:53 +1000] "GET /xipada/ HTTP/1.1" 301 660 "-" "Mozilla/5.0 (Windows NT 10.0; Win64; x64) AppleWebKit/537.36 (KHTML, like Gecko) Chrome/91.0.4472.124 Safari/537.36"
37.187.226.30 - - [13/May/2026:07:02:52 +1000] "GET /free-roulette-online-game-for-fun/ HTTP/1.1" 200 40482 "-" "Mozilla/5.0 (compatible; MJ12bot/v1.4.8; http://mj12bot.com/)"
52.4.213.199 - - [13/May/2026:07:02:54 +1000] "GET /wp-json/wp/v2/posts/%22https:/m.media-amazon.com/images/I/41eOEK8UQ5L._UXNaN_FMjpg_QL85_.jpg/%22 HTTP/1.1" 404 928 "-" "Mozilla/5.0 AppleWebKit/537.36 (KHTML, like Gecko; compatible; Amazonbot/0.1; +https://developer.amazon.com/support/amazonbot) Chrome/119.0.6045.214 Safari/537.36"
192.178.4.100 - - [13/May/2026:07:02:52 +1000] "GET /content.php?product/74160898 HTTP/1.1" 200 28116 "-" "Mozilla/5.0 (Linux; Android 6.0.1; Nexus 5X Build/MMB29P) AppleWebKit/537.36 (KHTML, like Gecko) Chrome/147.0.7727.137 Mobile Safari/537.36 (compatible; GoogleOther)"
77.237.244.221 - - [13/May/2026:07:02:55 +1000] "GET /xipada/ HTTP/1.1" 404 36234 "-" "Mozilla/5.0 (Windows NT 10.0; Win64; x64) AppleWebKit/537.36 (KHTML, like Gecko) Chrome/91.0.4472.124 Safari/537.36"
50.16.248.61 - - [13/May/2026:07:02:56 +1000] "GET /wp-json/oembed/1.0/embed?format=xml&url=https://www.coridyan.com/enjoy-super-joker-on-the-no-deposit-free-chip-casinos-web-choose-totally-free-and-for-real-cash/ HTTP/1.1" 200 2482 "-" "Mozilla/5.0 AppleWebKit/537.36 (KHTML, like Gecko; compatible; Amazonbot/0.1; +https://developer.amazon.com/support/amazonbot) Chrome/119.0.6045.214 Safari/537.36"
37.187.226.30 - - [13/May/2026:07:02:56 +1000] "GET /?p=32822 HTTP/1.1" 301 439 "-" "Mozilla/5.0 (compatible; MJ12bot/v1.4.8; http://mj12bot.com/)"
54.235.125.129 - - [13/May/2026:07:02:57 +1000] "GET /wp-json/wp/v2/posts/%22https:/www.allfreechips.com/image/slots/ca/captain_america_the_first_avenger10341.jpg/%22 HTTP/1.1" 404 928 "-" "Mozilla/5.0 AppleWebKit/537.36 (KHTML, like Gecko; compatible; Amazonbot/0.1; +https://developer.amazon.com/support/amazonbot) Chrome/119.0.6045.214 Safari/537.36"
77.237.244.221 - - [13/May/2026:07:02:59 +1000] "GET /live/ HTTP/1.1" 301 690 "-" "Mozilla/5.0 (Windows NT 10.0; Win64; x64) AppleWebKit/537.36 (KHTML, like Gecko) Chrome/91.0.4472.124 Safari/537.36"
37.187.226.30 - - [13/May/2026:07:03:00 +1000] "GET /eldoah-casino-no-deposit-bonus-codes-for-free-spins-2026/ HTTP/1.1" 200 40946 "-" "Mozilla/5.0 (compatible; MJ12bot/v1.4.8; http://mj12bot.com/)"
52.6.97.88 - - [13/May/2026:07:03:01 +1000] "GET /casino-akkvisisjon-2026-finn-de-beste-casinobonusene-inne-i-norge/ HTTP/1.1" 200 42443 "-" "Mozilla/5.0 AppleWebKit/537.36 (KHTML, like Gecko; compatible; Amazonbot/0.1; +https://developer.amazon.com/support/amazonbot) Chrome/119.0.6045.214 Safari/537.36"
77.237.244.221 - - [13/May/2026:07:03:01 +1000] "GET /live-american-roulette-online-casino/ HTTP/1.1" 200 41043 "-" "Mozilla/5.0 (Windows NT 10.0; Win64; x64) AppleWebKit/537.36 (KHTML, like Gecko) Chrome/91.0.4472.124 Safari/537.36"
37.187.226.30 - - [13/May/2026:07:03:03 +1000] "GET /?p=32825 HTTP/1.1" 301 403 "-" "Mozilla/5.0 (compatible; MJ12bot/v1.4.8; http://mj12bot.com/)"
52.44.174.136 - - [13/May/2026:07:03:04 +1000] "GET /wp-json/oembed/1.0/embed?url=https://www.coridyan.com/alltsamman-apollo-god-of-the-sun-ingen-insattning-forsavit-bankid-casinon-pa-inter/ HTTP/1.1" 200 2471 "-" "Mozilla/5.0 AppleWebKit/537.36 (KHTML, like Gecko; compatible; Amazonbot/0.1; +https://developer.amazon.com/support/amazonbot) Chrome/119.0.6045.214 Safari/537.36"
77.237.244.221 - - [13/May/2026:07:03:05 +1000] "GET /straighttalk/ HTTP/1.1" 301 666 "-" "Mozilla/5.0 (Windows NT 10.0; Win64; x64) AppleWebKit/537.36 (KHTML, like Gecko) Chrome/91.0.4472.124 Safari/537.36"
47.82.9.4 - - [13/May/2026:07:03:05 +1000] "GET /tennis-united-states-unlock-champions-list-complete-title-history/ HTTP/1.1" 200 42150 "https://www.coridyan.com/" "Mozilla/5.0 (Windows NT 10.0; Win64; x64) AppleWebKit/537.36 (KHTML, like Gecko) Chrome/135.0.0.0 Safari/537.36 Edg/135.0.0.0"
37.187.226.30 - - [13/May/2026:07:03:07 +1000] "GET /blackjack-uk-version/ HTTP/1.1" 200 40927 "-" "Mozilla/5.0 (compatible; MJ12bot/v1.4.8; http://mj12bot.com/)"
3.227.180.70 - - [13/May/2026:07:03:08 +1000] "GET /wp-json/oembed/1.0/embed?url=https://www.coridyan.com/aviator-oyununu-nec-yuklmk-v-qurasdirmaq-olar-detalli-rhbr/ HTTP/1.1" 200 2445 "-" "Mozilla/5.0 AppleWebKit/537.36 (KHTML, like Gecko; compatible; Amazonbot/0.1; +https://developer.amazon.com/support/amazonbot) Chrome/119.0.6045.214 Safari/537.36"
77.237.244.221 - - [13/May/2026:07:03:08 +1000] "GET /straighttalk/ HTTP/1.1" 404 36234 "-" "Mozilla/5.0 (Windows NT 10.0; Win64; x64) AppleWebKit/537.36 (KHTML, like Gecko) Chrome/91.0.4472.124 Safari/537.36"
37.187.226.30 - - [13/May/2026:07:03:10 +1000] "GET /?p=33081 HTTP/1.1" 301 427 "-" "Mozilla/5.0 (compatible; MJ12bot/v1.4.8; http://mj12bot.com/)"
77.237.244.221 - - [13/May/2026:07:03:11 +1000] "GET /yiiold/ HTTP/1.1" 301 660 "-" "Mozilla/5.0 (Windows NT 10.0; Win64; x64) AppleWebKit/537.36 (KHTML, like Gecko) Chrome/91.0.4472.124 Safari/537.36"
54.235.158.162 - - [13/May/2026:07:03:12 +1000] "GET /wp-json/wp/v2/posts/30126 HTTP/1.1" 200 7847 "-" "Mozilla/5.0 AppleWebKit/537.36 (KHTML, like Gecko; compatible; Amazonbot/0.1; +https://developer.amazon.com/support/amazonbot) Chrome/119.0.6045.214 Safari/537.36"
77.237.244.221 - - [13/May/2026:07:03:14 +1000] "GET /yiiold/ HTTP/1.1" 404 36234 "-" "Mozilla/5.0 (Windows NT 10.0; Win64; x64) AppleWebKit/537.36 (KHTML, like Gecko) Chrome/91.0.4472.124 Safari/537.36"
37.187.226.30 - - [13/May/2026:07:03:14 +1000] "GET /what-casinos-have-roulette-in-united-kingdom/ HTTP/1.1" 200 41030 "-" "Mozilla/5.0 (compatible; MJ12bot/v1.4.8; http://mj12bot.com/)"
100.29.107.38 - - [13/May/2026:07:03:16 +1000] "GET /wp-json/wp/v2/posts/55022 HTTP/1.1" 200 7576 "-" "Mozilla/5.0 AppleWebKit/537.36 (KHTML, like Gecko; compatible; Amazonbot/0.1; +https://developer.amazon.com/support/amazonbot) Chrome/119.0.6045.214 Safari/537.36"
52.2.83.227 - - [13/May/2026:07:03:17 +1000] "GET /wp-json/wp/v2/posts/%22https:/www.cnty.com/fileadmin/_processed_/a/a/csm_1_EDM_d55ff7ca9d.jpg/%22 HTTP/1.1" 404 928 "-" "Mozilla/5.0 AppleWebKit/537.36 (KHTML, like Gecko; compatible; Amazonbot/0.1; +https://developer.amazon.com/support/amazonbot) Chrome/119.0.6045.214 Safari/537.36"
77.237.244.221 - - [13/May/2026:07:03:17 +1000] "GET /sonvuhong/ HTTP/1.1" 301 663 "-" "Mozilla/5.0 (Windows NT 10.0; Win64; x64) AppleWebKit/537.36 (KHTML, like Gecko) Chrome/91.0.4472.124 Safari/537.36"
37.187.226.30 - - [13/May/2026:07:03:18 +1000] "GET /?p=33265 HTTP/1.1" 301 438 "-" "Mozilla/5.0 (compatible; MJ12bot/v1.4.8; http://mj12bot.com/)"
192.178.4.101 - - [13/May/2026:07:03:18 +1000] "GET /?products/detail/63400654 HTTP/1.1" 200 39089 "-" "Mozilla/5.0 (Linux; Android 6.0.1; Nexus 5X Build/MMB29P) AppleWebKit/537.36 (KHTML, like Gecko) Chrome/147.0.7727.137 Mobile Safari/537.36 (compatible; Googlebot/2.1; +http://www.google.com/bot.html)"
54.167.32.123 - - [13/May/2026:07:03:20 +1000] "GET /wp-json/oembed/1.0/embed?url=https://www.coridyan.com/bet3000-app-2026-fur-androide-ios-iphone-inoffizieller-mitarbeiter-test/ HTTP/1.1" 200 2519 "-" "Mozilla/5.0 AppleWebKit/537.36 (KHTML, like Gecko; compatible; Amazonbot/0.1; +https://developer.amazon.com/support/amazonbot) Chrome/119.0.6045.214 Safari/537.36"
77.237.244.221 - - [13/May/2026:07:03:20 +1000] "GET /sonvuhong/ HTTP/1.1" 404 36234 "-" "Mozilla/5.0 (Windows NT 10.0; Win64; x64) AppleWebKit/537.36 (KHTML, like Gecko) Chrome/91.0.4472.124 Safari/537.36"
37.187.226.30 - - [13/May/2026:07:03:21 +1000] "GET /betpt-casino-no-deposit-bonus-codes-for-free-spins-2026/ HTTP/1.1" 200 41196 "-" "Mozilla/5.0 (compatible; MJ12bot/v1.4.8; http://mj12bot.com/)"
77.237.244.221 - - [13/May/2026:07:03:23 +1000] "GET /socios/ HTTP/1.1" 301 660 "-" "Mozilla/5.0 (Windows NT 10.0; Win64; x64) AppleWebKit/537.36 (KHTML, like Gecko) Chrome/91.0.4472.124 Safari/537.36"
44.213.202.136 - - [13/May/2026:07:03:24 +1000] "GET /wp-json/oembed/1.0/embed?format=xml&url=https://www.coridyan.com/online-casinon-med-svensk-person-koncession-1934/ HTTP/1.1" 200 2443 "-" "Mozilla/5.0 AppleWebKit/537.36 (KHTML, like Gecko; compatible; Amazonbot/0.1; +https://developer.amazon.com/support/amazonbot) Chrome/119.0.6045.214 Safari/537.36"
192.178.4.100 - - [13/May/2026:07:03:24 +1000] "POST /wp-admin/admin-ajax.php HTTP/1.1" 200 1277 "https://www.coridyan.com/?products/detail/63400654" "Mozilla/5.0 (Linux; Android 6.0.1; Nexus 5X Build/MMB29P) AppleWebKit/537.36 (KHTML, like Gecko) Chrome/147.0.7727.137 Mobile Safari/537.36 (compatible; Googlebot/2.1; +http://www.google.com/bot.html)"
37.187.226.30 - - [13/May/2026:07:03:24 +1000] "GET /?p=33360 HTTP/1.1" 301 412 "-" "Mozilla/5.0 (compatible; MJ12bot/v1.4.8; http://mj12bot.com/)"
77.237.244.221 - - [13/May/2026:07:03:25 +1000] "GET /socios/ HTTP/1.1" 404 36234 "-" "Mozilla/5.0 (Windows NT 10.0; Win64; x64) AppleWebKit/537.36 (KHTML, like Gecko) Chrome/91.0.4472.124 Safari/537.36"
57.141.14.30 - - [13/May/2026:07:03:26 +1000] "GET /products/detail/68750713 HTTP/2" 404 137739 "-" "meta-externalagent/1.1 (+https://developers.facebook.com/docs/sharing/webmasters/crawler)"
44.193.102.198 - - [13/May/2026:07:03:28 +1000] "GET /seriose-angeschlossen-casinos-2026-die-slot-phoenix-reborn-traktandum-5-im-abmachung/feed/ HTTP/1.1" 200 1834 "-" "Mozilla/5.0 AppleWebKit/537.36 (KHTML, like Gecko; compatible; Amazonbot/0.1; +https://developer.amazon.com/support/amazonbot) Chrome/119.0.6045.214 Safari/537.36"
37.187.226.30 - - [13/May/2026:07:03:28 +1000] "GET /jackpot-city-casino-online-uk/ HTTP/1.1" 200 40932 "-" "Mozilla/5.0 (compatible; MJ12bot/v1.4.8; http://mj12bot.com/)"
77.237.244.221 - - [13/May/2026:07:03:29 +1000] "GET /spartacus/ HTTP/1.1" 301 728 "-" "Mozilla/5.0 (Windows NT 10.0; Win64; x64) AppleWebKit/537.36 (KHTML, like Gecko) Chrome/91.0.4472.124 Safari/537.36"
192.178.4.100 - - [13/May/2026:07:03:30 +1000] "POST /wp-json/platformist-quadendpointer-sxadtr/v1/s6qgn HTTP/1.1" 200 1683 "https://www.coridyan.com/?products/detail/63400654" "Mozilla/5.0 (Linux; Android 6.0.1; Nexus 5X Build/MMB29P) AppleWebKit/537.36 (KHTML, like Gecko) Chrome/147.0.7727.137 Mobile Safari/537.36 (compatible; Googlebot/2.1; +http://www.google.com/bot.html)"
37.187.226.30 - - [13/May/2026:07:03:31 +1000] "GET /?p=34420 HTTP/1.1" 301 412 "-" "Mozilla/5.0 (compatible; MJ12bot/v1.4.8; http://mj12bot.com/)"
77.237.244.221 - - [13/May/2026:07:03:31 +1000] "GET /spartacus-casino-slot-games-enjoy-free-slot-video-game-by-wms-no-down-load/ HTTP/1.1" 200 41669 "-" "Mozilla/5.0 (Windows NT 10.0; Win64; x64) AppleWebKit/537.36 (KHTML, like Gecko) Chrome/91.0.4472.124 Safari/537.36"
3.215.59.93 - - [13/May/2026:07:03:32 +1000] "GET /wp-json/oembed/1.0/embed?url=https://www.coridyan.com/dive-to-the-deep-that-have-higher-blue-slot-in-order-to-earn-big/ HTTP/1.1" 200 2399 "-" "Mozilla/5.0 AppleWebKit/537.36 (KHTML, like Gecko; compatible; Amazonbot/0.1; +https://developer.amazon.com/support/amazonbot) Chrome/119.0.6045.214 Safari/537.36"
77.237.244.221 - - [13/May/2026:07:03:35 +1000] "GET /spd/ HTTP/1.1" 301 657 "-" "Mozilla/5.0 (Windows NT 10.0; Win64; x64) AppleWebKit/537.36 (KHTML, like Gecko) Chrome/91.0.4472.124 Safari/537.36"
37.187.226.30 - - [13/May/2026:07:03:35 +1000] "GET /double-zero-american-roulette/ HTTP/1.1" 200 40862 "-" "Mozilla/5.0 (compatible; MJ12bot/v1.4.8; http://mj12bot.com/)"
23.21.225.190 - - [13/May/2026:07:03:37 +1000] "GET /wp-json/wp/v2/posts/14253 HTTP/1.1" 200 8132 "-" "Mozilla/5.0 AppleWebKit/537.36 (KHTML, like Gecko; compatible; Amazonbot/0.1; +https://developer.amazon.com/support/amazonbot) Chrome/119.0.6045.214 Safari/537.36"
77.237.244.221 - - [13/May/2026:07:03:37 +1000] "GET /spd/ HTTP/1.1" 404 36234 "-" "Mozilla/5.0 (Windows NT 10.0; Win64; x64) AppleWebKit/537.36 (KHTML, like Gecko) Chrome/91.0.4472.124 Safari/537.36"
37.187.226.30 - - [13/May/2026:07:03:38 +1000] "GET /?p=36396 HTTP/1.1" 301 408 "-" "Mozilla/5.0 (compatible; MJ12bot/v1.4.8; http://mj12bot.com/)"
192.178.4.100 - - [13/May/2026:07:03:37 +1000] "GET /content.php?product/39411394 HTTP/1.1" 200 28829 "-" "Mozilla/5.0 (Linux; Android 6.0.1; Nexus 5X Build/MMB29P) AppleWebKit/537.36 (KHTML, like Gecko) Chrome/147.0.7727.137 Mobile Safari/537.36 (compatible; GoogleOther)"
3.212.205.90 - - [13/May/2026:07:03:40 +1000] "GET /wp-json/wp/v2/posts/56091 HTTP/1.1" 200 8711 "-" "Mozilla/5.0 AppleWebKit/537.36 (KHTML, like Gecko; compatible; Amazonbot/0.1; +https://developer.amazon.com/support/amazonbot) Chrome/119.0.6045.214 Safari/537.36"
77.237.244.221 - - [13/May/2026:07:03:40 +1000] "GET /splurbAPI/ HTTP/1.1" 301 663 "-" "Mozilla/5.0 (Windows NT 10.0; Win64; x64) AppleWebKit/537.36 (KHTML, like Gecko) Chrome/91.0.4472.124 Safari/537.36"
57.141.14.28 - - [13/May/2026:07:03:40 +1000] "GET /products/detail/61483528 HTTP/2" 404 137739 "-" "meta-externalagent/1.1 (+https://developers.facebook.com/docs/sharing/webmasters/crawler)"
44.217.255.167 - - [13/May/2026:07:03:42 +1000] "GET /wp-json/wp/v2/posts/%22https:/www.minimumdepositcasinos.org/wp-content/uploads/2020/06/casinoin-casino-logo-400x400-1.jpg/%22 HTTP/1.1" 404 928 "-" "Mozilla/5.0 AppleWebKit/537.36 (KHTML, like Gecko; compatible; Amazonbot/0.1; +https://developer.amazon.com/support/amazonbot) Chrome/119.0.6045.214 Safari/537.36"
37.187.226.30 - - [13/May/2026:07:03:42 +1000] "GET /best-free-online-slots-uk/ HTTP/1.1" 200 41233 "-" "Mozilla/5.0 (compatible; MJ12bot/v1.4.8; http://mj12bot.com/)"
77.237.244.221 - - [13/May/2026:07:03:42 +1000] "GET /splurbAPI/ HTTP/1.1" 404 36234 "-" "Mozilla/5.0 (Windows NT 10.0; Win64; x64) AppleWebKit/537.36 (KHTML, like Gecko) Chrome/91.0.4472.124 Safari/537.36"
52.204.37.237 - - [13/May/2026:07:03:44 +1000] "GET /wp-json/wp/v2/posts/16854 HTTP/1.1" 200 8895 "-" "Mozilla/5.0 AppleWebKit/537.36 (KHTML, like Gecko; compatible; Amazonbot/0.1; +https://developer.amazon.com/support/amazonbot) Chrome/119.0.6045.214 Safari/537.36"
192.178.4.100 - - [13/May/2026:07:03:43 +1000] "POST /wp-json/platformist-quadendpointer-sxadtr/v1/s6qgn HTTP/1.1" 200 2527 "https://www.coridyan.com/?products/detail/63400654" "Mozilla/5.0 (Linux; Android 6.0.1; Nexus 5X Build/MMB29P) AppleWebKit/537.36 (KHTML, like Gecko) Chrome/147.0.7727.137 Mobile Safari/537.36 (compatible; Googlebot/2.1; +http://www.google.com/bot.html)"
37.187.226.30 - - [13/May/2026:07:03:45 +1000] "GET /?p=36872 HTTP/1.1" 301 431 "-" "Mozilla/5.0 (compatible; MJ12bot/v1.4.8; http://mj12bot.com/)"
77.237.244.221 - - [13/May/2026:07:03:46 +1000] "GET /soporte/ HTTP/1.1" 301 661 "-" "Mozilla/5.0 (Windows NT 10.0; Win64; x64) AppleWebKit/537.36 (KHTML, like Gecko) Chrome/91.0.4472.124 Safari/537.36"
18.214.124.6 - - [13/May/2026:07:03:47 +1000] "GET /wp-json/wp/v2/posts/%22https:/www.wales247.co.uk/wp-content/uploads/2022/11/casino-5.jpg/%22 HTTP/1.1" 404 928 "-" "Mozilla/5.0 AppleWebKit/537.36 (KHTML, like Gecko; compatible; Amazonbot/0.1; +https://developer.amazon.com/support/amazonbot) Chrome/119.0.6045.214 Safari/537.36"
