216.73.217.100 - - [13/May/2026:06:36:39 +1000] "GET /products/detail/68741920 HTTP/2" 404 35911 "-" "Mozilla/5.0 AppleWebKit/537.36 (KHTML, like Gecko; compatible; ClaudeBot/1.0; +claudebot@anthropic.com)"
192.178.4.100 - - [13/May/2026:06:36:41 +1000] "GET /?products/detail/60650434 HTTP/1.1" 200 39096 "-" "Mozilla/5.0 (Linux; Android 6.0.1; Nexus 5X Build/MMB29P) AppleWebKit/537.36 (KHTML, like Gecko) Chrome/147.0.7727.137 Mobile Safari/537.36 (compatible; Googlebot/2.1; +http://www.google.com/bot.html)"
216.73.217.100 - - [13/May/2026:06:36:42 +1000] "GET /products/detail/57074329 HTTP/2" 404 35911 "-" "Mozilla/5.0 AppleWebKit/537.36 (KHTML, like Gecko; compatible; ClaudeBot/1.0; +claudebot@anthropic.com)"
216.73.217.100 - - [13/May/2026:06:36:49 +1000] "GET /products/detail/69457267 HTTP/2" 404 35917 "-" "Mozilla/5.0 AppleWebKit/537.36 (KHTML, like Gecko; compatible; ClaudeBot/1.0; +claudebot@anthropic.com)"
192.178.4.100 - - [13/May/2026:06:36:48 +1000] "GET /content.php?product/43165666 HTTP/1.1" 200 28068 "-" "Mozilla/5.0 (Linux; Android 6.0.1; Nexus 5X Build/MMB29P) AppleWebKit/537.36 (KHTML, like Gecko) Chrome/147.0.7727.137 Mobile Safari/537.36 (compatible; Googlebot/2.1; +http://www.google.com/bot.html)"
57.141.14.85 - - [13/May/2026:06:36:50 +1000] "GET /products/detail/60705163 HTTP/2" 404 137739 "-" "meta-externalagent/1.1 (+https://developers.facebook.com/docs/sharing/webmasters/crawler)"
192.178.4.100 - - [13/May/2026:06:36:55 +1000] "POST /wp-admin/admin-ajax.php HTTP/1.1" 200 1278 "https://www.coridyan.com/?products/detail/60650434" "Mozilla/5.0 (Linux; Android 6.0.1; Nexus 5X Build/MMB29P) AppleWebKit/537.36 (KHTML, like Gecko) Chrome/147.0.7727.137 Mobile Safari/537.36 (compatible; Googlebot/2.1; +http://www.google.com/bot.html)"
216.73.217.100 - - [13/May/2026:06:36:56 +1000] "GET /products/detail/55699498 HTTP/2" 404 35911 "-" "Mozilla/5.0 AppleWebKit/537.36 (KHTML, like Gecko; compatible; ClaudeBot/1.0; +claudebot@anthropic.com)"
5.61.53.19 - gecaf [13/May/2026:06:36:58 +1000] "POST /xmlrpc.php HTTP/1.1" 200 88619 "-" "Mozilla/5.0 (Windows NT 10.0; Win64; x64) AppleWebKit/537.36 (KHTML, like Gecko) Chrome/116.0.0.0 Safari/537.36"
57.141.14.63 - - [13/May/2026:06:36:59 +1000] "GET /products/detail/67239352 HTTP/2" 404 137739 "-" "meta-externalagent/1.1 (+https://developers.facebook.com/docs/sharing/webmasters/crawler)"
57.141.14.82 - - [13/May/2026:06:37:01 +1000] "GET /products/detail/69242176 HTTP/2" 404 137739 "-" "meta-externalagent/1.1 (+https://developers.facebook.com/docs/sharing/webmasters/crawler)"
192.178.4.102 - - [13/May/2026:06:37:03 +1000] "GET /content.php?product/91080826 HTTP/1.1" 200 29490 "-" "Mozilla/5.0 (Linux; Android 6.0.1; Nexus 5X Build/MMB29P) AppleWebKit/537.36 (KHTML, like Gecko) Chrome/147.0.7727.137 Mobile Safari/537.36 (compatible; Googlebot/2.1; +http://www.google.com/bot.html)"
216.73.217.100 - - [13/May/2026:06:37:03 +1000] "GET /products/detail/66069982 HTTP/2" 404 35911 "-" "Mozilla/5.0 AppleWebKit/537.36 (KHTML, like Gecko; compatible; ClaudeBot/1.0; +claudebot@anthropic.com)"
5.61.53.19 - gecaf [13/May/2026:06:37:01 +1000] "POST /xmlrpc.php HTTP/1.1" 200 516 "-" "Mozilla/5.0 (Windows NT 10.0; Win64; x64) AppleWebKit/537.36 (KHTML, like Gecko) Chrome/116.0.0.0 Safari/537.36"
5.61.53.19 - gecaf [13/May/2026:06:37:07 +1000] "POST /xmlrpc.php HTTP/1.1" 200 21969 "-" "Mozilla/5.0 (Windows NT 10.0; Win64; x64) AppleWebKit/537.36 (KHTML, like Gecko) Chrome/116.0.0.0 Safari/537.36"
111.67.29.221 - - [13/May/2026:06:37:08 +1000] "POST /wp-cron.php?doing_wp_cron=1778618228.1335260868072509765625 HTTP/1.1" 200 445 "https://www.coridyan.com/wp-cron.php?doing_wp_cron=1778618228.1335260868072509765625" "WordPress/6.0.11; https://www.coridyan.com"
216.73.217.100 - - [13/May/2026:06:37:09 +1000] "GET /products/detail/56970235 HTTP/2" 404 35911 "-" "Mozilla/5.0 AppleWebKit/537.36 (KHTML, like Gecko; compatible; ClaudeBot/1.0; +claudebot@anthropic.com)"
192.178.4.100 - - [13/May/2026:06:37:10 +1000] "GET /?products/detail/67115143 HTTP/1.1" 200 39097 "-" "Mozilla/5.0 (Linux; Android 6.0.1; Nexus 5X Build/MMB29P) AppleWebKit/537.36 (KHTML, like Gecko) Chrome/147.0.7727.137 Mobile Safari/537.36 (compatible; Googlebot/2.1; +http://www.google.com/bot.html)"
57.141.14.27 - - [13/May/2026:06:37:11 +1000] "GET /products/detail/63774532 HTTP/2" 404 137739 "-" "meta-externalagent/1.1 (+https://developers.facebook.com/docs/sharing/webmasters/crawler)"
216.73.217.100 - - [13/May/2026:06:37:17 +1000] "GET /products/detail/68916277 HTTP/2" 404 35911 "-" "Mozilla/5.0 AppleWebKit/537.36 (KHTML, like Gecko; compatible; ClaudeBot/1.0; +claudebot@anthropic.com)"
192.178.4.100 - - [13/May/2026:06:37:18 +1000] "POST /wp-admin/admin-ajax.php HTTP/1.1" 200 1273 "https://www.coridyan.com/?products/detail/67115143" "Mozilla/5.0 (Linux; Android 6.0.1; Nexus 5X Build/MMB29P) AppleWebKit/537.36 (KHTML, like Gecko) Chrome/147.0.7727.137 Mobile Safari/537.36 (compatible; Googlebot/2.1; +http://www.google.com/bot.html)"
57.141.14.108 - - [13/May/2026:06:37:20 +1000] "GET /products/detail/64907272 HTTP/2" 404 137739 "-" "meta-externalagent/1.1 (+https://developers.facebook.com/docs/sharing/webmasters/crawler)"
216.73.217.100 - - [13/May/2026:06:37:23 +1000] "GET /products/detail/55985230 HTTP/2" 404 35911 "-" "Mozilla/5.0 AppleWebKit/537.36 (KHTML, like Gecko; compatible; ClaudeBot/1.0; +claudebot@anthropic.com)"
31.134.12.241 - - [13/May/2026:06:37:21 +1000] "POST /xmlrpc.php HTTP/1.1" 200 697 "-" "Mozilla/5.0 (Windows NT 10.0; Win64; x64) AppleWebKit/537.36 (KHTML, like Gecko) Chrome/120.0.0.0 Safari/537.36"
192.178.4.100 - - [13/May/2026:06:37:25 +1000] "GET /comment.php?products/sonny-angels-winter-wonderland-series-box/17717143/ HTTP/1.1" 200 35280 "-" "Mozilla/5.0 (Linux; Android 6.0.1; Nexus 5X Build/MMB29P) AppleWebKit/537.36 (KHTML, like Gecko) Chrome/147.0.7727.137 Mobile Safari/537.36 (compatible; Googlebot/2.1; +http://www.google.com/bot.html)"
216.73.217.100 - - [13/May/2026:06:37:30 +1000] "GET /products/detail/64072486 HTTP/2" 404 35911 "-" "Mozilla/5.0 AppleWebKit/537.36 (KHTML, like Gecko; compatible; ClaudeBot/1.0; +claudebot@anthropic.com)"
57.141.14.31 - - [13/May/2026:06:37:31 +1000] "GET /products/detail/54990244 HTTP/2" 404 137739 "-" "meta-externalagent/1.1 (+https://developers.facebook.com/docs/sharing/webmasters/crawler)"
57.141.14.96 - - [13/May/2026:06:37:32 +1000] "GET /products/detail/64314496 HTTP/2" 404 137739 "-" "meta-externalagent/1.1 (+https://developers.facebook.com/docs/sharing/webmasters/crawler)"
57.141.14.63 - - [13/May/2026:06:37:32 +1000] "GET /products/detail/57623851 HTTP/2" 404 137739 "-" "meta-externalagent/1.1 (+https://developers.facebook.com/docs/sharing/webmasters/crawler)"
111.67.29.221 - - [13/May/2026:06:37:32 +1000] "POST /wp-cron.php?doing_wp_cron=1778618252.2743000984191894531250 HTTP/1.1" 200 445 "https://www.coridyan.com/wp-cron.php?doing_wp_cron=1778618252.2743000984191894531250" "WordPress/6.0.11; https://www.coridyan.com"
192.178.4.100 - - [13/May/2026:06:37:32 +1000] "GET /content.php?product/110231890 HTTP/1.1" 200 28122 "-" "Mozilla/5.0 (Linux; Android 6.0.1; Nexus 5X Build/MMB29P) AppleWebKit/537.36 (KHTML, like Gecko) Chrome/147.0.7727.137 Mobile Safari/537.36 (compatible; GoogleOther)"
216.73.217.100 - - [13/May/2026:06:37:38 +1000] "GET /products/detail/65459314 HTTP/2" 404 35911 "-" "Mozilla/5.0 AppleWebKit/537.36 (KHTML, like Gecko; compatible; ClaudeBot/1.0; +claudebot@anthropic.com)"
192.178.4.100 - - [13/May/2026:06:37:39 +1000] "GET /?products/detail/59722480 HTTP/1.1" 200 39078 "-" "Mozilla/5.0 (Linux; Android 6.0.1; Nexus 5X Build/MMB29P) AppleWebKit/537.36 (KHTML, like Gecko) Chrome/147.0.7727.137 Mobile Safari/537.36 (compatible; Googlebot/2.1; +http://www.google.com/bot.html)"
57.141.14.49 - - [13/May/2026:06:37:41 +1000] "GET /products/detail/67938814 HTTP/2" 404 137739 "-" "meta-externalagent/1.1 (+https://developers.facebook.com/docs/sharing/webmasters/crawler)"
216.73.217.100 - - [13/May/2026:06:37:44 +1000] "GET /products/detail/54940996 HTTP/2" 404 35911 "-" "Mozilla/5.0 AppleWebKit/537.36 (KHTML, like Gecko; compatible; ClaudeBot/1.0; +claudebot@anthropic.com)"
192.178.4.100 - - [13/May/2026:06:37:46 +1000] "GET /comment.php?products/ty-beanie-babies-collection/7731693/ HTTP/1.1" 200 34374 "-" "Mozilla/5.0 (Linux; Android 6.0.1; Nexus 5X Build/MMB29P) AppleWebKit/537.36 (KHTML, like Gecko) Chrome/147.0.7727.137 Mobile Safari/537.36 (compatible; Googlebot/2.1; +http://www.google.com/bot.html)"
57.141.14.54 - - [13/May/2026:06:37:49 +1000] "GET /products/detail/60868792 HTTP/2" 404 137739 "-" "meta-externalagent/1.1 (+https://developers.facebook.com/docs/sharing/webmasters/crawler)"
216.73.217.100 - - [13/May/2026:06:37:51 +1000] "GET /products/detail/53424577 HTTP/2" 404 35911 "-" "Mozilla/5.0 AppleWebKit/537.36 (KHTML, like Gecko; compatible; ClaudeBot/1.0; +claudebot@anthropic.com)"
192.178.4.100 - - [13/May/2026:06:37:54 +1000] "POST /wp-admin/admin-ajax.php HTTP/1.1" 200 1276 "https://www.coridyan.com/?products/detail/59722480" "Mozilla/5.0 (Linux; Android 6.0.1; Nexus 5X Build/MMB29P) AppleWebKit/537.36 (KHTML, like Gecko) Chrome/147.0.7727.137 Mobile Safari/537.36 (compatible; Googlebot/2.1; +http://www.google.com/bot.html)"
57.141.14.31 - - [13/May/2026:06:37:57 +1000] "GET /products/detail/56543995 HTTP/2" 404 137739 "-" "meta-externalagent/1.1 (+https://developers.facebook.com/docs/sharing/webmasters/crawler)"
216.73.217.100 - - [13/May/2026:06:37:58 +1000] "GET /products/detail/53565994 HTTP/2" 404 35917 "-" "Mozilla/5.0 AppleWebKit/537.36 (KHTML, like Gecko; compatible; ClaudeBot/1.0; +claudebot@anthropic.com)"
192.178.4.101 - - [13/May/2026:06:38:01 +1000] "GET /?products/detail/57886930 HTTP/1.1" 200 39078 "-" "Mozilla/5.0 (Linux; Android 6.0.1; Nexus 5X Build/MMB29P) AppleWebKit/537.36 (KHTML, like Gecko) Chrome/147.0.7727.137 Mobile Safari/537.36 (compatible; Googlebot/2.1; +http://www.google.com/bot.html)"
216.73.217.100 - - [13/May/2026:06:38:05 +1000] "GET /products/detail/64021816 HTTP/2" 404 35911 "-" "Mozilla/5.0 AppleWebKit/537.36 (KHTML, like Gecko; compatible; ClaudeBot/1.0; +claudebot@anthropic.com)"
192.178.4.100 - - [13/May/2026:06:38:07 +1000] "GET /comment.php?products/pink-dolphin-track-pants/18093713/ HTTP/1.1" 200 34624 "-" "Mozilla/5.0 (Linux; Android 6.0.1; Nexus 5X Build/MMB29P) AppleWebKit/537.36 (KHTML, like Gecko) Chrome/147.0.7727.137 Mobile Safari/537.36 (compatible; Googlebot/2.1; +http://www.google.com/bot.html)"
216.73.217.100 - - [13/May/2026:06:38:12 +1000] "GET /products/detail/68363497 HTTP/2" 404 35911 "-" "Mozilla/5.0 AppleWebKit/537.36 (KHTML, like Gecko; compatible; ClaudeBot/1.0; +claudebot@anthropic.com)"
192.178.4.100 - - [13/May/2026:06:38:14 +1000] "POST /wp-admin/admin-ajax.php HTTP/1.1" 200 1273 "https://www.coridyan.com/?products/detail/57886930" "Mozilla/5.0 (Linux; Android 6.0.1; Nexus 5X Build/MMB29P) AppleWebKit/537.36 (KHTML, like Gecko) Chrome/147.0.7727.137 Mobile Safari/537.36 (compatible; Googlebot/2.1; +http://www.google.com/bot.html)"
216.73.217.100 - - [13/May/2026:06:38:15 +1000] "GET /products/detail/53436781 HTTP/2" 404 35911 "-" "Mozilla/5.0 AppleWebKit/537.36 (KHTML, like Gecko; compatible; ClaudeBot/1.0; +claudebot@anthropic.com)"
192.178.4.100 - - [13/May/2026:06:38:21 +1000] "GET /content.php?product/110231890 HTTP/1.1" 200 28112 "-" "Mozilla/5.0 (Linux; Android 6.0.1; Nexus 5X Build/MMB29P) AppleWebKit/537.36 (KHTML, like Gecko) Chrome/147.0.7727.137 Mobile Safari/537.36 (compatible; Googlebot/2.1; +http://www.google.com/bot.html)"
216.73.217.100 - - [13/May/2026:06:38:25 +1000] "GET /die-besten-live-casinos-2026-spiele-pramie-and-live-dealer-im-untersuchung/ HTTP/2" 200 42390 "-" "Mozilla/5.0 AppleWebKit/537.36 (KHTML, like Gecko; compatible; ClaudeBot/1.0; +claudebot@anthropic.com)"
216.73.217.100 - - [13/May/2026:06:38:19 +1000] "GET /bonos-falto-veposito-plenty-of-fortune-giros-falto-abertura-sobre-sasinos-de-de-cualquier-parte-del-mundo-hechos-modernos-haque-bhattacharjee-das-co/feed/ HTTP/2" 200 1175 "-" "Mozilla/5.0 AppleWebKit/537.36 (KHTML, like Gecko; compatible; ClaudeBot/1.0; +claudebot@anthropic.com)"
192.178.4.100 - - [13/May/2026:06:38:28 +1000] "GET /comment.php?products/vuori-sunday-performance-joggers/18091743/ HTTP/1.1" 200 34688 "-" "Mozilla/5.0 (Linux; Android 6.0.1; Nexus 5X Build/MMB29P) AppleWebKit/537.36 (KHTML, like Gecko) Chrome/147.0.7727.137 Mobile Safari/537.36 (compatible; Googlebot/2.1; +http://www.google.com/bot.html)"
216.73.217.100 - - [13/May/2026:06:38:31 +1000] "GET /igrajte-thunderstruck-dos-slot-besplatno-vulkan-spiele-aplikacija-ili-za-pravi-novac-vec-danas/feed/ HTTP/2" 200 1011 "-" "Mozilla/5.0 AppleWebKit/537.36 (KHTML, like Gecko; compatible; ClaudeBot/1.0; +claudebot@anthropic.com)"
192.178.4.100 - - [13/May/2026:06:38:35 +1000] "GET /?products/detail/65947492 HTTP/1.1" 200 39078 "-" "Mozilla/5.0 (Linux; Android 6.0.1; Nexus 5X Build/MMB29P) AppleWebKit/537.36 (KHTML, like Gecko) Chrome/147.0.7727.137 Mobile Safari/537.36 (compatible; Googlebot/2.1; +http://www.google.com/bot.html)"
216.73.217.100 - - [13/May/2026:06:38:38 +1000] "GET /beste-online-ali-babas-riches-casino-casinos-deutschland-wonnemond-2026/ HTTP/2" 200 43600 "-" "Mozilla/5.0 AppleWebKit/537.36 (KHTML, like Gecko; compatible; ClaudeBot/1.0; +claudebot@anthropic.com)"
192.178.4.100 - - [13/May/2026:06:38:43 +1000] "POST /wp-json/platformist-quadendpointer-sxadtr/v1/s6qgn HTTP/1.1" 200 1685 "https://www.coridyan.com/?products/detail/57886930" "Mozilla/5.0 (Linux; Android 6.0.1; Nexus 5X Build/MMB29P) AppleWebKit/537.36 (KHTML, like Gecko) Chrome/147.0.7727.137 Mobile Safari/537.36 (compatible; Googlebot/2.1; +http://www.google.com/bot.html)"
216.73.217.100 - - [13/May/2026:06:38:45 +1000] "GET /casino-inte-me-konto-2026-prova-casino-tillsamman-bankid/ HTTP/2" 200 41025 "-" "Mozilla/5.0 AppleWebKit/537.36 (KHTML, like Gecko; compatible; ClaudeBot/1.0; +claudebot@anthropic.com)"
23.226.219.189 - - [13/May/2026:06:38:48 +1000] "GET /?products/detail/67209607 HTTP/2" 200 38443 "-" "Mozilla/5.0 (Macintosh; Intel Mac OS X 10_15_7) AppleWebKit/537.36 (KHTML, like Gecko) Chrome/142.0.0.0 Safari/537.36"
192.178.4.100 - - [13/May/2026:06:38:50 +1000] "GET /content.php?product/41123578 HTTP/1.1" 200 28294 "-" "Mozilla/5.0 (Linux; Android 6.0.1; Nexus 5X Build/MMB29P) AppleWebKit/537.36 (KHTML, like Gecko) Chrome/147.0.7727.137 Mobile Safari/537.36 (compatible; GoogleOther)"
216.73.217.100 - - [13/May/2026:06:38:52 +1000] "GET /spielsaal-blos-lugas-traktandum-anbieter-as-part-of-brd-2025/feed/ HTTP/2" 200 909 "-" "Mozilla/5.0 AppleWebKit/537.36 (KHTML, like Gecko; compatible; ClaudeBot/1.0; +claudebot@anthropic.com)"
192.178.4.100 - - [13/May/2026:06:38:57 +1000] "GET /comment.php?products/hp-gaming-lab-top/19260483/ HTTP/1.1" 200 35745 "-" "Mozilla/5.0 (Linux; Android 6.0.1; Nexus 5X Build/MMB29P) AppleWebKit/537.36 (KHTML, like Gecko) Chrome/147.0.7727.137 Mobile Safari/537.36 (compatible; Googlebot/2.1; +http://www.google.com/bot.html)"
216.73.217.100 - - [13/May/2026:06:38:59 +1000] "GET /hollywood-casino-promo-password-sdscasino-a-lot-of-incentive-revolves/feed/ HTTP/2" 200 937 "-" "Mozilla/5.0 AppleWebKit/537.36 (KHTML, like Gecko; compatible; ClaudeBot/1.0; +claudebot@anthropic.com)"
57.141.14.34 - - [13/May/2026:06:38:59 +1000] "GET /products/detail/62441911 HTTP/2" 404 137739 "-" "meta-externalagent/1.1 (+https://developers.facebook.com/docs/sharing/webmasters/crawler)"
216.73.217.100 - - [13/May/2026:06:39:02 +1000] "GET /products/detail/62155378 HTTP/2" 404 35911 "-" "Mozilla/5.0 AppleWebKit/537.36 (KHTML, like Gecko; compatible; ClaudeBot/1.0; +claudebot@anthropic.com)"
57.141.14.18 - - [13/May/2026:06:39:02 +1000] "GET /products/detail/63266167 HTTP/2" 404 137739 "-" "meta-externalagent/1.1 (+https://developers.facebook.com/docs/sharing/webmasters/crawler)"
192.178.4.100 - - [13/May/2026:06:39:05 +1000] "GET /?products/detail/53764057 HTTP/1.1" 200 39078 "-" "Mozilla/5.0 (Linux; Android 6.0.1; Nexus 5X Build/MMB29P) AppleWebKit/537.36 (KHTML, like Gecko) Chrome/147.0.7727.137 Mobile Safari/537.36 (compatible; Googlebot/2.1; +http://www.google.com/bot.html)"
216.73.217.100 - - [13/May/2026:06:39:05 +1000] "GET /products/detail/63313534 HTTP/2" 404 35911 "-" "Mozilla/5.0 AppleWebKit/537.36 (KHTML, like Gecko; compatible; ClaudeBot/1.0; +claudebot@anthropic.com)"
216.73.217.100 - - [13/May/2026:06:39:08 +1000] "GET /products/detail/53407324 HTTP/2" 404 35911 "-" "Mozilla/5.0 AppleWebKit/537.36 (KHTML, like Gecko; compatible; ClaudeBot/1.0; +claudebot@anthropic.com)"
57.141.14.20 - - [13/May/2026:06:39:12 +1000] "GET /products/detail/69397858 HTTP/2" 404 137739 "-" "meta-externalagent/1.1 (+https://developers.facebook.com/docs/sharing/webmasters/crawler)"
192.178.4.100 - - [13/May/2026:06:39:12 +1000] "GET /comment.php?products/disney-2007-hotel-snow-flake-12-pin-set/19333813/ HTTP/1.1" 200 34339 "-" "Mozilla/5.0 (Linux; Android 6.0.1; Nexus 5X Build/MMB29P) AppleWebKit/537.36 (KHTML, like Gecko) Chrome/147.0.7727.137 Mobile Safari/537.36 (compatible; Googlebot/2.1; +http://www.google.com/bot.html)"
216.73.217.100 - - [13/May/2026:06:39:15 +1000] "GET /products/detail/62003863 HTTP/2" 404 35851 "-" "Mozilla/5.0 AppleWebKit/537.36 (KHTML, like Gecko; compatible; ClaudeBot/1.0; +claudebot@anthropic.com)"
192.178.4.100 - - [13/May/2026:06:39:20 +1000] "GET /?products/detail/60083047 HTTP/1.1" 200 39077 "-" "Mozilla/5.0 (Linux; Android 6.0.1; Nexus 5X Build/MMB29P) AppleWebKit/537.36 (KHTML, like Gecko) Chrome/147.0.7727.137 Mobile Safari/537.36 (compatible; Googlebot/2.1; +http://www.google.com/bot.html)"
216.73.217.100 - - [13/May/2026:06:39:23 +1000] "GET /cleopatra-reputation-opinion-game-play-5-deposit-casino-fifty-lions-bets-shanghai-beauty-slot-free-spins-presenting-said/ HTTP/2" 200 42327 "-" "Mozilla/5.0 AppleWebKit/537.36 (KHTML, like Gecko; compatible; ClaudeBot/1.0; +claudebot@anthropic.com)"
57.141.14.71 - - [13/May/2026:06:39:26 +1000] "GET /products/detail/68791753 HTTP/2" 404 137739 "-" "meta-externalagent/1.1 (+https://developers.facebook.com/docs/sharing/webmasters/crawler)"
57.141.14.33 - - [13/May/2026:06:39:26 +1000] "GET /products/detail/69927220 HTTP/2" 404 137739 "-" "meta-externalagent/1.1 (+https://developers.facebook.com/docs/sharing/webmasters/crawler)"
192.178.4.100 - - [13/May/2026:06:39:27 +1000] "GET /comment.php?products/junk-hauling/21287503/ HTTP/1.1" 200 35273 "-" "Mozilla/5.0 (Linux; Android 6.0.1; Nexus 5X Build/MMB29P) AppleWebKit/537.36 (KHTML, like Gecko) Chrome/147.0.7727.137 Mobile Safari/537.36 (compatible; Googlebot/2.1; +http://www.google.com/bot.html)"
216.73.217.100 - - [13/May/2026:06:39:30 +1000] "GET /julkaisu-poissa-passiivisesta-asemasta-playn-i24slot-sovellus-lataa-uusin-versio-wade-mielipide-2026/feed/ HTTP/2" 200 1033 "-" "Mozilla/5.0 AppleWebKit/537.36 (KHTML, like Gecko; compatible; ClaudeBot/1.0; +claudebot@anthropic.com)"
192.178.4.100 - - [13/May/2026:06:39:34 +1000] "GET /?products/detail/63820468 HTTP/1.1" 200 39078 "-" "Mozilla/5.0 (Linux; Android 6.0.1; Nexus 5X Build/MMB29P) AppleWebKit/537.36 (KHTML, like Gecko) Chrome/147.0.7727.137 Mobile Safari/537.36 (compatible; Googlebot/2.1; +http://www.google.com/bot.html)"
216.73.217.100 - - [13/May/2026:06:39:36 +1000] "GET /casumo-casino-untersuchung-100-provision-hot-fruits-10-video-slot-50-freispiele-2026-michigan-coalition-for-menschenwurdig-rights/feed/ HTTP/2" 200 1118 "-" "Mozilla/5.0 AppleWebKit/537.36 (KHTML, like Gecko; compatible; ClaudeBot/1.0; +claudebot@anthropic.com)"
57.141.14.74 - - [13/May/2026:06:39:39 +1000] "GET /products/detail/64855117 HTTP/2" 404 137739 "-" "meta-externalagent/1.1 (+https://developers.facebook.com/docs/sharing/webmasters/crawler)"
192.178.4.100 - - [13/May/2026:06:39:41 +1000] "GET /content.php?product/41123578 HTTP/1.1" 200 28294 "-" "Mozilla/5.0 (Linux; Android 6.0.1; Nexus 5X Build/MMB29P) AppleWebKit/537.36 (KHTML, like Gecko) Chrome/147.0.7727.137 Mobile Safari/537.36 (compatible; Googlebot/2.1; +http://www.google.com/bot.html)"
216.73.217.100 - - [13/May/2026:06:39:43 +1000] "GET /discover-miami-beetle-frenzy-casino-club-gambling-enterprise-membership-take-800-incentive-totally-free-spins-today/ HTTP/2" 200 40994 "-" "Mozilla/5.0 AppleWebKit/537.36 (KHTML, like Gecko; compatible; ClaudeBot/1.0; +claudebot@anthropic.com)"
192.178.4.100 - - [13/May/2026:06:39:48 +1000] "GET /comment.php?products/vtg-24collection-silk-patchwork-long-open-jacket-fuschia-lig/20333443/ HTTP/1.1" 200 35571 "-" "Mozilla/5.0 (Linux; Android 6.0.1; Nexus 5X Build/MMB29P) AppleWebKit/537.36 (KHTML, like Gecko) Chrome/147.0.7727.137 Mobile Safari/537.36 (compatible; Googlebot/2.1; +http://www.google.com/bot.html)"
216.73.217.100 - - [13/May/2026:06:39:50 +1000] "GET /wunderino-bonuscodes-book-of-fruits-halloween-casino-spiel-aktionen-2026/ HTTP/2" 200 42203 "-" "Mozilla/5.0 AppleWebKit/537.36 (KHTML, like Gecko; compatible; ClaudeBot/1.0; +claudebot@anthropic.com)"
216.73.217.100 - - [13/May/2026:06:39:54 +1000] "GET /casino-espaces-gratuits-application-mr-bet-a-lexclusion-de-conserve-sur-le-canada-20-150-produits/feed/ HTTP/2" 200 1022 "-" "Mozilla/5.0 AppleWebKit/537.36 (KHTML, like Gecko; compatible; ClaudeBot/1.0; +claudebot@anthropic.com)"
192.178.4.100 - - [13/May/2026:06:39:55 +1000] "GET /?products/detail/65159056 HTTP/1.1" 200 39089 "-" "Mozilla/5.0 (Linux; Android 6.0.1; Nexus 5X Build/MMB29P) AppleWebKit/537.36 (KHTML, like Gecko) Chrome/147.0.7727.137 Mobile Safari/537.36 (compatible; Googlebot/2.1; +http://www.google.com/bot.html)"
192.178.4.100 - - [13/May/2026:06:40:02 +1000] "GET /comment.php?products/bridal-innerwear-d70-shapewear-bianju/11576628/ HTTP/1.1" 200 34561 "-" "Mozilla/5.0 (Linux; Android 6.0.1; Nexus 5X Build/MMB29P) AppleWebKit/537.36 (KHTML, like Gecko) Chrome/147.0.7727.137 Mobile Safari/537.36 (compatible; Googlebot/2.1; +http://www.google.com/bot.html)"
216.73.217.100 - - [13/May/2026:06:40:07 +1000] "GET /products/detail/67004794 HTTP/2" 404 35911 "-" "Mozilla/5.0 AppleWebKit/537.36 (KHTML, like Gecko; compatible; ClaudeBot/1.0; +claudebot@anthropic.com)"
192.178.4.100 - - [13/May/2026:06:40:09 +1000] "POST /wp-admin/admin-ajax.php HTTP/1.1" 200 1278 "https://www.coridyan.com/?products/detail/65159056" "Mozilla/5.0 (Linux; Android 6.0.1; Nexus 5X Build/MMB29P) AppleWebKit/537.36 (KHTML, like Gecko) Chrome/147.0.7727.137 Mobile Safari/537.36 (compatible; Googlebot/2.1; +http://www.google.com/bot.html)"
57.141.14.101 - - [13/May/2026:06:40:15 +1000] "GET /products/detail/60931567 HTTP/2" 404 137739 "-" "meta-externalagent/1.1 (+https://developers.facebook.com/docs/sharing/webmasters/crawler)"
192.178.4.100 - - [13/May/2026:06:40:17 +1000] "GET /content.php?product/47935618 HTTP/1.1" 200 28883 "-" "Mozilla/5.0 (Linux; Android 6.0.1; Nexus 5X Build/MMB29P) AppleWebKit/537.36 (KHTML, like Gecko) Chrome/147.0.7727.137 Mobile Safari/537.36 (compatible; GoogleOther)"
216.73.217.100 - - [13/May/2026:06:40:21 +1000] "GET /products/detail/58070836 HTTP/2" 404 35911 "-" "Mozilla/5.0 AppleWebKit/537.36 (KHTML, like Gecko; compatible; ClaudeBot/1.0; +claudebot@anthropic.com)"
192.178.4.100 - - [13/May/2026:06:40:25 +1000] "GET /?products/detail/55125379 HTTP/1.1" 200 39078 "-" "Mozilla/5.0 (Linux; Android 6.0.1; Nexus 5X Build/MMB29P) AppleWebKit/537.36 (KHTML, like Gecko) Chrome/147.0.7727.137 Mobile Safari/537.36 (compatible; Googlebot/2.1; +http://www.google.com/bot.html)"
216.73.217.100 - - [13/May/2026:06:40:28 +1000] "GET /products/detail/63723565 HTTP/2" 404 35911 "-" "Mozilla/5.0 AppleWebKit/537.36 (KHTML, like Gecko; compatible; ClaudeBot/1.0; +claudebot@anthropic.com)"
192.178.4.100 - - [13/May/2026:06:40:33 +1000] "GET /?products/detail/70139368 HTTP/1.1" 200 39089 "-" "Mozilla/5.0 (Linux; Android 6.0.1; Nexus 5X Build/MMB29P) AppleWebKit/537.36 (KHTML, like Gecko) Chrome/147.0.7727.137 Mobile Safari/537.36 (compatible; Googlebot/2.1; +http://www.google.com/bot.html)"
216.73.217.100 - - [13/May/2026:06:40:35 +1000] "GET /products/detail/60951385 HTTP/2" 404 35911 "-" "Mozilla/5.0 AppleWebKit/537.36 (KHTML, like Gecko; compatible; ClaudeBot/1.0; +claudebot@anthropic.com)"
57.141.14.79 - - [13/May/2026:06:40:35 +1000] "GET /products/detail/70227532 HTTP/2" 404 137739 "-" "meta-externalagent/1.1 (+https://developers.facebook.com/docs/sharing/webmasters/crawler)"
216.73.217.100 - - [13/May/2026:06:40:41 +1000] "GET /products/detail/58107439 HTTP/2" 404 35911 "-" "Mozilla/5.0 AppleWebKit/537.36 (KHTML, like Gecko; compatible; ClaudeBot/1.0; +claudebot@anthropic.com)"
192.178.4.100 - - [13/May/2026:06:40:40 +1000] "GET /content.php?product/66981466 HTTP/1.1" 200 28504 "-" "Mozilla/5.0 (Linux; Android 6.0.1; Nexus 5X Build/MMB29P) AppleWebKit/537.36 (KHTML, like Gecko) Chrome/147.0.7727.137 Mobile Safari/537.36 (compatible; Googlebot/2.1; +http://www.google.com/bot.html)"
15.235.96.233 - - [13/May/2026:06:40:48 +1000] "GET /big-wins-at-m777-fortune-frenzy-slots/feed/ HTTP/2" 200 838 "-" "Mozilla/5.0 (compatible; AhrefsBot/7.0; +http://ahrefs.com/robot/)"
192.178.4.100 - - [13/May/2026:06:40:48 +1000] "GET /comment.php?products/white-mountaineering-cropped-pants/19005998/ HTTP/1.1" 200 34813 "-" "Mozilla/5.0 (Linux; Android 6.0.1; Nexus 5X Build/MMB29P) AppleWebKit/537.36 (KHTML, like Gecko) Chrome/147.0.7727.137 Mobile Safari/537.36 (compatible; Googlebot/2.1; +http://www.google.com/bot.html)"
216.73.217.100 - - [13/May/2026:06:40:51 +1000] "GET /products/detail/59753557 HTTP/2" 404 35917 "-" "Mozilla/5.0 AppleWebKit/537.36 (KHTML, like Gecko; compatible; ClaudeBot/1.0; +claudebot@anthropic.com)"
57.141.14.7 - - [13/May/2026:06:40:52 +1000] "GET /products/detail/67250845 HTTP/2" 404 137739 "-" "meta-externalagent/1.1 (+https://developers.facebook.com/docs/sharing/webmasters/crawler)"
57.141.14.3 - - [13/May/2026:06:40:54 +1000] "GET /products/detail/60552325 HTTP/2" 404 137739 "-" "meta-externalagent/1.1 (+https://developers.facebook.com/docs/sharing/webmasters/crawler)"
192.178.4.100 - - [13/May/2026:06:40:55 +1000] "GET /?products/detail/69856714 HTTP/1.1" 200 39078 "-" "Mozilla/5.0 (Linux; Android 6.0.1; Nexus 5X Build/MMB29P) AppleWebKit/537.36 (KHTML, like Gecko) Chrome/147.0.7727.137 Mobile Safari/537.36 (compatible; Googlebot/2.1; +http://www.google.com/bot.html)"
192.178.4.100 - - [13/May/2026:06:41:02 +1000] "GET /?products/detail/53378479 HTTP/1.1" 200 39078 "-" "Mozilla/5.0 (Linux; Android 6.0.1; Nexus 5X Build/MMB29P) AppleWebKit/537.36 (KHTML, like Gecko) Chrome/147.0.7727.137 Mobile Safari/537.36 (compatible; Googlebot/2.1; +http://www.google.com/bot.html)"
57.141.14.92 - - [13/May/2026:06:41:03 +1000] "GET /products/detail/57754396 HTTP/2" 404 137739 "-" "meta-externalagent/1.1 (+https://developers.facebook.com/docs/sharing/webmasters/crawler)"
192.178.4.100 - - [13/May/2026:06:41:09 +1000] "GET /comment.php?products/new-era-ny-yankees-2009-world-series-brown-snapback-hat-cap/18266398/ HTTP/1.1" 200 35114 "-" "Mozilla/5.0 (Linux; Android 6.0.1; Nexus 5X Build/MMB29P) AppleWebKit/537.36 (KHTML, like Gecko) Chrome/147.0.7727.137 Mobile Safari/537.36 (compatible; Googlebot/2.1; +http://www.google.com/bot.html)"
216.73.217.100 - - [13/May/2026:06:41:11 +1000] "GET /products/detail/53305912 HTTP/2" 404 35911 "-" "Mozilla/5.0 AppleWebKit/537.36 (KHTML, like Gecko; compatible; ClaudeBot/1.0; +claudebot@anthropic.com)"
216.73.217.100 - - [13/May/2026:06:41:17 +1000] "GET /products/detail/59091157 HTTP/2" 404 35911 "-" "Mozilla/5.0 AppleWebKit/537.36 (KHTML, like Gecko; compatible; ClaudeBot/1.0; +claudebot@anthropic.com)"
216.73.217.100 - - [13/May/2026:06:41:35 +1000] "GET /products/detail/69420574 HTTP/2" 404 35911 "-" "Mozilla/5.0 AppleWebKit/537.36 (KHTML, like Gecko; compatible; ClaudeBot/1.0; +claudebot@anthropic.com)"
57.141.14.90 - - [13/May/2026:06:41:39 +1000] "GET /products/detail/66986056 HTTP/2" 404 137739 "-" "meta-externalagent/1.1 (+https://developers.facebook.com/docs/sharing/webmasters/crawler)"
216.73.217.100 - - [13/May/2026:06:41:40 +1000] "GET /products/detail/59226769 HTTP/2" 404 35911 "-" "Mozilla/5.0 AppleWebKit/537.36 (KHTML, like Gecko; compatible; ClaudeBot/1.0; +claudebot@anthropic.com)"
57.141.14.59 - - [13/May/2026:06:41:43 +1000] "GET /products/detail/61487749 HTTP/2" 404 137739 "-" "meta-externalagent/1.1 (+https://developers.facebook.com/docs/sharing/webmasters/crawler)"
216.73.217.100 - - [13/May/2026:06:42:00 +1000] "GET /products/detail/63689230 HTTP/2" 404 35911 "-" "Mozilla/5.0 AppleWebKit/537.36 (KHTML, like Gecko; compatible; ClaudeBot/1.0; +claudebot@anthropic.com)"
216.73.217.100 - - [13/May/2026:06:42:06 +1000] "GET /products/detail/66112102 HTTP/2" 404 35911 "-" "Mozilla/5.0 AppleWebKit/537.36 (KHTML, like Gecko; compatible; ClaudeBot/1.0; +claudebot@anthropic.com)"
57.141.14.68 - - [13/May/2026:06:42:06 +1000] "GET /products/detail/69637213 HTTP/2" 404 137739 "-" "meta-externalagent/1.1 (+https://developers.facebook.com/docs/sharing/webmasters/crawler)"
77.237.244.221 - - [13/May/2026:06:42:13 +1000] "GET /wp-admin/ HTTP/1.1" 302 725 "-" "Mozilla/5.0 (Windows NT 10.0; Win64; x64) AppleWebKit/537.36 (KHTML, like Gecko) Chrome/91.0.4472.124 Safari/537.36"
192.178.4.100 - - [13/May/2026:06:42:16 +1000] "GET /comment.php?products/jordan-4-craft-olive/12142303/ HTTP/1.1" 200 35369 "-" "Mozilla/5.0 (Linux; Android 6.0.1; Nexus 5X Build/MMB29P) AppleWebKit/537.36 (KHTML, like Gecko) Chrome/147.0.7727.137 Mobile Safari/537.36 (compatible; GoogleOther)"
77.237.244.221 - - [13/May/2026:06:42:16 +1000] "GET /wp-login.php?redirect_to=https%3A%2F%2Fcoridyan.com%2Fwp-admin%2F&reauth=1 HTTP/1.1" 200 5767 "-" "Mozilla/5.0 (Windows NT 10.0; Win64; x64) AppleWebKit/537.36 (KHTML, like Gecko) Chrome/91.0.4472.124 Safari/537.36"
77.237.244.221 - - [13/May/2026:06:42:20 +1000] "GET /wp-admin/css/ HTTP/1.1" 404 1020 "-" "Mozilla/5.0 (Windows NT 10.0; Win64; x64) AppleWebKit/537.36 (KHTML, like Gecko) Chrome/91.0.4472.124 Safari/537.36"
77.237.244.221 - - [13/May/2026:06:42:23 +1000] "GET /wp-admin/css/colors/ HTTP/1.1" 404 1020 "-" "Mozilla/5.0 (Windows NT 10.0; Win64; x64) AppleWebKit/537.36 (KHTML, like Gecko) Chrome/91.0.4472.124 Safari/537.36"
77.237.244.221 - - [13/May/2026:06:42:24 +1000] "GET /wp-admin/css/colors/blue/ HTTP/1.1" 404 1020 "-" "Mozilla/5.0 (Windows NT 10.0; Win64; x64) AppleWebKit/537.36 (KHTML, like Gecko) Chrome/91.0.4472.124 Safari/537.36"
192.178.4.100 - - [13/May/2026:06:42:24 +1000] "GET /?products/detail/70166224 HTTP/1.1" 200 39078 "-" "Mozilla/5.0 (Linux; Android 6.0.1; Nexus 5X Build/MMB29P) AppleWebKit/537.36 (KHTML, like Gecko) Chrome/147.0.7727.137 Mobile Safari/537.36 (compatible; Googlebot/2.1; +http://www.google.com/bot.html)"
77.237.244.221 - - [13/May/2026:06:42:26 +1000] "GET /wp-admin/css/colors/coffee/ HTTP/1.1" 404 1020 "-" "Mozilla/5.0 (Windows NT 10.0; Win64; x64) AppleWebKit/537.36 (KHTML, like Gecko) Chrome/91.0.4472.124 Safari/537.36"
77.237.244.221 - - [13/May/2026:06:42:28 +1000] "GET /wp-admin/css/colors/ectoplasm/ HTTP/1.1" 404 1020 "-" "Mozilla/5.0 (Windows NT 10.0; Win64; x64) AppleWebKit/537.36 (KHTML, like Gecko) Chrome/91.0.4472.124 Safari/537.36"
77.237.244.221 - - [13/May/2026:06:42:30 +1000] "GET /wp-admin/css/colors/midnight/ HTTP/1.1" 404 1020 "-" "Mozilla/5.0 (Windows NT 10.0; Win64; x64) AppleWebKit/537.36 (KHTML, like Gecko) Chrome/91.0.4472.124 Safari/537.36"
77.237.244.221 - - [13/May/2026:06:42:33 +1000] "GET /wp-admin/css/colors/ocean/ HTTP/1.1" 404 1020 "-" "Mozilla/5.0 (Windows NT 10.0; Win64; x64) AppleWebKit/537.36 (KHTML, like Gecko) Chrome/91.0.4472.124 Safari/537.36"
192.178.4.100 - - [13/May/2026:06:42:33 +1000] "GET /?products/detail/63707095 HTTP/1.1" 200 39089 "-" "Mozilla/5.0 (Linux; Android 6.0.1; Nexus 5X Build/MMB29P) AppleWebKit/537.36 (KHTML, like Gecko) Chrome/147.0.7727.137 Mobile Safari/537.36 (compatible; Googlebot/2.1; +http://www.google.com/bot.html)"
77.237.244.221 - - [13/May/2026:06:42:35 +1000] "GET /wp-admin/css/colors/sunrise/ HTTP/1.1" 404 1020 "-" "Mozilla/5.0 (Windows NT 10.0; Win64; x64) AppleWebKit/537.36 (KHTML, like Gecko) Chrome/91.0.4472.124 Safari/537.36"
77.237.244.221 - - [13/May/2026:06:42:37 +1000] "GET /wp-admin/images/ HTTP/1.1" 404 1020 "-" "Mozilla/5.0 (Windows NT 10.0; Win64; x64) AppleWebKit/537.36 (KHTML, like Gecko) Chrome/91.0.4472.124 Safari/537.36"
77.237.244.221 - - [13/May/2026:06:42:39 +1000] "GET /wp-admin/import/ HTTP/1.1" 301 669 "-" "Mozilla/5.0 (Windows NT 10.0; Win64; x64) AppleWebKit/537.36 (KHTML, like Gecko) Chrome/91.0.4472.124 Safari/537.36"
192.178.4.100 - - [13/May/2026:06:42:40 +1000] "POST /wp-admin/admin-ajax.php HTTP/1.1" 200 1278 "https://www.coridyan.com/?products/detail/70166224" "Mozilla/5.0 (Linux; Android 6.0.1; Nexus 5X Build/MMB29P) AppleWebKit/537.36 (KHTML, like Gecko) Chrome/147.0.7727.137 Mobile Safari/537.36 (compatible; Googlebot/2.1; +http://www.google.com/bot.html)"
77.237.244.221 - - [13/May/2026:06:42:42 +1000] "GET /wp-admin/import/ HTTP/1.1" 404 36234 "-" "Mozilla/5.0 (Windows NT 10.0; Win64; x64) AppleWebKit/537.36 (KHTML, like Gecko) Chrome/91.0.4472.124 Safari/537.36"
77.237.244.221 - - [13/May/2026:06:42:45 +1000] "GET /wp-admin/includes/ HTTP/1.1" 404 1020 "-" "Mozilla/5.0 (Windows NT 10.0; Win64; x64) AppleWebKit/537.36 (KHTML, like Gecko) Chrome/91.0.4472.124 Safari/537.36"
47.82.9.57 - - [13/May/2026:06:42:44 +1000] "GET /melhores-bonus-sem-deposito-2026-obtenha-codigos-2/ HTTP/1.1" 200 43642 "https://www.coridyan.com/" "Mozilla/5.0 (X11; CrOS x86_64 14541.0.0) AppleWebKit/537.36 (KHTML, like Gecko) Chrome/134.0.0.0 Safari/537.36"
216.73.217.100 - - [13/May/2026:06:42:45 +1000] "GET /products/detail/54973549 HTTP/2" 404 35911 "-" "Mozilla/5.0 AppleWebKit/537.36 (KHTML, like Gecko; compatible; ClaudeBot/1.0; +claudebot@anthropic.com)"
77.237.244.221 - - [13/May/2026:06:42:48 +1000] "GET /wp-admin/js/ HTTP/1.1" 404 1020 "-" "Mozilla/5.0 (Windows NT 10.0; Win64; x64) AppleWebKit/537.36 (KHTML, like Gecko) Chrome/91.0.4472.124 Safari/537.36"
192.178.4.100 - - [13/May/2026:06:42:48 +1000] "GET /comment.php?products/zara-ivory-turtleneck-knit-with-fringe/8417103/ HTTP/1.1" 200 34563 "-" "Mozilla/5.0 (Linux; Android 6.0.1; Nexus 5X Build/MMB29P) AppleWebKit/537.36 (KHTML, like Gecko) Chrome/147.0.7727.137 Mobile Safari/537.36 (compatible; Googlebot/2.1; +http://www.google.com/bot.html)"
77.237.244.221 - - [13/May/2026:06:42:50 +1000] "GET /wp-admin/js/common/ HTTP/1.1" 301 672 "-" "Mozilla/5.0 (Windows NT 10.0; Win64; x64) AppleWebKit/537.36 (KHTML, like Gecko) Chrome/91.0.4472.124 Safari/537.36"
216.73.217.100 - - [13/May/2026:06:42:51 +1000] "GET /products/detail/55846738 HTTP/2" 404 35911 "-" "Mozilla/5.0 AppleWebKit/537.36 (KHTML, like Gecko; compatible; ClaudeBot/1.0; +claudebot@anthropic.com)"
77.237.244.221 - - [13/May/2026:06:42:53 +1000] "GET /wp-admin/js/common/ HTTP/1.1" 404 36639 "-" "Mozilla/5.0 (Windows NT 10.0; Win64; x64) AppleWebKit/537.36 (KHTML, like Gecko) Chrome/91.0.4472.124 Safari/537.36"
192.178.4.100 - - [13/May/2026:06:42:55 +1000] "GET /?products/detail/68181832 HTTP/1.1" 200 39077 "-" "Mozilla/5.0 (Linux; Android 6.0.1; Nexus 5X Build/MMB29P) AppleWebKit/537.36 (KHTML, like Gecko) Chrome/147.0.7727.137 Mobile Safari/537.36 (compatible; Googlebot/2.1; +http://www.google.com/bot.html)"
77.237.244.221 - - [13/May/2026:06:42:57 +1000] "GET /wp-admin/js/editor/ HTTP/1.1" 301 672 "-" "Mozilla/5.0 (Windows NT 10.0; Win64; x64) AppleWebKit/537.36 (KHTML, like Gecko) Chrome/91.0.4472.124 Safari/537.36"
77.237.244.221 - - [13/May/2026:06:43:00 +1000] "GET /wp-admin/js/editor/ HTTP/1.1" 404 36639 "-" "Mozilla/5.0 (Windows NT 10.0; Win64; x64) AppleWebKit/537.36 (KHTML, like Gecko) Chrome/91.0.4472.124 Safari/537.36"
192.178.4.102 - - [13/May/2026:06:43:03 +1000] "POST /wp-json/platformist-quadendpointer-sxadtr/v1/s6qgn HTTP/1.1" 403 986 "https://www.coridyan.com/?products/detail/70166224" "Mozilla/5.0 (Linux; Android 6.0.1; Nexus 5X Build/MMB29P) AppleWebKit/537.36 (KHTML, like Gecko) Chrome/147.0.7727.137 Mobile Safari/537.36 (compatible; Googlebot/2.1; +http://www.google.com/bot.html)"
77.237.244.221 - - [13/May/2026:06:43:04 +1000] "GET /wp-admin/js/media/ HTTP/1.1" 301 671 "-" "Mozilla/5.0 (Windows NT 10.0; Win64; x64) AppleWebKit/537.36 (KHTML, like Gecko) Chrome/91.0.4472.124 Safari/537.36"
77.237.244.221 - - [13/May/2026:06:43:06 +1000] "GET /wp-admin/js/media/ HTTP/1.1" 404 36639 "-" "Mozilla/5.0 (Windows NT 10.0; Win64; x64) AppleWebKit/537.36 (KHTML, like Gecko) Chrome/91.0.4472.124 Safari/537.36"
77.237.244.221 - - [13/May/2026:06:43:11 +1000] "GET /wp-admin/js/widgets/ HTTP/1.1" 404 1020 "-" "Mozilla/5.0 (Windows NT 10.0; Win64; x64) AppleWebKit/537.36 (KHTML, like Gecko) Chrome/91.0.4472.124 Safari/537.36"
192.178.4.101 - - [13/May/2026:06:43:10 +1000] "GET /?products/detail/63831664 HTTP/1.1" 200 39078 "-" "Mozilla/5.0 (Linux; Android 6.0.1; Nexus 5X Build/MMB29P) AppleWebKit/537.36 (KHTML, like Gecko) Chrome/147.0.7727.137 Mobile Safari/537.36 (compatible; Googlebot/2.1; +http://www.google.com/bot.html)"
216.73.217.100 - - [13/May/2026:06:43:10 +1000] "GET /products/detail/70035724 HTTP/2" 404 35911 "-" "Mozilla/5.0 AppleWebKit/537.36 (KHTML, like Gecko; compatible; ClaudeBot/1.0; +claudebot@anthropic.com)"
77.237.244.221 - - [13/May/2026:06:43:12 +1000] "GET /wp-admin/maint/ HTTP/1.1" 404 1020 "-" "Mozilla/5.0 (Windows NT 10.0; Win64; x64) AppleWebKit/537.36 (KHTML, like Gecko) Chrome/91.0.4472.124 Safari/537.36"
77.237.244.221 - - [13/May/2026:06:43:14 +1000] "GET /wp-admin/network/ HTTP/1.1" 302 735 "-" "Mozilla/5.0 (Windows NT 10.0; Win64; x64) AppleWebKit/537.36 (KHTML, like Gecko) Chrome/91.0.4472.124 Safari/537.36"
77.237.244.221 - - [13/May/2026:06:43:17 +1000] "GET /wp-login.php?redirect_to=https%3A%2F%2Fcoridyan.com%2Fwp-admin%2Fnetwork%2F&reauth=1 HTTP/1.1" 200 5773 "-" "Mozilla/5.0 (Windows NT 10.0; Win64; x64) AppleWebKit/537.36 (KHTML, like Gecko) Chrome/91.0.4472.124 Safari/537.36"
216.73.217.100 - - [13/May/2026:06:43:16 +1000] "GET /?p=71619 HTTP/2" 301 0 "-" "Mozilla/5.0 AppleWebKit/537.36 (KHTML, like Gecko; compatible; ClaudeBot/1.0; +claudebot@anthropic.com)"
192.178.4.100 - - [13/May/2026:06:43:16 +1000] "GET /comment.php?products/victorias-secret-38b-ganache-brown-smooth-lightly-lined-full/11572638/ HTTP/1.1" 200 34375 "-" "Mozilla/5.0 (Linux; Android 6.0.1; Nexus 5X Build/MMB29P) AppleWebKit/537.36 (KHTML, like Gecko) Chrome/147.0.7727.137 Mobile Safari/537.36 (compatible; Googlebot/2.1; +http://www.google.com/bot.html)"
216.73.217.100 - - [13/May/2026:06:43:18 +1000] "GET /greatest-a-real-income-web-based-casinos-to-own-december-2026/ HTTP/2" 200 40677 "https://www.coridyan.com/?p=71619" "Mozilla/5.0 AppleWebKit/537.36 (KHTML, like Gecko; compatible; ClaudeBot/1.0; +claudebot@anthropic.com)"
77.237.244.221 - - [13/May/2026:06:43:20 +1000] "GET /wp-admin/user/ HTTP/1.1" 302 732 "-" "Mozilla/5.0 (Windows NT 10.0; Win64; x64) AppleWebKit/537.36 (KHTML, like Gecko) Chrome/91.0.4472.124 Safari/537.36"
77.237.244.221 - - [13/May/2026:06:43:23 +1000] "GET /wp-login.php?redirect_to=https%3A%2F%2Fcoridyan.com%2Fwp-admin%2Fuser%2F&reauth=1 HTTP/1.1" 200 5770 "-" "Mozilla/5.0 (Windows NT 10.0; Win64; x64) AppleWebKit/537.36 (KHTML, like Gecko) Chrome/91.0.4472.124 Safari/537.36"
192.178.4.100 - - [13/May/2026:06:43:23 +1000] "GET /?products/detail/65270863 HTTP/1.1" 200 39078 "-" "Mozilla/5.0 (Linux; Android 6.0.1; Nexus 5X Build/MMB29P) AppleWebKit/537.36 (KHTML, like Gecko) Chrome/147.0.7727.137 Mobile Safari/537.36 (compatible; Googlebot/2.1; +http://www.google.com/bot.html)"
216.73.217.100 - - [13/May/2026:06:43:23 +1000] "GET /?p=23817 HTTP/2" 301 0 "-" "Mozilla/5.0 AppleWebKit/537.36 (KHTML, like Gecko; compatible; ClaudeBot/1.0; +claudebot@anthropic.com)"
77.237.244.221 - - [13/May/2026:06:43:26 +1000] "GET /wp-includes/ HTTP/1.1" 200 581 "-" "Mozilla/5.0 (Windows NT 10.0; Win64; x64) AppleWebKit/537.36 (KHTML, like Gecko) Chrome/91.0.4472.124 Safari/537.36"
216.73.217.100 - - [13/May/2026:06:43:25 +1000] "GET /holly-jolly-penguins-lobstermania-slots-online-position-comment-2022/ HTTP/2" 200 42336 "https://www.coridyan.com/?p=23817" "Mozilla/5.0 AppleWebKit/537.36 (KHTML, like Gecko; compatible; ClaudeBot/1.0; +claudebot@anthropic.com)"
77.237.244.221 - - [13/May/2026:06:43:28 +1000] "GET /wp-includes/blocks/ HTTP/1.1" 500 501 "-" "Mozilla/5.0 (Windows NT 10.0; Win64; x64) AppleWebKit/537.36 (KHTML, like Gecko) Chrome/91.0.4472.124 Safari/537.36"
77.237.244.221 - - [13/May/2026:06:43:30 +1000] "GET /wp-includes/block-patterns/ HTTP/1.1" 404 1020 "-" "Mozilla/5.0 (Windows NT 10.0; Win64; x64) AppleWebKit/537.36 (KHTML, like Gecko) Chrome/91.0.4472.124 Safari/537.36"
216.73.217.100 - - [13/May/2026:06:43:30 +1000] "GET /?p=76940 HTTP/2" 301 0 "-" "Mozilla/5.0 AppleWebKit/537.36 (KHTML, like Gecko; compatible; ClaudeBot/1.0; +claudebot@anthropic.com)"
77.237.244.221 - - [13/May/2026:06:43:32 +1000] "GET /wp-includes/block-supports/ HTTP/1.1" 404 1020 "-" "Mozilla/5.0 (Windows NT 10.0; Win64; x64) AppleWebKit/537.36 (KHTML, like Gecko) Chrome/91.0.4472.124 Safari/537.36"
192.178.4.100 - - [13/May/2026:06:43:30 +1000] "GET /content.php?product/82818994 HTTP/1.1" 200 28638 "-" "Mozilla/5.0 (Linux; Android 6.0.1; Nexus 5X Build/MMB29P) AppleWebKit/537.36 (KHTML, like Gecko) Chrome/147.0.7727.137 Mobile Safari/537.36 (compatible; GoogleOther)"
216.73.217.100 - - [13/May/2026:06:43:32 +1000] "GET /best-payid-casinos-around-australia-payid-pokies-2026/ HTTP/2" 200 40434 "https://www.coridyan.com/?p=76940" "Mozilla/5.0 AppleWebKit/537.36 (KHTML, like Gecko; compatible; ClaudeBot/1.0; +claudebot@anthropic.com)"
77.237.244.221 - - [13/May/2026:06:43:34 +1000] "GET /wp-includes/certificates/ HTTP/1.1" 404 1020 "-" "Mozilla/5.0 (Windows NT 10.0; Win64; x64) AppleWebKit/537.36 (KHTML, like Gecko) Chrome/91.0.4472.124 Safari/537.36"
77.237.244.221 - - [13/May/2026:06:43:36 +1000] "GET /wp-includes/css/ HTTP/1.1" 404 1020 "-" "Mozilla/5.0 (Windows NT 10.0; Win64; x64) AppleWebKit/537.36 (KHTML, like Gecko) Chrome/91.0.4472.124 Safari/537.36"
77.237.244.221 - - [13/May/2026:06:43:38 +1000] "GET /wp-includes/customize/ HTTP/1.1" 404 1020 "-" "Mozilla/5.0 (Windows NT 10.0; Win64; x64) AppleWebKit/537.36 (KHTML, like Gecko) Chrome/91.0.4472.124 Safari/537.36"
192.178.4.100 - - [13/May/2026:06:43:37 +1000] "GET /?products/detail/56971666 HTTP/1.1" 200 39089 "-" "Mozilla/5.0 (Linux; Android 6.0.1; Nexus 5X Build/MMB29P) AppleWebKit/537.36 (KHTML, like Gecko) Chrome/147.0.7727.137 Mobile Safari/537.36 (compatible; Googlebot/2.1; +http://www.google.com/bot.html)"
216.73.217.100 - - [13/May/2026:06:43:38 +1000] "GET /products/detail/61016671 HTTP/2" 404 35911 "-" "Mozilla/5.0 AppleWebKit/537.36 (KHTML, like Gecko; compatible; ClaudeBot/1.0; +claudebot@anthropic.com)"
77.237.244.221 - - [13/May/2026:06:43:40 +1000] "GET /wp-includes/fonts/ HTTP/1.1" 404 1020 "-" "Mozilla/5.0 (Windows NT 10.0; Win64; x64) AppleWebKit/537.36 (KHTML, like Gecko) Chrome/91.0.4472.124 Safari/537.36"
77.237.244.221 - - [13/May/2026:06:43:42 +1000] "GET /wp-includes/images/ HTTP/1.1" 404 1020 "-" "Mozilla/5.0 (Windows NT 10.0; Win64; x64) AppleWebKit/537.36 (KHTML, like Gecko) Chrome/91.0.4472.124 Safari/537.36"
216.73.217.100 - - [13/May/2026:06:43:42 +1000] "GET /products/detail/53115724 HTTP/2" 404 35911 "-" "Mozilla/5.0 AppleWebKit/537.36 (KHTML, like Gecko; compatible; ClaudeBot/1.0; +claudebot@anthropic.com)"
77.237.244.221 - - [13/May/2026:06:43:44 +1000] "GET /wp-includes/images/media/ HTTP/1.1" 404 1020 "-" "Mozilla/5.0 (Windows NT 10.0; Win64; x64) AppleWebKit/537.36 (KHTML, like Gecko) Chrome/91.0.4472.124 Safari/537.36"
47.82.10.250 - - [13/May/2026:06:43:43 +1000] "GET /veelgestelde-slot-muchos-grande-eisen/ HTTP/1.1" 200 42185 "https://www.coridyan.com/" "Mozilla/5.0 (Windows NT 10.0; Win64; x64) AppleWebKit/537.36 (KHTML, like Gecko) Chrome/135.0.0.0 Safari/537.36"
192.178.4.100 - - [13/May/2026:06:43:44 +1000] "GET /comment.php?products/rines-con-llantas-cromadas/9869213/ HTTP/1.1" 200 35256 "-" "Mozilla/5.0 (Linux; Android 6.0.1; Nexus 5X Build/MMB29P) AppleWebKit/537.36 (KHTML, like Gecko) Chrome/147.0.7727.137 Mobile Safari/537.36 (compatible; Googlebot/2.1; +http://www.google.com/bot.html)"
77.237.244.221 - - [13/May/2026:06:43:46 +1000] "GET /wp-includes/images/smilies/ HTTP/1.1" 404 1020 "-" "Mozilla/5.0 (Windows NT 10.0; Win64; x64) AppleWebKit/537.36 (KHTML, like Gecko) Chrome/91.0.4472.124 Safari/537.36"
77.237.244.221 - - [13/May/2026:06:43:48 +1000] "GET /wp-includes/js/ HTTP/1.1" 404 1020 "-" "Mozilla/5.0 (Windows NT 10.0; Win64; x64) AppleWebKit/537.36 (KHTML, like Gecko) Chrome/91.0.4472.124 Safari/537.36"
216.73.217.100 - - [13/May/2026:06:43:49 +1000] "GET /products/detail/54329815 HTTP/2" 404 35911 "-" "Mozilla/5.0 AppleWebKit/537.36 (KHTML, like Gecko; compatible; ClaudeBot/1.0; +claudebot@anthropic.com)"
77.237.244.221 - - [13/May/2026:06:43:50 +1000] "GET /wp-includes/js/dist/ HTTP/1.1" 404 1020 "-" "Mozilla/5.0 (Windows NT 10.0; Win64; x64) AppleWebKit/537.36 (KHTML, like Gecko) Chrome/91.0.4472.124 Safari/537.36"
192.178.4.100 - - [13/May/2026:06:43:50 +1000] "GET /?products/detail/54964396 HTTP/1.1" 200 39076 "-" "Mozilla/5.0 (Linux; Android 6.0.1; Nexus 5X Build/MMB29P) AppleWebKit/537.36 (KHTML, like Gecko) Chrome/147.0.7727.137 Mobile Safari/537.36 (compatible; Googlebot/2.1; +http://www.google.com/bot.html)"
77.237.244.221 - - [13/May/2026:06:43:52 +1000] "GET /wp-includes/js/dist/vendor/ HTTP/1.1" 404 1020 "-" "Mozilla/5.0 (Windows NT 10.0; Win64; x64) AppleWebKit/537.36 (KHTML, like Gecko) Chrome/91.0.4472.124 Safari/537.36"
47.82.10.118 - - [13/May/2026:06:43:47 +1000] "GET /author/admlnlx/page/1569/ HTTP/1.1" 200 41592 "https://www.coridyan.com/" "Mozilla/5.0 (Windows NT 10.0; Win64; x64) AppleWebKit/537.36 (KHTML, like Gecko) Chrome/135.0.0.0 Safari/537.36 Edg/135.0.0.0"
77.237.244.221 - - [13/May/2026:06:43:54 +1000] "GET /wp-includes/js/jquery/ HTTP/1.1" 404 1020 "-" "Mozilla/5.0 (Windows NT 10.0; Win64; x64) AppleWebKit/537.36 (KHTML, like Gecko) Chrome/91.0.4472.124 Safari/537.36"
77.237.244.221 - - [13/May/2026:06:43:56 +1000] "GET /wp-includes/js/jquery/ui/ HTTP/1.1" 404 1020 "-" "Mozilla/5.0 (Windows NT 10.0; Win64; x64) AppleWebKit/537.36 (KHTML, like Gecko) Chrome/91.0.4472.124 Safari/537.36"
216.73.217.100 - - [13/May/2026:06:43:55 +1000] "GET /products/detail/58542994 HTTP/2" 404 35911 "-" "Mozilla/5.0 AppleWebKit/537.36 (KHTML, like Gecko; compatible; ClaudeBot/1.0; +claudebot@anthropic.com)"
192.178.4.100 - - [13/May/2026:06:43:57 +1000] "POST /wp-admin/admin-ajax.php HTTP/1.1" 200 1276 "https://www.coridyan.com/?products/detail/54964396" "Mozilla/5.0 (Linux; Android 6.0.1; Nexus 5X Build/MMB29P) AppleWebKit/537.36 (KHTML, like Gecko) Chrome/147.0.7727.137 Mobile Safari/537.36 (compatible; Googlebot/2.1; +http://www.google.com/bot.html)"
77.237.244.221 - - [13/May/2026:06:43:58 +1000] "GET /wp-includes/js/mediaelement/ HTTP/1.1" 404 1020 "-" "Mozilla/5.0 (Windows NT 10.0; Win64; x64) AppleWebKit/537.36 (KHTML, like Gecko) Chrome/91.0.4472.124 Safari/537.36"
57.141.14.2 - - [13/May/2026:06:43:57 +1000] "GET /products/detail/65862280 HTTP/2" 404 137739 "-" "meta-externalagent/1.1 (+https://developers.facebook.com/docs/sharing/webmasters/crawler)"
77.237.244.221 - - [13/May/2026:06:44:00 +1000] "GET /wp-includes/js/plupload/ HTTP/1.1" 404 1020 "-" "Mozilla/5.0 (Windows NT 10.0; Win64; x64) AppleWebKit/537.36 (KHTML, like Gecko) Chrome/91.0.4472.124 Safari/537.36"
77.237.244.221 - - [13/May/2026:06:44:02 +1000] "GET /wp-includes/js/tinymce/ HTTP/1.1" 404 1020 "-" "Mozilla/5.0 (Windows NT 10.0; Win64; x64) AppleWebKit/537.36 (KHTML, like Gecko) Chrome/91.0.4472.124 Safari/537.36"
57.141.14.22 - - [13/May/2026:06:44:01 +1000] "GET /products/detail/55924939 HTTP/2" 404 137739 "-" "meta-externalagent/1.1 (+https://developers.facebook.com/docs/sharing/webmasters/crawler)"
216.73.217.100 - - [13/May/2026:06:44:02 +1000] "GET /products/detail/67999321 HTTP/2" 404 35917 "-" "Mozilla/5.0 AppleWebKit/537.36 (KHTML, like Gecko; compatible; ClaudeBot/1.0; +claudebot@anthropic.com)"
77.237.244.221 - - [13/May/2026:06:44:05 +1000] "GET /wp-includes/js/tinymce/langs/ HTTP/1.1" 404 1020 "-" "Mozilla/5.0 (Windows NT 10.0; Win64; x64) AppleWebKit/537.36 (KHTML, like Gecko) Chrome/91.0.4472.124 Safari/537.36"
77.237.244.221 - - [13/May/2026:06:44:07 +1000] "GET /wp-includes/js/tinymce/plugins/ HTTP/1.1" 404 1020 "-" "Mozilla/5.0 (Windows NT 10.0; Win64; x64) AppleWebKit/537.36 (KHTML, like Gecko) Chrome/91.0.4472.124 Safari/537.36"
77.237.244.221 - - [13/May/2026:06:44:09 +1000] "GET /wp-includes/js/tinymce/skins/ HTTP/1.1" 404 1020 "-" "Mozilla/5.0 (Windows NT 10.0; Win64; x64) AppleWebKit/537.36 (KHTML, like Gecko) Chrome/91.0.4472.124 Safari/537.36"
192.178.4.102 - - [13/May/2026:06:44:09 +1000] "POST /wp-json/platformist-quadendpointer-sxadtr/v1/s6qgn HTTP/1.1" 403 986 "https://www.coridyan.com/?products/detail/54964396" "Mozilla/5.0 (Linux; Android 6.0.1; Nexus 5X Build/MMB29P) AppleWebKit/537.36 (KHTML, like Gecko) Chrome/147.0.7727.137 Mobile Safari/537.36 (compatible; Googlebot/2.1; +http://www.google.com/bot.html)"
77.237.244.221 - - [13/May/2026:06:44:11 +1000] "GET /wp-includes/js/tinymce/themes/ HTTP/1.1" 404 1020 "-" "Mozilla/5.0 (Windows NT 10.0; Win64; x64) AppleWebKit/537.36 (KHTML, like Gecko) Chrome/91.0.4472.124 Safari/537.36"
216.73.217.100 - - [13/May/2026:06:44:10 +1000] "GET /products/detail/61093315 HTTP/2" 404 35911 "-" "Mozilla/5.0 AppleWebKit/537.36 (KHTML, like Gecko; compatible; ClaudeBot/1.0; +claudebot@anthropic.com)"
77.237.244.221 - - [13/May/2026:06:44:14 +1000] "GET /wp-includes/rest-api/ HTTP/1.1" 404 1020 "-" "Mozilla/5.0 (Windows NT 10.0; Win64; x64) AppleWebKit/537.36 (KHTML, like Gecko) Chrome/91.0.4472.124 Safari/537.36"
