216.73.217.100 - - [13/May/2026:05:38:10 +1000] "GET /bedrijfstop-10-lieve-goksites-nederlan-lijst-vanuit-lentemaan-2026/feed/ HTTP/2" 200 925 "-" "Mozilla/5.0 AppleWebKit/537.36 (KHTML, like Gecko; compatible; ClaudeBot/1.0; +claudebot@anthropic.com)"
216.73.217.100 - - [13/May/2026:05:38:10 +1000] "GET /recomandatie-quickspin-software-pentru-cazinouri-generala-jocuri-recenziile-jucatorilor/feed/ HTTP/2" 200 993 "-" "Mozilla/5.0 AppleWebKit/537.36 (KHTML, like Gecko; compatible; ClaudeBot/1.0; +claudebot@anthropic.com)"
216.73.217.100 - - [13/May/2026:05:38:10 +1000] "GET /greatest-cellular-ice-hockey-casino-casinos-for-iphone-3gs-android-os-march-2026/feed/ HTTP/2" 200 974 "-" "Mozilla/5.0 AppleWebKit/537.36 (KHTML, like Gecko; compatible; ClaudeBot/1.0; +claudebot@anthropic.com)"
3.94.199.128 - - [13/May/2026:05:38:12 +1000] "GET /wp-json/oembed/1.0/embed?url=https://www.coridyan.com/osombet-casino-resena-2026-consejos-asi-como-bonos-seria-confiable-acerca-de-argentina/ HTTP/1.1" 200 2411 "-" "Mozilla/5.0 AppleWebKit/537.36 (KHTML, like Gecko; compatible; Amazonbot/0.1; +https://developer.amazon.com/support/amazonbot) Chrome/119.0.6045.214 Safari/537.36"
216.73.217.100 - - [13/May/2026:05:38:12 +1000] "GET /lord-of-your-sea-position-demonstration-opinion-5000x-max-winnings/feed/ HTTP/2" 200 933 "-" "Mozilla/5.0 AppleWebKit/537.36 (KHTML, like Gecko; compatible; ClaudeBot/1.0; +claudebot@anthropic.com)"
216.73.217.100 - - [13/May/2026:05:38:13 +1000] "GET /play-on-the-web-free-pokies-australian-continent-no-download-for-fun/feed/ HTTP/2" 200 931 "-" "Mozilla/5.0 AppleWebKit/537.36 (KHTML, like Gecko; compatible; ClaudeBot/1.0; +claudebot@anthropic.com)"
216.73.217.100 - - [13/May/2026:05:38:13 +1000] "GET /tagesordnungspunkt-spielstellen-mit-glitz-mobile-casinos-im-test-2026/feed/ HTTP/2" 200 934 "-" "Mozilla/5.0 AppleWebKit/537.36 (KHTML, like Gecko; compatible; ClaudeBot/1.0; +claudebot@anthropic.com)"
216.73.217.100 - - [13/May/2026:05:38:13 +1000] "GET /nachfolgende-besten-freispiele-ohne-einzahlung-2026-aktualisiert/ HTTP/2" 200 41175 "-" "Mozilla/5.0 AppleWebKit/537.36 (KHTML, like Gecko; compatible; ClaudeBot/1.0; +claudebot@anthropic.com)"
216.73.217.100 - - [13/May/2026:05:38:13 +1000] "GET /flower-local-casino-united-kingdom-formal-login-bonuses-quick-distributions-2026/ HTTP/2" 200 40357 "-" "Mozilla/5.0 AppleWebKit/537.36 (KHTML, like Gecko; compatible; ClaudeBot/1.0; +claudebot@anthropic.com)"
216.73.217.100 - - [13/May/2026:05:38:14 +1000] "GET /unleashing-fortune-and-fun-at-paradise-8-casino-online-realm/feed/ HTTP/2" 200 907 "-" "Mozilla/5.0 AppleWebKit/537.36 (KHTML, like Gecko; compatible; ClaudeBot/1.0; +claudebot@anthropic.com)"
216.73.217.100 - - [13/May/2026:05:38:14 +1000] "GET /100-freispiele-blos-casino-bonus-visa-einzahlung-top-angebote-2026/feed/ HTTP/2" 200 928 "-" "Mozilla/5.0 AppleWebKit/537.36 (KHTML, like Gecko; compatible; ClaudeBot/1.0; +claudebot@anthropic.com)"
216.73.217.100 - - [13/May/2026:05:38:14 +1000] "GET /dr-choice-%CE%B7%CE%BD%CF%89%CE%BC%CE%AD%CE%BD%CE%BF-%CE%B2%CE%B1%CF%83%CE%AF%CE%BB%CE%B5%CE%B9%CE%BF-%CE%B3%CE%BD%CF%8E%CE%BC%CE%B7-2026-%CE%B5%CE%AF%CE%BD%CE%B1%CE%B9-%CF%84%CE%BF-dr-wager-safer/ HTTP/2" 200 42137 "-" "Mozilla/5.0 AppleWebKit/537.36 (KHTML, like Gecko; compatible; ClaudeBot/1.0; +claudebot@anthropic.com)"
216.73.217.100 - - [13/May/2026:05:38:14 +1000] "GET /idraet-secret-of-the-stones-spilleautoma-online/ HTTP/2" 200 40533 "-" "Mozilla/5.0 AppleWebKit/537.36 (KHTML, like Gecko; compatible; ClaudeBot/1.0; +claudebot@anthropic.com)"
216.73.217.100 - - [13/May/2026:05:38:15 +1000] "GET /thunderstruck-slots-happy-quantity-paypal-listing-interesting-casino-mywin24-mobile-viking-determined-ports/ HTTP/2" 200 41489 "-" "Mozilla/5.0 AppleWebKit/537.36 (KHTML, like Gecko; compatible; ClaudeBot/1.0; +claudebot@anthropic.com)"
216.73.217.100 - - [13/May/2026:05:38:15 +1000] "GET /%D8%AA%D8%B9%D9%84%D9%8A%D9%82-%D9%85%D9%81%D8%B5%D9%84-%D9%85%D9%86-avabet-%D9%88%D8%B3%D8%AA%D8%AA%D8%B9%D8%B1%D9%81-%D8%B9%D9%84%D9%89-%D8%A7%D9%84%D8%AD%D9%88%D8%A7%D9%81%D8%B2-%D8%A7%D9%84%D9%85/ HTTP/2" 200 43543 "-" "Mozilla/5.0 AppleWebKit/537.36 (KHTML, like Gecko; compatible; ClaudeBot/1.0; +claudebot@anthropic.com)"
54.225.98.148 - - [13/May/2026:05:38:16 +1000] "GET /better-real-money-web-based-casinos-top-ten-in-the-march-golden-princess-big-win-2026/feed/ HTTP/1.1" 200 1836 "-" "Mozilla/5.0 AppleWebKit/537.36 (KHTML, like Gecko; compatible; Amazonbot/0.1; +https://developer.amazon.com/support/amazonbot) Chrome/119.0.6045.214 Safari/537.36"
216.73.217.100 - - [13/May/2026:05:38:16 +1000] "GET /natcasino-2026-jamfora-40-ultimat-svenska-sprake-natcasinon/feed/ HTTP/2" 200 911 "-" "Mozilla/5.0 AppleWebKit/537.36 (KHTML, like Gecko; compatible; ClaudeBot/1.0; +claudebot@anthropic.com)"
216.73.217.100 - - [13/May/2026:05:38:16 +1000] "GET /bitcoin-casinos-2026-beste-btc-versorger-boni-and-sicherheit/ HTTP/2" 200 43120 "-" "Mozilla/5.0 AppleWebKit/537.36 (KHTML, like Gecko; compatible; ClaudeBot/1.0; +claudebot@anthropic.com)"
216.73.217.100 - - [13/May/2026:05:38:16 +1000] "GET /stimuli-vulkan-spiele-partnorski-vkhod-i-bankirane-2025/ HTTP/2" 200 41125 "-" "Mozilla/5.0 AppleWebKit/537.36 (KHTML, like Gecko; compatible; ClaudeBot/1.0; +claudebot@anthropic.com)"
57.141.14.77 - - [13/May/2026:05:38:19 +1000] "GET /products/detail/55130455 HTTP/2" 404 137739 "-" "meta-externalagent/1.1 (+https://developers.facebook.com/docs/sharing/webmasters/crawler)"
98.84.60.17 - - [13/May/2026:05:38:20 +1000] "GET /drueckglueck-local-casino-one-hundred-free-take-pleasure-in-pokies-%EF%BF%BD-queen-from-nile-ministere-de-bitstarz-bonus-100-casino-los-angeles-sante-publique/feed/ HTTP/1.1" 200 2055 "-" "Mozilla/5.0 AppleWebKit/537.36 (KHTML, like Gecko; compatible; Amazonbot/0.1; +https://developer.amazon.com/support/amazonbot) Chrome/119.0.6045.214 Safari/537.36"
57.141.14.59 - - [13/May/2026:05:38:20 +1000] "GET /products/detail/59379040 HTTP/2" 404 137739 "-" "meta-externalagent/1.1 (+https://developers.facebook.com/docs/sharing/webmasters/crawler)"
192.178.4.100 - - [13/May/2026:05:38:20 +1000] "POST /wp-json/platformist-quadendpointer-sxadtr/v1/s6qgn HTTP/1.1" 200 1680 "https://www.coridyan.com/?products/detail/58604275" "Mozilla/5.0 (Linux; Android 6.0.1; Nexus 5X Build/MMB29P) AppleWebKit/537.36 (KHTML, like Gecko) Chrome/147.0.7727.137 Mobile Safari/537.36 (compatible; Googlebot/2.1; +http://www.google.com/bot.html)"
52.205.141.124 - - [13/May/2026:05:38:24 +1000] "GET /wp-json/oembed/1.0/embed?url=https://www.coridyan.com/fortunate-dino-casino-opinion-incentives-diamond-empire-casino-reviews/ HTTP/1.1" 200 2423 "-" "Mozilla/5.0 AppleWebKit/537.36 (KHTML, like Gecko; compatible; Amazonbot/0.1; +https://developer.amazon.com/support/amazonbot) Chrome/119.0.6045.214 Safari/537.36"
192.178.4.100 - - [13/May/2026:05:38:24 +1000] "GET /?products/detail/66993274 HTTP/1.1" 200 39699 "-" "Mozilla/5.0 (Linux; Android 6.0.1; Nexus 5X Build/MMB29P) AppleWebKit/537.36 (KHTML, like Gecko) Chrome/147.0.7727.137 Mobile Safari/537.36 (compatible; Googlebot/2.1; +http://www.google.com/bot.html)"
52.44.229.124 - - [13/May/2026:05:38:28 +1000] "GET /wp-json/wp/v2/posts/19724 HTTP/1.1" 200 7944 "-" "Mozilla/5.0 AppleWebKit/537.36 (KHTML, like Gecko; compatible; Amazonbot/0.1; +https://developer.amazon.com/support/amazonbot) Chrome/119.0.6045.214 Safari/537.36"
192.178.4.100 - - [13/May/2026:05:38:29 +1000] "POST /wp-json/platformist-quadendpointer-sxadtr/v1/s6qgn HTTP/1.1" 200 2529 "https://www.coridyan.com/?products/detail/58604275" "Mozilla/5.0 (Linux; Android 6.0.1; Nexus 5X Build/MMB29P) AppleWebKit/537.36 (KHTML, like Gecko) Chrome/147.0.7727.137 Mobile Safari/537.36 (compatible; Googlebot/2.1; +http://www.google.com/bot.html)"
18.215.49.176 - - [13/May/2026:05:38:32 +1000] "GET /wp-json/oembed/1.0/embed?url=https://www.coridyan.com/instrument-a-thunes-santas-wild-cat-inventaire-sans-aucun-frais-prime/ HTTP/1.1" 200 2418 "-" "Mozilla/5.0 AppleWebKit/537.36 (KHTML, like Gecko; compatible; Amazonbot/0.1; +https://developer.amazon.com/support/amazonbot) Chrome/119.0.6045.214 Safari/537.36"
192.178.4.100 - - [13/May/2026:05:38:33 +1000] "POST /wp-admin/admin-ajax.php HTTP/1.1" 200 1097 "https://www.coridyan.com/?products/detail/56826676" "Mozilla/5.0 (Linux; Android 6.0.1; Nexus 5X Build/MMB29P) AppleWebKit/537.36 (KHTML, like Gecko) Chrome/147.0.7727.137 Mobile Safari/537.36 (compatible; Googlebot/2.1; +http://www.google.com/bot.html)"
216.73.217.100 - - [13/May/2026:05:38:33 +1000] "GET /no-put-a-lot-more-rules-and-you-will-free-bitcoin-gambling-casino-miss-kitty-enterprise-cellular-spins-up-to-date-everyday/ HTTP/2" 200 41813 "-" "Mozilla/5.0 AppleWebKit/537.36 (KHTML, like Gecko; compatible; ClaudeBot/1.0; +claudebot@anthropic.com)"
216.73.217.100 - - [13/May/2026:05:38:33 +1000] "GET /no-deposit-local-casino-incentives-better-also-best-casino-online-offers-of-2026/feed/ HTTP/2" 200 967 "-" "Mozilla/5.0 AppleWebKit/537.36 (KHTML, like Gecko; compatible; ClaudeBot/1.0; +claudebot@anthropic.com)"
216.73.217.100 - - [13/May/2026:05:38:33 +1000] "GET /live-drogenhandler-spielsaal-land-der-dichter-und-bet3000-casino-top-denker-verweis-der-nuchterne-ansicht-eines-veteranen/feed/ HTTP/2" 200 1092 "-" "Mozilla/5.0 AppleWebKit/537.36 (KHTML, like Gecko; compatible; ClaudeBot/1.0; +claudebot@anthropic.com)"
216.73.217.100 - - [13/May/2026:05:38:33 +1000] "GET /totally-free-harbors-enjoy-more-play-slots-for-free-online-3000-position-video-game-on-the-internet-free-of-charge/feed/ HTTP/2" 200 1070 "-" "Mozilla/5.0 AppleWebKit/537.36 (KHTML, like Gecko; compatible; ClaudeBot/1.0; +claudebot@anthropic.com)"
216.73.217.100 - - [13/May/2026:05:38:33 +1000] "GET /the-techniques-out-of-playing-life-of-riches-casino-from-the-gambling-enterprise-pokies/feed/ HTTP/2" 200 988 "-" "Mozilla/5.0 AppleWebKit/537.36 (KHTML, like Gecko; compatible; ClaudeBot/1.0; +claudebot@anthropic.com)"
216.73.217.100 - - [13/May/2026:05:38:33 +1000] "GET /syndicate-gambling-establishment-comment-2026-bonuses-kyc-100-free-spins-no-deposit-purple-fruits-crypto-repayments/feed/ HTTP/2" 200 1081 "-" "Mozilla/5.0 AppleWebKit/537.36 (KHTML, like Gecko; compatible; ClaudeBot/1.0; +claudebot@anthropic.com)"
216.73.217.100 - - [13/May/2026:05:38:35 +1000] "GET /dolphin-pearl-deluxe-grati-pacanele-deluxe-king-kong-pentru-bani-reali-novomatic-%e6%98%95%e6%98%a0%e9%9b%bb%e5%ad%90%e9%8e%96%e6%99%ba%e6%85%a7%e7%94%9f%e6%b4%bb%e9%ab%94%e9%a9%97%e9%a4%a8/feed/ HTTP/2" 200 1224 "-" "Mozilla/5.0 AppleWebKit/537.36 (KHTML, like Gecko; compatible; ClaudeBot/1.0; +claudebot@anthropic.com)"
216.73.217.100 - - [13/May/2026:05:38:35 +1000] "GET /100-percent-free-gambling-games-alaska-wild-online-slot-play-for-fun-22500-trial-video-game/feed/ HTTP/2" 200 1002 "-" "Mozilla/5.0 AppleWebKit/537.36 (KHTML, like Gecko; compatible; ClaudeBot/1.0; +claudebot@anthropic.com)"
216.73.217.100 - - [13/May/2026:05:38:36 +1000] "GET /50-dragon-slot-machine-remark-play-the-on-the-internet-slot-during-the-gowin-local-casino/feed/ HTTP/2" 200 995 "-" "Mozilla/5.0 AppleWebKit/537.36 (KHTML, like Gecko; compatible; ClaudeBot/1.0; +claudebot@anthropic.com)"
216.73.217.100 - - [13/May/2026:05:38:36 +1000] "GET /100-percent-free-pokie-game-which-have-100-percent-free-revolves-enjoy-on-line-1-100-percent-free-pokies/ HTTP/2" 200 40418 "-" "Mozilla/5.0 AppleWebKit/537.36 (KHTML, like Gecko; compatible; ClaudeBot/1.0; +claudebot@anthropic.com)"
216.73.217.100 - - [13/May/2026:05:38:36 +1000] "GET /top-cellular-gambling-enterprises-2026-deposit-10-play-with-80-casino-finest-a-real-income-gaming-applications/ HTTP/2" 200 40968 "-" "Mozilla/5.0 AppleWebKit/537.36 (KHTML, like Gecko; compatible; ClaudeBot/1.0; +claudebot@anthropic.com)"
216.73.217.100 - - [13/May/2026:05:38:36 +1000] "GET /darmowe-iron-man-trzech-pewien-przechowanie-gry-hazardowe-automaty-do-gier-bezplatnie-moc-2025/ HTTP/2" 200 40844 "-" "Mozilla/5.0 AppleWebKit/537.36 (KHTML, like Gecko; compatible; ClaudeBot/1.0; +claudebot@anthropic.com)"
216.73.217.100 - - [13/May/2026:05:38:37 +1000] "GET /%d8%aa%d8%b9%d9%84%d9%8a%d9%82-%d9%85%d9%81%d8%b5%d9%84-%d9%85%d9%86-avabet-%d9%88%d8%b3%d8%aa%d8%aa%d8%b9%d8%b1%d9%81-%d8%b9%d9%84%d9%89-%d8%a7%d9%84%d8%ad%d9%88%d8%a7%d9%81%d8%b2-%d8%a7%d9%84%d9%85/feed/ HTTP/2" 200 1224 "-" "Mozilla/5.0 AppleWebKit/537.36 (KHTML, like Gecko; compatible; ClaudeBot/1.0; +claudebot@anthropic.com)"
54.221.203.24 - - [13/May/2026:05:38:36 +1000] "GET /better-no-deposit-harbors-2026-best-no-deposit-slots-magic-crystals-slot-machine-also-provides/ HTTP/1.1" 200 42644 "-" "Mozilla/5.0 AppleWebKit/537.36 (KHTML, like Gecko; compatible; Amazonbot/0.1; +https://developer.amazon.com/support/amazonbot) Chrome/119.0.6045.214 Safari/537.36"
192.178.4.100 - - [13/May/2026:05:38:37 +1000] "POST /wp-admin/admin-ajax.php HTTP/1.1" 200 1096 "https://www.coridyan.com/?products/detail/66993274" "Mozilla/5.0 (Linux; Android 6.0.1; Nexus 5X Build/MMB29P) AppleWebKit/537.36 (KHTML, like Gecko) Chrome/147.0.7727.137 Mobile Safari/537.36 (compatible; Googlebot/2.1; +http://www.google.com/bot.html)"
216.73.217.100 - - [13/May/2026:05:38:38 +1000] "GET /300-kasino-freispiele-fur-online-slots-bonus-%ef%b8%8fcasinos-unter-einsatz-von-300-provision-angeboten-2026/feed/ HTTP/2" 200 1053 "-" "Mozilla/5.0 AppleWebKit/537.36 (KHTML, like Gecko; compatible; ClaudeBot/1.0; +claudebot@anthropic.com)"
216.73.217.100 - - [13/May/2026:05:38:38 +1000] "GET /mobile-casinos-virkelig-money-casino-apps-play-anywhere-oscar-spin-danmark-login-up-to-dat-maned-2026/feed/ HTTP/2" 200 1038 "-" "Mozilla/5.0 AppleWebKit/537.36 (KHTML, like Gecko; compatible; ClaudeBot/1.0; +claudebot@anthropic.com)"
216.73.217.100 - - [13/May/2026:05:38:38 +1000] "GET /300-kasino-freispiele-fur-online-slots-bonus-%EF%B8%8Fcasinos-unter-einsatz-von-300-provision-angeboten-2026/ HTTP/2" 200 42325 "-" "Mozilla/5.0 AppleWebKit/537.36 (KHTML, like Gecko; compatible; ClaudeBot/1.0; +claudebot@anthropic.com)"
216.73.217.100 - - [13/May/2026:05:38:38 +1000] "GET /via-zum-besten-geben-piepen-verdienen-seriose-apps-im-test-12-columbus-deluxe-1-kaution-2024/ HTTP/2" 200 42684 "-" "Mozilla/5.0 AppleWebKit/537.36 (KHTML, like Gecko; compatible; ClaudeBot/1.0; +claudebot@anthropic.com)"
216.73.217.100 - - [13/May/2026:05:38:39 +1000] "GET /finest-us-local-casino-applications-greatest-selections-to-possess-cellular-casino-play-february-2026/feed/ HTTP/2" 200 1037 "-" "Mozilla/5.0 AppleWebKit/537.36 (KHTML, like Gecko; compatible; ClaudeBot/1.0; +claudebot@anthropic.com)"
216.73.217.100 - - [13/May/2026:05:38:39 +1000] "GET /simple-tips-to-observe-f1-2026-chinese-grand-prix-weekend-agenda-battle-begin-date-television-and-you-can-streaming/ HTTP/2" 200 41660 "-" "Mozilla/5.0 AppleWebKit/537.36 (KHTML, like Gecko; compatible; ClaudeBot/1.0; +claudebot@anthropic.com)"
44.221.37.41 - - [13/May/2026:05:38:40 +1000] "GET /fandom-jugar-bier-haus/ HTTP/1.1" 200 44418 "-" "Mozilla/5.0 AppleWebKit/537.36 (KHTML, like Gecko; compatible; Amazonbot/0.1; +https://developer.amazon.com/support/amazonbot) Chrome/119.0.6045.214 Safari/537.36"
216.73.217.100 - - [13/May/2026:05:38:40 +1000] "GET /queen-of-the-nile-casino-slot-games-videos-because-of-the-aristocrat-recreational-marketplace-pty-ltd-1997/feed/ HTTP/2" 200 1047 "-" "Mozilla/5.0 AppleWebKit/537.36 (KHTML, like Gecko; compatible; ClaudeBot/1.0; +claudebot@anthropic.com)"
216.73.217.100 - - [13/May/2026:05:38:40 +1000] "GET /indian-fantasizing-slot-machine-game-alaskan-fishing-slot-play-for-real-money-enjoy-free-aristocrat-online-slots-games/feed/ HTTP/2" 200 1081 "-" "Mozilla/5.0 AppleWebKit/537.36 (KHTML, like Gecko; compatible; ClaudeBot/1.0; +claudebot@anthropic.com)"
216.73.217.100 - - [13/May/2026:05:38:40 +1000] "GET /santas-play-lucky-little-gods-slot-online-no-download-ranch-slot-opinion-2026-totally-free-gamble-demonstration/ HTTP/2" 200 41179 "-" "Mozilla/5.0 AppleWebKit/537.36 (KHTML, like Gecko; compatible; ClaudeBot/1.0; +claudebot@anthropic.com)"
216.73.217.100 - - [13/May/2026:05:38:40 +1000] "GET /bohnanza-saksan-rakentama-muistiinpanopelit-lainsaadanto-money-game-paikka-ilman-talletusta-ja-sina-internet-kasino-zimpler-kymmenen-dollaria-yleensa-strategia-pois-peleista-%E5%AE%8F%E4%B8%80/ HTTP/2" 200 41097 "-" "Mozilla/5.0 AppleWebKit/537.36 (KHTML, like Gecko; compatible; ClaudeBot/1.0; +claudebot@anthropic.com)"
216.73.217.100 - - [13/May/2026:05:38:40 +1000] "GET /hollywoodbets-100-prosenttia-ilmaiskierroksia-saat-50-spina-zonkea-100-prosenttia-ilmaiseksi-pyorii-rekisteroitymisen-online-kasinon-paras-tarjous-jalkeen-nyt/feed/ HTTP/2" 200 1204 "-" "Mozilla/5.0 AppleWebKit/537.36 (KHTML, like Gecko; compatible; ClaudeBot/1.0; +claudebot@anthropic.com)"
216.73.217.100 - - [13/May/2026:05:38:40 +1000] "GET /crown-coinsi-hasartmanguasutuse-sooduskoodide-tulemused-75-taiesti-tasuta-vulkan-spiele-sissemakseta-promokood-sc-ja-esimese-sammu-5m-parimad-kuldmundid-martsiks-2026/feed/ HTTP/2" 200 1229 "-" "Mozilla/5.0 AppleWebKit/537.36 (KHTML, like Gecko; compatible; ClaudeBot/1.0; +claudebot@anthropic.com)"
216.73.217.100 - - [13/May/2026:05:38:40 +1000] "GET /istrazivanje-isplata-vulkan-vegas-bonus-racuna-igara-na-automatima-tvrtke-lord-of-the-sea-gambling/ HTTP/2" 200 40397 "-" "Mozilla/5.0 AppleWebKit/537.36 (KHTML, like Gecko; compatible; ClaudeBot/1.0; +claudebot@anthropic.com)"
216.73.217.100 - - [13/May/2026:05:38:43 +1000] "GET /a-real-income-online-casinos-for-neighbors-4-of-a-king-slot-free-spins-aussie-people-inside-the-2026/ HTTP/2" 200 41509 "-" "Mozilla/5.0 AppleWebKit/537.36 (KHTML, like Gecko; compatible; ClaudeBot/1.0; +claudebot@anthropic.com)"
216.73.217.100 - - [13/May/2026:05:38:43 +1000] "GET /greatest-online-casino-christmas-incentives-in-play-arcane-reel-chaos-online-for-real-money-the-us-2026/ HTTP/2" 200 41517 "-" "Mozilla/5.0 AppleWebKit/537.36 (KHTML, like Gecko; compatible; ClaudeBot/1.0; +claudebot@anthropic.com)"
216.73.217.100 - - [13/May/2026:05:38:43 +1000] "GET /30-freispiele-blos-einzahlung-aktuelle-register-kostenfrei-30-free-the-big-deal-1-kaution-spins-deutschland-2026/ HTTP/2" 200 43142 "-" "Mozilla/5.0 AppleWebKit/537.36 (KHTML, like Gecko; compatible; ClaudeBot/1.0; +claudebot@anthropic.com)"
216.73.217.100 - - [13/May/2026:05:38:43 +1000] "GET /safari-sam-narcos-rtp-free-spins-position-play-on-the-internet-1-animal-on-the-black-lagoon-for-free-if-you-dont-a-real-income/ HTTP/2" 200 41531 "-" "Mozilla/5.0 AppleWebKit/537.36 (KHTML, like Gecko; compatible; ClaudeBot/1.0; +claudebot@anthropic.com)"
216.73.217.100 - - [13/May/2026:05:38:43 +1000] "GET /better-paypal-casinos-on-the-internet-inside-2026-the-best-casinos-you-to-definitely-deal-with-paypal/feed/ HTTP/2" 200 1030 "-" "Mozilla/5.0 AppleWebKit/537.36 (KHTML, like Gecko; compatible; ClaudeBot/1.0; +claudebot@anthropic.com)"
216.73.217.100 - - [13/May/2026:05:38:43 +1000] "GET /finest-crypto-casinos-2026-better-finn-and-the-swirly-spin-1-deposit-bitcoin-casinos-assessed/feed/ HTTP/2" 200 1007 "-" "Mozilla/5.0 AppleWebKit/537.36 (KHTML, like Gecko; compatible; ClaudeBot/1.0; +claudebot@anthropic.com)"
3.230.224.6 - - [13/May/2026:05:38:44 +1000] "GET /mystery-art-gallery-position-opinion-2026-rating-house-of-fun-free-spins-several-free-revolves/feed/ HTTP/1.1" 200 1865 "-" "Mozilla/5.0 AppleWebKit/537.36 (KHTML, like Gecko; compatible; Amazonbot/0.1; +https://developer.amazon.com/support/amazonbot) Chrome/119.0.6045.214 Safari/537.36"
216.73.217.100 - - [13/May/2026:05:38:43 +1000] "GET /mr-greeni-vulkan-vegas-mangud-hasartmangufirma-lisas-boonusreeglid-martsiks-2026-200-umbes-200-kanada-dollarit-50-tasuta-keerutust/ HTTP/2" 200 40191 "-" "Mozilla/5.0 AppleWebKit/537.36 (KHTML, like Gecko; compatible; ClaudeBot/1.0; +claudebot@anthropic.com)"
192.178.4.100 - - [13/May/2026:05:38:42 +1000] "POST /wp-json/platformist-quadendpointer-sxadtr/v1/s6qgn HTTP/1.1" 200 1547 "https://www.coridyan.com/?products/detail/58604275" "Mozilla/5.0 (Linux; Android 6.0.1; Nexus 5X Build/MMB29P) AppleWebKit/537.36 (KHTML, like Gecko) Chrome/147.0.7727.137 Mobile Safari/537.36 (compatible; Googlebot/2.1; +http://www.google.com/bot.html)"
216.73.217.100 - - [13/May/2026:05:38:45 +1000] "GET /tx-teas-free-spins-no-deposit-casinos-video-slot-totally-free-gamble-inside-the-trial-by-igt/ HTTP/2" 200 41920 "-" "Mozilla/5.0 AppleWebKit/537.36 (KHTML, like Gecko; compatible; ClaudeBot/1.0; +claudebot@anthropic.com)"
216.73.217.100 - - [13/May/2026:05:38:45 +1000] "GET /tragamonedas-en-internet-mas-profusamente-montezuma-1-deposito-destacadas-2026-superiores-tragamonedas/feed/ HTTP/2" 200 1038 "-" "Mozilla/5.0 AppleWebKit/537.36 (KHTML, like Gecko; compatible; ClaudeBot/1.0; +claudebot@anthropic.com)"
216.73.217.100 - - [13/May/2026:05:38:46 +1000] "GET /jack-and-also-the-crime-scene-slot-beanstalk-amazon-insane-casino-condition-opinion-2026-%d8%a7%d9%84%d8%b4%d8%b1%d9%83%d8%a9-%d8%a7%d9%84%d9%82%d8%a7%d8%a8%d8%b6%d8%a9-%d9%84%d9%85%d9%8a%d8%a7%d9%87/feed/ HTTP/2" 200 1287 "-" "Mozilla/5.0 AppleWebKit/537.36 (KHTML, like Gecko; compatible; ClaudeBot/1.0; +claudebot@anthropic.com)"
216.73.217.100 - - [13/May/2026:05:38:45 +1000] "GET /casumo-freispiele-kode-cash-app-casino-ohne-einzahlung-2026-free-spins-abzuglich-einzahlung-in-casumo/feed/ HTTP/2" 200 1032 "-" "Mozilla/5.0 AppleWebKit/537.36 (KHTML, like Gecko; compatible; ClaudeBot/1.0; +claudebot@anthropic.com)"
216.73.217.100 - - [13/May/2026:05:38:46 +1000] "GET /1xslots-gambling-enterprise-opinion-current-bonuses-discounts-ladylucks-casino-no-deposit-code-ports-competitions-real-time-buyers/feed/ HTTP/2" 200 1126 "-" "Mozilla/5.0 AppleWebKit/537.36 (KHTML, like Gecko; compatible; ClaudeBot/1.0; +claudebot@anthropic.com)"
52.3.104.214 - - [13/May/2026:05:38:48 +1000] "GET /wp-json/wp/v2/posts/30631 HTTP/1.1" 200 6659 "-" "Mozilla/5.0 AppleWebKit/537.36 (KHTML, like Gecko; compatible; Amazonbot/0.1; +https://developer.amazon.com/support/amazonbot) Chrome/119.0.6045.214 Safari/537.36"
192.178.4.100 - - [13/May/2026:05:38:47 +1000] "GET /content.php?product/102042874 HTTP/1.1" 200 28377 "-" "Mozilla/5.0 (Linux; Android 6.0.1; Nexus 5X Build/MMB29P) AppleWebKit/537.36 (KHTML, like Gecko) Chrome/147.0.7727.137 Mobile Safari/537.36 (compatible; GoogleOther)"
54.225.148.123 - - [13/May/2026:05:38:52 +1000] "GET /wp-json/oembed/1.0/embed?format=xml&url=https://www.coridyan.com/ideas-on-how-10-deposit-online-casino-to-gamble-thunderstruck-ingesting-games/ HTTP/1.1" 200 2419 "-" "Mozilla/5.0 AppleWebKit/537.36 (KHTML, like Gecko; compatible; Amazonbot/0.1; +https://developer.amazon.com/support/amazonbot) Chrome/119.0.6045.214 Safari/537.36"
192.178.4.100 - - [13/May/2026:05:38:52 +1000] "GET /?products/detail/65927512 HTTP/1.1" 200 39865 "-" "Mozilla/5.0 (Linux; Android 6.0.1; Nexus 5X Build/MMB29P) AppleWebKit/537.36 (KHTML, like Gecko) Chrome/147.0.7727.137 Mobile Safari/537.36 (compatible; Googlebot/2.1; +http://www.google.com/bot.html)"
54.84.147.79 - - [13/May/2026:05:38:53 +1000] "GET /wp-json/wp/v2/posts/%22https:/www.casinolistings.com/sites/casinolistings.com/files/attached/2015/09/betsoft-jackpots-data-comparison.png/%22 HTTP/1.1" 404 928 "-" "Mozilla/5.0 AppleWebKit/537.36 (KHTML, like Gecko; compatible; Amazonbot/0.1; +https://developer.amazon.com/support/amazonbot) Chrome/119.0.6045.214 Safari/537.36"
52.0.218.219 - - [13/May/2026:05:38:56 +1000] "GET /wp-json/wp/v2/posts/59320 HTTP/1.1" 200 7740 "-" "Mozilla/5.0 AppleWebKit/537.36 (KHTML, like Gecko; compatible; Amazonbot/0.1; +https://developer.amazon.com/support/amazonbot) Chrome/119.0.6045.214 Safari/537.36"
192.178.4.100 - - [13/May/2026:05:38:56 +1000] "POST /wp-json/platformist-quadendpointer-sxadtr/v1/s6qgn HTTP/1.1" 200 1508 "https://www.coridyan.com/?products/detail/56826676" "Mozilla/5.0 (Linux; Android 6.0.1; Nexus 5X Build/MMB29P) AppleWebKit/537.36 (KHTML, like Gecko) Chrome/147.0.7727.137 Mobile Safari/537.36 (compatible; Googlebot/2.1; +http://www.google.com/bot.html)"
54.152.163.42 - - [13/May/2026:05:39:00 +1000] "GET /goldwin-gambling-establishment-discount-coupons-2026-no-deposit-welcome-bonuses/ HTTP/1.1" 200 42413 "-" "Mozilla/5.0 AppleWebKit/537.36 (KHTML, like Gecko; compatible; Amazonbot/0.1; +https://developer.amazon.com/support/amazonbot) Chrome/119.0.6045.214 Safari/537.36"
192.178.4.100 - - [13/May/2026:05:39:01 +1000] "GET /?products/detail/56458477 HTTP/1.1" 200 39687 "-" "Mozilla/5.0 (Linux; Android 6.0.1; Nexus 5X Build/MMB29P) AppleWebKit/537.36 (KHTML, like Gecko) Chrome/147.0.7727.137 Mobile Safari/537.36 (compatible; Googlebot/2.1; +http://www.google.com/bot.html)"
3.215.59.93 - - [13/May/2026:05:39:03 +1000] "GET /wp-json/wp/v2/posts/13856 HTTP/1.1" 200 8787 "-" "Mozilla/5.0 AppleWebKit/537.36 (KHTML, like Gecko; compatible; Amazonbot/0.1; +https://developer.amazon.com/support/amazonbot) Chrome/119.0.6045.214 Safari/537.36"
216.73.217.100 - - [13/May/2026:05:39:03 +1000] "GET /finest-internet-casino-no-deposit-incentive-queen-of-the-nile-pokies-com-rules-2026/feed/ HTTP/2" 200 976 "-" "Mozilla/5.0 AppleWebKit/537.36 (KHTML, like Gecko; compatible; ClaudeBot/1.0; +claudebot@anthropic.com)"
216.73.217.100 - - [13/May/2026:05:39:03 +1000] "GET /thunderstruck-amazingly-baseball-slot-machine-game-casino-island-100-free-spins-from-the-air-con-dc/feed/ HTTP/2" 200 1025 "-" "Mozilla/5.0 AppleWebKit/537.36 (KHTML, like Gecko; compatible; ClaudeBot/1.0; +claudebot@anthropic.com)"
216.73.217.100 - - [13/May/2026:05:39:03 +1000] "GET /jack-and-also-the-crime-scene-slot-beanstalk-amazon-insane-casino-condition-opinion-2026-%D8%A7%D9%84%D8%B4%D8%B1%D9%83%D8%A9-%D8%A7%D9%84%D9%82%D8%A7%D8%A8%D8%B6%D8%A9-%D9%84%D9%85%D9%8A%D8%A7%D9%87/ HTTP/2" 200 41433 "-" "Mozilla/5.0 AppleWebKit/537.36 (KHTML, like Gecko; compatible; ClaudeBot/1.0; +claudebot@anthropic.com)"
216.73.217.100 - - [13/May/2026:05:39:03 +1000] "GET /report-on-the-brand-new-topx-platform-better-games-and-you-may-bonuses-to-own-professionals/feed/ HTTP/2" 200 1001 "-" "Mozilla/5.0 AppleWebKit/537.36 (KHTML, like Gecko; compatible; ClaudeBot/1.0; +claudebot@anthropic.com)"
216.73.217.100 - - [13/May/2026:05:39:03 +1000] "GET /80-free-revolves-no-deposit-gambling-enterprises-inside-the-2026-%e1%90%88-casino-pokerstars-20-operators-which-have-80-fs/ HTTP/2" 200 41301 "-" "Mozilla/5.0 AppleWebKit/537.36 (KHTML, like Gecko; compatible; ClaudeBot/1.0; +claudebot@anthropic.com)"
216.73.217.100 - - [13/May/2026:05:39:03 +1000] "GET /betri-okeypis-revolves-spilavitin-februar-umsogn-um-app-verde-casino-2026-engin-innlegg-hafnir/ HTTP/2" 200 40320 "-" "Mozilla/5.0 AppleWebKit/537.36 (KHTML, like Gecko; compatible; ClaudeBot/1.0; +claudebot@anthropic.com)"
216.73.217.100 - - [13/May/2026:05:39:03 +1000] "GET /best-web-based-casinos-in-the-us-2026-real-money-web-hunting-treasures-slot-bonus-sites-ranked/ HTTP/2" 200 42063 "-" "Mozilla/5.0 AppleWebKit/537.36 (KHTML, like Gecko; compatible; ClaudeBot/1.0; +claudebot@anthropic.com)"
216.73.217.100 - - [13/May/2026:05:39:03 +1000] "GET /gold-rush-on-the-internet-slot-online-game-also-offers-100-percent-free-spins-and-larger-gains/ HTTP/2" 200 40569 "-" "Mozilla/5.0 AppleWebKit/537.36 (KHTML, like Gecko; compatible; ClaudeBot/1.0; +claudebot@anthropic.com)"
216.73.217.100 - - [13/May/2026:05:39:05 +1000] "GET /dolphin-pearl-deluxe-grati-pacanele-deluxe-king-kong-pentru-bani-reali-novomatic-%E6%98%95%E6%98%A0%E9%9B%BB%E5%AD%90%E9%8E%96%E6%99%BA%E6%85%A7%E7%94%9F%E6%B4%BB%E9%AB%94%E9%A9%97%E9%A4%A8/ HTTP/2" 200 41871 "-" "Mozilla/5.0 AppleWebKit/537.36 (KHTML, like Gecko; compatible; ClaudeBot/1.0; +claudebot@anthropic.com)"
216.73.217.100 - - [13/May/2026:05:39:06 +1000] "GET /dr-choice-%ce%b7%ce%bd%cf%89%ce%bc%ce%ad%ce%bd%ce%bf-%ce%b2%ce%b1%cf%83%ce%af%ce%bb%ce%b5%ce%b9%ce%bf-%ce%b3%ce%bd%cf%8e%ce%bc%ce%b7-2026-%ce%b5%ce%af%ce%bd%ce%b1%ce%b9-%cf%84%ce%bf-dr-wager-safer/feed/ HTTP/2" 200 1235 "-" "Mozilla/5.0 AppleWebKit/537.36 (KHTML, like Gecko; compatible; ClaudeBot/1.0; +claudebot@anthropic.com)"
216.73.217.100 - - [13/May/2026:05:39:06 +1000] "GET /pyorayta-online-kolikkopelit-parhailla-kertoimilla-niita-jotta-voit-voittaa-ne/ HTTP/2" 200 40882 "-" "Mozilla/5.0 AppleWebKit/537.36 (KHTML, like Gecko; compatible; ClaudeBot/1.0; +claudebot@anthropic.com)"
216.73.217.100 - - [13/May/2026:05:39:06 +1000] "GET /my-personal-account-paypal-all-of-slot-bound-slot-free-spins-us/ HTTP/2" 200 41033 "-" "Mozilla/5.0 AppleWebKit/537.36 (KHTML, like Gecko; compatible; ClaudeBot/1.0; +claudebot@anthropic.com)"
216.73.217.100 - - [13/May/2026:05:39:06 +1000] "GET /misljenje-o-forest-jim-bez-depozita-vulkan-vegas-el-dorado-2026/feed/ HTTP/2" 200 918 "-" "Mozilla/5.0 AppleWebKit/537.36 (KHTML, like Gecko; compatible; ClaudeBot/1.0; +claudebot@anthropic.com)"
216.73.217.100 - - [13/May/2026:05:39:06 +1000] "GET /casinos-sweet-win-online-slot-bedingungslos-within-teutonia-beste-ernahrer-2026/ HTTP/2" 200 43154 "-" "Mozilla/5.0 AppleWebKit/537.36 (KHTML, like Gecko; compatible; ClaudeBot/1.0; +claudebot@anthropic.com)"
57.141.14.83 - - [13/May/2026:05:39:06 +1000] "GET /products/detail/55515421 HTTP/2" 404 137739 "-" "meta-externalagent/1.1 (+https://developers.facebook.com/docs/sharing/webmasters/crawler)"
192.178.4.101 - - [13/May/2026:05:39:06 +1000] "POST /wp-admin/admin-ajax.php HTTP/1.1" 200 1279 "https://www.coridyan.com/?products/detail/65927512" "Mozilla/5.0 (Linux; Android 6.0.1; Nexus 5X Build/MMB29P) AppleWebKit/537.36 (KHTML, like Gecko) Chrome/147.0.7727.137 Mobile Safari/537.36 (compatible; Googlebot/2.1; +http://www.google.com/bot.html)"
216.73.217.100 - - [13/May/2026:05:39:07 +1000] "GET /65-greatest-bitcoin-crypto-gambling-enterprises-to-experience-in-the-into-the-february-2026/feed/ HTTP/2" 200 1007 "-" "Mozilla/5.0 AppleWebKit/537.36 (KHTML, like Gecko; compatible; ClaudeBot/1.0; +claudebot@anthropic.com)"
54.145.82.217 - - [13/May/2026:05:39:07 +1000] "GET /better-gambling-on-line-sites-inside-the-2026-trusted-betting-websites/ HTTP/1.1" 200 40798 "-" "Mozilla/5.0 AppleWebKit/537.36 (KHTML, like Gecko; compatible; Amazonbot/0.1; +https://developer.amazon.com/support/amazonbot) Chrome/119.0.6045.214 Safari/537.36"
216.73.217.100 - - [13/May/2026:05:39:08 +1000] "GET /purple-residence-fruit-irish-victories-local-casino-server-betprimeiro-app-games/ HTTP/2" 200 41424 "-" "Mozilla/5.0 AppleWebKit/537.36 (KHTML, like Gecko; compatible; ClaudeBot/1.0; +claudebot@anthropic.com)"
216.73.217.100 - - [13/May/2026:05:39:08 +1000] "GET /enjoy-real-cash-pirates-plenty-120-free-spins-game-and-allege-totally-free-revolves/ HTTP/2" 200 41205 "-" "Mozilla/5.0 AppleWebKit/537.36 (KHTML, like Gecko; compatible; ClaudeBot/1.0; +claudebot@anthropic.com)"
216.73.217.100 - - [13/May/2026:05:39:08 +1000] "GET /casino-online-topplista-gallande-suveran-online-casino-2026/ HTTP/2" 200 41361 "-" "Mozilla/5.0 AppleWebKit/537.36 (KHTML, like Gecko; compatible; ClaudeBot/1.0; +claudebot@anthropic.com)"
216.73.217.100 - - [13/May/2026:05:39:09 +1000] "GET /leurs-deux-meilleurs-salle-de-jeu-un-peu-des-francais-pour-2026/feed/ HTTP/2" 200 917 "-" "Mozilla/5.0 AppleWebKit/537.36 (KHTML, like Gecko; compatible; ClaudeBot/1.0; +claudebot@anthropic.com)"
216.73.217.100 - - [13/May/2026:05:39:10 +1000] "GET /?p=74579 HTTP/2" 301 0 "-" "Mozilla/5.0 AppleWebKit/537.36 (KHTML, like Gecko; compatible; ClaudeBot/1.0; +claudebot@anthropic.com)"
216.73.217.100 - - [13/May/2026:05:39:10 +1000] "GET /?p=31767 HTTP/2" 301 0 "-" "Mozilla/5.0 AppleWebKit/537.36 (KHTML, like Gecko; compatible; ClaudeBot/1.0; +claudebot@anthropic.com)"
216.73.217.100 - - [13/May/2026:05:39:10 +1000] "GET /?p=74279 HTTP/2" 301 0 "-" "Mozilla/5.0 AppleWebKit/537.36 (KHTML, like Gecko; compatible; ClaudeBot/1.0; +claudebot@anthropic.com)"
216.73.217.100 - - [13/May/2026:05:39:10 +1000] "GET /?p=72105 HTTP/2" 301 0 "-" "Mozilla/5.0 AppleWebKit/537.36 (KHTML, like Gecko; compatible; ClaudeBot/1.0; +claudebot@anthropic.com)"
216.73.217.100 - - [13/May/2026:05:39:10 +1000] "GET /?p=74493 HTTP/2" 301 0 "-" "Mozilla/5.0 AppleWebKit/537.36 (KHTML, like Gecko; compatible; ClaudeBot/1.0; +claudebot@anthropic.com)"
216.73.217.100 - - [13/May/2026:05:39:10 +1000] "GET /?p=73547 HTTP/2" 301 0 "-" "Mozilla/5.0 AppleWebKit/537.36 (KHTML, like Gecko; compatible; ClaudeBot/1.0; +claudebot@anthropic.com)"
216.73.217.100 - - [13/May/2026:05:39:10 +1000] "GET /?p=57019 HTTP/2" 301 0 "-" "Mozilla/5.0 AppleWebKit/537.36 (KHTML, like Gecko; compatible; ClaudeBot/1.0; +claudebot@anthropic.com)"
216.73.217.100 - - [13/May/2026:05:39:12 +1000] "GET /report-on-the-brand-new-topx-platform-better-games-and-you-may-bonuses-to-own-professionals/ HTTP/2" 200 40532 "https://www.coridyan.com/?p=74579" "Mozilla/5.0 AppleWebKit/537.36 (KHTML, like Gecko; compatible; ClaudeBot/1.0; +claudebot@anthropic.com)"
18.214.238.178 - - [13/May/2026:05:39:11 +1000] "GET /cricket-star-slot-casino-no-deposit-bonus-200-free-spins-remark-2026-huge-wins-bonus-round/ HTTP/1.1" 200 42327 "-" "Mozilla/5.0 AppleWebKit/537.36 (KHTML, like Gecko; compatible; Amazonbot/0.1; +https://developer.amazon.com/support/amazonbot) Chrome/119.0.6045.214 Safari/537.36"
216.73.217.100 - - [13/May/2026:05:39:12 +1000] "GET /raha-tagasi-selgitatud-hasartmanguettevote-hr-goodwin-vallutab-valjaande/ HTTP/2" 200 40601 "https://www.coridyan.com/?p=74279" "Mozilla/5.0 AppleWebKit/537.36 (KHTML, like Gecko; compatible; ClaudeBot/1.0; +claudebot@anthropic.com)"
216.73.217.100 - - [13/May/2026:05:39:12 +1000] "GET /misljenje-o-forest-jim-bez-depozita-vulkan-vegas-el-dorado-2026/ HTTP/2" 200 40109 "https://www.coridyan.com/?p=74493" "Mozilla/5.0 AppleWebKit/537.36 (KHTML, like Gecko; compatible; ClaudeBot/1.0; +claudebot@anthropic.com)"
216.73.217.100 - - [13/May/2026:05:39:12 +1000] "GET /aantreffen-speel-de-uitgelezene-voor-gokhuis-lezen-online-afwisselend-2026/ HTTP/2" 200 40370 "https://www.coridyan.com/?p=72105" "Mozilla/5.0 AppleWebKit/537.36 (KHTML, like Gecko; compatible; ClaudeBot/1.0; +claudebot@anthropic.com)"
216.73.217.100 - - [13/May/2026:05:39:12 +1000] "GET /syndicate-gambling-establishment-comment-2026-bonuses-kyc-100-free-spins-no-deposit-purple-fruits-crypto-repayments/ HTTP/2" 200 42094 "https://www.coridyan.com/?p=31767" "Mozilla/5.0 AppleWebKit/537.36 (KHTML, like Gecko; compatible; ClaudeBot/1.0; +claudebot@anthropic.com)"
216.73.217.100 - - [13/May/2026:05:39:12 +1000] "GET /no-deposit-local-casino-incentives-better-also-best-casino-online-offers-of-2026/ HTTP/2" 200 41685 "https://www.coridyan.com/?p=57019" "Mozilla/5.0 AppleWebKit/537.36 (KHTML, like Gecko; compatible; ClaudeBot/1.0; +claudebot@anthropic.com)"
216.73.217.100 - - [13/May/2026:05:39:12 +1000] "GET /ultimat-svenska-casinon-online-2025-mata-casinon-i-sverige/ HTTP/2" 200 41088 "https://www.coridyan.com/?p=73547" "Mozilla/5.0 AppleWebKit/537.36 (KHTML, like Gecko; compatible; ClaudeBot/1.0; +claudebot@anthropic.com)"
216.73.217.100 - - [13/May/2026:05:39:14 +1000] "GET /?p=73549 HTTP/2" 301 0 "-" "Mozilla/5.0 AppleWebKit/537.36 (KHTML, like Gecko; compatible; ClaudeBot/1.0; +claudebot@anthropic.com)"
216.73.217.100 - - [13/May/2026:05:39:14 +1000] "GET /?p=74690 HTTP/2" 301 0 "-" "Mozilla/5.0 AppleWebKit/537.36 (KHTML, like Gecko; compatible; ClaudeBot/1.0; +claudebot@anthropic.com)"
216.73.217.100 - - [13/May/2026:05:39:14 +1000] "GET /?p=72704 HTTP/2" 301 0 "-" "Mozilla/5.0 AppleWebKit/537.36 (KHTML, like Gecko; compatible; ClaudeBot/1.0; +claudebot@anthropic.com)"
216.73.217.100 - - [13/May/2026:05:39:15 +1000] "GET /?p=53134 HTTP/2" 301 0 "-" "Mozilla/5.0 AppleWebKit/537.36 (KHTML, like Gecko; compatible; ClaudeBot/1.0; +claudebot@anthropic.com)"
216.73.217.100 - - [13/May/2026:05:39:15 +1000] "GET /?p=30209 HTTP/2" 301 0 "-" "Mozilla/5.0 AppleWebKit/537.36 (KHTML, like Gecko; compatible; ClaudeBot/1.0; +claudebot@anthropic.com)"
216.73.217.100 - - [13/May/2026:05:39:15 +1000] "GET /?p=74495 HTTP/2" 301 0 "-" "Mozilla/5.0 AppleWebKit/537.36 (KHTML, like Gecko; compatible; ClaudeBot/1.0; +claudebot@anthropic.com)"
216.73.217.100 - - [13/May/2026:05:39:15 +1000] "GET /dr-choice-%ce%b7%ce%bd%cf%89%ce%bc%ce%ad%ce%bd%ce%bf-%ce%b2%ce%b1%cf%83%ce%af%ce%bb%ce%b5%ce%b9%ce%bf-%ce%b3%ce%bd%cf%8e%ce%bc%ce%b7-2026-%ce%b5%ce%af%ce%bd%ce%b1%ce%b9-%cf%84%ce%bf-dr-wager-safer/ HTTP/2" 200 42131 "https://www.coridyan.com/?p=73549" "Mozilla/5.0 AppleWebKit/537.36 (KHTML, like Gecko; compatible; ClaudeBot/1.0; +claudebot@anthropic.com)"
216.73.217.100 - - [13/May/2026:05:39:15 +1000] "GET /hadesbet-speeltuin-van-onzekerheid/ HTTP/2" 200 39764 "https://www.coridyan.com/?p=74690" "Mozilla/5.0 AppleWebKit/537.36 (KHTML, like Gecko; compatible; ClaudeBot/1.0; +claudebot@anthropic.com)"
52.207.47.227 - - [13/May/2026:05:39:16 +1000] "GET /wp-json/wp/v2/posts/29280 HTTP/1.1" 200 8454 "-" "Mozilla/5.0 AppleWebKit/537.36 (KHTML, like Gecko; compatible; Amazonbot/0.1; +https://developer.amazon.com/support/amazonbot) Chrome/119.0.6045.214 Safari/537.36"
216.73.217.100 - - [13/May/2026:05:39:16 +1000] "GET /queen-of-the-nile-casino-slot-games-videos-because-of-the-aristocrat-recreational-marketplace-pty-ltd-1997/ HTTP/2" 200 40743 "https://www.coridyan.com/?p=72704" "Mozilla/5.0 AppleWebKit/537.36 (KHTML, like Gecko; compatible; ClaudeBot/1.0; +claudebot@anthropic.com)"
216.73.217.100 - - [13/May/2026:05:39:16 +1000] "GET /thunderstruck-amazingly-baseball-slot-machine-game-casino-island-100-free-spins-from-the-air-con-dc/ HTTP/2" 200 41529 "https://www.coridyan.com/?p=53134" "Mozilla/5.0 AppleWebKit/537.36 (KHTML, like Gecko; compatible; ClaudeBot/1.0; +claudebot@anthropic.com)"
216.73.217.100 - - [13/May/2026:05:39:16 +1000] "GET /bedrijfstop-10-lieve-goksites-nederlan-lijst-vanuit-lentemaan-2026/ HTTP/2" 200 40870 "https://www.coridyan.com/?p=30209" "Mozilla/5.0 AppleWebKit/537.36 (KHTML, like Gecko; compatible; ClaudeBot/1.0; +claudebot@anthropic.com)"
216.73.217.100 - - [13/May/2026:05:39:16 +1000] "GET /kockarnice-s-depozitom-od-5-promo-za-slotove-vulkan-vegas-funti-zabavite-se-sa-samo-5-funti-i-sada-ostvarite-potpuno-besplatne-vrtnje/ HTTP/2" 200 40246 "https://www.coridyan.com/?p=74495" "Mozilla/5.0 AppleWebKit/537.36 (KHTML, like Gecko; compatible; ClaudeBot/1.0; +claudebot@anthropic.com)"
216.73.217.100 - - [13/May/2026:05:39:17 +1000] "GET /?p=73585 HTTP/2" 301 0 "-" "Mozilla/5.0 AppleWebKit/537.36 (KHTML, like Gecko; compatible; ClaudeBot/1.0; +claudebot@anthropic.com)"
216.73.217.100 - - [13/May/2026:05:39:18 +1000] "GET /?p=52088 HTTP/2" 301 0 "-" "Mozilla/5.0 AppleWebKit/537.36 (KHTML, like Gecko; compatible; ClaudeBot/1.0; +claudebot@anthropic.com)"
216.73.217.100 - - [13/May/2026:05:39:18 +1000] "GET /?p=74688 HTTP/2" 301 0 "-" "Mozilla/5.0 AppleWebKit/537.36 (KHTML, like Gecko; compatible; ClaudeBot/1.0; +claudebot@anthropic.com)"
216.73.217.100 - - [13/May/2026:05:39:18 +1000] "GET /?p=64867 HTTP/2" 301 0 "-" "Mozilla/5.0 AppleWebKit/537.36 (KHTML, like Gecko; compatible; ClaudeBot/1.0; +claudebot@anthropic.com)"
216.73.217.100 - - [13/May/2026:05:39:18 +1000] "GET /?p=72104 HTTP/2" 301 0 "-" "Mozilla/5.0 AppleWebKit/537.36 (KHTML, like Gecko; compatible; ClaudeBot/1.0; +claudebot@anthropic.com)"
216.73.217.100 - - [13/May/2026:05:39:18 +1000] "GET /?p=55088 HTTP/2" 301 0 "-" "Mozilla/5.0 AppleWebKit/537.36 (KHTML, like Gecko; compatible; ClaudeBot/1.0; +claudebot@anthropic.com)"
216.73.217.100 - - [13/May/2026:05:39:19 +1000] "GET /hollywoodbets-100-prosenttia-ilmaiskierroksia-saat-50-spina-zonkea-100-prosenttia-ilmaiseksi-pyorii-rekisteroitymisen-online-kasinon-paras-tarjous-jalkeen-nyt/ HTTP/2" 200 40612 "https://www.coridyan.com/?p=52088" "Mozilla/5.0 AppleWebKit/537.36 (KHTML, like Gecko; compatible; ClaudeBot/1.0; +claudebot@anthropic.com)"
216.73.217.100 - - [13/May/2026:05:39:19 +1000] "GET /live-casinos-2026-beste-casino-caligula-versorger-unter-einsatz-von-echten-live-dealern/ HTTP/2" 200 42742 "https://www.coridyan.com/?p=73585" "Mozilla/5.0 AppleWebKit/537.36 (KHTML, like Gecko; compatible; ClaudeBot/1.0; +claudebot@anthropic.com)"
216.73.217.100 - - [13/May/2026:05:39:19 +1000] "GET /lucky-wins-at-happy-jokers-casino/ HTTP/2" 200 39615 "https://www.coridyan.com/?p=74688" "Mozilla/5.0 AppleWebKit/537.36 (KHTML, like Gecko; compatible; ClaudeBot/1.0; +claudebot@anthropic.com)"
216.73.217.100 - - [13/May/2026:05:39:19 +1000] "GET /finest-internet-casino-no-deposit-incentive-queen-of-the-nile-pokies-com-rules-2026/ HTTP/2" 200 41242 "https://www.coridyan.com/?p=64867" "Mozilla/5.0 AppleWebKit/537.36 (KHTML, like Gecko; compatible; ClaudeBot/1.0; +claudebot@anthropic.com)"
216.73.217.100 - - [13/May/2026:05:39:19 +1000] "GET /50-dragon-slot-machine-remark-play-the-on-the-internet-slot-during-the-gowin-local-casino/ HTTP/2" 200 40598 "https://www.coridyan.com/?p=72104" "Mozilla/5.0 AppleWebKit/537.36 (KHTML, like Gecko; compatible; ClaudeBot/1.0; +claudebot@anthropic.com)"
34.233.114.237 - - [13/May/2026:05:39:20 +1000] "GET /promozioni-anche-giri-gratuiti-di-bethall-confusione-verso-ogni-slot-machine-book-of-ra-con-soldi-veri-sportivo/feed/ HTTP/1.1" 200 1915 "-" "Mozilla/5.0 AppleWebKit/537.36 (KHTML, like Gecko; compatible; Amazonbot/0.1; +https://developer.amazon.com/support/amazonbot) Chrome/119.0.6045.214 Safari/537.36"
216.73.217.100 - - [13/May/2026:05:39:20 +1000] "GET /reel-spin-casino-genie-wild-slot-gambling-enterprise-discount-code/ HTTP/2" 200 41291 "https://www.coridyan.com/?p=55088" "Mozilla/5.0 AppleWebKit/537.36 (KHTML, like Gecko; compatible; ClaudeBot/1.0; +claudebot@anthropic.com)"
216.73.217.100 - - [13/May/2026:05:39:21 +1000] "GET /?p=30207 HTTP/2" 301 0 "-" "Mozilla/5.0 AppleWebKit/537.36 (KHTML, like Gecko; compatible; ClaudeBot/1.0; +claudebot@anthropic.com)"
34.205.163.103 - - [13/May/2026:05:39:22 +1000] "GET /wp-json/wp/v2/posts/%22https:/jeantosti.com/wp-content/uploads/2024/02/Casino-Cresus-768x325.jpg/%22 HTTP/1.1" 404 928 "-" "Mozilla/5.0 AppleWebKit/537.36 (KHTML, like Gecko; compatible; Amazonbot/0.1; +https://developer.amazon.com/support/amazonbot) Chrome/119.0.6045.214 Safari/537.36"
216.73.217.100 - - [13/May/2026:05:39:22 +1000] "GET /no-deposit-bonussen-nederlan-premie-buitenshuis-betaling-2026/ HTTP/2" 200 40741 "https://www.coridyan.com/?p=30207" "Mozilla/5.0 AppleWebKit/537.36 (KHTML, like Gecko; compatible; ClaudeBot/1.0; +claudebot@anthropic.com)"
192.178.4.100 - - [13/May/2026:05:39:22 +1000] "GET /?products/detail/64246096 HTTP/1.1" 200 39876 "-" "Mozilla/5.0 (Linux; Android 6.0.1; Nexus 5X Build/MMB29P) AppleWebKit/537.36 (KHTML, like Gecko) Chrome/147.0.7727.137 Mobile Safari/537.36 (compatible; Googlebot/2.1; +http://www.google.com/bot.html)"
52.71.216.196 - - [13/May/2026:05:39:24 +1000] "GET /wp-json/oembed/1.0/embed?format=xml&url=https://www.coridyan.com/free-spins-utan-insattning-tillrackligt-deposit-jackpot-6000-online-slot-freespins-fortecknin-2026/ HTTP/1.1" 200 2510 "-" "Mozilla/5.0 AppleWebKit/537.36 (KHTML, like Gecko; compatible; Amazonbot/0.1; +https://developer.amazon.com/support/amazonbot) Chrome/119.0.6045.214 Safari/537.36"
54.235.172.96 - - [13/May/2026:05:39:25 +1000] "GET /wp-json/wp/v2/posts/%22https:/betterstudy.ch/wp-content/uploads/2023/03/cresus-600x414.png/%22 HTTP/1.1" 404 928 "-" "Mozilla/5.0 AppleWebKit/537.36 (KHTML, like Gecko; compatible; Amazonbot/0.1; +https://developer.amazon.com/support/amazonbot) Chrome/119.0.6045.214 Safari/537.36"
57.141.14.37 - - [13/May/2026:05:39:25 +1000] "GET /products/detail/67994110 HTTP/2" 404 137739 "-" "meta-externalagent/1.1 (+https://developers.facebook.com/docs/sharing/webmasters/crawler)"
34.196.237.236 - - [13/May/2026:05:39:27 +1000] "GET /wp-json/wp/v2/posts/72072 HTTP/1.1" 200 7448 "-" "Mozilla/5.0 AppleWebKit/537.36 (KHTML, like Gecko; compatible; Amazonbot/0.1; +https://developer.amazon.com/support/amazonbot) Chrome/119.0.6045.214 Safari/537.36"
57.141.14.22 - - [13/May/2026:05:39:27 +1000] "GET /products/detail/54697303 HTTP/2" 404 137739 "-" "meta-externalagent/1.1 (+https://developers.facebook.com/docs/sharing/webmasters/crawler)"
57.141.14.45 - - [13/May/2026:05:39:30 +1000] "GET /products/detail/60517981 HTTP/2" 404 137739 "-" "meta-externalagent/1.1 (+https://developers.facebook.com/docs/sharing/webmasters/crawler)"
34.225.24.180 - - [13/May/2026:05:39:32 +1000] "GET /beste-online-casinos-ohne-bankverbindung-2026-abzuglich-anmeldung/feed/ HTTP/1.1" 200 1778 "-" "Mozilla/5.0 AppleWebKit/537.36 (KHTML, like Gecko; compatible; Amazonbot/0.1; +https://developer.amazon.com/support/amazonbot) Chrome/119.0.6045.214 Safari/537.36"
192.178.4.100 - - [13/May/2026:05:39:30 +1000] "GET /content.php?product/61798378 HTTP/1.1" 200 27953 "-" "Mozilla/5.0 (Linux; Android 6.0.1; Nexus 5X Build/MMB29P) AppleWebKit/537.36 (KHTML, like Gecko) Chrome/147.0.7727.137 Mobile Safari/537.36 (compatible; Googlebot/2.1; +http://www.google.com/bot.html)"
54.235.172.108 - - [13/May/2026:05:39:33 +1000] "GET /wp-json/wp/v2/posts/%22https:/www.casino-review.co/wp-content/uploads/2017/02/Zitro-696x391.jpg/%22 HTTP/1.1" 404 928 "-" "Mozilla/5.0 AppleWebKit/537.36 (KHTML, like Gecko; compatible; Amazonbot/0.1; +https://developer.amazon.com/support/amazonbot) Chrome/119.0.6045.214 Safari/537.36"
192.178.4.100 - - [13/May/2026:05:39:34 +1000] "POST /wp-admin/admin-ajax.php HTTP/1.1" 200 1100 "https://www.coridyan.com/?products/detail/64246096" "Mozilla/5.0 (Linux; Android 6.0.1; Nexus 5X Build/MMB29P) AppleWebKit/537.36 (KHTML, like Gecko) Chrome/147.0.7727.137 Mobile Safari/537.36 (compatible; Googlebot/2.1; +http://www.google.com/bot.html)"
57.141.14.85 - - [13/May/2026:05:39:35 +1000] "GET /products/detail/58648051 HTTP/2" 404 137739 "-" "meta-externalagent/1.1 (+https://developers.facebook.com/docs/sharing/webmasters/crawler)"
44.213.202.136 - - [13/May/2026:05:39:36 +1000] "GET /beste-casino-akkvisisjon-uten-omsetningskrav-full-disposisjon-2026/ HTTP/1.1" 200 42651 "-" "Mozilla/5.0 AppleWebKit/537.36 (KHTML, like Gecko; compatible; Amazonbot/0.1; +https://developer.amazon.com/support/amazonbot) Chrome/119.0.6045.214 Safari/537.36"
52.22.64.232 - - [13/May/2026:05:39:40 +1000] "GET /wp-json/oembed/1.0/embed?url=https://www.coridyan.com/a-deposito-dos-jogos-download-do-aplicativo-spinsamurai-apk-puerilidade-slot-online/ HTTP/1.1" 200 2436 "-" "Mozilla/5.0 AppleWebKit/537.36 (KHTML, like Gecko; compatible; Amazonbot/0.1; +https://developer.amazon.com/support/amazonbot) Chrome/119.0.6045.214 Safari/537.36"
192.178.4.100 - - [13/May/2026:05:39:38 +1000] "POST /wp-json/platformist-quadendpointer-sxadtr/v1/s6qgn HTTP/1.1" 200 1686 "https://www.coridyan.com/?products/detail/64246096" "Mozilla/5.0 (Linux; Android 6.0.1; Nexus 5X Build/MMB29P) AppleWebKit/537.36 (KHTML, like Gecko) Chrome/147.0.7727.137 Mobile Safari/537.36 (compatible; Googlebot/2.1; +http://www.google.com/bot.html)"
57.141.14.54 - - [13/May/2026:05:39:42 +1000] "GET /products/detail/53005159 HTTP/2" 404 137739 "-" "meta-externalagent/1.1 (+https://developers.facebook.com/docs/sharing/webmasters/crawler)"
57.141.14.66 - - [13/May/2026:05:39:42 +1000] "GET /products/detail/54193879 HTTP/2" 404 137739 "-" "meta-externalagent/1.1 (+https://developers.facebook.com/docs/sharing/webmasters/crawler)"
44.213.202.136 - - [13/May/2026:05:39:43 +1000] "GET /wp-json/wp/v2/posts/23491 HTTP/1.1" 200 7750 "-" "Mozilla/5.0 AppleWebKit/537.36 (KHTML, like Gecko; compatible; Amazonbot/0.1; +https://developer.amazon.com/support/amazonbot) Chrome/119.0.6045.214 Safari/537.36"
192.178.4.100 - - [13/May/2026:05:39:43 +1000] "GET /content.php?product/94644250 HTTP/1.1" 200 28446 "-" "Mozilla/5.0 (Linux; Android 6.0.1; Nexus 5X Build/MMB29P) AppleWebKit/537.36 (KHTML, like Gecko) Chrome/147.0.7727.137 Mobile Safari/537.36 (compatible; GoogleOther)"
3.90.73.206 - - [13/May/2026:05:39:47 +1000] "GET /wp-json/wp/v2/posts/54420 HTTP/1.1" 200 9501 "-" "Mozilla/5.0 AppleWebKit/537.36 (KHTML, like Gecko; compatible; Amazonbot/0.1; +https://developer.amazon.com/support/amazonbot) Chrome/119.0.6045.214 Safari/537.36"
57.141.14.107 - - [13/May/2026:05:39:48 +1000] "GET /products/detail/67411765 HTTP/2" 404 137739 "-" "meta-externalagent/1.1 (+https://developers.facebook.com/docs/sharing/webmasters/crawler)"
192.178.4.100 - - [13/May/2026:05:39:48 +1000] "GET /?products/detail/65524186 HTTP/1.1" 200 39877 "-" "Mozilla/5.0 (Linux; Android 6.0.1; Nexus 5X Build/MMB29P) AppleWebKit/537.36 (KHTML, like Gecko) Chrome/147.0.7727.137 Mobile Safari/537.36 (compatible; Googlebot/2.1; +http://www.google.com/bot.html)"
57.141.14.32 - - [13/May/2026:05:39:51 +1000] "GET /products/detail/62090668 HTTP/2" 404 137739 "-" "meta-externalagent/1.1 (+https://developers.facebook.com/docs/sharing/webmasters/crawler)"
23.21.119.232 - - [13/May/2026:05:39:52 +1000] "GET /wp-json/oembed/1.0/embed?url=https://www.coridyan.com/100-percent-free-ports-with-added-bonus-because-fire-joker-rtp-slot-free-spins-of-the-gambino-public-gambling-establishment/ HTTP/1.1" 200 2437 "-" "Mozilla/5.0 AppleWebKit/537.36 (KHTML, like Gecko; compatible; Amazonbot/0.1; +https://developer.amazon.com/support/amazonbot) Chrome/119.0.6045.214 Safari/537.36"
34.231.118.144 - - [13/May/2026:05:39:56 +1000] "GET /pg-delicate-unveils-art-gallery-secret-mobile-position-video-game/feed/ HTTP/1.1" 200 1776 "-" "Mozilla/5.0 AppleWebKit/537.36 (KHTML, like Gecko; compatible; Amazonbot/0.1; +https://developer.amazon.com/support/amazonbot) Chrome/119.0.6045.214 Safari/537.36"
52.73.6.26 - - [13/May/2026:05:39:57 +1000] "GET /wp-json/wp/v2/posts/%22https:/m.media-amazon.com/images/I/61xQJ9X2W-L._AC_UF894,1000_QL80_.jpg/%22 HTTP/1.1" 404 928 "-" "Mozilla/5.0 AppleWebKit/537.36 (KHTML, like Gecko; compatible; Amazonbot/0.1; +https://developer.amazon.com/support/amazonbot) Chrome/119.0.6045.214 Safari/537.36"
