4.199.143.134 - - [13/May/2026:09:14:52 +1000] "GET /wp-includes/js/dist/hooks.min.js?ver=dd5603f07f9220ed27f1 HTTP/1.1" 200 1852 "https://pgkdistribution.co.nz/" "Mozilla/5.0 (Macintosh; Intel Mac OS X 10_15_7) AppleWebKit/537.36 (KHTML, like Gecko) Chrome/143.0.0.0 Safari/537.36"
4.199.143.134 - - [13/May/2026:09:14:52 +1000] "GET /wp-content/uploads/2021/09/SB067.jpg HTTP/1.1" 200 10762 "https://pgkdistribution.co.nz/solar-storage/" "Mozilla/5.0 (Macintosh; Intel Mac OS X 10_15_7) AppleWebKit/537.36 (KHTML, like Gecko) Chrome/143.0.0.0 Safari/537.36"
4.199.143.134 - - [13/May/2026:09:14:52 +1000] "GET /wp-content/uploads/2021/05/PGK-Grey-font.png HTTP/1.1" 200 300208 "https://pgkdistribution.co.nz/solar-storage/" "Mozilla/5.0 (Macintosh; Intel Mac OS X 10_15_7) AppleWebKit/537.36 (KHTML, like Gecko) Chrome/143.0.0.0 Safari/537.36"
4.199.143.134 - - [13/May/2026:09:14:53 +1000] "GET /wp-includes/js/dist/i18n.min.js?ver=c26c3dc7bed366793375 HTTP/1.1" 200 2119 "https://pgkdistribution.co.nz/solar-storage/" "Mozilla/5.0 (Macintosh; Intel Mac OS X 10_15_7) AppleWebKit/537.36 (KHTML, like Gecko) Chrome/143.0.0.0 Safari/537.36"
4.199.143.134 - - [13/May/2026:09:14:53 +1000] "GET /wp-content/plugins/contact-form-7/includes/swv/js/index.js?ver=6.1.4 HTTP/1.1" 200 3369 "https://pgkdistribution.co.nz/" "Mozilla/5.0 (Macintosh; Intel Mac OS X 10_15_7) AppleWebKit/537.36 (KHTML, like Gecko) Chrome/143.0.0.0 Safari/537.36"
4.199.143.134 - - [13/May/2026:09:14:53 +1000] "GET /wp-content/plugins/contact-form-7/includes/js/index.js?ver=6.1.4 HTTP/1.1" 200 4008 "https://pgkdistribution.co.nz/solar-storage/" "Mozilla/5.0 (Macintosh; Intel Mac OS X 10_15_7) AppleWebKit/537.36 (KHTML, like Gecko) Chrome/143.0.0.0 Safari/537.36"
4.199.143.134 - - [13/May/2026:09:14:53 +1000] "GET /wp-content/themes/storefront/assets/js/navigation.min.js?ver=4.6.2 HTTP/1.1" 200 843 "https://pgkdistribution.co.nz/solar-storage/" "Mozilla/5.0 (Macintosh; Intel Mac OS X 10_15_7) AppleWebKit/537.36 (KHTML, like Gecko) Chrome/143.0.0.0 Safari/537.36"
4.199.143.134 - - [13/May/2026:09:14:53 +1000] "GET /wp-content/plugins/storefront-hamburger-menu/assets/js/frontend.min.js?ver=1.2.2 HTTP/1.1" 200 217 "https://pgkdistribution.co.nz/solar-storage/" "Mozilla/5.0 (Macintosh; Intel Mac OS X 10_15_7) AppleWebKit/537.36 (KHTML, like Gecko) Chrome/143.0.0.0 Safari/537.36"
4.199.143.134 - - [13/May/2026:09:14:53 +1000] "GET /wp-includes/js/dist/vendor/wp-polyfill.min.js?ver=3.15.0 HTTP/1.1" 200 11540 "https://pgkdistribution.co.nz/solar-storage/" "Mozilla/5.0 (Macintosh; Intel Mac OS X 10_15_7) AppleWebKit/537.36 (KHTML, like Gecko) Chrome/143.0.0.0 Safari/537.36"
4.199.143.134 - - [13/May/2026:09:14:53 +1000] "GET /wp-content/plugins/contact-form-7/modules/recaptcha/index.js?ver=6.1.4 HTTP/1.1" 200 417 "https://pgkdistribution.co.nz/solar-storage/" "Mozilla/5.0 (Macintosh; Intel Mac OS X 10_15_7) AppleWebKit/537.36 (KHTML, like Gecko) Chrome/143.0.0.0 Safari/537.36"
4.199.143.134 - - [13/May/2026:09:14:53 +1000] "GET /wp-content/themes/homestore/assets/js/homestore.min.js?ver=2.0.33 HTTP/1.1" 200 901 "https://pgkdistribution.co.nz/solar-storage/" "Mozilla/5.0 (Macintosh; Intel Mac OS X 10_15_7) AppleWebKit/537.36 (KHTML, like Gecko) Chrome/143.0.0.0 Safari/537.36"
4.199.143.134 - - [13/May/2026:09:14:53 +1000] "GET /wp-content/plugins/gutentor/assets/library/magnific-popup/jquery.magnific-popup.min.js?ver=1.1.0 HTTP/1.1" 200 7127 "https://pgkdistribution.co.nz/solar-storage/" "Mozilla/5.0 (Macintosh; Intel Mac OS X 10_15_7) AppleWebKit/537.36 (KHTML, like Gecko) Chrome/143.0.0.0 Safari/537.36"
4.199.143.134 - - [13/May/2026:09:14:53 +1000] "GET /wp-includes/js/imagesloaded.min.js?ver=5.0.0 HTTP/1.1" 200 1687 "https://pgkdistribution.co.nz/solar-storage/" "Mozilla/5.0 (Macintosh; Intel Mac OS X 10_15_7) AppleWebKit/537.36 (KHTML, like Gecko) Chrome/143.0.0.0 Safari/537.36"
4.199.143.134 - - [13/May/2026:09:14:53 +1000] "GET /wp-content/plugins/gutentor/assets/js/gutentor.js?ver=3.5.4 HTTP/1.1" 200 11561 "https://pgkdistribution.co.nz/solar-storage/" "Mozilla/5.0 (Macintosh; Intel Mac OS X 10_15_7) AppleWebKit/537.36 (KHTML, like Gecko) Chrome/143.0.0.0 Safari/537.36"
4.199.143.134 - - [13/May/2026:09:14:53 +1000] "GET /wp-includes/js/masonry.min.js?ver=4.2.2 HTTP/1.1" 200 7117 "https://pgkdistribution.co.nz/solar-storage/" "Mozilla/5.0 (Macintosh; Intel Mac OS X 10_15_7) AppleWebKit/537.36 (KHTML, like Gecko) Chrome/143.0.0.0 Safari/537.36"
4.199.143.134 - - [13/May/2026:09:14:53 +1000] "GET /wp-content/uploads/2021/05/facebook.png HTTP/1.1" 200 2373 "https://pgkdistribution.co.nz/solar-storage/" "Mozilla/5.0 (Macintosh; Intel Mac OS X 10_15_7) AppleWebKit/537.36 (KHTML, like Gecko) Chrome/143.0.0.0 Safari/537.36"
4.199.143.134 - - [13/May/2026:09:14:53 +1000] "GET /wp-content/uploads/2021/05/Twitter.png HTTP/1.1" 200 3677 "https://pgkdistribution.co.nz/solar-storage/" "Mozilla/5.0 (Macintosh; Intel Mac OS X 10_15_7) AppleWebKit/537.36 (KHTML, like Gecko) Chrome/143.0.0.0 Safari/537.36"
4.199.143.134 - - [13/May/2026:09:14:53 +1000] "GET /wp-content/uploads/2021/05/linkedin.png HTTP/1.1" 200 2841 "https://pgkdistribution.co.nz/solar-storage/" "Mozilla/5.0 (Macintosh; Intel Mac OS X 10_15_7) AppleWebKit/537.36 (KHTML, like Gecko) Chrome/143.0.0.0 Safari/537.36"
4.199.143.134 - - [13/May/2026:09:14:53 +1000] "GET /wp-content/plugins/smart-slider-3/Public/SmartSlider3/Application/Frontend/Assets/dist/n2.min.js?ver=667fb12b HTTP/1.1" 200 12016 "https://pgkdistribution.co.nz/" "Mozilla/5.0 (Macintosh; Intel Mac OS X 10_15_7) AppleWebKit/537.36 (KHTML, like Gecko) Chrome/143.0.0.0 Safari/537.36"
4.199.143.134 - - [13/May/2026:09:14:53 +1000] "GET /wp-content/plugins/smart-slider-3/Public/SmartSlider3/Application/Frontend/Assets/dist/smartslider-frontend.min.js?ver=667fb12b HTTP/1.1" 200 25921 "https://pgkdistribution.co.nz/" "Mozilla/5.0 (Macintosh; Intel Mac OS X 10_15_7) AppleWebKit/537.36 (KHTML, like Gecko) Chrome/143.0.0.0 Safari/537.36"
4.199.143.134 - - [13/May/2026:09:14:53 +1000] "GET /wp-content/plugins/smart-slider-3/Public/SmartSlider3/Slider/SliderType/Simple/Assets/dist/ss-simple.min.js?ver=667fb12b HTTP/1.1" 200 3019 "https://pgkdistribution.co.nz/" "Mozilla/5.0 (Macintosh; Intel Mac OS X 10_15_7) AppleWebKit/537.36 (KHTML, like Gecko) Chrome/143.0.0.0 Safari/537.36"
4.199.143.134 - - [13/May/2026:09:14:53 +1000] "GET /wp-content/plugins/smart-slider-3/Public/SmartSlider3/Widget/Arrow/ArrowImage/Assets/dist/w-arrow-image.min.js?ver=667fb12b HTTP/1.1" 200 561 "https://pgkdistribution.co.nz/" "Mozilla/5.0 (Macintosh; Intel Mac OS X 10_15_7) AppleWebKit/537.36 (KHTML, like Gecko) Chrome/143.0.0.0 Safari/537.36"
4.199.143.134 - - [13/May/2026:09:14:53 +1000] "GET /wp-content/plugins/smart-slider-3/Public/SmartSlider3/Widget/Bullet/Assets/dist/w-bullet.min.js?ver=667fb12b HTTP/1.1" 200 1806 "https://pgkdistribution.co.nz/" "Mozilla/5.0 (Macintosh; Intel Mac OS X 10_15_7) AppleWebKit/537.36 (KHTML, like Gecko) Chrome/143.0.0.0 Safari/537.36"
4.199.143.134 - - [13/May/2026:09:14:53 +1000] "GET /wp-content/themes/storefront/assets/fonts/fa-solid-900.woff2 HTTP/1.1" 200 79444 "https://pgkdistribution.co.nz/wp-content/themes/storefront/assets/css/base/icons.css?ver=4.6.2" "Mozilla/5.0 (Macintosh; Intel Mac OS X 10_15_7) AppleWebKit/537.36 (KHTML, like Gecko) Chrome/143.0.0.0 Safari/537.36"
4.199.143.134 - - [13/May/2026:09:14:53 +1000] "GET /wp-content/uploads/2021/05/1000V-DC-500x500-2.jpg HTTP/1.1" 200 14509 "https://pgkdistribution.co.nz/" "Mozilla/5.0 (Macintosh; Intel Mac OS X 10_15_7) AppleWebKit/537.36 (KHTML, like Gecko) Chrome/143.0.0.0 Safari/537.36"
4.199.143.134 - - [13/May/2026:09:14:53 +1000] "GET /wp-content/uploads/2021/09/SB068.jpg HTTP/1.1" 200 12610 "https://pgkdistribution.co.nz/" "Mozilla/5.0 (Macintosh; Intel Mac OS X 10_15_7) AppleWebKit/537.36 (KHTML, like Gecko) Chrome/143.0.0.0 Safari/537.36"
4.199.143.134 - - [13/May/2026:09:14:53 +1000] "GET /wp-content/uploads/2023/01/Solis-1P7-8K-5G.jpg HTTP/1.1" 200 5785 "https://pgkdistribution.co.nz/" "Mozilla/5.0 (Macintosh; Intel Mac OS X 10_15_7) AppleWebKit/537.36 (KHTML, like Gecko) Chrome/143.0.0.0 Safari/537.36"
4.199.143.134 - - [13/May/2026:09:14:53 +1000] "GET /wp-content/uploads/2021/06/Single-Solar-DC-Cable-500x500-1.jpg HTTP/1.1" 200 30554 "https://pgkdistribution.co.nz/" "Mozilla/5.0 (Macintosh; Intel Mac OS X 10_15_7) AppleWebKit/537.36 (KHTML, like Gecko) Chrome/143.0.0.0 Safari/537.36"
4.199.143.134 - - [13/May/2026:09:14:55 +1000] "GET /wp-includes/js/wp-emoji-release.min.js?ver=6.9.4 HTTP/1.1" 200 4949 "https://pgkdistribution.co.nz/" "Mozilla/5.0 (Macintosh; Intel Mac OS X 10_15_7) AppleWebKit/537.36 (KHTML, like Gecko) Chrome/143.0.0.0 Safari/537.36"
152.42.163.189 - - [13/May/2026:09:14:54 +1000] "GET /wp-admin/profile.php HTTP/1.1" 302 695 "https://pgkdistribution.co.nz/wp-login.php" "Mozilla/5.0 (Macintosh; Intel Mac OS X 13_6_1) AppleWebKit/605.1.15 (KHTML, like Gecko) Version/16.6 Safari/605.1.15"
4.199.143.134 - - [13/May/2026:09:14:57 +1000] "GET /wp-content/uploads/2021/05/cropped-PGK-Grey-font-32x32.png HTTP/1.1" 200 1604 "https://pgkdistribution.co.nz/" "Mozilla/5.0 (Macintosh; Intel Mac OS X 10_15_7) AppleWebKit/537.36 (KHTML, like Gecko) Chrome/143.0.0.0 Safari/537.36"
4.199.143.134 - - [13/May/2026:09:14:57 +1000] "GET /wp-content/uploads/2023/03/PGK-Solar-Cables.png HTTP/1.1" 200 367240 "https://pgkdistribution.co.nz/" "Mozilla/5.0 (Macintosh; Intel Mac OS X 10_15_7) AppleWebKit/537.36 (KHTML, like Gecko) Chrome/143.0.0.0 Safari/537.36"
4.199.143.134 - - [13/May/2026:09:14:57 +1000] "GET /wp-content/uploads/2021/05/PGK-Site-Slider-2.png HTTP/1.1" 200 589315 "https://pgkdistribution.co.nz/" "Mozilla/5.0 (Macintosh; Intel Mac OS X 10_15_7) AppleWebKit/537.36 (KHTML, like Gecko) Chrome/143.0.0.0 Safari/537.36"
4.199.143.134 - - [13/May/2026:09:14:57 +1000] "GET /wp-content/uploads/2021/05/PGK-Site-Slider-Photo-3.png HTTP/1.1" 200 671794 "https://pgkdistribution.co.nz/" "Mozilla/5.0 (Macintosh; Intel Mac OS X 10_15_7) AppleWebKit/537.36 (KHTML, like Gecko) Chrome/143.0.0.0 Safari/537.36"
4.199.143.134 - - [13/May/2026:09:14:57 +1000] "GET /wp-content/uploads/2021/05/PGK-Site-Slider-Photo.png HTTP/1.1" 200 847059 "https://pgkdistribution.co.nz/" "Mozilla/5.0 (Macintosh; Intel Mac OS X 10_15_7) AppleWebKit/537.36 (KHTML, like Gecko) Chrome/143.0.0.0 Safari/537.36"
103.76.76.7 - - [13/May/2026:09:14:55 +1000] "POST /xmlrpc.php HTTP/1.1" 200 853 "-" "Jetpack by WordPress.com"
203.109.200.186 - - [13/May/2026:09:14:59 +1000] "GET /air-conditioning/ HTTP/2" 200 24278 "https://pgkdistribution.co.nz/" "Mozilla/5.0 (Windows NT 10.0; Win64; x64) AppleWebKit/537.36 (KHTML, like Gecko) Chrome/148.0.0.0 Safari/537.36 Edg/148.0.0.0"
203.109.200.186 - - [13/May/2026:09:15:01 +1000] "GET /wp-content/uploads/2023/01/AP001-e1675102669543.jpg HTTP/1.1" 200 2817 "https://pgkdistribution.co.nz/air-conditioning/" "Mozilla/5.0 (Windows NT 10.0; Win64; x64) AppleWebKit/537.36 (KHTML, like Gecko) Chrome/148.0.0.0 Safari/537.36 Edg/148.0.0.0"
203.109.200.186 - - [13/May/2026:09:15:01 +1000] "GET /wp-content/uploads/2023/01/Soltaro-AC.jpg HTTP/1.1" 200 9318 "https://pgkdistribution.co.nz/air-conditioning/" "Mozilla/5.0 (Windows NT 10.0; Win64; x64) AppleWebKit/537.36 (KHTML, like Gecko) Chrome/148.0.0.0 Safari/537.36 Edg/148.0.0.0"
203.109.200.186 - - [13/May/2026:09:15:01 +1000] "GET /wp-content/uploads/2023/01/AP600.png HTTP/1.1" 200 301914 "https://pgkdistribution.co.nz/air-conditioning/" "Mozilla/5.0 (Windows NT 10.0; Win64; x64) AppleWebKit/537.36 (KHTML, like Gecko) Chrome/148.0.0.0 Safari/537.36 Edg/148.0.0.0"
152.42.163.189 - - [13/May/2026:09:15:00 +1000] "GET /wp-login.php?redirect_to=https%3A%2F%2Fpgkdistribution.co.nz%2Fwp-admin%2Fprofile.php&reauth=1 HTTP/1.1" 200 6696 "https://pgkdistribution.co.nz/wp-login.php" "Mozilla/5.0 (Macintosh; Intel Mac OS X 13_6_1) AppleWebKit/605.1.15 (KHTML, like Gecko) Version/16.6 Safari/605.1.15"
103.76.76.7 - - [13/May/2026:09:15:07 +1000] "POST /xmlrpc.php HTTP/1.1" 200 853 "-" "WordPress.com; https://wordpress.com"
152.42.163.189 - - [13/May/2026:09:15:07 +1000] "POST /wp-login.php HTTP/1.1" 200 4666 "https://pgkdistribution.co.nz/wp-login.php" "Mozilla/5.0 (Macintosh; Intel Mac OS X 13_6_1) AppleWebKit/605.1.15 (KHTML, like Gecko) Version/17.0 Safari/605.1.15"
203.109.200.186 - - [13/May/2026:09:15:08 +1000] "GET /solar-rails/ HTTP/1.1" 200 25952 "https://pgkdistribution.co.nz/air-conditioning/" "Mozilla/5.0 (Windows NT 10.0; Win64; x64) AppleWebKit/537.36 (KHTML, like Gecko) Chrome/148.0.0.0 Safari/537.36 Edg/148.0.0.0"
203.109.200.186 - - [13/May/2026:09:15:12 +1000] "GET /wp-includes/blocks/heading/style.min.css?ver=6.9.4 HTTP/1.1" 200 164 "https://pgkdistribution.co.nz/solar-rails/" "Mozilla/5.0 (Windows NT 10.0; Win64; x64) AppleWebKit/537.36 (KHTML, like Gecko) Chrome/148.0.0.0 Safari/537.36 Edg/148.0.0.0"
203.109.200.186 - - [13/May/2026:09:15:12 +1000] "GET /wp-content/uploads/2021/06/mClBl40MC.jpg HTTP/1.1" 200 7313 "https://pgkdistribution.co.nz/solar-rails/" "Mozilla/5.0 (Windows NT 10.0; Win64; x64) AppleWebKit/537.36 (KHTML, like Gecko) Chrome/148.0.0.0 Safari/537.36 Edg/148.0.0.0"
203.109.200.186 - - [13/May/2026:09:15:12 +1000] "GET /wp-content/uploads/2021/06/clenergy-transparent-200px.png HTTP/1.1" 200 87704 "https://pgkdistribution.co.nz/solar-rails/" "Mozilla/5.0 (Windows NT 10.0; Win64; x64) AppleWebKit/537.36 (KHTML, like Gecko) Chrome/148.0.0.0 Safari/537.36 Edg/148.0.0.0"
152.42.163.189 - - [13/May/2026:09:15:14 +1000] "GET /wp-admin/index.php HTTP/1.1" 302 693 "https://pgkdistribution.co.nz/wp-login.php" "Mozilla/5.0 (X11; Linux x86_64) AppleWebKit/537.36 (KHTML, like Gecko) Chrome/121.0.0.0 Safari/537.36"
103.76.76.7 - - [13/May/2026:09:15:18 +1000] "POST /xmlrpc.php HTTP/1.1" 200 853 "-" "WordPress.com; https://wordpress.com"
152.42.163.189 - - [13/May/2026:09:15:20 +1000] "GET /wp-login.php?redirect_to=https%3A%2F%2Fpgkdistribution.co.nz%2Fwp-admin%2Findex.php&reauth=1 HTTP/1.1" 200 6699 "https://pgkdistribution.co.nz/wp-login.php" "Mozilla/5.0 (X11; Linux x86_64) AppleWebKit/537.36 (KHTML, like Gecko) Chrome/121.0.0.0 Safari/537.36"
152.42.163.189 - - [13/May/2026:09:15:26 +1000] "POST /wp-login.php HTTP/1.1" 200 4425 "https://pgkdistribution.co.nz/wp-login.php" "Mozilla/5.0 (Windows NT 10.0; Win64; x64; rv:118.0) Gecko/20100101 Firefox/118.0"
103.76.76.7 - - [13/May/2026:09:15:30 +1000] "POST /xmlrpc.php HTTP/1.1" 200 853 "-" "Jetpack by WordPress.com (Jetpack 13.0; WordPress 6.2)"
152.42.163.189 - - [13/May/2026:09:15:33 +1000] "GET /wp-admin/index.php HTTP/1.1" 302 693 "https://pgkdistribution.co.nz/wp-login.php" "Mozilla/5.0 (Macintosh; Intel Mac OS X 13_6_1; rv:119.0) Gecko/20100101 Firefox/119.0"
152.42.163.189 - - [13/May/2026:09:15:38 +1000] "GET /wp-login.php?redirect_to=https%3A%2F%2Fpgkdistribution.co.nz%2Fwp-admin%2Findex.php&reauth=1 HTTP/1.1" 200 6521 "https://pgkdistribution.co.nz/wp-login.php" "Mozilla/5.0 (Macintosh; Intel Mac OS X 13_6_1; rv:119.0) Gecko/20100101 Firefox/119.0"
103.76.76.7 - - [13/May/2026:09:15:41 +1000] "POST /xmlrpc.php HTTP/1.1" 200 853 "-" "Jetpack/13.0; WordPress/6.3; http://site16420809.com"
152.42.163.189 - - [13/May/2026:09:15:44 +1000] "POST /wp-login.php HTTP/1.1" 200 4670 "https://pgkdistribution.co.nz/wp-login.php" "Mozilla/5.0 (Macintosh; Intel Mac OS X 13_6_1) AppleWebKit/537.36 (KHTML, like Gecko) Chrome/121.0.0.0 Safari/537.36"
152.42.163.189 - - [13/May/2026:09:15:49 +1000] "GET /wp-admin/index.php HTTP/1.1" 302 693 "https://pgkdistribution.co.nz/wp-login.php" "Mozilla/5.0 (Windows NT 10.0; Win64; x64; rv:121.0) Gecko/20100101 Firefox/121.0"
103.76.76.7 - - [13/May/2026:09:15:52 +1000] "POST /xmlrpc.php HTTP/1.1" 200 853 "-" "WordPress.com; https://wordpress.com"
152.42.163.189 - - [13/May/2026:09:15:55 +1000] "GET /wp-login.php?redirect_to=https%3A%2F%2Fpgkdistribution.co.nz%2Fwp-admin%2Findex.php&reauth=1 HTTP/1.1" 200 6521 "https://pgkdistribution.co.nz/wp-login.php" "Mozilla/5.0 (Windows NT 10.0; Win64; x64; rv:121.0) Gecko/20100101 Firefox/121.0"
152.42.163.189 - - [13/May/2026:09:16:01 +1000] "POST /wp-login.php HTTP/1.1" 200 4667 "https://pgkdistribution.co.nz/wp-login.php" "Mozilla/5.0 (Windows NT 10.0; Win64; x64) AppleWebKit/537.36 (KHTML, like Gecko) Chrome/118.0.0.0 Safari/537.36"
103.76.76.7 - - [13/May/2026:09:16:03 +1000] "POST /xmlrpc.php HTTP/1.1" 200 853 "-" "WordPress.com; https://wordpress.com"
152.42.163.189 - - [13/May/2026:09:16:08 +1000] "GET /wp-admin/index.php HTTP/1.1" 302 693 "https://pgkdistribution.co.nz/wp-login.php" "Mozilla/5.0 (Windows NT 11.0; Win64; x64) AppleWebKit/537.36 (KHTML, like Gecko) Chrome/119.0.0.0 Safari/537.36"
152.42.163.189 - - [13/May/2026:09:16:14 +1000] "GET /wp-login.php?redirect_to=https%3A%2F%2Fpgkdistribution.co.nz%2Fwp-admin%2Findex.php&reauth=1 HTTP/1.1" 200 6521 "https://pgkdistribution.co.nz/wp-login.php" "Mozilla/5.0 (Windows NT 11.0; Win64; x64) AppleWebKit/537.36 (KHTML, like Gecko) Chrome/119.0.0.0 Safari/537.36"
103.76.76.7 - - [13/May/2026:09:16:15 +1000] "POST /xmlrpc.php HTTP/1.1" 200 853 "-" "Jetpack by WordPress.com (Jetpack 12.0; WordPress 6.3)"
152.42.163.189 - - [13/May/2026:09:16:24 +1000] "POST /wp-login.php HTTP/1.1" 200 4669 "https://pgkdistribution.co.nz/wp-login.php" "Mozilla/5.0 (Macintosh; Intel Mac OS X 10_15_7) AppleWebKit/537.36 (KHTML, like Gecko) Chrome/120.0.0.0 Safari/537.36"
103.76.76.7 - - [13/May/2026:09:16:26 +1000] "POST /xmlrpc.php HTTP/1.1" 200 853 "-" "Jetpack by WordPress.com"
152.42.163.189 - - [13/May/2026:09:16:30 +1000] "GET /wp-admin/index.php HTTP/1.1" 302 693 "https://pgkdistribution.co.nz/wp-login.php" "Mozilla/5.0 (Macintosh; Intel Mac OS X 13_6_1; rv:121.0) Gecko/20100101 Firefox/121.0"
152.42.163.189 - - [13/May/2026:09:16:36 +1000] "GET /wp-login.php?redirect_to=https%3A%2F%2Fpgkdistribution.co.nz%2Fwp-admin%2Findex.php&reauth=1 HTTP/1.1" 200 6699 "https://pgkdistribution.co.nz/wp-login.php" "Mozilla/5.0 (Macintosh; Intel Mac OS X 13_6_1; rv:121.0) Gecko/20100101 Firefox/121.0"
103.76.76.7 - - [13/May/2026:09:16:38 +1000] "POST /xmlrpc.php HTTP/1.1" 200 853 "-" "Jetpack by WordPress.com"
152.42.163.189 - - [13/May/2026:09:16:42 +1000] "POST /wp-login.php HTTP/1.1" 200 4668 "https://pgkdistribution.co.nz/wp-login.php" "Mozilla/5.0 (Windows NT 11.0; Win64; x64; rv:118.0) Gecko/20100101 Firefox/118.0"
152.42.163.189 - - [13/May/2026:09:16:46 +1000] "GET /wp-admin/index.php HTTP/1.1" 302 515 "https://pgkdistribution.co.nz/wp-login.php" "Mozilla/5.0 (X11; Ubuntu; Linux x86_64) AppleWebKit/537.36 (KHTML, like Gecko) Chrome/119.0.0.0 Safari/537.36"
103.76.76.7 - - [13/May/2026:09:16:49 +1000] "POST /xmlrpc.php HTTP/1.1" 200 853 "-" "Jetpack by WordPress.com (Jetpack 12.0; WordPress 6.2)"
152.42.163.189 - - [13/May/2026:09:16:52 +1000] "GET /wp-login.php?redirect_to=https%3A%2F%2Fpgkdistribution.co.nz%2Fwp-admin%2Findex.php&reauth=1 HTTP/1.1" 200 6699 "https://pgkdistribution.co.nz/wp-login.php" "Mozilla/5.0 (X11; Ubuntu; Linux x86_64) AppleWebKit/537.36 (KHTML, like Gecko) Chrome/119.0.0.0 Safari/537.36"
152.42.163.189 - - [13/May/2026:09:16:58 +1000] "POST /wp-login.php HTTP/1.1" 200 4626 "https://pgkdistribution.co.nz/wp-login.php" "Mozilla/5.0 (Windows NT 11.0; Win64; x64) AppleWebKit/537.36 (KHTML, like Gecko) Chrome/121.0.0.0 Safari/537.36"
103.76.76.7 - - [13/May/2026:09:17:00 +1000] "POST /xmlrpc.php HTTP/1.1" 200 853 "-" "Jetpack by WordPress.com"
152.42.163.189 - - [13/May/2026:09:17:06 +1000] "GET /wp-admin/index.php HTTP/1.1" 302 693 "https://pgkdistribution.co.nz/wp-login.php" "Mozilla/5.0 (Macintosh; Intel Mac OS X 13_6_1) AppleWebKit/605.1.15 (KHTML, like Gecko) Version/17.1 Safari/605.1.15"
103.76.76.7 - - [13/May/2026:09:17:12 +1000] "POST /xmlrpc.php HTTP/1.1" 200 853 "-" "Jetpack/12.5; WordPress/6.4; http://site94857514.com"
152.42.163.189 - - [13/May/2026:09:17:13 +1000] "GET /wp-login.php?redirect_to=https%3A%2F%2Fpgkdistribution.co.nz%2Fwp-admin%2Findex.php&reauth=1 HTTP/1.1" 200 6699 "https://pgkdistribution.co.nz/wp-login.php" "Mozilla/5.0 (Macintosh; Intel Mac OS X 13_6_1) AppleWebKit/605.1.15 (KHTML, like Gecko) Version/17.1 Safari/605.1.15"
152.42.163.189 - - [13/May/2026:09:17:19 +1000] "POST /wp-login.php HTTP/1.1" 200 4489 "https://pgkdistribution.co.nz/wp-login.php" "Mozilla/5.0 (Windows NT 10.0; Win64; x64; rv:121.0) Gecko/20100101 Firefox/121.0"
103.76.76.7 - - [13/May/2026:09:17:24 +1000] "POST /xmlrpc.php HTTP/1.1" 200 853 "-" "Jetpack by WordPress.com"
152.42.163.189 - - [13/May/2026:09:17:25 +1000] "GET /wp-admin/index.php HTTP/1.1" 302 515 "https://pgkdistribution.co.nz/wp-login.php" "Mozilla/5.0 (Macintosh; Intel Mac OS X 13_6_1; rv:119.0) Gecko/20100101 Firefox/119.0"
103.76.76.7 - - [13/May/2026:09:17:35 +1000] "POST /xmlrpc.php HTTP/1.1" 200 853 "-" "WordPress.com; https://wordpress.com"
152.42.163.189 - - [13/May/2026:09:17:44 +1000] "GET /wp-login.php?redirect_to=https%3A%2F%2Fpgkdistribution.co.nz%2Fwp-admin%2Findex.php&reauth=1 HTTP/1.1" 200 6699 "https://pgkdistribution.co.nz/wp-login.php" "Mozilla/5.0 (Macintosh; Intel Mac OS X 13_6_1; rv:119.0) Gecko/20100101 Firefox/119.0"
111.67.29.221 - - [13/May/2026:09:17:47 +1000] "GET /wp-content/iaDLncl6SsZ.php?pass=CDjeZt7SN2O HTTP/2" 200 5724 "-" "Mozilla/5.0 (Windows NT 10.0; Win64; x64) AppleWebKit/537.36 (KHTML, like Gecko) Chrome/90.0.4430.85 Safari/537.36"
103.76.76.7 - - [13/May/2026:09:17:46 +1000] "POST /xmlrpc.php HTTP/1.1" 200 853 "-" "Jetpack by WordPress.com"
152.42.163.189 - - [13/May/2026:09:17:50 +1000] "POST /wp-login.php HTTP/1.1" 200 4660 "https://pgkdistribution.co.nz/wp-login.php" "Mozilla/5.0 (Macintosh; Intel Mac OS X 13_6_1; rv:119.0) Gecko/20100101 Firefox/119.0"
152.42.163.189 - - [13/May/2026:09:17:57 +1000] "GET /wp-admin/index.php HTTP/1.1" 302 693 "https://pgkdistribution.co.nz/wp-login.php" "Mozilla/5.0 (Windows NT 10.0; Win64; x64) AppleWebKit/537.36 (KHTML, like Gecko) Chrome/121.0.0.0 Safari/537.36"
103.76.76.7 - - [13/May/2026:09:17:57 +1000] "POST /xmlrpc.php HTTP/1.1" 200 853 "-" "Jetpack by WordPress.com"
152.42.163.189 - - [13/May/2026:09:18:05 +1000] "GET /wp-login.php?redirect_to=https%3A%2F%2Fpgkdistribution.co.nz%2Fwp-admin%2Findex.php&reauth=1 HTTP/1.1" 200 6699 "https://pgkdistribution.co.nz/wp-login.php" "Mozilla/5.0 (Windows NT 10.0; Win64; x64) AppleWebKit/537.36 (KHTML, like Gecko) Chrome/121.0.0.0 Safari/537.36"
103.76.76.7 - - [13/May/2026:09:18:09 +1000] "POST /xmlrpc.php HTTP/1.1" 200 853 "-" "Jetpack by WordPress.com"
152.42.163.189 - - [13/May/2026:09:18:13 +1000] "POST /wp-login.php HTTP/1.1" 200 4669 "https://pgkdistribution.co.nz/wp-login.php" "Mozilla/5.0 (X11; Linux x86_64) AppleWebKit/537.36 (KHTML, like Gecko) Chrome/119.0.0.0 Safari/537.36"
103.76.76.7 - - [13/May/2026:09:18:20 +1000] "POST /xmlrpc.php HTTP/1.1" 200 853 "-" "WordPress.com; https://wordpress.com"
152.42.163.189 - - [13/May/2026:09:18:21 +1000] "GET /wp-admin/index.php HTTP/1.1" 302 693 "https://pgkdistribution.co.nz/wp-login.php" "Mozilla/5.0 (Macintosh; Intel Mac OS X 10_15_7) AppleWebKit/605.1.15 (KHTML, like Gecko) Version/17.1 Safari/605.1.15"
152.42.163.189 - - [13/May/2026:09:18:28 +1000] "GET /wp-login.php?redirect_to=https%3A%2F%2Fpgkdistribution.co.nz%2Fwp-admin%2Findex.php&reauth=1 HTTP/1.1" 200 6699 "https://pgkdistribution.co.nz/wp-login.php" "Mozilla/5.0 (Macintosh; Intel Mac OS X 10_15_7) AppleWebKit/605.1.15 (KHTML, like Gecko) Version/17.1 Safari/605.1.15"
103.76.76.7 - - [13/May/2026:09:18:35 +1000] "POST /xmlrpc.php HTTP/1.1" 200 853 "-" "Jetpack/13.0; WordPress/6.4; http://site20037068.com"
152.42.163.189 - - [13/May/2026:09:18:35 +1000] "POST /wp-login.php HTTP/1.1" 200 4667 "https://pgkdistribution.co.nz/wp-login.php" "Mozilla/5.0 (X11; Ubuntu; Linux x86_64) AppleWebKit/537.36 (KHTML, like Gecko) Chrome/119.0.0.0 Safari/537.36"
103.76.76.7 - - [13/May/2026:09:18:46 +1000] "POST /xmlrpc.php HTTP/1.1" 200 853 "-" "WordPress.com; https://wordpress.com"
152.42.163.189 - - [13/May/2026:09:18:45 +1000] "GET /wp-admin/index.php HTTP/1.1" 302 693 "https://pgkdistribution.co.nz/wp-login.php" "Mozilla/5.0 (Macintosh; Intel Mac OS X 10_15_7) AppleWebKit/605.1.15 (KHTML, like Gecko) Version/17.2 Safari/605.1.15"
152.42.163.189 - - [13/May/2026:09:18:53 +1000] "GET /wp-login.php?redirect_to=https%3A%2F%2Fpgkdistribution.co.nz%2Fwp-admin%2Findex.php&reauth=1 HTTP/1.1" 200 6699 "https://pgkdistribution.co.nz/wp-login.php" "Mozilla/5.0 (Macintosh; Intel Mac OS X 10_15_7) AppleWebKit/605.1.15 (KHTML, like Gecko) Version/17.2 Safari/605.1.15"
103.76.76.7 - - [13/May/2026:09:18:57 +1000] "POST /xmlrpc.php HTTP/1.1" 200 853 "-" "Jetpack/12.0; WordPress/6.4; http://site69245838.com"
152.42.163.189 - - [13/May/2026:09:18:59 +1000] "POST /wp-login.php HTTP/1.1" 200 4667 "https://pgkdistribution.co.nz/wp-login.php" "Mozilla/5.0 (X11; Ubuntu; Linux x86_64) AppleWebKit/537.36 (KHTML, like Gecko) Chrome/119.0.0.0 Safari/537.36"
152.42.163.189 - - [13/May/2026:09:19:07 +1000] "GET /wp-admin/index.php HTTP/1.1" 302 693 "https://pgkdistribution.co.nz/wp-login.php" "Mozilla/5.0 (Macintosh; Intel Mac OS X 13_6_1) AppleWebKit/605.1.15 (KHTML, like Gecko) Version/17.2 Safari/605.1.15"
103.76.76.7 - - [13/May/2026:09:19:09 +1000] "POST /xmlrpc.php HTTP/1.1" 200 853 "-" "Jetpack/13.0; WordPress/6.4; http://site78140235.com"
152.42.163.189 - - [13/May/2026:09:19:14 +1000] "GET /wp-login.php?redirect_to=https%3A%2F%2Fpgkdistribution.co.nz%2Fwp-admin%2Findex.php&reauth=1 HTTP/1.1" 200 6699 "https://pgkdistribution.co.nz/wp-login.php" "Mozilla/5.0 (Macintosh; Intel Mac OS X 13_6_1) AppleWebKit/605.1.15 (KHTML, like Gecko) Version/17.2 Safari/605.1.15"
103.76.76.7 - - [13/May/2026:09:19:20 +1000] "POST /xmlrpc.php HTTP/1.1" 200 853 "-" "Jetpack/12.0; WordPress/6.2; http://site79081621.com"
152.42.163.189 - - [13/May/2026:09:19:29 +1000] "GET /wp-admin/profile.php HTTP/1.1" 302 695 "https://pgkdistribution.co.nz/wp-login.php" "Mozilla/5.0 (Macintosh; Intel Mac OS X 13_6_1) AppleWebKit/605.1.15 (KHTML, like Gecko) Version/17.2 Safari/605.1.15"
103.76.76.7 - - [13/May/2026:09:19:31 +1000] "POST /xmlrpc.php HTTP/1.1" 200 853 "-" "Jetpack by WordPress.com (Jetpack 13.0; WordPress 6.4)"
152.42.163.189 - - [13/May/2026:09:19:36 +1000] "GET /wp-login.php?redirect_to=https%3A%2F%2Fpgkdistribution.co.nz%2Fwp-admin%2Fprofile.php&reauth=1 HTTP/1.1" 200 6696 "https://pgkdistribution.co.nz/wp-login.php" "Mozilla/5.0 (Macintosh; Intel Mac OS X 13_6_1) AppleWebKit/605.1.15 (KHTML, like Gecko) Version/17.2 Safari/605.1.15"
103.76.76.7 - - [13/May/2026:09:19:42 +1000] "POST /xmlrpc.php HTTP/1.1" 200 853 "-" "Jetpack by WordPress.com"
152.42.163.189 - - [13/May/2026:09:19:49 +1000] "POST /wp-login.php HTTP/1.1" 200 4670 "https://pgkdistribution.co.nz/wp-login.php" "Mozilla/5.0 (Windows NT 11.0; Win64; x64) AppleWebKit/537.36 (KHTML, like Gecko) Chrome/120.0.0.0 Safari/537.36"
103.76.76.7 - - [13/May/2026:09:19:54 +1000] "POST /xmlrpc.php HTTP/1.1" 200 853 "-" "Jetpack by WordPress.com"
152.42.163.189 - - [13/May/2026:09:19:56 +1000] "GET /wp-admin/index.php HTTP/1.1" 302 693 "https://pgkdistribution.co.nz/wp-login.php" "Mozilla/5.0 (Macintosh; Intel Mac OS X 10_15_7; rv:120.0) Gecko/20100101 Firefox/120.0"
152.42.163.189 - - [13/May/2026:09:20:04 +1000] "GET /wp-login.php?redirect_to=https%3A%2F%2Fpgkdistribution.co.nz%2Fwp-admin%2Findex.php&reauth=1 HTTP/1.1" 200 6699 "https://pgkdistribution.co.nz/wp-login.php" "Mozilla/5.0 (Macintosh; Intel Mac OS X 10_15_7; rv:120.0) Gecko/20100101 Firefox/120.0"
103.76.76.7 - - [13/May/2026:09:20:05 +1000] "POST /xmlrpc.php HTTP/1.1" 200 853 "-" "Jetpack by WordPress.com (Jetpack 13.0; WordPress 6.4)"
152.42.163.189 - - [13/May/2026:09:20:11 +1000] "POST /wp-login.php HTTP/1.1" 200 4671 "https://pgkdistribution.co.nz/wp-login.php" "Mozilla/5.0 (Macintosh; Intel Mac OS X 10_15_7) AppleWebKit/537.36 (KHTML, like Gecko) Chrome/120.0.0.0 Safari/537.36"
103.76.76.7 - - [13/May/2026:09:20:16 +1000] "POST /xmlrpc.php HTTP/1.1" 200 853 "-" "Jetpack by WordPress.com (Jetpack 12.5; WordPress 6.3)"
152.42.163.189 - - [13/May/2026:09:20:21 +1000] "GET /wp-admin/index.php HTTP/1.1" 302 693 "https://pgkdistribution.co.nz/wp-login.php" "Mozilla/5.0 (Windows NT 10.0; Win64; x64) AppleWebKit/537.36 (KHTML, like Gecko) Chrome/120.0.0.0 Safari/537.36"
103.76.76.7 - - [13/May/2026:09:20:27 +1000] "POST /xmlrpc.php HTTP/1.1" 200 853 "-" "Jetpack by WordPress.com"
152.42.163.189 - - [13/May/2026:09:20:28 +1000] "GET /wp-login.php?redirect_to=https%3A%2F%2Fpgkdistribution.co.nz%2Fwp-admin%2Findex.php&reauth=1 HTTP/1.1" 200 6699 "https://pgkdistribution.co.nz/wp-login.php" "Mozilla/5.0 (Windows NT 10.0; Win64; x64) AppleWebKit/537.36 (KHTML, like Gecko) Chrome/120.0.0.0 Safari/537.36"
152.42.163.189 - - [13/May/2026:09:20:36 +1000] "POST /wp-login.php HTTP/1.1" 200 4666 "https://pgkdistribution.co.nz/wp-login.php" "Mozilla/5.0 (Macintosh; Intel Mac OS X 13_6_1) AppleWebKit/537.36 (KHTML, like Gecko) Chrome/118.0.0.0 Safari/537.36"
103.76.76.7 - - [13/May/2026:09:20:38 +1000] "POST /xmlrpc.php HTTP/1.1" 200 853 "-" "Jetpack by WordPress.com"
152.42.163.189 - - [13/May/2026:09:20:44 +1000] "GET /wp-admin/index.php HTTP/1.1" 302 693 "https://pgkdistribution.co.nz/wp-login.php" "Mozilla/5.0 (Windows NT 11.0; Win64; x64; rv:118.0) Gecko/20100101 Firefox/118.0"
103.76.76.7 - - [13/May/2026:09:20:50 +1000] "POST /xmlrpc.php HTTP/1.1" 200 853 "-" "WordPress.com; https://wordpress.com"
152.42.163.189 - - [13/May/2026:09:20:51 +1000] "GET /wp-login.php?redirect_to=https%3A%2F%2Fpgkdistribution.co.nz%2Fwp-admin%2Findex.php&reauth=1 HTTP/1.1" 200 6699 "https://pgkdistribution.co.nz/wp-login.php" "Mozilla/5.0 (Windows NT 11.0; Win64; x64; rv:118.0) Gecko/20100101 Firefox/118.0"
152.42.163.189 - - [13/May/2026:09:21:00 +1000] "POST /wp-login.php HTTP/1.1" 200 4666 "https://pgkdistribution.co.nz/wp-login.php" "Mozilla/5.0 (X11; Linux x86_64) AppleWebKit/537.36 (KHTML, like Gecko) Chrome/121.0.0.0 Safari/537.36"
103.76.76.7 - - [13/May/2026:09:21:01 +1000] "POST /xmlrpc.php HTTP/1.1" 200 853 "-" "Jetpack by WordPress.com"
152.42.163.189 - - [13/May/2026:09:21:09 +1000] "GET /wp-admin/index.php HTTP/1.1" 302 693 "https://pgkdistribution.co.nz/wp-login.php" "Mozilla/5.0 (Macintosh; Intel Mac OS X 10_15_7) AppleWebKit/605.1.15 (KHTML, like Gecko) Version/16.6 Safari/605.1.15"
103.76.76.7 - - [13/May/2026:09:21:13 +1000] "POST /xmlrpc.php HTTP/1.1" 200 853 "-" "WordPress.com; https://wordpress.com"
103.76.76.7 - - [13/May/2026:09:21:24 +1000] "POST /xmlrpc.php HTTP/1.1" 200 853 "-" "Jetpack/12.0; WordPress/6.2; http://site72556351.com"
152.42.163.189 - - [13/May/2026:09:21:31 +1000] "GET /wp-login.php?redirect_to=https%3A%2F%2Fpgkdistribution.co.nz%2Fwp-admin%2Findex.php&reauth=1 HTTP/1.1" 200 6699 "https://pgkdistribution.co.nz/wp-login.php" "Mozilla/5.0 (Macintosh; Intel Mac OS X 10_15_7) AppleWebKit/605.1.15 (KHTML, like Gecko) Version/16.6 Safari/605.1.15"
103.76.76.7 - - [13/May/2026:09:21:35 +1000] "POST /xmlrpc.php HTTP/1.1" 200 853 "-" "Jetpack by WordPress.com"
152.42.163.189 - - [13/May/2026:09:21:41 +1000] "POST /wp-login.php HTTP/1.1" 200 4667 "https://pgkdistribution.co.nz/wp-login.php" "Mozilla/5.0 (Macintosh; Intel Mac OS X 13_6_1) AppleWebKit/537.36 (KHTML, like Gecko) Chrome/118.0.0.0 Safari/537.36"
103.76.76.7 - - [13/May/2026:09:21:46 +1000] "POST /xmlrpc.php HTTP/1.1" 200 853 "-" "WordPress.com; https://wordpress.com"
152.42.163.189 - - [13/May/2026:09:21:48 +1000] "GET /wp-admin/index.php HTTP/1.1" 302 693 "https://pgkdistribution.co.nz/wp-login.php" "Mozilla/5.0 (Windows NT 10.0; Win64; x64; rv:119.0) Gecko/20100101 Firefox/119.0"
152.42.163.189 - - [13/May/2026:09:21:55 +1000] "GET /wp-login.php?redirect_to=https%3A%2F%2Fpgkdistribution.co.nz%2Fwp-admin%2Findex.php&reauth=1 HTTP/1.1" 200 6699 "https://pgkdistribution.co.nz/wp-login.php" "Mozilla/5.0 (Windows NT 10.0; Win64; x64; rv:119.0) Gecko/20100101 Firefox/119.0"
103.76.76.7 - - [13/May/2026:09:21:57 +1000] "POST /xmlrpc.php HTTP/1.1" 200 853 "-" "Jetpack by WordPress.com"
152.42.163.189 - - [13/May/2026:09:22:02 +1000] "POST /wp-login.php HTTP/1.1" 200 4669 "https://pgkdistribution.co.nz/wp-login.php" "Mozilla/5.0 (Macintosh; Intel Mac OS X 13_6_1; rv:119.0) Gecko/20100101 Firefox/119.0"
103.76.76.7 - - [13/May/2026:09:22:09 +1000] "POST /xmlrpc.php HTTP/1.1" 200 853 "-" "Jetpack/12.5; WordPress/6.3; http://site50471134.com"
152.42.163.189 - - [13/May/2026:09:22:10 +1000] "GET /wp-admin/index.php HTTP/1.1" 302 693 "https://pgkdistribution.co.nz/wp-login.php" "Mozilla/5.0 (Macintosh; Intel Mac OS X 10_15_7) AppleWebKit/537.36 (KHTML, like Gecko) Chrome/119.0.0.0 Safari/537.36"
207.231.109.165 - - [13/May/2026:09:22:14 +1000] "GET /wp-includes/html-api/slotwj1/nhxbsgy/eyg1ior/fb2kuveh.php HTTP/1.1" 200 565 "-" "Mozilla/5.0 (Windows NT 10.0; Win64; x64) AppleWebKit/537.36 (KHTML, like Gecko) Chrome/90.0.4430.85 Safari/537.36"
207.231.109.165 - - [13/May/2026:09:22:15 +1000] "GET /wp-includes/html-api/slotwj1/nhxbsgy/eyg1ior/fb2kuveh.php?action=a4752555d405d233f2771667e2f27766e20333f6 HTTP/1.1" 500 548 "-" "Mozilla/5.0 (Windows NT 10.0; Win64; x64) AppleWebKit/537.36 (KHTML, like Gecko) Chrome/90.0.4430.85 Safari/537.36"
152.42.163.189 - - [13/May/2026:09:22:19 +1000] "GET /wp-login.php?redirect_to=https%3A%2F%2Fpgkdistribution.co.nz%2Fwp-admin%2Findex.php&reauth=1 HTTP/1.1" 200 6699 "https://pgkdistribution.co.nz/wp-login.php" "Mozilla/5.0 (Macintosh; Intel Mac OS X 10_15_7) AppleWebKit/537.36 (KHTML, like Gecko) Chrome/119.0.0.0 Safari/537.36"
103.76.76.7 - - [13/May/2026:09:22:20 +1000] "POST /xmlrpc.php HTTP/1.1" 200 853 "-" "WordPress.com; https://wordpress.com"
152.42.163.189 - - [13/May/2026:09:22:29 +1000] "POST /wp-login.php HTTP/1.1" 200 4667 "https://pgkdistribution.co.nz/wp-login.php" "Mozilla/5.0 (Windows NT 10.0; Win64; x64; rv:119.0) Gecko/20100101 Firefox/119.0"
103.76.76.7 - - [13/May/2026:09:22:31 +1000] "POST /xmlrpc.php HTTP/1.1" 200 853 "-" "Jetpack by WordPress.com"
152.42.163.189 - - [13/May/2026:09:22:37 +1000] "GET /wp-admin/index.php HTTP/1.1" 302 693 "https://pgkdistribution.co.nz/wp-login.php" "Mozilla/5.0 (Macintosh; Intel Mac OS X 13_6_1) AppleWebKit/605.1.15 (KHTML, like Gecko) Version/17.1 Safari/605.1.15"
103.76.76.7 - - [13/May/2026:09:22:42 +1000] "POST /xmlrpc.php HTTP/1.1" 200 853 "-" "WordPress.com; https://wordpress.com"
152.42.163.189 - - [13/May/2026:09:22:46 +1000] "GET /wp-login.php?redirect_to=https%3A%2F%2Fpgkdistribution.co.nz%2Fwp-admin%2Findex.php&reauth=1 HTTP/1.1" 200 6699 "https://pgkdistribution.co.nz/wp-login.php" "Mozilla/5.0 (Macintosh; Intel Mac OS X 13_6_1) AppleWebKit/605.1.15 (KHTML, like Gecko) Version/17.1 Safari/605.1.15"
103.76.76.7 - - [13/May/2026:09:22:54 +1000] "POST /xmlrpc.php HTTP/1.1" 200 853 "-" "Jetpack/12.5; WordPress/6.3; http://site85531372.com"
152.42.163.189 - - [13/May/2026:09:22:59 +1000] "POST /wp-login.php HTTP/1.1" 200 4665 "https://pgkdistribution.co.nz/wp-login.php" "Mozilla/5.0 (Windows NT 10.0; Win64; x64) AppleWebKit/537.36 (KHTML, like Gecko) Chrome/121.0.0.0 Safari/537.36"
103.76.76.7 - - [13/May/2026:09:23:05 +1000] "POST /xmlrpc.php HTTP/1.1" 200 853 "-" "Jetpack/12.0; WordPress/6.3; http://site59450595.com"
152.42.163.189 - - [13/May/2026:09:23:10 +1000] "GET /wp-admin/index.php HTTP/1.1" 302 693 "https://pgkdistribution.co.nz/wp-login.php" "Mozilla/5.0 (Windows NT 11.0; Win64; x64) AppleWebKit/537.36 (KHTML, like Gecko) Chrome/120.0.0.0 Safari/537.36"
152.42.163.189 - - [13/May/2026:09:23:15 +1000] "GET /wp-login.php?redirect_to=https%3A%2F%2Fpgkdistribution.co.nz%2Fwp-admin%2Findex.php&reauth=1 HTTP/1.1" 200 6521 "https://pgkdistribution.co.nz/wp-login.php" "Mozilla/5.0 (Windows NT 11.0; Win64; x64) AppleWebKit/537.36 (KHTML, like Gecko) Chrome/120.0.0.0 Safari/537.36"
103.76.76.7 - - [13/May/2026:09:23:16 +1000] "POST /xmlrpc.php HTTP/1.1" 200 853 "-" "Jetpack by WordPress.com (Jetpack 12.5; WordPress 6.3)"
152.42.163.189 - - [13/May/2026:09:23:21 +1000] "POST /wp-login.php HTTP/1.1" 200 4669 "https://pgkdistribution.co.nz/wp-login.php" "Mozilla/5.0 (Windows NT 11.0; Win64; x64; rv:121.0) Gecko/20100101 Firefox/121.0"
152.42.163.189 - - [13/May/2026:09:23:27 +1000] "GET /wp-admin/index.php HTTP/1.1" 302 515 "https://pgkdistribution.co.nz/wp-login.php" "Mozilla/5.0 (Macintosh; Intel Mac OS X 10_15_7; rv:120.0) Gecko/20100101 Firefox/120.0"
103.76.76.7 - - [13/May/2026:09:23:27 +1000] "POST /xmlrpc.php HTTP/1.1" 200 853 "-" "Jetpack/12.1; WordPress/6.2; http://site85398750.com"
152.42.163.189 - - [13/May/2026:09:23:35 +1000] "GET /wp-login.php?redirect_to=https%3A%2F%2Fpgkdistribution.co.nz%2Fwp-admin%2Findex.php&reauth=1 HTTP/1.1" 200 6699 "https://pgkdistribution.co.nz/wp-login.php" "Mozilla/5.0 (Macintosh; Intel Mac OS X 10_15_7; rv:120.0) Gecko/20100101 Firefox/120.0"
152.42.163.189 - - [13/May/2026:09:23:40 +1000] "POST /wp-login.php HTTP/1.1" 200 4671 "https://pgkdistribution.co.nz/wp-login.php" "Mozilla/5.0 (X11; Ubuntu; Linux x86_64) AppleWebKit/537.36 (KHTML, like Gecko) Chrome/120.0.0.0 Safari/537.36"
152.42.163.189 - - [13/May/2026:09:23:48 +1000] "GET /wp-admin/index.php HTTP/1.1" 302 693 "https://pgkdistribution.co.nz/wp-login.php" "Mozilla/5.0 (Macintosh; Intel Mac OS X 10_15_7) AppleWebKit/537.36 (KHTML, like Gecko) Chrome/121.0.0.0 Safari/537.36"
152.42.163.189 - - [13/May/2026:09:23:54 +1000] "GET /wp-login.php?redirect_to=https%3A%2F%2Fpgkdistribution.co.nz%2Fwp-admin%2Findex.php&reauth=1 HTTP/1.1" 200 6521 "https://pgkdistribution.co.nz/wp-login.php" "Mozilla/5.0 (Macintosh; Intel Mac OS X 10_15_7) AppleWebKit/537.36 (KHTML, like Gecko) Chrome/121.0.0.0 Safari/537.36"
152.42.163.189 - - [13/May/2026:09:24:02 +1000] "POST /wp-login.php HTTP/1.1" 200 4665 "https://pgkdistribution.co.nz/wp-login.php" "Mozilla/5.0 (Windows NT 10.0; Win64; x64) AppleWebKit/537.36 (KHTML, like Gecko) Chrome/118.0.0.0 Safari/537.36"
152.42.163.189 - - [13/May/2026:09:24:07 +1000] "GET /wp-admin/index.php HTTP/1.1" 302 693 "https://pgkdistribution.co.nz/wp-login.php" "Mozilla/5.0 (Macintosh; Intel Mac OS X 13_6_1) AppleWebKit/605.1.15 (KHTML, like Gecko) Version/17.2 Safari/605.1.15"
152.42.163.189 - - [13/May/2026:09:24:14 +1000] "GET /wp-login.php?redirect_to=https%3A%2F%2Fpgkdistribution.co.nz%2Fwp-admin%2Findex.php&reauth=1 HTTP/1.1" 200 6699 "https://pgkdistribution.co.nz/wp-login.php" "Mozilla/5.0 (Macintosh; Intel Mac OS X 13_6_1) AppleWebKit/605.1.15 (KHTML, like Gecko) Version/17.2 Safari/605.1.15"
152.42.163.189 - - [13/May/2026:09:24:20 +1000] "POST /wp-login.php HTTP/1.1" 200 4496 "https://pgkdistribution.co.nz/wp-login.php" "Mozilla/5.0 (Windows NT 10.0; Win64; x64; rv:120.0) Gecko/20100101 Firefox/120.0"
152.42.163.189 - - [13/May/2026:09:24:26 +1000] "GET /wp-admin/index.php HTTP/1.1" 302 693 "https://pgkdistribution.co.nz/wp-login.php" "Mozilla/5.0 (Macintosh; Intel Mac OS X 10_15_7) AppleWebKit/605.1.15 (KHTML, like Gecko) Version/16.6 Safari/605.1.15"
152.42.163.189 - - [13/May/2026:09:24:32 +1000] "GET /wp-login.php?redirect_to=https%3A%2F%2Fpgkdistribution.co.nz%2Fwp-admin%2Findex.php&reauth=1 HTTP/1.1" 200 6699 "https://pgkdistribution.co.nz/wp-login.php" "Mozilla/5.0 (Macintosh; Intel Mac OS X 10_15_7) AppleWebKit/605.1.15 (KHTML, like Gecko) Version/16.6 Safari/605.1.15"
152.42.163.189 - - [13/May/2026:09:24:38 +1000] "POST /wp-login.php HTTP/1.1" 200 4666 "https://pgkdistribution.co.nz/wp-login.php" "Mozilla/5.0 (Windows NT 10.0; Win64; x64; rv:120.0) Gecko/20100101 Firefox/120.0"
152.42.163.189 - - [13/May/2026:09:24:45 +1000] "GET /wp-admin/index.php HTTP/1.1" 302 693 "https://pgkdistribution.co.nz/wp-login.php" "Mozilla/5.0 (Macintosh; Intel Mac OS X 13_6_1) AppleWebKit/605.1.15 (KHTML, like Gecko) Version/17.2 Safari/605.1.15"
152.42.163.189 - - [13/May/2026:09:24:50 +1000] "GET /wp-login.php?redirect_to=https%3A%2F%2Fpgkdistribution.co.nz%2Fwp-admin%2Findex.php&reauth=1 HTTP/1.1" 200 6521 "https://pgkdistribution.co.nz/wp-login.php" "Mozilla/5.0 (Macintosh; Intel Mac OS X 13_6_1) AppleWebKit/605.1.15 (KHTML, like Gecko) Version/17.2 Safari/605.1.15"
152.42.163.189 - - [13/May/2026:09:24:56 +1000] "POST /wp-login.php HTTP/1.1" 200 4668 "https://pgkdistribution.co.nz/wp-login.php" "Mozilla/5.0 (Windows NT 10.0; Win64; x64) AppleWebKit/537.36 (KHTML, like Gecko) Chrome/119.0.0.0 Safari/537.36"
152.42.163.189 - - [13/May/2026:09:25:03 +1000] "GET /wp-admin/index.php HTTP/1.1" 302 693 "https://pgkdistribution.co.nz/wp-login.php" "Mozilla/5.0 (Windows NT 11.0; Win64; x64) AppleWebKit/537.36 (KHTML, like Gecko) Chrome/119.0.0.0 Safari/537.36"
152.42.163.189 - - [13/May/2026:09:25:18 +1000] "GET /wp-login.php?redirect_to=https%3A%2F%2Fpgkdistribution.co.nz%2Fwp-admin%2Findex.php&reauth=1 HTTP/1.1" 200 6699 "https://pgkdistribution.co.nz/wp-login.php" "Mozilla/5.0 (Windows NT 11.0; Win64; x64) AppleWebKit/537.36 (KHTML, like Gecko) Chrome/119.0.0.0 Safari/537.36"
152.42.163.189 - - [13/May/2026:09:25:24 +1000] "POST /wp-login.php HTTP/1.1" 200 4665 "https://pgkdistribution.co.nz/wp-login.php" "Mozilla/5.0 (Windows NT 11.0; Win64; x64) AppleWebKit/537.36 (KHTML, like Gecko) Chrome/120.0.0.0 Safari/537.36"
152.42.163.189 - - [13/May/2026:09:25:30 +1000] "GET /wp-admin/index.php HTTP/1.1" 302 515 "https://pgkdistribution.co.nz/wp-login.php" "Mozilla/5.0 (X11; Linux x86_64) AppleWebKit/537.36 (KHTML, like Gecko) Chrome/118.0.0.0 Safari/537.36"
152.42.163.189 - - [13/May/2026:09:25:36 +1000] "GET /wp-login.php?redirect_to=https%3A%2F%2Fpgkdistribution.co.nz%2Fwp-admin%2Findex.php&reauth=1 HTTP/1.1" 200 6699 "https://pgkdistribution.co.nz/wp-login.php" "Mozilla/5.0 (X11; Linux x86_64) AppleWebKit/537.36 (KHTML, like Gecko) Chrome/118.0.0.0 Safari/537.36"
152.42.163.189 - - [13/May/2026:09:25:42 +1000] "POST /wp-login.php HTTP/1.1" 200 4666 "https://pgkdistribution.co.nz/wp-login.php" "Mozilla/5.0 (Macintosh; Intel Mac OS X 13_6_1) AppleWebKit/605.1.15 (KHTML, like Gecko) Version/17.1 Safari/605.1.15"
152.42.163.189 - - [13/May/2026:09:25:47 +1000] "GET /wp-admin/index.php HTTP/1.1" 302 693 "https://pgkdistribution.co.nz/wp-login.php" "Mozilla/5.0 (X11; Linux x86_64) AppleWebKit/537.36 (KHTML, like Gecko) Chrome/120.0.0.0 Safari/537.36"
152.42.163.189 - - [13/May/2026:09:25:53 +1000] "GET /wp-login.php?redirect_to=https%3A%2F%2Fpgkdistribution.co.nz%2Fwp-admin%2Findex.php&reauth=1 HTTP/1.1" 200 6521 "https://pgkdistribution.co.nz/wp-login.php" "Mozilla/5.0 (X11; Linux x86_64) AppleWebKit/537.36 (KHTML, like Gecko) Chrome/120.0.0.0 Safari/537.36"
152.42.163.189 - - [13/May/2026:09:25:59 +1000] "POST /wp-login.php HTTP/1.1" 200 4625 "https://pgkdistribution.co.nz/wp-login.php" "Mozilla/5.0 (Macintosh; Intel Mac OS X 10_15_7) AppleWebKit/537.36 (KHTML, like Gecko) Chrome/118.0.0.0 Safari/537.36"
152.42.163.189 - - [13/May/2026:09:26:03 +1000] "GET /wp-admin/index.php HTTP/1.1" 302 515 "https://pgkdistribution.co.nz/wp-login.php" "Mozilla/5.0 (Macintosh; Intel Mac OS X 13_6_1) AppleWebKit/537.36 (KHTML, like Gecko) Chrome/118.0.0.0 Safari/537.36"
152.42.163.189 - - [13/May/2026:09:26:10 +1000] "GET /wp-login.php?redirect_to=https%3A%2F%2Fpgkdistribution.co.nz%2Fwp-admin%2Findex.php&reauth=1 HTTP/1.1" 200 6699 "https://pgkdistribution.co.nz/wp-login.php" "Mozilla/5.0 (Macintosh; Intel Mac OS X 13_6_1) AppleWebKit/537.36 (KHTML, like Gecko) Chrome/118.0.0.0 Safari/537.36"
152.42.163.189 - - [13/May/2026:09:26:17 +1000] "POST /wp-login.php HTTP/1.1" 200 4667 "https://pgkdistribution.co.nz/wp-login.php" "Mozilla/5.0 (Macintosh; Intel Mac OS X 10_15_7) AppleWebKit/537.36 (KHTML, like Gecko) Chrome/121.0.0.0 Safari/537.36"
152.42.163.189 - - [13/May/2026:09:26:24 +1000] "GET /wp-admin/index.php HTTP/1.1" 302 693 "https://pgkdistribution.co.nz/wp-login.php" "Mozilla/5.0 (Macintosh; Intel Mac OS X 13_6_1; rv:118.0) Gecko/20100101 Firefox/118.0"
152.42.163.189 - - [13/May/2026:09:26:29 +1000] "GET /wp-login.php?redirect_to=https%3A%2F%2Fpgkdistribution.co.nz%2Fwp-admin%2Findex.php&reauth=1 HTTP/1.1" 200 6521 "https://pgkdistribution.co.nz/wp-login.php" "Mozilla/5.0 (Macintosh; Intel Mac OS X 13_6_1; rv:118.0) Gecko/20100101 Firefox/118.0"
152.42.163.189 - - [13/May/2026:09:26:37 +1000] "POST /wp-login.php HTTP/1.1" 200 4669 "https://pgkdistribution.co.nz/wp-login.php" "Mozilla/5.0 (Windows NT 10.0; Win64; x64; rv:119.0) Gecko/20100101 Firefox/119.0"
152.42.163.189 - - [13/May/2026:09:26:43 +1000] "GET /wp-admin/index.php HTTP/1.1" 302 693 "https://pgkdistribution.co.nz/wp-login.php" "Mozilla/5.0 (Windows NT 11.0; Win64; x64; rv:118.0) Gecko/20100101 Firefox/118.0"
152.42.163.189 - - [13/May/2026:09:26:48 +1000] "GET /wp-login.php?redirect_to=https%3A%2F%2Fpgkdistribution.co.nz%2Fwp-admin%2Findex.php&reauth=1 HTTP/1.1" 200 6699 "https://pgkdistribution.co.nz/wp-login.php" "Mozilla/5.0 (Windows NT 11.0; Win64; x64; rv:118.0) Gecko/20100101 Firefox/118.0"
152.42.163.189 - - [13/May/2026:09:26:54 +1000] "POST /wp-login.php HTTP/1.1" 200 4667 "https://pgkdistribution.co.nz/wp-login.php" "Mozilla/5.0 (Macintosh; Intel Mac OS X 13_6_1) AppleWebKit/537.36 (KHTML, like Gecko) Chrome/119.0.0.0 Safari/537.36"
152.42.163.189 - - [13/May/2026:09:26:59 +1000] "GET /wp-admin/index.php HTTP/1.1" 302 515 "https://pgkdistribution.co.nz/wp-login.php" "Mozilla/5.0 (Windows NT 10.0; Win64; x64) AppleWebKit/537.36 (KHTML, like Gecko) Chrome/121.0.0.0 Safari/537.36"
152.42.163.189 - - [13/May/2026:09:27:05 +1000] "GET /wp-login.php?redirect_to=https%3A%2F%2Fpgkdistribution.co.nz%2Fwp-admin%2Findex.php&reauth=1 HTTP/1.1" 200 6699 "https://pgkdistribution.co.nz/wp-login.php" "Mozilla/5.0 (Windows NT 10.0; Win64; x64) AppleWebKit/537.36 (KHTML, like Gecko) Chrome/121.0.0.0 Safari/537.36"
152.42.163.189 - - [13/May/2026:09:27:12 +1000] "POST /wp-login.php HTTP/1.1" 200 4666 "https://pgkdistribution.co.nz/wp-login.php" "Mozilla/5.0 (Windows NT 11.0; Win64; x64) AppleWebKit/537.36 (KHTML, like Gecko) Chrome/120.0.0.0 Safari/537.36"
152.42.163.189 - - [13/May/2026:09:27:26 +1000] "GET /wp-admin/index.php HTTP/1.1" 302 693 "https://pgkdistribution.co.nz/wp-login.php" "Mozilla/5.0 (Windows NT 11.0; Win64; x64; rv:119.0) Gecko/20100101 Firefox/119.0"
152.42.163.189 - - [13/May/2026:09:27:37 +1000] "GET /wp-login.php?redirect_to=https%3A%2F%2Fpgkdistribution.co.nz%2Fwp-admin%2Findex.php&reauth=1 HTTP/1.1" 200 6699 "https://pgkdistribution.co.nz/wp-login.php" "Mozilla/5.0 (Windows NT 11.0; Win64; x64; rv:119.0) Gecko/20100101 Firefox/119.0"
152.42.163.189 - - [13/May/2026:09:27:42 +1000] "POST /wp-login.php HTTP/1.1" 200 4603 "https://pgkdistribution.co.nz/wp-login.php" "Mozilla/5.0 (Macintosh; Intel Mac OS X 10_15_7) AppleWebKit/537.36 (KHTML, like Gecko) Chrome/120.0.0.0 Safari/537.36"
152.42.163.189 - - [13/May/2026:09:27:50 +1000] "GET /wp-admin/index.php HTTP/1.1" 302 693 "https://pgkdistribution.co.nz/wp-login.php" "Mozilla/5.0 (Windows NT 11.0; Win64; x64; rv:118.0) Gecko/20100101 Firefox/118.0"
152.42.163.189 - - [13/May/2026:09:27:55 +1000] "GET /wp-login.php?redirect_to=https%3A%2F%2Fpgkdistribution.co.nz%2Fwp-admin%2Findex.php&reauth=1 HTTP/1.1" 200 6521 "https://pgkdistribution.co.nz/wp-login.php" "Mozilla/5.0 (Windows NT 11.0; Win64; x64; rv:118.0) Gecko/20100101 Firefox/118.0"
152.42.163.189 - - [13/May/2026:09:28:03 +1000] "POST /wp-login.php HTTP/1.1" 200 4671 "https://pgkdistribution.co.nz/wp-login.php" "Mozilla/5.0 (Macintosh; Intel Mac OS X 10_15_7) AppleWebKit/605.1.15 (KHTML, like Gecko) Version/17.0 Safari/605.1.15"
152.42.163.189 - - [13/May/2026:09:28:09 +1000] "GET /wp-admin/index.php HTTP/1.1" 302 693 "https://pgkdistribution.co.nz/wp-login.php" "Mozilla/5.0 (X11; Linux x86_64) AppleWebKit/537.36 (KHTML, like Gecko) Chrome/119.0.0.0 Safari/537.36"
152.42.163.189 - - [13/May/2026:09:28:16 +1000] "GET /wp-login.php?redirect_to=https%3A%2F%2Fpgkdistribution.co.nz%2Fwp-admin%2Findex.php&reauth=1 HTTP/1.1" 200 6699 "https://pgkdistribution.co.nz/wp-login.php" "Mozilla/5.0 (X11; Linux x86_64) AppleWebKit/537.36 (KHTML, like Gecko) Chrome/119.0.0.0 Safari/537.36"
152.42.163.189 - - [13/May/2026:09:28:24 +1000] "POST /wp-login.php HTTP/1.1" 200 4670 "https://pgkdistribution.co.nz/wp-login.php" "Mozilla/5.0 (Macintosh; Intel Mac OS X 10_15_7; rv:120.0) Gecko/20100101 Firefox/120.0"
152.42.163.189 - - [13/May/2026:09:28:31 +1000] "GET /wp-admin/index.php HTTP/1.1" 302 693 "https://pgkdistribution.co.nz/wp-login.php" "Mozilla/5.0 (X11; Ubuntu; Linux x86_64) AppleWebKit/537.36 (KHTML, like Gecko) Chrome/119.0.0.0 Safari/537.36"
152.42.163.189 - - [13/May/2026:09:28:36 +1000] "GET /wp-login.php?redirect_to=https%3A%2F%2Fpgkdistribution.co.nz%2Fwp-admin%2Findex.php&reauth=1 HTTP/1.1" 200 6521 "https://pgkdistribution.co.nz/wp-login.php" "Mozilla/5.0 (X11; Ubuntu; Linux x86_64) AppleWebKit/537.36 (KHTML, like Gecko) Chrome/119.0.0.0 Safari/537.36"
152.42.163.189 - - [13/May/2026:09:28:42 +1000] "POST /wp-login.php HTTP/1.1" 200 4670 "https://pgkdistribution.co.nz/wp-login.php" "Mozilla/5.0 (Windows NT 10.0; Win64; x64) AppleWebKit/537.36 (KHTML, like Gecko) Chrome/118.0.0.0 Safari/537.36"
152.42.163.189 - - [13/May/2026:09:28:48 +1000] "GET /wp-admin/index.php HTTP/1.1" 302 693 "https://pgkdistribution.co.nz/wp-login.php" "Mozilla/5.0 (Windows NT 10.0; Win64; x64; rv:119.0) Gecko/20100101 Firefox/119.0"
152.42.163.189 - - [13/May/2026:09:28:53 +1000] "GET /wp-login.php?redirect_to=https%3A%2F%2Fpgkdistribution.co.nz%2Fwp-admin%2Findex.php&reauth=1 HTTP/1.1" 200 6521 "https://pgkdistribution.co.nz/wp-login.php" "Mozilla/5.0 (Windows NT 10.0; Win64; x64; rv:119.0) Gecko/20100101 Firefox/119.0"
152.42.163.189 - - [13/May/2026:09:28:59 +1000] "POST /wp-login.php HTTP/1.1" 200 4669 "https://pgkdistribution.co.nz/wp-login.php" "Mozilla/5.0 (Windows NT 11.0; Win64; x64; rv:118.0) Gecko/20100101 Firefox/118.0"
