103.76.76.7 - - [13/May/2026:08:59:59 +1000] "POST /xmlrpc.php HTTP/1.1" 200 853 "-" "WordPress.com; https://wordpress.com"
152.42.163.189 - - [13/May/2026:09:00:02 +1000] "GET /wp-admin/index.php HTTP/1.1" 302 693 "https://pgkdistribution.co.nz/wp-login.php" "Mozilla/5.0 (Macintosh; Intel Mac OS X 10_15_7) AppleWebKit/537.36 (KHTML, like Gecko) Chrome/119.0.0.0 Safari/537.36"
103.76.76.7 - - [13/May/2026:09:00:12 +1000] "POST /xmlrpc.php HTTP/1.1" 200 853 "-" "WordPress.com; https://wordpress.com"
103.76.76.7 - - [13/May/2026:09:00:22 +1000] "POST /xmlrpc.php HTTP/1.1" 200 0 "-" "Jetpack by WordPress.com"
152.42.163.189 - - [13/May/2026:09:00:21 +1000] "GET /wp-login.php?redirect_to=https%3A%2F%2Fpgkdistribution.co.nz%2Fwp-admin%2Findex.php&reauth=1 HTTP/1.1" 200 6699 "https://pgkdistribution.co.nz/wp-login.php" "Mozilla/5.0 (Macintosh; Intel Mac OS X 10_15_7) AppleWebKit/537.36 (KHTML, like Gecko) Chrome/119.0.0.0 Safari/537.36"
103.76.76.7 - - [13/May/2026:09:00:34 +1000] "POST /xmlrpc.php HTTP/1.1" 200 853 "-" "WordPress.com; https://wordpress.com"
152.42.163.189 - - [13/May/2026:09:00:35 +1000] "POST /wp-login.php HTTP/1.1" 200 4664 "https://pgkdistribution.co.nz/wp-login.php" "Mozilla/5.0 (X11; Ubuntu; Linux x86_64) AppleWebKit/537.36 (KHTML, like Gecko) Chrome/118.0.0.0 Safari/537.36"
152.42.163.189 - - [13/May/2026:09:00:44 +1000] "GET /wp-admin/index.php HTTP/1.1" 302 693 "https://pgkdistribution.co.nz/wp-login.php" "Mozilla/5.0 (Macintosh; Intel Mac OS X 13_6_1) AppleWebKit/605.1.15 (KHTML, like Gecko) Version/16.6 Safari/605.1.15"
103.76.76.7 - - [13/May/2026:09:00:45 +1000] "POST /xmlrpc.php HTTP/1.1" 200 853 "-" "WordPress.com; https://wordpress.com"
103.76.76.7 - - [13/May/2026:09:00:57 +1000] "POST /xmlrpc.php HTTP/1.1" 200 853 "-" "WordPress.com; https://wordpress.com"
152.42.163.189 - - [13/May/2026:09:00:58 +1000] "GET /wp-login.php?redirect_to=https%3A%2F%2Fpgkdistribution.co.nz%2Fwp-admin%2Findex.php&reauth=1 HTTP/1.1" 200 6699 "https://pgkdistribution.co.nz/wp-login.php" "Mozilla/5.0 (Macintosh; Intel Mac OS X 13_6_1) AppleWebKit/605.1.15 (KHTML, like Gecko) Version/16.6 Safari/605.1.15"
103.76.76.7 - - [13/May/2026:09:01:08 +1000] "POST /xmlrpc.php HTTP/1.1" 200 853 "-" "WordPress.com; https://wordpress.com"
152.42.163.189 - - [13/May/2026:09:01:12 +1000] "POST /wp-login.php HTTP/1.1" 200 4669 "https://pgkdistribution.co.nz/wp-login.php" "Mozilla/5.0 (X11; Ubuntu; Linux x86_64) AppleWebKit/537.36 (KHTML, like Gecko) Chrome/120.0.0.0 Safari/537.36"
103.76.76.7 - - [13/May/2026:09:01:19 +1000] "POST /xmlrpc.php HTTP/1.1" 200 853 "-" "Jetpack by WordPress.com"
152.42.163.189 - - [13/May/2026:09:01:21 +1000] "GET /wp-admin/index.php HTTP/1.1" 302 693 "https://pgkdistribution.co.nz/wp-login.php" "Mozilla/5.0 (Macintosh; Intel Mac OS X 10_15_7; rv:119.0) Gecko/20100101 Firefox/119.0"
103.76.76.7 - - [13/May/2026:09:01:30 +1000] "POST /xmlrpc.php HTTP/1.1" 200 853 "-" "Jetpack/13.0; WordPress/6.4; http://site25923901.com"
152.42.163.189 - - [13/May/2026:09:01:34 +1000] "GET /wp-login.php?redirect_to=https%3A%2F%2Fpgkdistribution.co.nz%2Fwp-admin%2Findex.php&reauth=1 HTTP/1.1" 200 6699 "https://pgkdistribution.co.nz/wp-login.php" "Mozilla/5.0 (Macintosh; Intel Mac OS X 10_15_7; rv:119.0) Gecko/20100101 Firefox/119.0"
103.76.76.7 - - [13/May/2026:09:01:42 +1000] "POST /xmlrpc.php HTTP/1.1" 200 853 "-" "Jetpack/12.1; WordPress/6.1; http://site61986274.com"
152.42.163.189 - - [13/May/2026:09:01:42 +1000] "POST /wp-login.php HTTP/1.1" 200 4668 "https://pgkdistribution.co.nz/wp-login.php" "Mozilla/5.0 (X11; Linux x86_64) AppleWebKit/537.36 (KHTML, like Gecko) Chrome/120.0.0.0 Safari/537.36"
103.76.76.7 - - [13/May/2026:09:01:53 +1000] "POST /xmlrpc.php HTTP/1.1" 200 853 "-" "WordPress.com; https://wordpress.com"
152.42.163.189 - - [13/May/2026:09:01:54 +1000] "GET /wp-admin/index.php HTTP/1.1" 302 693 "https://pgkdistribution.co.nz/wp-login.php" "Mozilla/5.0 (X11; Ubuntu; Linux x86_64) AppleWebKit/537.36 (KHTML, like Gecko) Chrome/118.0.0.0 Safari/537.36"
152.42.163.189 - - [13/May/2026:09:02:03 +1000] "GET /wp-login.php?redirect_to=https%3A%2F%2Fpgkdistribution.co.nz%2Fwp-admin%2Findex.php&reauth=1 HTTP/1.1" 200 6699 "https://pgkdistribution.co.nz/wp-login.php" "Mozilla/5.0 (X11; Ubuntu; Linux x86_64) AppleWebKit/537.36 (KHTML, like Gecko) Chrome/118.0.0.0 Safari/537.36"
103.76.76.7 - - [13/May/2026:09:02:04 +1000] "POST /xmlrpc.php HTTP/1.1" 200 853 "-" "Jetpack/13.0; WordPress/6.2; http://site27149725.com"
103.76.76.7 - - [13/May/2026:09:02:15 +1000] "POST /xmlrpc.php HTTP/1.1" 200 853 "-" "Jetpack by WordPress.com"
152.42.163.189 - - [13/May/2026:09:02:15 +1000] "POST /wp-login.php HTTP/1.1" 200 4674 "https://pgkdistribution.co.nz/wp-login.php" "Mozilla/5.0 (Macintosh; Intel Mac OS X 10_15_7; rv:121.0) Gecko/20100101 Firefox/121.0"
103.76.76.7 - - [13/May/2026:09:02:27 +1000] "POST /xmlrpc.php HTTP/1.1" 200 853 "-" "Jetpack/13.0; WordPress/6.4; http://site66490945.com"
152.42.163.189 - - [13/May/2026:09:02:27 +1000] "GET /wp-admin/index.php HTTP/1.1" 302 693 "https://pgkdistribution.co.nz/wp-login.php" "Mozilla/5.0 (Windows NT 10.0; Win64; x64; rv:118.0) Gecko/20100101 Firefox/118.0"
152.42.163.189 - - [13/May/2026:09:02:36 +1000] "GET /wp-login.php?redirect_to=https%3A%2F%2Fpgkdistribution.co.nz%2Fwp-admin%2Findex.php&reauth=1 HTTP/1.1" 200 6699 "https://pgkdistribution.co.nz/wp-login.php" "Mozilla/5.0 (Windows NT 10.0; Win64; x64; rv:118.0) Gecko/20100101 Firefox/118.0"
103.76.76.7 - - [13/May/2026:09:02:38 +1000] "POST /xmlrpc.php HTTP/1.1" 200 853 "-" "Jetpack/12.1; WordPress/6.1; http://site83171388.com"
152.42.163.189 - - [13/May/2026:09:02:47 +1000] "POST /wp-login.php HTTP/1.1" 200 4665 "https://pgkdistribution.co.nz/wp-login.php" "Mozilla/5.0 (Macintosh; Intel Mac OS X 13_6_1) AppleWebKit/537.36 (KHTML, like Gecko) Chrome/118.0.0.0 Safari/537.36"
103.76.76.7 - - [13/May/2026:09:02:50 +1000] "POST /xmlrpc.php HTTP/1.1" 200 853 "-" "Jetpack by WordPress.com (Jetpack 12.5; WordPress 6.4)"
103.76.76.7 - - [13/May/2026:09:03:01 +1000] "POST /xmlrpc.php HTTP/1.1" 200 853 "-" "WordPress.com; https://wordpress.com"
152.42.163.189 - - [13/May/2026:09:03:03 +1000] "GET /wp-admin/index.php HTTP/1.1" 302 693 "https://pgkdistribution.co.nz/wp-login.php" "Mozilla/5.0 (X11; Ubuntu; Linux x86_64) AppleWebKit/537.36 (KHTML, like Gecko) Chrome/118.0.0.0 Safari/537.36"
152.42.163.189 - - [13/May/2026:09:03:12 +1000] "GET /wp-login.php?redirect_to=https%3A%2F%2Fpgkdistribution.co.nz%2Fwp-admin%2Findex.php&reauth=1 HTTP/1.1" 200 6699 "https://pgkdistribution.co.nz/wp-login.php" "Mozilla/5.0 (X11; Ubuntu; Linux x86_64) AppleWebKit/537.36 (KHTML, like Gecko) Chrome/118.0.0.0 Safari/537.36"
103.76.76.7 - - [13/May/2026:09:03:12 +1000] "POST /xmlrpc.php HTTP/1.1" 200 853 "-" "Jetpack by WordPress.com"
152.42.163.189 - - [13/May/2026:09:03:22 +1000] "POST /wp-login.php HTTP/1.1" 200 4665 "https://pgkdistribution.co.nz/wp-login.php" "Mozilla/5.0 (Macintosh; Intel Mac OS X 10_15_7) AppleWebKit/605.1.15 (KHTML, like Gecko) Version/17.1 Safari/605.1.15"
103.76.76.7 - - [13/May/2026:09:03:24 +1000] "POST /xmlrpc.php HTTP/1.1" 200 853 "-" "WordPress.com; https://wordpress.com"
152.42.163.189 - - [13/May/2026:09:03:28 +1000] "GET /wp-admin/index.php HTTP/1.1" 302 693 "https://pgkdistribution.co.nz/wp-login.php" "Mozilla/5.0 (Windows NT 11.0; Win64; x64; rv:118.0) Gecko/20100101 Firefox/118.0"
103.76.76.7 - - [13/May/2026:09:03:35 +1000] "POST /xmlrpc.php HTTP/1.1" 200 853 "-" "Jetpack by WordPress.com (Jetpack 12.5; WordPress 6.2)"
152.42.163.189 - - [13/May/2026:09:03:38 +1000] "GET /wp-login.php?redirect_to=https%3A%2F%2Fpgkdistribution.co.nz%2Fwp-admin%2Findex.php&reauth=1 HTTP/1.1" 200 6699 "https://pgkdistribution.co.nz/wp-login.php" "Mozilla/5.0 (Windows NT 11.0; Win64; x64; rv:118.0) Gecko/20100101 Firefox/118.0"
103.76.76.7 - - [13/May/2026:09:03:46 +1000] "POST /xmlrpc.php HTTP/1.1" 200 853 "-" "Jetpack by WordPress.com (Jetpack 12.0; WordPress 6.3)"
152.42.163.189 - - [13/May/2026:09:03:49 +1000] "POST /wp-login.php HTTP/1.1" 200 4666 "https://pgkdistribution.co.nz/wp-login.php" "Mozilla/5.0 (Windows NT 11.0; Win64; x64; rv:119.0) Gecko/20100101 Firefox/119.0"
152.42.163.189 - - [13/May/2026:09:03:54 +1000] "GET /wp-admin/index.php HTTP/1.1" 302 515 "https://pgkdistribution.co.nz/wp-login.php" "Mozilla/5.0 (X11; Ubuntu; Linux x86_64) AppleWebKit/537.36 (KHTML, like Gecko) Chrome/120.0.0.0 Safari/537.36"
103.76.76.7 - - [13/May/2026:09:03:58 +1000] "POST /xmlrpc.php HTTP/1.1" 200 853 "-" "Jetpack by WordPress.com"
152.42.163.189 - - [13/May/2026:09:04:01 +1000] "GET /wp-login.php?redirect_to=https%3A%2F%2Fpgkdistribution.co.nz%2Fwp-admin%2Findex.php&reauth=1 HTTP/1.1" 200 6699 "https://pgkdistribution.co.nz/wp-login.php" "Mozilla/5.0 (X11; Ubuntu; Linux x86_64) AppleWebKit/537.36 (KHTML, like Gecko) Chrome/120.0.0.0 Safari/537.36"
152.42.163.189 - - [13/May/2026:09:04:06 +1000] "POST /wp-login.php HTTP/1.1" 200 4493 "https://pgkdistribution.co.nz/wp-login.php" "Mozilla/5.0 (Windows NT 10.0; Win64; x64) AppleWebKit/537.36 (KHTML, like Gecko) Chrome/119.0.0.0 Safari/537.36"
103.76.76.7 - - [13/May/2026:09:04:10 +1000] "POST /xmlrpc.php HTTP/1.1" 200 853 "-" "Jetpack by WordPress.com"
152.42.163.189 - - [13/May/2026:09:04:10 +1000] "GET /wp-admin/index.php HTTP/1.1" 302 515 "https://pgkdistribution.co.nz/wp-login.php" "Mozilla/5.0 (Windows NT 10.0; Win64; x64) AppleWebKit/537.36 (KHTML, like Gecko) Chrome/120.0.0.0 Safari/537.36"
152.42.163.189 - - [13/May/2026:09:04:17 +1000] "GET /wp-login.php?redirect_to=https%3A%2F%2Fpgkdistribution.co.nz%2Fwp-admin%2Findex.php&reauth=1 HTTP/1.1" 200 6699 "https://pgkdistribution.co.nz/wp-login.php" "Mozilla/5.0 (Windows NT 10.0; Win64; x64) AppleWebKit/537.36 (KHTML, like Gecko) Chrome/120.0.0.0 Safari/537.36"
103.76.76.7 - - [13/May/2026:09:04:21 +1000] "POST /xmlrpc.php HTTP/1.1" 200 853 "-" "Jetpack by WordPress.com (Jetpack 12.1; WordPress 6.3)"
152.42.163.189 - - [13/May/2026:09:04:22 +1000] "POST /wp-login.php HTTP/1.1" 200 4487 "https://pgkdistribution.co.nz/wp-login.php" "Mozilla/5.0 (Windows NT 11.0; Win64; x64) AppleWebKit/537.36 (KHTML, like Gecko) Chrome/121.0.0.0 Safari/537.36"
152.42.163.189 - - [13/May/2026:09:04:29 +1000] "GET /wp-admin/index.php HTTP/1.1" 302 693 "https://pgkdistribution.co.nz/wp-login.php" "Mozilla/5.0 (Macintosh; Intel Mac OS X 13_6_1) AppleWebKit/537.36 (KHTML, like Gecko) Chrome/118.0.0.0 Safari/537.36"
103.76.76.7 - - [13/May/2026:09:04:32 +1000] "POST /xmlrpc.php HTTP/1.1" 200 853 "-" "Jetpack by WordPress.com (Jetpack 13.0; WordPress 6.4)"
152.42.163.189 - - [13/May/2026:09:04:34 +1000] "GET /wp-login.php?redirect_to=https%3A%2F%2Fpgkdistribution.co.nz%2Fwp-admin%2Findex.php&reauth=1 HTTP/1.1" 200 6699 "https://pgkdistribution.co.nz/wp-login.php" "Mozilla/5.0 (Macintosh; Intel Mac OS X 13_6_1) AppleWebKit/537.36 (KHTML, like Gecko) Chrome/118.0.0.0 Safari/537.36"
152.42.163.189 - - [13/May/2026:09:04:42 +1000] "POST /wp-login.php HTTP/1.1" 200 4674 "https://pgkdistribution.co.nz/wp-login.php" "Mozilla/5.0 (Macintosh; Intel Mac OS X 10_15_7) AppleWebKit/605.1.15 (KHTML, like Gecko) Version/16.6 Safari/605.1.15"
103.76.76.7 - - [13/May/2026:09:04:43 +1000] "POST /xmlrpc.php HTTP/1.1" 200 853 "-" "Jetpack by WordPress.com (Jetpack 12.1; WordPress 6.1)"
152.42.163.189 - - [13/May/2026:09:04:46 +1000] "GET /wp-admin/index.php HTTP/1.1" 302 515 "https://pgkdistribution.co.nz/wp-login.php" "Mozilla/5.0 (X11; Linux x86_64) AppleWebKit/537.36 (KHTML, like Gecko) Chrome/119.0.0.0 Safari/537.36"
152.42.163.189 - - [13/May/2026:09:04:53 +1000] "GET /wp-login.php?redirect_to=https%3A%2F%2Fpgkdistribution.co.nz%2Fwp-admin%2Findex.php&reauth=1 HTTP/1.1" 200 6699 "https://pgkdistribution.co.nz/wp-login.php" "Mozilla/5.0 (X11; Linux x86_64) AppleWebKit/537.36 (KHTML, like Gecko) Chrome/119.0.0.0 Safari/537.36"
103.76.76.7 - - [13/May/2026:09:04:55 +1000] "POST /xmlrpc.php HTTP/1.1" 200 853 "-" "Jetpack by WordPress.com"
152.42.163.189 - - [13/May/2026:09:04:58 +1000] "POST /wp-login.php HTTP/1.1" 200 4487 "https://pgkdistribution.co.nz/wp-login.php" "Mozilla/5.0 (Macintosh; Intel Mac OS X 13_6_1) AppleWebKit/537.36 (KHTML, like Gecko) Chrome/121.0.0.0 Safari/537.36"
152.42.163.189 - - [13/May/2026:09:05:04 +1000] "GET /wp-admin/index.php HTTP/1.1" 302 693 "https://pgkdistribution.co.nz/wp-login.php" "Mozilla/5.0 (Windows NT 11.0; Win64; x64; rv:121.0) Gecko/20100101 Firefox/121.0"
103.76.76.7 - - [13/May/2026:09:05:06 +1000] "POST /xmlrpc.php HTTP/1.1" 200 853 "-" "WordPress.com; https://wordpress.com"
152.42.163.189 - - [13/May/2026:09:05:13 +1000] "GET /wp-login.php?redirect_to=https%3A%2F%2Fpgkdistribution.co.nz%2Fwp-admin%2Findex.php&reauth=1 HTTP/1.1" 200 6699 "https://pgkdistribution.co.nz/wp-login.php" "Mozilla/5.0 (Windows NT 11.0; Win64; x64; rv:121.0) Gecko/20100101 Firefox/121.0"
103.76.76.7 - - [13/May/2026:09:05:18 +1000] "POST /xmlrpc.php HTTP/1.1" 200 853 "-" "Jetpack by WordPress.com (Jetpack 12.0; WordPress 6.1)"
152.42.163.189 - - [13/May/2026:09:05:18 +1000] "POST /wp-login.php HTTP/1.1" 200 4669 "https://pgkdistribution.co.nz/wp-login.php" "Mozilla/5.0 (X11; Linux x86_64) AppleWebKit/537.36 (KHTML, like Gecko) Chrome/120.0.0.0 Safari/537.36"
152.42.163.189 - - [13/May/2026:09:05:26 +1000] "GET /wp-admin/index.php HTTP/1.1" 302 693 "https://pgkdistribution.co.nz/wp-login.php" "Mozilla/5.0 (Windows NT 10.0; Win64; x64) AppleWebKit/537.36 (KHTML, like Gecko) Chrome/118.0.0.0 Safari/537.36"
103.76.76.7 - - [13/May/2026:09:05:29 +1000] "POST /xmlrpc.php HTTP/1.1" 200 853 "-" "Jetpack by WordPress.com (Jetpack 12.0; WordPress 6.1)"
152.42.163.189 - - [13/May/2026:09:05:40 +1000] "GET /wp-login.php?redirect_to=https%3A%2F%2Fpgkdistribution.co.nz%2Fwp-admin%2Findex.php&reauth=1 HTTP/1.1" 200 6699 "https://pgkdistribution.co.nz/wp-login.php" "Mozilla/5.0 (Windows NT 10.0; Win64; x64) AppleWebKit/537.36 (KHTML, like Gecko) Chrome/118.0.0.0 Safari/537.36"
103.76.76.7 - - [13/May/2026:09:05:40 +1000] "POST /xmlrpc.php HTTP/1.1" 200 853 "-" "WordPress.com; https://wordpress.com"
152.42.163.189 - - [13/May/2026:09:05:45 +1000] "POST /wp-login.php HTTP/1.1" 200 4491 "https://pgkdistribution.co.nz/wp-login.php" "Mozilla/5.0 (Windows NT 11.0; Win64; x64; rv:119.0) Gecko/20100101 Firefox/119.0"
103.76.76.7 - - [13/May/2026:09:05:51 +1000] "POST /xmlrpc.php HTTP/1.1" 200 853 "-" "Jetpack/12.0; WordPress/6.2; http://site77004980.com"
152.42.163.189 - - [13/May/2026:09:05:51 +1000] "GET /wp-admin/index.php HTTP/1.1" 302 515 "https://pgkdistribution.co.nz/wp-login.php" "Mozilla/5.0 (Macintosh; Intel Mac OS X 10_15_7) AppleWebKit/537.36 (KHTML, like Gecko) Chrome/120.0.0.0 Safari/537.36"
152.42.163.189 - - [13/May/2026:09:05:57 +1000] "GET /wp-login.php?redirect_to=https%3A%2F%2Fpgkdistribution.co.nz%2Fwp-admin%2Findex.php&reauth=1 HTTP/1.1" 200 6521 "https://pgkdistribution.co.nz/wp-login.php" "Mozilla/5.0 (Macintosh; Intel Mac OS X 10_15_7) AppleWebKit/537.36 (KHTML, like Gecko) Chrome/120.0.0.0 Safari/537.36"
152.42.163.189 - - [13/May/2026:09:06:02 +1000] "POST /wp-login.php HTTP/1.1" 200 4483 "https://pgkdistribution.co.nz/wp-login.php" "Mozilla/5.0 (Macintosh; Intel Mac OS X 13_6_1) AppleWebKit/605.1.15 (KHTML, like Gecko) Version/17.0 Safari/605.1.15"
103.76.76.7 - - [13/May/2026:09:06:03 +1000] "POST /xmlrpc.php HTTP/1.1" 200 853 "-" "Jetpack/13.0; WordPress/6.4; http://site50161233.com"
152.42.163.189 - - [13/May/2026:09:06:10 +1000] "GET /wp-admin/index.php HTTP/1.1" 302 693 "https://pgkdistribution.co.nz/wp-login.php" "Mozilla/5.0 (X11; Ubuntu; Linux x86_64) AppleWebKit/537.36 (KHTML, like Gecko) Chrome/121.0.0.0 Safari/537.36"
103.76.76.7 - - [13/May/2026:09:06:15 +1000] "POST /xmlrpc.php HTTP/1.1" 200 853 "-" "WordPress.com; https://wordpress.com"
152.42.163.189 - - [13/May/2026:09:06:16 +1000] "GET /wp-login.php?redirect_to=https%3A%2F%2Fpgkdistribution.co.nz%2Fwp-admin%2Findex.php&reauth=1 HTTP/1.1" 200 6699 "https://pgkdistribution.co.nz/wp-login.php" "Mozilla/5.0 (X11; Ubuntu; Linux x86_64) AppleWebKit/537.36 (KHTML, like Gecko) Chrome/121.0.0.0 Safari/537.36"
152.42.163.189 - - [13/May/2026:09:06:22 +1000] "POST /wp-login.php HTTP/1.1" 200 4666 "https://pgkdistribution.co.nz/wp-login.php" "Mozilla/5.0 (Macintosh; Intel Mac OS X 13_6_1; rv:121.0) Gecko/20100101 Firefox/121.0"
103.76.76.7 - - [13/May/2026:09:06:26 +1000] "POST /xmlrpc.php HTTP/1.1" 200 853 "-" "Jetpack by WordPress.com"
152.42.163.189 - - [13/May/2026:09:06:27 +1000] "GET /wp-admin/index.php HTTP/1.1" 302 515 "https://pgkdistribution.co.nz/wp-login.php" "Mozilla/5.0 (Macintosh; Intel Mac OS X 13_6_1) AppleWebKit/537.36 (KHTML, like Gecko) Chrome/119.0.0.0 Safari/537.36"
152.42.163.189 - - [13/May/2026:09:06:34 +1000] "GET /wp-login.php?redirect_to=https%3A%2F%2Fpgkdistribution.co.nz%2Fwp-admin%2Findex.php&reauth=1 HTTP/1.1" 200 6699 "https://pgkdistribution.co.nz/wp-login.php" "Mozilla/5.0 (Macintosh; Intel Mac OS X 13_6_1) AppleWebKit/537.36 (KHTML, like Gecko) Chrome/119.0.0.0 Safari/537.36"
103.76.76.7 - - [13/May/2026:09:06:37 +1000] "POST /xmlrpc.php HTTP/1.1" 200 853 "-" "Jetpack by WordPress.com"
152.42.163.189 - - [13/May/2026:09:06:40 +1000] "POST /wp-login.php HTTP/1.1" 200 4669 "https://pgkdistribution.co.nz/wp-login.php" "Mozilla/5.0 (Windows NT 11.0; Win64; x64) AppleWebKit/537.36 (KHTML, like Gecko) Chrome/118.0.0.0 Safari/537.36"
152.42.163.189 - - [13/May/2026:09:06:47 +1000] "GET /wp-admin/index.php HTTP/1.1" 302 693 "https://pgkdistribution.co.nz/wp-login.php" "Mozilla/5.0 (X11; Linux x86_64) AppleWebKit/537.36 (KHTML, like Gecko) Chrome/118.0.0.0 Safari/537.36"
103.76.76.7 - - [13/May/2026:09:06:48 +1000] "POST /xmlrpc.php HTTP/1.1" 200 853 "-" "WordPress.com; https://wordpress.com"
152.42.163.189 - - [13/May/2026:09:06:51 +1000] "GET /wp-login.php?redirect_to=https%3A%2F%2Fpgkdistribution.co.nz%2Fwp-admin%2Findex.php&reauth=1 HTTP/1.1" 200 6521 "https://pgkdistribution.co.nz/wp-login.php" "Mozilla/5.0 (X11; Linux x86_64) AppleWebKit/537.36 (KHTML, like Gecko) Chrome/118.0.0.0 Safari/537.36"
152.42.163.189 - - [13/May/2026:09:06:56 +1000] "POST /wp-login.php HTTP/1.1" 200 4489 "https://pgkdistribution.co.nz/wp-login.php" "Mozilla/5.0 (Windows NT 11.0; Win64; x64; rv:121.0) Gecko/20100101 Firefox/121.0"
103.76.76.7 - - [13/May/2026:09:07:00 +1000] "POST /xmlrpc.php HTTP/1.1" 200 853 "-" "Jetpack/13.0; WordPress/6.1; http://site58403980.com"
152.42.163.189 - - [13/May/2026:09:07:02 +1000] "GET /wp-admin/index.php HTTP/1.1" 302 693 "https://pgkdistribution.co.nz/wp-login.php" "Mozilla/5.0 (X11; Ubuntu; Linux x86_64) AppleWebKit/537.36 (KHTML, like Gecko) Chrome/119.0.0.0 Safari/537.36"
152.42.163.189 - - [13/May/2026:09:07:08 +1000] "GET /wp-login.php?redirect_to=https%3A%2F%2Fpgkdistribution.co.nz%2Fwp-admin%2Findex.php&reauth=1 HTTP/1.1" 200 6699 "https://pgkdistribution.co.nz/wp-login.php" "Mozilla/5.0 (X11; Ubuntu; Linux x86_64) AppleWebKit/537.36 (KHTML, like Gecko) Chrome/119.0.0.0 Safari/537.36"
103.76.76.7 - - [13/May/2026:09:07:11 +1000] "POST /xmlrpc.php HTTP/1.1" 200 853 "-" "WordPress.com; https://wordpress.com"
152.42.163.189 - - [13/May/2026:09:07:15 +1000] "POST /wp-login.php HTTP/1.1" 200 4666 "https://pgkdistribution.co.nz/wp-login.php" "Mozilla/5.0 (Macintosh; Intel Mac OS X 10_15_7; rv:118.0) Gecko/20100101 Firefox/118.0"
152.42.163.189 - - [13/May/2026:09:07:20 +1000] "GET /wp-admin/index.php HTTP/1.1" 302 515 "https://pgkdistribution.co.nz/wp-login.php" "Mozilla/5.0 (Macintosh; Intel Mac OS X 13_6_1) AppleWebKit/605.1.15 (KHTML, like Gecko) Version/17.1 Safari/605.1.15"
103.76.76.7 - - [13/May/2026:09:07:22 +1000] "POST /xmlrpc.php HTTP/1.1" 200 853 "-" "Jetpack by WordPress.com (Jetpack 12.5; WordPress 6.3)"
152.42.163.189 - - [13/May/2026:09:07:27 +1000] "GET /wp-login.php?redirect_to=https%3A%2F%2Fpgkdistribution.co.nz%2Fwp-admin%2Findex.php&reauth=1 HTTP/1.1" 200 6699 "https://pgkdistribution.co.nz/wp-login.php" "Mozilla/5.0 (Macintosh; Intel Mac OS X 13_6_1) AppleWebKit/605.1.15 (KHTML, like Gecko) Version/17.1 Safari/605.1.15"
152.42.163.189 - - [13/May/2026:09:07:33 +1000] "POST /wp-login.php HTTP/1.1" 200 4496 "https://pgkdistribution.co.nz/wp-login.php" "Mozilla/5.0 (Macintosh; Intel Mac OS X 13_6_1; rv:121.0) Gecko/20100101 Firefox/121.0"
103.76.76.7 - - [13/May/2026:09:07:34 +1000] "POST /xmlrpc.php HTTP/1.1" 200 853 "-" "Jetpack/13.0; WordPress/6.3; http://site16022878.com"
152.42.163.189 - - [13/May/2026:09:07:41 +1000] "GET /wp-admin/index.php HTTP/1.1" 302 693 "https://pgkdistribution.co.nz/wp-login.php" "Mozilla/5.0 (Macintosh; Intel Mac OS X 10_15_7) AppleWebKit/605.1.15 (KHTML, like Gecko) Version/16.6 Safari/605.1.15"
103.76.76.7 - - [13/May/2026:09:07:45 +1000] "POST /xmlrpc.php HTTP/1.1" 200 853 "-" "Jetpack by WordPress.com (Jetpack 12.1; WordPress 6.3)"
152.42.163.189 - - [13/May/2026:09:07:45 +1000] "GET /wp-login.php?redirect_to=https%3A%2F%2Fpgkdistribution.co.nz%2Fwp-admin%2Findex.php&reauth=1 HTTP/1.1" 200 6521 "https://pgkdistribution.co.nz/wp-login.php" "Mozilla/5.0 (Macintosh; Intel Mac OS X 10_15_7) AppleWebKit/605.1.15 (KHTML, like Gecko) Version/16.6 Safari/605.1.15"
152.42.163.189 - - [13/May/2026:09:07:51 +1000] "POST /wp-login.php HTTP/1.1" 200 4490 "https://pgkdistribution.co.nz/wp-login.php" "Mozilla/5.0 (Macintosh; Intel Mac OS X 10_15_7) AppleWebKit/605.1.15 (KHTML, like Gecko) Version/17.1 Safari/605.1.15"
103.76.76.7 - - [13/May/2026:09:07:56 +1000] "POST /xmlrpc.php HTTP/1.1" 200 853 "-" "Jetpack by WordPress.com (Jetpack 12.1; WordPress 6.3)"
152.42.163.189 - - [13/May/2026:09:07:57 +1000] "GET /wp-admin/index.php HTTP/1.1" 302 515 "https://pgkdistribution.co.nz/wp-login.php" "Mozilla/5.0 (X11; Ubuntu; Linux x86_64) AppleWebKit/537.36 (KHTML, like Gecko) Chrome/120.0.0.0 Safari/537.36"
152.42.163.189 - - [13/May/2026:09:08:03 +1000] "GET /wp-login.php?redirect_to=https%3A%2F%2Fpgkdistribution.co.nz%2Fwp-admin%2Findex.php&reauth=1 HTTP/1.1" 200 6521 "https://pgkdistribution.co.nz/wp-login.php" "Mozilla/5.0 (X11; Ubuntu; Linux x86_64) AppleWebKit/537.36 (KHTML, like Gecko) Chrome/120.0.0.0 Safari/537.36"
103.76.76.7 - - [13/May/2026:09:08:07 +1000] "POST /xmlrpc.php HTTP/1.1" 200 853 "-" "WordPress.com; https://wordpress.com"
152.42.163.189 - - [13/May/2026:09:08:10 +1000] "POST /wp-login.php HTTP/1.1" 200 4667 "https://pgkdistribution.co.nz/wp-login.php" "Mozilla/5.0 (Macintosh; Intel Mac OS X 10_15_7) AppleWebKit/605.1.15 (KHTML, like Gecko) Version/16.6 Safari/605.1.15"
152.42.163.189 - - [13/May/2026:09:08:17 +1000] "GET /wp-admin/index.php HTTP/1.1" 302 693 "https://pgkdistribution.co.nz/wp-login.php" "Mozilla/5.0 (Windows NT 11.0; Win64; x64) AppleWebKit/537.36 (KHTML, like Gecko) Chrome/118.0.0.0 Safari/537.36"
103.76.76.7 - - [13/May/2026:09:08:18 +1000] "POST /xmlrpc.php HTTP/1.1" 200 853 "-" "WordPress.com; https://wordpress.com"
152.42.163.189 - - [13/May/2026:09:08:24 +1000] "GET /wp-login.php?redirect_to=https%3A%2F%2Fpgkdistribution.co.nz%2Fwp-admin%2Findex.php&reauth=1 HTTP/1.1" 200 6699 "https://pgkdistribution.co.nz/wp-login.php" "Mozilla/5.0 (Windows NT 11.0; Win64; x64) AppleWebKit/537.36 (KHTML, like Gecko) Chrome/118.0.0.0 Safari/537.36"
152.42.163.189 - - [13/May/2026:09:08:29 +1000] "POST /wp-login.php HTTP/1.1" 200 4493 "https://pgkdistribution.co.nz/wp-login.php" "Mozilla/5.0 (Macintosh; Intel Mac OS X 13_6_1) AppleWebKit/537.36 (KHTML, like Gecko) Chrome/118.0.0.0 Safari/537.36"
103.76.76.7 - - [13/May/2026:09:08:30 +1000] "POST /xmlrpc.php HTTP/1.1" 200 853 "-" "Jetpack by WordPress.com (Jetpack 13.0; WordPress 6.1)"
152.42.163.189 - - [13/May/2026:09:08:36 +1000] "GET /wp-admin/index.php HTTP/1.1" 302 693 "https://pgkdistribution.co.nz/wp-login.php" "Mozilla/5.0 (Windows NT 11.0; Win64; x64) AppleWebKit/537.36 (KHTML, like Gecko) Chrome/119.0.0.0 Safari/537.36"
152.42.163.189 - - [13/May/2026:09:08:41 +1000] "GET /wp-login.php?redirect_to=https%3A%2F%2Fpgkdistribution.co.nz%2Fwp-admin%2Findex.php&reauth=1 HTTP/1.1" 200 6699 "https://pgkdistribution.co.nz/wp-login.php" "Mozilla/5.0 (Windows NT 11.0; Win64; x64) AppleWebKit/537.36 (KHTML, like Gecko) Chrome/119.0.0.0 Safari/537.36"
103.76.76.7 - - [13/May/2026:09:08:41 +1000] "POST /xmlrpc.php HTTP/1.1" 200 853 "-" "Jetpack/12.5; WordPress/6.2; http://site99363035.com"
152.42.163.189 - - [13/May/2026:09:08:46 +1000] "POST /wp-login.php HTTP/1.1" 200 4496 "https://pgkdistribution.co.nz/wp-login.php" "Mozilla/5.0 (Macintosh; Intel Mac OS X 13_6_1; rv:118.0) Gecko/20100101 Firefox/118.0"
103.76.76.7 - - [13/May/2026:09:08:53 +1000] "POST /xmlrpc.php HTTP/1.1" 200 853 "-" "WordPress.com; https://wordpress.com"
152.42.163.189 - - [13/May/2026:09:08:52 +1000] "GET /wp-admin/index.php HTTP/1.1" 302 693 "https://pgkdistribution.co.nz/wp-login.php" "Mozilla/5.0 (Windows NT 11.0; Win64; x64) AppleWebKit/537.36 (KHTML, like Gecko) Chrome/119.0.0.0 Safari/537.36"
152.42.163.189 - - [13/May/2026:09:08:58 +1000] "GET /wp-login.php?redirect_to=https%3A%2F%2Fpgkdistribution.co.nz%2Fwp-admin%2Findex.php&reauth=1 HTTP/1.1" 200 6521 "https://pgkdistribution.co.nz/wp-login.php" "Mozilla/5.0 (Windows NT 11.0; Win64; x64) AppleWebKit/537.36 (KHTML, like Gecko) Chrome/119.0.0.0 Safari/537.36"
103.76.76.7 - - [13/May/2026:09:09:04 +1000] "POST /xmlrpc.php HTTP/1.1" 200 853 "-" "WordPress.com; https://wordpress.com"
152.42.163.189 - - [13/May/2026:09:09:06 +1000] "POST /wp-login.php HTTP/1.1" 200 4668 "https://pgkdistribution.co.nz/wp-login.php" "Mozilla/5.0 (Windows NT 10.0; Win64; x64; rv:120.0) Gecko/20100101 Firefox/120.0"
152.42.163.189 - - [13/May/2026:09:09:12 +1000] "GET /wp-admin/index.php HTTP/1.1" 302 693 "https://pgkdistribution.co.nz/wp-login.php" "Mozilla/5.0 (Windows NT 10.0; Win64; x64) AppleWebKit/537.36 (KHTML, like Gecko) Chrome/118.0.0.0 Safari/537.36"
103.76.76.7 - - [13/May/2026:09:09:15 +1000] "POST /xmlrpc.php HTTP/1.1" 200 853 "-" "Jetpack by WordPress.com"
152.42.163.189 - - [13/May/2026:09:09:18 +1000] "GET /wp-login.php?redirect_to=https%3A%2F%2Fpgkdistribution.co.nz%2Fwp-admin%2Findex.php&reauth=1 HTTP/1.1" 200 6699 "https://pgkdistribution.co.nz/wp-login.php" "Mozilla/5.0 (Windows NT 10.0; Win64; x64) AppleWebKit/537.36 (KHTML, like Gecko) Chrome/118.0.0.0 Safari/537.36"
152.42.163.189 - - [13/May/2026:09:09:24 +1000] "POST /wp-login.php HTTP/1.1" 200 4625 "https://pgkdistribution.co.nz/wp-login.php" "Mozilla/5.0 (X11; Linux x86_64) AppleWebKit/537.36 (KHTML, like Gecko) Chrome/121.0.0.0 Safari/537.36"
103.76.76.7 - - [13/May/2026:09:09:27 +1000] "POST /xmlrpc.php HTTP/1.1" 200 853 "-" "Jetpack by WordPress.com (Jetpack 12.0; WordPress 6.4)"
152.42.163.189 - - [13/May/2026:09:09:30 +1000] "GET /wp-admin/index.php HTTP/1.1" 302 693 "https://pgkdistribution.co.nz/wp-login.php" "Mozilla/5.0 (X11; Ubuntu; Linux x86_64) AppleWebKit/537.36 (KHTML, like Gecko) Chrome/120.0.0.0 Safari/537.36"
152.42.163.189 - - [13/May/2026:09:09:37 +1000] "GET /wp-login.php?redirect_to=https%3A%2F%2Fpgkdistribution.co.nz%2Fwp-admin%2Findex.php&reauth=1 HTTP/1.1" 200 6699 "https://pgkdistribution.co.nz/wp-login.php" "Mozilla/5.0 (X11; Ubuntu; Linux x86_64) AppleWebKit/537.36 (KHTML, like Gecko) Chrome/120.0.0.0 Safari/537.36"
103.76.76.7 - - [13/May/2026:09:09:38 +1000] "POST /xmlrpc.php HTTP/1.1" 200 853 "-" "Jetpack by WordPress.com (Jetpack 12.5; WordPress 6.3)"
152.42.163.189 - - [13/May/2026:09:09:42 +1000] "POST /wp-login.php HTTP/1.1" 200 4665 "https://pgkdistribution.co.nz/wp-login.php" "Mozilla/5.0 (Macintosh; Intel Mac OS X 10_15_7) AppleWebKit/605.1.15 (KHTML, like Gecko) Version/17.1 Safari/605.1.15"
152.42.163.189 - - [13/May/2026:09:09:46 +1000] "GET /wp-admin/index.php HTTP/1.1" 302 515 "https://pgkdistribution.co.nz/wp-login.php" "Mozilla/5.0 (Windows NT 11.0; Win64; x64) AppleWebKit/537.36 (KHTML, like Gecko) Chrome/120.0.0.0 Safari/537.36"
103.76.76.7 - - [13/May/2026:09:09:49 +1000] "POST /xmlrpc.php HTTP/1.1" 200 853 "-" "Jetpack by WordPress.com"
152.42.163.189 - - [13/May/2026:09:09:53 +1000] "GET /wp-login.php?redirect_to=https%3A%2F%2Fpgkdistribution.co.nz%2Fwp-admin%2Findex.php&reauth=1 HTTP/1.1" 200 6699 "https://pgkdistribution.co.nz/wp-login.php" "Mozilla/5.0 (Windows NT 11.0; Win64; x64) AppleWebKit/537.36 (KHTML, like Gecko) Chrome/120.0.0.0 Safari/537.36"
152.42.163.189 - - [13/May/2026:09:09:58 +1000] "POST /wp-login.php HTTP/1.1" 200 4670 "https://pgkdistribution.co.nz/wp-login.php" "Mozilla/5.0 (Windows NT 11.0; Win64; x64) AppleWebKit/537.36 (KHTML, like Gecko) Chrome/118.0.0.0 Safari/537.36"
103.76.76.7 - - [13/May/2026:09:10:01 +1000] "POST /xmlrpc.php HTTP/1.1" 200 853 "-" "Jetpack by WordPress.com"
152.42.163.189 - - [13/May/2026:09:10:05 +1000] "GET /wp-admin/index.php HTTP/1.1" 302 693 "https://pgkdistribution.co.nz/wp-login.php" "Mozilla/5.0 (Macintosh; Intel Mac OS X 10_15_7) AppleWebKit/537.36 (KHTML, like Gecko) Chrome/120.0.0.0 Safari/537.36"
152.42.163.189 - - [13/May/2026:09:10:11 +1000] "GET /wp-login.php?redirect_to=https%3A%2F%2Fpgkdistribution.co.nz%2Fwp-admin%2Findex.php&reauth=1 HTTP/1.1" 200 6699 "https://pgkdistribution.co.nz/wp-login.php" "Mozilla/5.0 (Macintosh; Intel Mac OS X 10_15_7) AppleWebKit/537.36 (KHTML, like Gecko) Chrome/120.0.0.0 Safari/537.36"
103.76.76.7 - - [13/May/2026:09:10:12 +1000] "POST /xmlrpc.php HTTP/1.1" 200 853 "-" "Jetpack/12.0; WordPress/6.1; http://site79998785.com"
152.42.163.189 - - [13/May/2026:09:10:18 +1000] "POST /wp-login.php HTTP/1.1" 200 4662 "https://pgkdistribution.co.nz/wp-login.php" "Mozilla/5.0 (X11; Ubuntu; Linux x86_64) AppleWebKit/537.36 (KHTML, like Gecko) Chrome/121.0.0.0 Safari/537.36"
103.76.76.7 - - [13/May/2026:09:10:23 +1000] "POST /xmlrpc.php HTTP/1.1" 200 853 "-" "Jetpack/13.0; WordPress/6.2; http://site69215471.com"
152.42.163.189 - - [13/May/2026:09:10:24 +1000] "GET /wp-admin/index.php HTTP/1.1" 302 693 "https://pgkdistribution.co.nz/wp-login.php" "Mozilla/5.0 (X11; Ubuntu; Linux x86_64) AppleWebKit/537.36 (KHTML, like Gecko) Chrome/120.0.0.0 Safari/537.36"
152.42.163.189 - - [13/May/2026:09:10:31 +1000] "GET /wp-login.php?redirect_to=https%3A%2F%2Fpgkdistribution.co.nz%2Fwp-admin%2Findex.php&reauth=1 HTTP/1.1" 200 6699 "https://pgkdistribution.co.nz/wp-login.php" "Mozilla/5.0 (X11; Ubuntu; Linux x86_64) AppleWebKit/537.36 (KHTML, like Gecko) Chrome/120.0.0.0 Safari/537.36"
103.76.76.7 - - [13/May/2026:09:10:35 +1000] "POST /xmlrpc.php HTTP/1.1" 200 853 "-" "WordPress.com; https://wordpress.com"
152.42.163.189 - - [13/May/2026:09:10:38 +1000] "POST /wp-login.php HTTP/1.1" 200 4666 "https://pgkdistribution.co.nz/wp-login.php" "Mozilla/5.0 (Windows NT 11.0; Win64; x64) AppleWebKit/537.36 (KHTML, like Gecko) Chrome/121.0.0.0 Safari/537.36"
152.42.163.189 - - [13/May/2026:09:10:43 +1000] "GET /wp-admin/index.php HTTP/1.1" 302 515 "https://pgkdistribution.co.nz/wp-login.php" "Mozilla/5.0 (X11; Linux x86_64) AppleWebKit/537.36 (KHTML, like Gecko) Chrome/118.0.0.0 Safari/537.36"
103.76.76.7 - - [13/May/2026:09:10:46 +1000] "POST /xmlrpc.php HTTP/1.1" 200 853 "-" "Jetpack by WordPress.com (Jetpack 12.0; WordPress 6.4)"
152.42.163.189 - - [13/May/2026:09:10:50 +1000] "GET /wp-login.php?redirect_to=https%3A%2F%2Fpgkdistribution.co.nz%2Fwp-admin%2Findex.php&reauth=1 HTTP/1.1" 200 6699 "https://pgkdistribution.co.nz/wp-login.php" "Mozilla/5.0 (X11; Linux x86_64) AppleWebKit/537.36 (KHTML, like Gecko) Chrome/118.0.0.0 Safari/537.36"
152.42.163.189 - - [13/May/2026:09:10:56 +1000] "POST /wp-login.php HTTP/1.1" 200 4447 "https://pgkdistribution.co.nz/wp-login.php" "Mozilla/5.0 (Macintosh; Intel Mac OS X 13_6_1) AppleWebKit/605.1.15 (KHTML, like Gecko) Version/16.6 Safari/605.1.15"
103.76.76.7 - - [13/May/2026:09:10:58 +1000] "POST /xmlrpc.php HTTP/1.1" 200 853 "-" "Jetpack by WordPress.com (Jetpack 13.0; WordPress 6.3)"
152.42.163.189 - - [13/May/2026:09:11:02 +1000] "GET /wp-admin/index.php HTTP/1.1" 302 515 "https://pgkdistribution.co.nz/wp-login.php" "Mozilla/5.0 (Windows NT 10.0; Win64; x64) AppleWebKit/537.36 (KHTML, like Gecko) Chrome/119.0.0.0 Safari/537.36"
152.42.163.189 - - [13/May/2026:09:11:09 +1000] "GET /wp-login.php?redirect_to=https%3A%2F%2Fpgkdistribution.co.nz%2Fwp-admin%2Findex.php&reauth=1 HTTP/1.1" 200 6699 "https://pgkdistribution.co.nz/wp-login.php" "Mozilla/5.0 (Windows NT 10.0; Win64; x64) AppleWebKit/537.36 (KHTML, like Gecko) Chrome/119.0.0.0 Safari/537.36"
103.76.76.7 - - [13/May/2026:09:11:09 +1000] "POST /xmlrpc.php HTTP/1.1" 200 853 "-" "Jetpack/12.0; WordPress/6.4; http://site59956148.com"
152.42.163.189 - - [13/May/2026:09:11:15 +1000] "POST /wp-login.php HTTP/1.1" 200 4495 "https://pgkdistribution.co.nz/wp-login.php" "Mozilla/5.0 (Windows NT 11.0; Win64; x64; rv:119.0) Gecko/20100101 Firefox/119.0"
103.76.76.7 - - [13/May/2026:09:11:20 +1000] "POST /xmlrpc.php HTTP/1.1" 200 853 "-" "Jetpack by WordPress.com"
152.42.163.189 - - [13/May/2026:09:11:21 +1000] "GET /wp-admin/index.php HTTP/1.1" 302 693 "https://pgkdistribution.co.nz/wp-login.php" "Mozilla/5.0 (Macintosh; Intel Mac OS X 13_6_1) AppleWebKit/605.1.15 (KHTML, like Gecko) Version/17.1 Safari/605.1.15"
152.42.163.189 - - [13/May/2026:09:11:27 +1000] "GET /wp-login.php?redirect_to=https%3A%2F%2Fpgkdistribution.co.nz%2Fwp-admin%2Findex.php&reauth=1 HTTP/1.1" 200 6492 "https://pgkdistribution.co.nz/wp-login.php" "Mozilla/5.0 (Macintosh; Intel Mac OS X 13_6_1) AppleWebKit/605.1.15 (KHTML, like Gecko) Version/17.1 Safari/605.1.15"
103.76.76.7 - - [13/May/2026:09:11:31 +1000] "POST /xmlrpc.php HTTP/1.1" 200 853 "-" "Jetpack by WordPress.com"
152.42.163.189 - - [13/May/2026:09:11:34 +1000] "POST /wp-login.php HTTP/1.1" 200 4671 "https://pgkdistribution.co.nz/wp-login.php" "Mozilla/5.0 (Macintosh; Intel Mac OS X 10_15_7) AppleWebKit/605.1.15 (KHTML, like Gecko) Version/17.0 Safari/605.1.15"
152.42.163.189 - - [13/May/2026:09:11:40 +1000] "GET /wp-admin/index.php HTTP/1.1" 302 515 "https://pgkdistribution.co.nz/wp-login.php" "Mozilla/5.0 (Macintosh; Intel Mac OS X 13_6_1) AppleWebKit/537.36 (KHTML, like Gecko) Chrome/119.0.0.0 Safari/537.36"
103.76.76.7 - - [13/May/2026:09:11:43 +1000] "POST /xmlrpc.php HTTP/1.1" 200 853 "-" "Jetpack/12.0; WordPress/6.2; http://site76452983.com"
152.42.163.189 - - [13/May/2026:09:11:46 +1000] "GET /wp-login.php?redirect_to=https%3A%2F%2Fpgkdistribution.co.nz%2Fwp-admin%2Findex.php&reauth=1 HTTP/1.1" 200 6521 "https://pgkdistribution.co.nz/wp-login.php" "Mozilla/5.0 (Macintosh; Intel Mac OS X 13_6_1) AppleWebKit/537.36 (KHTML, like Gecko) Chrome/119.0.0.0 Safari/537.36"
152.42.163.189 - - [13/May/2026:09:11:52 +1000] "POST /wp-login.php HTTP/1.1" 200 4603 "https://pgkdistribution.co.nz/wp-login.php" "Mozilla/5.0 (Windows NT 11.0; Win64; x64) AppleWebKit/537.36 (KHTML, like Gecko) Chrome/120.0.0.0 Safari/537.36"
103.76.76.7 - - [13/May/2026:09:11:54 +1000] "POST /xmlrpc.php HTTP/1.1" 200 853 "-" "Jetpack by WordPress.com (Jetpack 12.1; WordPress 6.4)"
152.42.163.189 - - [13/May/2026:09:11:57 +1000] "GET /wp-admin/index.php HTTP/1.1" 302 515 "https://pgkdistribution.co.nz/wp-login.php" "Mozilla/5.0 (Macintosh; Intel Mac OS X 10_15_7; rv:120.0) Gecko/20100101 Firefox/120.0"
152.42.163.189 - - [13/May/2026:09:12:04 +1000] "GET /wp-login.php?redirect_to=https%3A%2F%2Fpgkdistribution.co.nz%2Fwp-admin%2Findex.php&reauth=1 HTTP/1.1" 200 6699 "https://pgkdistribution.co.nz/wp-login.php" "Mozilla/5.0 (Macintosh; Intel Mac OS X 10_15_7; rv:120.0) Gecko/20100101 Firefox/120.0"
103.76.76.7 - - [13/May/2026:09:12:06 +1000] "POST /xmlrpc.php HTTP/1.1" 200 853 "-" "Jetpack/13.0; WordPress/6.3; http://site50384201.com"
152.42.163.189 - - [13/May/2026:09:12:13 +1000] "POST /wp-login.php HTTP/1.1" 200 4666 "https://pgkdistribution.co.nz/wp-login.php" "Mozilla/5.0 (Macintosh; Intel Mac OS X 10_15_7) AppleWebKit/605.1.15 (KHTML, like Gecko) Version/17.0 Safari/605.1.15"
103.76.76.7 - - [13/May/2026:09:12:17 +1000] "POST /xmlrpc.php HTTP/1.1" 200 853 "-" "Jetpack by WordPress.com"
152.42.163.189 - - [13/May/2026:09:12:17 +1000] "GET /wp-admin/index.php HTTP/1.1" 302 515 "https://pgkdistribution.co.nz/wp-login.php" "Mozilla/5.0 (Macintosh; Intel Mac OS X 13_6_1; rv:121.0) Gecko/20100101 Firefox/121.0"
152.42.163.189 - - [13/May/2026:09:12:23 +1000] "GET /wp-login.php?redirect_to=https%3A%2F%2Fpgkdistribution.co.nz%2Fwp-admin%2Findex.php&reauth=1 HTTP/1.1" 200 6521 "https://pgkdistribution.co.nz/wp-login.php" "Mozilla/5.0 (Macintosh; Intel Mac OS X 13_6_1; rv:121.0) Gecko/20100101 Firefox/121.0"
103.76.76.7 - - [13/May/2026:09:12:28 +1000] "POST /xmlrpc.php HTTP/1.1" 200 853 "-" "Jetpack by WordPress.com (Jetpack 12.0; WordPress 6.4)"
152.42.163.189 - - [13/May/2026:09:12:29 +1000] "POST /wp-login.php HTTP/1.1" 200 4490 "https://pgkdistribution.co.nz/wp-login.php" "Mozilla/5.0 (Macintosh; Intel Mac OS X 10_15_7) AppleWebKit/605.1.15 (KHTML, like Gecko) Version/17.1 Safari/605.1.15"
152.42.163.189 - - [13/May/2026:09:12:35 +1000] "GET /wp-admin/index.php HTTP/1.1" 302 515 "https://pgkdistribution.co.nz/wp-login.php" "Mozilla/5.0 (Windows NT 11.0; Win64; x64) AppleWebKit/537.36 (KHTML, like Gecko) Chrome/121.0.0.0 Safari/537.36"
103.76.76.7 - - [13/May/2026:09:12:39 +1000] "POST /xmlrpc.php HTTP/1.1" 200 853 "-" "Jetpack by WordPress.com"
98.145.6.37 - - [13/May/2026:09:12:39 +1000] "GET /wp-content/uploads/2017/10/SE015.jpg HTTP/2" 404 22295 "-" "Mozilla/5.0 (Windows NT 10.0; Win64; x64) AppleWebKit/537.36 (KHTML, like Gecko) Chrome/147.0.0.0 Safari/537.36"
152.42.163.189 - - [13/May/2026:09:12:41 +1000] "GET /wp-login.php?redirect_to=https%3A%2F%2Fpgkdistribution.co.nz%2Fwp-admin%2Findex.php&reauth=1 HTTP/1.1" 200 6521 "https://pgkdistribution.co.nz/wp-login.php" "Mozilla/5.0 (Windows NT 11.0; Win64; x64) AppleWebKit/537.36 (KHTML, like Gecko) Chrome/121.0.0.0 Safari/537.36"
162.128.185.114 - - [13/May/2026:09:12:45 +1000] "POST /wp-login.php/wp-login.php HTTP/1.1" 200 4672 "-" "Mozilla"
152.42.163.189 - - [13/May/2026:09:12:48 +1000] "POST /wp-login.php HTTP/1.1" 200 4489 "https://pgkdistribution.co.nz/wp-login.php" "Mozilla/5.0 (Windows NT 10.0; Win64; x64; rv:120.0) Gecko/20100101 Firefox/120.0"
103.76.76.7 - - [13/May/2026:09:12:51 +1000] "POST /xmlrpc.php HTTP/1.1" 200 853 "-" "Jetpack by WordPress.com (Jetpack 12.5; WordPress 6.1)"
152.42.163.189 - - [13/May/2026:09:12:54 +1000] "GET /wp-admin/index.php HTTP/1.1" 302 693 "https://pgkdistribution.co.nz/wp-login.php" "Mozilla/5.0 (Macintosh; Intel Mac OS X 13_6_1) AppleWebKit/605.1.15 (KHTML, like Gecko) Version/16.6 Safari/605.1.15"
131.93.255.80 - - [13/May/2026:09:12:57 +1000] "GET /wp-content/uploads/2017/10/SE015.jpg HTTP/2" 404 22295 "-" "Mozilla/5.0 (Windows NT 10.0; Win64; x64) AppleWebKit/537.36 (KHTML, like Gecko) Chrome/147.0.0.0 Safari/537.36"
152.42.163.189 - - [13/May/2026:09:12:59 +1000] "GET /wp-login.php?redirect_to=https%3A%2F%2Fpgkdistribution.co.nz%2Fwp-admin%2Findex.php&reauth=1 HTTP/1.1" 200 6699 "https://pgkdistribution.co.nz/wp-login.php" "Mozilla/5.0 (Macintosh; Intel Mac OS X 13_6_1) AppleWebKit/605.1.15 (KHTML, like Gecko) Version/16.6 Safari/605.1.15"
103.76.76.7 - - [13/May/2026:09:13:02 +1000] "POST /xmlrpc.php HTTP/1.1" 200 853 "-" "WordPress.com; https://wordpress.com"
152.42.163.189 - - [13/May/2026:09:13:07 +1000] "POST /wp-login.php HTTP/1.1" 200 4603 "https://pgkdistribution.co.nz/wp-login.php" "Mozilla/5.0 (Windows NT 11.0; Win64; x64; rv:119.0) Gecko/20100101 Firefox/119.0"
103.76.76.7 - - [13/May/2026:09:13:13 +1000] "POST /xmlrpc.php HTTP/1.1" 200 853 "-" "Jetpack by WordPress.com (Jetpack 12.1; WordPress 6.4)"
152.42.163.189 - - [13/May/2026:09:13:16 +1000] "GET /wp-admin/profile.php HTTP/1.1" 302 695 "https://pgkdistribution.co.nz/wp-login.php" "Mozilla/5.0 (Macintosh; Intel Mac OS X 13_6_1) AppleWebKit/605.1.15 (KHTML, like Gecko) Version/17.2 Safari/605.1.15"
152.42.163.189 - - [13/May/2026:09:13:23 +1000] "GET /wp-login.php?redirect_to=https%3A%2F%2Fpgkdistribution.co.nz%2Fwp-admin%2Fprofile.php&reauth=1 HTTP/1.1" 200 6696 "https://pgkdistribution.co.nz/wp-login.php" "Mozilla/5.0 (Macintosh; Intel Mac OS X 13_6_1) AppleWebKit/605.1.15 (KHTML, like Gecko) Version/17.2 Safari/605.1.15"
103.76.76.7 - - [13/May/2026:09:13:25 +1000] "POST /xmlrpc.php HTTP/1.1" 200 853 "-" "Jetpack by WordPress.com (Jetpack 12.0; WordPress 6.4)"
152.42.163.189 - - [13/May/2026:09:13:29 +1000] "POST /wp-login.php HTTP/1.1" 200 4488 "https://pgkdistribution.co.nz/wp-login.php" "Mozilla/5.0 (Macintosh; Intel Mac OS X 13_6_1; rv:119.0) Gecko/20100101 Firefox/119.0"
52.102.12.181 - - [13/May/2026:09:13:33 +1000] "HEAD / HTTP/1.1" 200 468 "-" "-"
203.109.200.186 - - [13/May/2026:09:13:37 +1000] "GET / HTTP/2" 301 795 "-" "Mozilla/5.0 (Windows NT 10.0; Win64; x64) AppleWebKit/537.36 (KHTML, like Gecko) Chrome/148.0.0.0 Safari/537.36 Edg/148.0.0.0"
152.42.163.189 - - [13/May/2026:09:13:36 +1000] "GET /wp-admin/index.php HTTP/1.1" 302 693 "https://pgkdistribution.co.nz/wp-login.php" "Mozilla/5.0 (Macintosh; Intel Mac OS X 13_6_1) AppleWebKit/537.36 (KHTML, like Gecko) Chrome/119.0.0.0 Safari/537.36"
103.76.76.7 - - [13/May/2026:09:13:36 +1000] "POST /xmlrpc.php HTTP/1.1" 200 853 "-" "Jetpack by WordPress.com"
203.109.200.186 - - [13/May/2026:09:13:37 +1000] "GET / HTTP/2" 200 0 "-" "Mozilla/5.0 (Windows NT 10.0; Win64; x64) AppleWebKit/537.36 (KHTML, like Gecko) Chrome/148.0.0.0 Safari/537.36 Edg/148.0.0.0"
203.109.200.186 - - [13/May/2026:09:13:40 +1000] "GET / HTTP/2" 200 32606 "-" "Mozilla/5.0 (Windows NT 10.0; Win64; x64) AppleWebKit/537.36 (KHTML, like Gecko) Chrome/148.0.0.0 Safari/537.36 Edg/148.0.0.0"
203.109.200.186 - - [13/May/2026:09:13:44 +1000] "GET /wp-content/plugins/gutentor/assets/library/fontawesome/css/all.min.css?ver=5.12.0 HTTP/2" 200 11931 "https://pgkdistribution.co.nz/" "Mozilla/5.0 (Windows NT 10.0; Win64; x64) AppleWebKit/537.36 (KHTML, like Gecko) Chrome/148.0.0.0 Safari/537.36 Edg/148.0.0.0"
203.109.200.186 - - [13/May/2026:09:13:44 +1000] "GET /wp-content/plugins/gutentor/assets/library/wpness-grid/wpness-grid.css?ver=1.0.0 HTTP/2" 200 2693 "https://pgkdistribution.co.nz/" "Mozilla/5.0 (Windows NT 10.0; Win64; x64) AppleWebKit/537.36 (KHTML, like Gecko) Chrome/148.0.0.0 Safari/537.36 Edg/148.0.0.0"
203.109.200.186 - - [13/May/2026:09:13:44 +1000] "GET /wp-content/plugins/gutentor/assets/library/animatecss/animate.min.css?ver=3.7.2 HTTP/2" 200 4011 "https://pgkdistribution.co.nz/" "Mozilla/5.0 (Windows NT 10.0; Win64; x64) AppleWebKit/537.36 (KHTML, like Gecko) Chrome/148.0.0.0 Safari/537.36 Edg/148.0.0.0"
152.42.163.189 - - [13/May/2026:09:13:41 +1000] "GET /wp-login.php?redirect_to=https%3A%2F%2Fpgkdistribution.co.nz%2Fwp-admin%2Findex.php&reauth=1 HTTP/1.1" 200 6521 "https://pgkdistribution.co.nz/wp-login.php" "Mozilla/5.0 (Macintosh; Intel Mac OS X 13_6_1) AppleWebKit/537.36 (KHTML, like Gecko) Chrome/119.0.0.0 Safari/537.36"
203.109.200.186 - - [13/May/2026:09:13:44 +1000] "GET /wp-includes/css/dist/components/style.min.css?ver=6.9.4 HTTP/2" 200 13467 "https://pgkdistribution.co.nz/" "Mozilla/5.0 (Windows NT 10.0; Win64; x64) AppleWebKit/537.36 (KHTML, like Gecko) Chrome/148.0.0.0 Safari/537.36 Edg/148.0.0.0"
203.109.200.186 - - [13/May/2026:09:13:44 +1000] "GET /wp-includes/css/dist/preferences/style.min.css?ver=6.9.4 HTTP/2" 200 337 "https://pgkdistribution.co.nz/" "Mozilla/5.0 (Windows NT 10.0; Win64; x64) AppleWebKit/537.36 (KHTML, like Gecko) Chrome/148.0.0.0 Safari/537.36 Edg/148.0.0.0"
203.109.200.186 - - [13/May/2026:09:13:44 +1000] "GET /wp-includes/css/dist/block-editor/style.min.css?ver=6.9.4 HTTP/2" 200 15486 "https://pgkdistribution.co.nz/" "Mozilla/5.0 (Windows NT 10.0; Win64; x64) AppleWebKit/537.36 (KHTML, like Gecko) Chrome/148.0.0.0 Safari/537.36 Edg/148.0.0.0"
203.109.200.186 - - [13/May/2026:09:13:44 +1000] "GET /wp-includes/css/dist/reusable-blocks/style.min.css?ver=6.9.4 HTTP/2" 200 237 "https://pgkdistribution.co.nz/" "Mozilla/5.0 (Windows NT 10.0; Win64; x64) AppleWebKit/537.36 (KHTML, like Gecko) Chrome/148.0.0.0 Safari/537.36 Edg/148.0.0.0"
203.109.200.186 - - [13/May/2026:09:13:44 +1000] "GET /wp-includes/css/dist/patterns/style.min.css?ver=6.9.4 HTTP/2" 200 621 "https://pgkdistribution.co.nz/" "Mozilla/5.0 (Windows NT 10.0; Win64; x64) AppleWebKit/537.36 (KHTML, like Gecko) Chrome/148.0.0.0 Safari/537.36 Edg/148.0.0.0"
203.109.200.186 - - [13/May/2026:09:13:44 +1000] "GET /wp-includes/css/dist/editor/style.min.css?ver=6.9.4 HTTP/2" 200 9424 "https://pgkdistribution.co.nz/" "Mozilla/5.0 (Windows NT 10.0; Win64; x64) AppleWebKit/537.36 (KHTML, like Gecko) Chrome/148.0.0.0 Safari/537.36 Edg/148.0.0.0"
203.109.200.186 - - [13/May/2026:09:13:44 +1000] "GET /wp-content/plugins/gutentor/dist/blocks.style.build.css?ver=3.5.4 HTTP/2" 200 24490 "https://pgkdistribution.co.nz/" "Mozilla/5.0 (Windows NT 10.0; Win64; x64) AppleWebKit/537.36 (KHTML, like Gecko) Chrome/148.0.0.0 Safari/537.36 Edg/148.0.0.0"
203.109.200.186 - - [13/May/2026:09:13:44 +1000] "GET /wp-content/themes/storefront/assets/css/base/gutenberg-blocks.css?ver=4.6.2 HTTP/2" 200 3289 "https://pgkdistribution.co.nz/" "Mozilla/5.0 (Windows NT 10.0; Win64; x64) AppleWebKit/537.36 (KHTML, like Gecko) Chrome/148.0.0.0 Safari/537.36 Edg/148.0.0.0"
203.109.200.186 - - [13/May/2026:09:13:44 +1000] "GET /wp-content/plugins/contact-form-7/includes/css/styles.css?ver=6.1.4 HTTP/2" 200 899 "https://pgkdistribution.co.nz/" "Mozilla/5.0 (Windows NT 10.0; Win64; x64) AppleWebKit/537.36 (KHTML, like Gecko) Chrome/148.0.0.0 Safari/537.36 Edg/148.0.0.0"
203.109.200.186 - - [13/May/2026:09:13:44 +1000] "GET /wp-content/themes/storefront/style.css?ver=4.6.2 HTTP/2" 200 8134 "https://pgkdistribution.co.nz/" "Mozilla/5.0 (Windows NT 10.0; Win64; x64) AppleWebKit/537.36 (KHTML, like Gecko) Chrome/148.0.0.0 Safari/537.36 Edg/148.0.0.0"
203.109.200.186 - - [13/May/2026:09:13:44 +1000] "GET /wp-content/themes/storefront/assets/css/base/icons.css?ver=4.6.2 HTTP/2" 200 14127 "https://pgkdistribution.co.nz/" "Mozilla/5.0 (Windows NT 10.0; Win64; x64) AppleWebKit/537.36 (KHTML, like Gecko) Chrome/148.0.0.0 Safari/537.36 Edg/148.0.0.0"
203.109.200.186 - - [13/May/2026:09:13:44 +1000] "GET /wp-content/plugins/storefront-hamburger-menu/assets/css/style.css?ver=1.2.2 HTTP/2" 200 617 "https://pgkdistribution.co.nz/" "Mozilla/5.0 (Windows NT 10.0; Win64; x64) AppleWebKit/537.36 (KHTML, like Gecko) Chrome/148.0.0.0 Safari/537.36 Edg/148.0.0.0"
203.109.200.186 - - [13/May/2026:09:13:44 +1000] "GET /wp-content/themes/homestore/style.css?ver=2.0.33 HTTP/2" 200 11226 "https://pgkdistribution.co.nz/" "Mozilla/5.0 (Windows NT 10.0; Win64; x64) AppleWebKit/537.36 (KHTML, like Gecko) Chrome/148.0.0.0 Safari/537.36 Edg/148.0.0.0"
203.109.200.186 - - [13/May/2026:09:13:45 +1000] "GET /wp-content/plugins/storefront-footer-bar/assets/css/style.css?ver=6.9.4 HTTP/2" 200 263 "https://pgkdistribution.co.nz/" "Mozilla/5.0 (Windows NT 10.0; Win64; x64) AppleWebKit/537.36 (KHTML, like Gecko) Chrome/148.0.0.0 Safari/537.36 Edg/148.0.0.0"
203.109.200.186 - - [13/May/2026:09:13:45 +1000] "GET /wp-content/plugins/storefront-homepage-contact-section/assets/css/style.css?ver=6.9.4 HTTP/2" 200 549 "https://pgkdistribution.co.nz/" "Mozilla/5.0 (Windows NT 10.0; Win64; x64) AppleWebKit/537.36 (KHTML, like Gecko) Chrome/148.0.0.0 Safari/537.36 Edg/148.0.0.0"
203.109.200.186 - - [13/May/2026:09:13:45 +1000] "GET /wp-content/plugins/smart-slider-3/Public/SmartSlider3/Application/Frontend/Assets/dist/smartslider.min.css?ver=667fb12b HTTP/2" 200 3833 "https://pgkdistribution.co.nz/" "Mozilla/5.0 (Windows NT 10.0; Win64; x64) AppleWebKit/537.36 (KHTML, like Gecko) Chrome/148.0.0.0 Safari/537.36 Edg/148.0.0.0"
203.109.200.186 - - [13/May/2026:09:13:45 +1000] "GET /wp-includes/js/jquery/jquery.min.js?ver=3.7.1 HTTP/2" 200 29744 "https://pgkdistribution.co.nz/" "Mozilla/5.0 (Windows NT 10.0; Win64; x64) AppleWebKit/537.36 (KHTML, like Gecko) Chrome/148.0.0.0 Safari/537.36 Edg/148.0.0.0"
203.109.200.186 - - [13/May/2026:09:13:45 +1000] "GET /wp-includes/js/jquery/jquery-migrate.min.js?ver=3.4.1 HTTP/2" 200 4678 "https://pgkdistribution.co.nz/" "Mozilla/5.0 (Windows NT 10.0; Win64; x64) AppleWebKit/537.36 (KHTML, like Gecko) Chrome/148.0.0.0 Safari/537.36 Edg/148.0.0.0"
203.109.200.186 - - [13/May/2026:09:13:45 +1000] "GET /wp-content/plugins/gutentor/assets/library/wow/wow.min.js?ver=1.2.1 HTTP/2" 200 2636 "https://pgkdistribution.co.nz/" "Mozilla/5.0 (Windows NT 10.0; Win64; x64) AppleWebKit/537.36 (KHTML, like Gecko) Chrome/148.0.0.0 Safari/537.36 Edg/148.0.0.0"
203.109.200.186 - - [13/May/2026:09:13:45 +1000] "GET /wp-includes/js/dist/hooks.min.js?ver=dd5603f07f9220ed27f1 HTTP/2" 200 1852 "https://pgkdistribution.co.nz/" "Mozilla/5.0 (Windows NT 10.0; Win64; x64) AppleWebKit/537.36 (KHTML, like Gecko) Chrome/148.0.0.0 Safari/537.36 Edg/148.0.0.0"
203.109.200.186 - - [13/May/2026:09:13:45 +1000] "GET /wp-content/uploads/2021/05/PGK-Grey-font.png HTTP/2" 200 300208 "https://pgkdistribution.co.nz/" "Mozilla/5.0 (Windows NT 10.0; Win64; x64) AppleWebKit/537.36 (KHTML, like Gecko) Chrome/148.0.0.0 Safari/537.36 Edg/148.0.0.0"
203.109.200.186 - - [13/May/2026:09:13:45 +1000] "GET /wp-includes/js/dist/i18n.min.js?ver=c26c3dc7bed366793375 HTTP/2" 200 2119 "https://pgkdistribution.co.nz/" "Mozilla/5.0 (Windows NT 10.0; Win64; x64) AppleWebKit/537.36 (KHTML, like Gecko) Chrome/148.0.0.0 Safari/537.36 Edg/148.0.0.0"
203.109.200.186 - - [13/May/2026:09:13:45 +1000] "GET /wp-content/plugins/contact-form-7/includes/swv/js/index.js?ver=6.1.4 HTTP/2" 200 3369 "https://pgkdistribution.co.nz/" "Mozilla/5.0 (Windows NT 10.0; Win64; x64) AppleWebKit/537.36 (KHTML, like Gecko) Chrome/148.0.0.0 Safari/537.36 Edg/148.0.0.0"
203.109.200.186 - - [13/May/2026:09:13:46 +1000] "GET /wp-content/plugins/contact-form-7/includes/js/index.js?ver=6.1.4 HTTP/2" 200 4008 "https://pgkdistribution.co.nz/" "Mozilla/5.0 (Windows NT 10.0; Win64; x64) AppleWebKit/537.36 (KHTML, like Gecko) Chrome/148.0.0.0 Safari/537.36 Edg/148.0.0.0"
