121.99.33.216 - - [13/May/2026:08:41:47 +1000] "GET /wp-content/uploads/2021/05/facebook.png HTTP/2" 200 2373 "https://pgkdistribution.co.nz/contact-us/" "Mozilla/5.0 (Windows NT 10.0; Win64; x64) AppleWebKit/537.36 (KHTML, like Gecko) Chrome/148.0.0.0 Safari/537.36"
121.99.33.216 - - [13/May/2026:08:41:48 +1000] "GET /wp-content/uploads/2021/05/Twitter.png HTTP/2" 200 3677 "https://pgkdistribution.co.nz/contact-us/" "Mozilla/5.0 (Windows NT 10.0; Win64; x64) AppleWebKit/537.36 (KHTML, like Gecko) Chrome/148.0.0.0 Safari/537.36"
121.99.33.216 - - [13/May/2026:08:41:48 +1000] "GET /wp-content/uploads/2021/05/linkedin.png HTTP/2" 200 2841 "https://pgkdistribution.co.nz/contact-us/" "Mozilla/5.0 (Windows NT 10.0; Win64; x64) AppleWebKit/537.36 (KHTML, like Gecko) Chrome/148.0.0.0 Safari/537.36"
121.99.33.216 - - [13/May/2026:08:41:47 +1000] "GET /wp-content/uploads/2021/05/PGK-Grey-font.png HTTP/2" 200 300208 "https://pgkdistribution.co.nz/contact-us/" "Mozilla/5.0 (Windows NT 10.0; Win64; x64) AppleWebKit/537.36 (KHTML, like Gecko) Chrome/148.0.0.0 Safari/537.36"
121.99.33.216 - - [13/May/2026:08:41:48 +1000] "GET /wp-includes/js/wp-emoji-release.min.js?ver=6.9.4 HTTP/2" 200 4949 "https://pgkdistribution.co.nz/contact-us/" "Mozilla/5.0 (Windows NT 10.0; Win64; x64) AppleWebKit/537.36 (KHTML, like Gecko) Chrome/148.0.0.0 Safari/537.36"
121.99.33.216 - - [13/May/2026:08:41:51 +1000] "GET /wp-content/uploads/2021/05/cropped-PGK-Grey-font-32x32.png HTTP/2" 200 1604 "https://pgkdistribution.co.nz/contact-us/" "Mozilla/5.0 (Windows NT 10.0; Win64; x64) AppleWebKit/537.36 (KHTML, like Gecko) Chrome/148.0.0.0 Safari/537.36"
162.120.184.57 - - [13/May/2026:08:41:47 +1000] "GET /contact-us/ HTTP/2" 200 0 "https://www.google.com/" "Mozilla/5.0 (Windows NT 10.0; Win64; x64) AppleWebKit/537.36 (KHTML, like Gecko) Chrome/148.0.0.0 Safari/537.36"
37.19.205.178 - - [13/May/2026:08:41:47 +1000] "GET /wp-login.php HTTP/1.1" 200 4496 "http://pgkdistribution.co.nz/wp-admin/" "Mozilla/5.0 (Windows NT 10.0; Win64; x64) AppleWebKit/537.36 (KHTML, like Gecko) Chrome/90.0.4430.85 Safari/537.36"
192.178.8.71 - - [13/May/2026:08:41:47 +1000] "GET /.well-known/traffic-advice HTTP/1.1" 404 22843 "-" "Chrome Privacy Preserving Prefetch Proxy"
152.42.163.189 - - [13/May/2026:08:41:48 +1000] "GET /wp-login.php?redirect_to=https%3A%2F%2Fpgkdistribution.co.nz%2Fwp-admin%2Findex.php&reauth=1 HTTP/1.1" 200 6699 "https://pgkdistribution.co.nz/wp-login.php" "Mozilla/5.0 (Windows NT 10.0; Win64; x64) AppleWebKit/537.36 (KHTML, like Gecko) Chrome/120.0.0.0 Safari/537.36"
121.99.33.216 - - [13/May/2026:08:41:48 +1000] "GET /wp-json/contact-form-7/v1/contact-forms/390/feedback/schema HTTP/2" 200 255 "https://pgkdistribution.co.nz/contact-us/" "Mozilla/5.0 (Windows NT 10.0; Win64; x64) AppleWebKit/537.36 (KHTML, like Gecko) Chrome/148.0.0.0 Safari/537.36"
37.19.205.178 - - [13/May/2026:08:41:53 +1000] "GET /wp-admin/ HTTP/1.1" 302 506 "www.google.com" "Mozilla/5.0 (Windows NT 10.0; Win64; x64) AppleWebKit/537.36 (KHTML, like Gecko) Chrome/90.0.4430.85 Safari/537.36"
37.19.205.178 - - [13/May/2026:08:41:56 +1000] "GET /wp-login.php?redirect_to=https%3A%2F%2Fpgkdistribution.co.nz%2Fwp-admin%2F&reauth=1 HTTP/1.1" 200 6513 "www.google.com" "Mozilla/5.0 (Windows NT 10.0; Win64; x64) AppleWebKit/537.36 (KHTML, like Gecko) Chrome/90.0.4430.85 Safari/537.36"
37.19.205.178 - - [13/May/2026:08:41:59 +1000] "GET /wp-login.php HTTP/1.1" 200 4496 "http://pgkdistribution.co.nz/wp-admin/" "Mozilla/5.0 (Windows NT 10.0; Win64; x64) AppleWebKit/537.36 (KHTML, like Gecko) Chrome/90.0.4430.85 Safari/537.36"
152.42.163.189 - - [13/May/2026:08:42:01 +1000] "POST /wp-login.php HTTP/1.1" 200 4668 "https://pgkdistribution.co.nz/wp-login.php" "Mozilla/5.0 (Windows NT 11.0; Win64; x64) AppleWebKit/537.36 (KHTML, like Gecko) Chrome/118.0.0.0 Safari/537.36"
37.19.205.178 - - [13/May/2026:08:42:03 +1000] "GET /wp-admin/ HTTP/1.1" 302 506 "www.google.com" "Mozilla/5.0 (Windows NT 10.0; Win64; x64) AppleWebKit/537.36 (KHTML, like Gecko) Chrome/90.0.4430.85 Safari/537.36"
37.19.205.178 - - [13/May/2026:08:42:06 +1000] "GET /wp-login.php?redirect_to=https%3A%2F%2Fpgkdistribution.co.nz%2Fwp-admin%2F&reauth=1 HTTP/1.1" 200 6513 "www.google.com" "Mozilla/5.0 (Windows NT 10.0; Win64; x64) AppleWebKit/537.36 (KHTML, like Gecko) Chrome/90.0.4430.85 Safari/537.36"
152.42.163.189 - - [13/May/2026:08:42:13 +1000] "GET /wp-admin/index.php HTTP/1.1" 302 693 "https://pgkdistribution.co.nz/wp-login.php" "Mozilla/5.0 (Macintosh; Intel Mac OS X 13_6_1) AppleWebKit/605.1.15 (KHTML, like Gecko) Version/17.0 Safari/605.1.15"
152.42.163.189 - - [13/May/2026:08:42:17 +1000] "GET /wp-login.php?redirect_to=https%3A%2F%2Fpgkdistribution.co.nz%2Fwp-admin%2Findex.php&reauth=1 HTTP/1.1" 200 6521 "https://pgkdistribution.co.nz/wp-login.php" "Mozilla/5.0 (Macintosh; Intel Mac OS X 13_6_1) AppleWebKit/605.1.15 (KHTML, like Gecko) Version/17.0 Safari/605.1.15"
152.42.163.189 - - [13/May/2026:08:42:27 +1000] "POST /wp-login.php HTTP/1.1" 200 4666 "https://pgkdistribution.co.nz/wp-login.php" "Mozilla/5.0 (Macintosh; Intel Mac OS X 13_6_1; rv:121.0) Gecko/20100101 Firefox/121.0"
152.42.163.189 - - [13/May/2026:08:42:35 +1000] "GET /wp-admin/index.php HTTP/1.1" 302 693 "https://pgkdistribution.co.nz/wp-login.php" "Mozilla/5.0 (Windows NT 10.0; Win64; x64) AppleWebKit/537.36 (KHTML, like Gecko) Chrome/119.0.0.0 Safari/537.36"
152.42.163.189 - - [13/May/2026:08:42:41 +1000] "GET /wp-login.php?redirect_to=https%3A%2F%2Fpgkdistribution.co.nz%2Fwp-admin%2Findex.php&reauth=1 HTTP/1.1" 200 6699 "https://pgkdistribution.co.nz/wp-login.php" "Mozilla/5.0 (Windows NT 10.0; Win64; x64) AppleWebKit/537.36 (KHTML, like Gecko) Chrome/119.0.0.0 Safari/537.36"
152.42.163.189 - - [13/May/2026:08:42:52 +1000] "POST /wp-login.php HTTP/1.1" 200 4669 "https://pgkdistribution.co.nz/wp-login.php" "Mozilla/5.0 (Macintosh; Intel Mac OS X 10_15_7; rv:121.0) Gecko/20100101 Firefox/121.0"
152.42.163.189 - - [13/May/2026:08:42:59 +1000] "GET /wp-admin/index.php HTTP/1.1" 302 693 "https://pgkdistribution.co.nz/wp-login.php" "Mozilla/5.0 (Windows NT 11.0; Win64; x64) AppleWebKit/537.36 (KHTML, like Gecko) Chrome/120.0.0.0 Safari/537.36"
152.42.163.189 - - [13/May/2026:08:43:11 +1000] "GET /wp-login.php?redirect_to=https%3A%2F%2Fpgkdistribution.co.nz%2Fwp-admin%2Findex.php&reauth=1 HTTP/1.1" 200 6699 "https://pgkdistribution.co.nz/wp-login.php" "Mozilla/5.0 (Windows NT 11.0; Win64; x64) AppleWebKit/537.36 (KHTML, like Gecko) Chrome/120.0.0.0 Safari/537.36"
193.186.4.165 - - [13/May/2026:08:43:13 +1000] "GET /contact-us/ HTTP/2" 200 26775 "https://www.google.com/" "Mozilla/5.0 (Windows NT 10.0; Win64; x64) AppleWebKit/537.36 (KHTML, like Gecko) Chrome/148.0.0.0 Safari/537.36"
121.99.33.216 - - [13/May/2026:08:43:16 +1000] "GET /contact-us/ HTTP/2" 200 26775 "https://www.google.com/" "Mozilla/5.0 (Windows NT 10.0; Win64; x64) AppleWebKit/537.36 (KHTML, like Gecko) Chrome/148.0.0.0 Safari/537.36"
121.99.33.216 - - [13/May/2026:08:43:19 +1000] "GET /wp-json/contact-form-7/v1/contact-forms/390/feedback/schema HTTP/2" 200 255 "https://pgkdistribution.co.nz/contact-us/" "Mozilla/5.0 (Windows NT 10.0; Win64; x64) AppleWebKit/537.36 (KHTML, like Gecko) Chrome/148.0.0.0 Safari/537.36"
152.42.163.189 - - [13/May/2026:08:43:21 +1000] "POST /wp-login.php HTTP/1.1" 200 4666 "https://pgkdistribution.co.nz/wp-login.php" "Mozilla/5.0 (Macintosh; Intel Mac OS X 10_15_7; rv:120.0) Gecko/20100101 Firefox/120.0"
152.42.163.189 - - [13/May/2026:08:43:30 +1000] "GET /wp-admin/index.php HTTP/1.1" 302 693 "https://pgkdistribution.co.nz/wp-login.php" "Mozilla/5.0 (Windows NT 10.0; Win64; x64) AppleWebKit/537.36 (KHTML, like Gecko) Chrome/119.0.0.0 Safari/537.36"
152.42.163.189 - - [13/May/2026:08:43:41 +1000] "GET /wp-login.php?redirect_to=https%3A%2F%2Fpgkdistribution.co.nz%2Fwp-admin%2Findex.php&reauth=1 HTTP/1.1" 200 6699 "https://pgkdistribution.co.nz/wp-login.php" "Mozilla/5.0 (Windows NT 10.0; Win64; x64) AppleWebKit/537.36 (KHTML, like Gecko) Chrome/119.0.0.0 Safari/537.36"
152.42.163.189 - - [13/May/2026:08:43:50 +1000] "POST /wp-login.php HTTP/1.1" 200 4666 "https://pgkdistribution.co.nz/wp-login.php" "Mozilla/5.0 (X11; Linux x86_64) AppleWebKit/537.36 (KHTML, like Gecko) Chrome/121.0.0.0 Safari/537.36"
152.42.163.189 - - [13/May/2026:08:44:03 +1000] "GET /wp-admin/index.php HTTP/1.1" 302 693 "https://pgkdistribution.co.nz/wp-login.php" "Mozilla/5.0 (Macintosh; Intel Mac OS X 10_15_7) AppleWebKit/537.36 (KHTML, like Gecko) Chrome/121.0.0.0 Safari/537.36"
152.42.163.189 - - [13/May/2026:08:44:14 +1000] "GET /wp-login.php?redirect_to=https%3A%2F%2Fpgkdistribution.co.nz%2Fwp-admin%2Findex.php&reauth=1 HTTP/1.1" 200 6699 "https://pgkdistribution.co.nz/wp-login.php" "Mozilla/5.0 (Macintosh; Intel Mac OS X 10_15_7) AppleWebKit/537.36 (KHTML, like Gecko) Chrome/121.0.0.0 Safari/537.36"
121.99.33.216 - - [13/May/2026:08:44:16 +1000] "GET / HTTP/2" 301 795 "-" "Mozilla/5.0 (Windows NT 10.0; Win64; x64) AppleWebKit/537.36 (KHTML, like Gecko) Chrome/148.0.0.0 Safari/537.36"
121.99.33.216 - - [13/May/2026:08:44:16 +1000] "GET / HTTP/2" 200 0 "-" "Mozilla/5.0 (Windows NT 10.0; Win64; x64) AppleWebKit/537.36 (KHTML, like Gecko) Chrome/148.0.0.0 Safari/537.36"
121.99.33.216 - - [13/May/2026:08:44:19 +1000] "GET / HTTP/2" 200 32606 "-" "Mozilla/5.0 (Windows NT 10.0; Win64; x64) AppleWebKit/537.36 (KHTML, like Gecko) Chrome/148.0.0.0 Safari/537.36"
121.99.33.216 - - [13/May/2026:08:44:22 +1000] "GET /wp-content/plugins/smart-slider-3/Public/SmartSlider3/Application/Frontend/Assets/dist/smartslider.min.css?ver=667fb12b HTTP/2" 200 3833 "https://pgkdistribution.co.nz/" "Mozilla/5.0 (Windows NT 10.0; Win64; x64) AppleWebKit/537.36 (KHTML, like Gecko) Chrome/148.0.0.0 Safari/537.36"
121.99.33.216 - - [13/May/2026:08:44:24 +1000] "GET /wp-content/plugins/smart-slider-3/Public/SmartSlider3/Application/Frontend/Assets/dist/n2.min.js?ver=667fb12b HTTP/2" 200 12016 "https://pgkdistribution.co.nz/" "Mozilla/5.0 (Windows NT 10.0; Win64; x64) AppleWebKit/537.36 (KHTML, like Gecko) Chrome/148.0.0.0 Safari/537.36"
152.42.163.189 - - [13/May/2026:08:44:21 +1000] "POST /wp-login.php HTTP/1.1" 200 4674 "https://pgkdistribution.co.nz/wp-login.php" "Mozilla/5.0 (Macintosh; Intel Mac OS X 13_6_1) AppleWebKit/537.36 (KHTML, like Gecko) Chrome/120.0.0.0 Safari/537.36"
121.99.33.216 - - [13/May/2026:08:44:26 +1000] "GET /wp-content/plugins/smart-slider-3/Public/SmartSlider3/Application/Frontend/Assets/dist/smartslider-frontend.min.js?ver=667fb12b HTTP/2" 200 25921 "https://pgkdistribution.co.nz/" "Mozilla/5.0 (Windows NT 10.0; Win64; x64) AppleWebKit/537.36 (KHTML, like Gecko) Chrome/148.0.0.0 Safari/537.36"
121.99.33.216 - - [13/May/2026:08:44:26 +1000] "GET /wp-content/plugins/smart-slider-3/Public/SmartSlider3/Slider/SliderType/Simple/Assets/dist/ss-simple.min.js?ver=667fb12b HTTP/2" 200 3019 "https://pgkdistribution.co.nz/" "Mozilla/5.0 (Windows NT 10.0; Win64; x64) AppleWebKit/537.36 (KHTML, like Gecko) Chrome/148.0.0.0 Safari/537.36"
121.99.33.216 - - [13/May/2026:08:44:27 +1000] "GET /wp-content/plugins/smart-slider-3/Public/SmartSlider3/Widget/Arrow/ArrowImage/Assets/dist/w-arrow-image.min.js?ver=667fb12b HTTP/2" 200 561 "https://pgkdistribution.co.nz/" "Mozilla/5.0 (Windows NT 10.0; Win64; x64) AppleWebKit/537.36 (KHTML, like Gecko) Chrome/148.0.0.0 Safari/537.36"
121.99.33.216 - - [13/May/2026:08:44:27 +1000] "GET /wp-content/plugins/smart-slider-3/Public/SmartSlider3/Widget/Bullet/Assets/dist/w-bullet.min.js?ver=667fb12b HTTP/2" 200 1806 "https://pgkdistribution.co.nz/" "Mozilla/5.0 (Windows NT 10.0; Win64; x64) AppleWebKit/537.36 (KHTML, like Gecko) Chrome/148.0.0.0 Safari/537.36"
152.42.163.189 - - [13/May/2026:08:44:31 +1000] "GET /wp-admin/index.php HTTP/1.1" 302 693 "https://pgkdistribution.co.nz/wp-login.php" "Mozilla/5.0 (Windows NT 11.0; Win64; x64; rv:118.0) Gecko/20100101 Firefox/118.0"
152.42.163.189 - - [13/May/2026:08:44:40 +1000] "GET /wp-login.php?redirect_to=https%3A%2F%2Fpgkdistribution.co.nz%2Fwp-admin%2Findex.php&reauth=1 HTTP/1.1" 200 6699 "https://pgkdistribution.co.nz/wp-login.php" "Mozilla/5.0 (Windows NT 11.0; Win64; x64; rv:118.0) Gecko/20100101 Firefox/118.0"
152.42.163.189 - - [13/May/2026:08:44:50 +1000] "POST /wp-login.php HTTP/1.1" 200 4664 "https://pgkdistribution.co.nz/wp-login.php" "Mozilla/5.0 (Windows NT 11.0; Win64; x64) AppleWebKit/537.36 (KHTML, like Gecko) Chrome/119.0.0.0 Safari/537.36"
152.42.163.189 - - [13/May/2026:08:44:59 +1000] "GET /wp-admin/index.php HTTP/1.1" 302 693 "https://pgkdistribution.co.nz/wp-login.php" "Mozilla/5.0 (Macintosh; Intel Mac OS X 10_15_7) AppleWebKit/537.36 (KHTML, like Gecko) Chrome/119.0.0.0 Safari/537.36"
152.42.163.189 - - [13/May/2026:08:45:10 +1000] "GET /wp-login.php?redirect_to=https%3A%2F%2Fpgkdistribution.co.nz%2Fwp-admin%2Findex.php&reauth=1 HTTP/1.1" 200 6699 "https://pgkdistribution.co.nz/wp-login.php" "Mozilla/5.0 (Macintosh; Intel Mac OS X 10_15_7) AppleWebKit/537.36 (KHTML, like Gecko) Chrome/119.0.0.0 Safari/537.36"
121.99.33.216 - - [13/May/2026:08:45:18 +1000] "GET /wp-content/uploads/2023/01/Solis-1P7-8K-5G.jpg HTTP/2" 200 5785 "https://pgkdistribution.co.nz/" "Mozilla/5.0 (Windows NT 10.0; Win64; x64) AppleWebKit/537.36 (KHTML, like Gecko) Chrome/148.0.0.0 Safari/537.36"
121.99.33.216 - - [13/May/2026:08:45:18 +1000] "GET /wp-content/uploads/2021/09/SB068.jpg HTTP/2" 200 12610 "https://pgkdistribution.co.nz/" "Mozilla/5.0 (Windows NT 10.0; Win64; x64) AppleWebKit/537.36 (KHTML, like Gecko) Chrome/148.0.0.0 Safari/537.36"
121.99.33.216 - - [13/May/2026:08:45:18 +1000] "GET /wp-content/uploads/2021/06/Single-Solar-DC-Cable-500x500-1.jpg HTTP/2" 200 30554 "https://pgkdistribution.co.nz/" "Mozilla/5.0 (Windows NT 10.0; Win64; x64) AppleWebKit/537.36 (KHTML, like Gecko) Chrome/148.0.0.0 Safari/537.36"
121.99.33.216 - - [13/May/2026:08:45:18 +1000] "GET /wp-content/uploads/2023/03/PGK-Solar-Cables.png HTTP/2" 200 367240 "https://pgkdistribution.co.nz/" "Mozilla/5.0 (Windows NT 10.0; Win64; x64) AppleWebKit/537.36 (KHTML, like Gecko) Chrome/148.0.0.0 Safari/537.36"
121.99.33.216 - - [13/May/2026:08:45:18 +1000] "GET /wp-content/uploads/2021/05/PGK-Site-Slider-2.png HTTP/2" 200 589315 "https://pgkdistribution.co.nz/" "Mozilla/5.0 (Windows NT 10.0; Win64; x64) AppleWebKit/537.36 (KHTML, like Gecko) Chrome/148.0.0.0 Safari/537.36"
152.42.163.189 - - [13/May/2026:08:45:19 +1000] "POST /wp-login.php HTTP/1.1" 200 4667 "https://pgkdistribution.co.nz/wp-login.php" "Mozilla/5.0 (Macintosh; Intel Mac OS X 13_6_1) AppleWebKit/605.1.15 (KHTML, like Gecko) Version/17.2 Safari/605.1.15"
121.99.33.216 - - [13/May/2026:08:45:21 +1000] "GET /wp-content/uploads/2021/05/1000V-DC-500x500-2.jpg HTTP/2" 200 14509 "https://pgkdistribution.co.nz/" "Mozilla/5.0 (Windows NT 10.0; Win64; x64) AppleWebKit/537.36 (KHTML, like Gecko) Chrome/148.0.0.0 Safari/537.36"
121.99.33.216 - - [13/May/2026:08:45:18 +1000] "GET /wp-content/uploads/2021/05/PGK-Site-Slider-Photo-3.png HTTP/2" 200 671794 "https://pgkdistribution.co.nz/" "Mozilla/5.0 (Windows NT 10.0; Win64; x64) AppleWebKit/537.36 (KHTML, like Gecko) Chrome/148.0.0.0 Safari/537.36"
121.99.33.216 - - [13/May/2026:08:45:18 +1000] "GET /wp-content/uploads/2021/05/PGK-Site-Slider-Photo.png HTTP/2" 200 847059 "https://pgkdistribution.co.nz/" "Mozilla/5.0 (Windows NT 10.0; Win64; x64) AppleWebKit/537.36 (KHTML, like Gecko) Chrome/148.0.0.0 Safari/537.36"
152.42.163.189 - - [13/May/2026:08:45:22 +1000] "GET /wp-admin/index.php HTTP/1.1" 302 515 "https://pgkdistribution.co.nz/wp-login.php" "Mozilla/5.0 (Macintosh; Intel Mac OS X 10_15_7) AppleWebKit/605.1.15 (KHTML, like Gecko) Version/16.6 Safari/605.1.15"
152.42.163.189 - - [13/May/2026:08:45:26 +1000] "GET /wp-login.php?redirect_to=https%3A%2F%2Fpgkdistribution.co.nz%2Fwp-admin%2Findex.php&reauth=1 HTTP/1.1" 200 6521 "https://pgkdistribution.co.nz/wp-login.php" "Mozilla/5.0 (Macintosh; Intel Mac OS X 10_15_7) AppleWebKit/605.1.15 (KHTML, like Gecko) Version/16.6 Safari/605.1.15"
162.120.184.57 - - [13/May/2026:08:45:38 +1000] "GET /my-account/ HTTP/2" 200 0 "https://www.google.com/" "Mozilla/5.0 (Windows NT 10.0; Win64; x64) AppleWebKit/537.36 (KHTML, like Gecko) Chrome/148.0.0.0 Safari/537.36"
152.42.163.189 - - [13/May/2026:08:45:38 +1000] "POST /wp-login.php HTTP/1.1" 200 4670 "https://pgkdistribution.co.nz/wp-login.php" "Mozilla/5.0 (Windows NT 11.0; Win64; x64) AppleWebKit/537.36 (KHTML, like Gecko) Chrome/119.0.0.0 Safari/537.36"
121.99.33.216 - - [13/May/2026:08:45:38 +1000] "GET /my-account/ HTTP/2" 200 22520 "https://www.google.com/" "Mozilla/5.0 (Windows NT 10.0; Win64; x64) AppleWebKit/537.36 (KHTML, like Gecko) Chrome/148.0.0.0 Safari/537.36"
193.186.4.165 - - [13/May/2026:08:45:44 +1000] "GET / HTTP/2" 200 32606 "https://www.google.com/" "Mozilla/5.0 (Windows NT 10.0; Win64; x64) AppleWebKit/537.36 (KHTML, like Gecko) Chrome/148.0.0.0 Safari/537.36"
121.99.33.216 - - [13/May/2026:08:45:47 +1000] "GET /contact-us/ HTTP/2" 200 26775 "https://pgkdistribution.co.nz/my-account/" "Mozilla/5.0 (Windows NT 10.0; Win64; x64) AppleWebKit/537.36 (KHTML, like Gecko) Chrome/148.0.0.0 Safari/537.36"
121.99.33.216 - - [13/May/2026:08:45:50 +1000] "GET /wp-json/contact-form-7/v1/contact-forms/390/feedback/schema HTTP/2" 200 255 "https://pgkdistribution.co.nz/contact-us/" "Mozilla/5.0 (Windows NT 10.0; Win64; x64) AppleWebKit/537.36 (KHTML, like Gecko) Chrome/148.0.0.0 Safari/537.36"
121.99.33.216 - - [13/May/2026:08:45:50 +1000] "GET /contact-us/ HTTP/2" 200 26775 "https://pgkdistribution.co.nz/my-account/" "Mozilla/5.0 (Windows NT 10.0; Win64; x64) AppleWebKit/537.36 (KHTML, like Gecko) Chrome/148.0.0.0 Safari/537.36"
152.42.163.189 - - [13/May/2026:08:45:50 +1000] "GET /wp-admin/index.php HTTP/1.1" 302 693 "https://pgkdistribution.co.nz/wp-login.php" "Mozilla/5.0 (Windows NT 10.0; Win64; x64) AppleWebKit/537.36 (KHTML, like Gecko) Chrome/119.0.0.0 Safari/537.36"
152.42.163.189 - - [13/May/2026:08:46:01 +1000] "GET /wp-login.php?redirect_to=https%3A%2F%2Fpgkdistribution.co.nz%2Fwp-admin%2Findex.php&reauth=1 HTTP/1.1" 200 6699 "https://pgkdistribution.co.nz/wp-login.php" "Mozilla/5.0 (Windows NT 10.0; Win64; x64) AppleWebKit/537.36 (KHTML, like Gecko) Chrome/119.0.0.0 Safari/537.36"
121.99.33.216 - - [13/May/2026:08:46:05 +1000] "POST /wp-json/contact-form-7/v1/contact-forms/390/feedback HTTP/2" 200 171 "https://pgkdistribution.co.nz/contact-us/" "Mozilla/5.0 (Windows NT 10.0; Win64; x64) AppleWebKit/537.36 (KHTML, like Gecko) Chrome/148.0.0.0 Safari/537.36"
152.42.163.189 - - [13/May/2026:08:46:12 +1000] "POST /wp-login.php HTTP/1.1" 200 4671 "https://pgkdistribution.co.nz/wp-login.php" "Mozilla/5.0 (Windows NT 11.0; Win64; x64; rv:120.0) Gecko/20100101 Firefox/120.0"
152.42.163.189 - - [13/May/2026:08:46:21 +1000] "GET /wp-admin/index.php HTTP/1.1" 302 693 "https://pgkdistribution.co.nz/wp-login.php" "Mozilla/5.0 (Windows NT 10.0; Win64; x64; rv:121.0) Gecko/20100101 Firefox/121.0"
121.99.33.216 - - [13/May/2026:08:46:26 +1000] "POST /wp-json/contact-form-7/v1/contact-forms/390/feedback HTTP/2" 200 171 "https://pgkdistribution.co.nz/contact-us/" "Mozilla/5.0 (Windows NT 10.0; Win64; x64) AppleWebKit/537.36 (KHTML, like Gecko) Chrome/148.0.0.0 Safari/537.36"
152.42.163.189 - - [13/May/2026:08:46:29 +1000] "GET /wp-login.php?redirect_to=https%3A%2F%2Fpgkdistribution.co.nz%2Fwp-admin%2Findex.php&reauth=1 HTTP/1.1" 200 6699 "https://pgkdistribution.co.nz/wp-login.php" "Mozilla/5.0 (Windows NT 10.0; Win64; x64; rv:121.0) Gecko/20100101 Firefox/121.0"
152.42.163.189 - - [13/May/2026:08:46:36 +1000] "POST /wp-login.php HTTP/1.1" 200 4671 "https://pgkdistribution.co.nz/wp-login.php" "Mozilla/5.0 (Macintosh; Intel Mac OS X 10_15_7) AppleWebKit/605.1.15 (KHTML, like Gecko) Version/17.0 Safari/605.1.15"
121.99.33.216 - - [13/May/2026:08:46:37 +1000] "POST /wp-json/contact-form-7/v1/contact-forms/390/feedback HTTP/2" 200 171 "https://pgkdistribution.co.nz/contact-us/" "Mozilla/5.0 (Windows NT 10.0; Win64; x64) AppleWebKit/537.36 (KHTML, like Gecko) Chrome/148.0.0.0 Safari/537.36"
152.42.163.189 - - [13/May/2026:08:46:44 +1000] "GET /wp-admin/index.php HTTP/1.1" 302 693 "https://pgkdistribution.co.nz/wp-login.php" "Mozilla/5.0 (Macintosh; Intel Mac OS X 13_6_1) AppleWebKit/537.36 (KHTML, like Gecko) Chrome/121.0.0.0 Safari/537.36"
121.99.33.216 - - [13/May/2026:08:46:45 +1000] "POST /wp-json/contact-form-7/v1/contact-forms/390/feedback HTTP/2" 200 171 "https://pgkdistribution.co.nz/contact-us/" "Mozilla/5.0 (Windows NT 10.0; Win64; x64) AppleWebKit/537.36 (KHTML, like Gecko) Chrome/148.0.0.0 Safari/537.36"
111.67.29.221 - - [13/May/2026:08:47:04 +1000] "POST /wp-cron.php?doing_wp_cron=1778626024.2904529571533203125000 HTTP/1.1" 200 474 "-" "WordPress/6.9.4; https://pgkdistribution.co.nz"
152.42.163.189 - - [13/May/2026:08:47:01 +1000] "GET /wp-login.php?redirect_to=https%3A%2F%2Fpgkdistribution.co.nz%2Fwp-admin%2Findex.php&reauth=1 HTTP/1.1" 200 6699 "https://pgkdistribution.co.nz/wp-login.php" "Mozilla/5.0 (Macintosh; Intel Mac OS X 13_6_1) AppleWebKit/537.36 (KHTML, like Gecko) Chrome/121.0.0.0 Safari/537.36"
152.42.163.189 - - [13/May/2026:08:47:11 +1000] "POST /wp-login.php HTTP/1.1" 200 4670 "https://pgkdistribution.co.nz/wp-login.php" "Mozilla/5.0 (Macintosh; Intel Mac OS X 10_15_7) AppleWebKit/605.1.15 (KHTML, like Gecko) Version/17.1 Safari/605.1.15"
152.42.163.189 - - [13/May/2026:08:47:20 +1000] "GET /wp-admin/index.php HTTP/1.1" 302 693 "https://pgkdistribution.co.nz/wp-login.php" "Mozilla/5.0 (Windows NT 11.0; Win64; x64; rv:120.0) Gecko/20100101 Firefox/120.0"
152.42.163.189 - - [13/May/2026:08:47:31 +1000] "GET /wp-login.php?redirect_to=https%3A%2F%2Fpgkdistribution.co.nz%2Fwp-admin%2Findex.php&reauth=1 HTTP/1.1" 200 6699 "https://pgkdistribution.co.nz/wp-login.php" "Mozilla/5.0 (Windows NT 11.0; Win64; x64; rv:120.0) Gecko/20100101 Firefox/120.0"
152.42.163.189 - - [13/May/2026:08:47:40 +1000] "POST /wp-login.php HTTP/1.1" 200 4667 "https://pgkdistribution.co.nz/wp-login.php" "Mozilla/5.0 (Macintosh; Intel Mac OS X 13_6_1) AppleWebKit/605.1.15 (KHTML, like Gecko) Version/16.6 Safari/605.1.15"
152.42.163.189 - - [13/May/2026:08:47:45 +1000] "GET /wp-admin/index.php HTTP/1.1" 302 515 "https://pgkdistribution.co.nz/wp-login.php" "Mozilla/5.0 (Macintosh; Intel Mac OS X 10_15_7) AppleWebKit/537.36 (KHTML, like Gecko) Chrome/120.0.0.0 Safari/537.36"
152.42.163.189 - - [13/May/2026:08:47:51 +1000] "GET /wp-login.php?redirect_to=https%3A%2F%2Fpgkdistribution.co.nz%2Fwp-admin%2Findex.php&reauth=1 HTTP/1.1" 200 6521 "https://pgkdistribution.co.nz/wp-login.php" "Mozilla/5.0 (Macintosh; Intel Mac OS X 10_15_7) AppleWebKit/537.36 (KHTML, like Gecko) Chrome/120.0.0.0 Safari/537.36"
152.42.163.189 - - [13/May/2026:08:48:02 +1000] "POST /wp-login.php HTTP/1.1" 200 4666 "https://pgkdistribution.co.nz/wp-login.php" "Mozilla/5.0 (Windows NT 10.0; Win64; x64; rv:121.0) Gecko/20100101 Firefox/121.0"
152.42.163.189 - - [13/May/2026:08:48:08 +1000] "GET /wp-admin/index.php HTTP/1.1" 302 693 "https://pgkdistribution.co.nz/wp-login.php" "Mozilla/5.0 (Macintosh; Intel Mac OS X 13_6_1; rv:120.0) Gecko/20100101 Firefox/120.0"
152.42.163.189 - - [13/May/2026:08:48:19 +1000] "GET /wp-login.php?redirect_to=https%3A%2F%2Fpgkdistribution.co.nz%2Fwp-admin%2Findex.php&reauth=1 HTTP/1.1" 200 6699 "https://pgkdistribution.co.nz/wp-login.php" "Mozilla/5.0 (Macintosh; Intel Mac OS X 13_6_1; rv:120.0) Gecko/20100101 Firefox/120.0"
152.42.163.189 - - [13/May/2026:08:48:24 +1000] "POST /wp-login.php HTTP/1.1" 200 4487 "https://pgkdistribution.co.nz/wp-login.php" "Mozilla/5.0 (Macintosh; Intel Mac OS X 13_6_1) AppleWebKit/537.36 (KHTML, like Gecko) Chrome/119.0.0.0 Safari/537.36"
152.42.163.189 - - [13/May/2026:08:48:33 +1000] "GET /wp-admin/index.php HTTP/1.1" 302 693 "https://pgkdistribution.co.nz/wp-login.php" "Mozilla/5.0 (Macintosh; Intel Mac OS X 10_15_7) AppleWebKit/605.1.15 (KHTML, like Gecko) Version/17.0 Safari/605.1.15"
152.42.163.189 - - [13/May/2026:08:48:49 +1000] "GET /wp-login.php?redirect_to=https%3A%2F%2Fpgkdistribution.co.nz%2Fwp-admin%2Findex.php&reauth=1 HTTP/1.1" 200 6699 "https://pgkdistribution.co.nz/wp-login.php" "Mozilla/5.0 (Macintosh; Intel Mac OS X 10_15_7) AppleWebKit/605.1.15 (KHTML, like Gecko) Version/17.0 Safari/605.1.15"
152.42.163.189 - - [13/May/2026:08:48:54 +1000] "POST /wp-login.php HTTP/1.1" 200 4447 "https://pgkdistribution.co.nz/wp-login.php" "Mozilla/5.0 (X11; Ubuntu; Linux x86_64) AppleWebKit/537.36 (KHTML, like Gecko) Chrome/118.0.0.0 Safari/537.36"
152.42.163.189 - - [13/May/2026:08:49:05 +1000] "GET /wp-admin/profile.php HTTP/1.1" 302 695 "https://pgkdistribution.co.nz/wp-login.php" "Mozilla/5.0 (Macintosh; Intel Mac OS X 13_6_1; rv:120.0) Gecko/20100101 Firefox/120.0"
152.42.163.189 - - [13/May/2026:08:49:13 +1000] "GET /wp-login.php?redirect_to=https%3A%2F%2Fpgkdistribution.co.nz%2Fwp-admin%2Fprofile.php&reauth=1 HTTP/1.1" 200 6696 "https://pgkdistribution.co.nz/wp-login.php" "Mozilla/5.0 (Macintosh; Intel Mac OS X 13_6_1; rv:120.0) Gecko/20100101 Firefox/120.0"
152.42.163.189 - - [13/May/2026:08:49:23 +1000] "POST /wp-login.php HTTP/1.1" 200 4671 "https://pgkdistribution.co.nz/wp-login.php" "Mozilla/5.0 (Macintosh; Intel Mac OS X 13_6_1) AppleWebKit/605.1.15 (KHTML, like Gecko) Version/17.1 Safari/605.1.15"
152.42.163.189 - - [13/May/2026:08:49:29 +1000] "GET /wp-admin/index.php HTTP/1.1" 302 693 "https://pgkdistribution.co.nz/wp-login.php" "Mozilla/5.0 (Macintosh; Intel Mac OS X 13_6_1; rv:118.0) Gecko/20100101 Firefox/118.0"
152.42.163.189 - - [13/May/2026:08:49:32 +1000] "GET /wp-login.php?redirect_to=https%3A%2F%2Fpgkdistribution.co.nz%2Fwp-admin%2Findex.php&reauth=1 HTTP/1.1" 200 6521 "https://pgkdistribution.co.nz/wp-login.php" "Mozilla/5.0 (Macintosh; Intel Mac OS X 13_6_1; rv:118.0) Gecko/20100101 Firefox/118.0"
152.42.163.189 - - [13/May/2026:08:49:34 +1000] "POST /wp-login.php HTTP/1.1" 200 4496 "https://pgkdistribution.co.nz/wp-login.php" "Mozilla/5.0 (Windows NT 10.0; Win64; x64; rv:120.0) Gecko/20100101 Firefox/120.0"
152.42.163.189 - - [13/May/2026:08:49:37 +1000] "GET /wp-admin/index.php HTTP/1.1" 302 515 "https://pgkdistribution.co.nz/wp-login.php" "Mozilla/5.0 (Macintosh; Intel Mac OS X 10_15_7; rv:121.0) Gecko/20100101 Firefox/121.0"
152.42.163.189 - - [13/May/2026:08:49:39 +1000] "GET /wp-login.php?redirect_to=https%3A%2F%2Fpgkdistribution.co.nz%2Fwp-admin%2Findex.php&reauth=1 HTTP/1.1" 200 6521 "https://pgkdistribution.co.nz/wp-login.php" "Mozilla/5.0 (Macintosh; Intel Mac OS X 10_15_7; rv:121.0) Gecko/20100101 Firefox/121.0"
152.42.163.189 - - [13/May/2026:08:49:42 +1000] "POST /wp-login.php HTTP/1.1" 200 4489 "https://pgkdistribution.co.nz/wp-login.php" "Mozilla/5.0 (Macintosh; Intel Mac OS X 10_15_7) AppleWebKit/605.1.15 (KHTML, like Gecko) Version/17.2 Safari/605.1.15"
152.42.163.189 - - [13/May/2026:08:49:44 +1000] "GET /wp-admin/index.php HTTP/1.1" 302 515 "https://pgkdistribution.co.nz/wp-login.php" "Mozilla/5.0 (Macintosh; Intel Mac OS X 10_15_7) AppleWebKit/537.36 (KHTML, like Gecko) Chrome/119.0.0.0 Safari/537.36"
152.42.163.189 - - [13/May/2026:08:49:47 +1000] "GET /wp-login.php?redirect_to=https%3A%2F%2Fpgkdistribution.co.nz%2Fwp-admin%2Findex.php&reauth=1 HTTP/1.1" 200 6521 "https://pgkdistribution.co.nz/wp-login.php" "Mozilla/5.0 (Macintosh; Intel Mac OS X 10_15_7) AppleWebKit/537.36 (KHTML, like Gecko) Chrome/119.0.0.0 Safari/537.36"
152.42.163.189 - - [13/May/2026:08:49:49 +1000] "POST /wp-login.php HTTP/1.1" 200 4490 "https://pgkdistribution.co.nz/wp-login.php" "Mozilla/5.0 (Macintosh; Intel Mac OS X 13_6_1; rv:120.0) Gecko/20100101 Firefox/120.0"
152.42.163.189 - - [13/May/2026:08:49:55 +1000] "GET /wp-admin/index.php HTTP/1.1" 302 693 "https://pgkdistribution.co.nz/wp-login.php" "Mozilla/5.0 (Macintosh; Intel Mac OS X 13_6_1) AppleWebKit/537.36 (KHTML, like Gecko) Chrome/120.0.0.0 Safari/537.36"
152.42.163.189 - - [13/May/2026:08:50:08 +1000] "GET /wp-login.php?redirect_to=https%3A%2F%2Fpgkdistribution.co.nz%2Fwp-admin%2Findex.php&reauth=1 HTTP/1.1" 200 6699 "https://pgkdistribution.co.nz/wp-login.php" "Mozilla/5.0 (Macintosh; Intel Mac OS X 13_6_1) AppleWebKit/537.36 (KHTML, like Gecko) Chrome/120.0.0.0 Safari/537.36"
152.42.163.189 - - [13/May/2026:08:50:17 +1000] "POST /wp-login.php HTTP/1.1" 200 4670 "https://pgkdistribution.co.nz/wp-login.php" "Mozilla/5.0 (X11; Ubuntu; Linux x86_64) AppleWebKit/537.36 (KHTML, like Gecko) Chrome/118.0.0.0 Safari/537.36"
152.42.163.189 - - [13/May/2026:08:50:23 +1000] "GET /wp-admin/index.php HTTP/1.1" 302 693 "https://pgkdistribution.co.nz/wp-login.php" "Mozilla/5.0 (Macintosh; Intel Mac OS X 13_6_1) AppleWebKit/537.36 (KHTML, like Gecko) Chrome/121.0.0.0 Safari/537.36"
152.42.163.189 - - [13/May/2026:08:50:33 +1000] "GET /wp-login.php?redirect_to=https%3A%2F%2Fpgkdistribution.co.nz%2Fwp-admin%2Findex.php&reauth=1 HTTP/1.1" 200 6699 "https://pgkdistribution.co.nz/wp-login.php" "Mozilla/5.0 (Macintosh; Intel Mac OS X 13_6_1) AppleWebKit/537.36 (KHTML, like Gecko) Chrome/121.0.0.0 Safari/537.36"
152.42.163.189 - - [13/May/2026:08:50:42 +1000] "POST /wp-login.php HTTP/1.1" 200 4669 "https://pgkdistribution.co.nz/wp-login.php" "Mozilla/5.0 (Windows NT 10.0; Win64; x64; rv:121.0) Gecko/20100101 Firefox/121.0"
152.42.163.189 - - [13/May/2026:08:50:52 +1000] "GET /wp-admin/index.php HTTP/1.1" 302 693 "https://pgkdistribution.co.nz/wp-login.php" "Mozilla/5.0 (Macintosh; Intel Mac OS X 10_15_7) AppleWebKit/605.1.15 (KHTML, like Gecko) Version/17.0 Safari/605.1.15"
152.42.163.189 - - [13/May/2026:08:51:02 +1000] "GET /wp-login.php?redirect_to=https%3A%2F%2Fpgkdistribution.co.nz%2Fwp-admin%2Findex.php&reauth=1 HTTP/1.1" 200 6699 "https://pgkdistribution.co.nz/wp-login.php" "Mozilla/5.0 (Macintosh; Intel Mac OS X 10_15_7) AppleWebKit/605.1.15 (KHTML, like Gecko) Version/17.0 Safari/605.1.15"
152.42.163.189 - - [13/May/2026:08:51:08 +1000] "POST /wp-login.php HTTP/1.1" 200 4667 "https://pgkdistribution.co.nz/wp-login.php" "Mozilla/5.0 (Windows NT 10.0; Win64; x64; rv:118.0) Gecko/20100101 Firefox/118.0"
152.42.163.189 - - [13/May/2026:08:51:19 +1000] "GET /wp-admin/index.php HTTP/1.1" 302 693 "https://pgkdistribution.co.nz/wp-login.php" "Mozilla/5.0 (Macintosh; Intel Mac OS X 10_15_7) AppleWebKit/605.1.15 (KHTML, like Gecko) Version/16.6 Safari/605.1.15"
152.42.163.189 - - [13/May/2026:08:51:25 +1000] "GET /wp-login.php?redirect_to=https%3A%2F%2Fpgkdistribution.co.nz%2Fwp-admin%2Findex.php&reauth=1 HTTP/1.1" 200 6521 "https://pgkdistribution.co.nz/wp-login.php" "Mozilla/5.0 (Macintosh; Intel Mac OS X 10_15_7) AppleWebKit/605.1.15 (KHTML, like Gecko) Version/16.6 Safari/605.1.15"
111.67.29.221 - - [13/May/2026:08:51:35 +1000] "POST /wp-cron.php?doing_wp_cron=1778626295.3065578937530517578125 HTTP/1.1" 200 474 "-" "WordPress/6.9.4; https://pgkdistribution.co.nz"
152.42.163.189 - - [13/May/2026:08:51:32 +1000] "POST /wp-login.php HTTP/1.1" 200 4669 "https://pgkdistribution.co.nz/wp-login.php" "Mozilla/5.0 (Macintosh; Intel Mac OS X 13_6_1; rv:121.0) Gecko/20100101 Firefox/121.0"
152.42.163.189 - - [13/May/2026:08:51:41 +1000] "GET /wp-admin/index.php HTTP/1.1" 302 693 "https://pgkdistribution.co.nz/wp-login.php" "Mozilla/5.0 (Windows NT 10.0; Win64; x64) AppleWebKit/537.36 (KHTML, like Gecko) Chrome/120.0.0.0 Safari/537.36"
152.42.163.189 - - [13/May/2026:08:51:52 +1000] "GET /wp-login.php?redirect_to=https%3A%2F%2Fpgkdistribution.co.nz%2Fwp-admin%2Findex.php&reauth=1 HTTP/1.1" 200 6699 "https://pgkdistribution.co.nz/wp-login.php" "Mozilla/5.0 (Windows NT 10.0; Win64; x64) AppleWebKit/537.36 (KHTML, like Gecko) Chrome/120.0.0.0 Safari/537.36"
152.42.163.189 - - [13/May/2026:08:52:02 +1000] "POST /wp-login.php HTTP/1.1" 200 4625 "https://pgkdistribution.co.nz/wp-login.php" "Mozilla/5.0 (Macintosh; Intel Mac OS X 13_6_1) AppleWebKit/537.36 (KHTML, like Gecko) Chrome/121.0.0.0 Safari/537.36"
152.42.163.189 - - [13/May/2026:08:52:10 +1000] "GET /wp-admin/index.php HTTP/1.1" 302 693 "https://pgkdistribution.co.nz/wp-login.php" "Mozilla/5.0 (Macintosh; Intel Mac OS X 13_6_1; rv:120.0) Gecko/20100101 Firefox/120.0"
152.42.163.189 - - [13/May/2026:08:52:21 +1000] "GET /wp-login.php?redirect_to=https%3A%2F%2Fpgkdistribution.co.nz%2Fwp-admin%2Findex.php&reauth=1 HTTP/1.1" 200 6699 "https://pgkdistribution.co.nz/wp-login.php" "Mozilla/5.0 (Macintosh; Intel Mac OS X 13_6_1; rv:120.0) Gecko/20100101 Firefox/120.0"
152.42.163.189 - - [13/May/2026:08:52:26 +1000] "POST /wp-login.php HTTP/1.1" 200 4489 "https://pgkdistribution.co.nz/wp-login.php" "Mozilla/5.0 (X11; Ubuntu; Linux x86_64) AppleWebKit/537.36 (KHTML, like Gecko) Chrome/118.0.0.0 Safari/537.36"
152.42.163.189 - - [13/May/2026:08:52:32 +1000] "GET /wp-admin/index.php HTTP/1.1" 302 693 "https://pgkdistribution.co.nz/wp-login.php" "Mozilla/5.0 (Windows NT 10.0; Win64; x64; rv:121.0) Gecko/20100101 Firefox/121.0"
152.42.163.189 - - [13/May/2026:08:52:42 +1000] "GET /wp-login.php?redirect_to=https%3A%2F%2Fpgkdistribution.co.nz%2Fwp-admin%2Findex.php&reauth=1 HTTP/1.1" 200 6699 "https://pgkdistribution.co.nz/wp-login.php" "Mozilla/5.0 (Windows NT 10.0; Win64; x64; rv:121.0) Gecko/20100101 Firefox/121.0"
152.42.163.189 - - [13/May/2026:08:52:51 +1000] "POST /wp-login.php HTTP/1.1" 200 4664 "https://pgkdistribution.co.nz/wp-login.php" "Mozilla/5.0 (Windows NT 10.0; Win64; x64) AppleWebKit/537.36 (KHTML, like Gecko) Chrome/118.0.0.0 Safari/537.36"
152.42.163.189 - - [13/May/2026:08:52:58 +1000] "GET /wp-admin/index.php HTTP/1.1" 302 693 "https://pgkdistribution.co.nz/wp-login.php" "Mozilla/5.0 (Macintosh; Intel Mac OS X 10_15_7) AppleWebKit/537.36 (KHTML, like Gecko) Chrome/119.0.0.0 Safari/537.36"
152.42.163.189 - - [13/May/2026:08:53:08 +1000] "GET /wp-login.php?redirect_to=https%3A%2F%2Fpgkdistribution.co.nz%2Fwp-admin%2Findex.php&reauth=1 HTTP/1.1" 200 6699 "https://pgkdistribution.co.nz/wp-login.php" "Mozilla/5.0 (Macintosh; Intel Mac OS X 10_15_7) AppleWebKit/537.36 (KHTML, like Gecko) Chrome/119.0.0.0 Safari/537.36"
152.42.163.189 - - [13/May/2026:08:53:14 +1000] "POST /wp-login.php HTTP/1.1" 200 4625 "https://pgkdistribution.co.nz/wp-login.php" "Mozilla/5.0 (X11; Ubuntu; Linux x86_64) AppleWebKit/537.36 (KHTML, like Gecko) Chrome/120.0.0.0 Safari/537.36"
152.42.163.189 - - [13/May/2026:08:53:22 +1000] "GET /wp-admin/index.php HTTP/1.1" 302 693 "https://pgkdistribution.co.nz/wp-login.php" "Mozilla/5.0 (X11; Linux x86_64) AppleWebKit/537.36 (KHTML, like Gecko) Chrome/119.0.0.0 Safari/537.36"
152.42.163.189 - - [13/May/2026:08:53:30 +1000] "GET /wp-login.php?redirect_to=https%3A%2F%2Fpgkdistribution.co.nz%2Fwp-admin%2Findex.php&reauth=1 HTTP/1.1" 200 6699 "https://pgkdistribution.co.nz/wp-login.php" "Mozilla/5.0 (X11; Linux x86_64) AppleWebKit/537.36 (KHTML, like Gecko) Chrome/119.0.0.0 Safari/537.36"
152.42.163.189 - - [13/May/2026:08:53:40 +1000] "POST /wp-login.php HTTP/1.1" 200 4647 "https://pgkdistribution.co.nz/wp-login.php" "Mozilla/5.0 (Macintosh; Intel Mac OS X 10_15_7) AppleWebKit/537.36 (KHTML, like Gecko) Chrome/119.0.0.0 Safari/537.36"
152.42.163.189 - - [13/May/2026:08:53:45 +1000] "GET /wp-admin/index.php HTTP/1.1" 302 693 "https://pgkdistribution.co.nz/wp-login.php" "Mozilla/5.0 (Macintosh; Intel Mac OS X 10_15_7) AppleWebKit/605.1.15 (KHTML, like Gecko) Version/17.0 Safari/605.1.15"
152.42.163.189 - - [13/May/2026:08:53:54 +1000] "GET /wp-login.php?redirect_to=https%3A%2F%2Fpgkdistribution.co.nz%2Fwp-admin%2Findex.php&reauth=1 HTTP/1.1" 200 6699 "https://pgkdistribution.co.nz/wp-login.php" "Mozilla/5.0 (Macintosh; Intel Mac OS X 10_15_7) AppleWebKit/605.1.15 (KHTML, like Gecko) Version/17.0 Safari/605.1.15"
152.42.163.189 - - [13/May/2026:08:54:04 +1000] "POST /wp-login.php HTTP/1.1" 200 4670 "https://pgkdistribution.co.nz/wp-login.php" "Mozilla/5.0 (Windows NT 10.0; Win64; x64; rv:119.0) Gecko/20100101 Firefox/119.0"
152.42.163.189 - - [13/May/2026:08:54:10 +1000] "GET /wp-admin/index.php HTTP/1.1" 302 693 "https://pgkdistribution.co.nz/wp-login.php" "Mozilla/5.0 (Macintosh; Intel Mac OS X 13_6_1) AppleWebKit/605.1.15 (KHTML, like Gecko) Version/17.1 Safari/605.1.15"
152.42.163.189 - - [13/May/2026:08:54:19 +1000] "GET /wp-login.php?redirect_to=https%3A%2F%2Fpgkdistribution.co.nz%2Fwp-admin%2Findex.php&reauth=1 HTTP/1.1" 200 6699 "https://pgkdistribution.co.nz/wp-login.php" "Mozilla/5.0 (Macintosh; Intel Mac OS X 13_6_1) AppleWebKit/605.1.15 (KHTML, like Gecko) Version/17.1 Safari/605.1.15"
152.42.163.189 - - [13/May/2026:08:54:25 +1000] "POST /wp-login.php HTTP/1.1" 200 4486 "https://pgkdistribution.co.nz/wp-login.php" "Mozilla/5.0 (Windows NT 11.0; Win64; x64) AppleWebKit/537.36 (KHTML, like Gecko) Chrome/119.0.0.0 Safari/537.36"
111.67.29.221 - - [13/May/2026:08:54:38 +1000] "POST /wp-cron.php?doing_wp_cron=1778626477.9997398853302001953125 HTTP/1.1" 200 474 "-" "WordPress/6.9.4; https://pgkdistribution.co.nz"
152.42.163.189 - - [13/May/2026:08:54:35 +1000] "GET /wp-admin/index.php HTTP/1.1" 302 693 "https://pgkdistribution.co.nz/wp-login.php" "Mozilla/5.0 (Macintosh; Intel Mac OS X 10_15_7) AppleWebKit/537.36 (KHTML, like Gecko) Chrome/121.0.0.0 Safari/537.36"
152.42.163.189 - - [13/May/2026:08:54:41 +1000] "GET /wp-login.php?redirect_to=https%3A%2F%2Fpgkdistribution.co.nz%2Fwp-admin%2Findex.php&reauth=1 HTTP/1.1" 200 6521 "https://pgkdistribution.co.nz/wp-login.php" "Mozilla/5.0 (Macintosh; Intel Mac OS X 10_15_7) AppleWebKit/537.36 (KHTML, like Gecko) Chrome/121.0.0.0 Safari/537.36"
111.67.29.221 - - [13/May/2026:08:54:53 +1000] "POST /wp-cron.php?doing_wp_cron=1778626492.9278080463409423828125 HTTP/1.1" 200 474 "-" "WordPress/6.9.4; https://pgkdistribution.co.nz"
152.42.163.189 - - [13/May/2026:08:54:50 +1000] "POST /wp-login.php HTTP/1.1" 200 4670 "https://pgkdistribution.co.nz/wp-login.php" "Mozilla/5.0 (Windows NT 11.0; Win64; x64; rv:121.0) Gecko/20100101 Firefox/121.0"
152.42.163.189 - - [13/May/2026:08:54:56 +1000] "GET /wp-admin/index.php HTTP/1.1" 302 515 "https://pgkdistribution.co.nz/wp-login.php" "Mozilla/5.0 (Macintosh; Intel Mac OS X 10_15_7; rv:118.0) Gecko/20100101 Firefox/118.0"
103.76.76.7 - - [13/May/2026:08:55:06 +1000] "POST /xmlrpc.php HTTP/1.1" 200 853 "-" "Jetpack/13.0; WordPress/6.2; http://site30784914.com"
152.42.163.189 - - [13/May/2026:08:55:06 +1000] "GET /wp-login.php?redirect_to=https%3A%2F%2Fpgkdistribution.co.nz%2Fwp-admin%2Findex.php&reauth=1 HTTP/1.1" 200 6699 "https://pgkdistribution.co.nz/wp-login.php" "Mozilla/5.0 (Macintosh; Intel Mac OS X 10_15_7; rv:118.0) Gecko/20100101 Firefox/118.0"
103.76.76.7 - - [13/May/2026:08:55:17 +1000] "POST /xmlrpc.php HTTP/1.1" 200 853 "-" "Jetpack/12.1; WordPress/6.2; http://site60453576.com"
152.42.163.189 - - [13/May/2026:08:55:22 +1000] "POST /wp-login.php HTTP/1.1" 200 4667 "https://pgkdistribution.co.nz/wp-login.php" "Mozilla/5.0 (Macintosh; Intel Mac OS X 13_6_1) AppleWebKit/605.1.15 (KHTML, like Gecko) Version/17.2 Safari/605.1.15"
152.42.163.189 - - [13/May/2026:08:55:26 +1000] "GET /wp-admin/index.php HTTP/1.1" 302 515 "https://pgkdistribution.co.nz/wp-login.php" "Mozilla/5.0 (Macintosh; Intel Mac OS X 10_15_7; rv:120.0) Gecko/20100101 Firefox/120.0"
103.76.76.7 - - [13/May/2026:08:55:28 +1000] "POST /xmlrpc.php HTTP/1.1" 200 853 "-" "WordPress.com; https://wordpress.com"
152.42.163.189 - - [13/May/2026:08:55:38 +1000] "GET /wp-login.php?redirect_to=https%3A%2F%2Fpgkdistribution.co.nz%2Fwp-admin%2Findex.php&reauth=1 HTTP/1.1" 200 6699 "https://pgkdistribution.co.nz/wp-login.php" "Mozilla/5.0 (Macintosh; Intel Mac OS X 10_15_7; rv:120.0) Gecko/20100101 Firefox/120.0"
103.76.76.7 - - [13/May/2026:08:55:39 +1000] "POST /xmlrpc.php HTTP/1.1" 200 853 "-" "Jetpack by WordPress.com"
152.42.163.189 - - [13/May/2026:08:55:44 +1000] "POST /wp-login.php HTTP/1.1" 200 4671 "https://pgkdistribution.co.nz/wp-login.php" "Mozilla/5.0 (Windows NT 10.0; Win64; x64) AppleWebKit/537.36 (KHTML, like Gecko) Chrome/118.0.0.0 Safari/537.36"
103.76.76.7 - - [13/May/2026:08:55:51 +1000] "POST /xmlrpc.php HTTP/1.1" 200 853 "-" "WordPress.com; https://wordpress.com"
152.42.163.189 - - [13/May/2026:08:55:52 +1000] "GET /wp-admin/index.php HTTP/1.1" 302 693 "https://pgkdistribution.co.nz/wp-login.php" "Mozilla/5.0 (Windows NT 10.0; Win64; x64; rv:120.0) Gecko/20100101 Firefox/120.0"
152.42.163.189 - - [13/May/2026:08:56:02 +1000] "GET /wp-login.php?redirect_to=https%3A%2F%2Fpgkdistribution.co.nz%2Fwp-admin%2Findex.php&reauth=1 HTTP/1.1" 200 6699 "https://pgkdistribution.co.nz/wp-login.php" "Mozilla/5.0 (Windows NT 10.0; Win64; x64; rv:120.0) Gecko/20100101 Firefox/120.0"
103.76.76.7 - - [13/May/2026:08:56:03 +1000] "POST /xmlrpc.php HTTP/1.1" 200 853 "-" "Jetpack by WordPress.com"
111.67.29.221 - - [13/May/2026:08:56:13 +1000] "POST /wp-cron.php?doing_wp_cron=1778626573.7754189968109130859375 HTTP/1.1" 200 474 "-" "WordPress/6.9.4; https://pgkdistribution.co.nz"
152.42.163.189 - - [13/May/2026:08:56:11 +1000] "POST /wp-login.php HTTP/1.1" 200 4625 "https://pgkdistribution.co.nz/wp-login.php" "Mozilla/5.0 (Windows NT 11.0; Win64; x64) AppleWebKit/537.36 (KHTML, like Gecko) Chrome/121.0.0.0 Safari/537.36"
103.76.76.7 - - [13/May/2026:08:56:20 +1000] "POST /xmlrpc.php HTTP/1.1" 200 853 "-" "Jetpack by WordPress.com"
152.42.163.189 - - [13/May/2026:08:56:22 +1000] "GET /wp-admin/index.php HTTP/1.1" 302 693 "https://pgkdistribution.co.nz/wp-login.php" "Mozilla/5.0 (Macintosh; Intel Mac OS X 13_6_1) AppleWebKit/537.36 (KHTML, like Gecko) Chrome/119.0.0.0 Safari/537.36"
152.42.163.189 - - [13/May/2026:08:56:28 +1000] "GET /wp-login.php?redirect_to=https%3A%2F%2Fpgkdistribution.co.nz%2Fwp-admin%2Findex.php&reauth=1 HTTP/1.1" 200 6699 "https://pgkdistribution.co.nz/wp-login.php" "Mozilla/5.0 (Macintosh; Intel Mac OS X 13_6_1) AppleWebKit/537.36 (KHTML, like Gecko) Chrome/119.0.0.0 Safari/537.36"
152.42.163.189 - - [13/May/2026:08:56:34 +1000] "POST /wp-login.php HTTP/1.1" 200 4675 "https://pgkdistribution.co.nz/wp-login.php" "Mozilla/5.0 (Windows NT 11.0; Win64; x64) AppleWebKit/537.36 (KHTML, like Gecko) Chrome/119.0.0.0 Safari/537.36"
103.76.76.7 - - [13/May/2026:08:56:34 +1000] "POST /xmlrpc.php HTTP/1.1" 200 853 "-" "WordPress.com; https://wordpress.com"
152.42.163.189 - - [13/May/2026:08:56:43 +1000] "GET /wp-admin/index.php HTTP/1.1" 302 693 "https://pgkdistribution.co.nz/wp-login.php" "Mozilla/5.0 (Macintosh; Intel Mac OS X 13_6_1; rv:121.0) Gecko/20100101 Firefox/121.0"
103.76.76.7 - - [13/May/2026:08:56:46 +1000] "POST /xmlrpc.php HTTP/1.1" 200 853 "-" "WordPress.com; https://wordpress.com"
152.42.163.189 - - [13/May/2026:08:56:52 +1000] "GET /wp-login.php?redirect_to=https%3A%2F%2Fpgkdistribution.co.nz%2Fwp-admin%2Findex.php&reauth=1 HTTP/1.1" 200 6699 "https://pgkdistribution.co.nz/wp-login.php" "Mozilla/5.0 (Macintosh; Intel Mac OS X 13_6_1; rv:121.0) Gecko/20100101 Firefox/121.0"
103.76.76.7 - - [13/May/2026:08:56:57 +1000] "POST /xmlrpc.php HTTP/1.1" 200 853 "-" "Jetpack by WordPress.com (Jetpack 13.0; WordPress 6.2)"
152.42.163.189 - - [13/May/2026:08:56:58 +1000] "POST /wp-login.php HTTP/1.1" 200 4666 "https://pgkdistribution.co.nz/wp-login.php" "Mozilla/5.0 (Macintosh; Intel Mac OS X 10_15_7; rv:120.0) Gecko/20100101 Firefox/120.0"
103.76.76.7 - - [13/May/2026:08:57:08 +1000] "POST /xmlrpc.php HTTP/1.1" 200 853 "-" "Jetpack by WordPress.com"
152.42.163.189 - - [13/May/2026:08:57:09 +1000] "GET /wp-admin/index.php HTTP/1.1" 302 693 "https://pgkdistribution.co.nz/wp-login.php" "Mozilla/5.0 (Macintosh; Intel Mac OS X 10_15_7) AppleWebKit/537.36 (KHTML, like Gecko) Chrome/120.0.0.0 Safari/537.36"
152.42.163.189 - - [13/May/2026:08:57:15 +1000] "GET /wp-login.php?redirect_to=https%3A%2F%2Fpgkdistribution.co.nz%2Fwp-admin%2Findex.php&reauth=1 HTTP/1.1" 200 6521 "https://pgkdistribution.co.nz/wp-login.php" "Mozilla/5.0 (Macintosh; Intel Mac OS X 10_15_7) AppleWebKit/537.36 (KHTML, like Gecko) Chrome/120.0.0.0 Safari/537.36"
103.76.76.7 - - [13/May/2026:08:57:19 +1000] "POST /xmlrpc.php HTTP/1.1" 200 853 "-" "Jetpack/12.5; WordPress/6.1; http://site31721946.com"
152.42.163.189 - - [13/May/2026:08:57:24 +1000] "POST /wp-login.php HTTP/1.1" 200 4603 "https://pgkdistribution.co.nz/wp-login.php" "Mozilla/5.0 (Macintosh; Intel Mac OS X 10_15_7; rv:120.0) Gecko/20100101 Firefox/120.0"
103.76.76.7 - - [13/May/2026:08:57:31 +1000] "POST /xmlrpc.php HTTP/1.1" 200 853 "-" "Jetpack/12.0; WordPress/6.3; http://site33318305.com"
103.76.76.7 - - [13/May/2026:08:57:42 +1000] "POST /xmlrpc.php HTTP/1.1" 200 853 "-" "WordPress.com; https://wordpress.com"
152.42.163.189 - - [13/May/2026:08:57:43 +1000] "GET /wp-admin/index.php HTTP/1.1" 302 693 "https://pgkdistribution.co.nz/wp-login.php" "Mozilla/5.0 (X11; Ubuntu; Linux x86_64) AppleWebKit/537.36 (KHTML, like Gecko) Chrome/121.0.0.0 Safari/537.36"
152.42.163.189 - - [13/May/2026:08:57:50 +1000] "GET /wp-login.php?redirect_to=https%3A%2F%2Fpgkdistribution.co.nz%2Fwp-admin%2Findex.php&reauth=1 HTTP/1.1" 200 6699 "https://pgkdistribution.co.nz/wp-login.php" "Mozilla/5.0 (X11; Ubuntu; Linux x86_64) AppleWebKit/537.36 (KHTML, like Gecko) Chrome/121.0.0.0 Safari/537.36"
103.76.76.7 - - [13/May/2026:08:57:53 +1000] "POST /xmlrpc.php HTTP/1.1" 200 853 "-" "Jetpack by WordPress.com (Jetpack 12.5; WordPress 6.2)"
152.42.163.189 - - [13/May/2026:08:58:02 +1000] "POST /wp-login.php HTTP/1.1" 200 4670 "https://pgkdistribution.co.nz/wp-login.php" "Mozilla/5.0 (Macintosh; Intel Mac OS X 13_6_1) AppleWebKit/605.1.15 (KHTML, like Gecko) Version/16.6 Safari/605.1.15"
103.76.76.7 - - [13/May/2026:08:58:04 +1000] "POST /xmlrpc.php HTTP/1.1" 200 853 "-" "WordPress.com; https://wordpress.com"
152.42.163.189 - - [13/May/2026:08:58:11 +1000] "GET /wp-admin/index.php HTTP/1.1" 302 693 "https://pgkdistribution.co.nz/wp-login.php" "Mozilla/5.0 (Macintosh; Intel Mac OS X 10_15_7) AppleWebKit/537.36 (KHTML, like Gecko) Chrome/121.0.0.0 Safari/537.36"
103.76.76.7 - - [13/May/2026:08:58:16 +1000] "POST /xmlrpc.php HTTP/1.1" 200 853 "-" "Jetpack by WordPress.com (Jetpack 12.5; WordPress 6.2)"
152.42.163.189 - - [13/May/2026:08:58:22 +1000] "GET /wp-login.php?redirect_to=https%3A%2F%2Fpgkdistribution.co.nz%2Fwp-admin%2Findex.php&reauth=1 HTTP/1.1" 200 6699 "https://pgkdistribution.co.nz/wp-login.php" "Mozilla/5.0 (Macintosh; Intel Mac OS X 10_15_7) AppleWebKit/537.36 (KHTML, like Gecko) Chrome/121.0.0.0 Safari/537.36"
103.76.76.7 - - [13/May/2026:08:58:29 +1000] "POST /xmlrpc.php HTTP/1.1" 200 853 "-" "WordPress.com; https://wordpress.com"
152.42.163.189 - - [13/May/2026:08:58:32 +1000] "POST /wp-login.php HTTP/1.1" 200 4667 "https://pgkdistribution.co.nz/wp-login.php" "Mozilla/5.0 (Windows NT 11.0; Win64; x64; rv:121.0) Gecko/20100101 Firefox/121.0"
103.76.76.7 - - [13/May/2026:08:58:40 +1000] "POST /xmlrpc.php HTTP/1.1" 200 853 "-" "Jetpack by WordPress.com"
152.42.163.189 - - [13/May/2026:08:58:42 +1000] "GET /wp-admin/index.php HTTP/1.1" 302 693 "https://pgkdistribution.co.nz/wp-login.php" "Mozilla/5.0 (X11; Ubuntu; Linux x86_64) AppleWebKit/537.36 (KHTML, like Gecko) Chrome/121.0.0.0 Safari/537.36"
103.76.76.7 - - [13/May/2026:08:58:52 +1000] "POST /xmlrpc.php HTTP/1.1" 200 853 "-" "WordPress.com; https://wordpress.com"
152.42.163.189 - - [13/May/2026:08:58:54 +1000] "GET /wp-login.php?redirect_to=https%3A%2F%2Fpgkdistribution.co.nz%2Fwp-admin%2Findex.php&reauth=1 HTTP/1.1" 200 6670 "https://pgkdistribution.co.nz/wp-login.php" "Mozilla/5.0 (X11; Ubuntu; Linux x86_64) AppleWebKit/537.36 (KHTML, like Gecko) Chrome/121.0.0.0 Safari/537.36"
103.76.76.7 - - [13/May/2026:08:59:03 +1000] "POST /xmlrpc.php HTTP/1.1" 200 0 "-" "Jetpack by WordPress.com"
152.42.163.189 - - [13/May/2026:08:59:03 +1000] "POST /wp-login.php HTTP/1.1" 200 4637 "https://pgkdistribution.co.nz/wp-login.php" "Mozilla/5.0 (X11; Linux x86_64) AppleWebKit/537.36 (KHTML, like Gecko) Chrome/119.0.0.0 Safari/537.36"
185.191.171.19 - - [13/May/2026:08:59:06 +1000] "GET /robots.txt HTTP/1.1" 200 668 "-" "Mozilla/5.0 (compatible; SemrushBot/7~bl; +http://www.semrush.com/bot.html)"
103.76.76.7 - - [13/May/2026:08:59:14 +1000] "POST /xmlrpc.php HTTP/1.1" 200 0 "-" "Jetpack by WordPress.com"
188.26.211.126 - - [13/May/2026:08:59:18 +1000] "POST /xmlrpc.php HTTP/1.1" 200 0 "-" "Mozilla/5.0 (Macintosh; Intel Mac OS X 10_15_7; x64) AppleWebKit/537.36 (KHTML, like Gecko) Edge/92.0.0.0 Safari/537.36"
152.42.163.189 - - [13/May/2026:08:59:13 +1000] "GET /wp-admin/index.php HTTP/1.1" 200 0 "https://pgkdistribution.co.nz/wp-login.php" "Mozilla/5.0 (X11; Linux x86_64) AppleWebKit/537.36 (KHTML, like Gecko) Chrome/120.0.0.0 Safari/537.36"
85.208.96.209 - - [13/May/2026:08:59:14 +1000] "GET /privacy-policy-for-pgk-distribution/ HTTP/1.1" 200 34078 "-" "Mozilla/5.0 (compatible; SemrushBot/7~bl; +http://www.semrush.com/bot.html)"
103.76.76.7 - - [13/May/2026:08:59:26 +1000] "POST /xmlrpc.php HTTP/1.1" 200 0 "-" "Jetpack by WordPress.com"
152.42.163.189 - - [13/May/2026:08:59:27 +1000] "GET /wp-admin/profile.php HTTP/1.1" 302 695 "https://pgkdistribution.co.nz/wp-login.php" "Mozilla/5.0 (X11; Linux x86_64) AppleWebKit/537.36 (KHTML, like Gecko) Chrome/120.0.0.0 Safari/537.36"
103.76.76.7 - - [13/May/2026:08:59:37 +1000] "POST /xmlrpc.php HTTP/1.1" 200 853 "-" "Jetpack by WordPress.com (Jetpack 12.1; WordPress 6.1)"
152.42.163.189 - - [13/May/2026:08:59:40 +1000] "GET /wp-login.php?redirect_to=https%3A%2F%2Fpgkdistribution.co.nz%2Fwp-admin%2Fprofile.php&reauth=1 HTTP/1.1" 200 6696 "https://pgkdistribution.co.nz/wp-login.php" "Mozilla/5.0 (X11; Linux x86_64) AppleWebKit/537.36 (KHTML, like Gecko) Chrome/120.0.0.0 Safari/537.36"
103.76.76.7 - - [13/May/2026:08:59:48 +1000] "POST /xmlrpc.php HTTP/1.1" 200 853 "-" "Jetpack by WordPress.com (Jetpack 13.0; WordPress 6.1)"
152.42.163.189 - - [13/May/2026:08:59:53 +1000] "POST /wp-login.php HTTP/1.1" 200 4668 "https://pgkdistribution.co.nz/wp-login.php" "Mozilla/5.0 (Macintosh; Intel Mac OS X 13_6_1; rv:119.0) Gecko/20100101 Firefox/119.0"
