57.141.14.55 - - [13/May/2026:05:12:17 +1000] "GET /product/100a-pv-dc-moulded-case-circuit-breaker/?fileloc=/var/www/vhosts/pgkdistribution.com.au/coridyan.com/wp-admin/css/install-rtl.min.css&path=/var/www/vhosts/pgkdistribution.com.au/coridyan.com/wp-admin/css HTTP/2" 200 17740 "-" "meta-externalagent/1.1 (+https://developers.facebook.com/docs/sharing/webmasters/crawler)"
216.73.217.77 - - [13/May/2026:05:12:17 +1000] "GET /sitemap.xml?fileloc=%2Fvar%2Fwww%2Fvhosts%2Fpgkdistribution.com.au%2Fhttpdocs%2Fwp-includes%2Fblocks%2Fparagraph%2Feditor.css&path=%2Fvar%2Fwww%2Fvhosts%2Fpgkdistribution.com.au%2Fhttpdocs%2Fwp-includes%2Fblocks%2Fparagraph HTTP/2" 200 3323 "-" "Mozilla/5.0 AppleWebKit/537.36 (KHTML, like Gecko; compatible; ClaudeBot/1.0; +claudebot@anthropic.com)"
216.73.217.77 - - [13/May/2026:05:12:17 +1000] "GET /sitemap.xml?fileloc=%2Fvar%2Fwww%2Fvhosts%2Fpgkdistribution.com.au%2Fpgkdistribution.co.nz%2Fwp-includes%2Fhttps-migration.php&path=%2Fvar%2Fwww%2Fvhosts%2Fpgkdistribution.com.au%2Fpgkdistribution.co.nz%2Fwp-includes HTTP/2" 200 4898 "-" "Mozilla/5.0 AppleWebKit/537.36 (KHTML, like Gecko; compatible; ClaudeBot/1.0; +claudebot@anthropic.com)"
216.73.217.77 - - [13/May/2026:05:12:17 +1000] "GET /sitemap_index.xml?path=%2Fvar%2Fwww%2Fvhosts%2Fpgkdistribution.com.au%2Fhttpdocs%2F28nov2025%2Fwp-content%3D%3D%2Fplugins%2Fwidget-context%2Fsrc HTTP/2" 200 3823 "-" "Mozilla/5.0 AppleWebKit/537.36 (KHTML, like Gecko; compatible; ClaudeBot/1.0; +claudebot@anthropic.com)"
57.141.14.36 - - [13/May/2026:05:12:17 +1000] "GET /product/100a-pv-dc-moulded-case-circuit-breaker/?fileloc=/var/www/vhosts/pgkdistribution.com.au/coridyan.com/wp-admin/user/about.php&path=/var/www/vhosts/pgkdistribution.com.au/coridyan.com/wp-admin/user HTTP/2" 200 13000 "-" "meta-externalagent/1.1 (+https://developers.facebook.com/docs/sharing/webmasters/crawler)"
216.73.217.77 - - [13/May/2026:05:12:17 +1000] "GET /sitemap.xml?fileloc=%2Fvar%2Fwww%2Fvhosts%2Fpgkdistribution.com.au%2Fhttpdocs%2Fwp-includes%2Fblocks%2Frss%2Feditor.css&path=%2Fvar%2Fwww%2Fvhosts%2Fpgkdistribution.com.au%2Fhttpdocs%2Fwp-includes%2Fblocks%2Frss HTTP/2" 200 3168 "-" "Mozilla/5.0 AppleWebKit/537.36 (KHTML, like Gecko; compatible; ClaudeBot/1.0; +claudebot@anthropic.com)"
216.73.217.77 - - [13/May/2026:05:12:17 +1000] "GET /sitemap_index.xml?fileloc=%2Fvar%2Fwww%2Fvhosts%2Fpgkdistribution.com.au%2Fhttpdocs%2Fwp-includes%2Fjs%2Ftinymce%2Fplugins%2Flink%2Fplugin.min.js&path=%2Fvar%2Fwww%2Fvhosts%2Fpgkdistribution.com.au%2Fhttpdocs%2Fwp-includes%2Fjs%2Ftinymce%2Fplugins%2Flink HTTP/2" 200 7036 "-" "Mozilla/5.0 AppleWebKit/537.36 (KHTML, like Gecko; compatible; ClaudeBot/1.0; +claudebot@anthropic.com)"
57.141.14.49 - - [13/May/2026:05:12:16 +1000] "GET /product/100a-pv-dc-moulded-case-circuit-breaker/?fileloc=/var/www/vhosts/pgkdistribution.com.au/citisolar.com.au/website-php/img/solarenergy.jpg&path=/var/www/vhosts/pgkdistribution.com.au/citisolar.com.au/website-php/img HTTP/2" 200 508494 "-" "meta-externalagent/1.1 (+https://developers.facebook.com/docs/sharing/webmasters/crawler)"
216.73.217.77 - - [13/May/2026:05:12:17 +1000] "GET /sitemap_index.xml?path=%2Fvar%2Fwww%2Fvhosts%2Fpgkdistribution.com.au%2Fhttpdocs%2Fwp-content%2Fthemes%2Fstorefront%2Fassets%2Fcss%2Fbase HTTP/2" 200 3850 "-" "Mozilla/5.0 AppleWebKit/537.36 (KHTML, like Gecko; compatible; ClaudeBot/1.0; +claudebot@anthropic.com)"
57.141.14.79 - - [13/May/2026:05:12:17 +1000] "GET /product/100a-pv-dc-moulded-case-circuit-breaker/?fileloc=/var/www/vhosts/pgkdistribution.com.au/coridyan.com/wp-admin/network/privacy.php&path=/var/www/vhosts/pgkdistribution.com.au/coridyan.com/wp-admin/network HTTP/2" 200 13003 "-" "meta-externalagent/1.1 (+https://developers.facebook.com/docs/sharing/webmasters/crawler)"
74.7.227.140 - - [13/May/2026:05:12:17 +1000] "GET /sitemap_index.xml?fileloc=/var/www/vhosts/pgkdistribution.com.au/httpdocs/wp-admin/user-new.php&path=/var/www/vhosts/pgkdistribution.com.au/httpdocs/wp-admin HTTP/2" 200 11323 "https://www.pgkdistribution.com.au/sitemap_index.xml?path=/var/www/vhosts/pgkdistribution.com.au/httpdocs/wp-admin" "Mozilla/5.0 AppleWebKit/537.36 (KHTML, like Gecko; compatible; GPTBot/1.3; +https://openai.com/gptbot)"
216.73.217.77 - - [13/May/2026:05:12:17 +1000] "GET /sitemap_index.xml?fileloc=%2Fvar%2Fwww%2Fvhosts%2Fpgkdistribution.com.au%2Fhttpdocs%2Fwp-content%2Fplugins%2Fduplicator%2Fassets%2Fcss%2Findex.php&path=%2Fvar%2Fwww%2Fvhosts%2Fpgkdistribution.com.au%2Fhttpdocs%2Fwp-content%2Fplugins%2Fduplicator%2Fassets%2Fcss HTTP/2" 200 3134 "-" "Mozilla/5.0 AppleWebKit/537.36 (KHTML, like Gecko; compatible; ClaudeBot/1.0; +claudebot@anthropic.com)"
216.73.217.77 - - [13/May/2026:05:12:17 +1000] "GET /sitemap.xml?fileloc=%2Fvar%2Fwww%2Fvhosts%2Fpgkdistribution.com.au%2Fhttpdocs%2Fwp-includes%2Fblocks%2Ffile%2Feditor.css&path=%2Fvar%2Fwww%2Fvhosts%2Fpgkdistribution.com.au%2Fhttpdocs%2Fwp-includes%2Fblocks%2Ffile HTTP/2" 200 3389 "-" "Mozilla/5.0 AppleWebKit/537.36 (KHTML, like Gecko; compatible; ClaudeBot/1.0; +claudebot@anthropic.com)"
216.73.217.77 - - [13/May/2026:05:12:17 +1000] "GET /sitemap_index.xml?path=%2Fvar%2Fwww%2Fvhosts%2Fpgkdistribution.com.au%2Fcitisolar.com.au%2Flibraries%2Fjoomla%2Fdocument%2Ferror HTTP/2" 200 3557 "-" "Mozilla/5.0 AppleWebKit/537.36 (KHTML, like Gecko; compatible; ClaudeBot/1.0; +claudebot@anthropic.com)"
57.141.14.16 - - [13/May/2026:05:12:18 +1000] "GET /product/100a-pv-dc-moulded-case-circuit-breaker/?fileloc=/var/www/vhosts/pgkdistribution.com.au/coridyan.com/wp-admin/css/site-icon-rtl.min.css&path=/var/www/vhosts/pgkdistribution.com.au/coridyan.com/wp-admin/css HTTP/2" 200 13475 "-" "meta-externalagent/1.1 (+https://developers.facebook.com/docs/sharing/webmasters/crawler)"
216.73.217.77 - - [13/May/2026:05:12:18 +1000] "GET /sitemap_index.xml?path=%2Fvar%2Fwww%2Fvhosts%2Fpgkdistribution.com.au%2Fhttpdocs%2Fwp-content%2Fplugins%2Fwoocommerce%2Fsrc%2FInternal%2FRestApi HTTP/2" 200 3623 "-" "Mozilla/5.0 AppleWebKit/537.36 (KHTML, like Gecko; compatible; ClaudeBot/1.0; +claudebot@anthropic.com)"
216.73.217.77 - - [13/May/2026:05:12:18 +1000] "GET /sitemap_index.xml?path=%2Fvar%2Fwww%2Fvhosts%2Fpgkdistribution.com.au%2Fhttpdocs%2Fwp-content%2Fplugins%2Fjetpack%2F_inc%2Flib%2Fadmin-pages HTTP/2" 200 3856 "-" "Mozilla/5.0 AppleWebKit/537.36 (KHTML, like Gecko; compatible; ClaudeBot/1.0; +claudebot@anthropic.com)"
216.73.217.77 - - [13/May/2026:05:12:18 +1000] "GET /sitemap.xml?path=%2Fvar%2Fwww%2Fvhosts%2Fpgkdistribution.com.au%2Fcoridyan.com%2Fwp-includes%2FIXR HTTP/2" 200 3855 "-" "Mozilla/5.0 AppleWebKit/537.36 (KHTML, like Gecko; compatible; ClaudeBot/1.0; +claudebot@anthropic.com)"
57.141.14.105 - - [13/May/2026:05:12:18 +1000] "GET /product/100a-pv-dc-moulded-case-circuit-breaker/?fileloc=/var/www/vhosts/pgkdistribution.com.au/coridyan.com/wp-admin/css/farbtastic.css&path=/var/www/vhosts/pgkdistribution.com.au/coridyan.com/wp-admin/css HTTP/2" 200 13333 "-" "meta-externalagent/1.1 (+https://developers.facebook.com/docs/sharing/webmasters/crawler)"
74.7.227.140 - - [13/May/2026:05:12:18 +1000] "GET /sitemap_index.xml?path=/var/www/vhosts/pgkdistribution.com.au/pgkdistribution.co.nz HTTP/2" 200 4681 "https://www.pgkdistribution.com.au/sitemap_index.xml?path=/var/www/vhosts/pgkdistribution.com.au" "Mozilla/5.0 AppleWebKit/537.36 (KHTML, like Gecko; compatible; GPTBot/1.3; +https://openai.com/gptbot)"
216.73.217.77 - - [13/May/2026:05:12:18 +1000] "GET /sitemap_index.xml?path=%2Fvar%2Fwww%2Fvhosts%2Fpgkdistribution.com.au%2Fcitisolar.com.au%2Flibraries%2Fjoomla%2Fapplication%2Fcli HTTP/2" 200 3533 "-" "Mozilla/5.0 AppleWebKit/537.36 (KHTML, like Gecko; compatible; ClaudeBot/1.0; +claudebot@anthropic.com)"
216.73.217.77 - - [13/May/2026:05:12:18 +1000] "GET /sitemap_index.xml?fileloc=%2Fvar%2Fwww%2Fvhosts%2Fpgkdistribution.com.au%2Fhttpdocs%2Fwp-content%2Fplugins%2Fduplicator%2Fassets%2Fcss%2Fmocks.css&path=%2Fvar%2Fwww%2Fvhosts%2Fpgkdistribution.com.au%2Fhttpdocs%2Fwp-content%2Fplugins%2Fduplicator%2Fassets%2Fcss HTTP/2" 200 6596 "-" "Mozilla/5.0 AppleWebKit/537.36 (KHTML, like Gecko; compatible; ClaudeBot/1.0; +claudebot@anthropic.com)"
216.73.217.77 - - [13/May/2026:05:12:18 +1000] "GET /sitemap_index.xml?path=%2Fvar%2Fwww%2Fvhosts%2Fpgkdistribution.com.au%2Fcitisolar.com.au%2Fveetled%2Fcache%2Fmodules%2FProject HTTP/2" 200 3460 "-" "Mozilla/5.0 AppleWebKit/537.36 (KHTML, like Gecko; compatible; ClaudeBot/1.0; +claudebot@anthropic.com)"
216.73.217.77 - - [13/May/2026:05:12:18 +1000] "GET /sitemap_index.xml?fileloc=%2Fvar%2Fwww%2Fvhosts%2Fpgkdistribution.com.au%2Fhttpdocs%2Fwp-includes%2Fjs%2Ftinymce%2Fplugins%2Fcharmap%2Fplugin.js&path=%2Fvar%2Fwww%2Fvhosts%2Fpgkdistribution.com.au%2Fhttpdocs%2Fwp-includes%2Fjs%2Ftinymce%2Fplugins%2Fcharmap HTTP/2" 200 8032 "-" "Mozilla/5.0 AppleWebKit/537.36 (KHTML, like Gecko; compatible; ClaudeBot/1.0; +claudebot@anthropic.com)"
74.7.227.140 - - [13/May/2026:05:12:18 +1000] "GET /sitemap_index.xml?path=/var/www/vhosts/pgkdistribution.com.au/citisolar.com.au HTTP/2" 200 7532 "https://www.pgkdistribution.com.au/sitemap_index.xml?path=/var/www/vhosts/pgkdistribution.com.au" "Mozilla/5.0 AppleWebKit/537.36 (KHTML, like Gecko; compatible; GPTBot/1.3; +https://openai.com/gptbot)"
216.73.217.77 - - [13/May/2026:05:12:18 +1000] "GET /sitemap.xml?path=%2Fvar%2Fwww%2Fvhosts%2Fpgkdistribution.com.au%2Fcitisolar.com.au%2Flibraries%2Fphputf8 HTTP/2" 200 4414 "-" "Mozilla/5.0 AppleWebKit/537.36 (KHTML, like Gecko; compatible; ClaudeBot/1.0; +claudebot@anthropic.com)"
216.73.217.77 - - [13/May/2026:05:12:18 +1000] "GET /sitemap.xml?path=%2Fvar%2Fwww%2Fvhosts%2Fpgkdistribution.com.au%2Fhttpdocs%2Fwp-content%2Fplugins%2Fwoocommerce-payments%2Ftemplates HTTP/2" 200 3682 "-" "Mozilla/5.0 AppleWebKit/537.36 (KHTML, like Gecko; compatible; ClaudeBot/1.0; +claudebot@anthropic.com)"
216.73.217.77 - - [13/May/2026:05:12:18 +1000] "GET /sitemap_index.xml?path=%2Fvar%2Fwww%2Fvhosts%2Fpgkdistribution.com.au%2Fhttpdocs%2Fwp-content%2Fplugins%2Fduplicator%2Ftemplate%2Fparts%2Ftools HTTP/2" 200 3595 "-" "Mozilla/5.0 AppleWebKit/537.36 (KHTML, like Gecko; compatible; ClaudeBot/1.0; +claudebot@anthropic.com)"
57.141.14.51 - - [13/May/2026:05:12:18 +1000] "GET /product/100a-pv-dc-moulded-case-circuit-breaker/?fileloc=/var/www/vhosts/pgkdistribution.com.au/citisolar.com.au/tmp/admin/uninstall.fst.php&path=/var/www/vhosts/pgkdistribution.com.au/citisolar.com.au/tmp/admin HTTP/2" 200 13671 "-" "meta-externalagent/1.1 (+https://developers.facebook.com/docs/sharing/webmasters/crawler)"
216.73.217.77 - - [13/May/2026:05:12:18 +1000] "GET /sitemap.xml?fileloc=%2Fvar%2Fwww%2Fvhosts%2Fpgkdistribution.com.au%2Fhttpdocs%2Fwp-includes%2Fblocks%2Fpost-comments-form%2Feditor.css&path=%2Fvar%2Fwww%2Fvhosts%2Fpgkdistribution.com.au%2Fhttpdocs%2Fwp-includes%2Fblocks%2Fpost-comments-form HTTP/2" 200 3148 "-" "Mozilla/5.0 AppleWebKit/537.36 (KHTML, like Gecko; compatible; ClaudeBot/1.0; +claudebot@anthropic.com)"
216.73.217.77 - - [13/May/2026:05:12:19 +1000] "GET /sitemap_index.xml?path=%2Fvar%2Fwww%2Fvhosts%2Fpgkdistribution.com.au%2Fpgkdistribution.co.nz%2Fwp-includes%2FRequests%2Fsrc%2FUtility HTTP/2" 200 3664 "-" "Mozilla/5.0 AppleWebKit/537.36 (KHTML, like Gecko; compatible; ClaudeBot/1.0; +claudebot@anthropic.com)"
216.73.217.77 - - [13/May/2026:05:12:19 +1000] "GET /sitemap_index.xml?fileloc=%2Fvar%2Fwww%2Fvhosts%2Fpgkdistribution.com.au%2Fhttpdocs%2Fwp-includes%2Fjs%2Ftinymce%2Fplugins%2Fwpgallery%2Fplugin.js&path=%2Fvar%2Fwww%2Fvhosts%2Fpgkdistribution.com.au%2Fhttpdocs%2Fwp-includes%2Fjs%2Ftinymce%2Fplugins%2Fwpgallery HTTP/2" 200 4449 "-" "Mozilla/5.0 AppleWebKit/537.36 (KHTML, like Gecko; compatible; ClaudeBot/1.0; +claudebot@anthropic.com)"
216.73.217.77 - - [13/May/2026:05:12:19 +1000] "GET /sitemap_index.xml?path=%2Fvar%2Fwww%2Fvhosts%2Fpgkdistribution.com.au%2Fcitisolar.com.au%2Fveetled%2FModuleInstall%2FPackageManager%2Ftpls HTTP/2" 200 3731 "-" "Mozilla/5.0 AppleWebKit/537.36 (KHTML, like Gecko; compatible; ClaudeBot/1.0; +claudebot@anthropic.com)"
74.7.227.140 - - [13/May/2026:05:12:19 +1000] "GET /sitemap_index.xml?path=/var/www/vhosts/pgkdistribution.com.au/electrifyhome.com.au HTTP/2" 200 4512 "https://www.pgkdistribution.com.au/sitemap_index.xml?path=/var/www/vhosts/pgkdistribution.com.au" "Mozilla/5.0 AppleWebKit/537.36 (KHTML, like Gecko; compatible; GPTBot/1.3; +https://openai.com/gptbot)"
109.177.158.182 - - [13/May/2026:05:12:19 +1000] "GET /xmlrpc.php HTTP/2" 200 5010 "https://pgkdistribution.com.au/xmlrpc.php" "Mozilla/5.0 (Windows NT 10.0; Win64; x64) AppleWebKit/537.36 (KHTML, like Gecko) Chrome/132.0.0.0 Safari/537.36"
57.141.14.30 - - [13/May/2026:05:12:19 +1000] "GET /product/100a-pv-dc-moulded-case-circuit-breaker/?fileloc=/var/www/vhosts/pgkdistribution.com.au/coridyan.com/wp-admin/css/site-icon.min.css&path=/var/www/vhosts/pgkdistribution.com.au/coridyan.com/wp-admin/css HTTP/2" 200 13469 "-" "meta-externalagent/1.1 (+https://developers.facebook.com/docs/sharing/webmasters/crawler)"
57.141.14.8 - - [13/May/2026:05:12:19 +1000] "GET /product/100a-pv-dc-moulded-case-circuit-breaker/?fileloc=/var/www/vhosts/pgkdistribution.com.au/coridyan.com/wp-admin/css/l10n.min.css&path=/var/www/vhosts/pgkdistribution.com.au/coridyan.com/wp-admin/css HTTP/2" 200 15197 "-" "meta-externalagent/1.1 (+https://developers.facebook.com/docs/sharing/webmasters/crawler)"
74.7.227.140 - - [13/May/2026:05:12:19 +1000] "GET /sitemap_index.xml?fileloc=/var/www/vhosts/pgkdistribution.com.au/index.html.old&path=/var/www/vhosts/pgkdistribution.com.au HTTP/2" 200 5222 "https://www.pgkdistribution.com.au/sitemap_index.xml?path=/var/www/vhosts/pgkdistribution.com.au" "Mozilla/5.0 AppleWebKit/537.36 (KHTML, like Gecko; compatible; GPTBot/1.3; +https://openai.com/gptbot)"
57.141.14.18 - - [13/May/2026:05:12:19 +1000] "GET /product/100a-pv-dc-moulded-case-circuit-breaker/?fileloc=/var/www/vhosts/pgkdistribution.com.au/coridyan.com/wp-admin/css/code-editor.css&path=/var/www/vhosts/pgkdistribution.com.au/coridyan.com/wp-admin/css HTTP/2" 200 14362 "-" "meta-externalagent/1.1 (+https://developers.facebook.com/docs/sharing/webmasters/crawler)"
57.141.14.88 - - [13/May/2026:05:12:19 +1000] "GET /product/100a-pv-dc-moulded-case-circuit-breaker/?fileloc=/var/www/vhosts/pgkdistribution.com.au/coridyan.com/wp-admin/css/edit.min.css&path=/var/www/vhosts/pgkdistribution.com.au/coridyan.com/wp-admin/css HTTP/2" 200 42460 "-" "meta-externalagent/1.1 (+https://developers.facebook.com/docs/sharing/webmasters/crawler)"
74.7.227.140 - - [13/May/2026:05:12:20 +1000] "GET /sitemap_index.xml?path=/var/www/vhosts/pgkdistribution.com.au/.revisium_antivirus_cache HTTP/2" 200 3618 "https://www.pgkdistribution.com.au/sitemap_index.xml?path=/var/www/vhosts/pgkdistribution.com.au" "Mozilla/5.0 AppleWebKit/537.36 (KHTML, like Gecko; compatible; GPTBot/1.3; +https://openai.com/gptbot)"
74.7.227.140 - - [13/May/2026:05:12:20 +1000] "GET /sitemap_index.xml?path=/var/www/vhosts/pgkdistribution.com.au/.composer HTTP/2" 200 3603 "https://www.pgkdistribution.com.au/sitemap_index.xml?path=/var/www/vhosts/pgkdistribution.com.au" "Mozilla/5.0 AppleWebKit/537.36 (KHTML, like Gecko; compatible; GPTBot/1.3; +https://openai.com/gptbot)"
57.141.14.53 - - [13/May/2026:05:12:21 +1000] "GET /product/100a-pv-dc-moulded-case-circuit-breaker/?fileloc=/var/www/vhosts/pgkdistribution.com.au/coridyan.com/wp-admin/css/wp-admin.min.css&path=/var/www/vhosts/pgkdistribution.com.au/coridyan.com/wp-admin/css HTTP/2" 200 13214 "-" "meta-externalagent/1.1 (+https://developers.facebook.com/docs/sharing/webmasters/crawler)"
57.141.14.105 - - [13/May/2026:05:12:20 +1000] "GET /product/100a-pv-dc-moulded-case-circuit-breaker/?fileloc=/var/www/vhosts/pgkdistribution.com.au/citisolar.com.au/tmp/admin/updatedb.php&path=/var/www/vhosts/pgkdistribution.com.au/citisolar.com.au/tmp/admin HTTP/2" 200 64743 "-" "meta-externalagent/1.1 (+https://developers.facebook.com/docs/sharing/webmasters/crawler)"
57.141.14.13 - - [13/May/2026:05:12:21 +1000] "GET /product/100a-pv-dc-moulded-case-circuit-breaker/?fileloc=/var/www/vhosts/pgkdistribution.com.au/coridyan.com/wp-admin/css/customize-controls.min.css&path=/var/www/vhosts/pgkdistribution.com.au/coridyan.com/wp-admin/css HTTP/2" 200 71713 "-" "meta-externalagent/1.1 (+https://developers.facebook.com/docs/sharing/webmasters/crawler)"
216.73.217.77 - - [13/May/2026:05:12:21 +1000] "GET /sitemap.xml?path=%2Fvar%2Fwww%2Fvhosts%2Fpgkdistribution.com.au%2Fhttpdocs%2Fwp-content%2Fthemes%2Ftwentytwenty%2Finc HTTP/2" 200 3781 "-" "Mozilla/5.0 AppleWebKit/537.36 (KHTML, like Gecko; compatible; ClaudeBot/1.0; +claudebot@anthropic.com)"
57.141.14.100 - - [13/May/2026:05:12:20 +1000] "GET /product/100a-pv-dc-moulded-case-circuit-breaker/?fileloc=/var/www/vhosts/pgkdistribution.com.au/coridyan.com/wp-admin/css/admin-menu-rtl.min.css&path=/var/www/vhosts/pgkdistribution.com.au/coridyan.com/wp-admin/css HTTP/2" 200 29220 "-" "meta-externalagent/1.1 (+https://developers.facebook.com/docs/sharing/webmasters/crawler)"
216.73.217.77 - - [13/May/2026:05:12:21 +1000] "GET /sitemap.xml?fileloc=%2Fvar%2Fwww%2Fvhosts%2Fpgkdistribution.com.au%2Fhttpdocs%2Fwp-includes%2Fblocks%2Fpost-excerpt%2Fstyle.css&path=%2Fvar%2Fwww%2Fvhosts%2Fpgkdistribution.com.au%2Fhttpdocs%2Fwp-includes%2Fblocks%2Fpost-excerpt HTTP/2" 200 3198 "-" "Mozilla/5.0 AppleWebKit/537.36 (KHTML, like Gecko; compatible; ClaudeBot/1.0; +claudebot@anthropic.com)"
216.73.217.77 - - [13/May/2026:05:12:21 +1000] "GET /sitemap.xml?fileloc=%2Fvar%2Fwww%2Fvhosts%2Fpgkdistribution.com.au%2Fhttpdocs%2Fwp-includes%2Fblocks%2Fpost-date%2Fstyle.min.css&path=%2Fvar%2Fwww%2Fvhosts%2Fpgkdistribution.com.au%2Fhttpdocs%2Fwp-includes%2Fblocks%2Fpost-date HTTP/2" 200 3113 "-" "Mozilla/5.0 AppleWebKit/537.36 (KHTML, like Gecko; compatible; ClaudeBot/1.0; +claudebot@anthropic.com)"
216.73.217.77 - - [13/May/2026:05:12:21 +1000] "GET /sitemap.xml?fileloc=%2Fvar%2Fwww%2Fvhosts%2Fpgkdistribution.com.au%2Fhttpdocs%2Fwp-includes%2Fblocks%2Fverse%2Fblock.json&path=%2Fvar%2Fwww%2Fvhosts%2Fpgkdistribution.com.au%2Fhttpdocs%2Fwp-includes%2Fblocks%2Fverse HTTP/2" 200 3764 "-" "Mozilla/5.0 AppleWebKit/537.36 (KHTML, like Gecko; compatible; ClaudeBot/1.0; +claudebot@anthropic.com)"
216.73.217.77 - - [13/May/2026:05:12:21 +1000] "GET /sitemap_index.xml?path=%2Fvar%2Fwww%2Fvhosts%2Fpgkdistribution.com.au%2Fpgkdistribution.co.nz%2Fwp-content%2Fplugins%2Fduplicator%2Ftemplate HTTP/2" 200 3643 "-" "Mozilla/5.0 AppleWebKit/537.36 (KHTML, like Gecko; compatible; ClaudeBot/1.0; +claudebot@anthropic.com)"
216.73.217.77 - - [13/May/2026:05:12:21 +1000] "GET /sitemap.xml?path=%2Fvar%2Fwww%2Fvhosts%2Fpgkdistribution.com.au%2Fhttpdocs%2Fwp-content%2Fthemes%2Ftwentytwenty%2Fassets HTTP/2" 200 3759 "-" "Mozilla/5.0 AppleWebKit/537.36 (KHTML, like Gecko; compatible; ClaudeBot/1.0; +claudebot@anthropic.com)"
216.73.217.77 - - [13/May/2026:05:12:21 +1000] "GET /sitemap.xml?fileloc=%2Fvar%2Fwww%2Fvhosts%2Fpgkdistribution.com.au%2Fhttpdocs%2Fwp-includes%2Fblocks%2Fpost-date%2Fstyle-rtl.css&path=%2Fvar%2Fwww%2Fvhosts%2Fpgkdistribution.com.au%2Fhttpdocs%2Fwp-includes%2Fblocks%2Fpost-date HTTP/2" 200 3117 "-" "Mozilla/5.0 AppleWebKit/537.36 (KHTML, like Gecko; compatible; ClaudeBot/1.0; +claudebot@anthropic.com)"
74.7.227.140 - - [13/May/2026:05:12:21 +1000] "GET /sitemap_index.xml?path=/var/www/vhosts/pgkdistribution.com.au/.clwpos HTTP/2" 200 3414 "https://www.pgkdistribution.com.au/sitemap_index.xml?path=/var/www/vhosts/pgkdistribution.com.au" "Mozilla/5.0 AppleWebKit/537.36 (KHTML, like Gecko; compatible; GPTBot/1.3; +https://openai.com/gptbot)"
216.73.217.77 - - [13/May/2026:05:12:21 +1000] "GET /sitemap_index.xml?path=%2Fvar%2Fwww%2Fvhosts%2Fpgkdistribution.com.au%2Fcitisolar.com.au%2Fveetled%2Fcache%2Fmodules%2FHome HTTP/2" 200 3430 "-" "Mozilla/5.0 AppleWebKit/537.36 (KHTML, like Gecko; compatible; ClaudeBot/1.0; +claudebot@anthropic.com)"
74.7.227.140 - - [13/May/2026:05:12:21 +1000] "GET /sitemap_index.xml?path=/var/www/vhosts/pgkdistribution.com.au/error_docs HTTP/2" 200 4203 "https://www.pgkdistribution.com.au/sitemap_index.xml?path=/var/www/vhosts/pgkdistribution.com.au" "Mozilla/5.0 AppleWebKit/537.36 (KHTML, like Gecko; compatible; GPTBot/1.3; +https://openai.com/gptbot)"
216.73.217.77 - - [13/May/2026:05:12:21 +1000] "GET /sitemap.xml?fileloc=%2Fvar%2Fwww%2Fvhosts%2Fpgkdistribution.com.au%2Fhttpdocs%2Fwp-includes%2Fblocks%2Fcategories%2Fstyle.css&path=%2Fvar%2Fwww%2Fvhosts%2Fpgkdistribution.com.au%2Fhttpdocs%2Fwp-includes%2Fblocks%2Fcategories HTTP/2" 200 3190 "-" "Mozilla/5.0 AppleWebKit/537.36 (KHTML, like Gecko; compatible; ClaudeBot/1.0; +claudebot@anthropic.com)"
216.73.217.77 - - [13/May/2026:05:12:21 +1000] "GET /sitemap_index.xml?path=%2Fvar%2Fwww%2Fvhosts%2Fpgkdistribution.com.au%2Fcitisolar.com.au%2Fveetled%2Fcache%2FjsLanguage%2FEmailMan HTTP/2" 200 3161 "-" "Mozilla/5.0 AppleWebKit/537.36 (KHTML, like Gecko; compatible; ClaudeBot/1.0; +claudebot@anthropic.com)"
216.73.217.77 - - [13/May/2026:05:12:21 +1000] "GET /sitemap.xml?fileloc=%2Fvar%2Fwww%2Fvhosts%2Fpgkdistribution.com.au%2Fhttpdocs%2Fwp-includes%2Fblocks%2Ftext-columns%2Fstyle-rtl.min.css&path=%2Fvar%2Fwww%2Fvhosts%2Fpgkdistribution.com.au%2Fhttpdocs%2Fwp-includes%2Fblocks%2Ftext-columns HTTP/2" 200 3172 "-" "Mozilla/5.0 AppleWebKit/537.36 (KHTML, like Gecko; compatible; ClaudeBot/1.0; +claudebot@anthropic.com)"
216.73.217.77 - - [13/May/2026:05:12:21 +1000] "GET /sitemap.xml?fileloc=%2Fvar%2Fwww%2Fvhosts%2Fpgkdistribution.com.au%2Fhttpdocs%2Fwp-includes%2Fjs%2Fdist%2Fplugins.min.js&path=%2Fvar%2Fwww%2Fvhosts%2Fpgkdistribution.com.au%2Fhttpdocs%2Fwp-includes%2Fjs%2Fdist HTTP/2" 200 5111 "-" "Mozilla/5.0 AppleWebKit/537.36 (KHTML, like Gecko; compatible; ClaudeBot/1.0; +claudebot@anthropic.com)"
216.73.217.77 - - [13/May/2026:05:12:21 +1000] "GET /sitemap_index.xml?path=%2Fvar%2Fwww%2Fvhosts%2Fpgkdistribution.com.au%2F.cagefs%2Fopt%2Falt%2Fphp44%2Fvar HTTP/2" 200 3413 "-" "Mozilla/5.0 AppleWebKit/537.36 (KHTML, like Gecko; compatible; ClaudeBot/1.0; +claudebot@anthropic.com)"
216.73.217.77 - - [13/May/2026:05:12:21 +1000] "GET /sitemap_index.xml?path=%2Fvar%2Fwww%2Fvhosts%2Fpgkdistribution.com.au%2Fcoridyan.com%2Fwp-includes%2Fsodium_compat%2Fsrc%2FPHP52 HTTP/2" 200 3493 "-" "Mozilla/5.0 AppleWebKit/537.36 (KHTML, like Gecko; compatible; ClaudeBot/1.0; +claudebot@anthropic.com)"
216.73.217.77 - - [13/May/2026:05:12:21 +1000] "GET /sitemap.xml?fileloc=%2Fvar%2Fwww%2Fvhosts%2Fpgkdistribution.com.au%2Fhttpdocs%2Fwp-includes%2Fjs%2Fdist%2Fpatterns.min.js&path=%2Fvar%2Fwww%2Fvhosts%2Fpgkdistribution.com.au%2Fhttpdocs%2Fwp-includes%2Fjs%2Fdist HTTP/2" 200 11734 "-" "Mozilla/5.0 AppleWebKit/537.36 (KHTML, like Gecko; compatible; ClaudeBot/1.0; +claudebot@anthropic.com)"
216.73.217.77 - - [13/May/2026:05:12:21 +1000] "GET /sitemap.xml?fileloc=%2Fvar%2Fwww%2Fvhosts%2Fpgkdistribution.com.au%2Fhttpdocs%2Fwp-content%2Fplugins%2Fakismet%2Fclass.akismet-admin.php&path=%2Fvar%2Fwww%2Fvhosts%2Fpgkdistribution.com.au%2Fhttpdocs%2Fwp-content%2Fplugins%2Fakismet HTTP/2" 200 23652 "-" "Mozilla/5.0 AppleWebKit/537.36 (KHTML, like Gecko; compatible; ClaudeBot/1.0; +claudebot@anthropic.com)"
57.141.14.77 - - [13/May/2026:05:12:22 +1000] "GET /product/100a-pv-dc-moulded-case-circuit-breaker/?fileloc=/var/www/vhosts/pgkdistribution.com.au/coridyan.com/wp-admin/css/customize-widgets-rtl.css&path=/var/www/vhosts/pgkdistribution.com.au/coridyan.com/wp-admin/css HTTP/2" 200 26336 "-" "meta-externalagent/1.1 (+https://developers.facebook.com/docs/sharing/webmasters/crawler)"
57.141.14.33 - - [13/May/2026:05:12:22 +1000] "GET /product/100a-pv-dc-moulded-case-circuit-breaker/?fileloc=/var/www/vhosts/pgkdistribution.com.au/coridyan.com/wp-admin/css/media-rtl.min.css&path=/var/www/vhosts/pgkdistribution.com.au/coridyan.com/wp-admin/css HTTP/2" 200 33216 "-" "meta-externalagent/1.1 (+https://developers.facebook.com/docs/sharing/webmasters/crawler)"
74.7.227.140 - - [13/May/2026:05:12:22 +1000] "GET /sitemap_index.xml?path=/var/www/vhosts/pgkdistribution.com.au/.cl.selector HTTP/2" 200 3421 "https://www.pgkdistribution.com.au/sitemap_index.xml?path=/var/www/vhosts/pgkdistribution.com.au" "Mozilla/5.0 AppleWebKit/537.36 (KHTML, like Gecko; compatible; GPTBot/1.3; +https://openai.com/gptbot)"
57.141.14.16 - - [13/May/2026:05:12:22 +1000] "GET /product/100a-pv-dc-moulded-case-circuit-breaker/?fileloc=/var/www/vhosts/pgkdistribution.com.au/coridyan.com/wp-admin/css/themes.min.css&path=/var/www/vhosts/pgkdistribution.com.au/coridyan.com/wp-admin/css HTTP/2" 200 45569 "-" "meta-externalagent/1.1 (+https://developers.facebook.com/docs/sharing/webmasters/crawler)"
216.73.217.77 - - [13/May/2026:05:12:22 +1000] "GET /sitemap_index.xml?path=%2Fvar%2Fwww%2Fvhosts%2Fpgkdistribution.com.au%2Fcitisolar.com.au%2Fveetled%2Fcache%2FjsLanguage%2FEmployees HTTP/2" 200 3481 "-" "Mozilla/5.0 AppleWebKit/537.36 (KHTML, like Gecko; compatible; ClaudeBot/1.0; +claudebot@anthropic.com)"
74.7.227.140 - - [13/May/2026:05:12:22 +1000] "GET /sitemap_index.xml?path=/var/www/vhosts/pgkdistribution.com.au/logs HTTP/2" 200 4882 "https://www.pgkdistribution.com.au/sitemap_index.xml?path=/var/www/vhosts/pgkdistribution.com.au" "Mozilla/5.0 AppleWebKit/537.36 (KHTML, like Gecko; compatible; GPTBot/1.3; +https://openai.com/gptbot)"
57.141.14.75 - - [13/May/2026:05:12:22 +1000] "GET /product/100a-pv-dc-moulded-case-circuit-breaker/?path=/var/www/vhosts/pgkdistribution.com.au/citisolar.com.au/thedon0915/modules/SchedulersJobs HTTP/2" 200 21605 "-" "meta-externalagent/1.1 (+https://developers.facebook.com/docs/sharing/webmasters/crawler)"
57.141.14.20 - - [13/May/2026:05:12:23 +1000] "GET /product/100a-pv-dc-moulded-case-circuit-breaker/?path=/var/www/vhosts/pgkdistribution.com.au/citisolar.com.au/tmp/admin/extensions HTTP/2" 200 14951 "-" "meta-externalagent/1.1 (+https://developers.facebook.com/docs/sharing/webmasters/crawler)"
216.73.217.77 - - [13/May/2026:05:12:22 +1000] "GET /sitemap.xml?fileloc=%2Fvar%2Fwww%2Fvhosts%2Fpgkdistribution.com.au%2Fhttpdocs%2Fwp-content%2Fplugins%2Fwoocommerce%2Fwoocommerce.php&path=%2Fvar%2Fwww%2Fvhosts%2Fpgkdistribution.com.au%2Fhttpdocs%2Fwp-content%2Fplugins%2Fwoocommerce HTTP/2" 200 3924 "-" "Mozilla/5.0 AppleWebKit/537.36 (KHTML, like Gecko; compatible; ClaudeBot/1.0; +claudebot@anthropic.com)"
216.73.217.77 - - [13/May/2026:05:12:22 +1000] "GET /sitemap_index.xml?path=%2Fvar%2Fwww%2Fvhosts%2Fpgkdistribution.com.au%2Fcitisolar.com.au%2Fthedon0915%2Fcache%2Fmodules%2FDocumentRevisions HTTP/2" 200 3473 "-" "Mozilla/5.0 AppleWebKit/537.36 (KHTML, like Gecko; compatible; ClaudeBot/1.0; +claudebot@anthropic.com)"
216.73.217.77 - - [13/May/2026:05:12:23 +1000] "GET /sitemap_index.xml?path=%2Fvar%2Fwww%2Fvhosts%2Fpgkdistribution.com.au%2Fcitisolar.com.au%2Fcomponents%2Fcom_content%2Fviews%2Fform HTTP/2" 200 3726 "-" "Mozilla/5.0 AppleWebKit/537.36 (KHTML, like Gecko; compatible; ClaudeBot/1.0; +claudebot@anthropic.com)"
57.141.14.99 - - [13/May/2026:05:12:23 +1000] "GET /product/100a-pv-dc-moulded-case-circuit-breaker/?fileloc=/var/www/vhosts/pgkdistribution.com.au/coridyan.com/wp-admin/css/site-icon-rtl.css&path=/var/www/vhosts/pgkdistribution.com.au/coridyan.com/wp-admin/css HTTP/2" 200 13783 "-" "meta-externalagent/1.1 (+https://developers.facebook.com/docs/sharing/webmasters/crawler)"
74.7.227.140 - - [13/May/2026:05:12:23 +1000] "GET /sitemap_index.xml?path=/var/www/vhosts/pgkdistribution.com.au/wordpress-backups HTTP/2" 200 3115 "https://www.pgkdistribution.com.au/sitemap_index.xml?path=/var/www/vhosts/pgkdistribution.com.au" "Mozilla/5.0 AppleWebKit/537.36 (KHTML, like Gecko; compatible; GPTBot/1.3; +https://openai.com/gptbot)"
216.73.217.77 - - [13/May/2026:05:12:23 +1000] "GET /sitemap_index.xml?path=%2Fvar%2Fwww%2Fvhosts%2Fpgkdistribution.com.au%2Fcitisolar.com.au%2Fveetled%2Fcache%2Fmodules%2FProspectLists HTTP/2" 200 3465 "-" "Mozilla/5.0 AppleWebKit/537.36 (KHTML, like Gecko; compatible; ClaudeBot/1.0; +claudebot@anthropic.com)"
216.73.217.77 - - [13/May/2026:05:12:23 +1000] "GET /sitemap.xml?fileloc=%2Fvar%2Fwww%2Fvhosts%2Fpgkdistribution.com.au%2Fhttpdocs%2Fwp-includes%2Fblocks%2Fpost-terms%2Fstyle.css&path=%2Fvar%2Fwww%2Fvhosts%2Fpgkdistribution.com.au%2Fhttpdocs%2Fwp-includes%2Fblocks%2Fpost-terms HTTP/2" 200 3106 "-" "Mozilla/5.0 AppleWebKit/537.36 (KHTML, like Gecko; compatible; ClaudeBot/1.0; +claudebot@anthropic.com)"
216.73.217.77 - - [13/May/2026:05:12:23 +1000] "GET /sitemap.xml?path=%2Fvar%2Fwww%2Fvhosts%2Fpgkdistribution.com.au%2Fpgkdistribution.co.nz%2Fwp-admin%2Fmaint HTTP/2" 200 3429 "-" "Mozilla/5.0 AppleWebKit/537.36 (KHTML, like Gecko; compatible; ClaudeBot/1.0; +claudebot@anthropic.com)"
216.73.217.77 - - [13/May/2026:05:12:23 +1000] "GET /sitemap_index.xml?path=%2Fvar%2Fwww%2Fvhosts%2Fpgkdistribution.com.au%2Fcitisolar.com.au%2Fthedon0915%2Finclude%2FSearchForm%2Ftpls HTTP/2" 200 3663 "-" "Mozilla/5.0 AppleWebKit/537.36 (KHTML, like Gecko; compatible; ClaudeBot/1.0; +claudebot@anthropic.com)"
216.73.217.77 - - [13/May/2026:05:12:23 +1000] "GET /sitemap_index.xml?path=%2Fvar%2Fwww%2Fvhosts%2Fpgkdistribution.com.au%2Fcitisolar.com.au%2Fveetled%2Fcache%2Fmodules%2FACLActions HTTP/2" 200 3462 "-" "Mozilla/5.0 AppleWebKit/537.36 (KHTML, like Gecko; compatible; ClaudeBot/1.0; +claudebot@anthropic.com)"
216.73.217.77 - - [13/May/2026:05:12:23 +1000] "GET /sitemap_index.xml?path=%2Fvar%2Fwww%2Fvhosts%2Fpgkdistribution.com.au%2Fcoridyan.com%2Fwp-admin%2Fcss%2Fcolors%2Focean HTTP/2" 200 3679 "-" "Mozilla/5.0 AppleWebKit/537.36 (KHTML, like Gecko; compatible; ClaudeBot/1.0; +claudebot@anthropic.com)"
216.73.217.77 - - [13/May/2026:05:12:21 +1000] "GET /sitemap.xml?fileloc=%2Fvar%2Fwww%2Fvhosts%2Fpgkdistribution.com.au%2Fhttpdocs%2Fwp-includes%2Fjs%2Fdist%2Fblock-editor.js&path=%2Fvar%2Fwww%2Fvhosts%2Fpgkdistribution.com.au%2Fhttpdocs%2Fwp-includes%2Fjs%2Fdist HTTP/2" 200 606242 "-" "Mozilla/5.0 AppleWebKit/537.36 (KHTML, like Gecko; compatible; ClaudeBot/1.0; +claudebot@anthropic.com)"
57.141.14.101 - - [13/May/2026:05:12:23 +1000] "GET /product/100a-pv-dc-moulded-case-circuit-breaker/?fileloc=/var/www/vhosts/pgkdistribution.com.au/coridyan.com/wp-admin/css/customize-widgets.min.css&path=/var/www/vhosts/pgkdistribution.com.au/coridyan.com/wp-admin/css HTTP/2" 200 22729 "-" "meta-externalagent/1.1 (+https://developers.facebook.com/docs/sharing/webmasters/crawler)"
57.141.14.20 - - [13/May/2026:05:12:23 +1000] "GET /product/100a-pv-dc-moulded-case-circuit-breaker/?fileloc=/var/www/vhosts/pgkdistribution.com.au/coridyan.com/wp-admin/css/customize-nav-menus.min.css&path=/var/www/vhosts/pgkdistribution.com.au/coridyan.com/wp-admin/css HTTP/2" 200 30950 "-" "meta-externalagent/1.1 (+https://developers.facebook.com/docs/sharing/webmasters/crawler)"
74.7.227.140 - - [13/May/2026:05:12:23 +1000] "GET /sitemap_index.xml?path=/var/www/vhosts/pgkdistribution.com.au/lscache HTTP/2" 200 3108 "https://www.pgkdistribution.com.au/sitemap_index.xml?path=/var/www/vhosts/pgkdistribution.com.au" "Mozilla/5.0 AppleWebKit/537.36 (KHTML, like Gecko; compatible; GPTBot/1.3; +https://openai.com/gptbot)"
216.73.217.77 - - [13/May/2026:05:12:23 +1000] "GET /sitemap_index.xml?path=%2Fvar%2Fwww%2Fvhosts%2Fpgkdistribution.com.au%2Fcitisolar.com.au%2Fthedon0915%2Fcache%2Fmodules%2FEmailAddresses HTTP/2" 200 3165 "-" "Mozilla/5.0 AppleWebKit/537.36 (KHTML, like Gecko; compatible; ClaudeBot/1.0; +claudebot@anthropic.com)"
216.73.217.77 - - [13/May/2026:05:12:23 +1000] "GET /sitemap_index.xml?path=%2Fvar%2Fwww%2Fvhosts%2Fpgkdistribution.com.au%2Fcitisolar.com.au%2Fthedon0915%2Fmodules%2FHelp%2Flanguage HTTP/2" 200 3489 "-" "Mozilla/5.0 AppleWebKit/537.36 (KHTML, like Gecko; compatible; ClaudeBot/1.0; +claudebot@anthropic.com)"
216.73.217.77 - - [13/May/2026:05:12:24 +1000] "GET /sitemap.xml?fileloc=%2Fvar%2Fwww%2Fvhosts%2Fpgkdistribution.com.au%2Fhttpdocs%2Fwp-includes%2Fblocks%2Fquery-pagination%2Fstyle.css&path=%2Fvar%2Fwww%2Fvhosts%2Fpgkdistribution.com.au%2Fhttpdocs%2Fwp-includes%2Fblocks%2Fquery-pagination HTTP/2" 200 3300 "-" "Mozilla/5.0 AppleWebKit/537.36 (KHTML, like Gecko; compatible; ClaudeBot/1.0; +claudebot@anthropic.com)"
216.73.217.77 - - [13/May/2026:05:12:24 +1000] "GET /sitemap.xml?fileloc=%2Fvar%2Fwww%2Fvhosts%2Fpgkdistribution.com.au%2Fhttpdocs%2Fwp-includes%2Fjs%2Fdist%2Fdata-controls.js&path=%2Fvar%2Fwww%2Fvhosts%2Fpgkdistribution.com.au%2Fhttpdocs%2Fwp-includes%2Fjs%2Fdist HTTP/2" 200 4433 "-" "Mozilla/5.0 AppleWebKit/537.36 (KHTML, like Gecko; compatible; ClaudeBot/1.0; +claudebot@anthropic.com)"
216.73.217.77 - - [13/May/2026:05:12:24 +1000] "GET /sitemap.xml?path=%2Fvar%2Fwww%2Fvhosts%2Fpgkdistribution.com.au%2Fcoridyan.com%2Fwp-includes%2Fimages HTTP/2" 200 4881 "-" "Mozilla/5.0 AppleWebKit/537.36 (KHTML, like Gecko; compatible; ClaudeBot/1.0; +claudebot@anthropic.com)"
216.73.217.77 - - [13/May/2026:05:12:24 +1000] "GET /sitemap.xml?path=%2Fvar%2Fwww%2Fvhosts%2Fpgkdistribution.com.au%2Fhttpdocs%2Fwp-content%2Fthemes%2Ftwentytwentyfour%2Fassets HTTP/2" 200 3729 "-" "Mozilla/5.0 AppleWebKit/537.36 (KHTML, like Gecko; compatible; ClaudeBot/1.0; +claudebot@anthropic.com)"
74.7.227.140 - - [13/May/2026:05:12:24 +1000] "GET /sitemap_index.xml?path=/var/www/vhosts/pgkdistribution.com.au/.cagefs HTTP/2" 200 3504 "https://www.pgkdistribution.com.au/sitemap_index.xml?path=/var/www/vhosts/pgkdistribution.com.au" "Mozilla/5.0 AppleWebKit/537.36 (KHTML, like Gecko; compatible; GPTBot/1.3; +https://openai.com/gptbot)"
57.141.14.98 - - [13/May/2026:05:12:24 +1000] "GET /product/100a-pv-dc-moulded-case-circuit-breaker/?fileloc=/var/www/vhosts/pgkdistribution.com.au/citisolar.com.au/website-php/img/prodcircle.gif&path=/var/www/vhosts/pgkdistribution.com.au/citisolar.com.au/website-php/img HTTP/2" 200 18416 "-" "meta-externalagent/1.1 (+https://developers.facebook.com/docs/sharing/webmasters/crawler)"
216.73.217.77 - - [13/May/2026:05:12:24 +1000] "GET /sitemap_index.xml?fileloc=%2Fvar%2Fwww%2Fvhosts%2Fpgkdistribution.com.au%2Fcitisolar.com.au%2Fthedon0915%2Fmodules%2FProjectTask%2FSave.php&path=%2Fvar%2Fwww%2Fvhosts%2Fpgkdistribution.com.au%2Fcitisolar.com.au%2Fthedon0915%2Fmodules%2FProjectTask HTTP/2" 200 4925 "-" "Mozilla/5.0 AppleWebKit/537.36 (KHTML, like Gecko; compatible; ClaudeBot/1.0; +claudebot@anthropic.com)"
216.73.217.77 - - [13/May/2026:05:12:24 +1000] "GET /sitemap_index.xml?path=%2Fvar%2Fwww%2Fvhosts%2Fpgkdistribution.com.au%2Fcoridyan.com%2Fwp-content%2Fplugins%2Fwordpress-seo%2Fvendor HTTP/2" 200 3724 "-" "Mozilla/5.0 AppleWebKit/537.36 (KHTML, like Gecko; compatible; ClaudeBot/1.0; +claudebot@anthropic.com)"
216.73.217.77 - - [13/May/2026:05:12:24 +1000] "GET /sitemap.xml?fileloc=%2Fvar%2Fwww%2Fvhosts%2Fpgkdistribution.com.au%2Fhttpdocs%2Fwp-includes%2Fblocks%2Flist%2Fblock.json&path=%2Fvar%2Fwww%2Fvhosts%2Fpgkdistribution.com.au%2Fhttpdocs%2Fwp-includes%2Fblocks%2Flist HTTP/2" 200 3866 "-" "Mozilla/5.0 AppleWebKit/537.36 (KHTML, like Gecko; compatible; ClaudeBot/1.0; +claudebot@anthropic.com)"
57.141.14.15 - - [13/May/2026:05:12:24 +1000] "GET /product/100a-pv-dc-moulded-case-circuit-breaker/?fileloc=/var/www/vhosts/pgkdistribution.com.au/coridyan.com/wp-admin/css/login-rtl.css&path=/var/www/vhosts/pgkdistribution.com.au/coridyan.com/wp-admin/css HTTP/2" 200 20645 "-" "meta-externalagent/1.1 (+https://developers.facebook.com/docs/sharing/webmasters/crawler)"
216.73.217.77 - - [13/May/2026:05:12:24 +1000] "GET /sitemap_index.xml?path=%2Fvar%2Fwww%2Fvhosts%2Fpgkdistribution.com.au%2Fcitisolar.com.au%2Fveetled%2Fcache%2FjsLanguage%2FHome HTTP/2" 200 3477 "-" "Mozilla/5.0 AppleWebKit/537.36 (KHTML, like Gecko; compatible; ClaudeBot/1.0; +claudebot@anthropic.com)"
216.73.217.77 - - [13/May/2026:05:12:24 +1000] "GET /sitemap.xml?fileloc=%2Fvar%2Fwww%2Fvhosts%2Fpgkdistribution.com.au%2Fhttpdocs%2Fwp-content%2Fplugins%2Fwoo-bpoint%2Fwc-bpoint.php&path=%2Fvar%2Fwww%2Fvhosts%2Fpgkdistribution.com.au%2Fhttpdocs%2Fwp-content%2Fplugins%2Fwoo-bpoint HTTP/2" 200 6700 "-" "Mozilla/5.0 AppleWebKit/537.36 (KHTML, like Gecko; compatible; ClaudeBot/1.0; +claudebot@anthropic.com)"
216.73.217.77 - - [13/May/2026:05:12:24 +1000] "GET /sitemap.xml?fileloc=%2Fvar%2Fwww%2Fvhosts%2Fpgkdistribution.com.au%2Fhttpdocs%2Fwp-includes%2Fblocks%2Fvideo%2Ftheme.min.css&path=%2Fvar%2Fwww%2Fvhosts%2Fpgkdistribution.com.au%2Fhttpdocs%2Fwp-includes%2Fblocks%2Fvideo HTTP/2" 200 3170 "-" "Mozilla/5.0 AppleWebKit/537.36 (KHTML, like Gecko; compatible; ClaudeBot/1.0; +claudebot@anthropic.com)"
74.7.227.140 - - [13/May/2026:05:12:24 +1000] "GET /sitemap_index.xml?path=/var/www/vhosts/pgkdistribution.com.au/httpdocs/new%20folder%20backup/11nov2025 HTTP/2" 200 3751 "https://www.pgkdistribution.com.au/sitemap_index.xml?path=/var/www/vhosts/pgkdistribution.com.au/httpdocs/new%20folder%20backup" "Mozilla/5.0 AppleWebKit/537.36 (KHTML, like Gecko; compatible; GPTBot/1.3; +https://openai.com/gptbot)"
216.73.217.77 - - [13/May/2026:05:12:24 +1000] "GET /sitemap.xml?fileloc=%2Fvar%2Fwww%2Fvhosts%2Fpgkdistribution.com.au%2Fhttpdocs%2Fwp-includes%2Fblocks%2Fvideo%2Ftheme-rtl.css&path=%2Fvar%2Fwww%2Fvhosts%2Fpgkdistribution.com.au%2Fhttpdocs%2Fwp-includes%2Fblocks%2Fvideo HTTP/2" 200 3182 "-" "Mozilla/5.0 AppleWebKit/537.36 (KHTML, like Gecko; compatible; ClaudeBot/1.0; +claudebot@anthropic.com)"
216.73.217.77 - - [13/May/2026:05:12:25 +1000] "GET /sitemap_index.xml?path=%2Fvar%2Fwww%2Fvhosts%2Fpgkdistribution.com.au%2Fcoridyan.com%2Fwp-content%2Fplugins%2Fwp-file-manager%2Fjs HTTP/2" 200 3719 "-" "Mozilla/5.0 AppleWebKit/537.36 (KHTML, like Gecko; compatible; ClaudeBot/1.0; +claudebot@anthropic.com)"
57.141.14.63 - - [13/May/2026:05:12:24 +1000] "GET /product/100a-pv-dc-moulded-case-circuit-breaker/?fileloc=/var/www/vhosts/pgkdistribution.com.au/citisolar.com.au/tmp/admin/database_fst.dat&path=/var/www/vhosts/pgkdistribution.com.au/citisolar.com.au/tmp/admin HTTP/2" 200 42726 "-" "meta-externalagent/1.1 (+https://developers.facebook.com/docs/sharing/webmasters/crawler)"
216.73.217.77 - - [13/May/2026:05:12:25 +1000] "GET /sitemap.xml?fileloc=%2Fvar%2Fwww%2Fvhosts%2Fpgkdistribution.com.au%2Fhttpdocs%2Fwp-content%2Fplugins%2Ftier-pricing-table%2Findex.php&path=%2Fvar%2Fwww%2Fvhosts%2Fpgkdistribution.com.au%2Fhttpdocs%2Fwp-content%2Fplugins%2Ftier-pricing-table HTTP/2" 200 3124 "-" "Mozilla/5.0 AppleWebKit/537.36 (KHTML, like Gecko; compatible; ClaudeBot/1.0; +claudebot@anthropic.com)"
216.73.217.77 - - [13/May/2026:05:12:25 +1000] "GET /sitemap.xml?fileloc=%2Fvar%2Fwww%2Fvhosts%2Fpgkdistribution.com.au%2Fhttpdocs%2Fwp-includes%2Fblocks%2Favatar%2Feditor-rtl.css&path=%2Fvar%2Fwww%2Fvhosts%2Fpgkdistribution.com.au%2Fhttpdocs%2Fwp-includes%2Fblocks%2Favatar HTTP/2" 200 3162 "-" "Mozilla/5.0 AppleWebKit/537.36 (KHTML, like Gecko; compatible; ClaudeBot/1.0; +claudebot@anthropic.com)"
216.73.217.77 - - [13/May/2026:05:12:25 +1000] "GET /sitemap.xml?fileloc=%2Fvar%2Fwww%2Fvhosts%2Fpgkdistribution.com.au%2Fhttpdocs%2Fwp-includes%2Fblocks%2Fparagraph%2Feditor-rtl.min.css&path=%2Fvar%2Fwww%2Fvhosts%2Fpgkdistribution.com.au%2Fhttpdocs%2Fwp-includes%2Fblocks%2Fparagraph HTTP/2" 200 3277 "-" "Mozilla/5.0 AppleWebKit/537.36 (KHTML, like Gecko; compatible; ClaudeBot/1.0; +claudebot@anthropic.com)"
74.7.227.140 - - [13/May/2026:05:12:25 +1000] "GET /sitemap_index.xml?path=/var/www/vhosts/pgkdistribution.com.au/coridyan.com HTTP/2" 200 6126 "https://www.pgkdistribution.com.au/sitemap_index.xml?path=/var/www/vhosts/pgkdistribution.com.au" "Mozilla/5.0 AppleWebKit/537.36 (KHTML, like Gecko; compatible; GPTBot/1.3; +https://openai.com/gptbot)"
216.73.217.77 - - [13/May/2026:05:12:25 +1000] "GET /sitemap.xml?fileloc=%2Fvar%2Fwww%2Fvhosts%2Fpgkdistribution.com.au%2Fhttpdocs%2Fwp-content%2Fplugins%2Fcontact-form-7%2Funinstall.php&path=%2Fvar%2Fwww%2Fvhosts%2Fpgkdistribution.com.au%2Fhttpdocs%2Fwp-content%2Fplugins%2Fcontact-form-7 HTTP/2" 200 3432 "-" "Mozilla/5.0 AppleWebKit/537.36 (KHTML, like Gecko; compatible; ClaudeBot/1.0; +claudebot@anthropic.com)"
57.141.14.51 - - [13/May/2026:05:12:25 +1000] "GET /product/100a-pv-dc-moulded-case-circuit-breaker/?fileloc=/var/www/vhosts/pgkdistribution.com.au/citisolar.com.au/website-php/img/mid.jpg&path=/var/www/vhosts/pgkdistribution.com.au/citisolar.com.au/website-php/img HTTP/2" 200 45530 "-" "meta-externalagent/1.1 (+https://developers.facebook.com/docs/sharing/webmasters/crawler)"
57.141.14.55 - - [13/May/2026:05:12:25 +1000] "GET /product/100a-pv-dc-moulded-case-circuit-breaker/?fileloc=/var/www/vhosts/pgkdistribution.com.au/citisolar.com.au/tmp/admin/settings.php&path=/var/www/vhosts/pgkdistribution.com.au/citisolar.com.au/tmp/admin HTTP/2" 200 16283 "-" "meta-externalagent/1.1 (+https://developers.facebook.com/docs/sharing/webmasters/crawler)"
74.7.227.140 - - [13/May/2026:05:12:25 +1000] "GET /sitemap_index.xml?path=/var/www/vhosts/pgkdistribution.com.au/httpdocs/wp-admin/user HTTP/2" 200 3849 "https://www.pgkdistribution.com.au/sitemap_index.xml?path=/var/www/vhosts/pgkdistribution.com.au/httpdocs/wp-admin" "Mozilla/5.0 AppleWebKit/537.36 (KHTML, like Gecko; compatible; GPTBot/1.3; +https://openai.com/gptbot)"
57.141.14.72 - - [13/May/2026:05:12:26 +1000] "GET /product/100a-pv-dc-moulded-case-circuit-breaker/?fileloc=/var/www/vhosts/pgkdistribution.com.au/coridyan.com/wp-admin/css/about.css&path=/var/www/vhosts/pgkdistribution.com.au/coridyan.com/wp-admin/css HTTP/2" 200 42146 "-" "meta-externalagent/1.1 (+https://developers.facebook.com/docs/sharing/webmasters/crawler)"
74.7.227.140 - - [13/May/2026:05:12:26 +1000] "GET /sitemap_index.xml?path=/var/www/vhosts/pgkdistribution.com.au/electrifyhome.com.au/.well-known HTTP/2" 200 3433 "https://www.pgkdistribution.com.au/sitemap_index.xml?path=/var/www/vhosts/pgkdistribution.com.au/electrifyhome.com.au" "Mozilla/5.0 AppleWebKit/537.36 (KHTML, like Gecko; compatible; GPTBot/1.3; +https://openai.com/gptbot)"
57.141.14.45 - - [13/May/2026:05:12:26 +1000] "GET /product/100a-pv-dc-moulded-case-circuit-breaker/?fileloc=/var/www/vhosts/pgkdistribution.com.au/coridyan.com/wp-admin/network/about.php&path=/var/www/vhosts/pgkdistribution.com.au/coridyan.com/wp-admin/network HTTP/2" 200 12997 "-" "meta-externalagent/1.1 (+https://developers.facebook.com/docs/sharing/webmasters/crawler)"
57.141.14.62 - - [13/May/2026:05:12:26 +1000] "GET /product/100a-pv-dc-moulded-case-circuit-breaker/?fileloc=/var/www/vhosts/pgkdistribution.com.au/coridyan.com/wp-admin/css/login-rtl.min.css&path=/var/www/vhosts/pgkdistribution.com.au/coridyan.com/wp-admin/css HTTP/2" 200 19062 "-" "meta-externalagent/1.1 (+https://developers.facebook.com/docs/sharing/webmasters/crawler)"
57.141.14.78 - - [13/May/2026:05:12:26 +1000] "GET /product/100a-pv-dc-moulded-case-circuit-breaker/?fileloc=/var/www/vhosts/pgkdistribution.com.au/coridyan.com/wp-admin/css/customize-nav-menus-rtl.min.css&path=/var/www/vhosts/pgkdistribution.com.au/coridyan.com/wp-admin/css HTTP/2" 200 30965 "-" "meta-externalagent/1.1 (+https://developers.facebook.com/docs/sharing/webmasters/crawler)"
74.7.227.140 - - [13/May/2026:05:12:26 +1000] "GET /sitemap_index.xml?path=/var/www/vhosts/pgkdistribution.com.au/electrifyhome.com.au/pgtswvb HTTP/2" 200 3419 "https://www.pgkdistribution.com.au/sitemap_index.xml?path=/var/www/vhosts/pgkdistribution.com.au/electrifyhome.com.au" "Mozilla/5.0 AppleWebKit/537.36 (KHTML, like Gecko; compatible; GPTBot/1.3; +https://openai.com/gptbot)"
43.173.176.149 - - [13/May/2026:05:12:27 +1000] "GET /product/pgk-1000v-dc-isolatormc4-200mm?path=/var/www/vhosts/pgkdistribution.com.au/httpdocs/28nov2025/wp-content==/plugins/myob-integration/woo-includes HTTP/1.1" 200 4169 "-" "Mozilla/5.0 (Windows NT 10.0; Win64; x64) AppleWebKit/537.36 (KHTML, like Gecko) Chrome/117.0.0.0 Safari/537.36"
43.173.178.193 - - [13/May/2026:05:12:27 +1000] "GET /product/pgk-1000v-dc-isolatormc4-200mm?path=/var/www/vhosts/pgkdistribution.com.au/httpdocs/28nov2025/wp-content==/plugins/myob-integration/includes HTTP/1.1" 200 4704 "-" "Mozilla/5.0 (Windows NT 10.0; Win64; x64) AppleWebKit/537.36 (KHTML, like Gecko) Chrome/110.0.0.0 Safari/537.36"
43.173.177.7 - - [13/May/2026:05:12:27 +1000] "GET /product/pgk-1000v-dc-isolatormc4-200mm?fileloc=/var/www/vhosts/pgkdistribution.com.au/httpdocs/28nov2025/wp-content==/plugins/myob-integration/opmc-hpos-compatibility-helper.php&path=/var/www/vhosts/pgkdistribution.com.au/httpdocs/28nov2025/wp-content==/plugins/myob-integration HTTP/1.1" 200 4599 "-" "Mozilla/5.0 (Windows NT 10.0; Win64; x64) AppleWebKit/537.36 (KHTML, like Gecko) Chrome/107.0.0.0 Safari/537.36"
129.226.206.13 - - [13/May/2026:05:12:27 +1000] "GET /product/pgk-1000v-dc-isolatormc4-200mm?path=/var/www/vhosts/pgkdistribution.com.au/httpdocs/28nov2025/wp-content==/plugins/myob-integration/assets HTTP/1.1" 200 4233 "-" "Mozilla/5.0 (Windows NT 10.0; Win64; x64) AppleWebKit/537.36 (KHTML, like Gecko) Chrome/105.0.0.0 Safari/537.3"
43.172.196.10 - - [13/May/2026:05:12:27 +1000] "GET /product/pgk-1000v-dc-isolatormc4-200mm?fileloc=/var/www/vhosts/pgkdistribution.com.au/httpdocs/28nov2025/wp-content==/plugins/myob-integration/MYOB-cronjob.php&path=/var/www/vhosts/pgkdistribution.com.au/httpdocs/28nov2025/wp-content==/plugins/myob-integration HTTP/1.1" 200 6836 "-" "Mozilla/5.0 (Windows NT 10.0; Win64; x64) AppleWebKit/537.36 (KHTML, like Gecko) Chrome/133.0.0.0 Safari/537.36"
74.7.227.140 - - [13/May/2026:05:12:27 +1000] "GET /sitemap_index.xml?path=/var/www/vhosts/pgkdistribution.com.au/electrifyhome.com.au/cqtwndu HTTP/2" 200 3417 "https://www.pgkdistribution.com.au/sitemap_index.xml?path=/var/www/vhosts/pgkdistribution.com.au/electrifyhome.com.au" "Mozilla/5.0 AppleWebKit/537.36 (KHTML, like Gecko; compatible; GPTBot/1.3; +https://openai.com/gptbot)"
43.172.198.246 - - [13/May/2026:05:12:27 +1000] "GET /product/pgk-1000v-dc-isolatormc4-200mm?fileloc=/var/www/vhosts/pgkdistribution.com.au/httpdocs/28nov2025/wp-content==/plugins/myob-integration/composer.json&path=/var/www/vhosts/pgkdistribution.com.au/httpdocs/28nov2025/wp-content==/plugins/myob-integration HTTP/1.1" 200 3744 "-" "Mozilla/5.0 (Windows NT 10.0; Win64; x64) AppleWebKit/537.36 (KHTML, like Gecko) Chrome/116.0.0.0 Safari/537.36"
103.145.233.114 - - [13/May/2026:05:12:27 +1000] "POST /xmlrpc.php HTTP/2" 301 795 "https://pgkdistribution.com.au/xmlrpc.php" "Mozilla/5.0 (Windows NT 10.0; Win64; x64; rv:133.0) Gecko/20100101 Firefox/133.0"
43.173.180.88 - - [13/May/2026:05:12:27 +1000] "GET /product/pgk-1000v-dc-isolatormc4-200mm?fileloc=/var/www/vhosts/pgkdistribution.com.au/httpdocs/28nov2025/wp-content==/plugins/myob-integration/myob-integration.php&path=/var/www/vhosts/pgkdistribution.com.au/httpdocs/28nov2025/wp-content==/plugins/myob-integration HTTP/1.1" 200 21394 "-" "Mozilla/5.0 (Windows NT 10.0; Win64; x64) AppleWebKit/537.36 (KHTML, like Gecko) Chrome/116.0.0.0 Safari/537.36"
57.141.14.18 - - [13/May/2026:05:12:27 +1000] "GET /product/100a-pv-dc-moulded-case-circuit-breaker/?fileloc=/var/www/vhosts/pgkdistribution.com.au/coridyan.com/wp-admin/css/forms.css&path=/var/www/vhosts/pgkdistribution.com.au/coridyan.com/wp-admin/css HTTP/2" 200 47618 "-" "meta-externalagent/1.1 (+https://developers.facebook.com/docs/sharing/webmasters/crawler)"
57.141.14.94 - - [13/May/2026:05:12:27 +1000] "GET /product/100a-pv-dc-moulded-case-circuit-breaker/?fileloc=/var/www/vhosts/pgkdistribution.com.au/coridyan.com/wp-admin/user/index.php&path=/var/www/vhosts/pgkdistribution.com.au/coridyan.com/wp-admin/user HTTP/2" 200 12994 "-" "meta-externalagent/1.1 (+https://developers.facebook.com/docs/sharing/webmasters/crawler)"
43.172.194.62 - - [13/May/2026:05:12:27 +1000] "GET /product/pgk-1000v-dc-isolatormc4-200mm?fileloc=/var/www/vhosts/pgkdistribution.com.au/httpdocs/28nov2025/wp-content==/plugins/myob-integration/.gitignore&path=/var/www/vhosts/pgkdistribution.com.au/httpdocs/28nov2025/wp-content==/plugins/myob-integration HTTP/1.1" 200 3874 "-" "Mozilla/5.0 (Windows NT 10.0; Win64; x64) AppleWebKit/537.36 (KHTML, like Gecko) Chrome/120.0.0.0 Safari/537.36"
57.141.14.53 - - [13/May/2026:05:12:27 +1000] "GET /product/100a-pv-dc-moulded-case-circuit-breaker/?fileloc=/var/www/vhosts/pgkdistribution.com.au/coridyan.com/wp-admin/css/nav-menus-rtl.css&path=/var/www/vhosts/pgkdistribution.com.au/coridyan.com/wp-admin/css HTTP/2" 200 30563 "-" "meta-externalagent/1.1 (+https://developers.facebook.com/docs/sharing/webmasters/crawler)"
43.173.182.116 - - [13/May/2026:05:12:28 +1000] "GET /product/pgk-1000v-dc-isolatormc4-200mm?fileloc=/var/www/vhosts/pgkdistribution.com.au/httpdocs/28nov2025/wp-content==/plugins/myob-integration/composer.lock&path=/var/www/vhosts/pgkdistribution.com.au/httpdocs/28nov2025/wp-content==/plugins/myob-integration HTTP/1.1" 200 4676 "-" "Mozilla/5.0 (Windows NT 10.0; Win64; x64) AppleWebKit/537.36 (KHTML, like Gecko) Chrome/107.0.0.0 Safari/537.36"
57.141.14.29 - - [13/May/2026:05:12:28 +1000] "GET /product/100a-pv-dc-moulded-case-circuit-breaker/?fileloc=/var/www/vhosts/pgkdistribution.com.au/coridyan.com/wp-admin/network/theme-editor.php&path=/var/www/vhosts/pgkdistribution.com.au/coridyan.com/wp-admin/network HTTP/2" 200 13023 "-" "meta-externalagent/1.1 (+https://developers.facebook.com/docs/sharing/webmasters/crawler)"
74.7.227.140 - - [13/May/2026:05:12:28 +1000] "GET /sitemap_index.xml?path=/var/www/vhosts/pgkdistribution.com.au/citisolar.com.au/cli HTTP/2" 200 3631 "https://www.pgkdistribution.com.au/sitemap_index.xml?path=/var/www/vhosts/pgkdistribution.com.au/citisolar.com.au" "Mozilla/5.0 AppleWebKit/537.36 (KHTML, like Gecko; compatible; GPTBot/1.3; +https://openai.com/gptbot)"
