37.187.226.30 - - [13/May/2026:07:18:16 +1000] "GET /?p=9362 HTTP/1.1" 301 413 "-" "Mozilla/5.0 (compatible; MJ12bot/v1.4.8; http://mj12bot.com/)"
77.237.244.221 - - [13/May/2026:07:18:17 +1000] "GET /pms/ HTTP/1.1" 404 36245 "-" "Mozilla/5.0 (Windows NT 10.0; Win64; x64) AppleWebKit/537.36 (KHTML, like Gecko) Chrome/91.0.4472.124 Safari/537.36"
57.141.14.82 - - [13/May/2026:07:18:23 +1000] "GET /products/detail/61775218 HTTP/2" 404 137739 "-" "meta-externalagent/1.1 (+https://developers.facebook.com/docs/sharing/webmasters/crawler)"
77.237.244.221 - - [13/May/2026:07:18:31 +1000] "GET /admin/uploads/ HTTP/1.1" 301 667 "-" "Mozilla/5.0 (Windows NT 10.0; Win64; x64) AppleWebKit/537.36 (KHTML, like Gecko) Chrome/91.0.4472.124 Safari/537.36"
37.187.226.30 - - [13/May/2026:07:18:31 +1000] "GET /blackjack-classic-3-hand-bonus/ HTTP/1.1" 200 40793 "-" "Mozilla/5.0 (compatible; MJ12bot/v1.4.8; http://mj12bot.com/)"
77.237.244.221 - - [13/May/2026:07:18:34 +1000] "GET /admin/uploads/ HTTP/1.1" 404 36245 "-" "Mozilla/5.0 (Windows NT 10.0; Win64; x64) AppleWebKit/537.36 (KHTML, like Gecko) Chrome/91.0.4472.124 Safari/537.36"
40.77.167.55 - - [13/May/2026:07:17:46 +1000] "GET /post-sitemap10.xml HTTP/2" 200 0 "-" "Mozilla/5.0 AppleWebKit/537.36 (KHTML, like Gecko; compatible; bingbot/2.0; +http://www.bing.com/bingbot.htm) Chrome/116.0.1938.76 Safari/537.36"
37.187.226.30 - - [13/May/2026:07:18:35 +1000] "GET /?p=9365 HTTP/1.1" 301 422 "-" "Mozilla/5.0 (compatible; MJ12bot/v1.4.8; http://mj12bot.com/)"
192.178.4.100 - - [13/May/2026:07:18:35 +1000] "GET /content.php?product/44968306 HTTP/1.1" 200 27795 "-" "Mozilla/5.0 (Linux; Android 6.0.1; Nexus 5X Build/MMB29P) AppleWebKit/537.36 (KHTML, like Gecko) Chrome/147.0.7727.137 Mobile Safari/537.36 (compatible; GoogleOther)"
77.237.244.221 - - [13/May/2026:07:18:37 +1000] "GET /admin/upload/ HTTP/1.1" 301 705 "-" "Mozilla/5.0 (Windows NT 10.0; Win64; x64) AppleWebKit/537.36 (KHTML, like Gecko) Chrome/91.0.4472.124 Safari/537.36"
37.187.226.30 - - [13/May/2026:07:18:38 +1000] "GET /deposit-20-get-50-free-casino-australia/ HTTP/1.1" 200 40447 "-" "Mozilla/5.0 (compatible; MJ12bot/v1.4.8; http://mj12bot.com/)"
40.77.167.55 - - [13/May/2026:07:17:51 +1000] "GET /post-sitemap15.xml HTTP/2" 200 0 "-" "Mozilla/5.0 AppleWebKit/537.36 (KHTML, like Gecko; compatible; bingbot/2.0; +http://www.bing.com/bingbot.htm) Chrome/116.0.1938.76 Safari/537.36"
40.77.167.10 - - [13/May/2026:07:17:51 +1000] "GET /post-sitemap12.xml HTTP/2" 200 0 "-" "Mozilla/5.0 AppleWebKit/537.36 (KHTML, like Gecko; compatible; bingbot/2.0; +http://www.bing.com/bingbot.htm) Chrome/116.0.1938.76 Safari/537.36"
77.237.244.221 - - [13/May/2026:07:18:39 +1000] "GET /uploader-lapplication-trueluck-pour-portable-et-ios/ HTTP/1.1" 200 42054 "-" "Mozilla/5.0 (Windows NT 10.0; Win64; x64) AppleWebKit/537.36 (KHTML, like Gecko) Chrome/91.0.4472.124 Safari/537.36"
37.187.226.30 - - [13/May/2026:07:18:42 +1000] "GET /?p=9380 HTTP/1.1" 301 413 "-" "Mozilla/5.0 (compatible; MJ12bot/v1.4.8; http://mj12bot.com/)"
205.210.31.76 - - [13/May/2026:07:18:42 +1000] "GET /wp-login.php HTTP/1.1" 200 8429 "-" "Hello from Palo Alto Networks, find out more about our scans in https://docs-cortex.paloaltonetworks.com/r/1/Cortex-Xpanse/Scanning-activity"
77.237.244.221 - - [13/May/2026:07:18:43 +1000] "GET /mtosapp/ HTTP/1.1" 301 661 "-" "Mozilla/5.0 (Windows NT 10.0; Win64; x64) AppleWebKit/537.36 (KHTML, like Gecko) Chrome/91.0.4472.124 Safari/537.36"
37.187.226.30 - - [13/May/2026:07:18:45 +1000] "GET /alpha-bet-casino-au-experience/ HTTP/1.1" 200 40859 "-" "Mozilla/5.0 (compatible; MJ12bot/v1.4.8; http://mj12bot.com/)"
77.237.244.221 - - [13/May/2026:07:18:46 +1000] "GET /mtosapp/ HTTP/1.1" 404 36234 "-" "Mozilla/5.0 (Windows NT 10.0; Win64; x64) AppleWebKit/537.36 (KHTML, like Gecko) Chrome/91.0.4472.124 Safari/537.36"
57.141.14.98 - - [13/May/2026:07:18:47 +1000] "GET /products/detail/60326596 HTTP/2" 404 137739 "-" "meta-externalagent/1.1 (+https://developers.facebook.com/docs/sharing/webmasters/crawler)"
37.187.226.30 - - [13/May/2026:07:18:49 +1000] "GET /?p=9390 HTTP/1.1" 301 428 "-" "Mozilla/5.0 (compatible; MJ12bot/v1.4.8; http://mj12bot.com/)"
40.77.167.53 - - [13/May/2026:07:18:01 +1000] "GET /post-sitemap43.xml HTTP/2" 200 0 "-" "Mozilla/5.0 AppleWebKit/537.36 (KHTML, like Gecko; compatible; bingbot/2.0; +http://www.bing.com/bingbot.htm) Chrome/116.0.1938.76 Safari/537.36"
77.237.244.221 - - [13/May/2026:07:18:49 +1000] "GET /log-mama/ HTTP/1.1" 301 662 "-" "Mozilla/5.0 (Windows NT 10.0; Win64; x64) AppleWebKit/537.36 (KHTML, like Gecko) Chrome/91.0.4472.124 Safari/537.36"
37.187.226.30 - - [13/May/2026:07:18:52 +1000] "GET /best-paypal-casino-free-play-casino-australia/ HTTP/1.1" 200 40816 "-" "Mozilla/5.0 (compatible; MJ12bot/v1.4.8; http://mj12bot.com/)"
77.237.244.221 - - [13/May/2026:07:18:52 +1000] "GET /log-mama/ HTTP/1.1" 404 36234 "-" "Mozilla/5.0 (Windows NT 10.0; Win64; x64) AppleWebKit/537.36 (KHTML, like Gecko) Chrome/91.0.4472.124 Safari/537.36"
40.77.167.55 - - [13/May/2026:07:18:45 +1000] "GET /post-sitemap45.xml HTTP/2" 200 3303 "-" "Mozilla/5.0 AppleWebKit/537.36 (KHTML, like Gecko; compatible; bingbot/2.0; +http://www.bing.com/bingbot.htm) Chrome/116.0.1938.76 Safari/537.36"
37.187.226.30 - - [13/May/2026:07:18:55 +1000] "GET /?p=9414 HTTP/1.1" 301 421 "-" "Mozilla/5.0 (compatible; MJ12bot/v1.4.8; http://mj12bot.com/)"
77.237.244.221 - - [13/May/2026:07:18:56 +1000] "GET /admin/fckeditor/ HTTP/1.1" 301 669 "-" "Mozilla/5.0 (Windows NT 10.0; Win64; x64) AppleWebKit/537.36 (KHTML, like Gecko) Chrome/91.0.4472.124 Safari/537.36"
40.77.167.55 - - [13/May/2026:07:18:10 +1000] "GET /post-sitemap41.xml HTTP/2" 200 0 "-" "Mozilla/5.0 AppleWebKit/537.36 (KHTML, like Gecko; compatible; bingbot/2.0; +http://www.bing.com/bingbot.htm) Chrome/116.0.1938.76 Safari/537.36"
77.237.244.221 - - [13/May/2026:07:18:59 +1000] "GET /admin/fckeditor/ HTTP/1.1" 404 36234 "-" "Mozilla/5.0 (Windows NT 10.0; Win64; x64) AppleWebKit/537.36 (KHTML, like Gecko) Chrome/91.0.4472.124 Safari/537.36"
37.187.226.30 - - [13/May/2026:07:18:59 +1000] "GET /best-casino-that-accepts-bank-transfer/ HTTP/1.1" 200 40788 "-" "Mozilla/5.0 (compatible; MJ12bot/v1.4.8; http://mj12bot.com/)"
37.187.226.30 - - [13/May/2026:07:19:03 +1000] "GET /?p=9452 HTTP/1.1" 301 399 "-" "Mozilla/5.0 (compatible; MJ12bot/v1.4.8; http://mj12bot.com/)"
40.77.167.53 - - [13/May/2026:07:18:14 +1000] "GET /post-sitemap6.xml HTTP/2" 200 0 "-" "Mozilla/5.0 AppleWebKit/537.36 (KHTML, like Gecko; compatible; bingbot/2.0; +http://www.bing.com/bingbot.htm) Chrome/116.0.1938.76 Safari/537.36"
77.237.244.221 - - [13/May/2026:07:19:03 +1000] "GET /optimized/ HTTP/1.1" 301 663 "-" "Mozilla/5.0 (Windows NT 10.0; Win64; x64) AppleWebKit/537.36 (KHTML, like Gecko) Chrome/91.0.4472.124 Safari/537.36"
77.237.244.221 - - [13/May/2026:07:19:06 +1000] "GET /optimized/ HTTP/1.1" 404 36234 "-" "Mozilla/5.0 (Windows NT 10.0; Win64; x64) AppleWebKit/537.36 (KHTML, like Gecko) Chrome/91.0.4472.124 Safari/537.36"
37.187.226.30 - - [13/May/2026:07:19:06 +1000] "GET /free-keno-online/ HTTP/1.1" 200 42265 "-" "Mozilla/5.0 (compatible; MJ12bot/v1.4.8; http://mj12bot.com/)"
57.141.14.111 - - [13/May/2026:07:19:07 +1000] "GET /products/detail/54767395 HTTP/2" 404 137739 "-" "meta-externalagent/1.1 (+https://developers.facebook.com/docs/sharing/webmasters/crawler)"
77.237.244.221 - - [13/May/2026:07:19:09 +1000] "GET /invoice/ HTTP/1.1" 301 661 "-" "Mozilla/5.0 (Windows NT 10.0; Win64; x64) AppleWebKit/537.36 (KHTML, like Gecko) Chrome/91.0.4472.124 Safari/537.36"
37.187.226.30 - - [13/May/2026:07:19:10 +1000] "GET /?p=9461 HTTP/1.1" 301 421 "-" "Mozilla/5.0 (compatible; MJ12bot/v1.4.8; http://mj12bot.com/)"
77.237.244.221 - - [13/May/2026:07:19:12 +1000] "GET /invoice/ HTTP/1.1" 404 36186 "-" "Mozilla/5.0 (Windows NT 10.0; Win64; x64) AppleWebKit/537.36 (KHTML, like Gecko) Chrome/91.0.4472.124 Safari/537.36"
15.222.6.63 - aaltintas [13/May/2026:07:19:11 +1000] "POST /xmlrpc.php HTTP/1.1" 200 88619 "-" "Mozilla/5.0 (Windows NT 10.0; Win64; x64) AppleWebKit/537.36 (KHTML, like Gecko) Chrome/80.0.3987.132 Safari/537.36"
192.178.4.101 - - [13/May/2026:07:19:11 +1000] "GET /content.php?product/52649122 HTTP/1.1" 200 28660 "-" "Mozilla/5.0 (Linux; Android 6.0.1; Nexus 5X Build/MMB29P) AppleWebKit/537.36 (KHTML, like Gecko) Chrome/147.0.7727.137 Mobile Safari/537.36 (compatible; GoogleOther)"
37.187.226.30 - - [13/May/2026:07:19:13 +1000] "GET /play-5-reel-drive-slot-with-free-spins/ HTTP/1.1" 200 41117 "-" "Mozilla/5.0 (compatible; MJ12bot/v1.4.8; http://mj12bot.com/)"
15.222.6.63 - aaltintas [13/May/2026:07:19:15 +1000] "POST /xmlrpc.php HTTP/1.1" 200 514 "-" "Mozilla/5.0 (Windows NT 10.0; Win64; x64) AppleWebKit/537.36 (KHTML, like Gecko) Chrome/80.0.3987.132 Safari/537.36"
77.237.244.221 - - [13/May/2026:07:19:15 +1000] "GET /prive/ HTTP/1.1" 301 659 "-" "Mozilla/5.0 (Windows NT 10.0; Win64; x64) AppleWebKit/537.36 (KHTML, like Gecko) Chrome/91.0.4472.124 Safari/537.36"
37.187.226.30 - - [13/May/2026:07:19:17 +1000] "GET /?p=9503 HTTP/1.1" 301 416 "-" "Mozilla/5.0 (compatible; MJ12bot/v1.4.8; http://mj12bot.com/)"
15.222.6.63 - aaltintas [13/May/2026:07:19:16 +1000] "POST /xmlrpc.php HTTP/1.1" 200 516 "-" "Mozilla/5.0 (Windows NT 10.0; Win64; x64) AppleWebKit/537.36 (KHTML, like Gecko) Chrome/80.0.3987.132 Safari/537.36"
15.222.6.63 - aaltintas [13/May/2026:07:19:19 +1000] "POST /xmlrpc.php HTTP/1.1" 200 13774 "-" "Mozilla/5.0 (Windows NT 10.0; Win64; x64) AppleWebKit/537.36 (KHTML, like Gecko) Chrome/80.0.3987.132 Safari/537.36"
77.237.244.221 - - [13/May/2026:07:19:18 +1000] "GET /prive/ HTTP/1.1" 404 36234 "-" "Mozilla/5.0 (Windows NT 10.0; Win64; x64) AppleWebKit/537.36 (KHTML, like Gecko) Chrome/91.0.4472.124 Safari/537.36"
111.67.29.221 - - [13/May/2026:07:19:19 +1000] "POST /wp-cron.php?doing_wp_cron=1778620759.1107640266418457031250 HTTP/1.1" 200 445 "https://www.coridyan.com/wp-cron.php?doing_wp_cron=1778620759.1107640266418457031250" "WordPress/6.0.11; https://www.coridyan.com"
37.187.226.30 - - [13/May/2026:07:19:20 +1000] "GET /rivalry-casino-how-to-withdraw-au/ HTTP/1.1" 200 40911 "-" "Mozilla/5.0 (compatible; MJ12bot/v1.4.8; http://mj12bot.com/)"
15.222.6.63 - aaltintas [13/May/2026:07:19:21 +1000] "POST /xmlrpc.php HTTP/1.1" 200 516 "-" "Mozilla/5.0 (Windows NT 10.0; Win64; x64) AppleWebKit/537.36 (KHTML, like Gecko) Chrome/80.0.3987.132 Safari/537.36"
40.77.167.55 - - [13/May/2026:07:18:50 +1000] "GET /post-sitemap9.xml HTTP/2" 200 13799 "-" "Mozilla/5.0 AppleWebKit/537.36 (KHTML, like Gecko; compatible; bingbot/2.0; +http://www.bing.com/bingbot.htm) Chrome/116.0.1938.76 Safari/537.36"
37.187.226.30 - - [13/May/2026:07:19:23 +1000] "GET /?p=9515 HTTP/1.1" 301 419 "-" "Mozilla/5.0 (compatible; MJ12bot/v1.4.8; http://mj12bot.com/)"
77.237.244.221 - - [13/May/2026:07:19:22 +1000] "GET /video/ HTTP/1.1" 301 675 "-" "Mozilla/5.0 (Windows NT 10.0; Win64; x64) AppleWebKit/537.36 (KHTML, like Gecko) Chrome/91.0.4472.124 Safari/537.36"
15.222.6.63 - aaltintas [13/May/2026:07:19:24 +1000] "POST /xmlrpc.php HTTP/1.1" 200 13168 "-" "Mozilla/5.0 (Windows NT 10.0; Win64; x64) AppleWebKit/537.36 (KHTML, like Gecko) Chrome/80.0.3987.132 Safari/537.36"
111.67.29.221 - - [13/May/2026:07:19:23 +1000] "POST /wp-cron.php?doing_wp_cron=1778620763.8624119758605957031250 HTTP/1.1" 200 445 "https://www.coridyan.com/wp-cron.php?doing_wp_cron=1778620763.8624119758605957031250" "WordPress/6.0.11; https://www.coridyan.com"
77.237.244.221 - - [13/May/2026:07:19:26 +1000] "GET /video-blackjack-in-uk/ HTTP/1.1" 200 40933 "-" "Mozilla/5.0 (Windows NT 10.0; Win64; x64) AppleWebKit/537.36 (KHTML, like Gecko) Chrome/91.0.4472.124 Safari/537.36"
57.141.14.64 - - [13/May/2026:07:19:27 +1000] "GET /products/detail/63398053 HTTP/2" 404 137739 "-" "meta-externalagent/1.1 (+https://developers.facebook.com/docs/sharing/webmasters/crawler)"
37.187.226.30 - - [13/May/2026:07:19:27 +1000] "GET /casino-australia-no-deposit-bonus-30/ HTTP/1.1" 200 40940 "-" "Mozilla/5.0 (compatible; MJ12bot/v1.4.8; http://mj12bot.com/)"
40.77.167.53 - - [13/May/2026:07:18:55 +1000] "GET /post-sitemap7.xml HTTP/2" 200 12721 "-" "Mozilla/5.0 AppleWebKit/537.36 (KHTML, like Gecko; compatible; bingbot/2.0; +http://www.bing.com/bingbot.htm) Chrome/116.0.1938.76 Safari/537.36"
37.187.226.30 - - [13/May/2026:07:19:32 +1000] "GET /?p=9571 HTTP/1.1" 301 422 "-" "Mozilla/5.0 (compatible; MJ12bot/v1.4.8; http://mj12bot.com/)"
77.237.244.221 - - [13/May/2026:07:19:32 +1000] "GET /private/ HTTP/1.1" 301 678 "-" "Mozilla/5.0 (Windows NT 10.0; Win64; x64) AppleWebKit/537.36 (KHTML, like Gecko) Chrome/91.0.4472.124 Safari/537.36"
77.237.244.221 - - [13/May/2026:07:19:34 +1000] "GET /private-casino-australia/ HTTP/1.1" 200 40903 "-" "Mozilla/5.0 (Windows NT 10.0; Win64; x64) AppleWebKit/537.36 (KHTML, like Gecko) Chrome/91.0.4472.124 Safari/537.36"
57.141.14.5 - - [13/May/2026:07:19:35 +1000] "GET /products/detail/56145493 HTTP/2" 404 137739 "-" "meta-externalagent/1.1 (+https://developers.facebook.com/docs/sharing/webmasters/crawler)"
37.187.226.30 - - [13/May/2026:07:19:35 +1000] "GET /deposit-20-get-200-free-spins-australia/ HTTP/1.1" 200 40816 "-" "Mozilla/5.0 (compatible; MJ12bot/v1.4.8; http://mj12bot.com/)"
57.141.14.8 - - [13/May/2026:07:19:35 +1000] "GET /products/detail/58532095 HTTP/2" 404 137739 "-" "meta-externalagent/1.1 (+https://developers.facebook.com/docs/sharing/webmasters/crawler)"
40.77.167.53 - - [13/May/2026:07:19:05 +1000] "GET /post-sitemap18.xml HTTP/2" 200 12026 "-" "Mozilla/5.0 AppleWebKit/537.36 (KHTML, like Gecko; compatible; bingbot/2.0; +http://www.bing.com/bingbot.htm) Chrome/116.0.1938.76 Safari/537.36"
37.187.226.30 - - [13/May/2026:07:19:38 +1000] "GET /?p=9604 HTTP/1.1" 301 409 "-" "Mozilla/5.0 (compatible; MJ12bot/v1.4.8; http://mj12bot.com/)"
77.237.244.221 - - [13/May/2026:07:19:38 +1000] "GET /admin/images/ HTTP/1.1" 301 666 "-" "Mozilla/5.0 (Windows NT 10.0; Win64; x64) AppleWebKit/537.36 (KHTML, like Gecko) Chrome/91.0.4472.124 Safari/537.36"
77.237.244.221 - - [13/May/2026:07:19:41 +1000] "GET /admin/images/ HTTP/1.1" 404 36234 "-" "Mozilla/5.0 (Windows NT 10.0; Win64; x64) AppleWebKit/537.36 (KHTML, like Gecko) Chrome/91.0.4472.124 Safari/537.36"
37.187.226.30 - - [13/May/2026:07:19:42 +1000] "GET /scream-casino-vip-bonus-au/ HTTP/1.1" 200 41204 "-" "Mozilla/5.0 (compatible; MJ12bot/v1.4.8; http://mj12bot.com/)"
77.237.244.221 - - [13/May/2026:07:19:44 +1000] "GET /php/ HTTP/1.1" 301 657 "-" "Mozilla/5.0 (Windows NT 10.0; Win64; x64) AppleWebKit/537.36 (KHTML, like Gecko) Chrome/91.0.4472.124 Safari/537.36"
40.77.167.55 - - [13/May/2026:07:19:12 +1000] "GET /post-sitemap11.xml HTTP/2" 200 11999 "-" "Mozilla/5.0 AppleWebKit/537.36 (KHTML, like Gecko; compatible; bingbot/2.0; +http://www.bing.com/bingbot.htm) Chrome/116.0.1938.76 Safari/537.36"
37.187.226.30 - - [13/May/2026:07:19:45 +1000] "GET /?p=9624 HTTP/1.1" 301 423 "-" "Mozilla/5.0 (compatible; MJ12bot/v1.4.8; http://mj12bot.com/)"
77.237.244.221 - - [13/May/2026:07:19:47 +1000] "GET /php/ HTTP/1.1" 404 36234 "-" "Mozilla/5.0 (Windows NT 10.0; Win64; x64) AppleWebKit/537.36 (KHTML, like Gecko) Chrome/91.0.4472.124 Safari/537.36"
37.187.226.30 - - [13/May/2026:07:19:48 +1000] "GET /15-free-spins-no-deposit-slots-australia/ HTTP/1.1" 200 40978 "-" "Mozilla/5.0 (compatible; MJ12bot/v1.4.8; http://mj12bot.com/)"
192.178.4.101 - - [13/May/2026:07:19:48 +1000] "GET /content.php?product/57427114 HTTP/1.1" 200 28426 "-" "Mozilla/5.0 (Linux; Android 6.0.1; Nexus 5X Build/MMB29P) AppleWebKit/537.36 (KHTML, like Gecko) Chrome/147.0.7727.137 Mobile Safari/537.36 (compatible; GoogleOther)"
77.237.244.221 - - [13/May/2026:07:19:50 +1000] "GET /assets2/ HTTP/1.1" 301 661 "-" "Mozilla/5.0 (Windows NT 10.0; Win64; x64) AppleWebKit/537.36 (KHTML, like Gecko) Chrome/91.0.4472.124 Safari/537.36"
37.187.226.30 - - [13/May/2026:07:19:52 +1000] "GET /?p=9631 HTTP/1.1" 301 415 "-" "Mozilla/5.0 (compatible; MJ12bot/v1.4.8; http://mj12bot.com/)"
77.237.244.221 - - [13/May/2026:07:19:53 +1000] "GET /assets2/ HTTP/1.1" 404 36234 "-" "Mozilla/5.0 (Windows NT 10.0; Win64; x64) AppleWebKit/537.36 (KHTML, like Gecko) Chrome/91.0.4472.124 Safari/537.36"
37.187.226.30 - - [13/May/2026:07:19:55 +1000] "GET /casino-progressive-slot-machines/ HTTP/1.1" 200 40420 "-" "Mozilla/5.0 (compatible; MJ12bot/v1.4.8; http://mj12bot.com/)"
77.237.244.221 - - [13/May/2026:07:19:56 +1000] "GET /nc_assets/ HTTP/1.1" 301 663 "-" "Mozilla/5.0 (Windows NT 10.0; Win64; x64) AppleWebKit/537.36 (KHTML, like Gecko) Chrome/91.0.4472.124 Safari/537.36"
37.187.226.30 - - [13/May/2026:07:19:58 +1000] "GET /?p=9663 HTTP/1.1" 301 423 "-" "Mozilla/5.0 (compatible; MJ12bot/v1.4.8; http://mj12bot.com/)"
77.237.244.221 - - [13/May/2026:07:19:58 +1000] "GET /nc_assets/ HTTP/1.1" 404 36234 "-" "Mozilla/5.0 (Windows NT 10.0; Win64; x64) AppleWebKit/537.36 (KHTML, like Gecko) Chrome/91.0.4472.124 Safari/537.36"
40.77.167.75 - - [13/May/2026:07:20:01 +1000] "GET /cresus-salle-de-jeu-commentaire-expliques-et-ouvrage-2026/ HTTP/2" 200 41670 "-" "Mozilla/5.0 AppleWebKit/537.36 (KHTML, like Gecko; compatible; bingbot/2.0; +http://www.bing.com/bingbot.htm) Chrome/116.0.1938.76 Safari/537.36"
77.237.244.221 - - [13/May/2026:07:20:02 +1000] "GET /news/ HTTP/1.1" 301 668 "-" "Mozilla/5.0 (Windows NT 10.0; Win64; x64) AppleWebKit/537.36 (KHTML, like Gecko) Chrome/91.0.4472.124 Safari/537.36"
57.141.14.56 - - [13/May/2026:07:20:01 +1000] "GET /products/detail/58753783 HTTP/2" 404 137739 "-" "meta-externalagent/1.1 (+https://developers.facebook.com/docs/sharing/webmasters/crawler)"
37.187.226.30 - - [13/May/2026:07:20:02 +1000] "GET /deposit-25-play-with-30-casino-australia/ HTTP/1.1" 200 40822 "-" "Mozilla/5.0 (compatible; MJ12bot/v1.4.8; http://mj12bot.com/)"
40.77.167.75 - - [13/May/2026:07:20:03 +1000] "GET /best-credit-card-casino-fast-withdrawal/ HTTP/2" 200 40178 "-" "Mozilla/5.0 AppleWebKit/537.36 (KHTML, like Gecko; compatible; bingbot/2.0; +http://www.bing.com/bingbot.htm) Chrome/116.0.1938.76 Safari/537.36"
40.77.167.75 - - [13/May/2026:07:20:05 +1000] "GET /25-dollar-deposit-live-game-shows/ HTTP/2" 200 40190 "-" "Mozilla/5.0 AppleWebKit/537.36 (KHTML, like Gecko; compatible; bingbot/2.0; +http://www.bing.com/bingbot.htm) Chrome/116.0.1938.76 Safari/537.36"
77.237.244.221 - - [13/May/2026:07:20:05 +1000] "GET /news-casino-uk/ HTTP/1.1" 200 40897 "-" "Mozilla/5.0 (Windows NT 10.0; Win64; x64) AppleWebKit/537.36 (KHTML, like Gecko) Chrome/91.0.4472.124 Safari/537.36"
37.187.226.30 - - [13/May/2026:07:20:06 +1000] "GET /?p=9773 HTTP/1.1" 301 417 "-" "Mozilla/5.0 (compatible; MJ12bot/v1.4.8; http://mj12bot.com/)"
40.77.167.75 - - [13/May/2026:07:20:07 +1000] "GET /category/kiltritos-cl/ HTTP/2" 200 36655 "-" "Mozilla/5.0 AppleWebKit/537.36 (KHTML, like Gecko; compatible; bingbot/2.0; +http://www.bing.com/bingbot.htm) Chrome/116.0.1938.76 Safari/537.36"
35.224.168.243 - - [13/May/2026:07:20:08 +1000] "GET /wp-admin/options-reading.php HTTP/2" 302 0 "-" "Mozilla/5.0 (X11; Linux x86_64) AppleWebKit/537.36 (KHTML, like Gecko) HeadlessChrome/147.0.7727.15 Safari/537.36"
40.77.167.75 - - [13/May/2026:07:20:09 +1000] "GET /category/med/ HTTP/2" 200 36606 "-" "Mozilla/5.0 AppleWebKit/537.36 (KHTML, like Gecko; compatible; bingbot/2.0; +http://www.bing.com/bingbot.htm) Chrome/116.0.1938.76 Safari/537.36"
77.237.244.221 - - [13/May/2026:07:20:09 +1000] "GET /perangkat/ HTTP/1.1" 301 663 "-" "Mozilla/5.0 (Windows NT 10.0; Win64; x64) AppleWebKit/537.36 (KHTML, like Gecko) Chrome/91.0.4472.124 Safari/537.36"
35.224.168.243 - - [13/May/2026:07:20:10 +1000] "GET /wp-login.php?redirect_to=https%3A%2F%2Fwww.coridyan.com%2Fwp-admin%2Foptions-reading.php&reauth=1 HTTP/2" 200 2868 "-" "Mozilla/5.0 (X11; Linux x86_64) AppleWebKit/537.36 (KHTML, like Gecko) HeadlessChrome/147.0.7727.15 Safari/537.36"
35.224.168.243 - - [13/May/2026:07:20:11 +1000] "GET /wp-includes/css/buttons.min.css?ver=6.0.11 HTTP/1.1" 200 1255 "https://www.coridyan.com/wp-login.php?redirect_to=https%3A%2F%2Fwww.coridyan.com%2Fwp-admin%2Foptions-reading.php&reauth=1" "Mozilla/5.0 (X11; Linux x86_64) AppleWebKit/537.36 (KHTML, like Gecko) HeadlessChrome/147.0.7727.15 Safari/537.36"
35.224.168.243 - - [13/May/2026:07:20:11 +1000] "GET /wp-admin/css/l10n.min.css?ver=6.0.11 HTTP/1.1" 200 596 "https://www.coridyan.com/wp-login.php?redirect_to=https%3A%2F%2Fwww.coridyan.com%2Fwp-admin%2Foptions-reading.php&reauth=1" "Mozilla/5.0 (X11; Linux x86_64) AppleWebKit/537.36 (KHTML, like Gecko) HeadlessChrome/147.0.7727.15 Safari/537.36"
35.224.168.243 - - [13/May/2026:07:20:11 +1000] "GET /wp-admin/css/login.min.css?ver=6.0.11 HTTP/1.1" 200 1947 "https://www.coridyan.com/wp-login.php?redirect_to=https%3A%2F%2Fwww.coridyan.com%2Fwp-admin%2Foptions-reading.php&reauth=1" "Mozilla/5.0 (X11; Linux x86_64) AppleWebKit/537.36 (KHTML, like Gecko) HeadlessChrome/147.0.7727.15 Safari/537.36"
35.224.168.243 - - [13/May/2026:07:20:11 +1000] "GET /wp-includes/js/zxcvbn-async.min.js?ver=1.0 HTTP/1.1" 200 187 "https://www.coridyan.com/wp-login.php?redirect_to=https%3A%2F%2Fwww.coridyan.com%2Fwp-admin%2Foptions-reading.php&reauth=1" "Mozilla/5.0 (X11; Linux x86_64) AppleWebKit/537.36 (KHTML, like Gecko) HeadlessChrome/147.0.7727.15 Safari/537.36"
35.224.168.243 - - [13/May/2026:07:20:11 +1000] "GET /wp-admin/js/password-strength-meter.min.js?ver=6.0.11 HTTP/1.1" 200 558 "https://www.coridyan.com/wp-login.php?redirect_to=https%3A%2F%2Fwww.coridyan.com%2Fwp-admin%2Foptions-reading.php&reauth=1" "Mozilla/5.0 (X11; Linux x86_64) AppleWebKit/537.36 (KHTML, like Gecko) HeadlessChrome/147.0.7727.15 Safari/537.36"
35.224.168.243 - - [13/May/2026:07:20:11 +1000] "GET /wp-includes/js/wp-util.min.js?ver=6.0.11 HTTP/1.1" 200 646 "https://www.coridyan.com/wp-login.php?redirect_to=https%3A%2F%2Fwww.coridyan.com%2Fwp-admin%2Foptions-reading.php&reauth=1" "Mozilla/5.0 (X11; Linux x86_64) AppleWebKit/537.36 (KHTML, like Gecko) HeadlessChrome/147.0.7727.15 Safari/537.36"
37.187.226.30 - - [13/May/2026:07:20:09 +1000] "GET /slots-with-no-deposit-bonus-in-usa/ HTTP/1.1" 200 40822 "-" "Mozilla/5.0 (compatible; MJ12bot/v1.4.8; http://mj12bot.com/)"
35.224.168.243 - - [13/May/2026:07:20:11 +1000] "GET /wp-includes/css/dashicons.min.css?ver=6.0.11 HTTP/1.1" 200 35110 "https://www.coridyan.com/wp-login.php?redirect_to=https%3A%2F%2Fwww.coridyan.com%2Fwp-admin%2Foptions-reading.php&reauth=1" "Mozilla/5.0 (X11; Linux x86_64) AppleWebKit/537.36 (KHTML, like Gecko) HeadlessChrome/147.0.7727.15 Safari/537.36"
35.224.168.243 - - [13/May/2026:07:20:11 +1000] "GET /wp-admin/css/forms.min.css?ver=6.0.11 HTTP/1.1" 200 5916 "https://www.coridyan.com/wp-login.php?redirect_to=https%3A%2F%2Fwww.coridyan.com%2Fwp-admin%2Foptions-reading.php&reauth=1" "Mozilla/5.0 (X11; Linux x86_64) AppleWebKit/537.36 (KHTML, like Gecko) HeadlessChrome/147.0.7727.15 Safari/537.36"
35.224.168.243 - - [13/May/2026:07:20:11 +1000] "GET /wp-includes/js/jquery/jquery.min.js?ver=3.6.0 HTTP/1.1" 200 30273 "https://www.coridyan.com/wp-login.php?redirect_to=https%3A%2F%2Fwww.coridyan.com%2Fwp-admin%2Foptions-reading.php&reauth=1" "Mozilla/5.0 (X11; Linux x86_64) AppleWebKit/537.36 (KHTML, like Gecko) HeadlessChrome/147.0.7727.15 Safari/537.36"
35.224.168.243 - - [13/May/2026:07:20:11 +1000] "GET /wp-includes/js/jquery/jquery-migrate.min.js?ver=3.3.2 HTTP/1.1" 200 3995 "https://www.coridyan.com/wp-login.php?redirect_to=https%3A%2F%2Fwww.coridyan.com%2Fwp-admin%2Foptions-reading.php&reauth=1" "Mozilla/5.0 (X11; Linux x86_64) AppleWebKit/537.36 (KHTML, like Gecko) HeadlessChrome/147.0.7727.15 Safari/537.36"
35.224.168.243 - - [13/May/2026:07:20:11 +1000] "GET /wp-includes/js/dist/vendor/regenerator-runtime.min.js?ver=0.13.9 HTTP/1.1" 200 2354 "https://www.coridyan.com/wp-login.php?redirect_to=https%3A%2F%2Fwww.coridyan.com%2Fwp-admin%2Foptions-reading.php&reauth=1" "Mozilla/5.0 (X11; Linux x86_64) AppleWebKit/537.36 (KHTML, like Gecko) HeadlessChrome/147.0.7727.15 Safari/537.36"
35.224.168.243 - - [13/May/2026:07:20:11 +1000] "GET /wp-includes/js/dist/vendor/wp-polyfill.min.js?ver=3.15.0 HTTP/1.1" 200 6872 "https://www.coridyan.com/wp-login.php?redirect_to=https%3A%2F%2Fwww.coridyan.com%2Fwp-admin%2Foptions-reading.php&reauth=1" "Mozilla/5.0 (X11; Linux x86_64) AppleWebKit/537.36 (KHTML, like Gecko) HeadlessChrome/147.0.7727.15 Safari/537.36"
35.224.168.243 - - [13/May/2026:07:20:11 +1000] "GET /wp-includes/js/dist/hooks.min.js?ver=c6d64f2cb8f5c6bb49caca37f8828ce3 HTTP/1.1" 200 1575 "https://www.coridyan.com/wp-login.php?redirect_to=https%3A%2F%2Fwww.coridyan.com%2Fwp-admin%2Foptions-reading.php&reauth=1" "Mozilla/5.0 (X11; Linux x86_64) AppleWebKit/537.36 (KHTML, like Gecko) HeadlessChrome/147.0.7727.15 Safari/537.36"
35.224.168.243 - - [13/May/2026:07:20:11 +1000] "GET /wp-includes/js/dist/i18n.min.js?ver=ebee46757c6a411e38fd079a7ac71d94 HTTP/1.1" 200 3717 "https://www.coridyan.com/wp-login.php?redirect_to=https%3A%2F%2Fwww.coridyan.com%2Fwp-admin%2Foptions-reading.php&reauth=1" "Mozilla/5.0 (X11; Linux x86_64) AppleWebKit/537.36 (KHTML, like Gecko) HeadlessChrome/147.0.7727.15 Safari/537.36"
35.224.168.243 - - [13/May/2026:07:20:11 +1000] "GET /wp-includes/js/underscore.min.js?ver=1.13.3 HTTP/1.1" 200 7176 "https://www.coridyan.com/wp-login.php?redirect_to=https%3A%2F%2Fwww.coridyan.com%2Fwp-admin%2Foptions-reading.php&reauth=1" "Mozilla/5.0 (X11; Linux x86_64) AppleWebKit/537.36 (KHTML, like Gecko) HeadlessChrome/147.0.7727.15 Safari/537.36"
35.224.168.243 - - [13/May/2026:07:20:11 +1000] "GET /wp-admin/js/user-profile.min.js?ver=6.0.11 HTTP/1.1" 200 2112 "https://www.coridyan.com/wp-login.php?redirect_to=https%3A%2F%2Fwww.coridyan.com%2Fwp-admin%2Foptions-reading.php&reauth=1" "Mozilla/5.0 (X11; Linux x86_64) AppleWebKit/537.36 (KHTML, like Gecko) HeadlessChrome/147.0.7727.15 Safari/537.36"
35.224.168.243 - - [13/May/2026:07:20:11 +1000] "GET /wp-admin/images/wordpress-logo.svg?ver=20131107 HTTP/1.1" 200 759 "https://www.coridyan.com/wp-admin/css/login.min.css?ver=6.0.11" "Mozilla/5.0 (X11; Linux x86_64) AppleWebKit/537.36 (KHTML, like Gecko) HeadlessChrome/147.0.7727.15 Safari/537.36"
40.77.167.75 - - [13/May/2026:07:20:11 +1000] "GET /category/fenedi-cl/ HTTP/2" 200 36798 "-" "Mozilla/5.0 AppleWebKit/537.36 (KHTML, like Gecko; compatible; bingbot/2.0; +http://www.bing.com/bingbot.htm) Chrome/116.0.1938.76 Safari/537.36"
35.224.168.243 - - [13/May/2026:07:20:12 +1000] "GET /wp-includes/js/zxcvbn.min.js HTTP/1.1" 200 389493 "https://www.coridyan.com/wp-login.php?redirect_to=https%3A%2F%2Fwww.coridyan.com%2Fwp-admin%2Foptions-reading.php&reauth=1" "Mozilla/5.0 (X11; Linux x86_64) AppleWebKit/537.36 (KHTML, like Gecko) HeadlessChrome/147.0.7727.15 Safari/537.36"
77.237.244.221 - - [13/May/2026:07:20:11 +1000] "GET /perangkat/ HTTP/1.1" 404 36234 "-" "Mozilla/5.0 (Windows NT 10.0; Win64; x64) AppleWebKit/537.36 (KHTML, like Gecko) Chrome/91.0.4472.124 Safari/537.36"
35.224.168.243 - - [13/May/2026:07:20:12 +1000] "POST /wp-login.php HTTP/1.1" 302 0 "https://www.coridyan.com/wp-login.php?redirect_to=https%3A%2F%2Fwww.coridyan.com%2Fwp-admin%2Foptions-reading.php&reauth=1" "Mozilla/5.0 (X11; Linux x86_64) AppleWebKit/537.36 (KHTML, like Gecko) HeadlessChrome/147.0.7727.15 Safari/537.36"
35.224.168.243 - - [13/May/2026:07:20:13 +1000] "GET /wp-login.php?redirect_to=https%3A%2F%2Fwww.coridyan.com%2Fwp-admin%2Foptions-reading.php&action=confirm_admin_email&wp_lang=en_US HTTP/1.1" 200 2320 "https://www.coridyan.com/wp-login.php?redirect_to=https%3A%2F%2Fwww.coridyan.com%2Fwp-admin%2Foptions-reading.php&reauth=1" "Mozilla/5.0 (X11; Linux x86_64) AppleWebKit/537.36 (KHTML, like Gecko) HeadlessChrome/147.0.7727.15 Safari/537.36"
40.77.167.75 - - [13/May/2026:07:20:13 +1000] "GET /category/iven-agssen-schule-husum-de/ HTTP/2" 200 36282 "-" "Mozilla/5.0 AppleWebKit/537.36 (KHTML, like Gecko; compatible; bingbot/2.0; +http://www.bing.com/bingbot.htm) Chrome/116.0.1938.76 Safari/537.36"
37.187.226.30 - - [13/May/2026:07:20:13 +1000] "GET /?p=9884 HTTP/1.1" 301 408 "-" "Mozilla/5.0 (compatible; MJ12bot/v1.4.8; http://mj12bot.com/)"
35.224.168.243 - - [13/May/2026:07:20:14 +1000] "POST /wp-login.php?action=confirm_admin_email HTTP/1.1" 302 0 "https://www.coridyan.com/wp-login.php?redirect_to=https%3A%2F%2Fwww.coridyan.com%2Fwp-admin%2Foptions-reading.php&action=confirm_admin_email&wp_lang=en_US" "Mozilla/5.0 (X11; Linux x86_64) AppleWebKit/537.36 (KHTML, like Gecko) HeadlessChrome/147.0.7727.15 Safari/537.36"
40.77.167.53 - - [13/May/2026:07:19:31 +1000] "GET /post-sitemap28.xml HTTP/2" 200 44407 "-" "Mozilla/5.0 AppleWebKit/537.36 (KHTML, like Gecko; compatible; bingbot/2.0; +http://www.bing.com/bingbot.htm) Chrome/116.0.1938.76 Safari/537.36"
77.237.244.221 - - [13/May/2026:07:20:15 +1000] "GET /alumni/ HTTP/1.1" 301 660 "-" "Mozilla/5.0 (Windows NT 10.0; Win64; x64) AppleWebKit/537.36 (KHTML, like Gecko) Chrome/91.0.4472.124 Safari/537.36"
40.77.167.75 - - [13/May/2026:07:20:15 +1000] "GET /gambling-laws-in-united-kingdom-pros-and-cons/ HTTP/2" 200 39907 "-" "Mozilla/5.0 AppleWebKit/537.36 (KHTML, like Gecko; compatible; bingbot/2.0; +http://www.bing.com/bingbot.htm) Chrome/116.0.1938.76 Safari/537.36"
35.224.168.243 - - [13/May/2026:07:20:15 +1000] "GET /wp-admin/options-reading.php HTTP/1.1" 200 13570 "https://www.coridyan.com/wp-login.php?redirect_to=https%3A%2F%2Fwww.coridyan.com%2Fwp-admin%2Foptions-reading.php&action=confirm_admin_email&wp_lang=en_US" "Mozilla/5.0 (X11; Linux x86_64) AppleWebKit/537.36 (KHTML, like Gecko) HeadlessChrome/147.0.7727.15 Safari/537.36"
35.224.168.243 - - [13/May/2026:07:20:17 +1000] "GET /wp-content/plugins/wp-file-manager/css/fm_common.css?ver=6.0.11 HTTP/1.1" 200 153 "https://www.coridyan.com/wp-admin/options-reading.php" "Mozilla/5.0 (X11; Linux x86_64) AppleWebKit/537.36 (KHTML, like Gecko) HeadlessChrome/147.0.7727.15 Safari/537.36"
35.224.168.243 - - [13/May/2026:07:20:18 +1000] "GET /wp-content/plugins/wordpress-seo/css/dist/wpseo-dismissible-19130.css HTTP/1.1" 200 285 "https://www.coridyan.com/wp-admin/options-reading.php" "Mozilla/5.0 (X11; Linux x86_64) AppleWebKit/537.36 (KHTML, like Gecko) HeadlessChrome/147.0.7727.15 Safari/537.36"
35.224.168.243 - - [13/May/2026:07:20:18 +1000] "GET /wp-content/plugins/wordpress-seo/css/dist/adminbar-19130.css HTTP/1.1" 200 1411 "https://www.coridyan.com/wp-admin/options-reading.php" "Mozilla/5.0 (X11; Linux x86_64) AppleWebKit/537.36 (KHTML, like Gecko) HeadlessChrome/147.0.7727.15 Safari/537.36"
35.224.168.243 - - [13/May/2026:07:20:18 +1000] "GET /wp-includes/js/utils.min.js?ver=6.0.11 HTTP/1.1" 200 765 "https://www.coridyan.com/wp-admin/options-reading.php" "Mozilla/5.0 (X11; Linux x86_64) AppleWebKit/537.36 (KHTML, like Gecko) HeadlessChrome/147.0.7727.15 Safari/537.36"
35.224.168.243 - - [13/May/2026:07:20:18 +1000] "GET /wp-content/plugins/wordpress-seo/js/dist/admin-global.js?ver=8bef96f0e8a09b3e4fecbf1aa0357f66 HTTP/1.1" 200 1952 "https://www.coridyan.com/wp-admin/options-reading.php" "Mozilla/5.0 (X11; Linux x86_64) AppleWebKit/537.36 (KHTML, like Gecko) HeadlessChrome/147.0.7727.15 Safari/537.36"
35.224.168.243 - - [13/May/2026:07:20:18 +1000] "GET /wp-content/plugins/wordpress-seo/css/dist/admin-global-19130.css HTTP/1.1" 200 5739 "https://www.coridyan.com/wp-admin/options-reading.php" "Mozilla/5.0 (X11; Linux x86_64) AppleWebKit/537.36 (KHTML, like Gecko) HeadlessChrome/147.0.7727.15 Safari/537.36"
35.224.168.243 - - [13/May/2026:07:20:17 +1000] "GET /wp-admin/load-styles.php?c=0&dir=ltr&load%5Bchunk_0%5D=dashicons,admin-bar,common,forms,admin-menu,dashboard,list-tables,edit,revisions,media,themes,about,nav-menus,wp-pointer,widgets&load%5Bchunk_1%5D=,site-icon,l10n,buttons,wp-auth-check&ver=6.0.11 HTTP/1.1" 200 120827 "https://www.coridyan.com/wp-admin/options-reading.php" "Mozilla/5.0 (X11; Linux x86_64) AppleWebKit/537.36 (KHTML, like Gecko) HeadlessChrome/147.0.7727.15 Safari/537.36"
35.224.168.243 - - [13/May/2026:07:20:18 +1000] "GET /wp-content/plugins/wp-file-manager/images/wp_file_manager.svg HTTP/1.1" 200 1199 "https://www.coridyan.com/wp-admin/options-reading.php" "Mozilla/5.0 (X11; Linux x86_64) AppleWebKit/537.36 (KHTML, like Gecko) HeadlessChrome/147.0.7727.15 Safari/537.36"
35.224.168.243 - - [13/May/2026:07:20:18 +1000] "GET /wp-content/plugins/fileorganizer/images/logo.png HTTP/1.1" 200 2755 "https://www.coridyan.com/wp-admin/options-reading.php" "Mozilla/5.0 (X11; Linux x86_64) AppleWebKit/537.36 (KHTML, like Gecko) HeadlessChrome/147.0.7727.15 Safari/537.36"
35.224.168.243 - - [13/May/2026:07:20:18 +1000] "GET /wp-includes/js/hoverIntent.min.js?ver=1.10.2 HTTP/1.1" 200 668 "https://www.coridyan.com/wp-admin/options-reading.php" "Mozilla/5.0 (X11; Linux x86_64) AppleWebKit/537.36 (KHTML, like Gecko) HeadlessChrome/147.0.7727.15 Safari/537.36"
35.224.168.243 - - [13/May/2026:07:20:18 +1000] "GET /wp-includes/js/hoverintent-js.min.js?ver=2.2.1 HTTP/1.1" 200 665 "https://www.coridyan.com/wp-admin/options-reading.php" "Mozilla/5.0 (X11; Linux x86_64) AppleWebKit/537.36 (KHTML, like Gecko) HeadlessChrome/147.0.7727.15 Safari/537.36"
35.224.168.243 - - [13/May/2026:07:20:18 +1000] "GET /wp-includes/js/admin-bar.min.js?ver=6.0.11 HTTP/1.1" 200 1265 "https://www.coridyan.com/wp-admin/options-reading.php" "Mozilla/5.0 (X11; Linux x86_64) AppleWebKit/537.36 (KHTML, like Gecko) HeadlessChrome/147.0.7727.15 Safari/537.36"
35.224.168.243 - - [13/May/2026:07:20:18 +1000] "GET /wp-admin/js/common.min.js?ver=6.0.11 HTTP/1.1" 200 6239 "https://www.coridyan.com/wp-admin/options-reading.php" "Mozilla/5.0 (X11; Linux x86_64) AppleWebKit/537.36 (KHTML, like Gecko) HeadlessChrome/147.0.7727.15 Safari/537.36"
35.224.168.243 - - [13/May/2026:07:20:18 +1000] "GET /wp-admin/js/svg-painter.js?ver=6.0.11 HTTP/1.1" 200 1971 "https://www.coridyan.com/wp-admin/options-reading.php" "Mozilla/5.0 (X11; Linux x86_64) AppleWebKit/537.36 (KHTML, like Gecko) HeadlessChrome/147.0.7727.15 Safari/537.36"
35.224.168.243 - - [13/May/2026:07:20:18 +1000] "GET /wp-includes/js/heartbeat.min.js?ver=6.0.11 HTTP/1.1" 200 1926 "https://www.coridyan.com/wp-admin/options-reading.php" "Mozilla/5.0 (X11; Linux x86_64) AppleWebKit/537.36 (KHTML, like Gecko) HeadlessChrome/147.0.7727.15 Safari/537.36"
35.224.168.243 - - [13/May/2026:07:20:18 +1000] "GET /wp-content/plugins/all-in-one-wp-migration/lib/view/assets/img/logo-20x20.png HTTP/1.1" 200 880 "https://www.coridyan.com/wp-admin/options-reading.php" "Mozilla/5.0 (X11; Linux x86_64) AppleWebKit/537.36 (KHTML, like Gecko) HeadlessChrome/147.0.7727.15 Safari/537.36"
35.224.168.243 - - [13/May/2026:07:20:18 +1000] "GET /wp-includes/js/wp-auth-check.min.js?ver=6.0.11 HTTP/1.1" 200 691 "https://www.coridyan.com/wp-admin/options-reading.php" "Mozilla/5.0 (X11; Linux x86_64) AppleWebKit/537.36 (KHTML, like Gecko) HeadlessChrome/147.0.7727.15 Safari/537.36"
35.224.168.243 - - [13/May/2026:07:20:18 +1000] "GET /wp-includes/js/wp-emoji-release.min.js?ver=6.0.11 HTTP/1.1" 200 4619 "https://www.coridyan.com/wp-admin/options-reading.php" "Mozilla/5.0 (X11; Linux x86_64) AppleWebKit/537.36 (KHTML, like Gecko) HeadlessChrome/147.0.7727.15 Safari/537.36"
37.187.226.30 - - [13/May/2026:07:20:16 +1000] "GET /new-video-slots-australia/ HTTP/1.1" 200 40550 "-" "Mozilla/5.0 (compatible; MJ12bot/v1.4.8; http://mj12bot.com/)"
77.237.244.221 - - [13/May/2026:07:20:17 +1000] "GET /alumni/ HTTP/1.1" 404 36234 "-" "Mozilla/5.0 (Windows NT 10.0; Win64; x64) AppleWebKit/537.36 (KHTML, like Gecko) Chrome/91.0.4472.124 Safari/537.36"
40.77.167.75 - - [13/May/2026:07:20:18 +1000] "GET /do-you-have-to-pay-tax-on-gambling-winnings-in-uk/ HTTP/2" 200 39801 "-" "Mozilla/5.0 AppleWebKit/537.36 (KHTML, like Gecko; compatible; bingbot/2.0; +http://www.bing.com/bingbot.htm) Chrome/116.0.1938.76 Safari/537.36"
43.128.67.187 - - [13/May/2026:07:20:19 +1000] "GET /lazyfit-apk-skachat-dlya-android/ HTTP/1.1" 200 45698 "-" "Mozilla/5.0 (iPhone; CPU iPhone OS 13_2_3 like Mac OS X) AppleWebKit/605.1.15 (KHTML, like Gecko) Version/13.0.3 Mobile/15E148 Safari/604.1"
37.187.226.30 - - [13/May/2026:07:20:20 +1000] "GET /?p=9915 HTTP/1.1" 301 428 "-" "Mozilla/5.0 (compatible; MJ12bot/v1.4.8; http://mj12bot.com/)"
40.77.167.75 - - [13/May/2026:07:20:20 +1000] "GET /free-slots-for-ipad-from-the-uk/ HTTP/2" 200 40202 "-" "Mozilla/5.0 AppleWebKit/537.36 (KHTML, like Gecko; compatible; bingbot/2.0; +http://www.bing.com/bingbot.htm) Chrome/116.0.1938.76 Safari/537.36"
77.237.244.221 - - [13/May/2026:07:20:21 +1000] "GET /aps/ HTTP/1.1" 301 657 "-" "Mozilla/5.0 (Windows NT 10.0; Win64; x64) AppleWebKit/537.36 (KHTML, like Gecko) Chrome/91.0.4472.124 Safari/537.36"
40.77.167.75 - - [13/May/2026:07:20:22 +1000] "GET /no-deposit-free-chips-uk-2026/ HTTP/2" 200 39555 "-" "Mozilla/5.0 AppleWebKit/537.36 (KHTML, like Gecko; compatible; bingbot/2.0; +http://www.bing.com/bingbot.htm) Chrome/116.0.1938.76 Safari/537.36"
40.77.167.75 - - [13/May/2026:07:20:22 +1000] "GET /how-many-slot-machines-per-person-in-the-uk/ HTTP/2" 200 40043 "-" "Mozilla/5.0 AppleWebKit/537.36 (KHTML, like Gecko; compatible; bingbot/2.0; +http://www.bing.com/bingbot.htm) Chrome/116.0.1938.76 Safari/537.36"
77.237.244.221 - - [13/May/2026:07:20:23 +1000] "GET /aps/ HTTP/1.1" 404 36234 "-" "Mozilla/5.0 (Windows NT 10.0; Win64; x64) AppleWebKit/537.36 (KHTML, like Gecko) Chrome/91.0.4472.124 Safari/537.36"
40.77.167.75 - - [13/May/2026:07:20:24 +1000] "GET /deposit-with-boku/ HTTP/2" 200 39918 "-" "Mozilla/5.0 AppleWebKit/537.36 (KHTML, like Gecko; compatible; bingbot/2.0; +http://www.bing.com/bingbot.htm) Chrome/116.0.1938.76 Safari/537.36"
40.77.167.75 - - [13/May/2026:07:20:24 +1000] "GET /2026-betx101-app/ HTTP/2" 200 42038 "-" "Mozilla/5.0 AppleWebKit/537.36 (KHTML, like Gecko; compatible; bingbot/2.0; +http://www.bing.com/bingbot.htm) Chrome/116.0.1938.76 Safari/537.36"
40.77.167.75 - - [13/May/2026:07:19:47 +1000] "GET /post-sitemap23.xml HTTP/2" 200 12025 "-" "Mozilla/5.0 AppleWebKit/537.36 (KHTML, like Gecko; compatible; bingbot/2.0; +http://www.bing.com/bingbot.htm) Chrome/116.0.1938.76 Safari/537.36"
37.187.226.30 - - [13/May/2026:07:20:24 +1000] "GET /bybid9-casino-free-bonus-no-deposit-australia/ HTTP/1.1" 200 40973 "-" "Mozilla/5.0 (compatible; MJ12bot/v1.4.8; http://mj12bot.com/)"
192.178.4.101 - - [13/May/2026:07:20:24 +1000] "GET /comment.php?products/haggar-classic-fit-expandable-waistband-corduroy-straight-le/18935993/ HTTP/1.1" 200 35055 "-" "Mozilla/5.0 (Linux; Android 6.0.1; Nexus 5X Build/MMB29P) AppleWebKit/537.36 (KHTML, like Gecko) Chrome/147.0.7727.137 Mobile Safari/537.36 (compatible; GoogleOther)"
40.77.167.75 - - [13/May/2026:07:20:26 +1000] "GET /bet-welcome-offers/ HTTP/2" 200 40309 "-" "Mozilla/5.0 AppleWebKit/537.36 (KHTML, like Gecko; compatible; bingbot/2.0; +http://www.bing.com/bingbot.htm) Chrome/116.0.1938.76 Safari/537.36"
40.77.167.75 - - [13/May/2026:07:20:26 +1000] "GET /free-20-no-deposit/ HTTP/2" 200 39684 "-" "Mozilla/5.0 AppleWebKit/537.36 (KHTML, like Gecko; compatible; bingbot/2.0; +http://www.bing.com/bingbot.htm) Chrome/116.0.1938.76 Safari/537.36"
77.237.244.221 - - [13/May/2026:07:20:27 +1000] "GET /perpustakaan/ HTTP/1.1" 301 666 "-" "Mozilla/5.0 (Windows NT 10.0; Win64; x64) AppleWebKit/537.36 (KHTML, like Gecko) Chrome/91.0.4472.124 Safari/537.36"
37.187.226.30 - - [13/May/2026:07:20:27 +1000] "GET /?p=9989 HTTP/1.1" 301 417 "-" "Mozilla/5.0 (compatible; MJ12bot/v1.4.8; http://mj12bot.com/)"
40.77.167.75 - - [13/May/2026:07:20:28 +1000] "GET /no-deposit-bonus-codes-2026-uk-accepted/ HTTP/2" 200 40030 "-" "Mozilla/5.0 AppleWebKit/537.36 (KHTML, like Gecko; compatible; bingbot/2.0; +http://www.bing.com/bingbot.htm) Chrome/116.0.1938.76 Safari/537.36"
40.77.167.75 - - [13/May/2026:07:20:28 +1000] "GET /100-free-daily-spins/ HTTP/2" 200 40033 "-" "Mozilla/5.0 AppleWebKit/537.36 (KHTML, like Gecko; compatible; bingbot/2.0; +http://www.bing.com/bingbot.htm) Chrome/116.0.1938.76 Safari/537.36"
40.77.167.75 - - [13/May/2026:07:20:29 +1000] "GET /bingo-sites-in-the-united-kingdom/ HTTP/2" 200 39721 "-" "Mozilla/5.0 AppleWebKit/537.36 (KHTML, like Gecko; compatible; bingbot/2.0; +http://www.bing.com/bingbot.htm) Chrome/116.0.1938.76 Safari/537.36"
77.237.244.221 - - [13/May/2026:07:20:30 +1000] "GET /perpustakaan/ HTTP/1.1" 404 36234 "-" "Mozilla/5.0 (Windows NT 10.0; Win64; x64) AppleWebKit/537.36 (KHTML, like Gecko) Chrome/91.0.4472.124 Safari/537.36"
40.77.167.75 - - [13/May/2026:07:20:31 +1000] "GET /free-bonus-on-registration-no-deposit-2026/ HTTP/2" 200 39930 "-" "Mozilla/5.0 AppleWebKit/537.36 (KHTML, like Gecko; compatible; bingbot/2.0; +http://www.bing.com/bingbot.htm) Chrome/116.0.1938.76 Safari/537.36"
40.77.167.75 - - [13/May/2026:07:20:31 +1000] "GET /gambling-licence-cost-uk/ HTTP/2" 200 40700 "-" "Mozilla/5.0 AppleWebKit/537.36 (KHTML, like Gecko; compatible; bingbot/2.0; +http://www.bing.com/bingbot.htm) Chrome/116.0.1938.76 Safari/537.36"
37.187.226.30 - - [13/May/2026:07:20:31 +1000] "GET /free-spin-codes-for-online-casinos/ HTTP/1.1" 200 40941 "-" "Mozilla/5.0 (compatible; MJ12bot/v1.4.8; http://mj12bot.com/)"
40.77.167.75 - - [13/May/2026:07:20:31 +1000] "GET /free-bets-no-deposit-required-uk/ HTTP/2" 200 39961 "-" "Mozilla/5.0 AppleWebKit/537.36 (KHTML, like Gecko; compatible; bingbot/2.0; +http://www.bing.com/bingbot.htm) Chrome/116.0.1938.76 Safari/537.36"
40.77.167.75 - - [13/May/2026:07:20:33 +1000] "GET /holyluck/ HTTP/2" 200 40744 "-" "Mozilla/5.0 AppleWebKit/537.36 (KHTML, like Gecko; compatible; bingbot/2.0; +http://www.bing.com/bingbot.htm) Chrome/116.0.1938.76 Safari/537.36"
40.77.167.75 - - [13/May/2026:07:20:33 +1000] "GET /strategin-bakom-digitala-kortspel-en-djupdykning-i-innovation-och-anvandarengagemang-2/ HTTP/2" 200 41653 "-" "Mozilla/5.0 AppleWebKit/537.36 (KHTML, like Gecko; compatible; bingbot/2.0; +http://www.bing.com/bingbot.htm) Chrome/116.0.1938.76 Safari/537.36"
192.178.4.101 - - [13/May/2026:07:20:32 +1000] "GET /comment.php?products/new-nike-air-zoom-alphafly-next-watermelon-running-sneakers/12798668/ HTTP/1.1" 200 34635 "-" "Mozilla/5.0 (Linux; Android 6.0.1; Nexus 5X Build/MMB29P) AppleWebKit/537.36 (KHTML, like Gecko) Chrome/147.0.7727.137 Mobile Safari/537.36 (compatible; Googlebot/2.1; +http://www.google.com/bot.html)"
77.237.244.221 - - [13/May/2026:07:20:34 +1000] "GET /debian/ HTTP/1.1" 301 660 "-" "Mozilla/5.0 (Windows NT 10.0; Win64; x64) AppleWebKit/537.36 (KHTML, like Gecko) Chrome/91.0.4472.124 Safari/537.36"
37.187.226.30 - - [13/May/2026:07:20:35 +1000] "GET /robots.txt HTTP/1.1" 200 444 "-" "Mozilla/5.0 (compatible; MJ12bot/v1.4.8; http://mj12bot.com/)"
40.77.167.75 - - [13/May/2026:07:20:35 +1000] "GET /britains-got-talent-50-free-spins/ HTTP/2" 200 39770 "-" "Mozilla/5.0 AppleWebKit/537.36 (KHTML, like Gecko; compatible; bingbot/2.0; +http://www.bing.com/bingbot.htm) Chrome/116.0.1938.76 Safari/537.36"
40.77.167.75 - - [13/May/2026:07:20:35 +1000] "GET /united-kingdom-top-10-casino/ HTTP/2" 200 39983 "-" "Mozilla/5.0 AppleWebKit/537.36 (KHTML, like Gecko; compatible; bingbot/2.0; +http://www.bing.com/bingbot.htm) Chrome/116.0.1938.76 Safari/537.36"
77.237.244.221 - - [13/May/2026:07:20:36 +1000] "GET /debian/ HTTP/1.1" 404 36234 "-" "Mozilla/5.0 (Windows NT 10.0; Win64; x64) AppleWebKit/537.36 (KHTML, like Gecko) Chrome/91.0.4472.124 Safari/537.36"
40.77.167.75 - - [13/May/2026:07:20:37 +1000] "GET /best-canadian-casino/ HTTP/2" 200 39856 "-" "Mozilla/5.0 AppleWebKit/537.36 (KHTML, like Gecko; compatible; bingbot/2.0; +http://www.bing.com/bingbot.htm) Chrome/116.0.1938.76 Safari/537.36"
40.77.167.75 - - [13/May/2026:07:20:39 +1000] "GET /have-you-been-a-robot-why-latest-no-deposit-goodwin-dont-we-view-etes-vous-un-bot-voyons-voir/ HTTP/2" 200 42229 "-" "Mozilla/5.0 AppleWebKit/537.36 (KHTML, like Gecko; compatible; bingbot/2.0; +http://www.bing.com/bingbot.htm) Chrome/116.0.1938.76 Safari/537.36"
77.237.244.221 - - [13/May/2026:07:20:40 +1000] "GET /pdf/ HTTP/1.1" 301 657 "-" "Mozilla/5.0 (Windows NT 10.0; Win64; x64) AppleWebKit/537.36 (KHTML, like Gecko) Chrome/91.0.4472.124 Safari/537.36"
40.77.167.75 - - [13/May/2026:07:20:42 +1000] "GET /best-casino-in-uk-to-win-2026/ HTTP/2" 200 40108 "-" "Mozilla/5.0 AppleWebKit/537.36 (KHTML, like Gecko; compatible; bingbot/2.0; +http://www.bing.com/bingbot.htm) Chrome/116.0.1938.76 Safari/537.36"
57.141.14.17 - - [13/May/2026:07:20:41 +1000] "GET /products/detail/69497677 HTTP/2" 404 137739 "-" "meta-externalagent/1.1 (+https://developers.facebook.com/docs/sharing/webmasters/crawler)"
77.237.244.221 - - [13/May/2026:07:20:42 +1000] "GET /pdf/ HTTP/1.1" 404 36234 "-" "Mozilla/5.0 (Windows NT 10.0; Win64; x64) AppleWebKit/537.36 (KHTML, like Gecko) Chrome/91.0.4472.124 Safari/537.36"
40.77.167.75 - - [13/May/2026:07:20:44 +1000] "GET /new-casino-united-kingdom-2026-casinobonusca/ HTTP/2" 200 40171 "-" "Mozilla/5.0 AppleWebKit/537.36 (KHTML, like Gecko; compatible; bingbot/2.0; +http://www.bing.com/bingbot.htm) Chrome/116.0.1938.76 Safari/537.36"
40.77.167.75 - - [13/May/2026:07:20:46 +1000] "GET /digitale-transformation-im-fokus-wie-unternehmen-von-innovativen-strategien-profitieren-2/ HTTP/2" 200 41414 "-" "Mozilla/5.0 AppleWebKit/537.36 (KHTML, like Gecko; compatible; bingbot/2.0; +http://www.bing.com/bingbot.htm) Chrome/116.0.1938.76 Safari/537.36"
77.237.244.221 - - [13/May/2026:07:20:47 +1000] "GET /ovisuper/ HTTP/1.1" 301 662 "-" "Mozilla/5.0 (Windows NT 10.0; Win64; x64) AppleWebKit/537.36 (KHTML, like Gecko) Chrome/91.0.4472.124 Safari/537.36"
57.141.14.98 - - [13/May/2026:07:20:46 +1000] "GET /products/detail/58501531 HTTP/2" 404 137739 "-" "meta-externalagent/1.1 (+https://developers.facebook.com/docs/sharing/webmasters/crawler)"
40.77.167.75 - - [13/May/2026:07:20:48 +1000] "GET /taggio-game-une-plateforme-innovante-pour-redefinir-le-gaming-mobile-2/ HTTP/2" 200 42282 "-" "Mozilla/5.0 AppleWebKit/537.36 (KHTML, like Gecko; compatible; bingbot/2.0; +http://www.bing.com/bingbot.htm) Chrome/116.0.1938.76 Safari/537.36"
40.77.167.53 - - [13/May/2026:07:20:17 +1000] "GET /post-sitemap2.xml HTTP/2" 200 13787 "-" "Mozilla/5.0 AppleWebKit/537.36 (KHTML, like Gecko; compatible; bingbot/2.0; +http://www.bing.com/bingbot.htm) Chrome/116.0.1938.76 Safari/537.36"
77.237.244.221 - - [13/May/2026:07:20:49 +1000] "GET /ovisuper/ HTTP/1.1" 404 36234 "-" "Mozilla/5.0 (Windows NT 10.0; Win64; x64) AppleWebKit/537.36 (KHTML, like Gecko) Chrome/91.0.4472.124 Safari/537.36"
40.77.167.75 - - [13/May/2026:07:20:50 +1000] "GET /best-high-limit-poker-australia/ HTTP/2" 200 40360 "-" "Mozilla/5.0 AppleWebKit/537.36 (KHTML, like Gecko; compatible; bingbot/2.0; +http://www.bing.com/bingbot.htm) Chrome/116.0.1938.76 Safari/537.36"
40.77.167.75 - - [13/May/2026:07:20:52 +1000] "GET /digitale-innovationen-im-tower-defense-warum-browser-basierte-spiele-den-markt-revolutionieren-2/ HTTP/2" 200 41910 "-" "Mozilla/5.0 AppleWebKit/537.36 (KHTML, like Gecko; compatible; bingbot/2.0; +http://www.bing.com/bingbot.htm) Chrome/116.0.1938.76 Safari/537.36"
77.237.244.221 - - [13/May/2026:07:20:53 +1000] "GET /opensid/ HTTP/1.1" 301 661 "-" "Mozilla/5.0 (Windows NT 10.0; Win64; x64) AppleWebKit/537.36 (KHTML, like Gecko) Chrome/91.0.4472.124 Safari/537.36"
77.237.244.221 - - [13/May/2026:07:20:55 +1000] "GET /opensid/ HTTP/1.1" 404 36234 "-" "Mozilla/5.0 (Windows NT 10.0; Win64; x64) AppleWebKit/537.36 (KHTML, like Gecko) Chrome/91.0.4472.124 Safari/537.36"
57.141.14.6 - - [13/May/2026:07:20:59 +1000] "GET /products/detail/65026252 HTTP/2" 404 137739 "-" "meta-externalagent/1.1 (+https://developers.facebook.com/docs/sharing/webmasters/crawler)"
77.237.244.221 - - [13/May/2026:07:20:59 +1000] "GET /brosur/ HTTP/1.1" 301 660 "-" "Mozilla/5.0 (Windows NT 10.0; Win64; x64) AppleWebKit/537.36 (KHTML, like Gecko) Chrome/91.0.4472.124 Safari/537.36"
192.178.4.100 - - [13/May/2026:07:21:01 +1000] "GET /content.php?product/103124698 HTTP/1.1" 200 28510 "-" "Mozilla/5.0 (Linux; Android 6.0.1; Nexus 5X Build/MMB29P) AppleWebKit/537.36 (KHTML, like Gecko) Chrome/147.0.7727.137 Mobile Safari/537.36 (compatible; GoogleOther)"
77.237.244.221 - - [13/May/2026:07:21:03 +1000] "GET /brosur/ HTTP/1.1" 404 36234 "-" "Mozilla/5.0 (Windows NT 10.0; Win64; x64) AppleWebKit/537.36 (KHTML, like Gecko) Chrome/91.0.4472.124 Safari/537.36"
77.237.244.221 - - [13/May/2026:07:21:07 +1000] "GET /laporan/ HTTP/1.1" 301 661 "-" "Mozilla/5.0 (Windows NT 10.0; Win64; x64) AppleWebKit/537.36 (KHTML, like Gecko) Chrome/91.0.4472.124 Safari/537.36"
57.141.14.34 - - [13/May/2026:07:21:07 +1000] "GET /products/detail/54060535 HTTP/2" 404 137739 "-" "meta-externalagent/1.1 (+https://developers.facebook.com/docs/sharing/webmasters/crawler)"
77.237.244.221 - - [13/May/2026:07:21:10 +1000] "GET /laporan/ HTTP/1.1" 404 36234 "-" "Mozilla/5.0 (Windows NT 10.0; Win64; x64) AppleWebKit/537.36 (KHTML, like Gecko) Chrome/91.0.4472.124 Safari/537.36"
40.77.167.75 - - [13/May/2026:07:21:11 +1000] "GET /online-casino-top-20-australia/ HTTP/2" 200 39836 "-" "Mozilla/5.0 AppleWebKit/537.36 (KHTML, like Gecko; compatible; bingbot/2.0; +http://www.bing.com/bingbot.htm) Chrome/116.0.1938.76 Safari/537.36"
57.141.14.96 - - [13/May/2026:07:21:11 +1000] "GET /products/detail/69547618 HTTP/2" 404 137739 "-" "meta-externalagent/1.1 (+https://developers.facebook.com/docs/sharing/webmasters/crawler)"
40.77.167.75 - - [13/May/2026:07:21:13 +1000] "GET /enjoy-ghostbusters-have-a-glimpse-at-this-site-triple-slime-online/ HTTP/2" 200 42739 "-" "Mozilla/5.0 AppleWebKit/537.36 (KHTML, like Gecko; compatible; bingbot/2.0; +http://www.bing.com/bingbot.htm) Chrome/116.0.1938.76 Safari/537.36"
77.237.244.221 - - [13/May/2026:07:21:14 +1000] "GET /journals/ HTTP/1.1" 301 662 "-" "Mozilla/5.0 (Windows NT 10.0; Win64; x64) AppleWebKit/537.36 (KHTML, like Gecko) Chrome/91.0.4472.124 Safari/537.36"
