52.167.144.23 - - [13/May/2026:07:37:53 +1000] "GET /preferible-promedio-de-la-procreacion-wordreference-forums/ HTTP/2" 200 43593 "-" "Mozilla/5.0 AppleWebKit/537.36 (KHTML, like Gecko; compatible; bingbot/2.0; +http://www.bing.com/bingbot.htm) Chrome/116.0.1938.76 Safari/537.36"
77.237.244.221 - - [13/May/2026:07:37:53 +1000] "GET /buddha/ HTTP/1.1" 404 36234 "-" "Mozilla/5.0 (Windows NT 10.0; Win64; x64) AppleWebKit/537.36 (KHTML, like Gecko) Chrome/91.0.4472.124 Safari/537.36"
20.15.133.162 - - [13/May/2026:07:37:55 +1000] "GET /nye-danske-casinoer-slot-tomb-raider-2026-alle-nye-licenserede-casinoer/ HTTP/2" 200 41699 "-" "Mozilla/5.0 AppleWebKit/537.36 (KHTML, like Gecko; compatible; bingbot/2.0; +http://www.bing.com/bingbot.htm) Chrome/116.0.1938.76 Safari/537.36"
52.167.144.23 - - [13/May/2026:07:37:55 +1000] "GET /50-gratis-spins-buitenshuis-betaling-2026-legale-keuzes/ HTTP/2" 200 40287 "-" "Mozilla/5.0 AppleWebKit/537.36 (KHTML, like Gecko; compatible; bingbot/2.0; +http://www.bing.com/bingbot.htm) Chrome/116.0.1938.76 Safari/537.36"
52.167.144.23 - - [13/May/2026:07:37:55 +1000] "GET /top-20-casino-australia/ HTTP/2" 200 39700 "-" "Mozilla/5.0 AppleWebKit/537.36 (KHTML, like Gecko; compatible; bingbot/2.0; +http://www.bing.com/bingbot.htm) Chrome/116.0.1938.76 Safari/537.36"
77.237.244.221 - - [13/May/2026:07:37:57 +1000] "GET /byroernne/ HTTP/1.1" 301 663 "-" "Mozilla/5.0 (Windows NT 10.0; Win64; x64) AppleWebKit/537.36 (KHTML, like Gecko) Chrome/91.0.4472.124 Safari/537.36"
52.167.144.23 - - [13/May/2026:07:37:57 +1000] "GET /best-gambling-coupons-in-australia/ HTTP/2" 200 40430 "-" "Mozilla/5.0 AppleWebKit/537.36 (KHTML, like Gecko; compatible; bingbot/2.0; +http://www.bing.com/bingbot.htm) Chrome/116.0.1938.76 Safari/537.36"
192.178.4.100 - - [13/May/2026:07:37:57 +1000] "GET /wat-is-everygame-casino/ HTTP/1.1" 200 39459 "-" "Mozilla/5.0 (Linux; Android 6.0.1; Nexus 5X Build/MMB29P) AppleWebKit/537.36 (KHTML, like Gecko) Chrome/147.0.7727.137 Mobile Safari/537.36 (compatible; GoogleOther)"
52.167.144.23 - - [13/May/2026:07:37:57 +1000] "GET /deposit-euro-cash-united-kingdom/ HTTP/2" 200 40111 "-" "Mozilla/5.0 AppleWebKit/537.36 (KHTML, like Gecko; compatible; bingbot/2.0; +http://www.bing.com/bingbot.htm) Chrome/116.0.1938.76 Safari/537.36"
216.73.217.100 - - [13/May/2026:07:37:58 +1000] "GET /products/detail/57900367 HTTP/2" 404 35911 "-" "Mozilla/5.0 AppleWebKit/537.36 (KHTML, like Gecko; compatible; ClaudeBot/1.0; +claudebot@anthropic.com)"
52.167.144.23 - - [13/May/2026:07:37:59 +1000] "GET /topspin-2k25-heart-judge-admission-benefits-roadmap/ HTTP/2" 200 40020 "-" "Mozilla/5.0 AppleWebKit/537.36 (KHTML, like Gecko; compatible; bingbot/2.0; +http://www.bing.com/bingbot.htm) Chrome/116.0.1938.76 Safari/537.36"
77.237.244.221 - - [13/May/2026:07:37:59 +1000] "GET /byroernne/ HTTP/1.1" 404 36234 "-" "Mozilla/5.0 (Windows NT 10.0; Win64; x64) AppleWebKit/537.36 (KHTML, like Gecko) Chrome/91.0.4472.124 Safari/537.36"
52.167.144.23 - - [13/May/2026:07:37:59 +1000] "GET /assistans-tillsamman-granser-insattning-forlanga-lockton/ HTTP/2" 200 41306 "-" "Mozilla/5.0 AppleWebKit/537.36 (KHTML, like Gecko; compatible; bingbot/2.0; +http://www.bing.com/bingbot.htm) Chrome/116.0.1938.76 Safari/537.36"
52.167.144.23 - - [13/May/2026:07:38:01 +1000] "GET /competitions/ HTTP/2" 200 40610 "-" "Mozilla/5.0 AppleWebKit/537.36 (KHTML, like Gecko; compatible; bingbot/2.0; +http://www.bing.com/bingbot.htm) Chrome/116.0.1938.76 Safari/537.36"
52.167.144.23 - - [13/May/2026:07:38:01 +1000] "GET /bingo-sites-united-kingdom-2026/ HTTP/2" 200 40234 "-" "Mozilla/5.0 AppleWebKit/537.36 (KHTML, like Gecko; compatible; bingbot/2.0; +http://www.bing.com/bingbot.htm) Chrome/116.0.1938.76 Safari/537.36"
57.141.14.91 - - [13/May/2026:07:38:01 +1000] "GET /products/detail/54468838 HTTP/2" 404 137739 "-" "meta-externalagent/1.1 (+https://developers.facebook.com/docs/sharing/webmasters/crawler)"
52.167.144.23 - - [13/May/2026:07:38:03 +1000] "GET /pub-pub-black-colored-sheep-condition-look-at-important-hook-wager-legitimate-if-not-fun-costa-rica/ HTTP/2" 200 40868 "-" "Mozilla/5.0 AppleWebKit/537.36 (KHTML, like Gecko; compatible; bingbot/2.0; +http://www.bing.com/bingbot.htm) Chrome/116.0.1938.76 Safari/537.36"
52.167.144.23 - - [13/May/2026:07:38:03 +1000] "GET /real-money-games/ HTTP/2" 200 40494 "-" "Mozilla/5.0 AppleWebKit/537.36 (KHTML, like Gecko; compatible; bingbot/2.0; +http://www.bing.com/bingbot.htm) Chrome/116.0.1938.76 Safari/537.36"
77.237.244.221 - - [13/May/2026:07:38:03 +1000] "GET /clinicasoftware/ HTTP/1.1" 301 669 "-" "Mozilla/5.0 (Windows NT 10.0; Win64; x64) AppleWebKit/537.36 (KHTML, like Gecko) Chrome/91.0.4472.124 Safari/537.36"
52.167.144.23 - - [13/May/2026:07:38:05 +1000] "GET /as-to-why-a-twin-isnt-children-symbols-in-the-kapsiki-delivery-traditions/ HTTP/2" 200 40935 "-" "Mozilla/5.0 AppleWebKit/537.36 (KHTML, like Gecko; compatible; bingbot/2.0; +http://www.bing.com/bingbot.htm) Chrome/116.0.1938.76 Safari/537.36"
52.167.144.23 - - [13/May/2026:07:38:05 +1000] "GET /leovegas-erfahrungen-2026-100-pramie-and-umsatzfreie-freispiele/ HTTP/2" 200 42901 "-" "Mozilla/5.0 AppleWebKit/537.36 (KHTML, like Gecko; compatible; bingbot/2.0; +http://www.bing.com/bingbot.htm) Chrome/116.0.1938.76 Safari/537.36"
51.161.37.230 - - [13/May/2026:07:37:37 +1000] "GET /post-sitemap12.xml HTTP/2" 200 0 "-" "Mozilla/5.0 (compatible; AhrefsBot/7.0; +http://ahrefs.com/robot/)"
77.237.244.221 - - [13/May/2026:07:38:06 +1000] "GET /clinicasoftware/ HTTP/1.1" 404 36234 "-" "Mozilla/5.0 (Windows NT 10.0; Win64; x64) AppleWebKit/537.36 (KHTML, like Gecko) Chrome/91.0.4472.124 Safari/537.36"
52.167.144.23 - - [13/May/2026:07:38:08 +1000] "GET /dr-choice-withdrawal-actions-gamble-pharaohs-luck-inside-2026/ HTTP/2" 200 40711 "-" "Mozilla/5.0 AppleWebKit/537.36 (KHTML, like Gecko; compatible; bingbot/2.0; +http://www.bing.com/bingbot.htm) Chrome/116.0.1938.76 Safari/537.36"
52.167.144.23 - - [13/May/2026:07:38:08 +1000] "GET /greatest-free-revolves-no-deposit-required-in-the-united-kingdom-march-2026-%D7%98%D7%99%D7%95%D7%9C%D7%99%D7%9D-%D7%95%D7%90%D7%92%D7%93%D7%95%D7%AA/ HTTP/2" 200 40803 "-" "Mozilla/5.0 AppleWebKit/537.36 (KHTML, like Gecko; compatible; bingbot/2.0; +http://www.bing.com/bingbot.htm) Chrome/116.0.1938.76 Safari/537.36"
77.237.244.221 - - [13/May/2026:07:38:09 +1000] "GET /casadosvidros/ HTTP/1.1" 301 667 "-" "Mozilla/5.0 (Windows NT 10.0; Win64; x64) AppleWebKit/537.36 (KHTML, like Gecko) Chrome/91.0.4472.124 Safari/537.36"
52.167.144.23 - - [13/May/2026:07:38:10 +1000] "GET /50-giros-regalado-sin-tanque-mayo-2026/ HTTP/2" 200 42964 "-" "Mozilla/5.0 AppleWebKit/537.36 (KHTML, like Gecko; compatible; bingbot/2.0; +http://www.bing.com/bingbot.htm) Chrome/116.0.1938.76 Safari/537.36"
52.167.144.23 - - [13/May/2026:07:38:10 +1000] "GET /online-kienspel-optreden-voor-poen-wind-eigenlijk-bankbiljet-te-deze-aanbieders/ HTTP/2" 200 40315 "-" "Mozilla/5.0 AppleWebKit/537.36 (KHTML, like Gecko; compatible; bingbot/2.0; +http://www.bing.com/bingbot.htm) Chrome/116.0.1938.76 Safari/537.36"
20.15.133.174 - - [13/May/2026:07:38:11 +1000] "GET /richest-casino-in-uk/ HTTP/2" 200 40133 "-" "Mozilla/5.0 AppleWebKit/537.36 (KHTML, like Gecko; compatible; bingbot/2.0; +http://www.bing.com/bingbot.htm) Chrome/116.0.1938.76 Safari/537.36"
52.167.144.23 - - [13/May/2026:07:38:12 +1000] "GET /immediately-after-through-to-a-crime-1992/ HTTP/2" 200 40831 "-" "Mozilla/5.0 AppleWebKit/537.36 (KHTML, like Gecko; compatible; bingbot/2.0; +http://www.bing.com/bingbot.htm) Chrome/116.0.1938.76 Safari/537.36"
52.167.144.23 - - [13/May/2026:07:38:12 +1000] "GET /best-united-states-online-casinos-inside-march-2026/ HTTP/2" 200 40767 "-" "Mozilla/5.0 AppleWebKit/537.36 (KHTML, like Gecko; compatible; bingbot/2.0; +http://www.bing.com/bingbot.htm) Chrome/116.0.1938.76 Safari/537.36"
77.237.244.221 - - [13/May/2026:07:38:11 +1000] "GET /casadosvidros/ HTTP/1.1" 404 36234 "-" "Mozilla/5.0 (Windows NT 10.0; Win64; x64) AppleWebKit/537.36 (KHTML, like Gecko) Chrome/91.0.4472.124 Safari/537.36"
52.167.144.23 - - [13/May/2026:07:38:15 +1000] "GET /app-auf-ios-und-android-herunterkopieren/ HTTP/2" 200 42394 "-" "Mozilla/5.0 AppleWebKit/537.36 (KHTML, like Gecko; compatible; bingbot/2.0; +http://www.bing.com/bingbot.htm) Chrome/116.0.1938.76 Safari/537.36"
52.167.144.23 - - [13/May/2026:07:38:15 +1000] "GET /handy-gutschrift-geradlinig-and-reibungslos-unter-einsatz-von-paypal-auferlegen-sic-klappt-es/ HTTP/2" 200 43033 "-" "Mozilla/5.0 AppleWebKit/537.36 (KHTML, like Gecko; compatible; bingbot/2.0; +http://www.bing.com/bingbot.htm) Chrome/116.0.1938.76 Safari/537.36"
77.237.244.221 - - [13/May/2026:07:38:15 +1000] "GET /careers/ HTTP/1.1" 301 661 "-" "Mozilla/5.0 (Windows NT 10.0; Win64; x64) AppleWebKit/537.36 (KHTML, like Gecko) Chrome/91.0.4472.124 Safari/537.36"
52.167.144.23 - - [13/May/2026:07:38:17 +1000] "GET /download-avalon-1-deposit-2026/ HTTP/2" 200 41018 "-" "Mozilla/5.0 AppleWebKit/537.36 (KHTML, like Gecko; compatible; bingbot/2.0; +http://www.bing.com/bingbot.htm) Chrome/116.0.1938.76 Safari/537.36"
52.167.144.23 - - [13/May/2026:07:38:17 +1000] "GET /schnelle-ausschuttung-spielbank-2026-fix-gewinne-abheben/ HTTP/2" 200 43024 "-" "Mozilla/5.0 AppleWebKit/537.36 (KHTML, like Gecko; compatible; bingbot/2.0; +http://www.bing.com/bingbot.htm) Chrome/116.0.1938.76 Safari/537.36"
77.237.244.221 - - [13/May/2026:07:38:18 +1000] "GET /careers/ HTTP/1.1" 404 36234 "-" "Mozilla/5.0 (Windows NT 10.0; Win64; x64) AppleWebKit/537.36 (KHTML, like Gecko) Chrome/91.0.4472.124 Safari/537.36"
52.167.144.23 - - [13/May/2026:07:38:19 +1000] "GET /whats-the-greatest-sluice-box-configurations-for-getting-great-gold/ HTTP/2" 200 40665 "-" "Mozilla/5.0 AppleWebKit/537.36 (KHTML, like Gecko; compatible; bingbot/2.0; +http://www.bing.com/bingbot.htm) Chrome/116.0.1938.76 Safari/537.36"
52.167.144.23 - - [13/May/2026:07:38:19 +1000] "GET /velobet/ HTTP/2" 200 43776 "-" "Mozilla/5.0 AppleWebKit/537.36 (KHTML, like Gecko; compatible; bingbot/2.0; +http://www.bing.com/bingbot.htm) Chrome/116.0.1938.76 Safari/537.36"
57.141.14.76 - - [13/May/2026:07:38:20 +1000] "GET /products/detail/63586207 HTTP/2" 404 137739 "-" "meta-externalagent/1.1 (+https://developers.facebook.com/docs/sharing/webmasters/crawler)"
52.167.144.23 - - [13/May/2026:07:38:21 +1000] "GET /no-deposit-bonus-2026-uk/ HTTP/2" 200 40163 "-" "Mozilla/5.0 AppleWebKit/537.36 (KHTML, like Gecko; compatible; bingbot/2.0; +http://www.bing.com/bingbot.htm) Chrome/116.0.1938.76 Safari/537.36"
77.237.244.221 - - [13/May/2026:07:38:22 +1000] "GET /campuslag/ HTTP/1.1" 301 663 "-" "Mozilla/5.0 (Windows NT 10.0; Win64; x64) AppleWebKit/537.36 (KHTML, like Gecko) Chrome/91.0.4472.124 Safari/537.36"
52.167.144.23 - - [13/May/2026:07:38:23 +1000] "GET /best-casino-2026-uk/ HTTP/2" 200 39838 "-" "Mozilla/5.0 AppleWebKit/537.36 (KHTML, like Gecko; compatible; bingbot/2.0; +http://www.bing.com/bingbot.htm) Chrome/116.0.1938.76 Safari/537.36"
57.141.14.104 - - [13/May/2026:07:38:23 +1000] "GET /products/detail/58138255 HTTP/2" 404 137739 "-" "meta-externalagent/1.1 (+https://developers.facebook.com/docs/sharing/webmasters/crawler)"
216.73.217.100 - - [13/May/2026:07:38:23 +1000] "GET /products/detail/65809756 HTTP/2" 404 35911 "-" "Mozilla/5.0 AppleWebKit/537.36 (KHTML, like Gecko; compatible; ClaudeBot/1.0; +claudebot@anthropic.com)"
77.237.244.221 - - [13/May/2026:07:38:24 +1000] "GET /campuslag/ HTTP/1.1" 404 36234 "-" "Mozilla/5.0 (Windows NT 10.0; Win64; x64) AppleWebKit/537.36 (KHTML, like Gecko) Chrome/91.0.4472.124 Safari/537.36"
52.167.144.23 - - [13/May/2026:07:38:25 +1000] "GET /best-casino-london-united-kingdom/ HTTP/2" 200 40037 "-" "Mozilla/5.0 AppleWebKit/537.36 (KHTML, like Gecko; compatible; bingbot/2.0; +http://www.bing.com/bingbot.htm) Chrome/116.0.1938.76 Safari/537.36"
52.167.144.23 - - [13/May/2026:07:38:26 +1000] "GET /crazy-fox-casino-attempt-2026-erfahrungen-incentive-5-lions-gold-play-codes-spiele/ HTTP/2" 200 42141 "-" "Mozilla/5.0 AppleWebKit/537.36 (KHTML, like Gecko; compatible; bingbot/2.0; +http://www.bing.com/bingbot.htm) Chrome/116.0.1938.76 Safari/537.36"
52.167.144.23 - - [13/May/2026:07:38:27 +1000] "GET /der-siegesbogen-von-jackpoty/ HTTP/2" 200 40318 "-" "Mozilla/5.0 AppleWebKit/537.36 (KHTML, like Gecko; compatible; bingbot/2.0; +http://www.bing.com/bingbot.htm) Chrome/116.0.1938.76 Safari/537.36"
52.167.144.23 - - [13/May/2026:07:38:27 +1000] "GET /certain-applications-make-up-profiles-with-just-prizes-while-you-are-most-other-software-pay-cash-this-can-lead-to-highest-costs-than-just-yourd-score-of-video-game-and-you-get-to/ HTTP/2" 200 41013 "-" "Mozilla/5.0 AppleWebKit/537.36 (KHTML, like Gecko; compatible; bingbot/2.0; +http://www.bing.com/bingbot.htm) Chrome/116.0.1938.76 Safari/537.36"
77.237.244.221 - - [13/May/2026:07:38:28 +1000] "GET /bowenpayments/ HTTP/1.1" 301 667 "-" "Mozilla/5.0 (Windows NT 10.0; Win64; x64) AppleWebKit/537.36 (KHTML, like Gecko) Chrome/91.0.4472.124 Safari/537.36"
54.39.89.45 - - [13/May/2026:07:38:28 +1000] "GET /strategia-vincenti-nei-tornei-mobile-come-i-bonus-e-le-promozioni-trasformano-i-migliori-giocatori-in-campioni-online-ottimizzando-bankroll-sfruttando-cashback-e-scalando-le-classifiche-con-intelligen/ HTTP/2" 404 35506 "-" "Mozilla/5.0 (compatible; AhrefsBot/7.0; +http://ahrefs.com/robot/)"
52.167.144.23 - - [13/May/2026:07:38:29 +1000] "GET /products/detail/68608585 HTTP/2" 404 35911 "-" "Mozilla/5.0 AppleWebKit/537.36 (KHTML, like Gecko; compatible; bingbot/2.0; +http://www.bing.com/bingbot.htm) Chrome/116.0.1938.76 Safari/537.36"
52.167.144.23 - - [13/May/2026:07:38:29 +1000] "GET /products/detail/65552122 HTTP/2" 404 35911 "-" "Mozilla/5.0 AppleWebKit/537.36 (KHTML, like Gecko; compatible; bingbot/2.0; +http://www.bing.com/bingbot.htm) Chrome/116.0.1938.76 Safari/537.36"
216.73.217.100 - - [13/May/2026:07:38:29 +1000] "GET /100-besplatnih-okretaja-bez-depozita-prijava-u-kasino-vulkan-spiele-britanski-veljaca-2026-potpuno-besplatnih-100-okretaja/ HTTP/2" 200 40287 "-" "Mozilla/5.0 AppleWebKit/537.36 (KHTML, like Gecko; compatible; ClaudeBot/1.0; +claudebot@anthropic.com)"
192.178.4.100 - - [13/May/2026:07:38:28 +1000] "GET /comment.php?products/1995-ford-f-150/11088463/ HTTP/1.1" 200 35306 "-" "Mozilla/5.0 (Linux; Android 6.0.1; Nexus 5X Build/MMB29P) AppleWebKit/537.36 (KHTML, like Gecko) Chrome/147.0.7727.137 Mobile Safari/537.36 (compatible; GoogleOther)"
52.167.144.23 - - [13/May/2026:07:38:31 +1000] "GET /products/detail/63946108 HTTP/2" 404 35911 "-" "Mozilla/5.0 AppleWebKit/537.36 (KHTML, like Gecko; compatible; bingbot/2.0; +http://www.bing.com/bingbot.htm) Chrome/116.0.1938.76 Safari/537.36"
77.237.244.221 - - [13/May/2026:07:38:31 +1000] "GET /bowenpayments/ HTTP/1.1" 404 36234 "-" "Mozilla/5.0 (Windows NT 10.0; Win64; x64) AppleWebKit/537.36 (KHTML, like Gecko) Chrome/91.0.4472.124 Safari/537.36"
52.167.144.23 - - [13/May/2026:07:38:31 +1000] "GET /products/detail/60190966 HTTP/2" 404 35911 "-" "Mozilla/5.0 AppleWebKit/537.36 (KHTML, like Gecko; compatible; bingbot/2.0; +http://www.bing.com/bingbot.htm) Chrome/116.0.1938.76 Safari/537.36"
52.167.144.23 - - [13/May/2026:07:38:32 +1000] "GET /products/detail/58965472 HTTP/2" 404 35911 "-" "Mozilla/5.0 AppleWebKit/537.36 (KHTML, like Gecko; compatible; bingbot/2.0; +http://www.bing.com/bingbot.htm) Chrome/116.0.1938.76 Safari/537.36"
52.167.144.23 - - [13/May/2026:07:38:33 +1000] "GET /products/detail/53178679 HTTP/2" 404 35911 "-" "Mozilla/5.0 AppleWebKit/537.36 (KHTML, like Gecko; compatible; bingbot/2.0; +http://www.bing.com/bingbot.htm) Chrome/116.0.1938.76 Safari/537.36"
52.167.144.23 - - [13/May/2026:07:38:34 +1000] "GET /products/detail/60457168%20%20%20%20%20%20%20%20%20%20%20%20%20%20%20%20%20%20%20%20%20%20%20%20class= HTTP/2" 404 35911 "-" "Mozilla/5.0 AppleWebKit/537.36 (KHTML, like Gecko; compatible; bingbot/2.0; +http://www.bing.com/bingbot.htm) Chrome/116.0.1938.76 Safari/537.36"
77.237.244.221 - - [13/May/2026:07:38:34 +1000] "GET /client_billing/ HTTP/1.1" 301 668 "-" "Mozilla/5.0 (Windows NT 10.0; Win64; x64) AppleWebKit/537.36 (KHTML, like Gecko) Chrome/91.0.4472.124 Safari/537.36"
52.167.144.23 - - [13/May/2026:07:38:34 +1000] "GET /products/detail/68402683 HTTP/2" 404 35911 "-" "Mozilla/5.0 AppleWebKit/537.36 (KHTML, like Gecko; compatible; bingbot/2.0; +http://www.bing.com/bingbot.htm) Chrome/116.0.1938.76 Safari/537.36"
52.167.144.23 - - [13/May/2026:07:38:36 +1000] "GET /products/detail/57113353 HTTP/2" 404 35911 "-" "Mozilla/5.0 AppleWebKit/537.36 (KHTML, like Gecko; compatible; bingbot/2.0; +http://www.bing.com/bingbot.htm) Chrome/116.0.1938.76 Safari/537.36"
52.167.144.23 - - [13/May/2026:07:38:36 +1000] "GET /products/detail/60244291 HTTP/2" 404 35911 "-" "Mozilla/5.0 AppleWebKit/537.36 (KHTML, like Gecko; compatible; bingbot/2.0; +http://www.bing.com/bingbot.htm) Chrome/116.0.1938.76 Safari/537.36"
77.237.244.221 - - [13/May/2026:07:38:36 +1000] "GET /client_billing/ HTTP/1.1" 404 36234 "-" "Mozilla/5.0 (Windows NT 10.0; Win64; x64) AppleWebKit/537.36 (KHTML, like Gecko) Chrome/91.0.4472.124 Safari/537.36"
51.222.168.20 - - [13/May/2026:07:38:09 +1000] "GET /post-sitemap13.xml HTTP/2" 200 0 "-" "Mozilla/5.0 (compatible; AhrefsBot/7.0; +http://ahrefs.com/robot/)"
52.167.144.23 - - [13/May/2026:07:38:38 +1000] "GET /products/detail/61639336 HTTP/2" 404 35917 "-" "Mozilla/5.0 AppleWebKit/537.36 (KHTML, like Gecko; compatible; bingbot/2.0; +http://www.bing.com/bingbot.htm) Chrome/116.0.1938.76 Safari/537.36"
52.167.144.23 - - [13/May/2026:07:38:38 +1000] "GET /products/detail/69513067 HTTP/2" 404 35911 "-" "Mozilla/5.0 AppleWebKit/537.36 (KHTML, like Gecko; compatible; bingbot/2.0; +http://www.bing.com/bingbot.htm) Chrome/116.0.1938.76 Safari/537.36"
77.237.244.221 - - [13/May/2026:07:38:40 +1000] "GET /dists/ HTTP/1.1" 301 659 "-" "Mozilla/5.0 (Windows NT 10.0; Win64; x64) AppleWebKit/537.36 (KHTML, like Gecko) Chrome/91.0.4472.124 Safari/537.36"
52.167.144.23 - - [13/May/2026:07:38:40 +1000] "GET /products/detail/60148495 HTTP/2" 404 35911 "-" "Mozilla/5.0 AppleWebKit/537.36 (KHTML, like Gecko; compatible; bingbot/2.0; +http://www.bing.com/bingbot.htm) Chrome/116.0.1938.76 Safari/537.36"
52.167.144.23 - - [13/May/2026:07:38:40 +1000] "GET /products/detail/54317521 HTTP/2" 404 35911 "-" "Mozilla/5.0 AppleWebKit/537.36 (KHTML, like Gecko; compatible; bingbot/2.0; +http://www.bing.com/bingbot.htm) Chrome/116.0.1938.76 Safari/537.36"
52.167.144.23 - - [13/May/2026:07:38:42 +1000] "GET /products/detail/63679168%20%20%20%20%20%20%20%20%20%20%20%20%20%20%20%20%20%20%20%20%20%20%20%20class= HTTP/2" 404 35911 "-" "Mozilla/5.0 AppleWebKit/537.36 (KHTML, like Gecko; compatible; bingbot/2.0; +http://www.bing.com/bingbot.htm) Chrome/116.0.1938.76 Safari/537.36"
77.237.244.221 - - [13/May/2026:07:38:43 +1000] "GET /dists/ HTTP/1.1" 404 36234 "-" "Mozilla/5.0 (Windows NT 10.0; Win64; x64) AppleWebKit/537.36 (KHTML, like Gecko) Chrome/91.0.4472.124 Safari/537.36"
77.237.244.221 - - [13/May/2026:07:38:46 +1000] "GET /bugtracker HTTP/1.1" 301 663 "-" "Mozilla/5.0 (Windows NT 10.0; Win64; x64) AppleWebKit/537.36 (KHTML, like Gecko) Chrome/91.0.4472.124 Safari/537.36"
77.237.244.221 - - [13/May/2026:07:38:48 +1000] "GET /bugtracker HTTP/1.1" 404 36234 "-" "Mozilla/5.0 (Windows NT 10.0; Win64; x64) AppleWebKit/537.36 (KHTML, like Gecko) Chrome/91.0.4472.124 Safari/537.36"
77.237.244.221 - - [13/May/2026:07:38:52 +1000] "GET /error/ HTTP/1.1" 404 1336 "-" "Mozilla/5.0 (Windows NT 10.0; Win64; x64) AppleWebKit/537.36 (KHTML, like Gecko) Chrome/91.0.4472.124 Safari/537.36"
77.237.244.221 - - [13/May/2026:07:38:54 +1000] "GET /bots/ HTTP/1.1" 301 658 "-" "Mozilla/5.0 (Windows NT 10.0; Win64; x64) AppleWebKit/537.36 (KHTML, like Gecko) Chrome/91.0.4472.124 Safari/537.36"
192.178.4.101 - - [13/May/2026:07:38:55 +1000] "POST /wp-admin/admin-ajax.php HTTP/1.1" 200 1274 "https://www.coridyan.com/?products/detail/58216213" "Mozilla/5.0 (Linux; Android 6.0.1; Nexus 5X Build/MMB29P) AppleWebKit/537.36 (KHTML, like Gecko) Chrome/147.0.7727.137 Mobile Safari/537.36 (compatible; GoogleOther)"
77.237.244.221 - - [13/May/2026:07:38:56 +1000] "GET /bots/ HTTP/1.1" 404 36245 "-" "Mozilla/5.0 (Windows NT 10.0; Win64; x64) AppleWebKit/537.36 (KHTML, like Gecko) Chrome/91.0.4472.124 Safari/537.36"
216.73.217.100 - - [13/May/2026:07:38:51 +1000] "GET /immortal-vulkan-spiele-problem-s-prijavom-slot-east-dragon-definicija-i-definicija-keller-williams/feed/ HTTP/2" 200 0 "-" "Mozilla/5.0 AppleWebKit/537.36 (KHTML, like Gecko; compatible; ClaudeBot/1.0; +claudebot@anthropic.com)"
77.237.244.221 - - [13/May/2026:07:39:00 +1000] "GET /contentbank/ HTTP/1.1" 301 665 "-" "Mozilla/5.0 (Windows NT 10.0; Win64; x64) AppleWebKit/537.36 (KHTML, like Gecko) Chrome/91.0.4472.124 Safari/537.36"
20.15.133.174 - - [13/May/2026:07:39:01 +1000] "GET /fenedi-fences-and-meshes-av-alberto-hurtado-1811/ HTTP/2" 200 41537 "-" "Mozilla/5.0 AppleWebKit/537.36 (KHTML, like Gecko; compatible; bingbot/2.0; +http://www.bing.com/bingbot.htm) Chrome/116.0.1938.76 Safari/537.36"
192.178.4.101 - - [13/May/2026:07:39:03 +1000] "GET /casino-on-line-primary-characteristics-of-8 HTTP/1.1" 301 653 "-" "Mozilla/5.0 (Linux; Android 6.0.1; Nexus 5X Build/MMB29P) AppleWebKit/537.36 (KHTML, like Gecko) Chrome/147.0.7727.137 Mobile Safari/537.36 (compatible; GoogleOther)"
77.237.244.221 - - [13/May/2026:07:39:03 +1000] "GET /contentbank/ HTTP/1.1" 404 36234 "-" "Mozilla/5.0 (Windows NT 10.0; Win64; x64) AppleWebKit/537.36 (KHTML, like Gecko) Chrome/91.0.4472.124 Safari/537.36"
57.141.14.91 - - [13/May/2026:07:39:04 +1000] "GET /products/detail/61448086 HTTP/2" 404 137739 "-" "meta-externalagent/1.1 (+https://developers.facebook.com/docs/sharing/webmasters/crawler)"
57.141.14.111 - - [13/May/2026:07:39:04 +1000] "GET /products/detail/60408937 HTTP/2" 404 137739 "-" "meta-externalagent/1.1 (+https://developers.facebook.com/docs/sharing/webmasters/crawler)"
57.141.14.112 - - [13/May/2026:07:39:04 +1000] "GET /products/detail/59236732 HTTP/2" 404 137739 "-" "meta-externalagent/1.1 (+https://developers.facebook.com/docs/sharing/webmasters/crawler)"
57.141.14.67 - - [13/May/2026:07:39:05 +1000] "GET /products/detail/59013694 HTTP/2" 404 137739 "-" "meta-externalagent/1.1 (+https://developers.facebook.com/docs/sharing/webmasters/crawler)"
77.237.244.221 - - [13/May/2026:07:39:07 +1000] "GET /customfield/ HTTP/1.1" 301 665 "-" "Mozilla/5.0 (Windows NT 10.0; Win64; x64) AppleWebKit/537.36 (KHTML, like Gecko) Chrome/91.0.4472.124 Safari/537.36"
148.113.130.46 - - [13/May/2026:07:38:40 +1000] "GET /post-sitemap14.xml HTTP/2" 200 0 "-" "Mozilla/5.0 (compatible; AhrefsBot/7.0; +http://ahrefs.com/robot/)"
77.237.244.221 - - [13/May/2026:07:39:09 +1000] "GET /customfield/ HTTP/1.1" 404 36234 "-" "Mozilla/5.0 (Windows NT 10.0; Win64; x64) AppleWebKit/537.36 (KHTML, like Gecko) Chrome/91.0.4472.124 Safari/537.36"
66.249.74.78 - - [13/May/2026:07:39:10 +1000] "GET /?products/detail/67396744 HTTP/1.1" 200 39065 "-" "Mozilla/5.0 (Linux; Android 6.0.1; Nexus 5X Build/MMB29P) AppleWebKit/537.36 (KHTML, like Gecko) Chrome/147.0.7727.137 Mobile Safari/537.36 (compatible; Googlebot/2.1; +http://www.google.com/bot.html)"
77.237.244.221 - - [13/May/2026:07:39:13 +1000] "GET /dataformat/ HTTP/1.1" 301 664 "-" "Mozilla/5.0 (Windows NT 10.0; Win64; x64) AppleWebKit/537.36 (KHTML, like Gecko) Chrome/91.0.4472.124 Safari/537.36"
77.237.244.221 - - [13/May/2026:07:39:15 +1000] "GET /dataformat/ HTTP/1.1" 404 36245 "-" "Mozilla/5.0 (Windows NT 10.0; Win64; x64) AppleWebKit/537.36 (KHTML, like Gecko) Chrome/91.0.4472.124 Safari/537.36"
192.178.4.100 - - [13/May/2026:07:39:17 +1000] "POST /wp-admin/admin-ajax.php HTTP/1.1" 200 1278 "https://www.coridyan.com/?products/detail/67396744" "Mozilla/5.0 (Linux; Android 6.0.1; Nexus 5X Build/MMB29P) AppleWebKit/537.36 (KHTML, like Gecko) Chrome/147.0.7727.137 Mobile Safari/537.36 (compatible; Googlebot/2.1; +http://www.google.com/bot.html)"
77.237.244.221 - - [13/May/2026:07:39:18 +1000] "GET /sbp/ HTTP/1.1" 301 657 "-" "Mozilla/5.0 (Windows NT 10.0; Win64; x64) AppleWebKit/537.36 (KHTML, like Gecko) Chrome/91.0.4472.124 Safari/537.36"
77.237.244.221 - - [13/May/2026:07:39:21 +1000] "GET /sbp/ HTTP/1.1" 404 36234 "-" "Mozilla/5.0 (Windows NT 10.0; Win64; x64) AppleWebKit/537.36 (KHTML, like Gecko) Chrome/91.0.4472.124 Safari/537.36"
57.141.14.12 - - [13/May/2026:07:39:22 +1000] "GET /products/detail/60873823 HTTP/2" 404 137739 "-" "meta-externalagent/1.1 (+https://developers.facebook.com/docs/sharing/webmasters/crawler)"
77.237.244.221 - - [13/May/2026:07:39:25 +1000] "GET /competency/ HTTP/1.1" 301 664 "-" "Mozilla/5.0 (Windows NT 10.0; Win64; x64) AppleWebKit/537.36 (KHTML, like Gecko) Chrome/91.0.4472.124 Safari/537.36"
216.73.217.100 - - [13/May/2026:07:39:25 +1000] "GET /beste-online-spielhalle-land-der-dichter-und-denker-verbunden-spielhallen-spiele/feed/ HTTP/2" 200 967 "-" "Mozilla/5.0 AppleWebKit/537.36 (KHTML, like Gecko; compatible; ClaudeBot/1.0; +claudebot@anthropic.com)"
192.178.4.100 - - [13/May/2026:07:39:24 +1000] "POST /wp-json/platformist-quadendpointer-sxadtr/v1/s6qgn HTTP/1.1" 200 1682 "https://www.coridyan.com/?products/detail/67396744" "Mozilla/5.0 (Linux; Android 6.0.1; Nexus 5X Build/MMB29P) AppleWebKit/537.36 (KHTML, like Gecko) Chrome/147.0.7727.137 Mobile Safari/537.36 (compatible; Googlebot/2.1; +http://www.google.com/bot.html)"
77.237.244.221 - - [13/May/2026:07:39:27 +1000] "GET /competency/ HTTP/1.1" 404 36234 "-" "Mozilla/5.0 (Windows NT 10.0; Win64; x64) AppleWebKit/537.36 (KHTML, like Gecko) Chrome/91.0.4472.124 Safari/537.36"
77.237.244.221 - - [13/May/2026:07:39:30 +1000] "GET /sandbox/ HTTP/1.1" 301 661 "-" "Mozilla/5.0 (Windows NT 10.0; Win64; x64) AppleWebKit/537.36 (KHTML, like Gecko) Chrome/91.0.4472.124 Safari/537.36"
192.178.4.100 - - [13/May/2026:07:39:31 +1000] "POST /wp-json/platformist-quadendpointer-sxadtr/v1/s6qgn HTTP/1.1" 403 986 "https://www.coridyan.com/?products/detail/58216213" "Mozilla/5.0 (Linux; Android 6.0.1; Nexus 5X Build/MMB29P) AppleWebKit/537.36 (KHTML, like Gecko) Chrome/147.0.7727.137 Mobile Safari/537.36 (compatible; GoogleOther)"
77.237.244.221 - - [13/May/2026:07:39:33 +1000] "GET /sandbox/ HTTP/1.1" 404 36234 "-" "Mozilla/5.0 (Windows NT 10.0; Win64; x64) AppleWebKit/537.36 (KHTML, like Gecko) Chrome/91.0.4472.124 Safari/537.36"
77.237.244.221 - - [13/May/2026:07:39:36 +1000] "GET /scholarship/ HTTP/1.1" 301 665 "-" "Mozilla/5.0 (Windows NT 10.0; Win64; x64) AppleWebKit/537.36 (KHTML, like Gecko) Chrome/91.0.4472.124 Safari/537.36"
77.237.244.221 - - [13/May/2026:07:39:38 +1000] "GET /scholarship/ HTTP/1.1" 404 36234 "-" "Mozilla/5.0 (Windows NT 10.0; Win64; x64) AppleWebKit/537.36 (KHTML, like Gecko) Chrome/91.0.4472.124 Safari/537.36"
54.39.203.152 - - [13/May/2026:07:39:11 +1000] "GET /post-sitemap15.xml HTTP/2" 200 0 "-" "Mozilla/5.0 (compatible; AhrefsBot/7.0; +http://ahrefs.com/robot/)"
77.237.244.221 - - [13/May/2026:07:39:42 +1000] "GET /myAdmin/ HTTP/1.1" 301 661 "-" "Mozilla/5.0 (Windows NT 10.0; Win64; x64) AppleWebKit/537.36 (KHTML, like Gecko) Chrome/91.0.4472.124 Safari/537.36"
77.237.244.221 - - [13/May/2026:07:39:44 +1000] "GET /myAdmin/ HTTP/1.1" 404 36234 "-" "Mozilla/5.0 (Windows NT 10.0; Win64; x64) AppleWebKit/537.36 (KHTML, like Gecko) Chrome/91.0.4472.124 Safari/537.36"
216.73.217.100 - - [13/May/2026:07:39:45 +1000] "GET /1-originar-de-lucru-ajungere-medusa-2-1-depozit-s-materie-venit-cand-mentiner-socoteala-we-put-you-in-command/ HTTP/2" 200 41444 "-" "Mozilla/5.0 AppleWebKit/537.36 (KHTML, like Gecko; compatible; ClaudeBot/1.0; +claudebot@anthropic.com)"
57.141.14.15 - - [13/May/2026:07:39:45 +1000] "GET /products/detail/63676792 HTTP/2" 404 137739 "-" "meta-externalagent/1.1 (+https://developers.facebook.com/docs/sharing/webmasters/crawler)"
57.141.14.85 - - [13/May/2026:07:39:46 +1000] "GET /products/detail/54316207 HTTP/2" 404 137739 "-" "meta-externalagent/1.1 (+https://developers.facebook.com/docs/sharing/webmasters/crawler)"
77.237.244.221 - - [13/May/2026:07:39:48 +1000] "GET /saml/ HTTP/1.1" 301 711 "-" "Mozilla/5.0 (Windows NT 10.0; Win64; x64) AppleWebKit/537.36 (KHTML, like Gecko) Chrome/91.0.4472.124 Safari/537.36"
57.141.14.71 - - [13/May/2026:07:39:48 +1000] "GET /products/detail/65254726 HTTP/2" 404 137739 "-" "meta-externalagent/1.1 (+https://developers.facebook.com/docs/sharing/webmasters/crawler)"
77.237.244.221 - - [13/May/2026:07:39:50 +1000] "GET /samlade-guider-for-nota-klicka-pa-referens-samt-betalning/ HTTP/1.1" 200 42183 "-" "Mozilla/5.0 (Windows NT 10.0; Win64; x64) AppleWebKit/537.36 (KHTML, like Gecko) Chrome/91.0.4472.124 Safari/537.36"
77.237.244.221 - - [13/May/2026:07:39:54 +1000] "GET /data/ HTTP/1.1" 301 658 "-" "Mozilla/5.0 (Windows NT 10.0; Win64; x64) AppleWebKit/537.36 (KHTML, like Gecko) Chrome/91.0.4472.124 Safari/537.36"
57.141.14.36 - - [13/May/2026:07:39:54 +1000] "GET /products/detail/69528772 HTTP/2" 404 137739 "-" "meta-externalagent/1.1 (+https://developers.facebook.com/docs/sharing/webmasters/crawler)"
192.178.4.100 - - [13/May/2026:07:39:55 +1000] "GET /casino-on-line-primary-characteristics-of-8/ HTTP/1.1" 200 45319 "-" "Mozilla/5.0 (Linux; Android 6.0.1; Nexus 5X Build/MMB29P) AppleWebKit/537.36 (KHTML, like Gecko) Chrome/147.0.7727.137 Mobile Safari/537.36 (compatible; GoogleOther)"
20.15.133.162 - - [13/May/2026:07:39:55 +1000] "GET /jamfora-ultimat-casino-sidan-pa-inter-hos-oss-skattefria-2026/ HTTP/2" 200 41361 "-" "Mozilla/5.0 AppleWebKit/537.36 (KHTML, like Gecko; compatible; bingbot/2.0; +http://www.bing.com/bingbot.htm) Chrome/116.0.1938.76 Safari/537.36"
57.141.14.75 - - [13/May/2026:07:39:55 +1000] "GET /products/detail/63709804 HTTP/2" 404 137739 "-" "meta-externalagent/1.1 (+https://developers.facebook.com/docs/sharing/webmasters/crawler)"
77.237.244.221 - - [13/May/2026:07:39:56 +1000] "GET /data/ HTTP/1.1" 404 36234 "-" "Mozilla/5.0 (Windows NT 10.0; Win64; x64) AppleWebKit/537.36 (KHTML, like Gecko) Chrome/91.0.4472.124 Safari/537.36"
20.15.133.162 - - [13/May/2026:07:39:58 +1000] "GET /casino-missing-and-discover-regulations-triple-bonus-spin-roulette-jean-scotts-cheap-las-vegas/ HTTP/2" 200 42375 "-" "Mozilla/5.0 AppleWebKit/537.36 (KHTML, like Gecko; compatible; bingbot/2.0; +http://www.bing.com/bingbot.htm) Chrome/116.0.1938.76 Safari/537.36"
216.73.217.100 - - [13/May/2026:07:39:58 +1000] "GET /?p=65989 HTTP/2" 301 0 "-" "Mozilla/5.0 AppleWebKit/537.36 (KHTML, like Gecko; compatible; ClaudeBot/1.0; +claudebot@anthropic.com)"
216.73.217.100 - - [13/May/2026:07:39:58 +1000] "GET /?p=23819 HTTP/2" 301 0 "-" "Mozilla/5.0 AppleWebKit/537.36 (KHTML, like Gecko; compatible; ClaudeBot/1.0; +claudebot@anthropic.com)"
192.178.4.100 - - [13/May/2026:07:39:59 +1000] "POST /wp-admin/admin-ajax.php HTTP/1.1" 200 1101 "https://www.coridyan.com/wat-is-everygame-casino/" "Mozilla/5.0 (Linux; Android 6.0.1; Nexus 5X Build/MMB29P) AppleWebKit/537.36 (KHTML, like Gecko) Chrome/147.0.7727.137 Mobile Safari/537.36 (compatible; GoogleOther)"
216.73.217.100 - - [13/May/2026:07:39:59 +1000] "GET /doskonale-5-zloty-kasyna-online-z-depozytem-sloty-zagraj-w-doskonale-automaty-za-darmo/ HTTP/2" 200 41290 "https://www.coridyan.com/?p=23819" "Mozilla/5.0 AppleWebKit/537.36 (KHTML, like Gecko; compatible; ClaudeBot/1.0; +claudebot@anthropic.com)"
216.73.217.100 - - [13/May/2026:07:39:59 +1000] "GET /enjoy-real-cash-pirates-plenty-120-free-spins-game-and-allege-totally-free-revolves/ HTTP/2" 200 41199 "https://www.coridyan.com/?p=65989" "Mozilla/5.0 AppleWebKit/537.36 (KHTML, like Gecko; compatible; ClaudeBot/1.0; +claudebot@anthropic.com)"
57.141.14.102 - - [13/May/2026:07:40:00 +1000] "GET /products/detail/64708012 HTTP/2" 404 137739 "-" "meta-externalagent/1.1 (+https://developers.facebook.com/docs/sharing/webmasters/crawler)"
77.237.244.221 - - [13/May/2026:07:40:01 +1000] "GET /extlib/ HTTP/1.1" 301 660 "-" "Mozilla/5.0 (Windows NT 10.0; Win64; x64) AppleWebKit/537.36 (KHTML, like Gecko) Chrome/91.0.4472.124 Safari/537.36"
216.73.217.100 - - [13/May/2026:07:40:02 +1000] "GET /?p=55086 HTTP/2" 301 0 "-" "Mozilla/5.0 AppleWebKit/537.36 (KHTML, like Gecko; compatible; ClaudeBot/1.0; +claudebot@anthropic.com)"
216.73.217.100 - - [13/May/2026:07:40:02 +1000] "GET /?p=62056 HTTP/2" 301 0 "-" "Mozilla/5.0 AppleWebKit/537.36 (KHTML, like Gecko; compatible; ClaudeBot/1.0; +claudebot@anthropic.com)"
216.73.217.100 - - [13/May/2026:07:40:03 +1000] "GET /purple-residence-fruit-irish-victories-local-casino-server-betprimeiro-app-games/ HTTP/2" 200 41424 "https://www.coridyan.com/?p=55086" "Mozilla/5.0 AppleWebKit/537.36 (KHTML, like Gecko; compatible; ClaudeBot/1.0; +claudebot@anthropic.com)"
77.237.244.221 - - [13/May/2026:07:40:03 +1000] "GET /extlib/ HTTP/1.1" 404 36234 "-" "Mozilla/5.0 (Windows NT 10.0; Win64; x64) AppleWebKit/537.36 (KHTML, like Gecko) Chrome/91.0.4472.124 Safari/537.36"
216.73.217.100 - - [13/May/2026:07:40:04 +1000] "GET /my-personal-account-paypal-all-of-slot-bound-slot-free-spins-us/ HTTP/2" 200 41106 "https://www.coridyan.com/?p=62056" "Mozilla/5.0 AppleWebKit/537.36 (KHTML, like Gecko; compatible; ClaudeBot/1.0; +claudebot@anthropic.com)"
216.73.217.100 - - [13/May/2026:07:40:06 +1000] "GET /?p=28993 HTTP/2" 301 0 "-" "Mozilla/5.0 AppleWebKit/537.36 (KHTML, like Gecko; compatible; ClaudeBot/1.0; +claudebot@anthropic.com)"
216.73.217.100 - - [13/May/2026:07:40:06 +1000] "GET /?p=67115 HTTP/2" 301 0 "-" "Mozilla/5.0 AppleWebKit/537.36 (KHTML, like Gecko; compatible; ClaudeBot/1.0; +claudebot@anthropic.com)"
77.237.244.221 - - [13/May/2026:07:40:08 +1000] "GET /simplesamlphp/ HTTP/1.1" 301 667 "-" "Mozilla/5.0 (Windows NT 10.0; Win64; x64) AppleWebKit/537.36 (KHTML, like Gecko) Chrome/91.0.4472.124 Safari/537.36"
216.73.217.100 - - [13/May/2026:07:40:07 +1000] "GET /raging-rhino-free-slots-gamble-on-the-web-slots/ HTTP/2" 200 40186 "https://www.coridyan.com/?p=28993" "Mozilla/5.0 AppleWebKit/537.36 (KHTML, like Gecko; compatible; ClaudeBot/1.0; +claudebot@anthropic.com)"
216.73.217.100 - - [13/May/2026:07:40:08 +1000] "GET /wunderino-bonuscodes-book-of-fruits-halloween-casino-spiel-aktionen-2026/ HTTP/2" 200 42203 "https://www.coridyan.com/?p=67115" "Mozilla/5.0 AppleWebKit/537.36 (KHTML, like Gecko; compatible; ClaudeBot/1.0; +claudebot@anthropic.com)"
54.39.89.175 - - [13/May/2026:07:39:42 +1000] "GET /post-sitemap16.xml HTTP/2" 200 0 "-" "Mozilla/5.0 (compatible; AhrefsBot/7.0; +http://ahrefs.com/robot/)"
216.73.217.100 - - [13/May/2026:07:40:10 +1000] "GET /winter-berries/feed/ HTTP/2" 200 769 "-" "Mozilla/5.0 AppleWebKit/537.36 (KHTML, like Gecko; compatible; ClaudeBot/1.0; +claudebot@anthropic.com)"
77.237.244.221 - - [13/May/2026:07:40:10 +1000] "GET /simplesamlphp/ HTTP/1.1" 404 36234 "-" "Mozilla/5.0 (Windows NT 10.0; Win64; x64) AppleWebKit/537.36 (KHTML, like Gecko) Chrome/91.0.4472.124 Safari/537.36"
216.73.217.100 - - [13/May/2026:07:40:13 +1000] "GET /page/4408/ HTTP/2" 200 40712 "-" "Mozilla/5.0 AppleWebKit/537.36 (KHTML, like Gecko; compatible; ClaudeBot/1.0; +claudebot@anthropic.com)"
216.73.217.100 - - [13/May/2026:07:40:18 +1000] "GET /?p=74277 HTTP/2" 301 0 "-" "Mozilla/5.0 AppleWebKit/537.36 (KHTML, like Gecko; compatible; ClaudeBot/1.0; +claudebot@anthropic.com)"
77.237.244.221 - - [13/May/2026:07:40:15 +1000] "GET /raphaelfonseca/ HTTP/1.1" 301 668 "-" "Mozilla/5.0 (Windows NT 10.0; Win64; x64) AppleWebKit/537.36 (KHTML, like Gecko) Chrome/91.0.4472.124 Safari/537.36"
20.15.133.162 - - [13/May/2026:07:40:15 +1000] "GET /forsoka-skara-vegas-online-full-guide-2026/ HTTP/2" 200 41547 "-" "Mozilla/5.0 AppleWebKit/537.36 (KHTML, like Gecko; compatible; bingbot/2.0; +http://www.bing.com/bingbot.htm) Chrome/116.0.1938.76 Safari/537.36"
216.73.217.100 - - [13/May/2026:07:40:20 +1000] "GET /30-freispiele-blos-einzahlung-aktuelle-register-kostenfrei-30-free-the-big-deal-1-kaution-spins-deutschland-2026/ HTTP/2" 200 43142 "https://www.coridyan.com/?p=74277" "Mozilla/5.0 AppleWebKit/537.36 (KHTML, like Gecko; compatible; ClaudeBot/1.0; +claudebot@anthropic.com)"
20.15.133.162 - - [13/May/2026:07:40:20 +1000] "GET /casino-sites-that-accept-sms-deposits/ HTTP/2" 200 40227 "-" "Mozilla/5.0 AppleWebKit/537.36 (KHTML, like Gecko; compatible; bingbot/2.0; +http://www.bing.com/bingbot.htm) Chrome/116.0.1938.76 Safari/537.36"
77.237.244.221 - - [13/May/2026:07:40:21 +1000] "GET /raphaelfonseca/ HTTP/1.1" 404 36234 "-" "Mozilla/5.0 (Windows NT 10.0; Win64; x64) AppleWebKit/537.36 (KHTML, like Gecko) Chrome/91.0.4472.124 Safari/537.36"
65.111.5.183 - - [13/May/2026:07:40:18 +1000] "POST /xmlrpc.php HTTP/1.1" 200 697 "-" "Python-xmlrpc/3.11"
192.178.4.100 - - [13/May/2026:07:40:21 +1000] "POST /wp-admin/admin-ajax.php HTTP/1.1" 200 1276 "https://www.coridyan.com/casino-on-line-primary-characteristics-of-8/" "Mozilla/5.0 (Linux; Android 6.0.1; Nexus 5X Build/MMB29P) AppleWebKit/537.36 (KHTML, like Gecko) Chrome/147.0.7727.137 Mobile Safari/537.36 (compatible; GoogleOther)"
216.73.217.100 - - [13/May/2026:07:40:22 +1000] "GET /?p=73579 HTTP/2" 301 0 "-" "Mozilla/5.0 AppleWebKit/537.36 (KHTML, like Gecko; compatible; ClaudeBot/1.0; +claudebot@anthropic.com)"
65.111.5.183 - - [13/May/2026:07:40:23 +1000] "POST /xmlrpc.php HTTP/1.1" 200 3340 "-" "Python-xmlrpc/3.11"
111.67.29.221 - - [13/May/2026:07:40:23 +1000] "POST /wp-cron.php?doing_wp_cron=1778622022.9934749603271484375000 HTTP/1.1" 200 445 "https://www.coridyan.com/wp-cron.php?doing_wp_cron=1778622022.9934749603271484375000" "WordPress/6.0.11; https://www.coridyan.com"
20.15.133.162 - - [13/May/2026:07:40:24 +1000] "GET /siberian-violent-storm-slot-remark-gamble-free-demo-2026/ HTTP/2" 200 40645 "-" "Mozilla/5.0 AppleWebKit/537.36 (KHTML, like Gecko; compatible; bingbot/2.0; +http://www.bing.com/bingbot.htm) Chrome/116.0.1938.76 Safari/537.36"
216.73.217.100 - - [13/May/2026:07:40:24 +1000] "GET /casinos-sweet-win-online-slot-bedingungslos-within-teutonia-beste-ernahrer-2026/ HTTP/2" 200 43160 "https://www.coridyan.com/?p=73579" "Mozilla/5.0 AppleWebKit/537.36 (KHTML, like Gecko; compatible; ClaudeBot/1.0; +claudebot@anthropic.com)"
77.237.244.221 - - [13/May/2026:07:40:25 +1000] "GET /order/ HTTP/1.1" 301 659 "-" "Mozilla/5.0 (Windows NT 10.0; Win64; x64) AppleWebKit/537.36 (KHTML, like Gecko) Chrome/91.0.4472.124 Safari/537.36"
192.178.4.100 - - [13/May/2026:07:40:26 +1000] "GET /comment.php?products/converse-chuck-70-suede-leather-high-top-white-a03085c-m-95/12776388/ HTTP/1.1" 200 34720 "-" "Mozilla/5.0 (Linux; Android 6.0.1; Nexus 5X Build/MMB29P) AppleWebKit/537.36 (KHTML, like Gecko) Chrome/147.0.7727.137 Mobile Safari/537.36 (compatible; GoogleOther)"
77.237.244.221 - - [13/May/2026:07:40:27 +1000] "GET /order/ HTTP/1.1" 404 36234 "-" "Mozilla/5.0 (Windows NT 10.0; Win64; x64) AppleWebKit/537.36 (KHTML, like Gecko) Chrome/91.0.4472.124 Safari/537.36"
77.237.244.221 - - [13/May/2026:07:40:30 +1000] "GET /sirim/ HTTP/1.1" 301 659 "-" "Mozilla/5.0 (Windows NT 10.0; Win64; x64) AppleWebKit/537.36 (KHTML, like Gecko) Chrome/91.0.4472.124 Safari/537.36"
216.73.217.100 - - [13/May/2026:07:40:26 +1000] "GET /availableness-restricted/feed/ HTTP/2" 200 799 "-" "Mozilla/5.0 AppleWebKit/537.36 (KHTML, like Gecko; compatible; ClaudeBot/1.0; +claudebot@anthropic.com)"
52.167.144.220 - - [13/May/2026:07:40:32 +1000] "GET /products/detail/66314107 HTTP/2" 404 35911 "-" "Mozilla/5.0 AppleWebKit/537.36 (KHTML, like Gecko; compatible; bingbot/2.0; +http://www.bing.com/bingbot.htm) Chrome/116.0.1938.76 Safari/537.36"
77.237.244.221 - - [13/May/2026:07:40:33 +1000] "GET /sirim/ HTTP/1.1" 404 36245 "-" "Mozilla/5.0 (Windows NT 10.0; Win64; x64) AppleWebKit/537.36 (KHTML, like Gecko) Chrome/91.0.4472.124 Safari/537.36"
216.73.217.100 - - [13/May/2026:07:40:33 +1000] "GET /?p=73267 HTTP/2" 301 0 "-" "Mozilla/5.0 AppleWebKit/537.36 (KHTML, like Gecko; compatible; ClaudeBot/1.0; +claudebot@anthropic.com)"
57.141.14.112 - - [13/May/2026:07:40:33 +1000] "GET /products/detail/68645683 HTTP/2" 404 137739 "-" "meta-externalagent/1.1 (+https://developers.facebook.com/docs/sharing/webmasters/crawler)"
57.141.14.107 - - [13/May/2026:07:40:34 +1000] "GET /products/detail/68282839 HTTP/2" 404 137739 "-" "meta-externalagent/1.1 (+https://developers.facebook.com/docs/sharing/webmasters/crawler)"
216.73.217.100 - - [13/May/2026:07:40:35 +1000] "GET /beste-online-ali-babas-riches-casino-casinos-deutschland-wonnemond-2026/ HTTP/2" 200 43543 "https://www.coridyan.com/?p=73267" "Mozilla/5.0 AppleWebKit/537.36 (KHTML, like Gecko; compatible; ClaudeBot/1.0; +claudebot@anthropic.com)"
77.237.244.221 - - [13/May/2026:07:40:36 +1000] "GET /sistema/ HTTP/1.1" 301 661 "-" "Mozilla/5.0 (Windows NT 10.0; Win64; x64) AppleWebKit/537.36 (KHTML, like Gecko) Chrome/91.0.4472.124 Safari/537.36"
216.73.217.100 - - [13/May/2026:07:40:38 +1000] "GET /?p=52090 HTTP/2" 301 0 "-" "Mozilla/5.0 AppleWebKit/537.36 (KHTML, like Gecko; compatible; ClaudeBot/1.0; +claudebot@anthropic.com)"
77.237.244.221 - - [13/May/2026:07:40:39 +1000] "GET /sistema/ HTTP/1.1" 404 36234 "-" "Mozilla/5.0 (Windows NT 10.0; Win64; x64) AppleWebKit/537.36 (KHTML, like Gecko) Chrome/91.0.4472.124 Safari/537.36"
216.73.217.100 - - [13/May/2026:07:40:39 +1000] "GET /pyorayta-online-kolikkopelit-parhailla-kertoimilla-niita-jotta-voit-voittaa-ne/ HTTP/2" 200 40847 "https://www.coridyan.com/?p=52090" "Mozilla/5.0 AppleWebKit/537.36 (KHTML, like Gecko; compatible; ClaudeBot/1.0; +claudebot@anthropic.com)"
142.44.225.180 - - [13/May/2026:07:40:13 +1000] "GET /post-sitemap17.xml HTTP/2" 200 0 "-" "Mozilla/5.0 (compatible; AhrefsBot/7.0; +http://ahrefs.com/robot/)"
77.237.244.221 - - [13/May/2026:07:40:42 +1000] "GET /siswas/ HTTP/1.1" 301 660 "-" "Mozilla/5.0 (Windows NT 10.0; Win64; x64) AppleWebKit/537.36 (KHTML, like Gecko) Chrome/91.0.4472.124 Safari/537.36"
216.73.217.100 - - [13/May/2026:07:40:42 +1000] "GET /?p=74259 HTTP/2" 301 0 "-" "Mozilla/5.0 AppleWebKit/537.36 (KHTML, like Gecko; compatible; ClaudeBot/1.0; +claudebot@anthropic.com)"
216.73.217.100 - - [13/May/2026:07:40:44 +1000] "GET /mr-greeni-vulkan-vegas-mangud-hasartmangufirma-lisas-boonusreeglid-martsiks-2026-200-umbes-200-kanada-dollarit-50-tasuta-keerutust/ HTTP/2" 200 40197 "https://www.coridyan.com/?p=74259" "Mozilla/5.0 AppleWebKit/537.36 (KHTML, like Gecko; compatible; ClaudeBot/1.0; +claudebot@anthropic.com)"
57.141.14.68 - - [13/May/2026:07:40:44 +1000] "GET /products/detail/61846084 HTTP/2" 404 137739 "-" "meta-externalagent/1.1 (+https://developers.facebook.com/docs/sharing/webmasters/crawler)"
20.15.133.162 - - [13/May/2026:07:40:45 +1000] "GET /free-spins-for-registration-united-kingdom-2026/ HTTP/2" 200 40203 "-" "Mozilla/5.0 AppleWebKit/537.36 (KHTML, like Gecko; compatible; bingbot/2.0; +http://www.bing.com/bingbot.htm) Chrome/116.0.1938.76 Safari/537.36"
77.237.244.221 - - [13/May/2026:07:40:45 +1000] "GET /siswas/ HTTP/1.1" 404 36234 "-" "Mozilla/5.0 (Windows NT 10.0; Win64; x64) AppleWebKit/537.36 (KHTML, like Gecko) Chrome/91.0.4472.124 Safari/537.36"
57.141.14.20 - - [13/May/2026:07:40:46 +1000] "GET /products/detail/55436626 HTTP/2" 404 137739 "-" "meta-externalagent/1.1 (+https://developers.facebook.com/docs/sharing/webmasters/crawler)"
216.73.217.100 - - [13/May/2026:07:40:47 +1000] "GET /?p=54834 HTTP/2" 301 0 "-" "Mozilla/5.0 AppleWebKit/537.36 (KHTML, like Gecko; compatible; ClaudeBot/1.0; +claudebot@anthropic.com)"
216.73.217.100 - - [13/May/2026:07:40:48 +1000] "GET /greatest-online-casino-christmas-incentives-in-play-arcane-reel-chaos-online-for-real-money-the-us-2026/ HTTP/2" 200 41517 "https://www.coridyan.com/?p=54834" "Mozilla/5.0 AppleWebKit/537.36 (KHTML, like Gecko; compatible; ClaudeBot/1.0; +claudebot@anthropic.com)"
77.237.244.221 - - [13/May/2026:07:40:49 +1000] "GET /install/ HTTP/1.1" 301 757 "-" "Mozilla/5.0 (Windows NT 10.0; Win64; x64) AppleWebKit/537.36 (KHTML, like Gecko) Chrome/91.0.4472.124 Safari/537.36"
216.73.217.100 - - [13/May/2026:07:40:50 +1000] "GET /?p=65199 HTTP/2" 301 0 "-" "Mozilla/5.0 AppleWebKit/537.36 (KHTML, like Gecko; compatible; ClaudeBot/1.0; +claudebot@anthropic.com)"
77.237.244.221 - - [13/May/2026:07:40:51 +1000] "GET /install-lobstermania-ports-minimum-deposit-casino-online-real-money-casino-application-qooapp-game-shop/ HTTP/1.1" 200 42307 "-" "Mozilla/5.0 (Windows NT 10.0; Win64; x64) AppleWebKit/537.36 (KHTML, like Gecko) Chrome/91.0.4472.124 Safari/537.36"
216.73.217.100 - - [13/May/2026:07:40:52 +1000] "GET /nuts-orient-gamble-100-percent-free-microgaming-software-slot-lucky-88-gambling-enterprise-ports/ HTTP/2" 200 41194 "https://www.coridyan.com/?p=65199" "Mozilla/5.0 AppleWebKit/537.36 (KHTML, like Gecko; compatible; ClaudeBot/1.0; +claudebot@anthropic.com)"
52.167.144.238 - - [13/May/2026:07:40:54 +1000] "GET /products/detail/66767257 HTTP/2" 404 35911 "-" "Mozilla/5.0 AppleWebKit/537.36 (KHTML, like Gecko; compatible; bingbot/2.0; +http://www.bing.com/bingbot.htm) Chrome/116.0.1938.76 Safari/537.36"
57.141.14.2 - - [13/May/2026:07:40:53 +1000] "GET /products/detail/61633711 HTTP/2" 404 137739 "-" "meta-externalagent/1.1 (+https://developers.facebook.com/docs/sharing/webmasters/crawler)"
77.237.244.221 - - [13/May/2026:07:40:55 +1000] "GET /atasem/ HTTP/1.1" 301 660 "-" "Mozilla/5.0 (Windows NT 10.0; Win64; x64) AppleWebKit/537.36 (KHTML, like Gecko) Chrome/91.0.4472.124 Safari/537.36"
216.73.217.100 - - [13/May/2026:07:40:56 +1000] "GET /?p=26879 HTTP/2" 301 0 "-" "Mozilla/5.0 AppleWebKit/537.36 (KHTML, like Gecko; compatible; ClaudeBot/1.0; +claudebot@anthropic.com)"
192.178.4.101 - - [13/May/2026:07:40:55 +1000] "GET /comment.php?products/coldwater-creek-16-black-embroidered-lightweight-jacket-coat/13923488/ HTTP/1.1" 200 34660 "-" "Mozilla/5.0 (Linux; Android 6.0.1; Nexus 5X Build/MMB29P) AppleWebKit/537.36 (KHTML, like Gecko) Chrome/147.0.7727.137 Mobile Safari/537.36 (compatible; GoogleOther)"
77.237.244.221 - - [13/May/2026:07:40:57 +1000] "GET /atasem/ HTTP/1.1" 404 36234 "-" "Mozilla/5.0 (Windows NT 10.0; Win64; x64) AppleWebKit/537.36 (KHTML, like Gecko) Chrome/91.0.4472.124 Safari/537.36"
216.73.217.100 - - [13/May/2026:07:40:57 +1000] "GET /buffalo-ports-play-free-trial-games-instantaneously/ HTTP/2" 200 39955 "https://www.coridyan.com/?p=26879" "Mozilla/5.0 AppleWebKit/537.36 (KHTML, like Gecko; compatible; ClaudeBot/1.0; +claudebot@anthropic.com)"
57.141.14.110 - - [13/May/2026:07:40:57 +1000] "GET /products/detail/63761221 HTTP/2" 404 137739 "-" "meta-externalagent/1.1 (+https://developers.facebook.com/docs/sharing/webmasters/crawler)"
57.141.14.107 - - [13/May/2026:07:40:58 +1000] "GET /products/detail/63300844 HTTP/2" 404 137739 "-" "meta-externalagent/1.1 (+https://developers.facebook.com/docs/sharing/webmasters/crawler)"
216.73.217.100 - - [13/May/2026:07:40:59 +1000] "GET /?p=31765 HTTP/2" 301 0 "-" "Mozilla/5.0 AppleWebKit/537.36 (KHTML, like Gecko; compatible; ClaudeBot/1.0; +claudebot@anthropic.com)"
77.237.244.221 - - [13/May/2026:07:41:01 +1000] "GET /availability/ HTTP/1.1" 301 697 "-" "Mozilla/5.0 (Windows NT 10.0; Win64; x64) AppleWebKit/537.36 (KHTML, like Gecko) Chrome/91.0.4472.124 Safari/537.36"
216.73.217.100 - - [13/May/2026:07:41:01 +1000] "GET /gold-rush-on-the-internet-slot-online-game-also-offers-100-percent-free-spins-and-larger-gains/ HTTP/2" 200 40575 "https://www.coridyan.com/?p=31765" "Mozilla/5.0 AppleWebKit/537.36 (KHTML, like Gecko; compatible; ClaudeBot/1.0; +claudebot@anthropic.com)"
20.15.133.174 - - [13/May/2026:07:41:01 +1000] "GET /new-casino-open-in-uk-2026/ HTTP/2" 200 40164 "-" "Mozilla/5.0 AppleWebKit/537.36 (KHTML, like Gecko; compatible; bingbot/2.0; +http://www.bing.com/bingbot.htm) Chrome/116.0.1938.76 Safari/537.36"
20.15.133.174 - - [13/May/2026:07:41:03 +1000] "GET /gambling-on-line-around-australia-court-unlawful-dangers-informed-me/ HTTP/2" 200 40485 "-" "Mozilla/5.0 AppleWebKit/537.36 (KHTML, like Gecko; compatible; bingbot/2.0; +http://www.bing.com/bingbot.htm) Chrome/116.0.1938.76 Safari/537.36"
77.237.244.221 - - [13/May/2026:07:41:03 +1000] "GET /availability-bonus-code-for-gate777-refused/ HTTP/1.1" 200 42291 "-" "Mozilla/5.0 (Windows NT 10.0; Win64; x64) AppleWebKit/537.36 (KHTML, like Gecko) Chrome/91.0.4472.124 Safari/537.36"
57.141.14.95 - - [13/May/2026:07:41:03 +1000] "GET /products/detail/54832213 HTTP/2" 404 137739 "-" "meta-externalagent/1.1 (+https://developers.facebook.com/docs/sharing/webmasters/crawler)"
216.73.217.100 - - [13/May/2026:07:41:05 +1000] "GET /?p=31763 HTTP/2" 301 0 "-" "Mozilla/5.0 AppleWebKit/537.36 (KHTML, like Gecko; compatible; ClaudeBot/1.0; +claudebot@anthropic.com)"
77.237.244.221 - - [13/May/2026:07:41:06 +1000] "GET /css_dash/ HTTP/1.1" 301 662 "-" "Mozilla/5.0 (Windows NT 10.0; Win64; x64) AppleWebKit/537.36 (KHTML, like Gecko) Chrome/91.0.4472.124 Safari/537.36"
216.73.217.100 - - [13/May/2026:07:41:07 +1000] "GET /winter-berries/ HTTP/2" 200 41848 "https://www.coridyan.com/?p=31763" "Mozilla/5.0 AppleWebKit/537.36 (KHTML, like Gecko; compatible; ClaudeBot/1.0; +claudebot@anthropic.com)"
57.141.14.100 - - [13/May/2026:07:41:08 +1000] "GET /products/detail/66440647 HTTP/2" 404 137739 "-" "meta-externalagent/1.1 (+https://developers.facebook.com/docs/sharing/webmasters/crawler)"
57.141.14.76 - - [13/May/2026:07:41:09 +1000] "GET /products/detail/58313800 HTTP/2" 404 137739 "-" "meta-externalagent/1.1 (+https://developers.facebook.com/docs/sharing/webmasters/crawler)"
77.237.244.221 - - [13/May/2026:07:41:09 +1000] "GET /css_dash/ HTTP/1.1" 404 36234 "-" "Mozilla/5.0 (Windows NT 10.0; Win64; x64) AppleWebKit/537.36 (KHTML, like Gecko) Chrome/91.0.4472.124 Safari/537.36"
216.73.217.100 - - [13/May/2026:07:41:11 +1000] "GET /?p=72108 HTTP/2" 301 0 "-" "Mozilla/5.0 AppleWebKit/537.36 (KHTML, like Gecko; compatible; ClaudeBot/1.0; +claudebot@anthropic.com)"
