192.178.4.100 - - [13/May/2026:05:18:14 +1000] "GET /?products/detail/66707695 HTTP/1.1" 200 39943 "-" "Mozilla/5.0 (Linux; Android 6.0.1; Nexus 5X Build/MMB29P) AppleWebKit/537.36 (KHTML, like Gecko) Chrome/147.0.7727.137 Mobile Safari/537.36 (compatible; Googlebot/2.1; +http://www.google.com/bot.html)"
192.178.4.100 - - [13/May/2026:05:18:20 +1000] "POST /wp-json/platformist-quadendpointer-sxadtr/v1/s6qgn HTTP/1.1" 200 2529 "https://www.coridyan.com/?products/detail/53427547" "Mozilla/5.0 (Linux; Android 6.0.1; Nexus 5X Build/MMB29P) AppleWebKit/537.36 (KHTML, like Gecko) Chrome/147.0.7727.137 Mobile Safari/537.36 (compatible; Googlebot/2.1; +http://www.google.com/bot.html)"
192.178.4.100 - - [13/May/2026:05:18:33 +1000] "GET /content.php?product/50500834 HTTP/1.1" 200 27747 "-" "Mozilla/5.0 (Linux; Android 6.0.1; Nexus 5X Build/MMB29P) AppleWebKit/537.36 (KHTML, like Gecko) Chrome/147.0.7727.137 Mobile Safari/537.36 (compatible; GoogleOther)"
216.73.216.86 - - [13/May/2026:05:18:27 +1000] "GET /happy-twins-demonstration-gamble-100-percent-free-pokies-real-money-position-on-the-web/feed/ HTTP/2" 200 988 "-" "Mozilla/5.0 AppleWebKit/537.36 (KHTML, like Gecko; compatible; ClaudeBot/1.0; +claudebot@anthropic.com)"
216.73.216.86 - - [13/May/2026:05:18:27 +1000] "GET /immortal-romance-50-free-spins-shoot-position-100-percent-free-demonstration-expert-opinion-2026/feed/ HTTP/2" 200 1015 "-" "Mozilla/5.0 AppleWebKit/537.36 (KHTML, like Gecko; compatible; ClaudeBot/1.0; +claudebot@anthropic.com)"
216.73.216.86 - - [13/May/2026:05:18:27 +1000] "GET /%CE%B2%CE%AE%CE%BC%CE%B1%CF%84%CE%B1-%CF%80%CF%81%CE%BF%CE%BC%CE%AE%CE%B8%CE%B5%CE%B9%CE%B1%CF%82-online-%CE%BA%CE%B1%CE%B6%CE%AF%CE%BD%CE%BF-%CF%84%CF%8D%CF%80%CE%BF%CE%B9-%CE%B5%CF%80%CE%B1%CE%B3/ HTTP/2" 200 0 "-" "Mozilla/5.0 AppleWebKit/537.36 (KHTML, like Gecko; compatible; ClaudeBot/1.0; +claudebot@anthropic.com)"
216.73.216.86 - - [13/May/2026:05:18:27 +1000] "GET /igrajte-thunderstruck-dos-slot-besplatno-vulkan-spiele-aplikacija-ili-za-pravi-novac-vec-danas/ HTTP/2" 200 40677 "-" "Mozilla/5.0 AppleWebKit/537.36 (KHTML, like Gecko; compatible; ClaudeBot/1.0; +claudebot@anthropic.com)"
216.73.216.86 - - [13/May/2026:05:18:28 +1000] "GET /12-wild-warriors-paypal-000-kasino-spiele-gratis-zum-besten-geben-blos-registrierung/ HTTP/2" 200 32768 "-" "Mozilla/5.0 AppleWebKit/537.36 (KHTML, like Gecko; compatible; ClaudeBot/1.0; +claudebot@anthropic.com)"
216.73.216.86 - - [13/May/2026:05:18:27 +1000] "GET /thunderstruck-fairspin-talletusvapaa-promokoodi-position-pelaa-uhkapeleja-taysin-ilmaiseksi-ja-opiskele-kommentteja/ HTTP/2" 200 32768 "-" "Mozilla/5.0 AppleWebKit/537.36 (KHTML, like Gecko; compatible; ClaudeBot/1.0; +claudebot@anthropic.com)"
192.178.4.100 - - [13/May/2026:05:18:26 +1000] "POST /wp-admin/admin-ajax.php HTTP/1.1" 200 1274 "https://www.coridyan.com/?products/detail/66707695" "Mozilla/5.0 (Linux; Android 6.0.1; Nexus 5X Build/MMB29P) AppleWebKit/537.36 (KHTML, like Gecko) Chrome/147.0.7727.137 Mobile Safari/537.36 (compatible; Googlebot/2.1; +http://www.google.com/bot.html)"
192.178.4.100 - - [13/May/2026:05:18:39 +1000] "GET /?products/detail/63549757 HTTP/1.1" 200 40121 "-" "Mozilla/5.0 (Linux; Android 6.0.1; Nexus 5X Build/MMB29P) AppleWebKit/537.36 (KHTML, like Gecko) Chrome/147.0.7727.137 Mobile Safari/537.36 (compatible; Googlebot/2.1; +http://www.google.com/bot.html)"
192.178.4.100 - - [13/May/2026:05:18:45 +1000] "GET /comment.php?products/lilly-pulitzer-fiesta-bamba-size-10-bright-bold-beautiful/9623243/ HTTP/1.1" 200 34858 "-" "Mozilla/5.0 (Linux; Android 6.0.1; Nexus 5X Build/MMB29P) AppleWebKit/537.36 (KHTML, like Gecko) Chrome/147.0.7727.137 Mobile Safari/537.36 (compatible; Googlebot/2.1; +http://www.google.com/bot.html)"
192.178.4.100 - - [13/May/2026:05:18:52 +1000] "GET /?products/detail/66863764 HTTP/1.1" 200 40121 "-" "Mozilla/5.0 (Linux; Android 6.0.1; Nexus 5X Build/MMB29P) AppleWebKit/537.36 (KHTML, like Gecko) Chrome/147.0.7727.137 Mobile Safari/537.36 (compatible; Googlebot/2.1; +http://www.google.com/bot.html)"
192.178.4.100 - - [13/May/2026:05:18:58 +1000] "POST /wp-admin/admin-ajax.php HTTP/1.1" 200 1276 "https://www.coridyan.com/?products/detail/63549757" "Mozilla/5.0 (Linux; Android 6.0.1; Nexus 5X Build/MMB29P) AppleWebKit/537.36 (KHTML, like Gecko) Chrome/147.0.7727.137 Mobile Safari/537.36 (compatible; Googlebot/2.1; +http://www.google.com/bot.html)"
192.178.4.100 - - [13/May/2026:05:19:04 +1000] "POST /wp-admin/admin-ajax.php HTTP/1.1" 200 1280 "https://www.coridyan.com/?products/detail/66863764" "Mozilla/5.0 (Linux; Android 6.0.1; Nexus 5X Build/MMB29P) AppleWebKit/537.36 (KHTML, like Gecko) Chrome/147.0.7727.137 Mobile Safari/537.36 (compatible; Googlebot/2.1; +http://www.google.com/bot.html)"
192.178.4.101 - - [13/May/2026:05:19:10 +1000] "POST /wp-json/platformist-quadendpointer-sxadtr/v1/s6qgn HTTP/1.1" 403 986 "https://www.coridyan.com/?products/detail/63549757" "Mozilla/5.0 (Linux; Android 6.0.1; Nexus 5X Build/MMB29P) AppleWebKit/537.36 (KHTML, like Gecko) Chrome/147.0.7727.137 Mobile Safari/537.36 (compatible; Googlebot/2.1; +http://www.google.com/bot.html)"
192.178.4.100 - - [13/May/2026:05:19:15 +1000] "GET /content.php?product/99476170 HTTP/1.1" 200 29075 "-" "Mozilla/5.0 (Linux; Android 6.0.1; Nexus 5X Build/MMB29P) AppleWebKit/537.36 (KHTML, like Gecko) Chrome/147.0.7727.137 Mobile Safari/537.36 (compatible; GoogleOther)"
216.73.216.86 - - [13/May/2026:05:19:19 +1000] "GET /super-magic-fruits-81-slot-payout-connect-pokie-wager-free-and-understand-review/feed/ HTTP/2" 200 967 "-" "Mozilla/5.0 AppleWebKit/537.36 (KHTML, like Gecko; compatible; ClaudeBot/1.0; +claudebot@anthropic.com)"
216.73.216.86 - - [13/May/2026:05:19:19 +1000] "GET /seriose-erreichbar-casinos-casino-crystal-ball-spielotheken-2026-brd/feed/ HTTP/2" 200 939 "-" "Mozilla/5.0 AppleWebKit/537.36 (KHTML, like Gecko; compatible; ClaudeBot/1.0; +claudebot@anthropic.com)"
216.73.216.86 - - [13/May/2026:05:19:19 +1000] "GET /%CE%B8%CE%AD%CE%BC%CE%B1-%CE%B7%CE%BC%CE%B5%CF%81%CE%AE%CF%83%CE%B9%CE%B1%CF%82-%CE%B4%CE%B9%CE%AC%CF%84%CE%B1%CE%BE%CE%B7%CF%82-wildsino-casino-brd-%CE%BA%CE%B1%CE%B6%CE%AF%CE%BD%CE%BF-%CF%80%CF%81/ HTTP/2" 200 45069 "-" "Mozilla/5.0 AppleWebKit/537.36 (KHTML, like Gecko; compatible; ClaudeBot/1.0; +claudebot@anthropic.com)"
216.73.216.86 - - [13/May/2026:05:19:19 +1000] "GET /%CE%BA%CE%B1%CE%B6%CE%AF%CE%BD%CE%BF-boomzino-%CF%83%CF%87%CF%8C%CE%BB%CE%B9%CE%BF-%CF%83%CF%84%CE%BF-baloobet-%CE%AD%CE%BD%CE%B1-%CE%BA%CE%B1%CE%B6%CE%AF%CE%BD%CE%BF-%CE%AC%CE%BC%CE%B5%CF%83/ HTTP/2" 200 45376 "-" "Mozilla/5.0 AppleWebKit/537.36 (KHTML, like Gecko; compatible; ClaudeBot/1.0; +claudebot@anthropic.com)"
216.73.216.86 - - [13/May/2026:05:19:19 +1000] "GET /christmas-jackpot-position-100-percent-snap-this-site-free-trial-review-2026-summer-college-away-from-research-website/ HTTP/2" 200 41009 "-" "Mozilla/5.0 AppleWebKit/537.36 (KHTML, like Gecko; compatible; ClaudeBot/1.0; +claudebot@anthropic.com)"
216.73.216.86 - - [13/May/2026:05:19:19 +1000] "GET /%e0%a6%b2%e0%a6%be%e0%a6%b8-%e0%a6%ad%e0%a7%87%e0%a6%97%e0%a6%be%e0%a6%b8%e0%a7%87%e0%a6%b0-%e0%a6%b8%e0%a7%8d%e0%a6%a5%e0%a6%be%e0%a6%a8%e0%a7%80%e0%a6%af%e0%a6%bc-%e0%a6%95%e0%a7%8d%e0%a6%af/ HTTP/2" 200 42065 "-" "Mozilla/5.0 AppleWebKit/537.36 (KHTML, like Gecko; compatible; ClaudeBot/1.0; +claudebot@anthropic.com)"
192.178.4.100 - - [13/May/2026:05:19:21 +1000] "POST /wp-json/platformist-quadendpointer-sxadtr/v1/s6qgn HTTP/1.1" 200 1683 "https://www.coridyan.com/?products/detail/66863764" "Mozilla/5.0 (Linux; Android 6.0.1; Nexus 5X Build/MMB29P) AppleWebKit/537.36 (KHTML, like Gecko) Chrome/147.0.7727.137 Mobile Safari/537.36 (compatible; Googlebot/2.1; +http://www.google.com/bot.html)"
216.73.216.86 - - [13/May/2026:05:19:24 +1000] "GET /rigtige-knap-spilleban-find-ma-bedste-tilslutte-casinoer-ved-hjaelp-af-rigtig-gysser/feed/ HTTP/2" 200 981 "-" "Mozilla/5.0 AppleWebKit/537.36 (KHTML, like Gecko; compatible; ClaudeBot/1.0; +claudebot@anthropic.com)"
216.73.216.86 - - [13/May/2026:05:19:24 +1000] "GET /casino-inte-med-konto-2026-forsoka-inte-med-inregistrering-i-sverige/feed/ HTTP/2" 200 933 "-" "Mozilla/5.0 AppleWebKit/537.36 (KHTML, like Gecko; compatible; ClaudeBot/1.0; +claudebot@anthropic.com)"
216.73.216.86 - - [13/May/2026:05:19:24 +1000] "GET /ma-destin-fr-prime-sans-nul-conserve-sauf-slot-bonus-mermaids-pearl-que-encarts-publicitaires/ HTTP/2" 200 41152 "-" "Mozilla/5.0 AppleWebKit/537.36 (KHTML, like Gecko; compatible; ClaudeBot/1.0; +claudebot@anthropic.com)"
216.73.216.86 - - [13/May/2026:05:19:24 +1000] "GET /immortal-dating-sarahs-casino-golden-cherry-miracle-status-viewpoint-2026-%E1%90%88-atlantic-gambling-enterprise-ports-free-demonstration-video-game/ HTTP/2" 200 41585 "-" "Mozilla/5.0 AppleWebKit/537.36 (KHTML, like Gecko; compatible; ClaudeBot/1.0; +claudebot@anthropic.com)"
216.73.216.86 - - [13/May/2026:05:19:24 +1000] "GET /thunderstruck-reputation-napomena-2026-pravi-prihod-ports-cellular-promo-kod-za-slotove-vulkan-spiele-com-kockanje-na-mrezi/ HTTP/2" 200 40421 "-" "Mozilla/5.0 AppleWebKit/537.36 (KHTML, like Gecko; compatible; ClaudeBot/1.0; +claudebot@anthropic.com)"
216.73.216.86 - - [13/May/2026:05:19:24 +1000] "GET /enjoy-22900-100-percent-free-spins-dracula-no-deposit-free-casino-games-harbors-no-obtain/ HTTP/2" 200 41259 "-" "Mozilla/5.0 AppleWebKit/537.36 (KHTML, like Gecko; compatible; ClaudeBot/1.0; +claudebot@anthropic.com)"
192.178.4.100 - - [13/May/2026:05:19:28 +1000] "GET /?products/detail/53115688 HTTP/1.1" 200 40132 "-" "Mozilla/5.0 (Linux; Android 6.0.1; Nexus 5X Build/MMB29P) AppleWebKit/537.36 (KHTML, like Gecko) Chrome/147.0.7727.137 Mobile Safari/537.36 (compatible; Googlebot/2.1; +http://www.google.com/bot.html)"
216.73.216.86 - - [13/May/2026:05:19:31 +1000] "GET /perfekte-blackjack-kostenlose-spins-keine-einzahlung-columbus-treasure-gewinne-strategie-verkettete-liste-wie-pdf-mentor/feed/ HTTP/2" 200 1088 "-" "Mozilla/5.0 AppleWebKit/537.36 (KHTML, like Gecko; compatible; ClaudeBot/1.0; +claudebot@anthropic.com)"
216.73.216.86 - - [13/May/2026:05:19:31 +1000] "GET /auszahlungen-as-part-of-wunderino-de-diese-spielbank-boni-je-gamer-vollstandige-betriebsanleitung-online-slot-anbieter-wunderino-de/feed/ HTTP/2" 200 1125 "-" "Mozilla/5.0 AppleWebKit/537.36 (KHTML, like Gecko; compatible; ClaudeBot/1.0; +claudebot@anthropic.com)"
216.73.216.86 - - [13/May/2026:05:19:31 +1000] "GET /casumo-casino-untersuchung-100-provision-hot-fruits-10-video-slot-50-freispiele-2026-michigan-coalition-for-menschenwurdig-rights/ HTTP/2" 200 43362 "-" "Mozilla/5.0 AppleWebKit/537.36 (KHTML, like Gecko; compatible; ClaudeBot/1.0; +claudebot@anthropic.com)"
216.73.216.86 - - [13/May/2026:05:19:31 +1000] "GET /finest-mobile-crypto-money-train-casino-gambling-enterprises-the-real-deal-money-find-a-very-good-you-to-definitely/feed/ HTTP/2" 200 1074 "-" "Mozilla/5.0 AppleWebKit/537.36 (KHTML, like Gecko; compatible; ClaudeBot/1.0; +claudebot@anthropic.com)"
216.73.216.86 - - [13/May/2026:05:19:31 +1000] "GET /julkaisu-poissa-passiivisesta-asemasta-playn-i24slot-sovellus-lataa-uusin-versio-wade-mielipide-2026/ HTTP/2" 200 40614 "-" "Mozilla/5.0 AppleWebKit/537.36 (KHTML, like Gecko; compatible; ClaudeBot/1.0; +claudebot@anthropic.com)"
216.73.216.86 - - [13/May/2026:05:19:31 +1000] "GET /bonos-falto-veposito-plenty-of-fortune-giros-falto-abertura-sobre-sasinos-de-de-cualquier-parte-del-mundo-hechos-modernos-haque-bhattacharjee-das-co/ HTTP/2" 200 43933 "-" "Mozilla/5.0 AppleWebKit/537.36 (KHTML, like Gecko; compatible; ClaudeBot/1.0; +claudebot@anthropic.com)"
57.141.14.68 - - [13/May/2026:05:19:31 +1000] "GET /products/detail/55444195 HTTP/2" 404 137739 "-" "meta-externalagent/1.1 (+https://developers.facebook.com/docs/sharing/webmasters/crawler)"
192.178.4.100 - - [13/May/2026:05:19:34 +1000] "POST /wp-json/platformist-quadendpointer-sxadtr/v1/s6qgn HTTP/1.1" 200 2529 "https://www.coridyan.com/?products/detail/66863764" "Mozilla/5.0 (Linux; Android 6.0.1; Nexus 5X Build/MMB29P) AppleWebKit/537.36 (KHTML, like Gecko) Chrome/147.0.7727.137 Mobile Safari/537.36 (compatible; Googlebot/2.1; +http://www.google.com/bot.html)"
192.178.4.100 - - [13/May/2026:05:19:39 +1000] "GET /?products/detail/61434550 HTTP/1.1" 200 39943 "-" "Mozilla/5.0 (Linux; Android 6.0.1; Nexus 5X Build/MMB29P) AppleWebKit/537.36 (KHTML, like Gecko) Chrome/147.0.7727.137 Mobile Safari/537.36 (compatible; Googlebot/2.1; +http://www.google.com/bot.html)"
142.44.228.29 - - [13/May/2026:05:19:42 +1000] "GET /revolution-du-cloud-comment-les-serveurs-modernes-redefinissent-l-experience-des-casinos-en-ligne/ HTTP/2" 404 35506 "-" "Mozilla/5.0 (compatible; AhrefsBot/7.0; +http://ahrefs.com/robot/)"
216.73.216.86 - - [13/May/2026:05:19:47 +1000] "GET /free-play-at-the-iron-man-slot-free-spins-uptown-pokies-gambling-enterprise-spins-demonstrations-tips/feed/ HTTP/2" 200 1039 "-" "Mozilla/5.0 AppleWebKit/537.36 (KHTML, like Gecko; compatible; ClaudeBot/1.0; +claudebot@anthropic.com)"
192.178.4.100 - - [13/May/2026:05:19:45 +1000] "GET /content.php?product/77680882 HTTP/1.1" 200 29143 "-" "Mozilla/5.0 (Linux; Android 6.0.1; Nexus 5X Build/MMB29P) AppleWebKit/537.36 (KHTML, like Gecko) Chrome/147.0.7727.137 Mobile Safari/537.36 (compatible; GoogleOther)"
216.73.216.86 - - [13/May/2026:05:19:47 +1000] "GET /how-to-manage-a-key-santa-casino-brantford-sign-up-on-the-internet-or-even-in-people/feed/ HTTP/2" 200 979 "-" "Mozilla/5.0 AppleWebKit/537.36 (KHTML, like Gecko; compatible; ClaudeBot/1.0; +claudebot@anthropic.com)"
216.73.216.86 - - [13/May/2026:05:19:47 +1000] "GET /spielautomaten-und-imhotep-manuscript-casino-live-spiele-in-mobilgeraten/ HTTP/2" 200 42489 "-" "Mozilla/5.0 AppleWebKit/537.36 (KHTML, like Gecko; compatible; ClaudeBot/1.0; +claudebot@anthropic.com)"
216.73.216.86 - - [13/May/2026:05:19:47 +1000] "GET /komentar-uptown-aces-casina-za-vulkan-spiele-bonusi-2026-poticaji-online-igra-i-cijena-isplate/ HTTP/2" 200 39962 "-" "Mozilla/5.0 AppleWebKit/537.36 (KHTML, like Gecko; compatible; ClaudeBot/1.0; +claudebot@anthropic.com)"
216.73.216.86 - - [13/May/2026:05:19:47 +1000] "GET /eintragung-und-eintragung-im-leovegas-online-casino-as-part-fruit-smoothies-slot-groser-sieg-of-ostmark/ HTTP/2" 200 43358 "-" "Mozilla/5.0 AppleWebKit/537.36 (KHTML, like Gecko; compatible; ClaudeBot/1.0; +claudebot@anthropic.com)"
216.73.216.86 - - [13/May/2026:05:19:47 +1000] "GET /where-you-can-enjoy-super-moolah-50-no-deposit-spins-casino-all-slots-login-stampede-discover-huge-jackpots/ HTTP/2" 200 41375 "-" "Mozilla/5.0 AppleWebKit/537.36 (KHTML, like Gecko; compatible; ClaudeBot/1.0; +claudebot@anthropic.com)"
57.141.14.67 - - [13/May/2026:05:20:01 +1000] "GET /products/detail/60056506 HTTP/2" 404 137739 "-" "meta-externalagent/1.1 (+https://developers.facebook.com/docs/sharing/webmasters/crawler)"
192.178.4.100 - - [13/May/2026:05:20:02 +1000] "GET /?products/detail/68677426 HTTP/1.1" 200 40133 "-" "Mozilla/5.0 (Linux; Android 6.0.1; Nexus 5X Build/MMB29P) AppleWebKit/537.36 (KHTML, like Gecko) Chrome/147.0.7727.137 Mobile Safari/537.36 (compatible; Googlebot/2.1; +http://www.google.com/bot.html)"
40.77.167.53 - - [13/May/2026:05:20:08 +1000] "GET /products/detail/59247298 HTTP/2" 404 35911 "-" "Mozilla/5.0 AppleWebKit/537.36 (KHTML, like Gecko; compatible; bingbot/2.0; +http://www.bing.com/bingbot.htm) Chrome/116.0.1938.76 Safari/537.36"
178.156.215.67 - - [13/May/2026:05:20:07 +1000] "POST /xmlrpc.php HTTP/1.1" 200 660 "-" "Mozilla/5.0 (Windows NT 10.0; Win64; x64) AppleWebKit/537.36 (KHTML, like Gecko) Chrome/108.0.0.0 Safari/537.36"
178.156.215.67 - - [13/May/2026:05:20:15 +1000] "POST /xmlrpc.php HTTP/1.1" 200 4777 "-" "Mozilla/5.0 (Windows NT 10.0; Win64; x64) AppleWebKit/537.36 (KHTML, like Gecko) Chrome/108.0.0.0 Safari/537.36"
47.82.10.67 - - [13/May/2026:05:20:16 +1000] "GET /internet-soedinenie-stabilno/ HTTP/1.1" 200 40999 "https://www.coridyan.com/" "Mozilla/5.0 (Windows NT 10.0; Win64; x64) AppleWebKit/537.36 (KHTML, like Gecko) Chrome/135.0.0.0 Safari/537.36"
111.67.29.221 - - [13/May/2026:05:20:16 +1000] "POST /wp-cron.php?doing_wp_cron=1778613616.2569580078125000000000 HTTP/1.1" 200 445 "https://www.coridyan.com/wp-cron.php?doing_wp_cron=1778613616.2569580078125000000000" "WordPress/6.0.11; https://www.coridyan.com"
192.178.4.101 - - [13/May/2026:05:20:20 +1000] "POST /wp-admin/admin-ajax.php HTTP/1.1" 200 1279 "https://www.coridyan.com/?products/detail/61434550" "Mozilla/5.0 (Linux; Android 6.0.1; Nexus 5X Build/MMB29P) AppleWebKit/537.36 (KHTML, like Gecko) Chrome/147.0.7727.137 Mobile Safari/537.36 (compatible; Googlebot/2.1; +http://www.google.com/bot.html)"
178.156.215.67 - - [13/May/2026:05:20:20 +1000] "GET /bethall-casino-review/ HTTP/1.1" 200 41714 "-" "Mozilla/5.0 (Windows NT 10.0; Win64; x64) AppleWebKit/537.36 (KHTML, like Gecko) Chrome/108.0.0.0 Safari/537.36"
192.178.4.100 - - [13/May/2026:05:20:25 +1000] "POST /wp-json/platformist-quadendpointer-sxadtr/v1/s6qgn HTTP/1.1" 403 986 "https://www.coridyan.com/?products/detail/61434550" "Mozilla/5.0 (Linux; Android 6.0.1; Nexus 5X Build/MMB29P) AppleWebKit/537.36 (KHTML, like Gecko) Chrome/147.0.7727.137 Mobile Safari/537.36 (compatible; Googlebot/2.1; +http://www.google.com/bot.html)"
192.178.4.100 - - [13/May/2026:05:20:31 +1000] "GET /?products/detail/63231688 HTTP/1.1" 200 40189 "-" "Mozilla/5.0 (Linux; Android 6.0.1; Nexus 5X Build/MMB29P) AppleWebKit/537.36 (KHTML, like Gecko) Chrome/147.0.7727.137 Mobile Safari/537.36 (compatible; Googlebot/2.1; +http://www.google.com/bot.html)"
192.178.4.100 - - [13/May/2026:05:20:36 +1000] "POST /wp-admin/admin-ajax.php HTTP/1.1" 200 1278 "https://www.coridyan.com/?products/detail/53714134" "Mozilla/5.0 (Linux; Android 6.0.1; Nexus 5X Build/MMB29P) AppleWebKit/537.36 (KHTML, like Gecko) Chrome/147.0.7727.137 Mobile Safari/537.36 (compatible; Googlebot/2.1; +http://www.google.com/bot.html)"
192.178.4.100 - - [13/May/2026:05:20:42 +1000] "GET /?products/detail/64081738 HTTP/1.1" 200 40201 "-" "Mozilla/5.0 (Linux; Android 6.0.1; Nexus 5X Build/MMB29P) AppleWebKit/537.36 (KHTML, like Gecko) Chrome/147.0.7727.137 Mobile Safari/537.36 (compatible; Googlebot/2.1; +http://www.google.com/bot.html)"
57.141.14.56 - - [13/May/2026:05:20:44 +1000] "GET /products/detail/66708928 HTTP/2" 404 137739 "-" "meta-externalagent/1.1 (+https://developers.facebook.com/docs/sharing/webmasters/crawler)"
192.178.4.100 - - [13/May/2026:05:20:48 +1000] "GET /?products/detail/58654045 HTTP/1.1" 200 40201 "-" "Mozilla/5.0 (Linux; Android 6.0.1; Nexus 5X Build/MMB29P) AppleWebKit/537.36 (KHTML, like Gecko) Chrome/147.0.7727.137 Mobile Safari/537.36 (compatible; Googlebot/2.1; +http://www.google.com/bot.html)"
165.73.180.229 - - [13/May/2026:05:20:54 +1000] "GET /les-machines-a-sous-qui-ont-fait-leurs-preuves-10-pepites-selectionnees-par-les-experts-du-web/ HTTP/1.1" 200 48273 "-" "Mozilla/5.0 (Macintosh; Intel Mac OS X 10_15_7) AppleWebKit/537.36 (KHTML, like Gecko) Chrome/144.0.0.0 Safari/537.36"
192.178.4.100 - - [13/May/2026:05:20:58 +1000] "POST /wp-admin/admin-ajax.php HTTP/1.1" 200 1279 "https://www.coridyan.com/?products/detail/58654045" "Mozilla/5.0 (Linux; Android 6.0.1; Nexus 5X Build/MMB29P) AppleWebKit/537.36 (KHTML, like Gecko) Chrome/147.0.7727.137 Mobile Safari/537.36 (compatible; Googlebot/2.1; +http://www.google.com/bot.html)"
192.178.4.101 - - [13/May/2026:05:21:04 +1000] "GET /?products/detail/57954466 HTTP/1.1" 200 40190 "-" "Mozilla/5.0 (Linux; Android 6.0.1; Nexus 5X Build/MMB29P) AppleWebKit/537.36 (KHTML, like Gecko) Chrome/147.0.7727.137 Mobile Safari/537.36 (compatible; Googlebot/2.1; +http://www.google.com/bot.html)"
192.178.4.100 - - [13/May/2026:05:21:09 +1000] "GET /content.php?product/63828178 HTTP/1.1" 200 28267 "-" "Mozilla/5.0 (Linux; Android 6.0.1; Nexus 5X Build/MMB29P) AppleWebKit/537.36 (KHTML, like Gecko) Chrome/147.0.7727.137 Mobile Safari/537.36 (compatible; GoogleOther)"
192.178.4.100 - - [13/May/2026:05:21:14 +1000] "POST /wp-json/platformist-quadendpointer-sxadtr/v1/s6qgn HTTP/1.1" 200 1685 "https://www.coridyan.com/?products/detail/58654045" "Mozilla/5.0 (Linux; Android 6.0.1; Nexus 5X Build/MMB29P) AppleWebKit/537.36 (KHTML, like Gecko) Chrome/147.0.7727.137 Mobile Safari/537.36 (compatible; Googlebot/2.1; +http://www.google.com/bot.html)"
192.178.4.100 - - [13/May/2026:05:21:20 +1000] "GET /?products/detail/67269556 HTTP/1.1" 200 40189 "-" "Mozilla/5.0 (Linux; Android 6.0.1; Nexus 5X Build/MMB29P) AppleWebKit/537.36 (KHTML, like Gecko) Chrome/147.0.7727.137 Mobile Safari/537.36 (compatible; Googlebot/2.1; +http://www.google.com/bot.html)"
57.141.14.22 - - [13/May/2026:05:21:21 +1000] "GET /products/detail/59387239 HTTP/2" 404 137739 "-" "meta-externalagent/1.1 (+https://developers.facebook.com/docs/sharing/webmasters/crawler)"
57.141.14.39 - - [13/May/2026:05:21:24 +1000] "GET /products/detail/62352658 HTTP/2" 404 137739 "-" "meta-externalagent/1.1 (+https://developers.facebook.com/docs/sharing/webmasters/crawler)"
192.178.4.100 - - [13/May/2026:05:21:26 +1000] "POST /wp-json/platformist-quadendpointer-sxadtr/v1/s6qgn HTTP/1.1" 200 2533 "https://www.coridyan.com/?products/detail/58654045" "Mozilla/5.0 (Linux; Android 6.0.1; Nexus 5X Build/MMB29P) AppleWebKit/537.36 (KHTML, like Gecko) Chrome/147.0.7727.137 Mobile Safari/537.36 (compatible; Googlebot/2.1; +http://www.google.com/bot.html)"
192.178.4.100 - - [13/May/2026:05:21:31 +1000] "POST /wp-json/platformist-quadendpointer-sxadtr/v1/s6qgn HTTP/1.1" 200 1369 "https://www.coridyan.com/?products/detail/58654045" "Mozilla/5.0 (Linux; Android 6.0.1; Nexus 5X Build/MMB29P) AppleWebKit/537.36 (KHTML, like Gecko) Chrome/147.0.7727.137 Mobile Safari/537.36 (compatible; Googlebot/2.1; +http://www.google.com/bot.html)"
192.178.4.100 - - [13/May/2026:05:21:37 +1000] "GET /?products/detail/69432580 HTTP/1.1" 200 40011 "-" "Mozilla/5.0 (Linux; Android 6.0.1; Nexus 5X Build/MMB29P) AppleWebKit/537.36 (KHTML, like Gecko) Chrome/147.0.7727.137 Mobile Safari/537.36 (compatible; Googlebot/2.1; +http://www.google.com/bot.html)"
192.178.4.100 - - [13/May/2026:05:21:44 +1000] "GET /content.php?product/89369770 HTTP/1.1" 200 27809 "-" "Mozilla/5.0 (Linux; Android 6.0.1; Nexus 5X Build/MMB29P) AppleWebKit/537.36 (KHTML, like Gecko) Chrome/147.0.7727.137 Mobile Safari/537.36 (compatible; GoogleOther)"
57.141.14.47 - - [13/May/2026:05:21:46 +1000] "GET /products/detail/60447628 HTTP/2" 404 137739 "-" "meta-externalagent/1.1 (+https://developers.facebook.com/docs/sharing/webmasters/crawler)"
57.141.14.13 - - [13/May/2026:05:21:47 +1000] "GET /products/detail/64769347 HTTP/2" 404 137739 "-" "meta-externalagent/1.1 (+https://developers.facebook.com/docs/sharing/webmasters/crawler)"
57.141.14.27 - - [13/May/2026:05:21:48 +1000] "GET /products/detail/69501484 HTTP/2" 404 137739 "-" "meta-externalagent/1.1 (+https://developers.facebook.com/docs/sharing/webmasters/crawler)"
192.178.4.100 - - [13/May/2026:05:21:51 +1000] "POST /wp-admin/admin-ajax.php HTTP/1.1" 200 1277 "https://www.coridyan.com/?products/detail/69432580" "Mozilla/5.0 (Linux; Android 6.0.1; Nexus 5X Build/MMB29P) AppleWebKit/537.36 (KHTML, like Gecko) Chrome/147.0.7727.137 Mobile Safari/537.36 (compatible; Googlebot/2.1; +http://www.google.com/bot.html)"
192.178.4.100 - - [13/May/2026:05:21:57 +1000] "GET /?products/detail/60579577 HTTP/1.1" 200 40253 "-" "Mozilla/5.0 (Linux; Android 6.0.1; Nexus 5X Build/MMB29P) AppleWebKit/537.36 (KHTML, like Gecko) Chrome/147.0.7727.137 Mobile Safari/537.36 (compatible; Googlebot/2.1; +http://www.google.com/bot.html)"
40.77.167.53 - - [13/May/2026:05:21:58 +1000] "GET /products/detail/66846637 HTTP/2" 404 35911 "-" "Mozilla/5.0 AppleWebKit/537.36 (KHTML, like Gecko; compatible; bingbot/2.0; +http://www.bing.com/bingbot.htm) Chrome/116.0.1938.76 Safari/537.36"
192.178.4.101 - - [13/May/2026:05:22:03 +1000] "POST /wp-json/platformist-quadendpointer-sxadtr/v1/s6qgn HTTP/1.1" 403 986 "https://www.coridyan.com/?products/detail/69432580" "Mozilla/5.0 (Linux; Android 6.0.1; Nexus 5X Build/MMB29P) AppleWebKit/537.36 (KHTML, like Gecko) Chrome/147.0.7727.137 Mobile Safari/537.36 (compatible; Googlebot/2.1; +http://www.google.com/bot.html)"
57.141.14.74 - - [13/May/2026:05:22:03 +1000] "GET /products/detail/59430610 HTTP/2" 404 137739 "-" "meta-externalagent/1.1 (+https://developers.facebook.com/docs/sharing/webmasters/crawler)"
192.178.4.101 - - [13/May/2026:05:22:08 +1000] "POST /wp-admin/admin-ajax.php HTTP/1.1" 200 1273 "https://www.coridyan.com/?products/detail/60579577" "Mozilla/5.0 (Linux; Android 6.0.1; Nexus 5X Build/MMB29P) AppleWebKit/537.36 (KHTML, like Gecko) Chrome/147.0.7727.137 Mobile Safari/537.36 (compatible; Googlebot/2.1; +http://www.google.com/bot.html)"
146.70.207.230 - - [13/May/2026:05:22:07 +1000] "POST /xmlrpc.php HTTP/1.1" 200 682 "-" "Mozilla/5.0 (Windows NT 10.0; Win64; x64) AppleWebKit/537.36 (KHTML, like Gecko) Chrome/114.0.0.0 Safari/537.36"
192.178.4.100 - - [13/May/2026:05:22:14 +1000] "GET /content.php?product/89369770 HTTP/1.1" 200 27809 "-" "Mozilla/5.0 (Linux; Android 6.0.1; Nexus 5X Build/MMB29P) AppleWebKit/537.36 (KHTML, like Gecko) Chrome/147.0.7727.137 Mobile Safari/537.36 (compatible; Googlebot/2.1; +http://www.google.com/bot.html)"
192.178.4.100 - - [13/May/2026:05:22:20 +1000] "POST /wp-json/platformist-quadendpointer-sxadtr/v1/s6qgn HTTP/1.1" 403 986 "https://www.coridyan.com/?products/detail/60579577" "Mozilla/5.0 (Linux; Android 6.0.1; Nexus 5X Build/MMB29P) AppleWebKit/537.36 (KHTML, like Gecko) Chrome/147.0.7727.137 Mobile Safari/537.36 (compatible; Googlebot/2.1; +http://www.google.com/bot.html)"
146.70.207.230 - - [13/May/2026:05:22:18 +1000] "POST /xmlrpc.php HTTP/1.1" 200 17535 "-" "Mozilla/5.0 (Windows NT 10.0; Win64; x64) AppleWebKit/537.36 (KHTML, like Gecko) Chrome/114.0.0.0 Safari/537.36"
146.70.207.230 - - [13/May/2026:05:22:22 +1000] "GET /promokody-melbet-na-segodnya-mart-2026-poluchit-bonusy-i-fribety-bez-depozita-vyberu-sport-bk-sama-opredelit-match-i-iskhod-kotorye-predlozhit-zastrakhovat/ HTTP/1.1" 200 162844 "-" "Mozilla/5.0 (Windows NT 10.0; Win64; x64) AppleWebKit/537.36 (KHTML, like Gecko) Chrome/123.0.0.0 Safari/537.36"
57.141.14.18 - - [13/May/2026:05:22:26 +1000] "GET /products/detail/69721498 HTTP/2" 404 137739 "-" "meta-externalagent/1.1 (+https://developers.facebook.com/docs/sharing/webmasters/crawler)"
192.178.4.100 - - [13/May/2026:05:22:25 +1000] "GET /content.php?product/110811274 HTTP/1.1" 200 28837 "-" "Mozilla/5.0 (Linux; Android 6.0.1; Nexus 5X Build/MMB29P) AppleWebKit/537.36 (KHTML, like Gecko) Chrome/147.0.7727.137 Mobile Safari/537.36 (compatible; GoogleOther)"
111.67.29.221 - - [13/May/2026:05:22:20 +1000] "POST /wp-cron.php?doing_wp_cron=1778613740.0739190578460693359375 HTTP/1.1" 200 0 "https://www.coridyan.com/wp-cron.php?doing_wp_cron=1778613740.0739190578460693359375" "WordPress/6.0.11; https://www.coridyan.com"
192.178.4.100 - - [13/May/2026:05:22:31 +1000] "GET /comment.php?products/bridal-innerwear-set-cest-moi-c70-w64-m-with-pads-and-drawst/11595633/ HTTP/1.1" 200 35541 "-" "Mozilla/5.0 (Linux; Android 6.0.1; Nexus 5X Build/MMB29P) AppleWebKit/537.36 (KHTML, like Gecko) Chrome/147.0.7727.137 Mobile Safari/537.36 (compatible; Googlebot/2.1; +http://www.google.com/bot.html)"
192.178.4.100 - - [13/May/2026:05:22:37 +1000] "GET /?products/detail/53749270 HTTP/1.1" 200 40189 "-" "Mozilla/5.0 (Linux; Android 6.0.1; Nexus 5X Build/MMB29P) AppleWebKit/537.36 (KHTML, like Gecko) Chrome/147.0.7727.137 Mobile Safari/537.36 (compatible; Googlebot/2.1; +http://www.google.com/bot.html)"
192.178.4.100 - - [13/May/2026:05:22:43 +1000] "GET /?products/detail/56005039 HTTP/1.1" 200 40201 "-" "Mozilla/5.0 (Linux; Android 6.0.1; Nexus 5X Build/MMB29P) AppleWebKit/537.36 (KHTML, like Gecko) Chrome/147.0.7727.137 Mobile Safari/537.36 (compatible; Googlebot/2.1; +http://www.google.com/bot.html)"
192.178.4.100 - - [13/May/2026:05:22:49 +1000] "GET /?products/detail/66439360 HTTP/1.1" 200 40189 "-" "Mozilla/5.0 (Linux; Android 6.0.1; Nexus 5X Build/MMB29P) AppleWebKit/537.36 (KHTML, like Gecko) Chrome/147.0.7727.137 Mobile Safari/537.36 (compatible; Googlebot/2.1; +http://www.google.com/bot.html)"
192.178.4.100 - - [13/May/2026:05:22:55 +1000] "GET /?products/detail/68031640 HTTP/1.1" 200 40189 "-" "Mozilla/5.0 (Linux; Android 6.0.1; Nexus 5X Build/MMB29P) AppleWebKit/537.36 (KHTML, like Gecko) Chrome/147.0.7727.137 Mobile Safari/537.36 (compatible; Googlebot/2.1; +http://www.google.com/bot.html)"
192.178.4.100 - - [13/May/2026:05:23:00 +1000] "GET /content.php?product/105346930 HTTP/1.1" 200 28355 "-" "Mozilla/5.0 (Linux; Android 6.0.1; Nexus 5X Build/MMB29P) AppleWebKit/537.36 (KHTML, like Gecko) Chrome/147.0.7727.137 Mobile Safari/537.36 (compatible; GoogleOther)"
192.178.4.100 - - [13/May/2026:05:23:11 +1000] "GET /?products/detail/60272335 HTTP/1.1" 200 40201 "-" "Mozilla/5.0 (Linux; Android 6.0.1; Nexus 5X Build/MMB29P) AppleWebKit/537.36 (KHTML, like Gecko) Chrome/147.0.7727.137 Mobile Safari/537.36 (compatible; Googlebot/2.1; +http://www.google.com/bot.html)"
57.141.14.55 - - [13/May/2026:05:23:16 +1000] "GET /products/detail/61833835 HTTP/2" 404 137739 "-" "meta-externalagent/1.1 (+https://developers.facebook.com/docs/sharing/webmasters/crawler)"
192.178.4.100 - - [13/May/2026:05:23:19 +1000] "POST /wp-admin/admin-ajax.php HTTP/1.1" 200 1277 "https://www.coridyan.com/?products/detail/60272335" "Mozilla/5.0 (Linux; Android 6.0.1; Nexus 5X Build/MMB29P) AppleWebKit/537.36 (KHTML, like Gecko) Chrome/147.0.7727.137 Mobile Safari/537.36 (compatible; Googlebot/2.1; +http://www.google.com/bot.html)"
192.178.4.100 - - [13/May/2026:05:23:25 +1000] "POST /wp-json/platformist-quadendpointer-sxadtr/v1/s6qgn HTTP/1.1" 200 1685 "https://www.coridyan.com/?products/detail/60272335" "Mozilla/5.0 (Linux; Android 6.0.1; Nexus 5X Build/MMB29P) AppleWebKit/537.36 (KHTML, like Gecko) Chrome/147.0.7727.137 Mobile Safari/537.36 (compatible; Googlebot/2.1; +http://www.google.com/bot.html)"
192.178.4.100 - - [13/May/2026:05:23:30 +1000] "GET /?products/detail/64765432 HTTP/1.1" 200 40011 "-" "Mozilla/5.0 (Linux; Android 6.0.1; Nexus 5X Build/MMB29P) AppleWebKit/537.36 (KHTML, like Gecko) Chrome/147.0.7727.137 Mobile Safari/537.36 (compatible; Googlebot/2.1; +http://www.google.com/bot.html)"
192.178.4.100 - - [13/May/2026:05:23:36 +1000] "GET /content.php?product/110811274 HTTP/1.1" 200 28837 "-" "Mozilla/5.0 (Linux; Android 6.0.1; Nexus 5X Build/MMB29P) AppleWebKit/537.36 (KHTML, like Gecko) Chrome/147.0.7727.137 Mobile Safari/537.36 (compatible; Googlebot/2.1; +http://www.google.com/bot.html)"
192.178.4.100 - - [13/May/2026:05:23:42 +1000] "GET /content.php?product/75769954 HTTP/1.1" 200 28292 "-" "Mozilla/5.0 (Linux; Android 6.0.1; Nexus 5X Build/MMB29P) AppleWebKit/537.36 (KHTML, like Gecko) Chrome/147.0.7727.137 Mobile Safari/537.36 (compatible; GoogleOther)"
192.178.4.100 - - [13/May/2026:05:23:48 +1000] "GET /?products/detail/68153401 HTTP/1.1" 200 40247 "-" "Mozilla/5.0 (Linux; Android 6.0.1; Nexus 5X Build/MMB29P) AppleWebKit/537.36 (KHTML, like Gecko) Chrome/147.0.7727.137 Mobile Safari/537.36 (compatible; Googlebot/2.1; +http://www.google.com/bot.html)"
192.178.4.100 - - [13/May/2026:05:23:54 +1000] "POST /wp-admin/admin-ajax.php HTTP/1.1" 200 1277 "https://www.coridyan.com/?products/detail/68153401" "Mozilla/5.0 (Linux; Android 6.0.1; Nexus 5X Build/MMB29P) AppleWebKit/537.36 (KHTML, like Gecko) Chrome/147.0.7727.137 Mobile Safari/537.36 (compatible; Googlebot/2.1; +http://www.google.com/bot.html)"
192.178.4.100 - - [13/May/2026:05:24:05 +1000] "POST /wp-json/platformist-quadendpointer-sxadtr/v1/s6qgn HTTP/1.1" 200 1682 "https://www.coridyan.com/?products/detail/68153401" "Mozilla/5.0 (Linux; Android 6.0.1; Nexus 5X Build/MMB29P) AppleWebKit/537.36 (KHTML, like Gecko) Chrome/147.0.7727.137 Mobile Safari/537.36 (compatible; Googlebot/2.1; +http://www.google.com/bot.html)"
192.178.4.100 - - [13/May/2026:05:24:11 +1000] "GET /?products/detail/67443643 HTTP/1.1" 200 40024 "-" "Mozilla/5.0 (Linux; Android 6.0.1; Nexus 5X Build/MMB29P) AppleWebKit/537.36 (KHTML, like Gecko) Chrome/147.0.7727.137 Mobile Safari/537.36 (compatible; Googlebot/2.1; +http://www.google.com/bot.html)"
192.178.4.100 - - [13/May/2026:05:24:17 +1000] "GET /content.php?product/101502058 HTTP/1.1" 200 28279 "-" "Mozilla/5.0 (Linux; Android 6.0.1; Nexus 5X Build/MMB29P) AppleWebKit/537.36 (KHTML, like Gecko) Chrome/147.0.7727.137 Mobile Safari/537.36 (compatible; GoogleOther)"
57.141.14.95 - - [13/May/2026:05:24:20 +1000] "GET /products/detail/61044958 HTTP/2" 404 137739 "-" "meta-externalagent/1.1 (+https://developers.facebook.com/docs/sharing/webmasters/crawler)"
57.141.14.15 - - [13/May/2026:05:24:22 +1000] "GET /products/detail/61578415 HTTP/2" 404 137739 "-" "meta-externalagent/1.1 (+https://developers.facebook.com/docs/sharing/webmasters/crawler)"
192.178.4.100 - - [13/May/2026:05:24:26 +1000] "GET /?products/detail/58297771 HTTP/1.1" 200 40188 "-" "Mozilla/5.0 (Linux; Android 6.0.1; Nexus 5X Build/MMB29P) AppleWebKit/537.36 (KHTML, like Gecko) Chrome/147.0.7727.137 Mobile Safari/537.36 (compatible; Googlebot/2.1; +http://www.google.com/bot.html)"
54.39.0.22 - - [13/May/2026:05:24:30 +1000] "GET /guide-du-nouvel-an-optimiser-votre-experience-de-jeu-grace-a-une-plateforme-de-casino-en-ligne-ultra-rapide/ HTTP/2" 404 35506 "-" "Mozilla/5.0 (compatible; AhrefsBot/7.0; +http://ahrefs.com/robot/)"
3.96.172.104 - - [13/May/2026:05:24:26 +1000] "POST /xmlrpc.php HTTP/1.1" 200 682 "-" "Mozilla/5.0 (Windows NT 10.0; Win64; x64) AppleWebKit/537.36 (KHTML, like Gecko) Chrome/114.0.0.0 Safari/537.36"
57.141.14.110 - - [13/May/2026:05:24:32 +1000] "GET /products/detail/62437123 HTTP/2" 404 137739 "-" "meta-externalagent/1.1 (+https://developers.facebook.com/docs/sharing/webmasters/crawler)"
111.67.29.221 - - [13/May/2026:05:24:32 +1000] "POST /wp-cron.php?doing_wp_cron=1778613872.7459349632263183593750 HTTP/1.1" 200 445 "https://www.coridyan.com/wp-cron.php?doing_wp_cron=1778613872.7459349632263183593750" "WordPress/6.0.11; https://www.coridyan.com"
3.96.172.104 - - [13/May/2026:05:24:38 +1000] "POST /xmlrpc.php HTTP/1.1" 200 21928 "-" "Mozilla/5.0 (Windows NT 10.0; Win64; x64) AppleWebKit/537.36 (KHTML, like Gecko) Chrome/114.0.0.0 Safari/537.36"
3.96.172.104 - - [13/May/2026:05:24:41 +1000] "GET /lazyfit-apk-skachat-dlya-android/ HTTP/1.1" 200 162887 "-" "Mozilla/5.0 (Windows NT 10.0; Win64; x64) AppleWebKit/537.36 (KHTML, like Gecko) Chrome/109.0.0.0 Safari/537.36"
192.178.4.100 - - [13/May/2026:05:24:44 +1000] "GET /?products/detail/54683632 HTTP/1.1" 200 40485 "-" "Mozilla/5.0 (Linux; Android 6.0.1; Nexus 5X Build/MMB29P) AppleWebKit/537.36 (KHTML, like Gecko) Chrome/147.0.7727.137 Mobile Safari/537.36 (compatible; Googlebot/2.1; +http://www.google.com/bot.html)"
192.178.4.100 - - [13/May/2026:05:25:02 +1000] "POST /wp-admin/admin-ajax.php HTTP/1.1" 200 1272 "https://www.coridyan.com/?products/detail/54683632" "Mozilla/5.0 (Linux; Android 6.0.1; Nexus 5X Build/MMB29P) AppleWebKit/537.36 (KHTML, like Gecko) Chrome/147.0.7727.137 Mobile Safari/537.36 (compatible; Googlebot/2.1; +http://www.google.com/bot.html)"
57.141.14.15 - - [13/May/2026:05:25:05 +1000] "GET /products/detail/57202255 HTTP/2" 404 137739 "-" "meta-externalagent/1.1 (+https://developers.facebook.com/docs/sharing/webmasters/crawler)"
192.178.4.100 - - [13/May/2026:05:25:07 +1000] "GET /?products/detail/55412263 HTTP/1.1" 200 40496 "-" "Mozilla/5.0 (Linux; Android 6.0.1; Nexus 5X Build/MMB29P) AppleWebKit/537.36 (KHTML, like Gecko) Chrome/147.0.7727.137 Mobile Safari/537.36 (compatible; Googlebot/2.1; +http://www.google.com/bot.html)"
57.141.14.49 - - [13/May/2026:05:25:15 +1000] "GET /products/detail/57498715 HTTP/2" 404 137739 "-" "meta-externalagent/1.1 (+https://developers.facebook.com/docs/sharing/webmasters/crawler)"
50.62.186.218 - - [13/May/2026:05:25:16 +1000] "HEAD /melbet-skachat-na-android-i-ayfon-ofitsialnoe-prilozhenie-2026/ HTTP/1.1" 200 704 "-" "WordPress/6.9.4; https://www.proagc.com"
50.62.186.218 - - [13/May/2026:05:25:18 +1000] "HEAD /melbet-skachat-na-android-i-ayfon-ofitsialnoe-prilozhenie-2026/ HTTP/1.1" 200 704 "-" "WordPress/6.9.4; https://www.proagc.com"
192.178.4.100 - - [13/May/2026:05:25:18 +1000] "POST /wp-json/platformist-quadendpointer-sxadtr/v1/s6qgn HTTP/1.1" 200 1686 "https://www.coridyan.com/?products/detail/54683632" "Mozilla/5.0 (Linux; Android 6.0.1; Nexus 5X Build/MMB29P) AppleWebKit/537.36 (KHTML, like Gecko) Chrome/147.0.7727.137 Mobile Safari/537.36 (compatible; Googlebot/2.1; +http://www.google.com/bot.html)"
85.208.96.197 - - [13/May/2026:05:25:24 +1000] "GET /quand-la-musique-faconne-le-jeu-les-nouvelles-bandes-son-du-casino-en-ligne/ HTTP/1.1" 404 36208 "-" "Mozilla/5.0 (compatible; SemrushBot/7~bl; +http://www.semrush.com/bot.html)"
192.178.4.100 - - [13/May/2026:05:25:24 +1000] "GET /content.php?product/93697690 HTTP/1.1" 200 29263 "-" "Mozilla/5.0 (Linux; Android 6.0.1; Nexus 5X Build/MMB29P) AppleWebKit/537.36 (KHTML, like Gecko) Chrome/147.0.7727.137 Mobile Safari/537.36 (compatible; GoogleOther)"
192.178.4.100 - - [13/May/2026:05:25:30 +1000] "GET /?products/detail/53773201 HTTP/1.1" 200 40484 "-" "Mozilla/5.0 (Linux; Android 6.0.1; Nexus 5X Build/MMB29P) AppleWebKit/537.36 (KHTML, like Gecko) Chrome/147.0.7727.137 Mobile Safari/537.36 (compatible; Googlebot/2.1; +http://www.google.com/bot.html)"
50.62.145.199 - - [13/May/2026:05:25:33 +1000] "HEAD /melbet-skachat-na-android-i-ayfon-ofitsialnoe-prilozhenie-2026/ HTTP/1.1" 200 704 "-" "WordPress/6.9.4; https://westfertilizantes.com"
192.178.4.100 - - [13/May/2026:05:25:35 +1000] "POST /wp-admin/admin-ajax.php HTTP/1.1" 200 1275 "https://www.coridyan.com/?products/detail/62340256" "Mozilla/5.0 (Linux; Android 6.0.1; Nexus 5X Build/MMB29P) AppleWebKit/537.36 (KHTML, like Gecko) Chrome/147.0.7727.137 Mobile Safari/537.36 (compatible; Googlebot/2.1; +http://www.google.com/bot.html)"
50.62.145.199 - - [13/May/2026:05:25:36 +1000] "HEAD /melbet-skachat-na-android-i-ayfon-ofitsialnoe-prilozhenie-2026/ HTTP/1.1" 200 704 "-" "WordPress/6.9.4; https://westfertilizantes.com"
57.141.14.80 - - [13/May/2026:05:25:40 +1000] "GET /products/detail/69396040 HTTP/2" 404 137739 "-" "meta-externalagent/1.1 (+https://developers.facebook.com/docs/sharing/webmasters/crawler)"
192.178.4.100 - - [13/May/2026:05:25:41 +1000] "POST /wp-admin/admin-ajax.php HTTP/1.1" 200 1277 "https://www.coridyan.com/?products/detail/53773201" "Mozilla/5.0 (Linux; Android 6.0.1; Nexus 5X Build/MMB29P) AppleWebKit/537.36 (KHTML, like Gecko) Chrome/147.0.7727.137 Mobile Safari/537.36 (compatible; Googlebot/2.1; +http://www.google.com/bot.html)"
192.178.4.100 - - [13/May/2026:05:25:52 +1000] "POST /wp-json/platformist-quadendpointer-sxadtr/v1/s6qgn HTTP/1.1" 200 1686 "https://www.coridyan.com/?products/detail/53773201" "Mozilla/5.0 (Linux; Android 6.0.1; Nexus 5X Build/MMB29P) AppleWebKit/537.36 (KHTML, like Gecko) Chrome/147.0.7727.137 Mobile Safari/537.36 (compatible; Googlebot/2.1; +http://www.google.com/bot.html)"
192.178.4.100 - - [13/May/2026:05:25:56 +1000] "GET /?products/detail/63082144 HTTP/1.1" 200 40306 "-" "Mozilla/5.0 (Linux; Android 6.0.1; Nexus 5X Build/MMB29P) AppleWebKit/537.36 (KHTML, like Gecko) Chrome/147.0.7727.137 Mobile Safari/537.36 (compatible; Googlebot/2.1; +http://www.google.com/bot.html)"
192.178.4.100 - - [13/May/2026:05:26:02 +1000] "GET /?products/detail/61640497 HTTP/1.1" 200 40484 "-" "Mozilla/5.0 (Linux; Android 6.0.1; Nexus 5X Build/MMB29P) AppleWebKit/537.36 (KHTML, like Gecko) Chrome/147.0.7727.137 Mobile Safari/537.36 (compatible; Googlebot/2.1; +http://www.google.com/bot.html)"
192.178.4.101 - - [13/May/2026:05:26:07 +1000] "POST /wp-json/platformist-quadendpointer-sxadtr/v1/s6qgn HTTP/1.1" 403 986 "https://www.coridyan.com/?products/detail/62340256" "Mozilla/5.0 (Linux; Android 6.0.1; Nexus 5X Build/MMB29P) AppleWebKit/537.36 (KHTML, like Gecko) Chrome/147.0.7727.137 Mobile Safari/537.36 (compatible; Googlebot/2.1; +http://www.google.com/bot.html)"
192.178.4.100 - - [13/May/2026:05:26:12 +1000] "GET /?products/detail/64094077 HTTP/1.1" 200 40495 "-" "Mozilla/5.0 (Linux; Android 6.0.1; Nexus 5X Build/MMB29P) AppleWebKit/537.36 (KHTML, like Gecko) Chrome/147.0.7727.137 Mobile Safari/537.36 (compatible; Googlebot/2.1; +http://www.google.com/bot.html)"
192.178.4.100 - - [13/May/2026:05:26:17 +1000] "GET /?products/detail/68633776 HTTP/1.1" 200 40496 "-" "Mozilla/5.0 (Linux; Android 6.0.1; Nexus 5X Build/MMB29P) AppleWebKit/537.36 (KHTML, like Gecko) Chrome/147.0.7727.137 Mobile Safari/537.36 (compatible; GoogleOther)"
57.141.14.103 - - [13/May/2026:05:25:56 +1000] "GET /products/detail/60703165 HTTP/2" 200 0 "-" "meta-externalagent/1.1 (+https://developers.facebook.com/docs/sharing/webmasters/crawler)"
57.141.14.71 - - [13/May/2026:05:26:06 +1000] "GET /products/detail/60729463 HTTP/2" 404 137739 "-" "meta-externalagent/1.1 (+https://developers.facebook.com/docs/sharing/webmasters/crawler)"
57.141.14.63 - - [13/May/2026:05:26:09 +1000] "GET /products/detail/63978247 HTTP/2" 404 137739 "-" "meta-externalagent/1.1 (+https://developers.facebook.com/docs/sharing/webmasters/crawler)"
57.141.14.59 - - [13/May/2026:05:26:06 +1000] "GET /products/detail/55256806 HTTP/2" 404 137739 "-" "meta-externalagent/1.1 (+https://developers.facebook.com/docs/sharing/webmasters/crawler)"
192.178.4.100 - - [13/May/2026:05:26:22 +1000] "GET /?products/detail/56202382 HTTP/1.1" 200 40496 "-" "Mozilla/5.0 (Linux; Android 6.0.1; Nexus 5X Build/MMB29P) AppleWebKit/537.36 (KHTML, like Gecko) Chrome/147.0.7727.137 Mobile Safari/537.36 (compatible; Googlebot/2.1; +http://www.google.com/bot.html)"
192.178.4.100 - - [13/May/2026:05:26:27 +1000] "GET /wp-content/themes/astra/assets/css/minified/main.min.css?ver=3.9.4 HTTP/1.1" 200 8407 "https://www.coridyan.com/?products/detail/68633776" "Mozilla/5.0 (Linux; Android 6.0.1; Nexus 5X Build/MMB29P) AppleWebKit/537.36 (KHTML, like Gecko) Chrome/147.0.7727.137 Mobile Safari/537.36 (compatible; GoogleOther)"
192.178.4.100 - - [13/May/2026:05:26:35 +1000] "POST /wp-admin/admin-ajax.php HTTP/1.1" 200 1280 "https://www.coridyan.com/?products/detail/64094077" "Mozilla/5.0 (Linux; Android 6.0.1; Nexus 5X Build/MMB29P) AppleWebKit/537.36 (KHTML, like Gecko) Chrome/147.0.7727.137 Mobile Safari/537.36 (compatible; Googlebot/2.1; +http://www.google.com/bot.html)"
192.178.4.100 - - [13/May/2026:05:26:39 +1000] "GET /?products/detail/62546824 HTTP/1.1" 200 40366 "-" "Mozilla/5.0 (Linux; Android 6.0.1; Nexus 5X Build/MMB29P) AppleWebKit/537.36 (KHTML, like Gecko) Chrome/147.0.7727.137 Mobile Safari/537.36 (compatible; Googlebot/2.1; +http://www.google.com/bot.html)"
192.178.4.100 - - [13/May/2026:05:26:43 +1000] "POST /wp-admin/admin-ajax.php HTTP/1.1" 200 1277 "https://www.coridyan.com/?products/detail/68633776" "Mozilla/5.0 (Linux; Android 6.0.1; Nexus 5X Build/MMB29P) AppleWebKit/537.36 (KHTML, like Gecko) Chrome/147.0.7727.137 Mobile Safari/537.36 (compatible; GoogleOther)"
57.141.14.110 - - [13/May/2026:05:26:46 +1000] "GET /products/detail/57642724 HTTP/2" 404 137739 "-" "meta-externalagent/1.1 (+https://developers.facebook.com/docs/sharing/webmasters/crawler)"
192.178.4.100 - - [13/May/2026:05:26:47 +1000] "GET /content.php?product/61311826 HTTP/1.1" 200 28360 "-" "Mozilla/5.0 (Linux; Android 6.0.1; Nexus 5X Build/MMB29P) AppleWebKit/537.36 (KHTML, like Gecko) Chrome/147.0.7727.137 Mobile Safari/537.36 (compatible; GoogleOther)"
192.178.4.100 - - [13/May/2026:05:26:52 +1000] "POST /wp-admin/admin-ajax.php HTTP/1.1" 200 1281 "https://www.coridyan.com/?products/detail/62546824" "Mozilla/5.0 (Linux; Android 6.0.1; Nexus 5X Build/MMB29P) AppleWebKit/537.36 (KHTML, like Gecko) Chrome/147.0.7727.137 Mobile Safari/537.36 (compatible; Googlebot/2.1; +http://www.google.com/bot.html)"
192.178.4.100 - - [13/May/2026:05:27:00 +1000] "POST /wp-json/platformist-quadendpointer-sxadtr/v1/s6qgn HTTP/1.1" 200 1685 "https://www.coridyan.com/?products/detail/62546824" "Mozilla/5.0 (Linux; Android 6.0.1; Nexus 5X Build/MMB29P) AppleWebKit/537.36 (KHTML, like Gecko) Chrome/147.0.7727.137 Mobile Safari/537.36 (compatible; Googlebot/2.1; +http://www.google.com/bot.html)"
192.178.4.100 - - [13/May/2026:05:27:05 +1000] "POST /wp-json/platformist-quadendpointer-sxadtr/v1/s6qgn HTTP/1.1" 200 1683 "https://www.coridyan.com/?products/detail/68633776" "Mozilla/5.0 (Linux; Android 6.0.1; Nexus 5X Build/MMB29P) AppleWebKit/537.36 (KHTML, like Gecko) Chrome/147.0.7727.137 Mobile Safari/537.36 (compatible; GoogleOther)"
192.178.4.100 - - [13/May/2026:05:27:09 +1000] "POST /wp-json/platformist-quadendpointer-sxadtr/v1/s6qgn HTTP/1.1" 200 2530 "https://www.coridyan.com/?products/detail/62546824" "Mozilla/5.0 (Linux; Android 6.0.1; Nexus 5X Build/MMB29P) AppleWebKit/537.36 (KHTML, like Gecko) Chrome/147.0.7727.137 Mobile Safari/537.36 (compatible; Googlebot/2.1; +http://www.google.com/bot.html)"
192.178.4.100 - - [13/May/2026:05:27:14 +1000] "GET /?products/detail/67750291 HTTP/1.1" 200 40318 "-" "Mozilla/5.0 (Linux; Android 6.0.1; Nexus 5X Build/MMB29P) AppleWebKit/537.36 (KHTML, like Gecko) Chrome/147.0.7727.137 Mobile Safari/537.36 (compatible; Googlebot/2.1; +http://www.google.com/bot.html)"
70.38.112.9 - - [13/May/2026:05:27:19 +1000] "HEAD /melbet-skachat-na-android-i-ayfon-ofitsialnoe-prilozhenie-2026/ HTTP/1.1" 200 704 "-" "WordPress/6.5.8; https://www.strata-ct.com"
192.178.4.100 - - [13/May/2026:05:27:20 +1000] "GET /comment.php?products/springer-handbook-of-enzymes-class-1-oxidoreductases-v-ec-12/9758078/ HTTP/1.1" 200 34333 "-" "Mozilla/5.0 (Linux; Android 6.0.1; Nexus 5X Build/MMB29P) AppleWebKit/537.36 (KHTML, like Gecko) Chrome/147.0.7727.137 Mobile Safari/537.36 (compatible; GoogleOther)"
70.38.112.9 - - [13/May/2026:05:27:22 +1000] "HEAD /melbet-skachat-na-android-i-ayfon-ofitsialnoe-prilozhenie-2026/ HTTP/1.1" 200 704 "-" "WordPress/6.5.8; https://www.strata-ct.com"
192.178.4.100 - - [13/May/2026:05:27:26 +1000] "POST /wp-json/platformist-quadendpointer-sxadtr/v1/s6qgn HTTP/1.1" 200 1547 "https://www.coridyan.com/?products/detail/62546824" "Mozilla/5.0 (Linux; Android 6.0.1; Nexus 5X Build/MMB29P) AppleWebKit/537.36 (KHTML, like Gecko) Chrome/147.0.7727.137 Mobile Safari/537.36 (compatible; Googlebot/2.1; +http://www.google.com/bot.html)"
3.96.172.104 - - [13/May/2026:05:27:27 +1000] "POST /xmlrpc.php HTTP/1.1" 200 682 "-" "Mozilla/5.0 (Windows NT 10.0; Win64; x64) AppleWebKit/537.36 (KHTML, like Gecko) Chrome/114.0.0.0 Safari/537.36"
192.178.4.101 - - [13/May/2026:05:27:31 +1000] "POST /wp-admin/admin-ajax.php HTTP/1.1" 200 1279 "https://www.coridyan.com/?products/detail/66439360" "Mozilla/5.0 (Linux; Android 6.0.1; Nexus 5X Build/MMB29P) AppleWebKit/537.36 (KHTML, like Gecko) Chrome/147.0.7727.137 Mobile Safari/537.36 (compatible; Googlebot/2.1; +http://www.google.com/bot.html)"
111.67.29.221 - - [13/May/2026:05:27:32 +1000] "POST /wp-cron.php?doing_wp_cron=1778614052.3534440994262695312500 HTTP/1.1" 200 445 "https://www.coridyan.com/wp-cron.php?doing_wp_cron=1778614052.3534440994262695312500" "WordPress/6.0.11; https://www.coridyan.com"
192.178.4.101 - - [13/May/2026:05:27:37 +1000] "GET /?products/detail/69399442 HTTP/1.1" 200 40485 "-" "Mozilla/5.0 (Linux; Android 6.0.1; Nexus 5X Build/MMB29P) AppleWebKit/537.36 (KHTML, like Gecko) Chrome/147.0.7727.137 Mobile Safari/537.36 (compatible; Googlebot/2.1; +http://www.google.com/bot.html)"
3.96.172.104 - - [13/May/2026:05:27:38 +1000] "POST /xmlrpc.php HTTP/1.1" 200 17888 "-" "Mozilla/5.0 (Windows NT 10.0; Win64; x64) AppleWebKit/537.36 (KHTML, like Gecko) Chrome/114.0.0.0 Safari/537.36"
192.178.4.100 - - [13/May/2026:05:27:42 +1000] "POST /wp-json/platformist-quadendpointer-sxadtr/v1/s6qgn HTTP/1.1" 403 986 "https://www.coridyan.com/?products/detail/66439360" "Mozilla/5.0 (Linux; Android 6.0.1; Nexus 5X Build/MMB29P) AppleWebKit/537.36 (KHTML, like Gecko) Chrome/147.0.7727.137 Mobile Safari/537.36 (compatible; Googlebot/2.1; +http://www.google.com/bot.html)"
3.96.172.104 - - [13/May/2026:05:27:41 +1000] "GET /besplatno-zagruzit-prilozhenie-melbet-dlya-android-mobilnaya-versiya-melbet-dlya-platformy-android/ HTTP/1.1" 200 161279 "-" "Mozilla/5.0 (Windows NT 10.0; Win64; x64) AppleWebKit/537.36 (KHTML, like Gecko) Chrome/122.0.0.0 Safari/537.36"
66.249.79.71 - - [13/May/2026:05:27:48 +1000] "GET /content.php?product/58978738 HTTP/1.1" 200 29983 "-" "Mozilla/5.0 (Linux; Android 6.0.1; Nexus 5X Build/MMB29P) AppleWebKit/537.36 (KHTML, like Gecko) Chrome/147.0.7727.137 Mobile Safari/537.36 (compatible; GoogleOther)"
192.178.4.100 - - [13/May/2026:05:27:54 +1000] "GET /?products/detail/54722044 HTTP/1.1" 200 40484 "-" "Mozilla/5.0 (Linux; Android 6.0.1; Nexus 5X Build/MMB29P) AppleWebKit/537.36 (KHTML, like Gecko) Chrome/147.0.7727.137 Mobile Safari/537.36 (compatible; Googlebot/2.1; +http://www.google.com/bot.html)"
192.178.4.100 - - [13/May/2026:05:27:59 +1000] "POST /wp-admin/admin-ajax.php HTTP/1.1" 200 1275 "https://www.coridyan.com/?products/detail/69399442" "Mozilla/5.0 (Linux; Android 6.0.1; Nexus 5X Build/MMB29P) AppleWebKit/537.36 (KHTML, like Gecko) Chrome/147.0.7727.137 Mobile Safari/537.36 (compatible; Googlebot/2.1; +http://www.google.com/bot.html)"
57.141.14.45 - - [13/May/2026:05:28:00 +1000] "GET /products/detail/56215729 HTTP/2" 404 137739 "-" "meta-externalagent/1.1 (+https://developers.facebook.com/docs/sharing/webmasters/crawler)"
111.67.29.221 - - [13/May/2026:05:28:06 +1000] "POST /wp-cron.php?doing_wp_cron=1778614086.3913691043853759765625 HTTP/1.1" 200 445 "https://www.coridyan.com/wp-cron.php?doing_wp_cron=1778614086.3913691043853759765625" "WordPress/6.0.11; https://www.coridyan.com"
