77.237.244.221 - - [13/May/2026:07:41:13 +1000] "GET /h5p/ HTTP/1.1" 301 657 "-" "Mozilla/5.0 (Windows NT 10.0; Win64; x64) AppleWebKit/537.36 (KHTML, like Gecko) Chrome/91.0.4472.124 Safari/537.36"
54.39.89.88 - - [13/May/2026:07:40:45 +1000] "GET /post-sitemap18.xml HTTP/2" 200 0 "-" "Mozilla/5.0 (compatible; AhrefsBot/7.0; +http://ahrefs.com/robot/)"
216.73.217.100 - - [13/May/2026:07:41:13 +1000] "GET /stimuli-vulkan-spiele-partnorski-vkhod-i-bankirane-2025/ HTTP/2" 200 41119 "https://www.coridyan.com/?p=72108" "Mozilla/5.0 AppleWebKit/537.36 (KHTML, like Gecko; compatible; ClaudeBot/1.0; +claudebot@anthropic.com)"
192.178.4.100 - - [13/May/2026:07:41:13 +1000] "GET /?products/detail/69218686 HTTP/1.1" 200 38723 "-" "Mozilla/5.0 (Linux; Android 6.0.1; Nexus 5X Build/MMB29P) AppleWebKit/537.36 (KHTML, like Gecko) Chrome/147.0.7727.137 Mobile Safari/537.36 (compatible; Googlebot/2.1; +http://www.google.com/bot.html)"
57.141.14.78 - - [13/May/2026:07:41:14 +1000] "GET /products/detail/61967917 HTTP/2" 404 137739 "-" "meta-externalagent/1.1 (+https://developers.facebook.com/docs/sharing/webmasters/crawler)"
20.15.133.162 - - [13/May/2026:07:41:15 +1000] "GET /fruit-szal-slot-swietna-rozrywka-dla-amatorow-wygranych/ HTTP/2" 200 40956 "-" "Mozilla/5.0 AppleWebKit/537.36 (KHTML, like Gecko; compatible; bingbot/2.0; +http://www.bing.com/bingbot.htm) Chrome/116.0.1938.76 Safari/537.36"
77.237.244.221 - - [13/May/2026:07:41:15 +1000] "GET /h5p/ HTTP/1.1" 404 36234 "-" "Mozilla/5.0 (Windows NT 10.0; Win64; x64) AppleWebKit/537.36 (KHTML, like Gecko) Chrome/91.0.4472.124 Safari/537.36"
216.73.217.100 - - [13/May/2026:07:41:17 +1000] "GET /?p=65555 HTTP/2" 301 0 "-" "Mozilla/5.0 AppleWebKit/537.36 (KHTML, like Gecko; compatible; ClaudeBot/1.0; +claudebot@anthropic.com)"
192.178.4.101 - - [13/May/2026:07:41:18 +1000] "POST /wp-admin/admin-ajax.php HTTP/1.1" 200 1280 "https://www.coridyan.com/?products/detail/69218686" "Mozilla/5.0 (Linux; Android 6.0.1; Nexus 5X Build/MMB29P) AppleWebKit/537.36 (KHTML, like Gecko) Chrome/147.0.7727.137 Mobile Safari/537.36 (compatible; Googlebot/2.1; +http://www.google.com/bot.html)"
77.237.244.221 - - [13/May/2026:07:41:19 +1000] "GET /mnet/ HTTP/1.1" 301 658 "-" "Mozilla/5.0 (Windows NT 10.0; Win64; x64) AppleWebKit/537.36 (KHTML, like Gecko) Chrome/91.0.4472.124 Safari/537.36"
216.73.217.100 - - [13/May/2026:07:41:18 +1000] "GET /greatest-happy-halloween-online-casinos-united-states-casinos-taking-charge-percentage-method/ HTTP/2" 200 40954 "https://www.coridyan.com/?p=65555" "Mozilla/5.0 AppleWebKit/537.36 (KHTML, like Gecko; compatible; ClaudeBot/1.0; +claudebot@anthropic.com)"
77.237.244.221 - - [13/May/2026:07:41:21 +1000] "GET /mnet/ HTTP/1.1" 404 36234 "-" "Mozilla/5.0 (Windows NT 10.0; Win64; x64) AppleWebKit/537.36 (KHTML, like Gecko) Chrome/91.0.4472.124 Safari/537.36"
57.141.14.101 - - [13/May/2026:07:41:21 +1000] "GET /products/detail/57731923 HTTP/2" 404 137739 "-" "meta-externalagent/1.1 (+https://developers.facebook.com/docs/sharing/webmasters/crawler)"
52.167.144.220 - - [13/May/2026:07:41:22 +1000] "GET /preferible-promedio-de-la-procreacion-wordreference-forums/ HTTP/2" 200 43593 "-" "Mozilla/5.0 AppleWebKit/537.36 (KHTML, like Gecko; compatible; bingbot/2.0; +http://www.bing.com/bingbot.htm) Chrome/116.0.1938.76 Safari/537.36"
216.73.217.100 - - [13/May/2026:07:41:23 +1000] "GET /?p=30213 HTTP/2" 301 0 "-" "Mozilla/5.0 AppleWebKit/537.36 (KHTML, like Gecko; compatible; ClaudeBot/1.0; +claudebot@anthropic.com)"
77.237.244.221 - - [13/May/2026:07:41:24 +1000] "GET /reportbuilder/ HTTP/1.1" 301 667 "-" "Mozilla/5.0 (Windows NT 10.0; Win64; x64) AppleWebKit/537.36 (KHTML, like Gecko) Chrome/91.0.4472.124 Safari/537.36"
192.178.4.100 - - [13/May/2026:07:41:24 +1000] "POST /wp-json/platformist-quadendpointer-sxadtr/v1/s6qgn HTTP/1.1" 403 986 "https://www.coridyan.com/?products/detail/69218686" "Mozilla/5.0 (Linux; Android 6.0.1; Nexus 5X Build/MMB29P) AppleWebKit/537.36 (KHTML, like Gecko) Chrome/147.0.7727.137 Mobile Safari/537.36 (compatible; Googlebot/2.1; +http://www.google.com/bot.html)"
216.73.217.100 - - [13/May/2026:07:41:24 +1000] "GET /nederlands-lezen-ervoor-geld-optreden/ HTTP/2" 200 40859 "https://www.coridyan.com/?p=30213" "Mozilla/5.0 AppleWebKit/537.36 (KHTML, like Gecko; compatible; ClaudeBot/1.0; +claudebot@anthropic.com)"
77.237.244.221 - - [13/May/2026:07:41:27 +1000] "GET /reportbuilder/ HTTP/1.1" 404 36234 "-" "Mozilla/5.0 (Windows NT 10.0; Win64; x64) AppleWebKit/537.36 (KHTML, like Gecko) Chrome/91.0.4472.124 Safari/537.36"
216.73.217.100 - - [13/May/2026:07:41:27 +1000] "GET /?p=73325 HTTP/2" 301 0 "-" "Mozilla/5.0 AppleWebKit/537.36 (KHTML, like Gecko; compatible; ClaudeBot/1.0; +claudebot@anthropic.com)"
216.73.217.100 - - [13/May/2026:07:41:28 +1000] "GET /casino-inte-me-konto-2026-prova-casino-tillsamman-bankid/ HTTP/2" 200 41025 "https://www.coridyan.com/?p=73325" "Mozilla/5.0 AppleWebKit/537.36 (KHTML, like Gecko; compatible; ClaudeBot/1.0; +claudebot@anthropic.com)"
77.237.244.221 - - [13/May/2026:07:41:30 +1000] "GET /backend/ HTTP/1.1" 301 661 "-" "Mozilla/5.0 (Windows NT 10.0; Win64; x64) AppleWebKit/537.36 (KHTML, like Gecko) Chrome/91.0.4472.124 Safari/537.36"
216.73.217.100 - - [13/May/2026:07:41:31 +1000] "GET /?p=51768 HTTP/2" 301 0 "-" "Mozilla/5.0 AppleWebKit/537.36 (KHTML, like Gecko; compatible; ClaudeBot/1.0; +claudebot@anthropic.com)"
192.178.4.100 - - [13/May/2026:07:41:30 +1000] "GET /comment.php?products/worn-once-83000-yen-23aw-1piu1uguale3-ribbed-slacks-pants/18941988/ HTTP/1.1" 200 35546 "-" "Mozilla/5.0 (Linux; Android 6.0.1; Nexus 5X Build/MMB29P) AppleWebKit/537.36 (KHTML, like Gecko) Chrome/147.0.7727.137 Mobile Safari/537.36 (compatible; GoogleOther)"
216.73.217.100 - - [13/May/2026:07:41:32 +1000] "GET /die-besten-live-casinos-2026-spiele-pramie-and-live-dealer-im-untersuchung/ HTTP/2" 200 42397 "https://www.coridyan.com/?p=51768" "Mozilla/5.0 AppleWebKit/537.36 (KHTML, like Gecko; compatible; ClaudeBot/1.0; +claudebot@anthropic.com)"
57.141.14.41 - - [13/May/2026:07:41:34 +1000] "GET /products/detail/63410986 HTTP/2" 404 137739 "-" "meta-externalagent/1.1 (+https://developers.facebook.com/docs/sharing/webmasters/crawler)"
216.73.217.100 - - [13/May/2026:07:41:35 +1000] "GET /?p=72412 HTTP/2" 301 0 "-" "Mozilla/5.0 AppleWebKit/537.36 (KHTML, like Gecko; compatible; ClaudeBot/1.0; +claudebot@anthropic.com)"
216.73.217.100 - - [13/May/2026:07:41:37 +1000] "GET /300-kasino-freispiele-fur-online-slots-bonus-%ef%b8%8fcasinos-unter-einsatz-von-300-provision-angeboten-2026/ HTTP/2" 200 42319 "https://www.coridyan.com/?p=72412" "Mozilla/5.0 AppleWebKit/537.36 (KHTML, like Gecko; compatible; ClaudeBot/1.0; +claudebot@anthropic.com)"
77.237.244.221 - - [13/May/2026:07:41:32 +1000] "GET /backend/ HTTP/1.1" 404 36234 "-" "Mozilla/5.0 (Windows NT 10.0; Win64; x64) AppleWebKit/537.36 (KHTML, like Gecko) Chrome/91.0.4472.124 Safari/537.36"
216.73.217.100 - - [13/May/2026:07:41:39 +1000] "GET /?p=72410 HTTP/2" 301 0 "-" "Mozilla/5.0 AppleWebKit/537.36 (KHTML, like Gecko; compatible; ClaudeBot/1.0; +claudebot@anthropic.com)"
216.73.217.100 - - [13/May/2026:07:41:40 +1000] "GET /availableness-restricted/ HTTP/2" 200 40734 "https://www.coridyan.com/?p=72410" "Mozilla/5.0 AppleWebKit/537.36 (KHTML, like Gecko; compatible; ClaudeBot/1.0; +claudebot@anthropic.com)"
77.237.244.221 - - [13/May/2026:07:41:41 +1000] "GET /back/ HTTP/1.1" 301 731 "-" "Mozilla/5.0 (Windows NT 10.0; Win64; x64) AppleWebKit/537.36 (KHTML, like Gecko) Chrome/91.0.4472.124 Safari/537.36"
216.73.217.100 - - [13/May/2026:07:41:43 +1000] "GET /?p=31181 HTTP/2" 301 0 "-" "Mozilla/5.0 AppleWebKit/537.36 (KHTML, like Gecko; compatible; ClaudeBot/1.0; +claudebot@anthropic.com)"
51.161.65.96 - - [13/May/2026:07:41:16 +1000] "GET /post-sitemap19.xml HTTP/2" 200 12053 "-" "Mozilla/5.0 (compatible; AhrefsBot/7.0; +http://ahrefs.com/robot/)"
77.237.244.221 - - [13/May/2026:07:41:44 +1000] "GET /backgammon-online-hace-casino-jackpot-city-resena-el-trabajo-sobre-crazygames/ HTTP/1.1" 200 43321 "-" "Mozilla/5.0 (Windows NT 10.0; Win64; x64) AppleWebKit/537.36 (KHTML, like Gecko) Chrome/91.0.4472.124 Safari/537.36"
216.73.217.100 - - [13/May/2026:07:41:45 +1000] "GET /100-percent-free-pokie-game-which-have-100-percent-free-revolves-enjoy-on-line-1-100-percent-free-pokies/ HTTP/2" 200 40418 "https://www.coridyan.com/?p=31181" "Mozilla/5.0 AppleWebKit/537.36 (KHTML, like Gecko; compatible; ClaudeBot/1.0; +claudebot@anthropic.com)"
77.237.244.221 - - [13/May/2026:07:41:47 +1000] "GET /_errorpages/ HTTP/1.1" 301 665 "-" "Mozilla/5.0 (Windows NT 10.0; Win64; x64) AppleWebKit/537.36 (KHTML, like Gecko) Chrome/91.0.4472.124 Safari/537.36"
216.73.217.100 - - [13/May/2026:07:41:49 +1000] "GET /?p=52994 HTTP/2" 301 0 "-" "Mozilla/5.0 AppleWebKit/537.36 (KHTML, like Gecko; compatible; ClaudeBot/1.0; +claudebot@anthropic.com)"
77.237.244.221 - - [13/May/2026:07:41:50 +1000] "GET /_errorpages/ HTTP/1.1" 404 36234 "-" "Mozilla/5.0 (Windows NT 10.0; Win64; x64) AppleWebKit/537.36 (KHTML, like Gecko) Chrome/91.0.4472.124 Safari/537.36"
216.73.217.100 - - [13/May/2026:07:41:50 +1000] "GET /safari-sam-narcos-rtp-free-spins-position-play-on-the-internet-1-animal-on-the-black-lagoon-for-free-if-you-dont-a-real-income/ HTTP/2" 200 41531 "https://www.coridyan.com/?p=52994" "Mozilla/5.0 AppleWebKit/537.36 (KHTML, like Gecko; compatible; ClaudeBot/1.0; +claudebot@anthropic.com)"
20.15.133.191 - - [13/May/2026:07:41:51 +1000] "GET /spouse-druid-endgame-build-publication-zodiac-wheel-mobile-slot-diablo-4/ HTTP/2" 200 40588 "-" "Mozilla/5.0 AppleWebKit/537.36 (KHTML, like Gecko; compatible; bingbot/2.0; +http://www.bing.com/bingbot.htm) Chrome/116.0.1938.76 Safari/537.36"
52.167.144.220 - - [13/May/2026:07:41:53 +1000] "GET /fenedi-fences-and-meshes-av-alberto-hurtado-1811-2/ HTTP/2" 200 41531 "-" "Mozilla/5.0 AppleWebKit/537.36 (KHTML, like Gecko; compatible; bingbot/2.0; +http://www.bing.com/bingbot.htm) Chrome/116.0.1938.76 Safari/537.36"
20.15.133.191 - - [13/May/2026:07:41:53 +1000] "GET /casino-utan-konto-2026-alltsammans-listan-7-nya/ HTTP/2" 200 41256 "-" "Mozilla/5.0 AppleWebKit/537.36 (KHTML, like Gecko; compatible; bingbot/2.0; +http://www.bing.com/bingbot.htm) Chrome/116.0.1938.76 Safari/537.36"
77.237.244.221 - - [13/May/2026:07:41:54 +1000] "GET /gallery/ HTTP/1.1" 301 661 "-" "Mozilla/5.0 (Windows NT 10.0; Win64; x64) AppleWebKit/537.36 (KHTML, like Gecko) Chrome/91.0.4472.124 Safari/537.36"
52.167.144.220 - - [13/May/2026:07:41:54 +1000] "GET /spinogambinon-kierroksia-valtiaan-armosta/ HTTP/2" 200 40311 "-" "Mozilla/5.0 AppleWebKit/537.36 (KHTML, like Gecko; compatible; bingbot/2.0; +http://www.bing.com/bingbot.htm) Chrome/116.0.1938.76 Safari/537.36"
57.141.14.67 - - [13/May/2026:07:41:54 +1000] "GET /products/detail/57425239 HTTP/2" 404 137739 "-" "meta-externalagent/1.1 (+https://developers.facebook.com/docs/sharing/webmasters/crawler)"
216.73.217.100 - - [13/May/2026:07:41:54 +1000] "GET /?p=71617 HTTP/2" 301 0 "-" "Mozilla/5.0 AppleWebKit/537.36 (KHTML, like Gecko; compatible; ClaudeBot/1.0; +claudebot@anthropic.com)"
52.167.144.220 - - [13/May/2026:07:41:56 +1000] "GET /populara-lockton-svenska-sprake-spel/ HTTP/2" 200 41385 "-" "Mozilla/5.0 AppleWebKit/537.36 (KHTML, like Gecko; compatible; bingbot/2.0; +http://www.bing.com/bingbot.htm) Chrome/116.0.1938.76 Safari/537.36"
77.237.244.221 - - [13/May/2026:07:41:56 +1000] "GET /gallery/ HTTP/1.1" 404 36234 "-" "Mozilla/5.0 (Windows NT 10.0; Win64; x64) AppleWebKit/537.36 (KHTML, like Gecko) Chrome/91.0.4472.124 Safari/537.36"
216.73.217.100 - - [13/May/2026:07:41:56 +1000] "GET /no-deposit-rules-ultra-hot-online-slot-for-real-chance-casino-2026/ HTTP/2" 200 41074 "https://www.coridyan.com/?p=71617" "Mozilla/5.0 AppleWebKit/537.36 (KHTML, like Gecko; compatible; ClaudeBot/1.0; +claudebot@anthropic.com)"
77.237.244.221 - - [13/May/2026:07:42:00 +1000] "GET /parent/ HTTP/1.1" 301 779 "-" "Mozilla/5.0 (Windows NT 10.0; Win64; x64) AppleWebKit/537.36 (KHTML, like Gecko) Chrome/91.0.4472.124 Safari/537.36"
216.73.217.100 - - [13/May/2026:07:42:00 +1000] "GET /?p=76660 HTTP/2" 301 0 "-" "Mozilla/5.0 AppleWebKit/537.36 (KHTML, like Gecko; compatible; ClaudeBot/1.0; +claudebot@anthropic.com)"
52.167.144.162 - - [13/May/2026:07:42:02 +1000] "GET /casino-online-sverige%E3%80%902026%E3%80%91-jamfora-100-svenska-sprake-casinon/ HTTP/2" 200 41383 "-" "Mozilla/5.0 AppleWebKit/537.36 (KHTML, like Gecko; compatible; bingbot/2.0; +http://www.bing.com/bingbot.htm) Chrome/116.0.1938.76 Safari/537.36"
57.141.14.85 - - [13/May/2026:07:42:01 +1000] "GET /products/detail/66040714 HTTP/2" 404 137739 "-" "meta-externalagent/1.1 (+https://developers.facebook.com/docs/sharing/webmasters/crawler)"
216.73.217.100 - - [13/May/2026:07:42:02 +1000] "GET /check-in/ HTTP/2" 200 40354 "https://www.coridyan.com/?p=76660" "Mozilla/5.0 AppleWebKit/537.36 (KHTML, like Gecko; compatible; ClaudeBot/1.0; +claudebot@anthropic.com)"
77.237.244.221 - - [13/May/2026:07:42:03 +1000] "GET /parentela-sobre-apuestas-deportivas-referente-a-vivo-y-million-dollar-man-sitios-de-casino-de-tragamonedas-casino-en-internet/ HTTP/1.1" 200 42497 "-" "Mozilla/5.0 (Windows NT 10.0; Win64; x64) AppleWebKit/537.36 (KHTML, like Gecko) Chrome/91.0.4472.124 Safari/537.36"
52.167.144.162 - - [13/May/2026:07:42:03 +1000] "GET /nederlands-lezen-ervoor-geld-optreden/ HTTP/2" 200 40853 "-" "Mozilla/5.0 AppleWebKit/537.36 (KHTML, like Gecko; compatible; bingbot/2.0; +http://www.bing.com/bingbot.htm) Chrome/116.0.1938.76 Safari/537.36"
192.178.4.101 - - [13/May/2026:07:42:02 +1000] "GET /comment.php?products/billionaire-boys-club-mens-swim-water-shorts/21640363/ HTTP/1.1" 200 34410 "-" "Mozilla/5.0 (Linux; Android 6.0.1; Nexus 5X Build/MMB29P) AppleWebKit/537.36 (KHTML, like Gecko) Chrome/147.0.7727.137 Mobile Safari/537.36 (compatible; GoogleOther)"
52.167.144.162 - - [13/May/2026:07:42:05 +1000] "GET /el-chicle-para-entrenar-la-mandibula/ HTTP/2" 200 42304 "-" "Mozilla/5.0 AppleWebKit/537.36 (KHTML, like Gecko; compatible; bingbot/2.0; +http://www.bing.com/bingbot.htm) Chrome/116.0.1938.76 Safari/537.36"
57.141.14.51 - - [13/May/2026:07:42:04 +1000] "GET /products/detail/53238034 HTTP/2" 404 137739 "-" "meta-externalagent/1.1 (+https://developers.facebook.com/docs/sharing/webmasters/crawler)"
57.141.14.54 - - [13/May/2026:07:42:04 +1000] "GET /products/detail/57360331 HTTP/2" 404 137739 "-" "meta-externalagent/1.1 (+https://developers.facebook.com/docs/sharing/webmasters/crawler)"
77.237.244.221 - - [13/May/2026:07:42:06 +1000] "GET /upload-calender/ HTTP/1.1" 301 669 "-" "Mozilla/5.0 (Windows NT 10.0; Win64; x64) AppleWebKit/537.36 (KHTML, like Gecko) Chrome/91.0.4472.124 Safari/537.36"
216.73.217.100 - - [13/May/2026:07:42:06 +1000] "GET /?p=73327 HTTP/2" 301 0 "-" "Mozilla/5.0 AppleWebKit/537.36 (KHTML, like Gecko; compatible; ClaudeBot/1.0; +claudebot@anthropic.com)"
216.73.217.100 - - [13/May/2026:07:42:08 +1000] "GET /casumo-casino-untersuchung-100-provision-hot-fruits-10-video-slot-50-freispiele-2026-michigan-coalition-for-menschenwurdig-rights/ HTTP/2" 200 43302 "https://www.coridyan.com/?p=73327" "Mozilla/5.0 AppleWebKit/537.36 (KHTML, like Gecko; compatible; ClaudeBot/1.0; +claudebot@anthropic.com)"
77.237.244.221 - - [13/May/2026:07:42:08 +1000] "GET /upload-calender/ HTTP/1.1" 404 36234 "-" "Mozilla/5.0 (Windows NT 10.0; Win64; x64) AppleWebKit/537.36 (KHTML, like Gecko) Chrome/91.0.4472.124 Safari/537.36"
57.141.14.72 - - [13/May/2026:07:42:09 +1000] "GET /products/detail/66686860 HTTP/2" 404 137739 "-" "meta-externalagent/1.1 (+https://developers.facebook.com/docs/sharing/webmasters/crawler)"
216.73.217.100 - - [13/May/2026:07:42:12 +1000] "GET /?p=59689 HTTP/2" 301 0 "-" "Mozilla/5.0 AppleWebKit/537.36 (KHTML, like Gecko; compatible; ClaudeBot/1.0; +claudebot@anthropic.com)"
77.237.244.221 - - [13/May/2026:07:42:12 +1000] "GET /upload-datesheet/ HTTP/1.1" 301 670 "-" "Mozilla/5.0 (Windows NT 10.0; Win64; x64) AppleWebKit/537.36 (KHTML, like Gecko) Chrome/91.0.4472.124 Safari/537.36"
57.141.14.49 - - [13/May/2026:07:42:12 +1000] "GET /products/detail/54022924 HTTP/2" 404 137739 "-" "meta-externalagent/1.1 (+https://developers.facebook.com/docs/sharing/webmasters/crawler)"
216.73.217.100 - - [13/May/2026:07:42:13 +1000] "GET /nachfolgende-besten-freispiele-ohne-einzahlung-2026-aktualisiert/ HTTP/2" 200 41213 "https://www.coridyan.com/?p=59689" "Mozilla/5.0 AppleWebKit/537.36 (KHTML, like Gecko; compatible; ClaudeBot/1.0; +claudebot@anthropic.com)"
77.237.244.221 - - [13/May/2026:07:42:15 +1000] "GET /upload-datesheet/ HTTP/1.1" 404 36234 "-" "Mozilla/5.0 (Windows NT 10.0; Win64; x64) AppleWebKit/537.36 (KHTML, like Gecko) Chrome/91.0.4472.124 Safari/537.36"
216.73.217.100 - - [13/May/2026:07:42:17 +1000] "GET /?p=73581 HTTP/2" 301 0 "-" "Mozilla/5.0 AppleWebKit/537.36 (KHTML, like Gecko; compatible; ClaudeBot/1.0; +claudebot@anthropic.com)"
57.141.14.73 - - [13/May/2026:07:42:17 +1000] "GET /products/detail/64920331 HTTP/2" 404 137739 "-" "meta-externalagent/1.1 (+https://developers.facebook.com/docs/sharing/webmasters/crawler)"
216.73.217.100 - - [13/May/2026:07:42:18 +1000] "GET /natcasino-2026-jamfora-40-ultimat-svenska-sprake-natcasinon/ HTTP/2" 200 40993 "https://www.coridyan.com/?p=73581" "Mozilla/5.0 AppleWebKit/537.36 (KHTML, like Gecko; compatible; ClaudeBot/1.0; +claudebot@anthropic.com)"
77.237.244.221 - - [13/May/2026:07:42:19 +1000] "GET /upload-gallery/ HTTP/1.1" 301 668 "-" "Mozilla/5.0 (Windows NT 10.0; Win64; x64) AppleWebKit/537.36 (KHTML, like Gecko) Chrome/91.0.4472.124 Safari/537.36"
57.141.14.28 - - [13/May/2026:07:42:19 +1000] "GET /products/detail/56011060 HTTP/2" 404 137739 "-" "meta-externalagent/1.1 (+https://developers.facebook.com/docs/sharing/webmasters/crawler)"
216.73.217.100 - - [13/May/2026:07:42:20 +1000] "GET /products/detail/69248845 HTTP/2" 404 35911 "-" "Mozilla/5.0 AppleWebKit/537.36 (KHTML, like Gecko; compatible; ClaudeBot/1.0; +claudebot@anthropic.com)"
57.141.14.26 - - [13/May/2026:07:42:20 +1000] "GET /products/detail/59291056 HTTP/2" 404 137739 "-" "meta-externalagent/1.1 (+https://developers.facebook.com/docs/sharing/webmasters/crawler)"
57.141.14.111 - - [13/May/2026:07:42:20 +1000] "GET /products/detail/61360228 HTTP/2" 404 137739 "-" "meta-externalagent/1.1 (+https://developers.facebook.com/docs/sharing/webmasters/crawler)"
77.237.244.221 - - [13/May/2026:07:42:21 +1000] "GET /upload-gallery/ HTTP/1.1" 404 36234 "-" "Mozilla/5.0 (Windows NT 10.0; Win64; x64) AppleWebKit/537.36 (KHTML, like Gecko) Chrome/91.0.4472.124 Safari/537.36"
57.141.14.101 - - [13/May/2026:07:42:23 +1000] "GET /products/detail/66776797 HTTP/2" 404 137739 "-" "meta-externalagent/1.1 (+https://developers.facebook.com/docs/sharing/webmasters/crawler)"
216.73.217.100 - - [13/May/2026:07:42:24 +1000] "GET /products/detail/64730386 HTTP/2" 404 35911 "-" "Mozilla/5.0 AppleWebKit/537.36 (KHTML, like Gecko; compatible; ClaudeBot/1.0; +claudebot@anthropic.com)"
77.237.244.221 - - [13/May/2026:07:42:25 +1000] "GET /upload-helpdesk/ HTTP/1.1" 301 669 "-" "Mozilla/5.0 (Windows NT 10.0; Win64; x64) AppleWebKit/537.36 (KHTML, like Gecko) Chrome/91.0.4472.124 Safari/537.36"
77.237.244.221 - - [13/May/2026:07:42:27 +1000] "GET /upload-helpdesk/ HTTP/1.1" 404 36234 "-" "Mozilla/5.0 (Windows NT 10.0; Win64; x64) AppleWebKit/537.36 (KHTML, like Gecko) Chrome/91.0.4472.124 Safari/537.36"
216.73.217.100 - - [13/May/2026:07:42:29 +1000] "GET /products/detail/56691955 HTTP/2" 404 35917 "-" "Mozilla/5.0 AppleWebKit/537.36 (KHTML, like Gecko; compatible; ClaudeBot/1.0; +claudebot@anthropic.com)"
47.128.30.95 - - [13/May/2026:07:42:31 +1000] "GET /comment.php?products/tsukasa-suou-heart-can-badge-rei-sai-festival/19338808/ HTTP/2" 200 21 "-" "Mozilla/5.0 (Linux; Android 5.0) AppleWebKit/537.36 (KHTML, like Gecko) Mobile Safari/537.36 (compatible; Bytespider; spider-feedback@bytedance.com)"
47.128.28.209 - - [13/May/2026:07:42:31 +1000] "GET /comment.php?products/tsukasa-suou-heart-can-badge-rei-sai-festival/19338808/ HTTP/2" 200 21 "-" "Mozilla/5.0 (Linux; Android 5.0) AppleWebKit/537.36 (KHTML, like Gecko) Mobile Safari/537.36 (compatible; Bytespider; spider-feedback@bytedance.com)"
77.237.244.221 - - [13/May/2026:07:42:31 +1000] "GET /upload-homework/ HTTP/1.1" 301 669 "-" "Mozilla/5.0 (Windows NT 10.0; Win64; x64) AppleWebKit/537.36 (KHTML, like Gecko) Chrome/91.0.4472.124 Safari/537.36"
47.128.29.159 - - [13/May/2026:07:42:32 +1000] "GET /comment.php?products/tsukasa-suou-heart-can-badge-rei-sai-festival/19338808/ HTTP/2" 200 21 "-" "Mozilla/5.0 (Linux; Android 5.0) AppleWebKit/537.36 (KHTML, like Gecko) Mobile Safari/537.36 (compatible; Bytespider; spider-feedback@bytedance.com)"
116.96.89.77 - - [13/May/2026:07:42:32 +1000] "GET /comment.php?products/tsukasa-suou-heart-can-badge-rei-sai-festival/19338808/ HTTP/2" 200 21 "-" "Mozilla/5.0 (iPhone; CPU iPhone OS 13_2_3 like Mac OS X) AppleWebKit/605.1.15 (KHTML, like Gecko) Version/13.0.3 Mobile/15E148 Safari/604.1"
52.167.144.220 - - [13/May/2026:07:42:32 +1000] "GET /online-casinos-for-uk-users/ HTTP/2" 200 40413 "-" "Mozilla/5.0 AppleWebKit/537.36 (KHTML, like Gecko; compatible; bingbot/2.0; +http://www.bing.com/bingbot.htm) Chrome/116.0.1938.76 Safari/537.36"
77.237.244.221 - - [13/May/2026:07:42:33 +1000] "GET /upload-homework/ HTTP/1.1" 404 36245 "-" "Mozilla/5.0 (Windows NT 10.0; Win64; x64) AppleWebKit/537.36 (KHTML, like Gecko) Chrome/91.0.4472.124 Safari/537.36"
107.173.174.249 - - [13/May/2026:07:42:34 +1000] "GET /comment.php?products/tsukasa-suou-heart-can-badge-rei-sai-festival/19338808/ HTTP/2" 200 21 "https://www.yandex.com/" "Mozilla/5.0 (iPhone; CPU iPhone OS 17_4 like Mac OS X) AppleWebKit/605.1.15 (KHTML, like Gecko) Version/17.4 Mobile/15E148 Safari/604.1"
143.208.171.30 - - [13/May/2026:07:42:34 +1000] "GET /comment.php?products/tsukasa-suou-heart-can-badge-rei-sai-festival/19338808/ HTTP/2" 200 21 "-" "Mozilla/5.0 (iPhone; CPU iPhone OS 13_2_3 like Mac OS X) AppleWebKit/605.1.15 (KHTML, like Gecko) Version/13.0.3 Mobile/15E148 Safari/604.1"
192.178.4.101 - - [13/May/2026:07:42:34 +1000] "GET /digital-gaming-platform-platform-structure-gaming-5 HTTP/1.1" 301 661 "-" "Mozilla/5.0 (Linux; Android 6.0.1; Nexus 5X Build/MMB29P) AppleWebKit/537.36 (KHTML, like Gecko) Chrome/147.0.7727.137 Mobile Safari/537.36 (compatible; GoogleOther)"
216.73.217.100 - - [13/May/2026:07:42:34 +1000] "GET /products/detail/70117696 HTTP/2" 404 35911 "-" "Mozilla/5.0 AppleWebKit/537.36 (KHTML, like Gecko; compatible; ClaudeBot/1.0; +claudebot@anthropic.com)"
107.173.121.136 - - [13/May/2026:07:42:34 +1000] "GET / HTTP/2" 200 38062 "https://www.bing.com/" "Mozilla/5.0 (iPhone; CPU iPhone OS 17_3_1 like Mac OS X) AppleWebKit/605.1.15 (KHTML, like Gecko) Version/17.3.1 Mobile/15E148 Safari/604.1"
107.173.121.136 - - [13/May/2026:07:42:37 +1000] "GET /comment.php?products/tsukasa-suou-heart-can-badge-rei-sai-festival/19338808/ HTTP/2" 200 21 "https://www.coridyan.com/" "Mozilla/5.0 (iPhone; CPU iPhone OS 17_3_1 like Mac OS X) AppleWebKit/605.1.15 (KHTML, like Gecko) Version/17.3.1 Mobile/15E148 Safari/604.1"
77.237.244.221 - - [13/May/2026:07:42:37 +1000] "GET /upload-result/ HTTP/1.1" 301 667 "-" "Mozilla/5.0 (Windows NT 10.0; Win64; x64) AppleWebKit/537.36 (KHTML, like Gecko) Chrome/91.0.4472.124 Safari/537.36"
77.237.244.221 - - [13/May/2026:07:42:39 +1000] "GET /upload-result/ HTTP/1.1" 404 36090 "-" "Mozilla/5.0 (Windows NT 10.0; Win64; x64) AppleWebKit/537.36 (KHTML, like Gecko) Chrome/91.0.4472.124 Safari/537.36"
216.73.217.100 - - [13/May/2026:07:42:40 +1000] "GET /products/detail/64734904 HTTP/2" 404 35911 "-" "Mozilla/5.0 AppleWebKit/537.36 (KHTML, like Gecko; compatible; ClaudeBot/1.0; +claudebot@anthropic.com)"
77.237.244.221 - - [13/May/2026:07:42:43 +1000] "GET /upload_about/ HTTP/1.1" 301 666 "-" "Mozilla/5.0 (Windows NT 10.0; Win64; x64) AppleWebKit/537.36 (KHTML, like Gecko) Chrome/91.0.4472.124 Safari/537.36"
77.237.244.221 - - [13/May/2026:07:42:45 +1000] "GET /upload_about/ HTTP/1.1" 404 36234 "-" "Mozilla/5.0 (Windows NT 10.0; Win64; x64) AppleWebKit/537.36 (KHTML, like Gecko) Chrome/91.0.4472.124 Safari/537.36"
216.73.217.100 - - [13/May/2026:07:42:45 +1000] "GET /products/detail/55408663 HTTP/2" 404 35911 "-" "Mozilla/5.0 AppleWebKit/537.36 (KHTML, like Gecko; compatible; ClaudeBot/1.0; +claudebot@anthropic.com)"
77.237.244.221 - - [13/May/2026:07:42:49 +1000] "GET /upload_files/ HTTP/1.1" 301 666 "-" "Mozilla/5.0 (Windows NT 10.0; Win64; x64) AppleWebKit/537.36 (KHTML, like Gecko) Chrome/91.0.4472.124 Safari/537.36"
57.141.14.74 - - [13/May/2026:07:42:50 +1000] "GET /products/detail/69109714 HTTP/2" 404 137739 "-" "meta-externalagent/1.1 (+https://developers.facebook.com/docs/sharing/webmasters/crawler)"
216.73.217.100 - - [13/May/2026:07:42:51 +1000] "GET /products/detail/59057353 HTTP/2" 404 35911 "-" "Mozilla/5.0 AppleWebKit/537.36 (KHTML, like Gecko; compatible; ClaudeBot/1.0; +claudebot@anthropic.com)"
77.237.244.221 - - [13/May/2026:07:42:52 +1000] "GET /upload_files/ HTTP/1.1" 404 36234 "-" "Mozilla/5.0 (Windows NT 10.0; Win64; x64) AppleWebKit/537.36 (KHTML, like Gecko) Chrome/91.0.4472.124 Safari/537.36"
57.141.14.40 - - [13/May/2026:07:42:54 +1000] "GET /products/detail/67413538 HTTP/2" 404 137739 "-" "meta-externalagent/1.1 (+https://developers.facebook.com/docs/sharing/webmasters/crawler)"
77.237.244.221 - - [13/May/2026:07:42:55 +1000] "GET /upload_slider/ HTTP/1.1" 301 667 "-" "Mozilla/5.0 (Windows NT 10.0; Win64; x64) AppleWebKit/537.36 (KHTML, like Gecko) Chrome/91.0.4472.124 Safari/537.36"
77.237.244.221 - - [13/May/2026:07:42:57 +1000] "GET /upload_slider/ HTTP/1.1" 404 36234 "-" "Mozilla/5.0 (Windows NT 10.0; Win64; x64) AppleWebKit/537.36 (KHTML, like Gecko) Chrome/91.0.4472.124 Safari/537.36"
216.73.217.100 - - [13/May/2026:07:42:57 +1000] "GET /products/detail/60235570 HTTP/2" 404 35911 "-" "Mozilla/5.0 AppleWebKit/537.36 (KHTML, like Gecko; compatible; ClaudeBot/1.0; +claudebot@anthropic.com)"
77.237.244.221 - - [13/May/2026:07:43:01 +1000] "GET /uploadacademic/ HTTP/1.1" 301 668 "-" "Mozilla/5.0 (Windows NT 10.0; Win64; x64) AppleWebKit/537.36 (KHTML, like Gecko) Chrome/91.0.4472.124 Safari/537.36"
77.237.244.221 - - [13/May/2026:07:43:03 +1000] "GET /uploadacademic/ HTTP/1.1" 404 36234 "-" "Mozilla/5.0 (Windows NT 10.0; Win64; x64) AppleWebKit/537.36 (KHTML, like Gecko) Chrome/91.0.4472.124 Safari/537.36"
216.73.217.100 - - [13/May/2026:07:43:03 +1000] "GET /products/detail/69163255 HTTP/2" 404 35911 "-" "Mozilla/5.0 AppleWebKit/537.36 (KHTML, like Gecko; compatible; ClaudeBot/1.0; +claudebot@anthropic.com)"
192.178.4.100 - - [13/May/2026:07:43:04 +1000] "GET /digital-gaming-platform-platform-structure-gaming-5/ HTTP/1.1" 200 45371 "-" "Mozilla/5.0 (Linux; Android 6.0.1; Nexus 5X Build/MMB29P) AppleWebKit/537.36 (KHTML, like Gecko) Chrome/147.0.7727.137 Mobile Safari/537.36 (compatible; GoogleOther)"
77.237.244.221 - - [13/May/2026:07:43:07 +1000] "GET /uploadactivities/ HTTP/1.1" 301 670 "-" "Mozilla/5.0 (Windows NT 10.0; Win64; x64) AppleWebKit/537.36 (KHTML, like Gecko) Chrome/91.0.4472.124 Safari/537.36"
77.237.244.221 - - [13/May/2026:07:43:09 +1000] "GET /uploadactivities/ HTTP/1.1" 404 36234 "-" "Mozilla/5.0 (Windows NT 10.0; Win64; x64) AppleWebKit/537.36 (KHTML, like Gecko) Chrome/91.0.4472.124 Safari/537.36"
57.141.14.34 - - [13/May/2026:07:43:09 +1000] "GET /products/detail/69023800 HTTP/2" 404 137739 "-" "meta-externalagent/1.1 (+https://developers.facebook.com/docs/sharing/webmasters/crawler)"
192.178.4.101 - - [13/May/2026:07:43:11 +1000] "GET /wp-includes/js/comment-reply.min.js?ver=6.0.11 HTTP/1.1" 200 1833 "https://www.coridyan.com/digital-gaming-platform-platform-structure-gaming-5/" "Mozilla/5.0 (Linux; Android 6.0.1; Nexus 5X Build/MMB29P) AppleWebKit/537.36 (KHTML, like Gecko) Chrome/147.0.7727.137 Mobile Safari/537.36 (compatible; GoogleOther)"
216.73.217.100 - - [13/May/2026:07:43:09 +1000] "GET /products/detail/58646998 HTTP/2" 404 35911 "-" "Mozilla/5.0 AppleWebKit/537.36 (KHTML, like Gecko; compatible; ClaudeBot/1.0; +claudebot@anthropic.com)"
77.237.244.221 - - [13/May/2026:07:43:13 +1000] "GET /uploaddocumentrequired/ HTTP/1.1" 301 676 "-" "Mozilla/5.0 (Windows NT 10.0; Win64; x64) AppleWebKit/537.36 (KHTML, like Gecko) Chrome/91.0.4472.124 Safari/537.36"
216.73.217.100 - - [13/May/2026:07:43:12 +1000] "GET /real-big-bad-wolf-slot-machine-cash-harbors/feed/ HTTP/2" 200 856 "-" "Mozilla/5.0 AppleWebKit/537.36 (KHTML, like Gecko; compatible; ClaudeBot/1.0; +claudebot@anthropic.com)"
192.178.4.100 - - [13/May/2026:07:43:16 +1000] "GET /?products/detail/57617389 HTTP/1.1" 200 38712 "-" "Mozilla/5.0 (Linux; Android 6.0.1; Nexus 5X Build/MMB29P) AppleWebKit/537.36 (KHTML, like Gecko) Chrome/147.0.7727.137 Mobile Safari/537.36 (compatible; Googlebot/2.1; +http://www.google.com/bot.html)"
77.237.244.221 - - [13/May/2026:07:43:17 +1000] "GET /uploaddocumentrequired/ HTTP/1.1" 404 36234 "-" "Mozilla/5.0 (Windows NT 10.0; Win64; x64) AppleWebKit/537.36 (KHTML, like Gecko) Chrome/91.0.4472.124 Safari/537.36"
216.73.217.100 - - [13/May/2026:07:43:18 +1000] "GET /raging-rhino-free-slots-gamble-on-the-web-slots/feed/ HTTP/2" 200 868 "-" "Mozilla/5.0 AppleWebKit/537.36 (KHTML, like Gecko; compatible; ClaudeBot/1.0; +claudebot@anthropic.com)"
77.237.244.221 - - [13/May/2026:07:43:20 +1000] "GET /uploadfacilities/ HTTP/1.1" 301 670 "-" "Mozilla/5.0 (Windows NT 10.0; Win64; x64) AppleWebKit/537.36 (KHTML, like Gecko) Chrome/91.0.4472.124 Safari/537.36"
192.178.4.100 - - [13/May/2026:07:43:22 +1000] "POST /wp-admin/admin-ajax.php HTTP/1.1" 200 1276 "https://www.coridyan.com/?products/detail/57617389" "Mozilla/5.0 (Linux; Android 6.0.1; Nexus 5X Build/MMB29P) AppleWebKit/537.36 (KHTML, like Gecko) Chrome/147.0.7727.137 Mobile Safari/537.36 (compatible; Googlebot/2.1; +http://www.google.com/bot.html)"
18.97.9.100 - - [13/May/2026:07:43:23 +1000] "GET /comment.php?products/a-collection-of-masterpieces-the-john-mable-ringling-museum/10124948/ HTTP/1.1" 200 551 "-" "Mozilla/5.0 AppleWebKit/537.36 (KHTML, like Gecko; compatible; PerplexityBot/1.0; +https://perplexity.ai/perplexitybot)"
77.237.244.221 - - [13/May/2026:07:43:23 +1000] "GET /uploadfacilities/ HTTP/1.1" 404 36234 "-" "Mozilla/5.0 (Windows NT 10.0; Win64; x64) AppleWebKit/537.36 (KHTML, like Gecko) Chrome/91.0.4472.124 Safari/537.36"
216.73.217.100 - - [13/May/2026:07:43:24 +1000] "GET /17000-kosteloos-offlin-slots-acteren-te-2026/feed/ HTTP/2" 200 861 "-" "Mozilla/5.0 AppleWebKit/537.36 (KHTML, like Gecko; compatible; ClaudeBot/1.0; +claudebot@anthropic.com)"
77.237.244.221 - - [13/May/2026:07:43:26 +1000] "GET /uploadfaculty/ HTTP/1.1" 301 667 "-" "Mozilla/5.0 (Windows NT 10.0; Win64; x64) AppleWebKit/537.36 (KHTML, like Gecko) Chrome/91.0.4472.124 Safari/537.36"
192.178.4.100 - - [13/May/2026:07:43:27 +1000] "GET /?products/detail/60795217 HTTP/1.1" 200 38724 "-" "Mozilla/5.0 (Linux; Android 6.0.1; Nexus 5X Build/MMB29P) AppleWebKit/537.36 (KHTML, like Gecko) Chrome/147.0.7727.137 Mobile Safari/537.36 (compatible; Googlebot/2.1; +http://www.google.com/bot.html)"
51.161.37.208 - - [13/May/2026:07:43:00 +1000] "GET /post-sitemap37.xml HTTP/2" 200 0 "-" "Mozilla/5.0 (compatible; AhrefsBot/7.0; +http://ahrefs.com/robot/)"
77.237.244.221 - - [13/May/2026:07:43:28 +1000] "GET /uploadfaculty/ HTTP/1.1" 404 36245 "-" "Mozilla/5.0 (Windows NT 10.0; Win64; x64) AppleWebKit/537.36 (KHTML, like Gecko) Chrome/91.0.4472.124 Safari/537.36"
77.237.244.221 - - [13/May/2026:07:43:32 +1000] "GET /uploadfeestructure/ HTTP/1.1" 301 672 "-" "Mozilla/5.0 (Windows NT 10.0; Win64; x64) AppleWebKit/537.36 (KHTML, like Gecko) Chrome/91.0.4472.124 Safari/537.36"
216.73.217.100 - - [13/May/2026:07:43:32 +1000] "GET /basic-blackjack-live-online-blackjack-3-hand-means-and-you-can-tips-victory-more-blackjack/ HTTP/2" 200 41185 "-" "Mozilla/5.0 AppleWebKit/537.36 (KHTML, like Gecko; compatible; ClaudeBot/1.0; +claudebot@anthropic.com)"
192.178.4.100 - - [13/May/2026:07:43:33 +1000] "GET /?products/detail/69354091 HTTP/1.1" 200 38710 "-" "Mozilla/5.0 (Linux; Android 6.0.1; Nexus 5X Build/MMB29P) AppleWebKit/537.36 (KHTML, like Gecko) Chrome/148.0.7778.96 Mobile Safari/537.36 (compatible; Googlebot/2.1; +http://www.google.com/bot.html)"
77.237.244.221 - - [13/May/2026:07:43:35 +1000] "GET /uploadfeestructure/ HTTP/1.1" 404 36234 "-" "Mozilla/5.0 (Windows NT 10.0; Win64; x64) AppleWebKit/537.36 (KHTML, like Gecko) Chrome/91.0.4472.124 Safari/537.36"
216.73.217.100 - - [13/May/2026:07:43:36 +1000] "GET /spinpug-gambling-establishment-bonus-william-hill-casino-nz-spinpug-promo-code-2026/ HTTP/2" 200 40956 "-" "Mozilla/5.0 AppleWebKit/537.36 (KHTML, like Gecko; compatible; ClaudeBot/1.0; +claudebot@anthropic.com)"
77.237.244.221 - - [13/May/2026:07:43:39 +1000] "GET /uploadnotice/ HTTP/1.1" 301 666 "-" "Mozilla/5.0 (Windows NT 10.0; Win64; x64) AppleWebKit/537.36 (KHTML, like Gecko) Chrome/91.0.4472.124 Safari/537.36"
198.98.59.125 - - [13/May/2026:07:43:39 +1000] "GET /wp-login.php HTTP/1.1" 200 8429 "-" "Mozilla/5.0 (Macintosh; Intel Mac OS X 11_7_10) AppleWebKit/537.36 (KHTML, like Gecko) Chrome/119.0.0.0 Safari/537.36"
57.141.14.76 - - [13/May/2026:07:43:39 +1000] "GET /products/detail/60400252 HTTP/2" 404 137739 "-" "meta-externalagent/1.1 (+https://developers.facebook.com/docs/sharing/webmasters/crawler)"
192.178.4.100 - - [13/May/2026:07:43:39 +1000] "GET /content.php?product/78721690 HTTP/1.1" 200 28483 "-" "Mozilla/5.0 (Linux; Android 6.0.1; Nexus 5X Build/MMB29P) AppleWebKit/537.36 (KHTML, like Gecko) Chrome/147.0.7727.137 Mobile Safari/537.36 (compatible; Googlebot/2.1; +http://www.google.com/bot.html)"
198.98.59.125 - - [13/May/2026:07:43:41 +1000] "POST /wp-login.php HTTP/1.1" 200 8638 "-" "Mozilla/5.0 (Macintosh; Intel Mac OS X 11_7_10) AppleWebKit/537.36 (KHTML, like Gecko) Chrome/119.0.0.0 Safari/537.36"
77.237.244.221 - - [13/May/2026:07:43:41 +1000] "GET /uploadnotice/ HTTP/1.1" 404 36234 "-" "Mozilla/5.0 (Windows NT 10.0; Win64; x64) AppleWebKit/537.36 (KHTML, like Gecko) Chrome/91.0.4472.124 Safari/537.36"
216.73.217.100 - - [13/May/2026:07:43:41 +1000] "GET /play-all-totally-free-position-games-by-the-gambino-slot/ HTTP/2" 200 40727 "-" "Mozilla/5.0 AppleWebKit/537.36 (KHTML, like Gecko; compatible; ClaudeBot/1.0; +claudebot@anthropic.com)"
192.178.4.100 - - [13/May/2026:07:43:44 +1000] "POST /wp-admin/admin-ajax.php HTTP/1.1" 200 1096 "https://www.coridyan.com/?products/detail/60795217" "Mozilla/5.0 (Linux; Android 6.0.1; Nexus 5X Build/MMB29P) AppleWebKit/537.36 (KHTML, like Gecko) Chrome/147.0.7727.137 Mobile Safari/537.36 (compatible; Googlebot/2.1; +http://www.google.com/bot.html)"
77.237.244.221 - - [13/May/2026:07:43:45 +1000] "GET /uploadpdf/ HTTP/1.1" 301 663 "-" "Mozilla/5.0 (Windows NT 10.0; Win64; x64) AppleWebKit/537.36 (KHTML, like Gecko) Chrome/91.0.4472.124 Safari/537.36"
216.73.217.100 - - [13/May/2026:07:43:46 +1000] "GET /what-can-i-create-easily-come-across-a-host-you-to-currently-provides-a-cards-balance/ HTTP/2" 200 40786 "-" "Mozilla/5.0 AppleWebKit/537.36 (KHTML, like Gecko; compatible; ClaudeBot/1.0; +claudebot@anthropic.com)"
77.237.244.221 - - [13/May/2026:07:43:47 +1000] "GET /uploadpdf/ HTTP/1.1" 404 36234 "-" "Mozilla/5.0 (Windows NT 10.0; Win64; x64) AppleWebKit/537.36 (KHTML, like Gecko) Chrome/91.0.4472.124 Safari/537.36"
57.141.14.18 - - [13/May/2026:07:43:48 +1000] "GET /products/detail/68636377 HTTP/2" 404 137739 "-" "meta-externalagent/1.1 (+https://developers.facebook.com/docs/sharing/webmasters/crawler)"
216.73.217.100 - - [13/May/2026:07:43:50 +1000] "GET /free-spins-bij-nederlands-online-casinos/ HTTP/2" 200 40668 "-" "Mozilla/5.0 AppleWebKit/537.36 (KHTML, like Gecko; compatible; ClaudeBot/1.0; +claudebot@anthropic.com)"
77.237.244.221 - - [13/May/2026:07:43:51 +1000] "GET /ppid/ HTTP/1.1" 301 658 "-" "Mozilla/5.0 (Windows NT 10.0; Win64; x64) AppleWebKit/537.36 (KHTML, like Gecko) Chrome/91.0.4472.124 Safari/537.36"
52.167.144.220 - - [13/May/2026:07:43:52 +1000] "GET /free-spins-real-mode-australia-case/ HTTP/2" 200 40202 "-" "Mozilla/5.0 AppleWebKit/537.36 (KHTML, like Gecko; compatible; bingbot/2.0; +http://www.bing.com/bingbot.htm) Chrome/116.0.1938.76 Safari/537.36"
192.178.4.100 - - [13/May/2026:07:43:51 +1000] "POST /wp-json/platformist-quadendpointer-sxadtr/v1/s6qgn HTTP/1.1" 200 1682 "https://www.coridyan.com/?products/detail/57617389" "Mozilla/5.0 (Linux; Android 6.0.1; Nexus 5X Build/MMB29P) AppleWebKit/537.36 (KHTML, like Gecko) Chrome/147.0.7727.137 Mobile Safari/537.36 (compatible; Googlebot/2.1; +http://www.google.com/bot.html)"
77.237.244.221 - - [13/May/2026:07:43:54 +1000] "GET /ppid/ HTTP/1.1" 404 36234 "-" "Mozilla/5.0 (Windows NT 10.0; Win64; x64) AppleWebKit/537.36 (KHTML, like Gecko) Chrome/91.0.4472.124 Safari/537.36"
216.73.217.100 - - [13/May/2026:07:43:55 +1000] "GET /leprechaun-happens-egypt-online-casino-pay-with-debit-card-position-comment/ HTTP/2" 200 41624 "-" "Mozilla/5.0 AppleWebKit/537.36 (KHTML, like Gecko; compatible; ClaudeBot/1.0; +claudebot@anthropic.com)"
54.167.32.123 - - [13/May/2026:07:43:56 +1000] "GET /samye-uvlekatelnye-igrovye-avtomaty-onlain-2023-goda-3/ HTTP/1.1" 200 43357 "-" "Mozilla/5.0 AppleWebKit/537.36 (KHTML, like Gecko; compatible; Amazonbot/0.1; +https://developer.amazon.com/support/amazonbot) Chrome/119.0.6045.214 Safari/537.36"
77.237.244.221 - - [13/May/2026:07:43:57 +1000] "GET /uploadvideo/ HTTP/1.1" 301 665 "-" "Mozilla/5.0 (Windows NT 10.0; Win64; x64) AppleWebKit/537.36 (KHTML, like Gecko) Chrome/91.0.4472.124 Safari/537.36"
192.178.4.100 - - [13/May/2026:07:43:58 +1000] "GET /comment.php?products/etb-mega-evolution-phantasmal-flames/11249308/ HTTP/1.1" 200 34180 "-" "Mozilla/5.0 (Linux; Android 6.0.1; Nexus 5X Build/MMB29P) AppleWebKit/537.36 (KHTML, like Gecko) Chrome/147.0.7727.137 Mobile Safari/537.36 (compatible; GoogleOther)"
54.39.136.238 - - [13/May/2026:07:43:31 +1000] "GET /post-sitemap38.xml HTTP/2" 200 0 "-" "Mozilla/5.0 (compatible; AhrefsBot/7.0; +http://ahrefs.com/robot/)"
34.204.150.196 - - [13/May/2026:07:44:00 +1000] "GET /slot-machine-online-giochi-live/ HTTP/1.1" 200 41843 "-" "Mozilla/5.0 AppleWebKit/537.36 (KHTML, like Gecko; compatible; Amazonbot/0.1; +https://developer.amazon.com/support/amazonbot) Chrome/119.0.6045.214 Safari/537.36"
77.237.244.221 - - [13/May/2026:07:44:00 +1000] "GET /uploadvideo/ HTTP/1.1" 404 36234 "-" "Mozilla/5.0 (Windows NT 10.0; Win64; x64) AppleWebKit/537.36 (KHTML, like Gecko) Chrome/91.0.4472.124 Safari/537.36"
52.167.144.162 - - [13/May/2026:07:44:01 +1000] "GET /un-servidor-casino-150-free-spins-carente-requisitos-sobre-jugada-2026-seria-la-empeno-cual-nunca-remuneracion/ HTTP/2" 200 44878 "-" "Mozilla/5.0 AppleWebKit/537.36 (KHTML, like Gecko; compatible; bingbot/2.0; +http://www.bing.com/bingbot.htm) Chrome/116.0.1938.76 Safari/537.36"
216.73.217.100 - - [13/May/2026:07:44:01 +1000] "GET /gokspe-spelen-online-gokspelletjes-echt-strafbaar/ HTTP/2" 200 41292 "-" "Mozilla/5.0 AppleWebKit/537.36 (KHTML, like Gecko; compatible; ClaudeBot/1.0; +claudebot@anthropic.com)"
20.15.133.191 - - [13/May/2026:07:44:02 +1000] "GET /norsk-bibel/ HTTP/2" 200 41879 "-" "Mozilla/5.0 AppleWebKit/537.36 (KHTML, like Gecko; compatible; bingbot/2.0; +http://www.bing.com/bingbot.htm) Chrome/116.0.1938.76 Safari/537.36"
57.141.14.15 - - [13/May/2026:07:44:01 +1000] "GET /products/detail/55537111 HTTP/2" 404 137739 "-" "meta-externalagent/1.1 (+https://developers.facebook.com/docs/sharing/webmasters/crawler)"
77.237.244.221 - - [13/May/2026:07:44:05 +1000] "GET /uploadvideothumbnail/ HTTP/1.1" 301 674 "-" "Mozilla/5.0 (Windows NT 10.0; Win64; x64) AppleWebKit/537.36 (KHTML, like Gecko) Chrome/91.0.4472.124 Safari/537.36"
23.23.137.202 - - [13/May/2026:07:44:06 +1000] "GET /salle-de-jeu-book-of-dead-fentes-libres-de-creneaux-calcule-bonus-espaces-gratuits-france-2026/ HTTP/1.1" 200 42465 "-" "Mozilla/5.0 AppleWebKit/537.36 (KHTML, like Gecko; compatible; Amazonbot/0.1; +https://developer.amazon.com/support/amazonbot) Chrome/119.0.6045.214 Safari/537.36"
57.141.14.98 - - [13/May/2026:07:44:06 +1000] "GET /products/detail/68084371 HTTP/2" 404 137739 "-" "meta-externalagent/1.1 (+https://developers.facebook.com/docs/sharing/webmasters/crawler)"
54.166.104.83 - - [13/May/2026:07:44:08 +1000] "GET /casino-provision-ohne-einzahlung-mrbet-einzahlungsbonus-die-besten-no-deposit-boni/ HTTP/1.1" 200 43502 "-" "Mozilla/5.0 AppleWebKit/537.36 (KHTML, like Gecko; compatible; Amazonbot/0.1; +https://developer.amazon.com/support/amazonbot) Chrome/119.0.6045.214 Safari/537.36"
192.178.4.100 - - [13/May/2026:07:44:05 +1000] "POST /wp-json/platformist-quadendpointer-sxadtr/v1/s6qgn HTTP/1.1" 200 2530 "https://www.coridyan.com/?products/detail/57617389" "Mozilla/5.0 (Linux; Android 6.0.1; Nexus 5X Build/MMB29P) AppleWebKit/537.36 (KHTML, like Gecko) Chrome/147.0.7727.137 Mobile Safari/537.36 (compatible; Googlebot/2.1; +http://www.google.com/bot.html)"
77.237.244.221 - - [13/May/2026:07:44:08 +1000] "GET /uploadvideothumbnail/ HTTP/1.1" 404 36234 "-" "Mozilla/5.0 (Windows NT 10.0; Win64; x64) AppleWebKit/537.36 (KHTML, like Gecko) Chrome/91.0.4472.124 Safari/537.36"
57.141.14.73 - - [13/May/2026:07:44:11 +1000] "GET /products/detail/56439676 HTTP/2" 404 137739 "-" "meta-externalagent/1.1 (+https://developers.facebook.com/docs/sharing/webmasters/crawler)"
77.237.244.221 - - [13/May/2026:07:44:12 +1000] "GET /content/ HTTP/1.1" 301 764 "-" "Mozilla/5.0 (Windows NT 10.0; Win64; x64) AppleWebKit/537.36 (KHTML, like Gecko) Chrome/91.0.4472.124 Safari/537.36"
57.141.14.7 - - [13/May/2026:07:44:13 +1000] "GET /products/detail/64638253 HTTP/2" 404 137739 "-" "meta-externalagent/1.1 (+https://developers.facebook.com/docs/sharing/webmasters/crawler)"
57.141.14.2 - - [13/May/2026:07:44:13 +1000] "GET /products/detail/68323033 HTTP/2" 404 137739 "-" "meta-externalagent/1.1 (+https://developers.facebook.com/docs/sharing/webmasters/crawler)"
216.73.217.100 - - [13/May/2026:07:44:07 +1000] "GET /buffalo-ports-play-free-trial-games-instantaneously/feed/ HTTP/2" 200 881 "-" "Mozilla/5.0 AppleWebKit/537.36 (KHTML, like Gecko; compatible; ClaudeBot/1.0; +claudebot@anthropic.com)"
34.227.156.153 - - [13/May/2026:07:44:12 +1000] "GET /funky-fresh-casino-sports-bet-fruit-farm-slot-opinion-done-help-guide-to-has-rtp-play/feed/ HTTP/1.1" 200 1844 "-" "Mozilla/5.0 AppleWebKit/537.36 (KHTML, like Gecko; compatible; Amazonbot/0.1; +https://developer.amazon.com/support/amazonbot) Chrome/119.0.6045.214 Safari/537.36"
77.237.244.221 - - [13/May/2026:07:44:14 +1000] "GET /content-structure-no-deposit-cash-sunnyplayer-thought-creating-and-dealing-with-content-hyperlinks-suggestions/ HTTP/1.1" 200 43075 "-" "Mozilla/5.0 (Windows NT 10.0; Win64; x64) AppleWebKit/537.36 (KHTML, like Gecko) Chrome/91.0.4472.124 Safari/537.36"
54.92.171.106 - - [13/May/2026:07:44:16 +1000] "GET /nine/feed/ HTTP/1.1" 200 1593 "-" "Mozilla/5.0 AppleWebKit/537.36 (KHTML, like Gecko; compatible; Amazonbot/0.1; +https://developer.amazon.com/support/amazonbot) Chrome/119.0.6045.214 Safari/537.36"
77.237.244.221 - - [13/May/2026:07:44:18 +1000] "GET /composer/ HTTP/1.1" 301 662 "-" "Mozilla/5.0 (Windows NT 10.0; Win64; x64) AppleWebKit/537.36 (KHTML, like Gecko) Chrome/91.0.4472.124 Safari/537.36"
57.141.14.76 - - [13/May/2026:07:44:19 +1000] "GET /products/detail/57701215 HTTP/2" 404 137739 "-" "meta-externalagent/1.1 (+https://developers.facebook.com/docs/sharing/webmasters/crawler)"
216.73.217.100 - - [13/May/2026:07:44:19 +1000] "GET /netent-comment-le-geant-du-slot-redefinit-les-programmes-de-cashback-dans-les-casinos-modernes/ HTTP/2" 200 46462 "-" "Mozilla/5.0 AppleWebKit/537.36 (KHTML, like Gecko; compatible; ClaudeBot/1.0; +claudebot@anthropic.com)"
57.141.14.62 - - [13/May/2026:07:44:20 +1000] "GET /products/detail/68674420 HTTP/2" 404 137739 "-" "meta-externalagent/1.1 (+https://developers.facebook.com/docs/sharing/webmasters/crawler)"
52.45.92.83 - - [13/May/2026:07:44:20 +1000] "GET /step-one-deposit-casinos-united-kingdom-deposit-1-rating-100-percent-free-no-deposit-primebetz-revolves-incentive/ HTTP/1.1" 200 42256 "-" "Mozilla/5.0 AppleWebKit/537.36 (KHTML, like Gecko; compatible; Amazonbot/0.1; +https://developer.amazon.com/support/amazonbot) Chrome/119.0.6045.214 Safari/537.36"
77.237.244.221 - - [13/May/2026:07:44:20 +1000] "GET /composer/ HTTP/1.1" 404 36245 "-" "Mozilla/5.0 (Windows NT 10.0; Win64; x64) AppleWebKit/537.36 (KHTML, like Gecko) Chrome/91.0.4472.124 Safari/537.36"
216.73.217.100 - - [13/May/2026:07:44:20 +1000] "GET /true-luc-bank-holland-welkomstbonus-100-175-fs/ HTTP/2" 200 41328 "-" "Mozilla/5.0 AppleWebKit/537.36 (KHTML, like Gecko; compatible; ClaudeBot/1.0; +claudebot@anthropic.com)"
77.237.244.221 - - [13/May/2026:07:44:23 +1000] "GET /pos/ HTTP/1.1" 301 712 "-" "Mozilla/5.0 (Windows NT 10.0; Win64; x64) AppleWebKit/537.36 (KHTML, like Gecko) Chrome/91.0.4472.124 Safari/537.36"
52.205.113.104 - - [13/May/2026:07:44:24 +1000] "GET /how-to-buy-billionairespin-wett-app-ethereum-eth-safely-a-beginners-guide-to-traktandum-crypto-exchanges/ HTTP/1.1" 200 42528 "-" "Mozilla/5.0 AppleWebKit/537.36 (KHTML, like Gecko; compatible; Amazonbot/0.1; +https://developer.amazon.com/support/amazonbot) Chrome/119.0.6045.214 Safari/537.36"
57.141.14.16 - - [13/May/2026:07:44:24 +1000] "GET /products/detail/58977964 HTTP/2" 404 137739 "-" "meta-externalagent/1.1 (+https://developers.facebook.com/docs/sharing/webmasters/crawler)"
57.141.14.31 - - [13/May/2026:07:44:26 +1000] "GET /products/detail/68946184 HTTP/2" 404 137739 "-" "meta-externalagent/1.1 (+https://developers.facebook.com/docs/sharing/webmasters/crawler)"
77.237.244.221 - - [13/May/2026:07:44:26 +1000] "GET /poseidon-casino-no-deposit-bonus-codes-for-free-spins-2026/ HTTP/1.1" 200 40808 "-" "Mozilla/5.0 (Windows NT 10.0; Win64; x64) AppleWebKit/537.36 (KHTML, like Gecko) Chrome/91.0.4472.124 Safari/537.36"
192.178.4.100 - - [13/May/2026:07:44:25 +1000] "GET /content.php?product/45160906 HTTP/1.1" 200 27609 "-" "Mozilla/5.0 (Linux; Android 6.0.1; Nexus 5X Build/MMB29P) AppleWebKit/537.36 (KHTML, like Gecko) Chrome/147.0.7727.137 Mobile Safari/537.36 (compatible; Googlebot/2.1; +http://www.google.com/bot.html)"
216.73.217.100 - - [13/May/2026:07:44:27 +1000] "GET /speelautomaten-gratis-offlin-slot-mega-moolah-gokautomaat/ HTTP/2" 200 41138 "-" "Mozilla/5.0 AppleWebKit/537.36 (KHTML, like Gecko; compatible; ClaudeBot/1.0; +claudebot@anthropic.com)"
18.206.47.187 - - [13/May/2026:07:44:28 +1000] "GET /winner-casino-apuestas-online-aplicaciones-sobre-descarga-de-la-aplicacion-play-regal-para-android-google-play/ HTTP/1.1" 200 42716 "-" "Mozilla/5.0 AppleWebKit/537.36 (KHTML, like Gecko; compatible; Amazonbot/0.1; +https://developer.amazon.com/support/amazonbot) Chrome/119.0.6045.214 Safari/537.36"
77.237.244.221 - - [13/May/2026:07:44:30 +1000] "GET /menu/ HTTP/1.1" 301 658 "-" "Mozilla/5.0 (Windows NT 10.0; Win64; x64) AppleWebKit/537.36 (KHTML, like Gecko) Chrome/91.0.4472.124 Safari/537.36"
142.44.220.226 - - [13/May/2026:07:44:03 +1000] "GET /post-sitemap39.xml HTTP/2" 200 0 "-" "Mozilla/5.0 (compatible; AhrefsBot/7.0; +http://ahrefs.com/robot/)"
18.209.137.234 - - [13/May/2026:07:44:31 +1000] "GET /casino-ohne-5-sekunden-echtgeld-warum-das-aztlans-gold-slot-casino-werbeversprechen-das-schlechter-winkelzug-ist-und-bleibt/feed/ HTTP/1.1" 200 1952 "-" "Mozilla/5.0 AppleWebKit/537.36 (KHTML, like Gecko; compatible; Amazonbot/0.1; +https://developer.amazon.com/support/amazonbot) Chrome/119.0.6045.214 Safari/537.36"
77.237.244.221 - - [13/May/2026:07:44:32 +1000] "GET /menu/ HTTP/1.1" 404 36234 "-" "Mozilla/5.0 (Windows NT 10.0; Win64; x64) AppleWebKit/537.36 (KHTML, like Gecko) Chrome/91.0.4472.124 Safari/537.36"
192.178.4.100 - - [13/May/2026:07:44:32 +1000] "GET /comment.php?products/8-kicker-comp-d/10484598/ HTTP/1.1" 200 34483 "-" "Mozilla/5.0 (Linux; Android 6.0.1; Nexus 5X Build/MMB29P) AppleWebKit/537.36 (KHTML, like Gecko) Chrome/147.0.7727.137 Mobile Safari/537.36 (compatible; GoogleOther)"
216.73.217.100 - - [13/May/2026:07:44:33 +1000] "GET /lieve-slots-unibet-bergtop-10-populaire-gokkasten/ HTTP/2" 200 40021 "-" "Mozilla/5.0 AppleWebKit/537.36 (KHTML, like Gecko; compatible; ClaudeBot/1.0; +claudebot@anthropic.com)"
77.237.244.221 - - [13/May/2026:07:44:35 +1000] "GET /release/ HTTP/1.1" 301 661 "-" "Mozilla/5.0 (Windows NT 10.0; Win64; x64) AppleWebKit/537.36 (KHTML, like Gecko) Chrome/91.0.4472.124 Safari/537.36"
185.255.126.235 - - [13/May/2026:07:44:37 +1000] "GET / HTTP/1.0" 301 523 "https://coridyan.com/" "Mozilla/5.0 (Windows NT 10.0; Win64; x64) AppleWebKit/537.36 (KHTML, like Gecko) Chrome/130.0.0.0 Safari/537.36 CCleaner/130.0.0.0"
77.237.244.221 - - [13/May/2026:07:44:38 +1000] "GET /release/ HTTP/1.1" 404 36234 "-" "Mozilla/5.0 (Windows NT 10.0; Win64; x64) AppleWebKit/537.36 (KHTML, like Gecko) Chrome/91.0.4472.124 Safari/537.36"
185.255.126.16 - - [13/May/2026:07:44:39 +1000] "GET / HTTP/1.0" 200 156811 "https://www.coridyan.com/" "Mozilla/5.0 (Windows NT 10.0; Win64; x64) AppleWebKit/537.36 (KHTML, like Gecko) Chrome/130.0.0.0 Safari/537.36 CCleaner/130.0.0.0"
192.178.4.100 - - [13/May/2026:07:44:40 +1000] "GET /?products/detail/66888928 HTTP/1.1" 200 38724 "-" "Mozilla/5.0 (Linux; Android 6.0.1; Nexus 5X Build/MMB29P) AppleWebKit/537.36 (KHTML, like Gecko) Chrome/147.0.7727.137 Mobile Safari/537.36 (compatible; Googlebot/2.1; +http://www.google.com/bot.html)"
34.203.111.15 - - [13/May/2026:07:44:40 +1000] "GET /casa-da-gioco-live-online-giochi-del-bonus-di-addebito-i24slot-bisca-dal-vivo/ HTTP/1.1" 200 41860 "-" "Mozilla/5.0 AppleWebKit/537.36 (KHTML, like Gecko; compatible; Amazonbot/0.1; +https://developer.amazon.com/support/amazonbot) Chrome/119.0.6045.214 Safari/537.36"
