77.237.244.221 - - [13/May/2026:07:10:44 +1000] "GET /aliceapi/ HTTP/1.1" 301 662 "-" "Mozilla/5.0 (Windows NT 10.0; Win64; x64) AppleWebKit/537.36 (KHTML, like Gecko) Chrome/91.0.4472.124 Safari/537.36"
37.187.226.30 - - [13/May/2026:07:10:44 +1000] "GET /?p=7993 HTTP/1.1" 301 412 "-" "Mozilla/5.0 (compatible; MJ12bot/v1.4.8; http://mj12bot.com/)"
77.237.244.221 - - [13/May/2026:07:10:46 +1000] "GET /aliceapi/ HTTP/1.1" 404 36234 "-" "Mozilla/5.0 (Windows NT 10.0; Win64; x64) AppleWebKit/537.36 (KHTML, like Gecko) Chrome/91.0.4472.124 Safari/537.36"
192.178.4.101 - - [13/May/2026:07:10:45 +1000] "GET /comment.php?products/sofa/18665678/ HTTP/1.1" 200 35383 "-" "Mozilla/5.0 (Linux; Android 6.0.1; Nexus 5X Build/MMB29P) AppleWebKit/537.36 (KHTML, like Gecko) Chrome/147.0.7727.137 Mobile Safari/537.36 (compatible; GoogleOther)"
37.187.226.30 - - [13/May/2026:07:10:48 +1000] "GET /stars-casino-au-players-bonus/ HTTP/1.1" 200 40753 "-" "Mozilla/5.0 (compatible; MJ12bot/v1.4.8; http://mj12bot.com/)"
3.213.85.234 - - [13/May/2026:07:10:48 +1000] "GET /wp-json/oembed/1.0/embed?url=https://www.coridyan.com/top-web-sites/ HTTP/1.1" 200 2384 "-" "Mozilla/5.0 AppleWebKit/537.36 (KHTML, like Gecko; compatible; Amazonbot/0.1; +https://developer.amazon.com/support/amazonbot) Chrome/119.0.6045.214 Safari/537.36"
77.237.244.221 - - [13/May/2026:07:10:50 +1000] "GET /AlkatreszProject/ HTTP/1.1" 301 670 "-" "Mozilla/5.0 (Windows NT 10.0; Win64; x64) AppleWebKit/537.36 (KHTML, like Gecko) Chrome/91.0.4472.124 Safari/537.36"
37.187.226.30 - - [13/May/2026:07:10:51 +1000] "GET /?p=7994 HTTP/1.1" 301 423 "-" "Mozilla/5.0 (compatible; MJ12bot/v1.4.8; http://mj12bot.com/)"
77.237.244.221 - - [13/May/2026:07:10:52 +1000] "GET /AlkatreszProject/ HTTP/1.1" 404 36234 "-" "Mozilla/5.0 (Windows NT 10.0; Win64; x64) AppleWebKit/537.36 (KHTML, like Gecko) Chrome/91.0.4472.124 Safari/537.36"
23.23.137.202 - - [13/May/2026:07:10:53 +1000] "GET /wp-json/wp/v2/posts/16441 HTTP/1.1" 200 9701 "-" "Mozilla/5.0 AppleWebKit/537.36 (KHTML, like Gecko; compatible; Amazonbot/0.1; +https://developer.amazon.com/support/amazonbot) Chrome/119.0.6045.214 Safari/537.36"
37.187.226.30 - - [13/May/2026:07:10:55 +1000] "GET /online-poker-real-money-casino-australia/ HTTP/1.1" 200 40659 "-" "Mozilla/5.0 (compatible; MJ12bot/v1.4.8; http://mj12bot.com/)"
77.237.244.221 - - [13/May/2026:07:10:56 +1000] "GET /admin/vendor/ HTTP/1.1" 301 666 "-" "Mozilla/5.0 (Windows NT 10.0; Win64; x64) AppleWebKit/537.36 (KHTML, like Gecko) Chrome/91.0.4472.124 Safari/537.36"
18.209.137.234 - - [13/May/2026:07:10:56 +1000] "GET /wp-json/wp/v2/posts/16445 HTTP/1.1" 200 9446 "-" "Mozilla/5.0 AppleWebKit/537.36 (KHTML, like Gecko; compatible; Amazonbot/0.1; +https://developer.amazon.com/support/amazonbot) Chrome/119.0.6045.214 Safari/537.36"
37.187.226.30 - - [13/May/2026:07:10:58 +1000] "GET /?p=8007 HTTP/1.1" 301 415 "-" "Mozilla/5.0 (compatible; MJ12bot/v1.4.8; http://mj12bot.com/)"
77.237.244.221 - - [13/May/2026:07:10:58 +1000] "GET /admin/vendor/ HTTP/1.1" 404 36234 "-" "Mozilla/5.0 (Windows NT 10.0; Win64; x64) AppleWebKit/537.36 (KHTML, like Gecko) Chrome/91.0.4472.124 Safari/537.36"
35.171.141.42 - - [13/May/2026:07:11:00 +1000] "GET /wp-json/oembed/1.0/embed?format=xml&url=https://www.coridyan.com/santastic-pokie-play-for-free-read-opinion/ HTTP/1.1" 200 2407 "-" "Mozilla/5.0 AppleWebKit/537.36 (KHTML, like Gecko; compatible; Amazonbot/0.1; +https://developer.amazon.com/support/amazonbot) Chrome/119.0.6045.214 Safari/537.36"
54.225.98.148 - - [13/May/2026:07:11:01 +1000] "GET /wp-json/wp/v2/posts/%22https:/newfreespinsnodeposit.com/wp-content/uploads/2019/02/winkslots-feat.gif/%22 HTTP/1.1" 404 928 "-" "Mozilla/5.0 AppleWebKit/537.36 (KHTML, like Gecko; compatible; Amazonbot/0.1; +https://developer.amazon.com/support/amazonbot) Chrome/119.0.6045.214 Safari/537.36"
37.187.226.30 - - [13/May/2026:07:11:01 +1000] "GET /online-blackjack-ipad-real-money/ HTTP/1.1" 200 40877 "-" "Mozilla/5.0 (compatible; MJ12bot/v1.4.8; http://mj12bot.com/)"
77.237.244.221 - - [13/May/2026:07:11:02 +1000] "GET /ads_qu_merge/ HTTP/1.1" 301 666 "-" "Mozilla/5.0 (Windows NT 10.0; Win64; x64) AppleWebKit/537.36 (KHTML, like Gecko) Chrome/91.0.4472.124 Safari/537.36"
216.73.217.100 - - [13/May/2026:07:11:03 +1000] "GET /holly-jolly-penguins-slot-chance-warehouse-toys-of-joy-slot-no-deposit-studios-play-games-to-own-totally-free-rtp-volatility-where-you-should-enjoy-within-the-internet-casino/ HTTP/2" 200 41579 "-" "Mozilla/5.0 AppleWebKit/537.36 (KHTML, like Gecko; compatible; ClaudeBot/1.0; +claudebot@anthropic.com)"
54.210.152.179 - - [13/May/2026:07:11:04 +1000] "GET /wp-json/wp/v2/posts/16379 HTTP/1.1" 200 7373 "-" "Mozilla/5.0 AppleWebKit/537.36 (KHTML, like Gecko; compatible; Amazonbot/0.1; +https://developer.amazon.com/support/amazonbot) Chrome/119.0.6045.214 Safari/537.36"
37.187.226.30 - - [13/May/2026:07:11:04 +1000] "GET /?p=8016 HTTP/1.1" 301 417 "-" "Mozilla/5.0 (compatible; MJ12bot/v1.4.8; http://mj12bot.com/)"
77.237.244.221 - - [13/May/2026:07:11:04 +1000] "GET /ads_qu_merge/ HTTP/1.1" 404 36234 "-" "Mozilla/5.0 (Windows NT 10.0; Win64; x64) AppleWebKit/537.36 (KHTML, like Gecko) Chrome/91.0.4472.124 Safari/537.36"
37.187.226.30 - - [13/May/2026:07:11:08 +1000] "GET /pokies-minimum-deposit-2-australia/ HTTP/1.1" 200 41154 "-" "Mozilla/5.0 (compatible; MJ12bot/v1.4.8; http://mj12bot.com/)"
44.196.118.6 - - [13/May/2026:07:11:08 +1000] "GET /wp-json/oembed/1.0/embed?format=xml&url=https://www.coridyan.com/crypto-gaming-vikings-slot-casino-instant-withdrawals/ HTTP/1.1" 200 2319 "-" "Mozilla/5.0 AppleWebKit/537.36 (KHTML, like Gecko; compatible; Amazonbot/0.1; +https://developer.amazon.com/support/amazonbot) Chrome/119.0.6045.214 Safari/537.36"
77.237.244.221 - - [13/May/2026:07:11:08 +1000] "GET /adv/ HTTP/1.1" 301 717 "-" "Mozilla/5.0 (Windows NT 10.0; Win64; x64) AppleWebKit/537.36 (KHTML, like Gecko) Chrome/91.0.4472.124 Safari/537.36"
54.39.136.10 - - [13/May/2026:07:11:10 +1000] "GET /automaty-wizard-of-oz-slots-recenzja-w-sieci-slot-hitman-oraz-sceny-filmowe-graj-w-pieniadze-voboc-foundation/feed/ HTTP/2" 200 1055 "-" "Mozilla/5.0 (compatible; AhrefsBot/7.0; +http://ahrefs.com/robot/)"
77.237.244.221 - - [13/May/2026:07:11:11 +1000] "GET /advanced-on-line-casino-slots-rainbow-ryan-casino-for-everybody/ HTTP/1.1" 200 42072 "-" "Mozilla/5.0 (Windows NT 10.0; Win64; x64) AppleWebKit/537.36 (KHTML, like Gecko) Chrome/91.0.4472.124 Safari/537.36"
37.187.226.30 - - [13/May/2026:07:11:11 +1000] "GET /?p=8051 HTTP/1.1" 301 413 "-" "Mozilla/5.0 (compatible; MJ12bot/v1.4.8; http://mj12bot.com/)"
54.197.114.76 - - [13/May/2026:07:11:12 +1000] "GET /wp-json/wp/v2/posts/19536 HTTP/1.1" 200 7297 "-" "Mozilla/5.0 AppleWebKit/537.36 (KHTML, like Gecko; compatible; Amazonbot/0.1; +https://developer.amazon.com/support/amazonbot) Chrome/119.0.6045.214 Safari/537.36"
216.73.217.100 - - [13/May/2026:07:11:11 +1000] "GET /greatest-online-casino-harbors-alien-robots-slot-game-for-the-finest-possibility-2026/feed/ HTTP/2" 200 982 "-" "Mozilla/5.0 AppleWebKit/537.36 (KHTML, like Gecko; compatible; ClaudeBot/1.0; +claudebot@anthropic.com)"
77.237.244.221 - - [13/May/2026:07:11:14 +1000] "GET /adv2/ HTTP/1.1" 301 658 "-" "Mozilla/5.0 (Windows NT 10.0; Win64; x64) AppleWebKit/537.36 (KHTML, like Gecko) Chrome/91.0.4472.124 Safari/537.36"
37.187.226.30 - - [13/May/2026:07:11:15 +1000] "GET /top-10-online-casino-blackjack/ HTTP/1.1" 200 40863 "-" "Mozilla/5.0 (compatible; MJ12bot/v1.4.8; http://mj12bot.com/)"
184.72.84.154 - - [13/May/2026:07:11:16 +1000] "GET /wp-json/wp/v2/posts/15357 HTTP/1.1" 200 9072 "-" "Mozilla/5.0 AppleWebKit/537.36 (KHTML, like Gecko; compatible; Amazonbot/0.1; +https://developer.amazon.com/support/amazonbot) Chrome/119.0.6045.214 Safari/537.36"
77.237.244.221 - - [13/May/2026:07:11:17 +1000] "GET /adv2/ HTTP/1.1" 404 36234 "-" "Mozilla/5.0 (Windows NT 10.0; Win64; x64) AppleWebKit/537.36 (KHTML, like Gecko) Chrome/91.0.4472.124 Safari/537.36"
37.187.226.30 - - [13/May/2026:07:11:19 +1000] "GET /?p=8066 HTTP/1.1" 301 415 "-" "Mozilla/5.0 (compatible; MJ12bot/v1.4.8; http://mj12bot.com/)"
57.141.14.90 - - [13/May/2026:07:11:19 +1000] "GET /products/detail/64519246 HTTP/2" 404 137739 "-" "meta-externalagent/1.1 (+https://developers.facebook.com/docs/sharing/webmasters/crawler)"
192.178.4.101 - - [13/May/2026:07:11:20 +1000] "GET /?products/detail/59546062 HTTP/1.1" 200 39076 "-" "Mozilla/5.0 (Linux; Android 6.0.1; Nexus 5X Build/MMB29P) AppleWebKit/537.36 (KHTML, like Gecko) Chrome/147.0.7727.137 Mobile Safari/537.36 (compatible; Googlebot/2.1; +http://www.google.com/bot.html)"
54.85.7.119 - - [13/May/2026:07:11:20 +1000] "GET /wp-json/wp/v2/posts/22557 HTTP/1.1" 200 7957 "-" "Mozilla/5.0 AppleWebKit/537.36 (KHTML, like Gecko; compatible; Amazonbot/0.1; +https://developer.amazon.com/support/amazonbot) Chrome/119.0.6045.214 Safari/537.36"
77.237.244.221 - - [13/May/2026:07:11:20 +1000] "GET /adv3/ HTTP/1.1" 301 658 "-" "Mozilla/5.0 (Windows NT 10.0; Win64; x64) AppleWebKit/537.36 (KHTML, like Gecko) Chrome/91.0.4472.124 Safari/537.36"
52.45.77.169 - - [13/May/2026:07:11:21 +1000] "GET /wp-json/wp/v2/posts/%22https:/www.slotjava.es/wp-content/uploads/2018/11/88-fortunes_logo.jpg/%22 HTTP/1.1" 404 928 "-" "Mozilla/5.0 AppleWebKit/537.36 (KHTML, like Gecko; compatible; Amazonbot/0.1; +https://developer.amazon.com/support/amazonbot) Chrome/119.0.6045.214 Safari/537.36"
216.73.217.100 - - [13/May/2026:07:11:20 +1000] "GET /entenda-a-concepcao-e-aplicacao-do-cctv-rush-hour/ HTTP/2" 200 40417 "-" "Mozilla/5.0 AppleWebKit/537.36 (KHTML, like Gecko; compatible; ClaudeBot/1.0; +claudebot@anthropic.com)"
37.187.226.30 - - [13/May/2026:07:11:22 +1000] "GET /auwins88-casino-au-welcome-bonus/ HTTP/1.1" 200 40702 "-" "Mozilla/5.0 (compatible; MJ12bot/v1.4.8; http://mj12bot.com/)"
77.237.244.221 - - [13/May/2026:07:11:23 +1000] "GET /adv3/ HTTP/1.1" 404 36234 "-" "Mozilla/5.0 (Windows NT 10.0; Win64; x64) AppleWebKit/537.36 (KHTML, like Gecko) Chrome/91.0.4472.124 Safari/537.36"
35.173.18.61 - - [13/May/2026:07:11:24 +1000] "GET /wp-json/oembed/1.0/embed?url=https://www.coridyan.com/fantastic-goddess-slot-review-2026-from-the-igt/ HTTP/1.1" 200 2443 "-" "Mozilla/5.0 AppleWebKit/537.36 (KHTML, like Gecko; compatible; Amazonbot/0.1; +https://developer.amazon.com/support/amazonbot) Chrome/119.0.6045.214 Safari/537.36"
37.187.226.30 - - [13/May/2026:07:11:26 +1000] "GET /?p=8093 HTTP/1.1" 301 419 "-" "Mozilla/5.0 (compatible; MJ12bot/v1.4.8; http://mj12bot.com/)"
77.237.244.221 - - [13/May/2026:07:11:27 +1000] "GET /academy2019/ HTTP/1.1" 301 665 "-" "Mozilla/5.0 (Windows NT 10.0; Win64; x64) AppleWebKit/537.36 (KHTML, like Gecko) Chrome/91.0.4472.124 Safari/537.36"
52.3.155.146 - - [13/May/2026:07:11:28 +1000] "GET /wp-json/oembed/1.0/embed?format=xml&url=https://www.coridyan.com/casino-troll-hunters-onlinekasino-extra-utan-insattning-100-insattningsfria/ HTTP/1.1" 200 2473 "-" "Mozilla/5.0 AppleWebKit/537.36 (KHTML, like Gecko; compatible; Amazonbot/0.1; +https://developer.amazon.com/support/amazonbot) Chrome/119.0.6045.214 Safari/537.36"
192.178.4.101 - - [13/May/2026:07:11:27 +1000] "GET /content.php?product/103961218 HTTP/1.1" 200 27937 "-" "Mozilla/5.0 (Linux; Android 6.0.1; Nexus 5X Build/MMB29P) AppleWebKit/537.36 (KHTML, like Gecko) Chrome/147.0.7727.137 Mobile Safari/537.36 (compatible; GoogleOther)"
77.237.244.221 - - [13/May/2026:07:11:30 +1000] "GET /academy2019/ HTTP/1.1" 404 36234 "-" "Mozilla/5.0 (Windows NT 10.0; Win64; x64) AppleWebKit/537.36 (KHTML, like Gecko) Chrome/91.0.4472.124 Safari/537.36"
37.187.226.30 - - [13/May/2026:07:11:30 +1000] "GET /mobile-casino-deposit-mobile-billing/ HTTP/1.1" 200 40824 "-" "Mozilla/5.0 (compatible; MJ12bot/v1.4.8; http://mj12bot.com/)"
184.73.167.217 - - [13/May/2026:07:11:32 +1000] "GET /wp-json/wp/v2/posts/21554 HTTP/1.1" 200 7533 "-" "Mozilla/5.0 AppleWebKit/537.36 (KHTML, like Gecko; compatible; Amazonbot/0.1; +https://developer.amazon.com/support/amazonbot) Chrome/119.0.6045.214 Safari/537.36"
37.187.226.30 - - [13/May/2026:07:11:33 +1000] "GET /?p=8097 HTTP/1.1" 301 441 "-" "Mozilla/5.0 (compatible; MJ12bot/v1.4.8; http://mj12bot.com/)"
77.237.244.221 - - [13/May/2026:07:11:34 +1000] "GET /academy2020/ HTTP/1.1" 301 665 "-" "Mozilla/5.0 (Windows NT 10.0; Win64; x64) AppleWebKit/537.36 (KHTML, like Gecko) Chrome/91.0.4472.124 Safari/537.36"
77.237.244.221 - - [13/May/2026:07:11:36 +1000] "GET /academy2020/ HTTP/1.1" 404 36234 "-" "Mozilla/5.0 (Windows NT 10.0; Win64; x64) AppleWebKit/537.36 (KHTML, like Gecko) Chrome/91.0.4472.124 Safari/537.36"
52.204.71.8 - - [13/May/2026:07:11:36 +1000] "GET /wp-json/oembed/1.0/embed?format=xml&url=https://www.coridyan.com/leo-vegas-local-casino-50-totally-free-revolves-no-deposit-no-wager-casino-euro-palace-bonus/ HTTP/1.1" 200 2499 "-" "Mozilla/5.0 AppleWebKit/537.36 (KHTML, like Gecko; compatible; Amazonbot/0.1; +https://developer.amazon.com/support/amazonbot) Chrome/119.0.6045.214 Safari/537.36"
52.45.92.83 - - [13/May/2026:07:11:37 +1000] "GET /wp-json/wp/v2/posts/%22https:/www.online-casino-vegas.com/wp-content/uploads/2019/11/Slots-Online-369.jpg/%22 HTTP/1.1" 404 928 "-" "Mozilla/5.0 AppleWebKit/537.36 (KHTML, like Gecko; compatible; Amazonbot/0.1; +https://developer.amazon.com/support/amazonbot) Chrome/119.0.6045.214 Safari/537.36"
37.187.226.30 - - [13/May/2026:07:11:37 +1000] "GET /best-apple-pay-free-spins-on-registration-casino-australia/ HTTP/1.1" 200 41200 "-" "Mozilla/5.0 (compatible; MJ12bot/v1.4.8; http://mj12bot.com/)"
77.237.244.221 - - [13/May/2026:07:11:40 +1000] "GET /academy2021/ HTTP/1.1" 301 665 "-" "Mozilla/5.0 (Windows NT 10.0; Win64; x64) AppleWebKit/537.36 (KHTML, like Gecko) Chrome/91.0.4472.124 Safari/537.36"
216.73.217.100 - - [13/May/2026:07:11:40 +1000] "GET /versatility-slots-local-casino-thunderstruck-fixed-casino-50-free-revolves/ HTTP/2" 200 41188 "-" "Mozilla/5.0 AppleWebKit/537.36 (KHTML, like Gecko; compatible; ClaudeBot/1.0; +claudebot@anthropic.com)"
37.187.226.30 - - [13/May/2026:07:11:40 +1000] "GET /?p=8129 HTTP/1.1" 301 408 "-" "Mozilla/5.0 (compatible; MJ12bot/v1.4.8; http://mj12bot.com/)"
35.174.141.243 - - [13/May/2026:07:11:40 +1000] "GET /wp-json/oembed/1.0/embed?url=https://www.coridyan.com/finest-play-real-money-pokies-on-line-casino-australian-continent-2026-greatest-a-real-income-pokies-websites-to-possess-fast-pay-outs-on-line-casino-australia/ HTTP/1.1" 200 2485 "-" "Mozilla/5.0 AppleWebKit/537.36 (KHTML, like Gecko; compatible; Amazonbot/0.1; +https://developer.amazon.com/support/amazonbot) Chrome/119.0.6045.214 Safari/537.36"
34.225.87.80 - - [13/May/2026:07:11:42 +1000] "GET /wp-json/wp/v2/posts/%22https:/bettingplanet.com/wp-content/uploads/2022/09/Legends-Bay-Casino-1024x683.jpeg/%22 HTTP/1.1" 404 928 "-" "Mozilla/5.0 AppleWebKit/537.36 (KHTML, like Gecko; compatible; Amazonbot/0.1; +https://developer.amazon.com/support/amazonbot) Chrome/119.0.6045.214 Safari/537.36"
77.237.244.221 - - [13/May/2026:07:11:43 +1000] "GET /academy2021/ HTTP/1.1" 404 36234 "-" "Mozilla/5.0 (Windows NT 10.0; Win64; x64) AppleWebKit/537.36 (KHTML, like Gecko) Chrome/91.0.4472.124 Safari/537.36"
52.2.4.213 - - [13/May/2026:07:11:44 +1000] "GET /wp-json/oembed/1.0/embed?url=https://www.coridyan.com/beste-spielsaal-melden-sie-sich-bei-herrn-bet-an-apps-via-echtgeld-2026-im-probe/ HTTP/1.1" 200 2482 "-" "Mozilla/5.0 AppleWebKit/537.36 (KHTML, like Gecko; compatible; Amazonbot/0.1; +https://developer.amazon.com/support/amazonbot) Chrome/119.0.6045.214 Safari/537.36"
37.187.226.30 - - [13/May/2026:07:11:44 +1000] "GET /house-of-fun-slots-casino/ HTTP/1.1" 200 42553 "-" "Mozilla/5.0 (compatible; MJ12bot/v1.4.8; http://mj12bot.com/)"
77.237.244.221 - - [13/May/2026:07:11:47 +1000] "GET /academy2022/ HTTP/1.1" 301 665 "-" "Mozilla/5.0 (Windows NT 10.0; Win64; x64) AppleWebKit/537.36 (KHTML, like Gecko) Chrome/91.0.4472.124 Safari/537.36"
37.187.226.30 - - [13/May/2026:07:11:47 +1000] "GET /?p=8158 HTTP/1.1" 301 423 "-" "Mozilla/5.0 (compatible; MJ12bot/v1.4.8; http://mj12bot.com/)"
44.193.102.198 - - [13/May/2026:07:11:48 +1000] "GET /wp-json/wp/v2/posts/16014 HTTP/1.1" 200 8788 "-" "Mozilla/5.0 AppleWebKit/537.36 (KHTML, like Gecko; compatible; Amazonbot/0.1; +https://developer.amazon.com/support/amazonbot) Chrome/119.0.6045.214 Safari/537.36"
77.237.244.221 - - [13/May/2026:07:11:49 +1000] "GET /academy2022/ HTTP/1.1" 404 36234 "-" "Mozilla/5.0 (Windows NT 10.0; Win64; x64) AppleWebKit/537.36 (KHTML, like Gecko) Chrome/91.0.4472.124 Safari/537.36"
37.187.226.30 - - [13/May/2026:07:11:51 +1000] "GET /deposit-5-play-with-500-casino-australia/ HTTP/1.1" 200 40850 "-" "Mozilla/5.0 (compatible; MJ12bot/v1.4.8; http://mj12bot.com/)"
54.235.172.96 - - [13/May/2026:07:11:52 +1000] "GET /physalis-alkekengi-franchetii-gnome-zwergige-blasenkirsche-gnome-bewertung/ HTTP/1.1" 200 41904 "-" "Mozilla/5.0 AppleWebKit/537.36 (KHTML, like Gecko; compatible; Amazonbot/0.1; +https://developer.amazon.com/support/amazonbot) Chrome/119.0.6045.214 Safari/537.36"
3.90.73.206 - - [13/May/2026:07:11:53 +1000] "GET /wp-json/wp/v2/posts/%22https:/thumbnails.trvl-media.com/QH1t7Deef7hivlRo69tNVHXvxLM=/773x530/smart/filters:quality(60)/images.trvl-media.com/hotels/1000000/210000/200800/200710/96a2ab89_z.jpg/%22 HTTP/1.1" 404 928 "-" "Mozilla/5.0 AppleWebKit/537.36 (KHTML, like Gecko; compatible; Amazonbot/0.1; +https://developer.amazon.com/support/amazonbot) Chrome/119.0.6045.214 Safari/537.36"
77.237.244.221 - - [13/May/2026:07:11:53 +1000] "GET /academy2023/ HTTP/1.1" 301 665 "-" "Mozilla/5.0 (Windows NT 10.0; Win64; x64) AppleWebKit/537.36 (KHTML, like Gecko) Chrome/91.0.4472.124 Safari/537.36"
37.187.226.30 - - [13/May/2026:07:11:54 +1000] "GET /?p=8160 HTTP/1.1" 301 413 "-" "Mozilla/5.0 (compatible; MJ12bot/v1.4.8; http://mj12bot.com/)"
54.84.161.62 - - [13/May/2026:07:11:56 +1000] "GET /wp-json/oembed/1.0/embed?url=https://www.coridyan.com/ninja-online-casino-instadebit-conditions-and-terms/ HTTP/1.1" 200 2370 "-" "Mozilla/5.0 AppleWebKit/537.36 (KHTML, like Gecko; compatible; Amazonbot/0.1; +https://developer.amazon.com/support/amazonbot) Chrome/119.0.6045.214 Safari/537.36"
77.237.244.221 - - [13/May/2026:07:11:56 +1000] "GET /academy2023/ HTTP/1.1" 404 36234 "-" "Mozilla/5.0 (Windows NT 10.0; Win64; x64) AppleWebKit/537.36 (KHTML, like Gecko) Chrome/91.0.4472.124 Safari/537.36"
37.187.226.30 - - [13/May/2026:07:11:58 +1000] "GET /best-new-bingo-sites-australia/ HTTP/1.1" 200 40835 "-" "Mozilla/5.0 (compatible; MJ12bot/v1.4.8; http://mj12bot.com/)"
77.237.244.221 - - [13/May/2026:07:11:59 +1000] "GET /academy2024/ HTTP/1.1" 301 665 "-" "Mozilla/5.0 (Windows NT 10.0; Win64; x64) AppleWebKit/537.36 (KHTML, like Gecko) Chrome/91.0.4472.124 Safari/537.36"
52.3.155.146 - - [13/May/2026:07:12:00 +1000] "GET /wp-json/oembed/1.0/embed?url=https://www.coridyan.com/finest-casinos-on-the-internet-inside-2026-finest-a-real-income-websites-in-queen-of-the-nile-poker-machine-free-download-the-us/ HTTP/1.1" 200 2412 "-" "Mozilla/5.0 AppleWebKit/537.36 (KHTML, like Gecko; compatible; Amazonbot/0.1; +https://developer.amazon.com/support/amazonbot) Chrome/119.0.6045.214 Safari/537.36"
37.187.226.30 - - [13/May/2026:07:12:01 +1000] "GET /?p=8171 HTTP/1.1" 301 420 "-" "Mozilla/5.0 (compatible; MJ12bot/v1.4.8; http://mj12bot.com/)"
77.237.244.221 - - [13/May/2026:07:12:02 +1000] "GET /academy2024/ HTTP/1.1" 404 36245 "-" "Mozilla/5.0 (Windows NT 10.0; Win64; x64) AppleWebKit/537.36 (KHTML, like Gecko) Chrome/91.0.4472.124 Safari/537.36"
18.214.138.148 - - [13/May/2026:07:12:05 +1000] "GET /wp-json/oembed/1.0/embed?url=https://www.coridyan.com/casino-troll-hunters-onlinekasino-extra-utan-insattning-100-insattningsfria/ HTTP/1.1" 200 2448 "-" "Mozilla/5.0 AppleWebKit/537.36 (KHTML, like Gecko; compatible; Amazonbot/0.1; +https://developer.amazon.com/support/amazonbot) Chrome/119.0.6045.214 Safari/537.36"
192.178.4.102 - - [13/May/2026:07:12:04 +1000] "GET /content.php?product/48139426 HTTP/1.1" 200 28963 "-" "Mozilla/5.0 (Linux; Android 6.0.1; Nexus 5X Build/MMB29P) AppleWebKit/537.36 (KHTML, like Gecko) Chrome/147.0.7727.137 Mobile Safari/537.36 (compatible; GoogleOther)"
77.237.244.221 - - [13/May/2026:07:12:06 +1000] "GET /acellemail/ HTTP/1.1" 301 664 "-" "Mozilla/5.0 (Windows NT 10.0; Win64; x64) AppleWebKit/537.36 (KHTML, like Gecko) Chrome/91.0.4472.124 Safari/537.36"
37.187.226.30 - - [13/May/2026:07:12:06 +1000] "GET /online-slots-cashable-bonus-australia/ HTTP/1.1" 200 40595 "-" "Mozilla/5.0 (compatible; MJ12bot/v1.4.8; http://mj12bot.com/)"
98.82.38.120 - - [13/May/2026:07:12:08 +1000] "GET /wp-json/wp/v2/posts/29529 HTTP/1.1" 200 6876 "-" "Mozilla/5.0 AppleWebKit/537.36 (KHTML, like Gecko; compatible; Amazonbot/0.1; +https://developer.amazon.com/support/amazonbot) Chrome/119.0.6045.214 Safari/537.36"
77.237.244.221 - - [13/May/2026:07:12:08 +1000] "GET /acellemail/ HTTP/1.1" 404 36234 "-" "Mozilla/5.0 (Windows NT 10.0; Win64; x64) AppleWebKit/537.36 (KHTML, like Gecko) Chrome/91.0.4472.124 Safari/537.36"
37.187.226.30 - - [13/May/2026:07:12:09 +1000] "GET /?p=8178 HTTP/1.1" 301 413 "-" "Mozilla/5.0 (compatible; MJ12bot/v1.4.8; http://mj12bot.com/)"
77.237.244.221 - - [13/May/2026:07:12:12 +1000] "GET /stripe-php/ HTTP/1.1" 301 664 "-" "Mozilla/5.0 (Windows NT 10.0; Win64; x64) AppleWebKit/537.36 (KHTML, like Gecko) Chrome/91.0.4472.124 Safari/537.36"
3.229.95.193 - - [13/May/2026:07:12:12 +1000] "GET /wp-json/wp/v2/posts/28780 HTTP/1.1" 200 8398 "-" "Mozilla/5.0 AppleWebKit/537.36 (KHTML, like Gecko; compatible; Amazonbot/0.1; +https://developer.amazon.com/support/amazonbot) Chrome/119.0.6045.214 Safari/537.36"
3.227.180.70 - - [13/May/2026:07:12:13 +1000] "GET /wp-json/wp/v2/posts/%22https:/www.top10casinos.com/images/bonus-lucky-admiral-e-21310.png/%22 HTTP/1.1" 404 928 "-" "Mozilla/5.0 AppleWebKit/537.36 (KHTML, like Gecko; compatible; Amazonbot/0.1; +https://developer.amazon.com/support/amazonbot) Chrome/119.0.6045.214 Safari/537.36"
37.187.226.30 - - [13/May/2026:07:12:13 +1000] "GET /free-mythology-slots-australia/ HTTP/1.1" 200 40672 "-" "Mozilla/5.0 (compatible; MJ12bot/v1.4.8; http://mj12bot.com/)"
77.237.244.221 - - [13/May/2026:07:12:15 +1000] "GET /stripe-php/ HTTP/1.1" 404 36234 "-" "Mozilla/5.0 (Windows NT 10.0; Win64; x64) AppleWebKit/537.36 (KHTML, like Gecko) Chrome/91.0.4472.124 Safari/537.36"
37.187.226.30 - - [13/May/2026:07:12:16 +1000] "GET /?p=8196 HTTP/1.1" 301 423 "-" "Mozilla/5.0 (compatible; MJ12bot/v1.4.8; http://mj12bot.com/)"
54.235.172.96 - - [13/May/2026:07:12:17 +1000] "GET /wp-json/wp/v2/posts/51827 HTTP/1.1" 200 9108 "-" "Mozilla/5.0 AppleWebKit/537.36 (KHTML, like Gecko; compatible; Amazonbot/0.1; +https://developer.amazon.com/support/amazonbot) Chrome/119.0.6045.214 Safari/537.36"
98.80.130.239 - - [13/May/2026:07:12:17 +1000] "GET /wp-json/wp/v2/posts/%22https:/kingcasinobonus.uk/wp-content/uploads/2022/05/Victoria-Gate-Casino-Review-1024x576.jpg/%22 HTTP/1.1" 404 928 "-" "Mozilla/5.0 AppleWebKit/537.36 (KHTML, like Gecko; compatible; Amazonbot/0.1; +https://developer.amazon.com/support/amazonbot) Chrome/119.0.6045.214 Safari/537.36"
77.237.244.221 - - [13/May/2026:07:12:19 +1000] "GET /symfony/ HTTP/1.1" 301 661 "-" "Mozilla/5.0 (Windows NT 10.0; Win64; x64) AppleWebKit/537.36 (KHTML, like Gecko) Chrome/91.0.4472.124 Safari/537.36"
23.21.228.180 - - [13/May/2026:07:12:20 +1000] "GET /wp-json/oembed/1.0/embed?format=xml&url=https://www.coridyan.com/echtgeld-casinos-2026-tagesordnungspunkt-ernahrer-qua-echtem-payout-pyramid-plunder-casino-spiel-inoffizieller-mitarbeiter-untersuchung/ HTTP/1.1" 200 2507 "-" "Mozilla/5.0 AppleWebKit/537.36 (KHTML, like Gecko; compatible; Amazonbot/0.1; +https://developer.amazon.com/support/amazonbot) Chrome/119.0.6045.214 Safari/537.36"
37.187.226.30 - - [13/May/2026:07:12:20 +1000] "GET /5-free-spins-no-wagering-slots-australia/ HTTP/1.1" 200 41014 "-" "Mozilla/5.0 (compatible; MJ12bot/v1.4.8; http://mj12bot.com/)"
216.73.217.100 - - [13/May/2026:07:12:21 +1000] "GET /biggest-many-slot-modern-jackpot-557163-gamble-on-the-internet-free-of-charge-or-a-real-income/feed/ HTTP/2" 200 1012 "-" "Mozilla/5.0 AppleWebKit/537.36 (KHTML, like Gecko; compatible; ClaudeBot/1.0; +claudebot@anthropic.com)"
77.237.244.221 - - [13/May/2026:07:12:21 +1000] "GET /symfony/ HTTP/1.1" 404 36234 "-" "Mozilla/5.0 (Windows NT 10.0; Win64; x64) AppleWebKit/537.36 (KHTML, like Gecko) Chrome/91.0.4472.124 Safari/537.36"
37.187.226.30 - - [13/May/2026:07:12:24 +1000] "GET /?p=8218 HTTP/1.1" 301 411 "-" "Mozilla/5.0 (compatible; MJ12bot/v1.4.8; http://mj12bot.com/)"
34.206.212.24 - - [13/May/2026:07:12:24 +1000] "GET /wp-json/wp/v2/posts/51829 HTTP/1.1" 200 9161 "-" "Mozilla/5.0 AppleWebKit/537.36 (KHTML, like Gecko; compatible; Amazonbot/0.1; +https://developer.amazon.com/support/amazonbot) Chrome/119.0.6045.214 Safari/537.36"
77.237.244.221 - - [13/May/2026:07:12:24 +1000] "GET /profiles/ HTTP/1.1" 301 662 "-" "Mozilla/5.0 (Windows NT 10.0; Win64; x64) AppleWebKit/537.36 (KHTML, like Gecko) Chrome/91.0.4472.124 Safari/537.36"
54.210.155.69 - - [13/May/2026:07:12:25 +1000] "GET /wp-json/wp/v2/posts/%22https:/pbs.twimg.com/media/C-Vp55gXgAAtLtL.jpg/%22 HTTP/1.1" 404 928 "-" "Mozilla/5.0 AppleWebKit/537.36 (KHTML, like Gecko; compatible; Amazonbot/0.1; +https://developer.amazon.com/support/amazonbot) Chrome/119.0.6045.214 Safari/537.36"
77.237.244.221 - - [13/May/2026:07:12:27 +1000] "GET /profiles/ HTTP/1.1" 404 36234 "-" "Mozilla/5.0 (Windows NT 10.0; Win64; x64) AppleWebKit/537.36 (KHTML, like Gecko) Chrome/91.0.4472.124 Safari/537.36"
37.187.226.30 - - [13/May/2026:07:12:27 +1000] "GET /cashing-online-casino-checks/ HTTP/1.1" 200 40693 "-" "Mozilla/5.0 (compatible; MJ12bot/v1.4.8; http://mj12bot.com/)"
3.93.98.99 - - [13/May/2026:07:12:29 +1000] "GET /wp-json/oembed/1.0/embed?url=https://www.coridyan.com/dragons-hoard-awaits-royalgame-app-spin-the-fresh-mythical-reels-of-five-dragons-ports-saga/ HTTP/1.1" 200 2437 "-" "Mozilla/5.0 AppleWebKit/537.36 (KHTML, like Gecko; compatible; Amazonbot/0.1; +https://developer.amazon.com/support/amazonbot) Chrome/119.0.6045.214 Safari/537.36"
77.237.244.221 - - [13/May/2026:07:12:31 +1000] "GET /UserFiles/ HTTP/1.1" 301 663 "-" "Mozilla/5.0 (Windows NT 10.0; Win64; x64) AppleWebKit/537.36 (KHTML, like Gecko) Chrome/91.0.4472.124 Safari/537.36"
37.187.226.30 - - [13/May/2026:07:12:31 +1000] "GET /?p=8237 HTTP/1.1" 301 423 "-" "Mozilla/5.0 (compatible; MJ12bot/v1.4.8; http://mj12bot.com/)"
52.207.47.227 - - [13/May/2026:07:12:32 +1000] "GET /author/admlnlx/page/1723/ HTTP/1.1" 200 40856 "-" "Mozilla/5.0 AppleWebKit/537.36 (KHTML, like Gecko; compatible; Amazonbot/0.1; +https://developer.amazon.com/support/amazonbot) Chrome/119.0.6045.214 Safari/537.36"
77.237.244.221 - - [13/May/2026:07:12:34 +1000] "GET /UserFiles/ HTTP/1.1" 404 36245 "-" "Mozilla/5.0 (Windows NT 10.0; Win64; x64) AppleWebKit/537.36 (KHTML, like Gecko) Chrome/91.0.4472.124 Safari/537.36"
37.187.226.30 - - [13/May/2026:07:12:35 +1000] "GET /casinia-casino-free-spins-for-au-players/ HTTP/1.1" 200 40793 "-" "Mozilla/5.0 (compatible; MJ12bot/v1.4.8; http://mj12bot.com/)"
3.232.82.72 - - [13/May/2026:07:12:36 +1000] "GET /wp-json/oembed/1.0/embed?format=xml&url=https://www.coridyan.com/staying-safe-while-playing-at-casino-online-non-aams-guida-alla-scelta-del-miglior-sito-9/ HTTP/1.1" 200 2318 "-" "Mozilla/5.0 AppleWebKit/537.36 (KHTML, like Gecko; compatible; Amazonbot/0.1; +https://developer.amazon.com/support/amazonbot) Chrome/119.0.6045.214 Safari/537.36"
77.237.244.221 - - [13/May/2026:07:12:38 +1000] "GET /js_dash/ HTTP/1.1" 301 661 "-" "Mozilla/5.0 (Windows NT 10.0; Win64; x64) AppleWebKit/537.36 (KHTML, like Gecko) Chrome/91.0.4472.124 Safari/537.36"
37.187.226.30 - - [13/May/2026:07:12:39 +1000] "GET /?p=8274 HTTP/1.1" 301 425 "-" "Mozilla/5.0 (compatible; MJ12bot/v1.4.8; http://mj12bot.com/)"
52.6.5.24 - - [13/May/2026:07:12:40 +1000] "GET /wp-json/wp/v2/posts/23489 HTTP/1.1" 200 8345 "-" "Mozilla/5.0 AppleWebKit/537.36 (KHTML, like Gecko; compatible; Amazonbot/0.1; +https://developer.amazon.com/support/amazonbot) Chrome/119.0.6045.214 Safari/537.36"
77.237.244.221 - - [13/May/2026:07:12:41 +1000] "GET /js_dash/ HTTP/1.1" 404 36245 "-" "Mozilla/5.0 (Windows NT 10.0; Win64; x64) AppleWebKit/537.36 (KHTML, like Gecko) Chrome/91.0.4472.124 Safari/537.36"
192.178.4.100 - - [13/May/2026:07:12:41 +1000] "GET /content.php?product/110694466 HTTP/1.1" 200 28867 "-" "Mozilla/5.0 (Linux; Android 6.0.1; Nexus 5X Build/MMB29P) AppleWebKit/537.36 (KHTML, like Gecko) Chrome/147.0.7727.137 Mobile Safari/537.36 (compatible; GoogleOther)"
216.73.217.100 - - [13/May/2026:07:12:43 +1000] "GET /greatest-casinos-on-the-internet-australian-continent-the-real-deal-currency-fool-around-with-aud/ HTTP/2" 200 40450 "-" "Mozilla/5.0 AppleWebKit/537.36 (KHTML, like Gecko; compatible; ClaudeBot/1.0; +claudebot@anthropic.com)"
37.187.226.30 - - [13/May/2026:07:12:43 +1000] "GET /volcanobet-casino-free-money-no-deposit-au/ HTTP/1.1" 200 40820 "-" "Mozilla/5.0 (compatible; MJ12bot/v1.4.8; http://mj12bot.com/)"
184.72.84.154 - - [13/May/2026:07:12:44 +1000] "GET /wp-json/oembed/1.0/embed?url=https://www.coridyan.com/spiele-mobile-divine-fortune-kostenlose-80-spins-slots-und-spiele-immerdar/ HTTP/1.1" 200 2442 "-" "Mozilla/5.0 AppleWebKit/537.36 (KHTML, like Gecko; compatible; Amazonbot/0.1; +https://developer.amazon.com/support/amazonbot) Chrome/119.0.6045.214 Safari/537.36"
77.237.244.221 - - [13/May/2026:07:12:45 +1000] "GET /usersfiles/ HTTP/1.1" 301 664 "-" "Mozilla/5.0 (Windows NT 10.0; Win64; x64) AppleWebKit/537.36 (KHTML, like Gecko) Chrome/91.0.4472.124 Safari/537.36"
44.209.35.147 - - [13/May/2026:07:12:45 +1000] "GET /wp-json/wp/v2/posts/%22https:/www.askgamblers.com/uploads/game_screenshots/gamereview_screenshot2/48/ce/36/8a61de1ea4fc0e99ccc2b09a4d7681d7e4/lord-of-luck-slot-ct-gaming-interactive.jpg/%22 HTTP/1.1" 404 928 "-" "Mozilla/5.0 AppleWebKit/537.36 (KHTML, like Gecko; compatible; Amazonbot/0.1; +https://developer.amazon.com/support/amazonbot) Chrome/119.0.6045.214 Safari/537.36"
37.187.226.30 - - [13/May/2026:07:12:47 +1000] "GET /?p=8276 HTTP/1.1" 301 405 "-" "Mozilla/5.0 (compatible; MJ12bot/v1.4.8; http://mj12bot.com/)"
77.237.244.221 - - [13/May/2026:07:12:47 +1000] "GET /usersfiles/ HTTP/1.1" 404 36234 "-" "Mozilla/5.0 (Windows NT 10.0; Win64; x64) AppleWebKit/537.36 (KHTML, like Gecko) Chrome/91.0.4472.124 Safari/537.36"
3.94.157.25 - - [13/May/2026:07:12:49 +1000] "GET /wp-json/oembed/1.0/embed?format=xml&url=https://www.coridyan.com/thunderstruck-slots-happy-quantity-paypal-listing-interesting-casino-mywin24-mobile-viking-determined-ports/ HTTP/1.1" 200 2476 "-" "Mozilla/5.0 AppleWebKit/537.36 (KHTML, like Gecko; compatible; Amazonbot/0.1; +https://developer.amazon.com/support/amazonbot) Chrome/119.0.6045.214 Safari/537.36"
77.237.244.221 - - [13/May/2026:07:12:52 +1000] "GET /server/ HTTP/1.1" 301 660 "-" "Mozilla/5.0 (Windows NT 10.0; Win64; x64) AppleWebKit/537.36 (KHTML, like Gecko) Chrome/91.0.4472.124 Safari/537.36"
37.187.226.30 - - [13/May/2026:07:12:51 +1000] "GET /winner-bingo-australia/ HTTP/1.1" 200 41076 "-" "Mozilla/5.0 (compatible; MJ12bot/v1.4.8; http://mj12bot.com/)"
216.73.217.100 - - [13/May/2026:07:12:52 +1000] "GET /po-kakomu-principu-dejstvujut-strahovye-dublikaty-8/feed/ HTTP/2" 200 920 "-" "Mozilla/5.0 AppleWebKit/537.36 (KHTML, like Gecko; compatible; ClaudeBot/1.0; +claudebot@anthropic.com)"
37.187.226.30 - - [13/May/2026:07:12:55 +1000] "GET /?p=8316 HTTP/1.1" 301 423 "-" "Mozilla/5.0 (compatible; MJ12bot/v1.4.8; http://mj12bot.com/)"
77.237.244.221 - - [13/May/2026:07:12:54 +1000] "GET /server/ HTTP/1.1" 404 36245 "-" "Mozilla/5.0 (Windows NT 10.0; Win64; x64) AppleWebKit/537.36 (KHTML, like Gecko) Chrome/91.0.4472.124 Safari/537.36"
52.1.157.90 - - [13/May/2026:07:12:52 +1000] "GET /author/admlnlx/page/1473/ HTTP/1.1" 200 41473 "-" "Mozilla/5.0 AppleWebKit/537.36 (KHTML, like Gecko; compatible; Amazonbot/0.1; +https://developer.amazon.com/support/amazonbot) Chrome/119.0.6045.214 Safari/537.36"
77.237.244.221 - - [13/May/2026:07:12:59 +1000] "GET /jscript/ HTTP/1.1" 301 661 "-" "Mozilla/5.0 (Windows NT 10.0; Win64; x64) AppleWebKit/537.36 (KHTML, like Gecko) Chrome/91.0.4472.124 Safari/537.36"
37.187.226.30 - - [13/May/2026:07:12:59 +1000] "GET /best-no-minimum-deposit-casino-australia/ HTTP/1.1" 200 40951 "-" "Mozilla/5.0 (compatible; MJ12bot/v1.4.8; http://mj12bot.com/)"
85.208.96.203 - - [13/May/2026:07:13:01 +1000] "GET /strategie-gagnante-comment-choisir-les-slots-avec-le-meilleur-rtp-et-les-jackpots-les-plus-lucratifs-en-igaming/ HTTP/1.1" 404 36208 "-" "Mozilla/5.0 (compatible; SemrushBot/7~bl; +http://www.semrush.com/bot.html)"
77.237.244.221 - - [13/May/2026:07:13:02 +1000] "GET /jscript/ HTTP/1.1" 404 36245 "-" "Mozilla/5.0 (Windows NT 10.0; Win64; x64) AppleWebKit/537.36 (KHTML, like Gecko) Chrome/91.0.4472.124 Safari/537.36"
216.73.217.100 - - [13/May/2026:07:13:02 +1000] "GET /?p=76929 HTTP/2" 301 0 "-" "Mozilla/5.0 AppleWebKit/537.36 (KHTML, like Gecko; compatible; ClaudeBot/1.0; +claudebot@anthropic.com)"
37.187.226.30 - - [13/May/2026:07:13:03 +1000] "GET /?p=8365 HTTP/1.1" 301 436 "-" "Mozilla/5.0 (compatible; MJ12bot/v1.4.8; http://mj12bot.com/)"
216.73.217.100 - - [13/May/2026:07:13:04 +1000] "GET /po-kakomu-principu-dejstvujut-strahovye-dublikaty-8/ HTTP/2" 200 48237 "https://www.coridyan.com/?p=76929" "Mozilla/5.0 AppleWebKit/537.36 (KHTML, like Gecko; compatible; ClaudeBot/1.0; +claudebot@anthropic.com)"
77.237.244.221 - - [13/May/2026:07:13:06 +1000] "GET /__static/ HTTP/1.1" 301 662 "-" "Mozilla/5.0 (Windows NT 10.0; Win64; x64) AppleWebKit/537.36 (KHTML, like Gecko) Chrome/91.0.4472.124 Safari/537.36"
37.187.226.30 - - [13/May/2026:07:13:07 +1000] "GET /best-american-express-casino-cashable-bonus-australia/ HTTP/1.1" 200 40842 "-" "Mozilla/5.0 (compatible; MJ12bot/v1.4.8; http://mj12bot.com/)"
57.141.14.98 - - [13/May/2026:07:13:08 +1000] "GET /products/detail/60853429 HTTP/2" 404 137739 "-" "meta-externalagent/1.1 (+https://developers.facebook.com/docs/sharing/webmasters/crawler)"
18.205.91.101 - - [13/May/2026:07:13:08 +1000] "GET /page/4256/ HTTP/1.1" 200 39654 "-" "Mozilla/5.0 AppleWebKit/537.36 (KHTML, like Gecko; compatible; Amazonbot/0.1; +https://developer.amazon.com/support/amazonbot) Chrome/119.0.6045.214 Safari/537.36"
77.237.244.221 - - [13/May/2026:07:13:09 +1000] "GET /__static/ HTTP/1.1" 404 36245 "-" "Mozilla/5.0 (Windows NT 10.0; Win64; x64) AppleWebKit/537.36 (KHTML, like Gecko) Chrome/91.0.4472.124 Safari/537.36"
37.187.226.30 - - [13/May/2026:07:13:11 +1000] "GET /?p=8433 HTTP/1.1" 301 419 "-" "Mozilla/5.0 (compatible; MJ12bot/v1.4.8; http://mj12bot.com/)"
77.237.244.221 - - [13/May/2026:07:13:13 +1000] "GET /builder/ HTTP/1.1" 301 683 "-" "Mozilla/5.0 (Windows NT 10.0; Win64; x64) AppleWebKit/537.36 (KHTML, like Gecko) Chrome/91.0.4472.124 Safari/537.36"
37.187.226.30 - - [13/May/2026:07:13:15 +1000] "GET /lizaro-casino-no-deposit-bonus-codes/ HTTP/1.1" 200 40825 "-" "Mozilla/5.0 (compatible; MJ12bot/v1.4.8; http://mj12bot.com/)"
77.237.244.221 - - [13/May/2026:07:13:15 +1000] "GET /builders-of-american-roulette/ HTTP/1.1" 200 40855 "-" "Mozilla/5.0 (Windows NT 10.0; Win64; x64) AppleWebKit/537.36 (KHTML, like Gecko) Chrome/91.0.4472.124 Safari/537.36"
37.187.226.30 - - [13/May/2026:07:13:18 +1000] "GET /?p=8451 HTTP/1.1" 301 414 "-" "Mozilla/5.0 (compatible; MJ12bot/v1.4.8; http://mj12bot.com/)"
77.237.244.221 - - [13/May/2026:07:13:19 +1000] "GET /criteria/ HTTP/1.1" 301 662 "-" "Mozilla/5.0 (Windows NT 10.0; Win64; x64) AppleWebKit/537.36 (KHTML, like Gecko) Chrome/91.0.4472.124 Safari/537.36"
192.178.4.100 - - [13/May/2026:07:13:19 +1000] "GET /content.php?product/88754770 HTTP/1.1" 200 28220 "-" "Mozilla/5.0 (Linux; Android 6.0.1; Nexus 5X Build/MMB29P) AppleWebKit/537.36 (KHTML, like Gecko) Chrome/147.0.7727.137 Mobile Safari/537.36 (compatible; GoogleOther)"
77.237.244.221 - - [13/May/2026:07:13:22 +1000] "GET /criteria/ HTTP/1.1" 404 36245 "-" "Mozilla/5.0 (Windows NT 10.0; Win64; x64) AppleWebKit/537.36 (KHTML, like Gecko) Chrome/91.0.4472.124 Safari/537.36"
37.187.226.30 - - [13/May/2026:07:13:22 +1000] "GET /best-intouch-games-casino-sites/ HTTP/1.1" 200 40808 "-" "Mozilla/5.0 (compatible; MJ12bot/v1.4.8; http://mj12bot.com/)"
3.89.170.186 - - [13/May/2026:07:13:21 +1000] "GET /author/admlnlx/page/1703/ HTTP/1.1" 200 41365 "-" "Mozilla/5.0 AppleWebKit/537.36 (KHTML, like Gecko; compatible; Amazonbot/0.1; +https://developer.amazon.com/support/amazonbot) Chrome/119.0.6045.214 Safari/537.36"
77.237.244.221 - - [13/May/2026:07:13:26 +1000] "GET /include/ HTTP/1.1" 301 725 "-" "Mozilla/5.0 (Windows NT 10.0; Win64; x64) AppleWebKit/537.36 (KHTML, like Gecko) Chrome/91.0.4472.124 Safari/537.36"
37.187.226.30 - - [13/May/2026:07:13:26 +1000] "GET /?p=8474 HTTP/1.1" 301 417 "-" "Mozilla/5.0 (compatible; MJ12bot/v1.4.8; http://mj12bot.com/)"
192.178.4.100 - - [13/May/2026:07:13:25 +1000] "GET /comment.php?products/construction-boots/17639523/ HTTP/1.1" 200 35060 "-" "Mozilla/5.0 (Linux; Android 6.0.1; Nexus 5X Build/MMB29P) AppleWebKit/537.36 (KHTML, like Gecko) Chrome/147.0.7727.137 Mobile Safari/537.36 (compatible; Googlebot/2.1; +http://www.google.com/bot.html)"
57.141.14.34 - - [13/May/2026:07:13:27 +1000] "GET /products/detail/68020012 HTTP/2" 404 137739 "-" "meta-externalagent/1.1 (+https://developers.facebook.com/docs/sharing/webmasters/crawler)"
77.237.244.221 - - [13/May/2026:07:13:29 +1000] "GET /include-bucks-together-with-wheel-of-fortune-slot-free-spins-your-cards/ HTTP/1.1" 200 42258 "-" "Mozilla/5.0 (Windows NT 10.0; Win64; x64) AppleWebKit/537.36 (KHTML, like Gecko) Chrome/91.0.4472.124 Safari/537.36"
37.187.226.30 - - [13/May/2026:07:13:30 +1000] "GET /deposit-30-crypto-casino-australia/ HTTP/1.1" 200 40729 "-" "Mozilla/5.0 (compatible; MJ12bot/v1.4.8; http://mj12bot.com/)"
77.237.244.221 - - [13/May/2026:07:13:34 +1000] "GET /cgi-bin/ HTTP/1.1" 403 1886 "-" "Mozilla/5.0 (Windows NT 10.0; Win64; x64) AppleWebKit/537.36 (KHTML, like Gecko) Chrome/91.0.4472.124 Safari/537.36"
37.187.226.30 - - [13/May/2026:07:13:34 +1000] "GET /?p=8491 HTTP/1.1" 301 414 "-" "Mozilla/5.0 (compatible; MJ12bot/v1.4.8; http://mj12bot.com/)"
57.141.14.110 - - [13/May/2026:07:13:34 +1000] "GET /products/detail/56929519 HTTP/2" 404 137739 "-" "meta-externalagent/1.1 (+https://developers.facebook.com/docs/sharing/webmasters/crawler)"
77.237.244.221 - - [13/May/2026:07:13:35 +1000] "GET /medias/ HTTP/1.1" 301 660 "-" "Mozilla/5.0 (Windows NT 10.0; Win64; x64) AppleWebKit/537.36 (KHTML, like Gecko) Chrome/91.0.4472.124 Safari/537.36"
77.237.244.221 - - [13/May/2026:07:13:38 +1000] "GET /medias/ HTTP/1.1" 404 36234 "-" "Mozilla/5.0 (Windows NT 10.0; Win64; x64) AppleWebKit/537.36 (KHTML, like Gecko) Chrome/91.0.4472.124 Safari/537.36"
37.187.226.30 - - [13/May/2026:07:13:38 +1000] "GET /topbet9-casino-no-deposit-bonus/ HTTP/1.1" 200 41013 "-" "Mozilla/5.0 (compatible; MJ12bot/v1.4.8; http://mj12bot.com/)"
77.237.244.221 - - [13/May/2026:07:13:42 +1000] "GET /download/ HTTP/1.1" 301 683 "-" "Mozilla/5.0 (Windows NT 10.0; Win64; x64) AppleWebKit/537.36 (KHTML, like Gecko) Chrome/91.0.4472.124 Safari/537.36"
37.187.226.30 - - [13/May/2026:07:13:42 +1000] "GET /?p=8494 HTTP/1.1" 301 423 "-" "Mozilla/5.0 (compatible; MJ12bot/v1.4.8; http://mj12bot.com/)"
77.237.244.221 - - [13/May/2026:07:13:44 +1000] "GET /download-australia-bingo-game/ HTTP/1.1" 200 41004 "-" "Mozilla/5.0 (Windows NT 10.0; Win64; x64) AppleWebKit/537.36 (KHTML, like Gecko) Chrome/91.0.4472.124 Safari/537.36"
37.187.226.30 - - [13/May/2026:07:13:46 +1000] "GET /best-free-online-slots-to-win-real-money/ HTTP/1.1" 200 41069 "-" "Mozilla/5.0 (compatible; MJ12bot/v1.4.8; http://mj12bot.com/)"
77.237.244.221 - - [13/May/2026:07:13:48 +1000] "GET /admin/modules/ HTTP/1.1" 301 667 "-" "Mozilla/5.0 (Windows NT 10.0; Win64; x64) AppleWebKit/537.36 (KHTML, like Gecko) Chrome/91.0.4472.124 Safari/537.36"
3.210.223.61 - - [13/May/2026:07:13:48 +1000] "GET /100-percent-free-spins-no-deposit-2026-1bet-casino-app-iphone-step-1000-extra-spins/ HTTP/1.1" 200 41821 "-" "Mozilla/5.0 AppleWebKit/537.36 (KHTML, like Gecko; compatible; Amazonbot/0.1; +https://developer.amazon.com/support/amazonbot) Chrome/119.0.6045.214 Safari/537.36"
37.187.226.30 - - [13/May/2026:07:13:49 +1000] "GET /?p=8498 HTTP/1.1" 301 414 "-" "Mozilla/5.0 (compatible; MJ12bot/v1.4.8; http://mj12bot.com/)"
77.237.244.221 - - [13/May/2026:07:13:50 +1000] "GET /admin/modules/ HTTP/1.1" 404 36234 "-" "Mozilla/5.0 (Windows NT 10.0; Win64; x64) AppleWebKit/537.36 (KHTML, like Gecko) Chrome/91.0.4472.124 Safari/537.36"
37.187.226.30 - - [13/May/2026:07:13:52 +1000] "GET /buffalobet-casino-welcome-bonus/ HTTP/1.1" 200 41158 "-" "Mozilla/5.0 (compatible; MJ12bot/v1.4.8; http://mj12bot.com/)"
77.237.244.221 - - [13/May/2026:07:13:54 +1000] "GET /bin/ HTTP/1.1" 301 731 "-" "Mozilla/5.0 (Windows NT 10.0; Win64; x64) AppleWebKit/537.36 (KHTML, like Gecko) Chrome/91.0.4472.124 Safari/537.36"
37.187.226.30 - - [13/May/2026:07:13:56 +1000] "GET /?p=8503 HTTP/1.1" 301 400 "-" "Mozilla/5.0 (compatible; MJ12bot/v1.4.8; http://mj12bot.com/)"
77.237.244.221 - - [13/May/2026:07:13:56 +1000] "GET /bing-gamble-understanding-center-google-gamble-mafia-casino-login-mobile-help/ HTTP/1.1" 200 43155 "-" "Mozilla/5.0 (Windows NT 10.0; Win64; x64) AppleWebKit/537.36 (KHTML, like Gecko) Chrome/91.0.4472.124 Safari/537.36"
192.178.4.100 - - [13/May/2026:07:13:56 +1000] "GET /content.php?product/39863602 HTTP/1.1" 200 27780 "-" "Mozilla/5.0 (Linux; Android 6.0.1; Nexus 5X Build/MMB29P) AppleWebKit/537.36 (KHTML, like Gecko) Chrome/147.0.7727.137 Mobile Safari/537.36 (compatible; GoogleOther)"
37.187.226.30 - - [13/May/2026:07:13:59 +1000] "GET /online-casino-api/ HTTP/1.1" 200 40858 "-" "Mozilla/5.0 (compatible; MJ12bot/v1.4.8; http://mj12bot.com/)"
77.237.244.221 - - [13/May/2026:07:14:00 +1000] "GET /file/ HTTP/1.1" 301 699 "-" "Mozilla/5.0 (Windows NT 10.0; Win64; x64) AppleWebKit/537.36 (KHTML, like Gecko) Chrome/91.0.4472.124 Safari/537.36"
37.187.226.30 - - [13/May/2026:07:14:02 +1000] "GET /?p=8509 HTTP/1.1" 301 427 "-" "Mozilla/5.0 (compatible; MJ12bot/v1.4.8; http://mj12bot.com/)"
40.77.167.224 - - [13/May/2026:07:13:34 +1000] "GET /post-sitemap13.xml HTTP/2" 200 12109 "-" "Mozilla/5.0 AppleWebKit/537.36 (KHTML, like Gecko; compatible; bingbot/2.0; +http://www.bing.com/bingbot.htm) Chrome/116.0.1938.76 Safari/537.36"
40.77.167.53 - - [13/May/2026:07:13:29 +1000] "GET /post-sitemap30.xml HTTP/2" 200 43224 "-" "Mozilla/5.0 AppleWebKit/537.36 (KHTML, like Gecko; compatible; bingbot/2.0; +http://www.bing.com/bingbot.htm) Chrome/116.0.1938.76 Safari/537.36"
77.237.244.221 - - [13/May/2026:07:14:03 +1000] "GET /filer-lapsi-lunastaa-voittonsa-large-spinista/ HTTP/1.1" 200 41237 "-" "Mozilla/5.0 (Windows NT 10.0; Win64; x64) AppleWebKit/537.36 (KHTML, like Gecko) Chrome/91.0.4472.124 Safari/537.36"
37.187.226.30 - - [13/May/2026:07:14:06 +1000] "GET /deposit-5-pay-by-phone-bill-casino-australia/ HTTP/1.1" 200 40944 "-" "Mozilla/5.0 (compatible; MJ12bot/v1.4.8; http://mj12bot.com/)"
77.237.244.221 - - [13/May/2026:07:14:07 +1000] "GET /file_uploads/ HTTP/1.1" 301 666 "-" "Mozilla/5.0 (Windows NT 10.0; Win64; x64) AppleWebKit/537.36 (KHTML, like Gecko) Chrome/91.0.4472.124 Safari/537.36"
37.187.226.30 - - [13/May/2026:07:14:09 +1000] "GET /?p=8519 HTTP/1.1" 301 406 "-" "Mozilla/5.0 (compatible; MJ12bot/v1.4.8; http://mj12bot.com/)"
77.237.244.221 - - [13/May/2026:07:14:09 +1000] "GET /file_uploads/ HTTP/1.1" 404 36245 "-" "Mozilla/5.0 (Windows NT 10.0; Win64; x64) AppleWebKit/537.36 (KHTML, like Gecko) Chrome/91.0.4472.124 Safari/537.36"
77.237.244.221 - - [13/May/2026:07:14:13 +1000] "GET /file_upload/ HTTP/1.1" 301 665 "-" "Mozilla/5.0 (Windows NT 10.0; Win64; x64) AppleWebKit/537.36 (KHTML, like Gecko) Chrome/91.0.4472.124 Safari/537.36"
37.187.226.30 - - [13/May/2026:07:14:13 +1000] "GET /3-reel-slots-real-money/ HTTP/1.1" 200 40995 "-" "Mozilla/5.0 (compatible; MJ12bot/v1.4.8; http://mj12bot.com/)"
77.237.244.221 - - [13/May/2026:07:14:15 +1000] "GET /file_upload/ HTTP/1.1" 404 36234 "-" "Mozilla/5.0 (Windows NT 10.0; Win64; x64) AppleWebKit/537.36 (KHTML, like Gecko) Chrome/91.0.4472.124 Safari/537.36"
37.187.226.30 - - [13/May/2026:07:14:16 +1000] "GET /?p=8555 HTTP/1.1" 301 434 "-" "Mozilla/5.0 (compatible; MJ12bot/v1.4.8; http://mj12bot.com/)"
77.237.244.221 - - [13/May/2026:07:14:19 +1000] "GET /common/ HTTP/1.1" 301 673 "-" "Mozilla/5.0 (Windows NT 10.0; Win64; x64) AppleWebKit/537.36 (KHTML, like Gecko) Chrome/91.0.4472.124 Safari/537.36"
37.187.226.30 - - [13/May/2026:07:14:19 +1000] "GET /free-spins-keep-what-you-win-online-bingo-australia/ HTTP/1.1" 200 40912 "-" "Mozilla/5.0 (compatible; MJ12bot/v1.4.8; http://mj12bot.com/)"
77.237.244.221 - - [13/May/2026:07:14:21 +1000] "GET /common-casino-games/ HTTP/1.1" 200 42784 "-" "Mozilla/5.0 (Windows NT 10.0; Win64; x64) AppleWebKit/537.36 (KHTML, like Gecko) Chrome/91.0.4472.124 Safari/537.36"
37.187.226.30 - - [13/May/2026:07:14:23 +1000] "GET /?p=8556 HTTP/1.1" 301 423 "-" "Mozilla/5.0 (compatible; MJ12bot/v1.4.8; http://mj12bot.com/)"
77.237.244.221 - - [13/May/2026:07:14:25 +1000] "GET /ALFA_DATA/ HTTP/1.1" 301 663 "-" "Mozilla/5.0 (Windows NT 10.0; Win64; x64) AppleWebKit/537.36 (KHTML, like Gecko) Chrome/91.0.4472.124 Safari/537.36"
57.141.14.59 - - [13/May/2026:07:14:25 +1000] "GET /products/detail/62984314 HTTP/2" 404 137739 "-" "meta-externalagent/1.1 (+https://developers.facebook.com/docs/sharing/webmasters/crawler)"
37.187.226.30 - - [13/May/2026:07:14:26 +1000] "GET /best-5x-wagering-casino-casino-australia/ HTTP/1.1" 200 40845 "-" "Mozilla/5.0 (compatible; MJ12bot/v1.4.8; http://mj12bot.com/)"
77.237.244.221 - - [13/May/2026:07:14:27 +1000] "GET /ALFA_DATA/ HTTP/1.1" 404 36234 "-" "Mozilla/5.0 (Windows NT 10.0; Win64; x64) AppleWebKit/537.36 (KHTML, like Gecko) Chrome/91.0.4472.124 Safari/537.36"
37.187.226.30 - - [13/May/2026:07:14:30 +1000] "GET /?p=8560 HTTP/1.1" 301 418 "-" "Mozilla/5.0 (compatible; MJ12bot/v1.4.8; http://mj12bot.com/)"
77.237.244.221 - - [13/May/2026:07:14:31 +1000] "GET /filedokumen/ HTTP/1.1" 301 665 "-" "Mozilla/5.0 (Windows NT 10.0; Win64; x64) AppleWebKit/537.36 (KHTML, like Gecko) Chrome/91.0.4472.124 Safari/537.36"
77.237.244.221 - - [13/May/2026:07:14:33 +1000] "GET /filedokumen/ HTTP/1.1" 404 36245 "-" "Mozilla/5.0 (Windows NT 10.0; Win64; x64) AppleWebKit/537.36 (KHTML, like Gecko) Chrome/91.0.4472.124 Safari/537.36"
37.187.226.30 - - [13/May/2026:07:14:33 +1000] "GET /nationalbet-casino-50-free-spins-au/ HTTP/1.1" 200 40769 "-" "Mozilla/5.0 (compatible; MJ12bot/v1.4.8; http://mj12bot.com/)"
192.178.4.100 - - [13/May/2026:07:14:34 +1000] "GET /content.php?product/75671506 HTTP/1.1" 200 28503 "-" "Mozilla/5.0 (Linux; Android 6.0.1; Nexus 5X Build/MMB29P) AppleWebKit/537.36 (KHTML, like Gecko) Chrome/147.0.7727.137 Mobile Safari/537.36 (compatible; GoogleOther)"
77.237.244.221 - - [13/May/2026:07:14:36 +1000] "GET /dokumen/ HTTP/1.1" 301 661 "-" "Mozilla/5.0 (Windows NT 10.0; Win64; x64) AppleWebKit/537.36 (KHTML, like Gecko) Chrome/91.0.4472.124 Safari/537.36"
37.187.226.30 - - [13/May/2026:07:14:37 +1000] "GET /?p=8570 HTTP/1.1" 301 431 "-" "Mozilla/5.0 (compatible; MJ12bot/v1.4.8; http://mj12bot.com/)"
77.237.244.221 - - [13/May/2026:07:14:39 +1000] "GET /dokumen/ HTTP/1.1" 404 36245 "-" "Mozilla/5.0 (Windows NT 10.0; Win64; x64) AppleWebKit/537.36 (KHTML, like Gecko) Chrome/91.0.4472.124 Safari/537.36"
57.141.14.69 - - [13/May/2026:07:14:39 +1000] "GET /products/detail/54590752 HTTP/2" 404 137739 "-" "meta-externalagent/1.1 (+https://developers.facebook.com/docs/sharing/webmasters/crawler)"
40.77.167.224 - - [13/May/2026:07:14:10 +1000] "GET /post-sitemap36.xml HTTP/2" 200 42387 "-" "Mozilla/5.0 AppleWebKit/537.36 (KHTML, like Gecko; compatible; bingbot/2.0; +http://www.bing.com/bingbot.htm) Chrome/116.0.1938.76 Safari/537.36"
37.187.226.30 - - [13/May/2026:07:14:40 +1000] "GET /best-pix-casino-deposit-cashable-bonus-australia/ HTTP/1.1" 200 40995 "-" "Mozilla/5.0 (compatible; MJ12bot/v1.4.8; http://mj12bot.com/)"
77.237.244.221 - - [13/May/2026:07:14:42 +1000] "GET /.well-knownold/ HTTP/1.1" 301 668 "-" "Mozilla/5.0 (Windows NT 10.0; Win64; x64) AppleWebKit/537.36 (KHTML, like Gecko) Chrome/91.0.4472.124 Safari/537.36"
40.77.167.53 - - [13/May/2026:07:14:14 +1000] "GET /post-sitemap37.xml HTTP/2" 200 43538 "-" "Mozilla/5.0 AppleWebKit/537.36 (KHTML, like Gecko; compatible; bingbot/2.0; +http://www.bing.com/bingbot.htm) Chrome/116.0.1938.76 Safari/537.36"
37.187.226.30 - - [13/May/2026:07:14:44 +1000] "GET /?p=8617 HTTP/1.1" 301 415 "-" "Mozilla/5.0 (compatible; MJ12bot/v1.4.8; http://mj12bot.com/)"
77.237.244.221 - - [13/May/2026:07:14:45 +1000] "GET /.well-knownold/ HTTP/1.1" 404 36234 "-" "Mozilla/5.0 (Windows NT 10.0; Win64; x64) AppleWebKit/537.36 (KHTML, like Gecko) Chrome/91.0.4472.124 Safari/537.36"
37.187.226.30 - - [13/May/2026:07:14:47 +1000] "GET /deposit-50-boku-casino-australia/ HTTP/1.1" 200 40796 "-" "Mozilla/5.0 (compatible; MJ12bot/v1.4.8; http://mj12bot.com/)"
77.237.244.221 - - [13/May/2026:07:14:48 +1000] "GET /upload/image/ HTTP/1.1" 301 666 "-" "Mozilla/5.0 (Windows NT 10.0; Win64; x64) AppleWebKit/537.36 (KHTML, like Gecko) Chrome/91.0.4472.124 Safari/537.36"
37.187.226.30 - - [13/May/2026:07:14:51 +1000] "GET /?p=8649 HTTP/1.1" 301 434 "-" "Mozilla/5.0 (compatible; MJ12bot/v1.4.8; http://mj12bot.com/)"
77.237.244.221 - - [13/May/2026:07:14:51 +1000] "GET /upload/image/ HTTP/1.1" 404 36245 "-" "Mozilla/5.0 (Windows NT 10.0; Win64; x64) AppleWebKit/537.36 (KHTML, like Gecko) Chrome/91.0.4472.124 Safari/537.36"
