77.237.244.221 - - [13/May/2026:07:33:55 +1000] "GET /admin/img/ HTTP/1.1" 404 36234 "-" "Mozilla/5.0 (Windows NT 10.0; Win64; x64) AppleWebKit/537.36 (KHTML, like Gecko) Chrome/91.0.4472.124 Safari/537.36"
57.141.14.103 - - [13/May/2026:07:33:56 +1000] "GET /products/detail/62064577 HTTP/2" 404 137739 "-" "meta-externalagent/1.1 (+https://developers.facebook.com/docs/sharing/webmasters/crawler)"
15.235.27.26 - - [13/May/2026:07:33:28 +1000] "GET /post-sitemap4.xml HTTP/2" 200 0 "-" "Mozilla/5.0 (compatible; AhrefsBot/7.0; +http://ahrefs.com/robot/)"
52.167.144.23 - - [13/May/2026:07:33:56 +1000] "GET /best-casinos-online-to-withdraw-without-sending-any-documents-uk/ HTTP/2" 200 40110 "-" "Mozilla/5.0 AppleWebKit/537.36 (KHTML, like Gecko; compatible; bingbot/2.0; +http://www.bing.com/bingbot.htm) Chrome/116.0.1938.76 Safari/537.36"
52.167.144.238 - - [13/May/2026:07:33:58 +1000] "GET /bonus-on-deposit/ HTTP/2" 200 39832 "-" "Mozilla/5.0 AppleWebKit/537.36 (KHTML, like Gecko; compatible; bingbot/2.0; +http://www.bing.com/bingbot.htm) Chrome/116.0.1938.76 Safari/537.36"
52.167.144.23 - - [13/May/2026:07:33:58 +1000] "GET /beste-norske-nettcasinoer-korrekt-her-og-na/ HTTP/2" 200 41978 "-" "Mozilla/5.0 AppleWebKit/537.36 (KHTML, like Gecko; compatible; bingbot/2.0; +http://www.bing.com/bingbot.htm) Chrome/116.0.1938.76 Safari/537.36"
77.237.244.221 - - [13/May/2026:07:33:59 +1000] "GET /dashboard/ HTTP/1.1" 301 663 "-" "Mozilla/5.0 (Windows NT 10.0; Win64; x64) AppleWebKit/537.36 (KHTML, like Gecko) Chrome/91.0.4472.124 Safari/537.36"
52.167.144.238 - - [13/May/2026:07:34:00 +1000] "GET /the-grand-grille-at-newport-grand-slots/ HTTP/2" 200 39635 "-" "Mozilla/5.0 AppleWebKit/537.36 (KHTML, like Gecko; compatible; bingbot/2.0; +http://www.bing.com/bingbot.htm) Chrome/116.0.1938.76 Safari/537.36"
52.167.144.23 - - [13/May/2026:07:34:00 +1000] "GET /jocul-de-noroc-cu-simboluri-de-fotbal-toto/ HTTP/2" 200 40945 "-" "Mozilla/5.0 AppleWebKit/537.36 (KHTML, like Gecko; compatible; bingbot/2.0; +http://www.bing.com/bingbot.htm) Chrome/116.0.1938.76 Safari/537.36"
77.237.244.221 - - [13/May/2026:07:34:01 +1000] "GET /dashboard/ HTTP/1.1" 302 729 "-" "Mozilla/5.0 (Windows NT 10.0; Win64; x64) AppleWebKit/537.36 (KHTML, like Gecko) Chrome/91.0.4472.124 Safari/537.36"
52.167.144.238 - - [13/May/2026:07:34:02 +1000] "GET /grundlegende-blackjack-strategien-liste-and-anleitung-fur-nichtfachmann/ HTTP/2" 200 42230 "-" "Mozilla/5.0 AppleWebKit/537.36 (KHTML, like Gecko; compatible; bingbot/2.0; +http://www.bing.com/bingbot.htm) Chrome/116.0.1938.76 Safari/537.36"
52.167.144.23 - - [13/May/2026:07:34:02 +1000] "GET /der-11-fache-krokodil-risiko-und-rausch-in-einem-spin/ HTTP/2" 200 40596 "-" "Mozilla/5.0 AppleWebKit/537.36 (KHTML, like Gecko; compatible; bingbot/2.0; +http://www.bing.com/bingbot.htm) Chrome/116.0.1938.76 Safari/537.36"
77.237.244.221 - - [13/May/2026:07:34:03 +1000] "GET /wp-admin/ HTTP/1.1" 302 551 "-" "Mozilla/5.0 (Windows NT 10.0; Win64; x64) AppleWebKit/537.36 (KHTML, like Gecko) Chrome/91.0.4472.124 Safari/537.36"
52.167.144.238 - - [13/May/2026:07:34:04 +1000] "GET /how-to-deposit-money-into-united-kingdom-express/ HTTP/2" 200 40167 "-" "Mozilla/5.0 AppleWebKit/537.36 (KHTML, like Gecko; compatible; bingbot/2.0; +http://www.bing.com/bingbot.htm) Chrome/116.0.1938.76 Safari/537.36"
52.167.144.23 - - [13/May/2026:07:34:04 +1000] "GET /comment-iron-man-3-position-rating-exclusive-incentives/ HTTP/2" 200 40090 "-" "Mozilla/5.0 AppleWebKit/537.36 (KHTML, like Gecko; compatible; bingbot/2.0; +http://www.bing.com/bingbot.htm) Chrome/116.0.1938.76 Safari/537.36"
52.167.144.238 - - [13/May/2026:07:34:04 +1000] "GET /titanic-slot-machine-2025-wager-free-online-today/ HTTP/2" 200 40607 "-" "Mozilla/5.0 AppleWebKit/537.36 (KHTML, like Gecko; compatible; bingbot/2.0; +http://www.bing.com/bingbot.htm) Chrome/116.0.1938.76 Safari/537.36"
77.237.244.221 - - [13/May/2026:07:34:04 +1000] "GET /wp-login.php?redirect_to=https%3A%2F%2Fwww.coridyan.com%2Fwp-admin%2F&reauth=1 HTTP/1.1" 200 5588 "-" "Mozilla/5.0 (Windows NT 10.0; Win64; x64) AppleWebKit/537.36 (KHTML, like Gecko) Chrome/91.0.4472.124 Safari/537.36"
52.167.144.23 - - [13/May/2026:07:34:06 +1000] "GET /50-fre-spins-zonder-stortin-binnenlan-lentemaand-2026/ HTTP/2" 200 40696 "-" "Mozilla/5.0 AppleWebKit/537.36 (KHTML, like Gecko; compatible; bingbot/2.0; +http://www.bing.com/bingbot.htm) Chrome/116.0.1938.76 Safari/537.36"
52.167.144.238 - - [13/May/2026:07:34:06 +1000] "GET /must-create-a-being-certified-put-with-a-minimum-of-10-having-fun-with-password-ugvip/ HTTP/2" 200 40953 "-" "Mozilla/5.0 AppleWebKit/537.36 (KHTML, like Gecko; compatible; bingbot/2.0; +http://www.bing.com/bingbot.htm) Chrome/116.0.1938.76 Safari/537.36"
52.167.144.238 - - [13/May/2026:07:34:06 +1000] "GET /lord-of-the-ocean-position-remark-2026-victory-fifty100000/ HTTP/2" 200 40771 "-" "Mozilla/5.0 AppleWebKit/537.36 (KHTML, like Gecko; compatible; bingbot/2.0; +http://www.bing.com/bingbot.htm) Chrome/116.0.1938.76 Safari/537.36"
77.237.244.221 - - [13/May/2026:07:34:08 +1000] "GET /adminweb/ HTTP/1.1" 301 662 "-" "Mozilla/5.0 (Windows NT 10.0; Win64; x64) AppleWebKit/537.36 (KHTML, like Gecko) Chrome/91.0.4472.124 Safari/537.36"
52.167.144.23 - - [13/May/2026:07:34:08 +1000] "GET /limited-country/ HTTP/2" 200 39780 "-" "Mozilla/5.0 AppleWebKit/537.36 (KHTML, like Gecko; compatible; bingbot/2.0; +http://www.bing.com/bingbot.htm) Chrome/116.0.1938.76 Safari/537.36"
52.167.144.238 - - [13/May/2026:07:34:08 +1000] "GET /free-spins-keep-what-you-win-no-deposit-2026-united-kingdom/ HTTP/2" 200 40161 "-" "Mozilla/5.0 AppleWebKit/537.36 (KHTML, like Gecko; compatible; bingbot/2.0; +http://www.bing.com/bingbot.htm) Chrome/116.0.1938.76 Safari/537.36"
52.167.144.23 - - [13/May/2026:07:34:10 +1000] "GET /ultimata-casino-extra-2026-mata-80-casinobonusar-i-sverige/ HTTP/2" 200 41297 "-" "Mozilla/5.0 AppleWebKit/537.36 (KHTML, like Gecko; compatible; bingbot/2.0; +http://www.bing.com/bingbot.htm) Chrome/116.0.1938.76 Safari/537.36"
77.237.244.221 - - [13/May/2026:07:34:10 +1000] "GET /adminweb/ HTTP/1.1" 404 36234 "-" "Mozilla/5.0 (Windows NT 10.0; Win64; x64) AppleWebKit/537.36 (KHTML, like Gecko) Chrome/91.0.4472.124 Safari/537.36"
216.73.217.100 - - [13/May/2026:07:34:03 +1000] "GET /play-twenty-five000-of-the-greatest-online-harbors-inside-deposit-10-play-with-80-casino-2026/feed/ HTTP/2" 200 1008 "-" "Mozilla/5.0 AppleWebKit/537.36 (KHTML, like Gecko; compatible; ClaudeBot/1.0; +claudebot@anthropic.com)"
52.167.144.23 - - [13/May/2026:07:34:11 +1000] "GET /mejores-bonos-sobre-casino-cripto-2026-ofertas-de-recibo-sobre-incluso-cinco-btc/ HTTP/2" 200 44357 "-" "Mozilla/5.0 AppleWebKit/537.36 (KHTML, like Gecko; compatible; bingbot/2.0; +http://www.bing.com/bingbot.htm) Chrome/116.0.1938.76 Safari/537.36"
57.141.14.95 - - [13/May/2026:07:34:11 +1000] "GET /products/detail/67403017 HTTP/2" 404 137739 "-" "meta-externalagent/1.1 (+https://developers.facebook.com/docs/sharing/webmasters/crawler)"
52.167.144.23 - - [13/May/2026:07:34:12 +1000] "GET /slots/ HTTP/2" 200 40189 "-" "Mozilla/5.0 AppleWebKit/537.36 (KHTML, like Gecko; compatible; bingbot/2.0; +http://www.bing.com/bingbot.htm) Chrome/116.0.1938.76 Safari/537.36"
52.167.144.23 - - [13/May/2026:07:34:13 +1000] "GET /casino-inte-me-svensk-perso-koncession-sam-spelpaus-2026-%EF%B8%8F-goplay/ HTTP/2" 200 41337 "-" "Mozilla/5.0 AppleWebKit/537.36 (KHTML, like Gecko; compatible; bingbot/2.0; +http://www.bing.com/bingbot.htm) Chrome/116.0.1938.76 Safari/537.36"
77.237.244.221 - - [13/May/2026:07:34:14 +1000] "GET /dist/ HTTP/1.1" 301 750 "-" "Mozilla/5.0 (Windows NT 10.0; Win64; x64) AppleWebKit/537.36 (KHTML, like Gecko) Chrome/91.0.4472.124 Safari/537.36"
52.167.144.23 - - [13/May/2026:07:34:14 +1000] "GET /promotions/ HTTP/2" 200 40279 "-" "Mozilla/5.0 AppleWebKit/537.36 (KHTML, like Gecko; compatible; bingbot/2.0; +http://www.bing.com/bingbot.htm) Chrome/116.0.1938.76 Safari/537.36"
52.167.144.23 - - [13/May/2026:07:34:15 +1000] "GET /best-zero-wagering-casino-incentives-in-the-uk-march-2026/ HTTP/2" 200 40267 "-" "Mozilla/5.0 AppleWebKit/537.36 (KHTML, like Gecko; compatible; bingbot/2.0; +http://www.bing.com/bingbot.htm) Chrome/116.0.1938.76 Safari/537.36"
52.167.144.23 - - [13/May/2026:07:34:16 +1000] "GET /finest-slot-games-team-february-2026/ HTTP/2" 200 39614 "-" "Mozilla/5.0 AppleWebKit/537.36 (KHTML, like Gecko; compatible; bingbot/2.0; +http://www.bing.com/bingbot.htm) Chrome/116.0.1938.76 Safari/537.36"
52.167.144.23 - - [13/May/2026:07:34:17 +1000] "GET /nya-sasinon-2026-%EF%B8%8F-ultimata-nya-online-casinon-inom-sverige/ HTTP/2" 200 41243 "-" "Mozilla/5.0 AppleWebKit/537.36 (KHTML, like Gecko; compatible; bingbot/2.0; +http://www.bing.com/bingbot.htm) Chrome/116.0.1938.76 Safari/537.36"
77.237.244.221 - - [13/May/2026:07:34:16 +1000] "GET /distraire-queen-of-hearts-accessoire-vers-thunes-un-casino-sans-depot-ice-casino-peu-et-gratuite/ HTTP/1.1" 200 42015 "-" "Mozilla/5.0 (Windows NT 10.0; Win64; x64) AppleWebKit/537.36 (KHTML, like Gecko) Chrome/91.0.4472.124 Safari/537.36"
192.178.4.102 - - [13/May/2026:07:34:15 +1000] "GET /content.php?product/56983978 HTTP/1.1" 200 29409 "-" "Mozilla/5.0 (Linux; Android 6.0.1; Nexus 5X Build/MMB29P) AppleWebKit/537.36 (KHTML, like Gecko) Chrome/147.0.7727.137 Mobile Safari/537.36 (compatible; Googlebot/2.1; +http://www.google.com/bot.html)"
52.167.144.23 - - [13/May/2026:07:34:18 +1000] "GET /ontdek-gij-echte-veiligheidssloten-verwisselen-doen-heden-noga/ HTTP/2" 200 40940 "-" "Mozilla/5.0 AppleWebKit/537.36 (KHTML, like Gecko; compatible; bingbot/2.0; +http://www.bing.com/bingbot.htm) Chrome/116.0.1938.76 Safari/537.36"
52.167.144.23 - - [13/May/2026:07:34:19 +1000] "GET /bonus-now-offers/ HTTP/2" 200 40634 "-" "Mozilla/5.0 AppleWebKit/537.36 (KHTML, like Gecko; compatible; bingbot/2.0; +http://www.bing.com/bingbot.htm) Chrome/116.0.1938.76 Safari/537.36"
52.167.144.23 - - [13/May/2026:07:34:19 +1000] "GET /bettingsidor-spelbolag-2026-jamfora-svenska-sprake-spelbolag/ HTTP/2" 200 41369 "-" "Mozilla/5.0 AppleWebKit/537.36 (KHTML, like Gecko; compatible; bingbot/2.0; +http://www.bing.com/bingbot.htm) Chrome/116.0.1938.76 Safari/537.36"
77.237.244.221 - - [13/May/2026:07:34:20 +1000] "GET /Winrar/ HTTP/1.1" 301 660 "-" "Mozilla/5.0 (Windows NT 10.0; Win64; x64) AppleWebKit/537.36 (KHTML, like Gecko) Chrome/91.0.4472.124 Safari/537.36"
52.167.144.238 - - [13/May/2026:07:34:20 +1000] "GET /free-spins-2026-uten-gave-and-bortmed-innskudd-27-casino/ HTTP/2" 200 41738 "-" "Mozilla/5.0 AppleWebKit/537.36 (KHTML, like Gecko; compatible; bingbot/2.0; +http://www.bing.com/bingbot.htm) Chrome/116.0.1938.76 Safari/537.36"
52.167.144.23 - - [13/May/2026:07:34:21 +1000] "GET /migliori-mucchio-online-con-permesso-aams-con-italia-2026/ HTTP/2" 200 40795 "-" "Mozilla/5.0 AppleWebKit/537.36 (KHTML, like Gecko; compatible; bingbot/2.0; +http://www.bing.com/bingbot.htm) Chrome/116.0.1938.76 Safari/537.36"
52.167.144.23 - - [13/May/2026:07:34:21 +1000] "GET /strategies-des-credits-au-sujets-des-abaissements/ HTTP/2" 200 41421 "-" "Mozilla/5.0 AppleWebKit/537.36 (KHTML, like Gecko; compatible; bingbot/2.0; +http://www.bing.com/bingbot.htm) Chrome/116.0.1938.76 Safari/537.36"
52.167.144.23 - - [13/May/2026:07:34:23 +1000] "GET /ultimat-spelbolag-tillsammans-rappa-uttag-april-2026/ HTTP/2" 200 41279 "-" "Mozilla/5.0 AppleWebKit/537.36 (KHTML, like Gecko; compatible; bingbot/2.0; +http://www.bing.com/bingbot.htm) Chrome/116.0.1938.76 Safari/537.36"
77.237.244.221 - - [13/May/2026:07:34:22 +1000] "GET /Winrar/ HTTP/1.1" 404 36234 "-" "Mozilla/5.0 (Windows NT 10.0; Win64; x64) AppleWebKit/537.36 (KHTML, like Gecko) Chrome/91.0.4472.124 Safari/537.36"
52.167.144.23 - - [13/May/2026:07:34:23 +1000] "GET /din-handledning-mo-sveriges-ultimata-casinon-2026/ HTTP/2" 200 41155 "-" "Mozilla/5.0 AppleWebKit/537.36 (KHTML, like Gecko; compatible; bingbot/2.0; +http://www.bing.com/bingbot.htm) Chrome/116.0.1938.76 Safari/537.36"
192.178.4.101 - - [13/May/2026:07:34:23 +1000] "GET /casino-on-line-primary-characteristics-of-8 HTTP/1.1" 301 653 "-" "Mozilla/5.0 (Linux; Android 6.0.1; Nexus 5X Build/MMB29P) AppleWebKit/537.36 (KHTML, like Gecko) Chrome/147.0.7727.137 Mobile Safari/537.36 (compatible; GoogleOther)"
52.167.144.23 - - [13/May/2026:07:34:24 +1000] "GET /rede-do-cervo-vermelho-o-jogador-e-a-sorte/ HTTP/2" 200 40734 "-" "Mozilla/5.0 AppleWebKit/537.36 (KHTML, like Gecko; compatible; bingbot/2.0; +http://www.bing.com/bingbot.htm) Chrome/116.0.1938.76 Safari/537.36"
77.237.244.221 - - [13/May/2026:07:34:26 +1000] "GET /pas/ HTTP/1.1" 301 709 "-" "Mozilla/5.0 (Windows NT 10.0; Win64; x64) AppleWebKit/537.36 (KHTML, like Gecko) Chrome/91.0.4472.124 Safari/537.36"
216.73.217.100 - - [13/May/2026:07:34:26 +1000] "GET /?p=76913 HTTP/2" 301 0 "-" "Mozilla/5.0 AppleWebKit/537.36 (KHTML, like Gecko; compatible; ClaudeBot/1.0; +claudebot@anthropic.com)"
52.167.144.23 - - [13/May/2026:07:34:26 +1000] "GET /samtliga-casinon-tillsamman-freja-eid-2026-spelguide-topplista/ HTTP/2" 200 41284 "-" "Mozilla/5.0 AppleWebKit/537.36 (KHTML, like Gecko; compatible; bingbot/2.0; +http://www.bing.com/bingbot.htm) Chrome/116.0.1938.76 Safari/537.36"
216.73.217.100 - - [13/May/2026:07:34:26 +1000] "GET /?p=65583 HTTP/2" 301 0 "-" "Mozilla/5.0 AppleWebKit/537.36 (KHTML, like Gecko; compatible; ClaudeBot/1.0; +claudebot@anthropic.com)"
148.113.130.135 - - [13/May/2026:07:33:59 +1000] "GET /post-sitemap5.xml HTTP/2" 200 0 "-" "Mozilla/5.0 (compatible; AhrefsBot/7.0; +http://ahrefs.com/robot/)"
216.73.217.100 - - [13/May/2026:07:34:27 +1000] "GET /better-web-based-casinos-australian-continent-2026-trusted-secure-bien-au-sites/ HTTP/2" 200 40463 "https://www.coridyan.com/?p=76913" "Mozilla/5.0 AppleWebKit/537.36 (KHTML, like Gecko; compatible; ClaudeBot/1.0; +claudebot@anthropic.com)"
52.167.144.23 - - [13/May/2026:07:34:28 +1000] "GET /fortunate-larrys-lobstermania-2-slot-remark-free-demo-2026/ HTTP/2" 200 40356 "-" "Mozilla/5.0 AppleWebKit/537.36 (KHTML, like Gecko; compatible; bingbot/2.0; +http://www.bing.com/bingbot.htm) Chrome/116.0.1938.76 Safari/537.36"
216.73.217.100 - - [13/May/2026:07:34:28 +1000] "GET /play-twenty-five000-of-the-greatest-online-harbors-inside-deposit-10-play-with-80-casino-2026/ HTTP/2" 200 41481 "https://www.coridyan.com/?p=65583" "Mozilla/5.0 AppleWebKit/537.36 (KHTML, like Gecko; compatible; ClaudeBot/1.0; +claudebot@anthropic.com)"
77.237.244.221 - - [13/May/2026:07:34:28 +1000] "GET /pasha-casino-no-deposit-bonus-codes-for-free-spins-2026/ HTTP/1.1" 200 40846 "-" "Mozilla/5.0 (Windows NT 10.0; Win64; x64) AppleWebKit/537.36 (KHTML, like Gecko) Chrome/91.0.4472.124 Safari/537.36"
52.167.144.23 - - [13/May/2026:07:34:30 +1000] "GET /kasinon-i-goteborg-sverige-%E3%80%90offline-online%E3%80%91-full-lista-2026/ HTTP/2" 200 41524 "-" "Mozilla/5.0 AppleWebKit/537.36 (KHTML, like Gecko; compatible; bingbot/2.0; +http://www.bing.com/bingbot.htm) Chrome/116.0.1938.76 Safari/537.36"
52.167.144.23 - - [13/May/2026:07:34:31 +1000] "GET /bruce-leer-y-el-yin-yang/ HTTP/2" 200 44119 "-" "Mozilla/5.0 AppleWebKit/537.36 (KHTML, like Gecko; compatible; bingbot/2.0; +http://www.bing.com/bingbot.htm) Chrome/116.0.1938.76 Safari/537.36"
77.237.244.221 - - [13/May/2026:07:34:32 +1000] "GET /2017/ HTTP/1.1" 301 658 "-" "Mozilla/5.0 (Windows NT 10.0; Win64; x64) AppleWebKit/537.36 (KHTML, like Gecko) Chrome/91.0.4472.124 Safari/537.36"
57.141.14.9 - - [13/May/2026:07:34:32 +1000] "GET /products/detail/68325544 HTTP/2" 404 137739 "-" "meta-externalagent/1.1 (+https://developers.facebook.com/docs/sharing/webmasters/crawler)"
52.167.144.23 - - [13/May/2026:07:34:33 +1000] "GET /apps-downloaden-naar-jouw-android-toestel-android-help/ HTTP/2" 200 40985 "-" "Mozilla/5.0 AppleWebKit/537.36 (KHTML, like Gecko; compatible; bingbot/2.0; +http://www.bing.com/bingbot.htm) Chrome/116.0.1938.76 Safari/537.36"
77.237.244.221 - - [13/May/2026:07:34:34 +1000] "GET /2017/ HTTP/1.1" 404 36234 "-" "Mozilla/5.0 (Windows NT 10.0; Win64; x64) AppleWebKit/537.36 (KHTML, like Gecko) Chrome/91.0.4472.124 Safari/537.36"
52.167.144.23 - - [13/May/2026:07:34:35 +1000] "GET /casino-utan-inregistrering-utprova-utan-konto-2026/ HTTP/2" 200 41267 "-" "Mozilla/5.0 AppleWebKit/537.36 (KHTML, like Gecko; compatible; bingbot/2.0; +http://www.bing.com/bingbot.htm) Chrome/116.0.1938.76 Safari/537.36"
52.167.144.23 - - [13/May/2026:07:34:37 +1000] "GET /forsoka-skara-vegas-online-full-guide-2026/ HTTP/2" 200 41547 "-" "Mozilla/5.0 AppleWebKit/537.36 (KHTML, like Gecko; compatible; bingbot/2.0; +http://www.bing.com/bingbot.htm) Chrome/116.0.1938.76 Safari/537.36"
77.237.244.221 - - [13/May/2026:07:34:38 +1000] "GET /2018/ HTTP/1.1" 301 658 "-" "Mozilla/5.0 (Windows NT 10.0; Win64; x64) AppleWebKit/537.36 (KHTML, like Gecko) Chrome/91.0.4472.124 Safari/537.36"
52.167.144.23 - - [13/May/2026:07:34:38 +1000] "GET /spinanias-slotsystemets-komplexitet/ HTTP/2" 200 40906 "-" "Mozilla/5.0 AppleWebKit/537.36 (KHTML, like Gecko; compatible; bingbot/2.0; +http://www.bing.com/bingbot.htm) Chrome/116.0.1938.76 Safari/537.36"
52.167.144.23 - - [13/May/2026:07:34:40 +1000] "GET /21bet-la-trattato-definitiva-ai-giochi-casa-da-gioco-2026/ HTTP/2" 200 40729 "-" "Mozilla/5.0 AppleWebKit/537.36 (KHTML, like Gecko; compatible; bingbot/2.0; +http://www.bing.com/bingbot.htm) Chrome/116.0.1938.76 Safari/537.36"
77.237.244.221 - - [13/May/2026:07:34:40 +1000] "GET /2018/ HTTP/1.1" 404 36234 "-" "Mozilla/5.0 (Windows NT 10.0; Win64; x64) AppleWebKit/537.36 (KHTML, like Gecko) Chrome/91.0.4472.124 Safari/537.36"
52.167.144.238 - - [13/May/2026:07:34:41 +1000] "GET /druckgluck-erfahrungen-2026-genau-so-wie-vertrauenswurdig-spielen-sie-hot-spin-deluxe-sei-ihr-testsieger/ HTTP/2" 200 43178 "-" "Mozilla/5.0 AppleWebKit/537.36 (KHTML, like Gecko; compatible; bingbot/2.0; +http://www.bing.com/bingbot.htm) Chrome/116.0.1938.76 Safari/537.36"
52.167.144.23 - - [13/May/2026:07:34:42 +1000] "GET /nine/ HTTP/2" 200 38963 "-" "Mozilla/5.0 AppleWebKit/537.36 (KHTML, like Gecko; compatible; bingbot/2.0; +http://www.bing.com/bingbot.htm) Chrome/116.0.1938.76 Safari/537.36"
52.167.144.238 - - [13/May/2026:07:34:43 +1000] "GET /incentive-wagering-standards-2026-bejeweled-2-slot-ideas-on-how-to-calculate-rollover/ HTTP/2" 200 40898 "-" "Mozilla/5.0 AppleWebKit/537.36 (KHTML, like Gecko; compatible; bingbot/2.0; +http://www.bing.com/bingbot.htm) Chrome/116.0.1938.76 Safari/537.36"
52.167.144.23 - - [13/May/2026:07:34:44 +1000] "GET /oils/ HTTP/2" 200 40332 "-" "Mozilla/5.0 AppleWebKit/537.36 (KHTML, like Gecko; compatible; bingbot/2.0; +http://www.bing.com/bingbot.htm) Chrome/116.0.1938.76 Safari/537.36"
77.237.244.221 - - [13/May/2026:07:34:44 +1000] "GET /2019/ HTTP/1.1" 301 658 "-" "Mozilla/5.0 (Windows NT 10.0; Win64; x64) AppleWebKit/537.36 (KHTML, like Gecko) Chrome/91.0.4472.124 Safari/537.36"
52.167.144.238 - - [13/May/2026:07:34:44 +1000] "GET /funky-good-fresh-fruit-position-remark-enjoyable-mobile-gamble-inside-2026/ HTTP/2" 200 40763 "-" "Mozilla/5.0 AppleWebKit/537.36 (KHTML, like Gecko; compatible; bingbot/2.0; +http://www.bing.com/bingbot.htm) Chrome/116.0.1938.76 Safari/537.36"
52.167.144.23 - - [13/May/2026:07:34:45 +1000] "GET /curso-de-theatre-e-audiovisual-uesb/ HTTP/2" 200 40306 "-" "Mozilla/5.0 AppleWebKit/537.36 (KHTML, like Gecko; compatible; bingbot/2.0; +http://www.bing.com/bingbot.htm) Chrome/116.0.1938.76 Safari/537.36"
52.167.144.238 - - [13/May/2026:07:34:46 +1000] "GET /badminton-process-of-law-near-myself-publication-badminton-courts/ HTTP/2" 200 40896 "-" "Mozilla/5.0 AppleWebKit/537.36 (KHTML, like Gecko; compatible; bingbot/2.0; +http://www.bing.com/bingbot.htm) Chrome/116.0.1938.76 Safari/537.36"
77.237.244.221 - - [13/May/2026:07:34:46 +1000] "GET /2019/ HTTP/1.1" 404 36234 "-" "Mozilla/5.0 (Windows NT 10.0; Win64; x64) AppleWebKit/537.36 (KHTML, like Gecko) Chrome/91.0.4472.124 Safari/537.36"
52.167.144.23 - - [13/May/2026:07:34:47 +1000] "GET /everything-that-your-ever-before-planned-to-know-about-very-hot-position/ HTTP/2" 200 40195 "-" "Mozilla/5.0 AppleWebKit/537.36 (KHTML, like Gecko; compatible; bingbot/2.0; +http://www.bing.com/bingbot.htm) Chrome/116.0.1938.76 Safari/537.36"
52.167.144.238 - - [13/May/2026:07:34:48 +1000] "GET /casino-astro-practica-escritos-reales-para-los-usuarios-2026/ HTTP/2" 200 43362 "-" "Mozilla/5.0 AppleWebKit/537.36 (KHTML, like Gecko; compatible; bingbot/2.0; +http://www.bing.com/bingbot.htm) Chrome/116.0.1938.76 Safari/537.36"
77.237.244.221 - - [13/May/2026:07:34:49 +1000] "GET /2020/ HTTP/1.1" 301 658 "-" "Mozilla/5.0 (Windows NT 10.0; Win64; x64) AppleWebKit/537.36 (KHTML, like Gecko) Chrome/91.0.4472.124 Safari/537.36"
52.167.144.23 - - [13/May/2026:07:34:49 +1000] "GET /enjoy-games-for-free-to-the-poki-official/ HTTP/2" 200 40387 "-" "Mozilla/5.0 AppleWebKit/537.36 (KHTML, like Gecko; compatible; bingbot/2.0; +http://www.bing.com/bingbot.htm) Chrome/116.0.1938.76 Safari/537.36"
52.167.144.238 - - [13/May/2026:07:34:50 +1000] "GET /playing-specifications-told-you-dolphins-pearl-step-1-put-extra-brands-standards-to-prevent/ HTTP/2" 200 40794 "-" "Mozilla/5.0 AppleWebKit/537.36 (KHTML, like Gecko; compatible; bingbot/2.0; +http://www.bing.com/bingbot.htm) Chrome/116.0.1938.76 Safari/537.36"
52.167.144.23 - - [13/May/2026:07:34:51 +1000] "GET /making-profit-family-8-install-funky-fruits-app-displayed-form/ HTTP/2" 200 39993 "-" "Mozilla/5.0 AppleWebKit/537.36 (KHTML, like Gecko; compatible; bingbot/2.0; +http://www.bing.com/bingbot.htm) Chrome/116.0.1938.76 Safari/537.36"
52.167.144.238 - - [13/May/2026:07:34:51 +1000] "GET /mega-jack-zabawa-hazardowa-zagraj-w-robot-internetowego-za-darmo/ HTTP/2" 200 40944 "-" "Mozilla/5.0 AppleWebKit/537.36 (KHTML, like Gecko; compatible; bingbot/2.0; +http://www.bing.com/bingbot.htm) Chrome/116.0.1938.76 Safari/537.36"
52.167.144.238 - - [13/May/2026:07:34:52 +1000] "GET /casinos-bedingungslos-within-brd-beste-anbieter-2026/ HTTP/2" 200 42401 "-" "Mozilla/5.0 AppleWebKit/537.36 (KHTML, like Gecko; compatible; bingbot/2.0; +http://www.bing.com/bingbot.htm) Chrome/116.0.1938.76 Safari/537.36"
77.237.244.221 - - [13/May/2026:07:34:52 +1000] "GET /2020/ HTTP/1.1" 404 36234 "-" "Mozilla/5.0 (Windows NT 10.0; Win64; x64) AppleWebKit/537.36 (KHTML, like Gecko) Chrome/91.0.4472.124 Safari/537.36"
52.167.144.238 - - [13/May/2026:07:34:53 +1000] "GET /concert-tour-the-newest-ac-dc-experience/ HTTP/2" 200 40639 "-" "Mozilla/5.0 AppleWebKit/537.36 (KHTML, like Gecko; compatible; bingbot/2.0; +http://www.bing.com/bingbot.htm) Chrome/116.0.1938.76 Safari/537.36"
52.167.144.23 - - [13/May/2026:07:34:53 +1000] "GET /rich/ HTTP/2" 200 40631 "-" "Mozilla/5.0 AppleWebKit/537.36 (KHTML, like Gecko; compatible; bingbot/2.0; +http://www.bing.com/bingbot.htm) Chrome/116.0.1938.76 Safari/537.36"
52.167.144.238 - - [13/May/2026:07:34:53 +1000] "GET /mejores-casinos-online-sobre-espana-2026-lugares-legales-asi-como-confiables/ HTTP/2" 200 43218 "-" "Mozilla/5.0 AppleWebKit/537.36 (KHTML, like Gecko; compatible; bingbot/2.0; +http://www.bing.com/bingbot.htm) Chrome/116.0.1938.76 Safari/537.36"
20.15.133.184 - - [13/May/2026:07:34:54 +1000] "GET /bill-that-made-gambling-legal-in-uk/ HTTP/2" 200 40336 "-" "Mozilla/5.0 AppleWebKit/537.36 (KHTML, like Gecko; compatible; bingbot/2.0; +http://www.bing.com/bingbot.htm) Chrome/116.0.1938.76 Safari/537.36"
52.167.144.238 - - [13/May/2026:07:34:55 +1000] "GET /cash-ultimate-slot-od-red-tiger-zagraj-w-darmowa-wersje-demo/ HTTP/2" 200 40868 "-" "Mozilla/5.0 AppleWebKit/537.36 (KHTML, like Gecko; compatible; bingbot/2.0; +http://www.bing.com/bingbot.htm) Chrome/116.0.1938.76 Safari/537.36"
52.167.144.23 - - [13/May/2026:07:34:55 +1000] "GET /same-english-definition/ HTTP/2" 200 40384 "-" "Mozilla/5.0 AppleWebKit/537.36 (KHTML, like Gecko; compatible; bingbot/2.0; +http://www.bing.com/bingbot.htm) Chrome/116.0.1938.76 Safari/537.36"
52.167.144.238 - - [13/May/2026:07:34:55 +1000] "GET /real-money-and-you-may-societal-2026/ HTTP/2" 200 40432 "-" "Mozilla/5.0 AppleWebKit/537.36 (KHTML, like Gecko; compatible; bingbot/2.0; +http://www.bing.com/bingbot.htm) Chrome/116.0.1938.76 Safari/537.36"
77.237.244.221 - - [13/May/2026:07:34:55 +1000] "GET /2021/ HTTP/1.1" 301 658 "-" "Mozilla/5.0 (Windows NT 10.0; Win64; x64) AppleWebKit/537.36 (KHTML, like Gecko) Chrome/91.0.4472.124 Safari/537.36"
52.167.144.23 - - [13/May/2026:07:34:57 +1000] "GET /just-who-claimed-all-of-the-superstar-game-mvp-within-the-2026-anthony-edwards-grabs-honor-after-best-usa-superstars-to-win-in-the-the-brand-new-nba-format/ HTTP/2" 200 40479 "-" "Mozilla/5.0 AppleWebKit/537.36 (KHTML, like Gecko; compatible; bingbot/2.0; +http://www.bing.com/bingbot.htm) Chrome/116.0.1938.76 Safari/537.36"
52.167.144.238 - - [13/May/2026:07:34:57 +1000] "GET /polymarket-is-even-going-away-another-forecast-marketplace-for-someone-in-the-u-s-that-can-comply-with-cftc-regulations-however-a-lot-of-people-in-the-u-s-have-fun-with-polymarket-and-you-can-shie/ HTTP/2" 200 41941 "-" "Mozilla/5.0 AppleWebKit/537.36 (KHTML, like Gecko; compatible; bingbot/2.0; +http://www.bing.com/bingbot.htm) Chrome/116.0.1938.76 Safari/537.36"
57.141.14.92 - - [13/May/2026:07:34:56 +1000] "GET /products/detail/64613269 HTTP/2" 404 137739 "-" "meta-externalagent/1.1 (+https://developers.facebook.com/docs/sharing/webmasters/crawler)"
52.167.144.238 - - [13/May/2026:07:34:57 +1000] "GET /doubledown-casino-100-percent-free-potato-chips-each-day-extra-collecter-march-2026/ HTTP/2" 200 40665 "-" "Mozilla/5.0 AppleWebKit/537.36 (KHTML, like Gecko; compatible; bingbot/2.0; +http://www.bing.com/bingbot.htm) Chrome/116.0.1938.76 Safari/537.36"
77.237.244.221 - - [13/May/2026:07:34:58 +1000] "GET /2021/ HTTP/1.1" 404 36186 "-" "Mozilla/5.0 (Windows NT 10.0; Win64; x64) AppleWebKit/537.36 (KHTML, like Gecko) Chrome/91.0.4472.124 Safari/537.36"
192.178.4.100 - - [13/May/2026:07:34:58 +1000] "GET /casino-on-line-primary-characteristics-of-8/ HTTP/1.1" 200 45319 "-" "Mozilla/5.0 (Linux; Android 6.0.1; Nexus 5X Build/MMB29P) AppleWebKit/537.36 (KHTML, like Gecko) Chrome/147.0.7727.137 Mobile Safari/537.36 (compatible; GoogleOther)"
52.167.144.23 - - [13/May/2026:07:34:59 +1000] "GET /wintari-betting-guide-for-safer-faster-play/ HTTP/2" 200 38671 "-" "Mozilla/5.0 AppleWebKit/537.36 (KHTML, like Gecko; compatible; bingbot/2.0; +http://www.bing.com/bingbot.htm) Chrome/116.0.1938.76 Safari/537.36"
52.167.144.238 - - [13/May/2026:07:34:59 +1000] "GET /starburst-guns-n-roses-online-besprechung-spielautomaten-tests-2026/ HTTP/2" 200 42541 "-" "Mozilla/5.0 AppleWebKit/537.36 (KHTML, like Gecko; compatible; bingbot/2.0; +http://www.bing.com/bingbot.htm) Chrome/116.0.1938.76 Safari/537.36"
52.167.144.238 - - [13/May/2026:07:34:59 +1000] "GET /casino-non-aams-affidabili-guida-pratica-alla-registrazione-e-scelta-sicura/ HTTP/2" 200 41088 "-" "Mozilla/5.0 AppleWebKit/537.36 (KHTML, like Gecko; compatible; bingbot/2.0; +http://www.bing.com/bingbot.htm) Chrome/116.0.1938.76 Safari/537.36"
54.39.203.209 - - [13/May/2026:07:34:31 +1000] "GET /post-sitemap6.xml HTTP/2" 200 0 "-" "Mozilla/5.0 (compatible; AhrefsBot/7.0; +http://ahrefs.com/robot/)"
52.167.144.23 - - [13/May/2026:07:35:00 +1000] "GET /inclusive-dating-made-easy-how-jjskitchen-ca-empowers-all-singles/ HTTP/2" 200 43617 "-" "Mozilla/5.0 AppleWebKit/537.36 (KHTML, like Gecko; compatible; bingbot/2.0; +http://www.bing.com/bingbot.htm) Chrome/116.0.1938.76 Safari/537.36"
52.167.144.23 - - [13/May/2026:07:35:01 +1000] "GET /household/ HTTP/2" 200 40157 "-" "Mozilla/5.0 AppleWebKit/537.36 (KHTML, like Gecko; compatible; bingbot/2.0; +http://www.bing.com/bingbot.htm) Chrome/116.0.1938.76 Safari/537.36"
57.141.14.7 - - [13/May/2026:07:35:00 +1000] "GET /products/detail/60985819 HTTP/2" 404 137739 "-" "meta-externalagent/1.1 (+https://developers.facebook.com/docs/sharing/webmasters/crawler)"
52.167.144.23 - - [13/May/2026:07:35:02 +1000] "GET /how-can-i-withdraw-money-back-at-my-checking-account/ HTTP/2" 200 40341 "-" "Mozilla/5.0 AppleWebKit/537.36 (KHTML, like Gecko; compatible; bingbot/2.0; +http://www.bing.com/bingbot.htm) Chrome/116.0.1938.76 Safari/537.36"
77.237.244.221 - - [13/May/2026:07:35:02 +1000] "GET /2022/ HTTP/1.1" 301 658 "-" "Mozilla/5.0 (Windows NT 10.0; Win64; x64) AppleWebKit/537.36 (KHTML, like Gecko) Chrome/91.0.4472.124 Safari/537.36"
52.167.144.23 - - [13/May/2026:07:35:02 +1000] "GET /nejlepsi-hazardni-podniky-sweepstakes-seznam-164-hazardnich-podniku-sweepstakes-v-roce-2026/ HTTP/2" 200 43244 "-" "Mozilla/5.0 AppleWebKit/537.36 (KHTML, like Gecko; compatible; bingbot/2.0; +http://www.bing.com/bingbot.htm) Chrome/116.0.1938.76 Safari/537.36"
52.167.144.23 - - [13/May/2026:07:35:04 +1000] "GET /washingtons-lotto-releases-jurassic-playground-abrasion-solution-which-have-an-untamed-2nd-chance-venture/ HTTP/2" 200 40371 "-" "Mozilla/5.0 AppleWebKit/537.36 (KHTML, like Gecko; compatible; bingbot/2.0; +http://www.bing.com/bingbot.htm) Chrome/116.0.1938.76 Safari/537.36"
52.167.144.23 - - [13/May/2026:07:35:04 +1000] "GET /the-art-and-science-of-modern-fish-road-design/ HTTP/2" 200 41907 "-" "Mozilla/5.0 AppleWebKit/537.36 (KHTML, like Gecko; compatible; bingbot/2.0; +http://www.bing.com/bingbot.htm) Chrome/116.0.1938.76 Safari/537.36"
77.237.244.221 - - [13/May/2026:07:35:05 +1000] "GET /2022/ HTTP/1.1" 404 36090 "-" "Mozilla/5.0 (Windows NT 10.0; Win64; x64) AppleWebKit/537.36 (KHTML, like Gecko) Chrome/91.0.4472.124 Safari/537.36"
52.167.144.23 - - [13/May/2026:07:35:06 +1000] "GET /tron-trx-tap-number/ HTTP/2" 200 39939 "-" "Mozilla/5.0 AppleWebKit/537.36 (KHTML, like Gecko; compatible; bingbot/2.0; +http://www.bing.com/bingbot.htm) Chrome/116.0.1938.76 Safari/537.36"
57.141.14.83 - - [13/May/2026:07:35:07 +1000] "GET /products/detail/64204057 HTTP/2" 404 137739 "-" "meta-externalagent/1.1 (+https://developers.facebook.com/docs/sharing/webmasters/crawler)"
52.167.144.23 - - [13/May/2026:07:35:08 +1000] "GET /returbonus-indre-sett-norske-nettcasinoer-bare-blabaer-guide-med-sjekkliste/ HTTP/2" 200 41722 "-" "Mozilla/5.0 AppleWebKit/537.36 (KHTML, like Gecko; compatible; bingbot/2.0; +http://www.bing.com/bingbot.htm) Chrome/116.0.1938.76 Safari/537.36"
77.237.244.221 - - [13/May/2026:07:35:09 +1000] "GET /2023/ HTTP/1.1" 301 565 "-" "Mozilla/5.0 (Windows NT 10.0; Win64; x64) AppleWebKit/537.36 (KHTML, like Gecko) Chrome/91.0.4472.124 Safari/537.36"
52.167.144.23 - - [13/May/2026:07:35:10 +1000] "GET /%D8%A3%D9%81%D9%83%D8%A7%D8%B1-%D8%AD%D9%88%D9%84-%D9%83%D9%8A%D9%81%D9%8A%D8%A9-%D9%84%D8%B9%D8%A8-starburst-%D8%AF%D9%84%D9%8A%D9%84-%D9%84%D8%AE%D8%B7%D9%88%D8%B7-%D8%A7%D9%84%D8%AF%D9%81%D8%B9/ HTTP/2" 200 41661 "-" "Mozilla/5.0 AppleWebKit/537.36 (KHTML, like Gecko; compatible; bingbot/2.0; +http://www.bing.com/bingbot.htm) Chrome/116.0.1938.76 Safari/537.36"
77.237.244.221 - - [13/May/2026:07:35:12 +1000] "GET /2023/ HTTP/1.1" 200 39300 "-" "Mozilla/5.0 (Windows NT 10.0; Win64; x64) AppleWebKit/537.36 (KHTML, like Gecko) Chrome/91.0.4472.124 Safari/537.36"
52.167.144.23 - - [13/May/2026:07:35:12 +1000] "GET /wunderino-bonus-code-2026-seine-antwort-aktueller-promo-code-getestet/ HTTP/2" 200 42296 "-" "Mozilla/5.0 AppleWebKit/537.36 (KHTML, like Gecko; compatible; bingbot/2.0; +http://www.bing.com/bingbot.htm) Chrome/116.0.1938.76 Safari/537.36"
52.167.144.238 - - [13/May/2026:07:35:13 +1000] "GET /products/detail/63481240 HTTP/2" 404 35911 "-" "Mozilla/5.0 AppleWebKit/537.36 (KHTML, like Gecko; compatible; bingbot/2.0; +http://www.bing.com/bingbot.htm) Chrome/116.0.1938.76 Safari/537.36"
52.167.144.23 - - [13/May/2026:07:35:14 +1000] "GET /billy-billion-a-high-roller-slot-experience/ HTTP/2" 200 40518 "-" "Mozilla/5.0 AppleWebKit/537.36 (KHTML, like Gecko; compatible; bingbot/2.0; +http://www.bing.com/bingbot.htm) Chrome/116.0.1938.76 Safari/537.36"
20.15.133.184 - - [13/May/2026:07:35:15 +1000] "GET /united-kingdom-top-10-casino/ HTTP/2" 200 40005 "-" "Mozilla/5.0 AppleWebKit/537.36 (KHTML, like Gecko; compatible; bingbot/2.0; +http://www.bing.com/bingbot.htm) Chrome/116.0.1938.76 Safari/537.36"
77.237.244.221 - - [13/May/2026:07:35:15 +1000] "GET /2024/ HTTP/1.1" 301 565 "-" "Mozilla/5.0 (Windows NT 10.0; Win64; x64) AppleWebKit/537.36 (KHTML, like Gecko) Chrome/91.0.4472.124 Safari/537.36"
52.167.144.23 - - [13/May/2026:07:35:16 +1000] "GET /warehouse-slotting-optimization-options/ HTTP/2" 200 40437 "-" "Mozilla/5.0 AppleWebKit/537.36 (KHTML, like Gecko; compatible; bingbot/2.0; +http://www.bing.com/bingbot.htm) Chrome/116.0.1938.76 Safari/537.36"
216.73.217.100 - - [13/May/2026:07:35:16 +1000] "GET /?p=72236 HTTP/2" 301 0 "-" "Mozilla/5.0 AppleWebKit/537.36 (KHTML, like Gecko; compatible; ClaudeBot/1.0; +claudebot@anthropic.com)"
52.167.144.23 - - [13/May/2026:07:35:18 +1000] "GET /australian-mantereen-nettikasinot-yli-30-parempaa-kasinosivustoa-pelaa-ilmaisia-kolikkopeleja-verkossa-vuonna-2026/ HTTP/2" 200 40140 "-" "Mozilla/5.0 AppleWebKit/537.36 (KHTML, like Gecko; compatible; bingbot/2.0; +http://www.bing.com/bingbot.htm) Chrome/116.0.1938.76 Safari/537.36"
216.73.217.100 - - [13/May/2026:07:35:17 +1000] "GET /1xslots-gambling-enterprise-opinion-current-bonuses-discounts-ladylucks-casino-no-deposit-code-ports-competitions-real-time-buyers/ HTTP/2" 200 41062 "https://www.coridyan.com/?p=72236" "Mozilla/5.0 AppleWebKit/537.36 (KHTML, like Gecko; compatible; ClaudeBot/1.0; +claudebot@anthropic.com)"
77.237.244.221 - - [13/May/2026:07:35:18 +1000] "GET /2024/ HTTP/1.1" 200 37125 "-" "Mozilla/5.0 (Windows NT 10.0; Win64; x64) AppleWebKit/537.36 (KHTML, like Gecko) Chrome/91.0.4472.124 Safari/537.36"
52.167.144.23 - - [13/May/2026:07:35:19 +1000] "GET /casa-da-gioco-online-adm-la-lista-dei-casa-da-gioco-sopra-liberta-italiana-del-2026/ HTTP/2" 200 40479 "-" "Mozilla/5.0 AppleWebKit/537.36 (KHTML, like Gecko; compatible; bingbot/2.0; +http://www.bing.com/bingbot.htm) Chrome/116.0.1938.76 Safari/537.36"
52.167.144.23 - - [13/May/2026:07:35:22 +1000] "GET /qbet-gry-hazlowe-kwalifikacyjne-i-wygrane-w-ostatnia-sekunde/ HTTP/2" 200 40240 "-" "Mozilla/5.0 AppleWebKit/537.36 (KHTML, like Gecko; compatible; bingbot/2.0; +http://www.bing.com/bingbot.htm) Chrome/116.0.1938.76 Safari/537.36"
77.237.244.221 - - [13/May/2026:07:35:21 +1000] "GET /2025/ HTTP/1.1" 301 565 "-" "Mozilla/5.0 (Windows NT 10.0; Win64; x64) AppleWebKit/537.36 (KHTML, like Gecko) Chrome/91.0.4472.124 Safari/537.36"
52.167.144.23 - - [13/May/2026:07:35:24 +1000] "GET /forest-davinci-codex-slot-real-cash-jim-el-dorado-position-remark-enjoy-100-percent-free-trial-2026-%E6%81%86%E6%98%A5%E5%B7%A5%E5%95%86%E8%B3%87%E8%99%95%E9%83%A8%E8%90%BD%E5%AE%A2/ HTTP/2" 200 40754 "-" "Mozilla/5.0 AppleWebKit/537.36 (KHTML, like Gecko; compatible; bingbot/2.0; +http://www.bing.com/bingbot.htm) Chrome/116.0.1938.76 Safari/537.36"
77.237.244.221 - - [13/May/2026:07:35:24 +1000] "GET /2025/ HTTP/1.1" 200 40373 "-" "Mozilla/5.0 (Windows NT 10.0; Win64; x64) AppleWebKit/537.36 (KHTML, like Gecko) Chrome/91.0.4472.124 Safari/537.36"
52.167.144.23 - - [13/May/2026:07:35:25 +1000] "GET /digital-fairness-in-the-age-of-big-tech/ HTTP/2" 200 41280 "-" "Mozilla/5.0 AppleWebKit/537.36 (KHTML, like Gecko; compatible; bingbot/2.0; +http://www.bing.com/bingbot.htm) Chrome/116.0.1938.76 Safari/537.36"
52.167.144.23 - - [13/May/2026:07:35:27 +1000] "GET /traceren-speel-u-lieve-noppes-gokhuis-schrijven-online-te-2026/ HTTP/2" 200 40786 "-" "Mozilla/5.0 AppleWebKit/537.36 (KHTML, like Gecko; compatible; bingbot/2.0; +http://www.bing.com/bingbot.htm) Chrome/116.0.1938.76 Safari/537.36"
77.237.244.221 - - [13/May/2026:07:35:28 +1000] "GET /logo/ HTTP/1.1" 301 658 "-" "Mozilla/5.0 (Windows NT 10.0; Win64; x64) AppleWebKit/537.36 (KHTML, like Gecko) Chrome/91.0.4472.124 Safari/537.36"
52.167.144.23 - - [13/May/2026:07:35:29 +1000] "GET /jamfora-ultimat-casino-sidan-pa-inter-hos-oss-skattefria-2026/ HTTP/2" 200 41368 "-" "Mozilla/5.0 AppleWebKit/537.36 (KHTML, like Gecko; compatible; bingbot/2.0; +http://www.bing.com/bingbot.htm) Chrome/116.0.1938.76 Safari/537.36"
51.222.95.31 - - [13/May/2026:07:35:02 +1000] "GET /post-sitemap7.xml HTTP/2" 200 0 "-" "Mozilla/5.0 (compatible; AhrefsBot/7.0; +http://ahrefs.com/robot/)"
192.178.4.100 - - [13/May/2026:07:35:31 +1000] "GET /digital-gaming-platform-platform-structure-gaming-5 HTTP/1.1" 301 661 "-" "Mozilla/5.0 (Linux; Android 6.0.1; Nexus 5X Build/MMB29P) AppleWebKit/537.36 (KHTML, like Gecko) Chrome/147.0.7727.137 Mobile Safari/537.36 (compatible; GoogleOther)"
52.167.144.238 - - [13/May/2026:07:35:31 +1000] "GET /lucky-hunter-je-hracem-vyhledany-stroj/ HTTP/2" 200 39676 "-" "Mozilla/5.0 AppleWebKit/537.36 (KHTML, like Gecko; compatible; bingbot/2.0; +http://www.bing.com/bingbot.htm) Chrome/116.0.1938.76 Safari/537.36"
52.167.144.23 - - [13/May/2026:07:35:31 +1000] "GET /yahtzee/ HTTP/2" 200 40483 "-" "Mozilla/5.0 AppleWebKit/537.36 (KHTML, like Gecko; compatible; bingbot/2.0; +http://www.bing.com/bingbot.htm) Chrome/116.0.1938.76 Safari/537.36"
77.237.244.221 - - [13/May/2026:07:35:31 +1000] "GET /logo/ HTTP/1.1" 404 36234 "-" "Mozilla/5.0 (Windows NT 10.0; Win64; x64) AppleWebKit/537.36 (KHTML, like Gecko) Chrome/91.0.4472.124 Safari/537.36"
52.167.144.238 - - [13/May/2026:07:35:33 +1000] "GET /legale-online-banks-holland-programma-2026/ HTTP/2" 200 40255 "-" "Mozilla/5.0 AppleWebKit/537.36 (KHTML, like Gecko; compatible; bingbot/2.0; +http://www.bing.com/bingbot.htm) Chrome/116.0.1938.76 Safari/537.36"
52.167.144.23 - - [13/May/2026:07:35:33 +1000] "GET /empire-throne/ HTTP/2" 200 40472 "-" "Mozilla/5.0 AppleWebKit/537.36 (KHTML, like Gecko; compatible; bingbot/2.0; +http://www.bing.com/bingbot.htm) Chrome/116.0.1938.76 Safari/537.36"
52.167.144.238 - - [13/May/2026:07:35:33 +1000] "GET /melbet-sign-on-access-your-account/ HTTP/2" 200 40355 "-" "Mozilla/5.0 AppleWebKit/537.36 (KHTML, like Gecko; compatible; bingbot/2.0; +http://www.bing.com/bingbot.htm) Chrome/116.0.1938.76 Safari/537.36"
52.167.144.238 - - [13/May/2026:07:35:35 +1000] "GET /products/detail/54934939 HTTP/2" 404 35911 "-" "Mozilla/5.0 AppleWebKit/537.36 (KHTML, like Gecko; compatible; bingbot/2.0; +http://www.bing.com/bingbot.htm) Chrome/116.0.1938.76 Safari/537.36"
77.237.244.221 - - [13/May/2026:07:35:35 +1000] "GET /ppdb/ HTTP/1.1" 301 658 "-" "Mozilla/5.0 (Windows NT 10.0; Win64; x64) AppleWebKit/537.36 (KHTML, like Gecko) Chrome/91.0.4472.124 Safari/537.36"
52.167.144.23 - - [13/May/2026:07:35:35 +1000] "GET /opas-pelaa-fire-joker-oikealla-rahalla-ulos-rasta-nolla-mehilaisen-step-1-talletuksen-2026-maksun-aikana-pelaa-kokeiluversiota-nyt-departamento-de-ingenieria-en-alimentos/ HTTP/2" 200 40440 "-" "Mozilla/5.0 AppleWebKit/537.36 (KHTML, like Gecko; compatible; bingbot/2.0; +http://www.bing.com/bingbot.htm) Chrome/116.0.1938.76 Safari/537.36"
52.167.144.23 - - [13/May/2026:07:35:35 +1000] "GET /coins-of-egypt-slot-review-96-97-rtp-netent-2026/ HTTP/2" 200 42931 "-" "Mozilla/5.0 AppleWebKit/537.36 (KHTML, like Gecko; compatible; bingbot/2.0; +http://www.bing.com/bingbot.htm) Chrome/116.0.1938.76 Safari/537.36"
192.178.4.100 - - [13/May/2026:07:35:37 +1000] "GET /wp-content/themes/astra/assets/css/minified/compatibility/contact-form-7-main.min.css?ver=3.9.4 HTTP/1.1" 200 1020 "https://www.coridyan.com/casino-on-line-primary-characteristics-of-8/" "Mozilla/5.0 (Linux; Android 6.0.1; Nexus 5X Build/MMB29P) AppleWebKit/537.36 (KHTML, like Gecko) Chrome/147.0.7727.137 Mobile Safari/537.36 (compatible; GoogleOther)"
52.167.144.23 - - [13/May/2026:07:35:37 +1000] "GET /%CF%83%CF%87%CF%8C%CE%BB%CE%B9%CE%BF-tx-tea-position-97-35-rtp-igt-2026/ HTTP/2" 200 42701 "-" "Mozilla/5.0 AppleWebKit/537.36 (KHTML, like Gecko; compatible; bingbot/2.0; +http://www.bing.com/bingbot.htm) Chrome/116.0.1938.76 Safari/537.36"
52.167.144.23 - - [13/May/2026:07:35:37 +1000] "GET /%CF%84%CE%BF-%CE%BA%CE%B1%CE%BB%CF%8D%CF%84%CE%B5%CF%81%CE%BF-%CE%B3%CE%B9%CE%B1-%CF%8C%CE%BB%CE%BF%CF%85%CF%82-%CE%BC%CE%B1%CF%82-%CE%AD%CE%BD%CE%B1-%CF%80%CF%81%CE%B1%CE%B3%CE%BC%CE%B1%CF%84%CE%B9/ HTTP/2" 200 42536 "-" "Mozilla/5.0 AppleWebKit/537.36 (KHTML, like Gecko; compatible; bingbot/2.0; +http://www.bing.com/bingbot.htm) Chrome/116.0.1938.76 Safari/537.36"
77.237.244.221 - - [13/May/2026:07:35:38 +1000] "GET /ppdb/ HTTP/1.1" 404 36234 "-" "Mozilla/5.0 (Windows NT 10.0; Win64; x64) AppleWebKit/537.36 (KHTML, like Gecko) Chrome/91.0.4472.124 Safari/537.36"
52.167.144.23 - - [13/May/2026:07:35:39 +1000] "GET /norges-beste-mobilcasino-2026-joik-nettcasino-paslat-mobilen/ HTTP/2" 200 42088 "-" "Mozilla/5.0 AppleWebKit/537.36 (KHTML, like Gecko; compatible; bingbot/2.0; +http://www.bing.com/bingbot.htm) Chrome/116.0.1938.76 Safari/537.36"
52.167.144.23 - - [13/May/2026:07:35:39 +1000] "GET /ultimata-spelbolag-sverige-2026-genom-listar-70-sajter-dayton-ohio-black-oxide-aluminum-anodizing-passivation/ HTTP/2" 200 41257 "-" "Mozilla/5.0 AppleWebKit/537.36 (KHTML, like Gecko; compatible; bingbot/2.0; +http://www.bing.com/bingbot.htm) Chrome/116.0.1938.76 Safari/537.36"
52.167.144.23 - - [13/May/2026:07:35:41 +1000] "GET /tasuta-5-naela-sissemakseta-boonus-suurbritannia-kasiinod-parimad-5-naela-rakendus-trinocasino-sissemakseta-boonused/ HTTP/2" 200 39648 "-" "Mozilla/5.0 AppleWebKit/537.36 (KHTML, like Gecko; compatible; bingbot/2.0; +http://www.bing.com/bingbot.htm) Chrome/116.0.1938.76 Safari/537.36"
52.167.144.23 - - [13/May/2026:07:35:41 +1000] "GET /bibel-per-bleser-casinoer-2026/ HTTP/2" 200 41840 "-" "Mozilla/5.0 AppleWebKit/537.36 (KHTML, like Gecko; compatible; bingbot/2.0; +http://www.bing.com/bingbot.htm) Chrome/116.0.1938.76 Safari/537.36"
77.237.244.221 - - [13/May/2026:07:35:41 +1000] "GET /services/ HTTP/1.1" 301 662 "-" "Mozilla/5.0 (Windows NT 10.0; Win64; x64) AppleWebKit/537.36 (KHTML, like Gecko) Chrome/91.0.4472.124 Safari/537.36"
52.167.144.23 - - [13/May/2026:07:35:43 +1000] "GET /ferreira-louzich-teodoro-borges-advogados-associados/ HTTP/2" 200 42604 "-" "Mozilla/5.0 AppleWebKit/537.36 (KHTML, like Gecko; compatible; bingbot/2.0; +http://www.bing.com/bingbot.htm) Chrome/116.0.1938.76 Safari/537.36"
52.167.144.23 - - [13/May/2026:07:35:43 +1000] "GET /lucky-days-erfahrungen-slot-sweet-win-2026-test-sei-lucky-days-ernst/ HTTP/2" 200 42411 "-" "Mozilla/5.0 AppleWebKit/537.36 (KHTML, like Gecko; compatible; bingbot/2.0; +http://www.bing.com/bingbot.htm) Chrome/116.0.1938.76 Safari/537.36"
216.73.217.100 - - [13/May/2026:07:35:43 +1000] "GET /?p=22497 HTTP/2" 301 0 "-" "Mozilla/5.0 AppleWebKit/537.36 (KHTML, like Gecko; compatible; ClaudeBot/1.0; +claudebot@anthropic.com)"
77.237.244.221 - - [13/May/2026:07:35:44 +1000] "GET /services/ HTTP/1.1" 404 36234 "-" "Mozilla/5.0 (Windows NT 10.0; Win64; x64) AppleWebKit/537.36 (KHTML, like Gecko) Chrome/91.0.4472.124 Safari/537.36"
192.178.4.100 - - [13/May/2026:07:35:45 +1000] "GET /wp-includes/js/comment-reply.min.js?ver=6.0.11 HTTP/1.1" 200 1833 "https://www.coridyan.com/casino-on-line-primary-characteristics-of-8/" "Mozilla/5.0 (Linux; Android 6.0.1; Nexus 5X Build/MMB29P) AppleWebKit/537.36 (KHTML, like Gecko) Chrome/147.0.7727.137 Mobile Safari/537.36 (compatible; GoogleOther)"
216.73.217.100 - - [13/May/2026:07:35:43 +1000] "GET /finest-totally-free-revolves-no-deposit-now-offers-casino-slotnite-no-deposit-bonus-2026-step-one000-revolves/ HTTP/2" 200 41017 "-" "Mozilla/5.0 AppleWebKit/537.36 (KHTML, like Gecko; compatible; ClaudeBot/1.0; +claudebot@anthropic.com)"
52.167.144.23 - - [13/May/2026:07:35:45 +1000] "GET /kontaktlos-bezahlen-so-geht-parece-and-das-ist-und-bleibt-hinter-bemerken/ HTTP/2" 200 42297 "-" "Mozilla/5.0 AppleWebKit/537.36 (KHTML, like Gecko; compatible; bingbot/2.0; +http://www.bing.com/bingbot.htm) Chrome/116.0.1938.76 Safari/537.36"
52.167.144.23 - - [13/May/2026:07:35:45 +1000] "GET /cricket-star-manager-nft-games-statistics/ HTTP/2" 200 40400 "-" "Mozilla/5.0 AppleWebKit/537.36 (KHTML, like Gecko; compatible; bingbot/2.0; +http://www.bing.com/bingbot.htm) Chrome/116.0.1938.76 Safari/537.36"
216.73.217.100 - - [13/May/2026:07:35:45 +1000] "GET /tragamonedas-en-internet-mas-profusamente-montezuma-1-deposito-destacadas-2026-superiores-tragamonedas/ HTTP/2" 200 41405 "https://www.coridyan.com/?p=22497" "Mozilla/5.0 AppleWebKit/537.36 (KHTML, like Gecko; compatible; ClaudeBot/1.0; +claudebot@anthropic.com)"
52.167.144.23 - - [13/May/2026:07:35:46 +1000] "GET /melhores-bonus-sem-deposito-2026-obtenha-codigos-3/ HTTP/2" 200 42836 "-" "Mozilla/5.0 AppleWebKit/537.36 (KHTML, like Gecko; compatible; bingbot/2.0; +http://www.bing.com/bingbot.htm) Chrome/116.0.1938.76 Safari/537.36"
52.167.144.23 - - [13/May/2026:07:35:47 +1000] "GET /migliori-bisca-sopra-italia-autorizzati-dalaams-adm-nel-2025/ HTTP/2" 200 42948 "-" "Mozilla/5.0 AppleWebKit/537.36 (KHTML, like Gecko; compatible; bingbot/2.0; +http://www.bing.com/bingbot.htm) Chrome/116.0.1938.76 Safari/537.36"
77.237.244.221 - - [13/May/2026:07:35:47 +1000] "GET /basil/ HTTP/1.1" 301 659 "-" "Mozilla/5.0 (Windows NT 10.0; Win64; x64) AppleWebKit/537.36 (KHTML, like Gecko) Chrome/91.0.4472.124 Safari/537.36"
52.167.144.23 - - [13/May/2026:07:35:48 +1000] "GET /5-eur-gratis-speculeren-zonder-betaling-om-2026-aanspraak-jij-toeslag-ziezo/ HTTP/2" 200 40940 "-" "Mozilla/5.0 AppleWebKit/537.36 (KHTML, like Gecko; compatible; bingbot/2.0; +http://www.bing.com/bingbot.htm) Chrome/116.0.1938.76 Safari/537.36"
52.167.144.23 - - [13/May/2026:07:35:48 +1000] "GET /basert-pa-akkvisisjon-spillutvalg-addert-mer/ HTTP/2" 200 41682 "-" "Mozilla/5.0 AppleWebKit/537.36 (KHTML, like Gecko; compatible; bingbot/2.0; +http://www.bing.com/bingbot.htm) Chrome/116.0.1938.76 Safari/537.36"
52.167.144.23 - - [13/May/2026:07:35:49 +1000] "GET /innovation-et-evolution-dans-l-industrie-du-tourisme-l-impact-des-plates-formes-numeriques/ HTTP/2" 200 41519 "-" "Mozilla/5.0 AppleWebKit/537.36 (KHTML, like Gecko; compatible; bingbot/2.0; +http://www.bing.com/bingbot.htm) Chrome/116.0.1938.76 Safari/537.36"
52.167.144.23 - - [13/May/2026:07:35:50 +1000] "GET /outil-pour-dessous-tiger-treasures-jeu-gratuite-demo/ HTTP/2" 200 41743 "-" "Mozilla/5.0 AppleWebKit/537.36 (KHTML, like Gecko; compatible; bingbot/2.0; +http://www.bing.com/bingbot.htm) Chrome/116.0.1938.76 Safari/537.36"
52.167.144.23 - - [13/May/2026:07:35:51 +1000] "GET /7-black-jack-methods-for-achievements-opportunity-house-boundary-effective-resources/ HTTP/2" 200 40034 "-" "Mozilla/5.0 AppleWebKit/537.36 (KHTML, like Gecko; compatible; bingbot/2.0; +http://www.bing.com/bingbot.htm) Chrome/116.0.1938.76 Safari/537.36"
52.167.144.23 - - [13/May/2026:07:35:51 +1000] "GET /maximising-player-engagement-and-revenue-through-themed-slot-games-an-industry-analysis/ HTTP/2" 200 41591 "-" "Mozilla/5.0 AppleWebKit/537.36 (KHTML, like Gecko; compatible; bingbot/2.0; +http://www.bing.com/bingbot.htm) Chrome/116.0.1938.76 Safari/537.36"
52.167.144.23 - - [13/May/2026:07:35:53 +1000] "GET /the-brand-new-50-free-revolves-no-deposit-2026-%EF%B8%8F-done-list/ HTTP/2" 200 39653 "-" "Mozilla/5.0 AppleWebKit/537.36 (KHTML, like Gecko; compatible; bingbot/2.0; +http://www.bing.com/bingbot.htm) Chrome/116.0.1938.76 Safari/537.36"
52.167.144.23 - - [13/May/2026:07:35:53 +1000] "GET /disse-beste-online-casinoene-igang-spillere-med-ekte-aktiva-inni-norge-inne-i-2026/ HTTP/2" 200 41876 "-" "Mozilla/5.0 AppleWebKit/537.36 (KHTML, like Gecko; compatible; bingbot/2.0; +http://www.bing.com/bingbot.htm) Chrome/116.0.1938.76 Safari/537.36"
192.178.4.100 - - [13/May/2026:07:35:53 +1000] "POST /wp-admin/admin-ajax.php HTTP/1.1" 200 1275 "https://www.coridyan.com/casino-on-line-primary-characteristics-of-8/" "Mozilla/5.0 (Linux; Android 6.0.1; Nexus 5X Build/MMB29P) AppleWebKit/537.36 (KHTML, like Gecko) Chrome/147.0.7727.137 Mobile Safari/537.36 (compatible; GoogleOther)"
77.237.244.221 - - [13/May/2026:07:35:54 +1000] "GET /basil/ HTTP/1.1" 404 36234 "-" "Mozilla/5.0 (Windows NT 10.0; Win64; x64) AppleWebKit/537.36 (KHTML, like Gecko) Chrome/91.0.4472.124 Safari/537.36"
20.15.133.184 - - [13/May/2026:07:35:54 +1000] "GET /stockport-casino-events/ HTTP/2" 200 40138 "-" "Mozilla/5.0 AppleWebKit/537.36 (KHTML, like Gecko; compatible; bingbot/2.0; +http://www.bing.com/bingbot.htm) Chrome/116.0.1938.76 Safari/537.36"
52.167.144.23 - - [13/May/2026:07:35:55 +1000] "GET /online-hra-texas-teas-zaregistrujte-se-pro-prihlaseni-partnera-royalgame-harbors-machine/ HTTP/2" 200 41118 "-" "Mozilla/5.0 AppleWebKit/537.36 (KHTML, like Gecko; compatible; bingbot/2.0; +http://www.bing.com/bingbot.htm) Chrome/116.0.1938.76 Safari/537.36"
52.167.144.23 - - [13/May/2026:07:35:55 +1000] "GET /voor-online-acteren/ HTTP/2" 200 40592 "-" "Mozilla/5.0 AppleWebKit/537.36 (KHTML, like Gecko; compatible; bingbot/2.0; +http://www.bing.com/bingbot.htm) Chrome/116.0.1938.76 Safari/537.36"
52.167.144.23 - - [13/May/2026:07:35:57 +1000] "GET /den-evolving-konsten-att-skapa-underhallande-spel-en-djupdykning-i-spelindustrins-innovationer/ HTTP/2" 200 42381 "-" "Mozilla/5.0 AppleWebKit/537.36 (KHTML, like Gecko; compatible; bingbot/2.0; +http://www.bing.com/bingbot.htm) Chrome/116.0.1938.76 Safari/537.36"
77.237.244.221 - - [13/May/2026:07:35:57 +1000] "GET /brand/ HTTP/1.1" 301 676 "-" "Mozilla/5.0 (Windows NT 10.0; Win64; x64) AppleWebKit/537.36 (KHTML, like Gecko) Chrome/91.0.4472.124 Safari/537.36"
45.61.187.178 - - [13/May/2026:07:35:58 +1000] "GET /wp-login.php HTTP/1.1" 200 8429 "-" "Mozilla/5.0 (Macintosh; Intel Mac OS X 10.8; rv:30.0) Gecko/20100101 Firefox/30.0"
45.61.187.178 - - [13/May/2026:07:35:59 +1000] "POST /wp-login.php HTTP/1.1" 200 8643 "-" "Mozilla/5.0 (Macintosh; Intel Mac OS X 10.8; rv:30.0) Gecko/20100101 Firefox/30.0"
