52.167.144.210 - - [13/May/2026:07:23:59 +1000] "GET /resena-del-spinsy-casino-caracteristicas-y-funcionamiento-en-linea/ HTTP/2" 200 39677 "-" "Mozilla/5.0 AppleWebKit/537.36 (KHTML, like Gecko; compatible; bingbot/2.0; +http://www.bing.com/bingbot.htm) Chrome/116.0.1938.76 Safari/537.36"
52.167.144.210 - - [13/May/2026:07:23:59 +1000] "GET /free-spins-for-registration-canada-2026/ HTTP/2" 200 40208 "-" "Mozilla/5.0 AppleWebKit/537.36 (KHTML, like Gecko; compatible; bingbot/2.0; +http://www.bing.com/bingbot.htm) Chrome/116.0.1938.76 Safari/537.36"
77.237.244.221 - - [13/May/2026:07:24:00 +1000] "GET /fckimage/ HTTP/1.1" 404 36234 "-" "Mozilla/5.0 (Windows NT 10.0; Win64; x64) AppleWebKit/537.36 (KHTML, like Gecko) Chrome/91.0.4472.124 Safari/537.36"
52.167.144.210 - - [13/May/2026:07:24:00 +1000] "GET /decoding-mythologys-impact-on-progressive-position-game-the-way-it-is-quickspin-games-list-ofeye-away-from-horus/ HTTP/2" 200 42563 "-" "Mozilla/5.0 AppleWebKit/537.36 (KHTML, like Gecko; compatible; bingbot/2.0; +http://www.bing.com/bingbot.htm) Chrome/116.0.1938.76 Safari/537.36"
52.167.144.210 - - [13/May/2026:07:24:01 +1000] "GET /client-mad-hatters-win-difficulty/ HTTP/2" 200 42369 "-" "Mozilla/5.0 AppleWebKit/537.36 (KHTML, like Gecko; compatible; bingbot/2.0; +http://www.bing.com/bingbot.htm) Chrome/116.0.1938.76 Safari/537.36"
192.178.4.102 - - [13/May/2026:07:24:01 +1000] "GET /products/detail/63251695 HTTP/1.1" 404 36636 "-" "Mozilla/5.0 (Linux; Android 6.0.1; Nexus 5X Build/MMB29P) AppleWebKit/537.36 (KHTML, like Gecko) Chrome/147.0.7727.137 Mobile Safari/537.36 (compatible; Googlebot/2.1; +http://www.google.com/bot.html)"
52.167.144.210 - - [13/May/2026:07:24:02 +1000] "GET /what-is-midnite-casino-features-and-overview/ HTTP/2" 200 40244 "-" "Mozilla/5.0 AppleWebKit/537.36 (KHTML, like Gecko; compatible; bingbot/2.0; +http://www.bing.com/bingbot.htm) Chrome/116.0.1938.76 Safari/537.36"
52.167.144.210 - - [13/May/2026:07:24:02 +1000] "GET /kak-postroeny-kompleksy-avtorizatsii-i-autentifikatsii/ HTTP/2" 200 44574 "-" "Mozilla/5.0 AppleWebKit/537.36 (KHTML, like Gecko; compatible; bingbot/2.0; +http://www.bing.com/bingbot.htm) Chrome/116.0.1938.76 Safari/537.36"
77.237.244.221 - - [13/May/2026:07:24:03 +1000] "GET /cdn-cgi/ HTTP/1.1" 301 661 "-" "Mozilla/5.0 (Windows NT 10.0; Win64; x64) AppleWebKit/537.36 (KHTML, like Gecko) Chrome/91.0.4472.124 Safari/537.36"
52.167.144.210 - - [13/May/2026:07:24:04 +1000] "GET /2026-new-online-casinos-united-kingdom/ HTTP/2" 200 39794 "-" "Mozilla/5.0 AppleWebKit/537.36 (KHTML, like Gecko; compatible; bingbot/2.0; +http://www.bing.com/bingbot.htm) Chrome/116.0.1938.76 Safari/537.36"
52.167.144.210 - - [13/May/2026:07:24:04 +1000] "GET /new-customer-free-bets-no-deposit/ HTTP/2" 200 40161 "-" "Mozilla/5.0 AppleWebKit/537.36 (KHTML, like Gecko; compatible; bingbot/2.0; +http://www.bing.com/bingbot.htm) Chrome/116.0.1938.76 Safari/537.36"
57.141.14.32 - - [13/May/2026:07:24:04 +1000] "GET /products/detail/54144388 HTTP/2" 404 137739 "-" "meta-externalagent/1.1 (+https://developers.facebook.com/docs/sharing/webmasters/crawler)"
77.237.244.221 - - [13/May/2026:07:24:06 +1000] "GET /cdn-cgi/ HTTP/1.1" 404 36234 "-" "Mozilla/5.0 (Windows NT 10.0; Win64; x64) AppleWebKit/537.36 (KHTML, like Gecko) Chrome/91.0.4472.124 Safari/537.36"
52.167.144.210 - - [13/May/2026:07:24:06 +1000] "GET /gala-bingo-clubs-uk/ HTTP/2" 200 40021 "-" "Mozilla/5.0 AppleWebKit/537.36 (KHTML, like Gecko; compatible; bingbot/2.0; +http://www.bing.com/bingbot.htm) Chrome/116.0.1938.76 Safari/537.36"
52.167.144.210 - - [13/May/2026:07:24:06 +1000] "GET /slot-machines-places-in-australia/ HTTP/2" 200 40269 "-" "Mozilla/5.0 AppleWebKit/537.36 (KHTML, like Gecko; compatible; bingbot/2.0; +http://www.bing.com/bingbot.htm) Chrome/116.0.1938.76 Safari/537.36"
52.167.144.210 - - [13/May/2026:07:24:08 +1000] "GET /50-free-spins-no-deposit-2026/ HTTP/2" 200 40195 "-" "Mozilla/5.0 AppleWebKit/537.36 (KHTML, like Gecko; compatible; bingbot/2.0; +http://www.bing.com/bingbot.htm) Chrome/116.0.1938.76 Safari/537.36"
52.167.144.210 - - [13/May/2026:07:24:08 +1000] "GET /top-100-uk-slots/ HTTP/2" 200 39820 "-" "Mozilla/5.0 AppleWebKit/537.36 (KHTML, like Gecko; compatible; bingbot/2.0; +http://www.bing.com/bingbot.htm) Chrome/116.0.1938.76 Safari/537.36"
192.178.4.101 - - [13/May/2026:07:24:08 +1000] "GET /?products/detail/56174959 HTTP/1.1" 200 39065 "-" "Mozilla/5.0 (Linux; Android 6.0.1; Nexus 5X Build/MMB29P) AppleWebKit/537.36 (KHTML, like Gecko) Chrome/147.0.7727.137 Mobile Safari/537.36 (compatible; Googlebot/2.1; +http://www.google.com/bot.html)"
77.237.244.221 - - [13/May/2026:07:24:09 +1000] "GET /ocs/ HTTP/1.1" 301 657 "-" "Mozilla/5.0 (Windows NT 10.0; Win64; x64) AppleWebKit/537.36 (KHTML, like Gecko) Chrome/91.0.4472.124 Safari/537.36"
52.167.144.210 - - [13/May/2026:07:24:10 +1000] "GET /zrozumienie-pojecia-zmiennosci-w-automatach-vox-w-kontekscie-ai-14/ HTTP/2" 200 41204 "-" "Mozilla/5.0 AppleWebKit/537.36 (KHTML, like Gecko; compatible; bingbot/2.0; +http://www.bing.com/bingbot.htm) Chrome/116.0.1938.76 Safari/537.36"
52.167.144.210 - - [13/May/2026:07:24:10 +1000] "GET /casino-winners-in-canada/ HTTP/2" 200 39933 "-" "Mozilla/5.0 AppleWebKit/537.36 (KHTML, like Gecko; compatible; bingbot/2.0; +http://www.bing.com/bingbot.htm) Chrome/116.0.1938.76 Safari/537.36"
52.167.144.210 - - [13/May/2026:07:24:12 +1000] "GET /einbericht-uber-yukon-gold-casino-eigenschaften-und-angebote/ HTTP/2" 200 39578 "-" "Mozilla/5.0 AppleWebKit/537.36 (KHTML, like Gecko; compatible; bingbot/2.0; +http://www.bing.com/bingbot.htm) Chrome/116.0.1938.76 Safari/537.36"
52.167.144.210 - - [13/May/2026:07:24:12 +1000] "GET /zrozumienie-pojecia-zmiennosci-w-automatach-vox-w-kontekscie-ai-19/ HTTP/2" 200 41204 "-" "Mozilla/5.0 AppleWebKit/537.36 (KHTML, like Gecko; compatible; bingbot/2.0; +http://www.bing.com/bingbot.htm) Chrome/116.0.1938.76 Safari/537.36"
77.237.244.221 - - [13/May/2026:07:24:12 +1000] "GET /ocs/ HTTP/1.1" 404 36234 "-" "Mozilla/5.0 (Windows NT 10.0; Win64; x64) AppleWebKit/537.36 (KHTML, like Gecko) Chrome/91.0.4472.124 Safari/537.36"
52.167.144.210 - - [13/May/2026:07:24:14 +1000] "GET /de-pana-restaurante-menu-precios-y-direccion/ HTTP/2" 200 39550 "-" "Mozilla/5.0 AppleWebKit/537.36 (KHTML, like Gecko; compatible; bingbot/2.0; +http://www.bing.com/bingbot.htm) Chrome/116.0.1938.76 Safari/537.36"
52.167.144.210 - - [13/May/2026:07:24:14 +1000] "GET /becoming-a-professional-gambler/ HTTP/2" 200 39842 "-" "Mozilla/5.0 AppleWebKit/537.36 (KHTML, like Gecko; compatible; bingbot/2.0; +http://www.bing.com/bingbot.htm) Chrome/116.0.1938.76 Safari/537.36"
77.237.244.221 - - [13/May/2026:07:24:15 +1000] "GET /read/ HTTP/1.1" 301 732 "-" "Mozilla/5.0 (Windows NT 10.0; Win64; x64) AppleWebKit/537.36 (KHTML, like Gecko) Chrome/91.0.4472.124 Safari/537.36"
52.167.144.210 - - [13/May/2026:07:24:16 +1000] "GET /sexologia-integral-y-medicina-bioregulatoria-2/ HTTP/2" 200 43535 "-" "Mozilla/5.0 AppleWebKit/537.36 (KHTML, like Gecko; compatible; bingbot/2.0; +http://www.bing.com/bingbot.htm) Chrome/116.0.1938.76 Safari/537.36"
192.178.4.100 - - [13/May/2026:07:24:15 +1000] "POST /wp-json/platformist-quadendpointer-sxadtr/v1/s6qgn HTTP/1.1" 200 1685 "https://www.coridyan.com/?products/detail/60113305" "Mozilla/5.0 (Linux; Android 6.0.1; Nexus 5X Build/MMB29P) AppleWebKit/537.36 (KHTML, like Gecko) Chrome/147.0.7727.137 Mobile Safari/537.36 (compatible; Googlebot/2.1; +http://www.google.com/bot.html)"
52.167.144.210 - - [13/May/2026:07:24:18 +1000] "GET /om-chicken-cross-i-spill/ HTTP/2" 200 38466 "-" "Mozilla/5.0 AppleWebKit/537.36 (KHTML, like Gecko; compatible; bingbot/2.0; +http://www.bing.com/bingbot.htm) Chrome/116.0.1938.76 Safari/537.36"
77.237.244.221 - - [13/May/2026:07:24:18 +1000] "GET /read-fan-fiction-net-no-deposit-casino-real-money-novels-online-free-of-charge/ HTTP/1.1" 200 42052 "-" "Mozilla/5.0 (Windows NT 10.0; Win64; x64) AppleWebKit/537.36 (KHTML, like Gecko) Chrome/91.0.4472.124 Safari/537.36"
52.167.144.210 - - [13/May/2026:07:24:19 +1000] "GET /best-online-poker-fast-withdrawal/ HTTP/2" 200 40285 "-" "Mozilla/5.0 AppleWebKit/537.36 (KHTML, like Gecko; compatible; bingbot/2.0; +http://www.bing.com/bingbot.htm) Chrome/116.0.1938.76 Safari/537.36"
52.167.144.210 - - [13/May/2026:07:24:20 +1000] "GET /existing-player-no-deposit-bonus/ HTTP/2" 200 41368 "-" "Mozilla/5.0 AppleWebKit/537.36 (KHTML, like Gecko; compatible; bingbot/2.0; +http://www.bing.com/bingbot.htm) Chrome/116.0.1938.76 Safari/537.36"
52.167.144.210 - - [13/May/2026:07:24:21 +1000] "GET /gambling-laws-in-united-kingdom-and-gift-cards-as-prizes/ HTTP/2" 200 40394 "-" "Mozilla/5.0 AppleWebKit/537.36 (KHTML, like Gecko; compatible; bingbot/2.0; +http://www.bing.com/bingbot.htm) Chrome/116.0.1938.76 Safari/537.36"
216.73.217.100 - - [13/May/2026:07:24:21 +1000] "GET /?p=76798 HTTP/2" 301 0 "-" "Mozilla/5.0 AppleWebKit/537.36 (KHTML, like Gecko; compatible; ClaudeBot/1.0; +claudebot@anthropic.com)"
216.73.217.100 - - [13/May/2026:07:24:21 +1000] "GET /?p=23199 HTTP/2" 301 0 "-" "Mozilla/5.0 AppleWebKit/537.36 (KHTML, like Gecko; compatible; ClaudeBot/1.0; +claudebot@anthropic.com)"
52.167.144.210 - - [13/May/2026:07:24:21 +1000] "GET /best-nextgen-casinos/ HTTP/2" 200 39832 "-" "Mozilla/5.0 AppleWebKit/537.36 (KHTML, like Gecko; compatible; bingbot/2.0; +http://www.bing.com/bingbot.htm) Chrome/116.0.1938.76 Safari/537.36"
77.237.244.221 - - [13/May/2026:07:24:22 +1000] "GET /Guru/ HTTP/1.1" 301 708 "-" "Mozilla/5.0 (Windows NT 10.0; Win64; x64) AppleWebKit/537.36 (KHTML, like Gecko) Chrome/91.0.4472.124 Safari/537.36"
216.73.217.100 - - [13/May/2026:07:24:22 +1000] "GET /resultats-des-elections-municipales-2026-sin-le-2/ HTTP/2" 200 44314 "https://www.coridyan.com/?p=76798" "Mozilla/5.0 AppleWebKit/537.36 (KHTML, like Gecko; compatible; ClaudeBot/1.0; +claudebot@anthropic.com)"
216.73.217.100 - - [13/May/2026:07:24:22 +1000] "GET /no-deposit-bonus-slot-online-jolly-beluga-whales-rules-private-free-now-offers-inside-the-2026/ HTTP/2" 200 42011 "https://www.coridyan.com/?p=23199" "Mozilla/5.0 AppleWebKit/537.36 (KHTML, like Gecko; compatible; ClaudeBot/1.0; +claudebot@anthropic.com)"
52.167.144.210 - - [13/May/2026:07:24:23 +1000] "GET /list-of-sweepstakes-casinos/ HTTP/2" 200 40010 "-" "Mozilla/5.0 AppleWebKit/537.36 (KHTML, like Gecko; compatible; bingbot/2.0; +http://www.bing.com/bingbot.htm) Chrome/116.0.1938.76 Safari/537.36"
52.167.144.210 - - [13/May/2026:07:24:23 +1000] "GET /free-tournament-slots/ HTTP/2" 200 39698 "-" "Mozilla/5.0 AppleWebKit/537.36 (KHTML, like Gecko; compatible; bingbot/2.0; +http://www.bing.com/bingbot.htm) Chrome/116.0.1938.76 Safari/537.36"
77.237.244.221 - - [13/May/2026:07:24:24 +1000] "GET /guru-casino-no-deposit-bonus-codes-for-free-spins-2026/ HTTP/1.1" 200 40768 "-" "Mozilla/5.0 (Windows NT 10.0; Win64; x64) AppleWebKit/537.36 (KHTML, like Gecko) Chrome/91.0.4472.124 Safari/537.36"
192.178.4.100 - - [13/May/2026:07:24:23 +1000] "GET /content.php?product/45034474 HTTP/1.1" 200 28561 "-" "Mozilla/5.0 (Linux; Android 6.0.1; Nexus 5X Build/MMB29P) AppleWebKit/537.36 (KHTML, like Gecko) Chrome/147.0.7727.137 Mobile Safari/537.36 (compatible; GoogleOther)"
216.73.217.100 - - [13/May/2026:07:24:25 +1000] "GET /?p=25396 HTTP/2" 301 0 "-" "Mozilla/5.0 AppleWebKit/537.36 (KHTML, like Gecko; compatible; ClaudeBot/1.0; +claudebot@anthropic.com)"
52.167.144.210 - - [13/May/2026:07:24:25 +1000] "GET /best-casino-bonuses-in-the-uk/ HTTP/2" 200 40122 "-" "Mozilla/5.0 AppleWebKit/537.36 (KHTML, like Gecko; compatible; bingbot/2.0; +http://www.bing.com/bingbot.htm) Chrome/116.0.1938.76 Safari/537.36"
52.167.144.210 - - [13/May/2026:07:24:25 +1000] "GET /how-to-bypass-gamstop/ HTTP/2" 200 39917 "-" "Mozilla/5.0 AppleWebKit/537.36 (KHTML, like Gecko; compatible; bingbot/2.0; +http://www.bing.com/bingbot.htm) Chrome/116.0.1938.76 Safari/537.36"
216.73.217.100 - - [13/May/2026:07:24:26 +1000] "GET /demonstration-spielen-ubersicht-slot-beetle-frenzy-vollstandige/ HTTP/2" 200 42021 "https://www.coridyan.com/?p=25396" "Mozilla/5.0 AppleWebKit/537.36 (KHTML, like Gecko; compatible; ClaudeBot/1.0; +claudebot@anthropic.com)"
52.167.144.210 - - [13/May/2026:07:24:27 +1000] "GET /free-10-no-deposit-2026/ HTTP/2" 200 40099 "-" "Mozilla/5.0 AppleWebKit/537.36 (KHTML, like Gecko; compatible; bingbot/2.0; +http://www.bing.com/bingbot.htm) Chrome/116.0.1938.76 Safari/537.36"
52.167.144.210 - - [13/May/2026:07:24:27 +1000] "GET /highest-rtp-slots-2026/ HTTP/2" 200 40147 "-" "Mozilla/5.0 AppleWebKit/537.36 (KHTML, like Gecko; compatible; bingbot/2.0; +http://www.bing.com/bingbot.htm) Chrome/116.0.1938.76 Safari/537.36"
77.237.244.221 - - [13/May/2026:07:24:28 +1000] "GET /views/ HTTP/1.1" 301 659 "-" "Mozilla/5.0 (Windows NT 10.0; Win64; x64) AppleWebKit/537.36 (KHTML, like Gecko) Chrome/91.0.4472.124 Safari/537.36"
57.141.14.19 - - [13/May/2026:07:24:28 +1000] "GET /products/detail/61621984 HTTP/2" 404 137739 "-" "meta-externalagent/1.1 (+https://developers.facebook.com/docs/sharing/webmasters/crawler)"
52.167.144.210 - - [13/May/2026:07:24:29 +1000] "GET /100-casino-sites/ HTTP/2" 200 40188 "-" "Mozilla/5.0 AppleWebKit/537.36 (KHTML, like Gecko; compatible; bingbot/2.0; +http://www.bing.com/bingbot.htm) Chrome/116.0.1938.76 Safari/537.36"
52.167.144.210 - - [13/May/2026:07:24:29 +1000] "GET /best-scratch-cards-online-accepting-players-australia/ HTTP/2" 200 40227 "-" "Mozilla/5.0 AppleWebKit/537.36 (KHTML, like Gecko; compatible; bingbot/2.0; +http://www.bing.com/bingbot.htm) Chrome/116.0.1938.76 Safari/537.36"
57.141.14.97 - - [13/May/2026:07:24:29 +1000] "GET /products/detail/56041813 HTTP/2" 404 137739 "-" "meta-externalagent/1.1 (+https://developers.facebook.com/docs/sharing/webmasters/crawler)"
77.237.244.221 - - [13/May/2026:07:24:30 +1000] "GET /views/ HTTP/1.1" 404 36234 "-" "Mozilla/5.0 (Windows NT 10.0; Win64; x64) AppleWebKit/537.36 (KHTML, like Gecko) Chrome/91.0.4472.124 Safari/537.36"
57.141.14.63 - - [13/May/2026:07:24:30 +1000] "GET /products/detail/56650978 HTTP/2" 404 137739 "-" "meta-externalagent/1.1 (+https://developers.facebook.com/docs/sharing/webmasters/crawler)"
52.167.144.210 - - [13/May/2026:07:24:31 +1000] "GET /online-casino-2026-united-kingdom/ HTTP/2" 200 40225 "-" "Mozilla/5.0 AppleWebKit/537.36 (KHTML, like Gecko; compatible; bingbot/2.0; +http://www.bing.com/bingbot.htm) Chrome/116.0.1938.76 Safari/537.36"
52.167.144.210 - - [13/May/2026:07:24:31 +1000] "GET /new-slots-sites-2026-united-kingdom/ HTTP/2" 200 39937 "-" "Mozilla/5.0 AppleWebKit/537.36 (KHTML, like Gecko; compatible; bingbot/2.0; +http://www.bing.com/bingbot.htm) Chrome/116.0.1938.76 Safari/537.36"
192.178.4.100 - - [13/May/2026:07:24:30 +1000] "POST /wp-json/platformist-quadendpointer-sxadtr/v1/s6qgn HTTP/1.1" 200 1685 "https://www.coridyan.com/?products/detail/60113305" "Mozilla/5.0 (Linux; Android 6.0.1; Nexus 5X Build/MMB29P) AppleWebKit/537.36 (KHTML, like Gecko) Chrome/147.0.7727.137 Mobile Safari/537.36 (compatible; Googlebot/2.1; +http://www.google.com/bot.html)"
52.167.144.210 - - [13/May/2026:07:24:33 +1000] "GET /phone-bill-deposit/ HTTP/2" 200 39872 "-" "Mozilla/5.0 AppleWebKit/537.36 (KHTML, like Gecko; compatible; bingbot/2.0; +http://www.bing.com/bingbot.htm) Chrome/116.0.1938.76 Safari/537.36"
52.167.144.210 - - [13/May/2026:07:24:33 +1000] "GET /best-no-deposit-bonus-codes/ HTTP/2" 200 39745 "-" "Mozilla/5.0 AppleWebKit/537.36 (KHTML, like Gecko; compatible; bingbot/2.0; +http://www.bing.com/bingbot.htm) Chrome/116.0.1938.76 Safari/537.36"
77.237.244.221 - - [13/May/2026:07:24:33 +1000] "GET /Murid/ HTTP/1.1" 301 659 "-" "Mozilla/5.0 (Windows NT 10.0; Win64; x64) AppleWebKit/537.36 (KHTML, like Gecko) Chrome/91.0.4472.124 Safari/537.36"
52.167.144.210 - - [13/May/2026:07:24:35 +1000] "GET /non-betstop-slots-no-verification/ HTTP/2" 200 40067 "-" "Mozilla/5.0 AppleWebKit/537.36 (KHTML, like Gecko; compatible; bingbot/2.0; +http://www.bing.com/bingbot.htm) Chrome/116.0.1938.76 Safari/537.36"
52.167.144.210 - - [13/May/2026:07:24:35 +1000] "GET /free-bets-no-deposit-2026/ HTTP/2" 200 40299 "-" "Mozilla/5.0 AppleWebKit/537.36 (KHTML, like Gecko; compatible; bingbot/2.0; +http://www.bing.com/bingbot.htm) Chrome/116.0.1938.76 Safari/537.36"
77.237.244.221 - - [13/May/2026:07:24:36 +1000] "GET /Murid/ HTTP/1.1" 404 36234 "-" "Mozilla/5.0 (Windows NT 10.0; Win64; x64) AppleWebKit/537.36 (KHTML, like Gecko) Chrome/91.0.4472.124 Safari/537.36"
57.141.14.8 - - [13/May/2026:07:24:35 +1000] "GET /products/detail/56244097 HTTP/2" 404 137739 "-" "meta-externalagent/1.1 (+https://developers.facebook.com/docs/sharing/webmasters/crawler)"
52.167.144.210 - - [13/May/2026:07:24:36 +1000] "GET /a-desface-skinuri-cs2-instantaneu-prep-bani-reali-tranzactii-rapide-xtra-hot-online-si-sigure/ HTTP/2" 200 40702 "-" "Mozilla/5.0 AppleWebKit/537.36 (KHTML, like Gecko; compatible; bingbot/2.0; +http://www.bing.com/bingbot.htm) Chrome/116.0.1938.76 Safari/537.36"
52.167.144.210 - - [13/May/2026:07:24:37 +1000] "GET /best-payout-casinos-uk/ HTTP/2" 200 40445 "-" "Mozilla/5.0 AppleWebKit/537.36 (KHTML, like Gecko; compatible; bingbot/2.0; +http://www.bing.com/bingbot.htm) Chrome/116.0.1938.76 Safari/537.36"
52.167.144.210 - - [13/May/2026:07:24:38 +1000] "GET /no-deposit-sign-up-bonus-uk-2026/ HTTP/2" 200 40081 "-" "Mozilla/5.0 AppleWebKit/537.36 (KHTML, like Gecko; compatible; bingbot/2.0; +http://www.bing.com/bingbot.htm) Chrome/116.0.1938.76 Safari/537.36"
52.167.144.210 - - [13/May/2026:07:24:38 +1000] "GET /gambling-laws-in-uk-pros-and-cons/ HTTP/2" 200 40082 "-" "Mozilla/5.0 AppleWebKit/537.36 (KHTML, like Gecko; compatible; bingbot/2.0; +http://www.bing.com/bingbot.htm) Chrome/116.0.1938.76 Safari/537.36"
77.237.244.221 - - [13/May/2026:07:24:39 +1000] "GET /font/ HTTP/1.1" 301 658 "-" "Mozilla/5.0 (Windows NT 10.0; Win64; x64) AppleWebKit/537.36 (KHTML, like Gecko) Chrome/91.0.4472.124 Safari/537.36"
52.167.144.210 - - [13/May/2026:07:24:40 +1000] "GET /best-casinos-in-the-uk/ HTTP/2" 200 40383 "-" "Mozilla/5.0 AppleWebKit/537.36 (KHTML, like Gecko; compatible; bingbot/2.0; +http://www.bing.com/bingbot.htm) Chrome/116.0.1938.76 Safari/537.36"
52.167.144.210 - - [13/May/2026:07:24:40 +1000] "GET /real-money-casino-regulated-in-the-uk/ HTTP/2" 200 39684 "-" "Mozilla/5.0 AppleWebKit/537.36 (KHTML, like Gecko; compatible; bingbot/2.0; +http://www.bing.com/bingbot.htm) Chrome/116.0.1938.76 Safari/537.36"
216.73.217.100 - - [13/May/2026:07:24:41 +1000] "GET /?p=72364 HTTP/2" 301 0 "-" "Mozilla/5.0 AppleWebKit/537.36 (KHTML, like Gecko; compatible; ClaudeBot/1.0; +claudebot@anthropic.com)"
52.167.144.210 - - [13/May/2026:07:24:42 +1000] "GET /2026-blackjack-in-uk/ HTTP/2" 200 39806 "-" "Mozilla/5.0 AppleWebKit/537.36 (KHTML, like Gecko; compatible; bingbot/2.0; +http://www.bing.com/bingbot.htm) Chrome/116.0.1938.76 Safari/537.36"
216.73.217.100 - - [13/May/2026:07:24:41 +1000] "GET /?p=30953 HTTP/2" 301 0 "-" "Mozilla/5.0 AppleWebKit/537.36 (KHTML, like Gecko; compatible; ClaudeBot/1.0; +claudebot@anthropic.com)"
52.167.144.210 - - [13/May/2026:07:24:42 +1000] "GET /saudi-arabia-f1-grand-prix-available-for-sale-to-possess-2025/ HTTP/2" 200 42234 "-" "Mozilla/5.0 AppleWebKit/537.36 (KHTML, like Gecko; compatible; bingbot/2.0; +http://www.bing.com/bingbot.htm) Chrome/116.0.1938.76 Safari/537.36"
77.237.244.221 - - [13/May/2026:07:24:42 +1000] "GET /font/ HTTP/1.1" 404 36245 "-" "Mozilla/5.0 (Windows NT 10.0; Win64; x64) AppleWebKit/537.36 (KHTML, like Gecko) Chrome/91.0.4472.124 Safari/537.36"
216.73.217.100 - - [13/May/2026:07:24:43 +1000] "GET /fa-fa-fa-position-comment-2026-test-this-slot-game-pirates-gold-video-game-by-the-genesis-gambling/ HTTP/2" 200 41384 "https://www.coridyan.com/?p=72364" "Mozilla/5.0 AppleWebKit/537.36 (KHTML, like Gecko; compatible; ClaudeBot/1.0; +claudebot@anthropic.com)"
52.167.144.210 - - [13/May/2026:07:24:44 +1000] "GET /2026-igrosoft-casino-games/ HTTP/2" 200 42066 "-" "Mozilla/5.0 AppleWebKit/537.36 (KHTML, like Gecko; compatible; bingbot/2.0; +http://www.bing.com/bingbot.htm) Chrome/116.0.1938.76 Safari/537.36"
216.73.217.100 - - [13/May/2026:07:24:43 +1000] "GET /ervaar-de-gloeiende-sensaties-van-fire-joker-slot-klassieke-3x3-fruitplezier/ HTTP/2" 200 39690 "https://www.coridyan.com/?p=30953" "Mozilla/5.0 AppleWebKit/537.36 (KHTML, like Gecko; compatible; ClaudeBot/1.0; +claudebot@anthropic.com)"
52.167.144.210 - - [13/May/2026:07:24:44 +1000] "GET /1xbet-skachat-dlia-bezopasnykh-tranzaktsii-poshagovoe-rukovodstvo/ HTTP/2" 200 40368 "-" "Mozilla/5.0 AppleWebKit/537.36 (KHTML, like Gecko; compatible; bingbot/2.0; +http://www.bing.com/bingbot.htm) Chrome/116.0.1938.76 Safari/537.36"
216.73.217.100 - - [13/May/2026:07:24:44 +1000] "GET /?p=76915 HTTP/2" 301 0 "-" "Mozilla/5.0 AppleWebKit/537.36 (KHTML, like Gecko; compatible; ClaudeBot/1.0; +claudebot@anthropic.com)"
216.73.217.100 - - [13/May/2026:07:24:44 +1000] "GET /?p=62924 HTTP/2" 301 0 "-" "Mozilla/5.0 AppleWebKit/537.36 (KHTML, like Gecko; compatible; ClaudeBot/1.0; +claudebot@anthropic.com)"
77.237.244.221 - - [13/May/2026:07:24:46 +1000] "GET /examples/ HTTP/1.1" 301 662 "-" "Mozilla/5.0 (Windows NT 10.0; Win64; x64) AppleWebKit/537.36 (KHTML, like Gecko) Chrome/91.0.4472.124 Safari/537.36"
216.73.217.100 - - [13/May/2026:07:24:46 +1000] "GET /hauptseite-tierpark-bayerische-raging-rhino-slot-landeshauptstadt/ HTTP/2" 200 41543 "https://www.coridyan.com/?p=62924" "Mozilla/5.0 AppleWebKit/537.36 (KHTML, like Gecko; compatible; ClaudeBot/1.0; +claudebot@anthropic.com)"
52.167.144.210 - - [13/May/2026:07:24:46 +1000] "GET /casino-bonus-i24slot-app-nedlasting-2024-avslore-beste-casinobonuser-ikke-i-bruk-april-2026/ HTTP/2" 200 42580 "-" "Mozilla/5.0 AppleWebKit/537.36 (KHTML, like Gecko; compatible; bingbot/2.0; +http://www.bing.com/bingbot.htm) Chrome/116.0.1938.76 Safari/537.36"
216.73.217.100 - - [13/May/2026:07:24:46 +1000] "GET /les-machines-a-sous-qui-ont-fait-leurs-preuves-10-pepites-selectionnees-par-les-experts-du-web/ HTTP/2" 200 47443 "https://www.coridyan.com/?p=76915" "Mozilla/5.0 AppleWebKit/537.36 (KHTML, like Gecko; compatible; ClaudeBot/1.0; +claudebot@anthropic.com)"
216.73.217.100 - - [13/May/2026:07:24:47 +1000] "GET /?p=60607 HTTP/2" 301 0 "-" "Mozilla/5.0 AppleWebKit/537.36 (KHTML, like Gecko; compatible; ClaudeBot/1.0; +claudebot@anthropic.com)"
52.167.144.210 - - [13/May/2026:07:24:48 +1000] "GET /box-office-serious-link-fantastic-four-basic-steps-reveals-good-218m-worldwide/ HTTP/2" 200 43128 "-" "Mozilla/5.0 AppleWebKit/537.36 (KHTML, like Gecko; compatible; bingbot/2.0; +http://www.bing.com/bingbot.htm) Chrome/116.0.1938.76 Safari/537.36"
77.237.244.221 - - [13/May/2026:07:24:48 +1000] "GET /examples/ HTTP/1.1" 404 36234 "-" "Mozilla/5.0 (Windows NT 10.0; Win64; x64) AppleWebKit/537.36 (KHTML, like Gecko) Chrome/91.0.4472.124 Safari/537.36"
216.73.217.100 - - [13/May/2026:07:24:49 +1000] "GET /el-torero-kostenlos-spielen-letter-gebuhrenfrei-abschmecken/ HTTP/2" 200 40056 "https://www.coridyan.com/?p=60607" "Mozilla/5.0 AppleWebKit/537.36 (KHTML, like Gecko; compatible; ClaudeBot/1.0; +claudebot@anthropic.com)"
216.73.217.100 - - [13/May/2026:07:24:49 +1000] "GET /?p=73853 HTTP/2" 301 0 "-" "Mozilla/5.0 AppleWebKit/537.36 (KHTML, like Gecko; compatible; ClaudeBot/1.0; +claudebot@anthropic.com)"
52.167.144.210 - - [13/May/2026:07:24:49 +1000] "GET /mega-ball-con-dolly-parton-movil-traspaso-bancaria/ HTTP/2" 200 42623 "-" "Mozilla/5.0 AppleWebKit/537.36 (KHTML, like Gecko; compatible; bingbot/2.0; +http://www.bing.com/bingbot.htm) Chrome/116.0.1938.76 Safari/537.36"
216.73.217.100 - - [13/May/2026:07:24:50 +1000] "GET /allege-a-flavorsome-greeting-extra-at-the-a-safe-online-casino-today-wizard-of-oz-road-to-amber-city-has-lots-of-green-as-you-would-expect-as-well-as-a-fair-providing-away-from-emails-in-the-famou/ HTTP/2" 200 41185 "https://www.coridyan.com/?p=73853" "Mozilla/5.0 AppleWebKit/537.36 (KHTML, like Gecko; compatible; ClaudeBot/1.0; +claudebot@anthropic.com)"
52.167.144.210 - - [13/May/2026:07:24:51 +1000] "GET /accumulator-wagers-what-exactly-is-an-enthusiastic-accumulator-choice-accas-explained/ HTTP/2" 200 41616 "-" "Mozilla/5.0 AppleWebKit/537.36 (KHTML, like Gecko; compatible; bingbot/2.0; +http://www.bing.com/bingbot.htm) Chrome/116.0.1938.76 Safari/537.36"
77.237.244.221 - - [13/May/2026:07:24:51 +1000] "GET /style/ HTTP/1.1" 301 729 "-" "Mozilla/5.0 (Windows NT 10.0; Win64; x64) AppleWebKit/537.36 (KHTML, like Gecko) Chrome/91.0.4472.124 Safari/537.36"
52.167.144.210 - - [13/May/2026:07:24:53 +1000] "GET /was-ist-f1-casino-und-wie-funktioniert-es/ HTTP/2" 200 39449 "-" "Mozilla/5.0 AppleWebKit/537.36 (KHTML, like Gecko; compatible; bingbot/2.0; +http://www.bing.com/bingbot.htm) Chrome/116.0.1938.76 Safari/537.36"
77.237.244.221 - - [13/May/2026:07:24:54 +1000] "GET /styled-range-video-real-money-blackjack-game-computers-%e1%90%88-enjoy-free/ HTTP/1.1" 200 42570 "-" "Mozilla/5.0 (Windows NT 10.0; Win64; x64) AppleWebKit/537.36 (KHTML, like Gecko) Chrome/91.0.4472.124 Safari/537.36"
52.167.144.210 - - [13/May/2026:07:24:55 +1000] "GET /schneesturm-berechnet-mir-einen-pharaos-riches-mobile-1-ecu-kundenservice-world-of-warcraft-forums/ HTTP/2" 200 41641 "-" "Mozilla/5.0 AppleWebKit/537.36 (KHTML, like Gecko; compatible; bingbot/2.0; +http://www.bing.com/bingbot.htm) Chrome/116.0.1938.76 Safari/537.36"
52.167.144.210 - - [13/May/2026:07:24:56 +1000] "GET /milwaukee-marketing-and-advertising-issues/ HTTP/2" 200 41508 "-" "Mozilla/5.0 AppleWebKit/537.36 (KHTML, like Gecko; compatible; bingbot/2.0; +http://www.bing.com/bingbot.htm) Chrome/116.0.1938.76 Safari/537.36"
77.237.244.221 - - [13/May/2026:07:24:57 +1000] "GET /dev-test/ HTTP/1.1" 301 662 "-" "Mozilla/5.0 (Windows NT 10.0; Win64; x64) AppleWebKit/537.36 (KHTML, like Gecko) Chrome/91.0.4472.124 Safari/537.36"
52.167.144.210 - - [13/May/2026:07:24:58 +1000] "GET /godkendte-spilleban-sider-mere-information-pr-dannevan-og-kampagner-fortil-2026/ HTTP/2" 200 41886 "-" "Mozilla/5.0 AppleWebKit/537.36 (KHTML, like Gecko; compatible; bingbot/2.0; +http://www.bing.com/bingbot.htm) Chrome/116.0.1938.76 Safari/537.36"
77.237.244.221 - - [13/May/2026:07:24:59 +1000] "GET /dev-test/ HTTP/1.1" 404 36234 "-" "Mozilla/5.0 (Windows NT 10.0; Win64; x64) AppleWebKit/537.36 (KHTML, like Gecko) Chrome/91.0.4472.124 Safari/537.36"
52.167.144.210 - - [13/May/2026:07:25:00 +1000] "GET /betvictor-sporting-events-playing-opportunity-contours-overview-of-all-of-the-leagues/ HTTP/2" 200 42014 "-" "Mozilla/5.0 AppleWebKit/537.36 (KHTML, like Gecko; compatible; bingbot/2.0; +http://www.bing.com/bingbot.htm) Chrome/116.0.1938.76 Safari/537.36"
57.141.14.88 - - [13/May/2026:07:25:00 +1000] "GET /products/detail/59082418 HTTP/2" 404 137739 "-" "meta-externalagent/1.1 (+https://developers.facebook.com/docs/sharing/webmasters/crawler)"
192.178.4.102 - - [13/May/2026:07:25:01 +1000] "GET /comment.php?products/dining-room-light/13702518/ HTTP/1.1" 200 34622 "-" "Mozilla/5.0 (Linux; Android 6.0.1; Nexus 5X Build/MMB29P) AppleWebKit/537.36 (KHTML, like Gecko) Chrome/147.0.7727.137 Mobile Safari/537.36 (compatible; GoogleOther)"
52.167.144.210 - - [13/May/2026:07:25:02 +1000] "GET /all-of-us-unlock-2025-incidents-publication-dining-beverages-brand-name-activations-away-from-courtroom/ HTTP/2" 200 41892 "-" "Mozilla/5.0 AppleWebKit/537.36 (KHTML, like Gecko; compatible; bingbot/2.0; +http://www.bing.com/bingbot.htm) Chrome/116.0.1938.76 Safari/537.36"
77.237.244.221 - - [13/May/2026:07:25:03 +1000] "GET /Connections/ HTTP/1.1" 301 665 "-" "Mozilla/5.0 (Windows NT 10.0; Win64; x64) AppleWebKit/537.36 (KHTML, like Gecko) Chrome/91.0.4472.124 Safari/537.36"
52.167.144.210 - - [13/May/2026:07:25:04 +1000] "GET /what-is-youtube-music-google-music-ve-ahora-help/ HTTP/2" 200 42569 "-" "Mozilla/5.0 AppleWebKit/537.36 (KHTML, like Gecko; compatible; bingbot/2.0; +http://www.bing.com/bingbot.htm) Chrome/116.0.1938.76 Safari/537.36"
57.141.14.91 - - [13/May/2026:07:25:04 +1000] "GET /products/detail/67706074 HTTP/2" 404 137739 "-" "meta-externalagent/1.1 (+https://developers.facebook.com/docs/sharing/webmasters/crawler)"
52.167.144.210 - - [13/May/2026:07:25:06 +1000] "GET /300-mb-around-6000-55-free-hex-breaker-2-5-deposit-spins/ HTTP/2" 200 42601 "-" "Mozilla/5.0 AppleWebKit/537.36 (KHTML, like Gecko; compatible; bingbot/2.0; +http://www.bing.com/bingbot.htm) Chrome/116.0.1938.76 Safari/537.36"
77.237.244.221 - - [13/May/2026:07:25:06 +1000] "GET /Connections/ HTTP/1.1" 404 36234 "-" "Mozilla/5.0 (Windows NT 10.0; Win64; x64) AppleWebKit/537.36 (KHTML, like Gecko) Chrome/91.0.4472.124 Safari/537.36"
52.167.144.210 - - [13/May/2026:07:25:08 +1000] "GET /ryd-historik-inklusive-black-horse-online-casinoer-oplysninger-forudsat-besogte-websteder-sogninger-og-filhentninger-firefox-eksperthjaelp/ HTTP/2" 200 41617 "-" "Mozilla/5.0 AppleWebKit/537.36 (KHTML, like Gecko; compatible; bingbot/2.0; +http://www.bing.com/bingbot.htm) Chrome/116.0.1938.76 Safari/537.36"
52.167.144.210 - - [13/May/2026:07:25:10 +1000] "GET /pirots-maand-uittesten-ofwel-vinnig-over-bankbiljet-eerste-plaats-review-%EF%B8%8F/ HTTP/2" 200 41508 "-" "Mozilla/5.0 AppleWebKit/537.36 (KHTML, like Gecko; compatible; bingbot/2.0; +http://www.bing.com/bingbot.htm) Chrome/116.0.1938.76 Safari/537.36"
77.237.244.221 - - [13/May/2026:07:25:11 +1000] "GET /fpdf/ HTTP/1.1" 301 658 "-" "Mozilla/5.0 (Windows NT 10.0; Win64; x64) AppleWebKit/537.36 (KHTML, like Gecko) Chrome/91.0.4472.124 Safari/537.36"
52.167.144.210 - - [13/May/2026:07:25:12 +1000] "GET /gokkas-imp-bron-regels/ HTTP/2" 200 41430 "-" "Mozilla/5.0 AppleWebKit/537.36 (KHTML, like Gecko; compatible; bingbot/2.0; +http://www.bing.com/bingbot.htm) Chrome/116.0.1938.76 Safari/537.36"
57.141.14.8 - - [13/May/2026:07:25:11 +1000] "GET /products/detail/56788921 HTTP/2" 404 137739 "-" "meta-externalagent/1.1 (+https://developers.facebook.com/docs/sharing/webmasters/crawler)"
52.167.144.210 - - [13/May/2026:07:25:13 +1000] "GET /rencontrer-des-gens-quelque-peu-felin-video-eye-of-ra-1-de-depot-2024-problematique-offert-signes-vocaux-argent/ HTTP/2" 200 42064 "-" "Mozilla/5.0 AppleWebKit/537.36 (KHTML, like Gecko; compatible; bingbot/2.0; +http://www.bing.com/bingbot.htm) Chrome/116.0.1938.76 Safari/537.36"
77.237.244.221 - - [13/May/2026:07:25:13 +1000] "GET /fpdf/ HTTP/1.1" 404 36234 "-" "Mozilla/5.0 (Windows NT 10.0; Win64; x64) AppleWebKit/537.36 (KHTML, like Gecko) Chrome/91.0.4472.124 Safari/537.36"
57.141.14.15 - - [13/May/2026:07:25:13 +1000] "GET /products/detail/58937365 HTTP/2" 404 137739 "-" "meta-externalagent/1.1 (+https://developers.facebook.com/docs/sharing/webmasters/crawler)"
52.167.144.210 - - [13/May/2026:07:25:15 +1000] "GET /opdage-en-slot-golden-goddess-vores-eksperthjaelp-og-vejledninger-som-vores-hjaelpeunivers/ HTTP/2" 200 41866 "-" "Mozilla/5.0 AppleWebKit/537.36 (KHTML, like Gecko; compatible; bingbot/2.0; +http://www.bing.com/bingbot.htm) Chrome/116.0.1938.76 Safari/537.36"
77.237.244.221 - - [13/May/2026:07:25:17 +1000] "GET /file_lama/ HTTP/1.1" 301 663 "-" "Mozilla/5.0 (Windows NT 10.0; Win64; x64) AppleWebKit/537.36 (KHTML, like Gecko) Chrome/91.0.4472.124 Safari/537.36"
52.167.144.210 - - [13/May/2026:07:25:17 +1000] "GET /sloty-billionairespin-aplikacja-lotnika-do-pobrania-internetowego-graj-pod-najznamienitszych-automatach-sprobuj-demo/ HTTP/2" 200 41087 "-" "Mozilla/5.0 AppleWebKit/537.36 (KHTML, like Gecko; compatible; bingbot/2.0; +http://www.bing.com/bingbot.htm) Chrome/116.0.1938.76 Safari/537.36"
216.73.217.100 - - [13/May/2026:07:25:18 +1000] "GET /?p=22525 HTTP/2" 301 0 "-" "Mozilla/5.0 AppleWebKit/537.36 (KHTML, like Gecko; compatible; ClaudeBot/1.0; +claudebot@anthropic.com)"
216.73.217.100 - - [13/May/2026:07:25:18 +1000] "GET /?p=72560 HTTP/2" 301 0 "-" "Mozilla/5.0 AppleWebKit/537.36 (KHTML, like Gecko; compatible; ClaudeBot/1.0; +claudebot@anthropic.com)"
52.167.144.210 - - [13/May/2026:07:25:19 +1000] "GET /best-apps-for-gambling/ HTTP/2" 200 40200 "-" "Mozilla/5.0 AppleWebKit/537.36 (KHTML, like Gecko; compatible; bingbot/2.0; +http://www.bing.com/bingbot.htm) Chrome/116.0.1938.76 Safari/537.36"
77.237.244.221 - - [13/May/2026:07:25:19 +1000] "GET /file_lama/ HTTP/1.1" 404 36234 "-" "Mozilla/5.0 (Windows NT 10.0; Win64; x64) AppleWebKit/537.36 (KHTML, like Gecko) Chrome/91.0.4472.124 Safari/537.36"
52.167.144.210 - - [13/May/2026:07:24:50 +1000] "GET /post-sitemap20.xml HTTP/2" 200 11969 "-" "Mozilla/5.0 AppleWebKit/537.36 (KHTML, like Gecko; compatible; bingbot/2.0; +http://www.bing.com/bingbot.htm) Chrome/116.0.1938.76 Safari/537.36"
52.167.144.210 - - [13/May/2026:07:25:20 +1000] "GET /bedste-danske-pa-casinoer-i-2026-top-10-slot-game-hot-gems-med-licens/ HTTP/2" 200 41442 "-" "Mozilla/5.0 AppleWebKit/537.36 (KHTML, like Gecko; compatible; bingbot/2.0; +http://www.bing.com/bingbot.htm) Chrome/116.0.1938.76 Safari/537.36"
216.73.217.100 - - [13/May/2026:07:25:20 +1000] "GET /alf-casino-review-nz1600-significant-link-invited-added-bonus/ HTTP/2" 200 41735 "https://www.coridyan.com/?p=22525" "Mozilla/5.0 AppleWebKit/537.36 (KHTML, like Gecko; compatible; ClaudeBot/1.0; +claudebot@anthropic.com)"
52.167.144.210 - - [13/May/2026:07:25:21 +1000] "GET /the-great-five-very-first-steps-everything-we-learn-about-next-marvel-film-heart-of-vegas-1-deposit-discharge-date-truck-cast-patch-and/ HTTP/2" 200 42043 "-" "Mozilla/5.0 AppleWebKit/537.36 (KHTML, like Gecko; compatible; bingbot/2.0; +http://www.bing.com/bingbot.htm) Chrome/116.0.1938.76 Safari/537.36"
216.73.217.100 - - [13/May/2026:07:25:20 +1000] "GET /totally-free-ports-play-more-than-3000-position-game-on-the-internet-crown-of-egypt-online-slot-100percent-free/ HTTP/2" 200 40908 "https://www.coridyan.com/?p=72560" "Mozilla/5.0 AppleWebKit/537.36 (KHTML, like Gecko; compatible; ClaudeBot/1.0; +claudebot@anthropic.com)"
52.167.144.210 - - [13/May/2026:07:25:21 +1000] "GET /quick-hercules-slot-jackpot-zugpferd-verknupfung-888-red-kostenlos-spielen-2026/ HTTP/2" 200 41669 "-" "Mozilla/5.0 AppleWebKit/537.36 (KHTML, like Gecko; compatible; bingbot/2.0; +http://www.bing.com/bingbot.htm) Chrome/116.0.1938.76 Safari/537.36"
52.167.144.210 - - [13/May/2026:07:25:22 +1000] "GET /big-bad-wolf-full-report-pigs-away-from-steel-position-an-epic-slot-showdown/ HTTP/2" 200 42689 "-" "Mozilla/5.0 AppleWebKit/537.36 (KHTML, like Gecko; compatible; bingbot/2.0; +http://www.bing.com/bingbot.htm) Chrome/116.0.1938.76 Safari/537.36"
216.73.217.100 - - [13/May/2026:07:25:22 +1000] "GET /?p=60507 HTTP/2" 301 0 "-" "Mozilla/5.0 AppleWebKit/537.36 (KHTML, like Gecko; compatible; ClaudeBot/1.0; +claudebot@anthropic.com)"
77.237.244.221 - - [13/May/2026:07:25:23 +1000] "GET /pubs/ HTTP/1.1" 301 658 "-" "Mozilla/5.0 (Windows NT 10.0; Win64; x64) AppleWebKit/537.36 (KHTML, like Gecko) Chrome/91.0.4472.124 Safari/537.36"
52.167.144.210 - - [13/May/2026:07:25:23 +1000] "GET /cashable-no-deposit-bonus-2026-united-kingdom/ HTTP/2" 200 40290 "-" "Mozilla/5.0 AppleWebKit/537.36 (KHTML, like Gecko; compatible; bingbot/2.0; +http://www.bing.com/bingbot.htm) Chrome/116.0.1938.76 Safari/537.36"
52.167.144.210 - - [13/May/2026:07:25:24 +1000] "GET /how-does-gamstop-work/ HTTP/2" 200 39554 "-" "Mozilla/5.0 AppleWebKit/537.36 (KHTML, like Gecko; compatible; bingbot/2.0; +http://www.bing.com/bingbot.htm) Chrome/116.0.1938.76 Safari/537.36"
216.73.217.100 - - [13/May/2026:07:25:24 +1000] "GET /diese-besten-echtgeld-verbunden-casinos-2026-aktuelle-liste/ HTTP/2" 200 40699 "https://www.coridyan.com/?p=60507" "Mozilla/5.0 AppleWebKit/537.36 (KHTML, like Gecko; compatible; ClaudeBot/1.0; +claudebot@anthropic.com)"
52.167.144.210 - - [13/May/2026:07:25:25 +1000] "GET /free-deposit-bonus/ HTTP/2" 200 39927 "-" "Mozilla/5.0 AppleWebKit/537.36 (KHTML, like Gecko; compatible; bingbot/2.0; +http://www.bing.com/bingbot.htm) Chrome/116.0.1938.76 Safari/537.36"
57.141.14.66 - - [13/May/2026:07:25:24 +1000] "GET /products/detail/60503068 HTTP/2" 404 137739 "-" "meta-externalagent/1.1 (+https://developers.facebook.com/docs/sharing/webmasters/crawler)"
77.237.244.221 - - [13/May/2026:07:25:26 +1000] "GET /pubs/ HTTP/1.1" 404 36245 "-" "Mozilla/5.0 (Windows NT 10.0; Win64; x64) AppleWebKit/537.36 (KHTML, like Gecko) Chrome/91.0.4472.124 Safari/537.36"
52.167.144.210 - - [13/May/2026:07:25:26 +1000] "GET /superb-insattningsbonus-2026-valkomstbonusar-fore-odds-casino/ HTTP/2" 200 41313 "-" "Mozilla/5.0 AppleWebKit/537.36 (KHTML, like Gecko; compatible; bingbot/2.0; +http://www.bing.com/bingbot.htm) Chrome/116.0.1938.76 Safari/537.36"
52.167.144.210 - - [13/May/2026:07:25:26 +1000] "GET /personalised-bingo-dabbers-uk/ HTTP/2" 200 39725 "-" "Mozilla/5.0 AppleWebKit/537.36 (KHTML, like Gecko; compatible; bingbot/2.0; +http://www.bing.com/bingbot.htm) Chrome/116.0.1938.76 Safari/537.36"
52.167.144.210 - - [13/May/2026:07:25:28 +1000] "GET /casino-utan-konto-samt-inskrivnin-februari-2026-topplista-costa-rica/ HTTP/2" 200 41220 "-" "Mozilla/5.0 AppleWebKit/537.36 (KHTML, like Gecko; compatible; bingbot/2.0; +http://www.bing.com/bingbot.htm) Chrome/116.0.1938.76 Safari/537.36"
52.167.144.210 - - [13/May/2026:07:25:28 +1000] "GET /best-welcome-bonuses/ HTTP/2" 200 40086 "-" "Mozilla/5.0 AppleWebKit/537.36 (KHTML, like Gecko; compatible; bingbot/2.0; +http://www.bing.com/bingbot.htm) Chrome/116.0.1938.76 Safari/537.36"
77.237.244.221 - - [13/May/2026:07:25:29 +1000] "GET /Code/ HTTP/1.1" 301 786 "-" "Mozilla/5.0 (Windows NT 10.0; Win64; x64) AppleWebKit/537.36 (KHTML, like Gecko) Chrome/91.0.4472.124 Safari/537.36"
52.167.144.210 - - [13/May/2026:07:25:30 +1000] "GET /bingo-bonus-ultimata-bingobonusar-fore-sverige-2026/ HTTP/2" 200 41198 "-" "Mozilla/5.0 AppleWebKit/537.36 (KHTML, like Gecko; compatible; bingbot/2.0; +http://www.bing.com/bingbot.htm) Chrome/116.0.1938.76 Safari/537.36"
52.167.144.210 - - [13/May/2026:07:25:30 +1000] "GET /better-paysafecard-online-casinos-2026-apps-how-it-works-charge/ HTTP/2" 200 40205 "-" "Mozilla/5.0 AppleWebKit/537.36 (KHTML, like Gecko; compatible; bingbot/2.0; +http://www.bing.com/bingbot.htm) Chrome/116.0.1938.76 Safari/537.36"
216.73.217.100 - - [13/May/2026:07:25:31 +1000] "GET /?p=54462 HTTP/2" 301 0 "-" "Mozilla/5.0 AppleWebKit/537.36 (KHTML, like Gecko; compatible; ClaudeBot/1.0; +claudebot@anthropic.com)"
216.73.217.100 - - [13/May/2026:07:25:31 +1000] "GET /?p=71781 HTTP/2" 301 0 "-" "Mozilla/5.0 AppleWebKit/537.36 (KHTML, like Gecko; compatible; ClaudeBot/1.0; +claudebot@anthropic.com)"
52.167.144.210 - - [13/May/2026:07:25:31 +1000] "GET /basta-bettingsidorna-i-sverige-2026-uppdaterad-lista-innan-april/ HTTP/2" 200 41378 "-" "Mozilla/5.0 AppleWebKit/537.36 (KHTML, like Gecko; compatible; bingbot/2.0; +http://www.bing.com/bingbot.htm) Chrome/116.0.1938.76 Safari/537.36"
52.167.144.210 - - [13/May/2026:07:25:32 +1000] "GET /casino-med-nedstam-insattning-2026-utprova-av-blott-50-valmaende/ HTTP/2" 200 41136 "-" "Mozilla/5.0 AppleWebKit/537.36 (KHTML, like Gecko; compatible; bingbot/2.0; +http://www.bing.com/bingbot.htm) Chrome/116.0.1938.76 Safari/537.36"
77.237.244.221 - - [13/May/2026:07:25:32 +1000] "GET /code-de-reduc-betclic-100-iwinfortune-bonus-de-casino-rembourses-dans-en-especes-du-septembre-2026-de-bcg-gardien-de-but-com-gaulois/ HTTP/1.1" 200 42876 "-" "Mozilla/5.0 (Windows NT 10.0; Win64; x64) AppleWebKit/537.36 (KHTML, like Gecko) Chrome/91.0.4472.124 Safari/537.36"
216.73.217.100 - - [13/May/2026:07:25:32 +1000] "GET /bitcoin-playn-go-slot-software-online-casinos-je-2026-beste-alternativen/ HTTP/2" 200 41390 "https://www.coridyan.com/?p=54462" "Mozilla/5.0 AppleWebKit/537.36 (KHTML, like Gecko; compatible; ClaudeBot/1.0; +claudebot@anthropic.com)"
52.167.144.210 - - [13/May/2026:07:25:33 +1000] "GET /nya-casinon-2026-topplista-pa-alla-nya-casino-april-2026/ HTTP/2" 200 41178 "-" "Mozilla/5.0 AppleWebKit/537.36 (KHTML, like Gecko; compatible; bingbot/2.0; +http://www.bing.com/bingbot.htm) Chrome/116.0.1938.76 Safari/537.36"
216.73.217.100 - - [13/May/2026:07:25:32 +1000] "GET /cero-millas-casinos-en-internet-de-cualquier-parte-del-mundo-2026-las-mejores-casinos/ HTTP/2" 200 43092 "https://www.coridyan.com/?p=71781" "Mozilla/5.0 AppleWebKit/537.36 (KHTML, like Gecko; compatible; ClaudeBot/1.0; +claudebot@anthropic.com)"
52.167.144.210 - - [13/May/2026:07:25:33 +1000] "GET /rulett-regler-vi-viser-deg-elementere-regler-for-bekk-anrette/ HTTP/2" 200 41234 "-" "Mozilla/5.0 AppleWebKit/537.36 (KHTML, like Gecko; compatible; bingbot/2.0; +http://www.bing.com/bingbot.htm) Chrome/116.0.1938.76 Safari/537.36"
52.167.144.210 - - [13/May/2026:07:25:35 +1000] "GET /oceanspin/ HTTP/2" 200 40202 "-" "Mozilla/5.0 AppleWebKit/537.36 (KHTML, like Gecko; compatible; bingbot/2.0; +http://www.bing.com/bingbot.htm) Chrome/116.0.1938.76 Safari/537.36"
52.167.144.210 - - [13/May/2026:07:25:35 +1000] "GET /fifty-crows-om-spillet/ HTTP/2" 200 39335 "-" "Mozilla/5.0 AppleWebKit/537.36 (KHTML, like Gecko; compatible; bingbot/2.0; +http://www.bing.com/bingbot.htm) Chrome/116.0.1938.76 Safari/537.36"
216.73.217.100 - - [13/May/2026:07:25:35 +1000] "GET /?p=51766 HTTP/2" 301 0 "-" "Mozilla/5.0 AppleWebKit/537.36 (KHTML, like Gecko; compatible; ClaudeBot/1.0; +claudebot@anthropic.com)"
77.237.244.221 - - [13/May/2026:07:25:35 +1000] "GET /belajar/ HTTP/1.1" 301 661 "-" "Mozilla/5.0 (Windows NT 10.0; Win64; x64) AppleWebKit/537.36 (KHTML, like Gecko) Chrome/91.0.4472.124 Safari/537.36"
216.73.217.100 - - [13/May/2026:07:25:36 +1000] "GET /acabamento-brazilian-7-gold-gigablox-slots-online-com-bagarote-infantilidade-autenticidade/ HTTP/2" 200 42492 "https://www.coridyan.com/?p=51766" "Mozilla/5.0 AppleWebKit/537.36 (KHTML, like Gecko; compatible; ClaudeBot/1.0; +claudebot@anthropic.com)"
52.167.144.210 - - [13/May/2026:07:25:37 +1000] "GET /no-deposit-bonussen-nederlan-premie-buitenshuis-betaling-2026/ HTTP/2" 200 40741 "-" "Mozilla/5.0 AppleWebKit/537.36 (KHTML, like Gecko; compatible; bingbot/2.0; +http://www.bing.com/bingbot.htm) Chrome/116.0.1938.76 Safari/537.36"
52.167.144.210 - - [13/May/2026:07:25:37 +1000] "GET /topplista-over-spelbolag-i-sverige-2026-lokalisera-din-favoritsida/ HTTP/2" 200 40999 "-" "Mozilla/5.0 AppleWebKit/537.36 (KHTML, like Gecko; compatible; bingbot/2.0; +http://www.bing.com/bingbot.htm) Chrome/116.0.1938.76 Safari/537.36"
77.237.244.221 - - [13/May/2026:07:25:38 +1000] "GET /belajar/ HTTP/1.1" 404 36245 "-" "Mozilla/5.0 (Windows NT 10.0; Win64; x64) AppleWebKit/537.36 (KHTML, like Gecko) Chrome/91.0.4472.124 Safari/537.36"
52.167.144.210 - - [13/May/2026:07:25:40 +1000] "GET /better-gambling-on-line-sites-inside-the-2026-trusted-betting-websites/ HTTP/2" 200 39961 "-" "Mozilla/5.0 AppleWebKit/537.36 (KHTML, like Gecko; compatible; bingbot/2.0; +http://www.bing.com/bingbot.htm) Chrome/116.0.1938.76 Safari/537.36"
192.178.4.100 - - [13/May/2026:07:25:38 +1000] "GET /content.php?product/58916674 HTTP/1.1" 200 28712 "-" "Mozilla/5.0 (Linux; Android 6.0.1; Nexus 5X Build/MMB29P) AppleWebKit/537.36 (KHTML, like Gecko) Chrome/147.0.7727.137 Mobile Safari/537.36 (compatible; GoogleOther)"
52.167.144.210 - - [13/May/2026:07:25:40 +1000] "GET /un-parcours-de-jeux-un-brin-commence-de-confiance/ HTTP/2" 200 41792 "-" "Mozilla/5.0 AppleWebKit/537.36 (KHTML, like Gecko; compatible; bingbot/2.0; +http://www.bing.com/bingbot.htm) Chrome/116.0.1938.76 Safari/537.36"
77.237.244.221 - - [13/May/2026:07:25:41 +1000] "GET /compareip/ HTTP/1.1" 301 663 "-" "Mozilla/5.0 (Windows NT 10.0; Win64; x64) AppleWebKit/537.36 (KHTML, like Gecko) Chrome/91.0.4472.124 Safari/537.36"
91.205.223.56 - - [13/May/2026:07:25:39 +1000] "GET /wp-json/wp/v2/users HTTP/1.1" 200 2697 "-" "Mozilla/5.0 (Windows NT 10.0; Win64; x64; rv:60.0) Gecko/20100101 Firefox/60.0"
52.167.144.210 - - [13/May/2026:07:25:41 +1000] "GET /sphinx-conventional/ HTTP/2" 200 40790 "-" "Mozilla/5.0 AppleWebKit/537.36 (KHTML, like Gecko; compatible; bingbot/2.0; +http://www.bing.com/bingbot.htm) Chrome/116.0.1938.76 Safari/537.36"
52.167.144.210 - - [13/May/2026:07:25:42 +1000] "GET /tout-savoir-i-propos-des-periodes-non-payants-et-leurs-pourboire-dans-sur-le-champ-sans-nul-archive/ HTTP/2" 200 41276 "-" "Mozilla/5.0 AppleWebKit/537.36 (KHTML, like Gecko; compatible; bingbot/2.0; +http://www.bing.com/bingbot.htm) Chrome/116.0.1938.76 Safari/537.36"
52.167.144.210 - - [13/May/2026:07:25:44 +1000] "GET /now-inform-you-on-the-nbc-website-visitors-a-week-episode-plan-2026/ HTTP/2" 200 40617 "-" "Mozilla/5.0 AppleWebKit/537.36 (KHTML, like Gecko; compatible; bingbot/2.0; +http://www.bing.com/bingbot.htm) Chrome/116.0.1938.76 Safari/537.36"
216.73.217.100 - - [13/May/2026:07:25:42 +1000] "GET /author/admlnlx/page/1833/ HTTP/2" 200 40919 "-" "Mozilla/5.0 AppleWebKit/537.36 (KHTML, like Gecko; compatible; ClaudeBot/1.0; +claudebot@anthropic.com)"
52.167.144.210 - - [13/May/2026:07:25:44 +1000] "GET /mata-ultimata-casino-sidan-pa-webben-hos-oss-skattefria-2026/ HTTP/2" 200 41170 "-" "Mozilla/5.0 AppleWebKit/537.36 (KHTML, like Gecko; compatible; bingbot/2.0; +http://www.bing.com/bingbot.htm) Chrome/116.0.1938.76 Safari/537.36"
77.237.244.221 - - [13/May/2026:07:25:44 +1000] "GET /compareip/ HTTP/1.1" 404 36234 "-" "Mozilla/5.0 (Windows NT 10.0; Win64; x64) AppleWebKit/537.36 (KHTML, like Gecko) Chrome/91.0.4472.124 Safari/537.36"
216.73.217.100 - - [13/May/2026:07:25:42 +1000] "GET /author/admlnlx/page/1816/ HTTP/2" 200 42091 "-" "Mozilla/5.0 AppleWebKit/537.36 (KHTML, like Gecko; compatible; ClaudeBot/1.0; +claudebot@anthropic.com)"
52.167.144.210 - - [13/May/2026:07:25:45 +1000] "GET /betting-bonusar-sveriges-ultimata-odds-bonusar-fore-idrott-nya-apr-2026/ HTTP/2" 200 41331 "-" "Mozilla/5.0 AppleWebKit/537.36 (KHTML, like Gecko; compatible; bingbot/2.0; +http://www.bing.com/bingbot.htm) Chrome/116.0.1938.76 Safari/537.36"
52.167.144.210 - - [13/May/2026:07:25:47 +1000] "GET /beste-paysafecard-casinos-2026-auf-jeden-fall-besuchen-sie-direkt-hinblattern/ HTTP/2" 200 43269 "-" "Mozilla/5.0 AppleWebKit/537.36 (KHTML, like Gecko; compatible; bingbot/2.0; +http://www.bing.com/bingbot.htm) Chrome/116.0.1938.76 Safari/537.36"
77.237.244.221 - - [13/May/2026:07:25:47 +1000] "GET /contact/ HTTP/1.1" 301 661 "-" "Mozilla/5.0 (Windows NT 10.0; Win64; x64) AppleWebKit/537.36 (KHTML, like Gecko) Chrome/91.0.4472.124 Safari/537.36"
52.167.144.210 - - [13/May/2026:07:25:49 +1000] "GET /casino-inte-med-svensk-perso-koncessio-sam-spelpaus-2026-%EF%B8%8F-goplay/ HTTP/2" 200 41576 "-" "Mozilla/5.0 AppleWebKit/537.36 (KHTML, like Gecko; compatible; bingbot/2.0; +http://www.bing.com/bingbot.htm) Chrome/116.0.1938.76 Safari/537.36"
52.167.144.210 - - [13/May/2026:07:25:50 +1000] "GET /situs-streaming-bokep-indo-terbaru-2025/ HTTP/2" 200 39900 "-" "Mozilla/5.0 AppleWebKit/537.36 (KHTML, like Gecko; compatible; bingbot/2.0; +http://www.bing.com/bingbot.htm) Chrome/116.0.1938.76 Safari/537.36"
77.237.244.221 - - [13/May/2026:07:25:50 +1000] "GET /contact/ HTTP/1.1" 404 36234 "-" "Mozilla/5.0 (Windows NT 10.0; Win64; x64) AppleWebKit/537.36 (KHTML, like Gecko) Chrome/91.0.4472.124 Safari/537.36"
216.73.217.100 - - [13/May/2026:07:25:46 +1000] "GET /category/sinmanga-fr/feed/ HTTP/2" 200 13150 "-" "Mozilla/5.0 AppleWebKit/537.36 (KHTML, like Gecko; compatible; ClaudeBot/1.0; +claudebot@anthropic.com)"
52.167.144.210 - - [13/May/2026:07:25:51 +1000] "GET /ontdekken-het-beste-gokhal-welkomstbonus-van-billionairespin-casinobonus-holland-om-2026/ HTTP/2" 200 41281 "-" "Mozilla/5.0 AppleWebKit/537.36 (KHTML, like Gecko; compatible; bingbot/2.0; +http://www.bing.com/bingbot.htm) Chrome/116.0.1938.76 Safari/537.36"
52.167.144.210 - - [13/May/2026:07:25:51 +1000] "GET /casino-bonus-natets-ultimat-svenska-spraket-casinobonusar-2026/ HTTP/2" 200 41100 "-" "Mozilla/5.0 AppleWebKit/537.36 (KHTML, like Gecko; compatible; bingbot/2.0; +http://www.bing.com/bingbot.htm) Chrome/116.0.1938.76 Safari/537.36"
52.167.144.210 - - [13/May/2026:07:25:52 +1000] "GET /the-brand-new-twenty-five-free-spins-no-deposit-2026-%EF%B8%8F-over-checklist/ HTTP/2" 200 40164 "-" "Mozilla/5.0 AppleWebKit/537.36 (KHTML, like Gecko; compatible; bingbot/2.0; +http://www.bing.com/bingbot.htm) Chrome/116.0.1938.76 Safari/537.36"
52.167.144.210 - - [13/May/2026:07:25:53 +1000] "GET /forsoka-inte-me-tillstand-tillsammans-trustly-och-bankid/ HTTP/2" 200 41256 "-" "Mozilla/5.0 AppleWebKit/537.36 (KHTML, like Gecko; compatible; bingbot/2.0; +http://www.bing.com/bingbot.htm) Chrome/116.0.1938.76 Safari/537.36"
77.237.244.221 - - [13/May/2026:07:25:54 +1000] "GET /concrete/ HTTP/1.1" 301 662 "-" "Mozilla/5.0 (Windows NT 10.0; Win64; x64) AppleWebKit/537.36 (KHTML, like Gecko) Chrome/91.0.4472.124 Safari/537.36"
52.167.144.210 - - [13/May/2026:07:25:54 +1000] "GET /marcus-the-fresh-gladiator-history-symbolism-slot-hugo-inside-the-roman-gladius-pin/ HTTP/2" 200 42590 "-" "Mozilla/5.0 AppleWebKit/537.36 (KHTML, like Gecko; compatible; bingbot/2.0; +http://www.bing.com/bingbot.htm) Chrome/116.0.1938.76 Safari/537.36"
52.167.144.210 - - [13/May/2026:07:25:55 +1000] "GET /cleopatra-vii-philopator-items-dying-beauty-background/ HTTP/2" 200 41130 "-" "Mozilla/5.0 AppleWebKit/537.36 (KHTML, like Gecko; compatible; bingbot/2.0; +http://www.bing.com/bingbot.htm) Chrome/116.0.1938.76 Safari/537.36"
52.167.144.210 - - [13/May/2026:07:25:55 +1000] "GET /karamba-information-march-2026-slot-lion-enjoy-lobstermania-incentive-position-experience-and-that-bookie/ HTTP/2" 200 40521 "-" "Mozilla/5.0 AppleWebKit/537.36 (KHTML, like Gecko; compatible; bingbot/2.0; +http://www.bing.com/bingbot.htm) Chrome/116.0.1938.76 Safari/537.36"
