52.167.144.23 - - [13/May/2026:07:35:59 +1000] "GET /fire-joker%E3%80%90zagraj-internetowego%E3%80%91w-ciagu-oryginalne-pieniazki-festiwal-urzedowej-rozrywki-bonusy-operator/ HTTP/2" 200 41344 "-" "Mozilla/5.0 AppleWebKit/537.36 (KHTML, like Gecko; compatible; bingbot/2.0; +http://www.bing.com/bingbot.htm) Chrome/116.0.1938.76 Safari/537.36"
142.44.233.62 - - [13/May/2026:07:35:33 +1000] "GET /post-sitemap8.xml HTTP/2" 200 0 "-" "Mozilla/5.0 (compatible; AhrefsBot/7.0; +http://ahrefs.com/robot/)"
52.167.144.23 - - [13/May/2026:07:36:01 +1000] "GET /raging-rhino-position-irish-eyes-2-no-deposit-viewpoint-2026-earn-black-colored-jack-classic-online-normally-while-the-250100000-max-costa-rica-%D8%A8%D9%84%D8%AF%D9%8A%D8%A9-%D8%B7%D8%B1%D8%A7/ HTTP/2" 200 42398 "-" "Mozilla/5.0 AppleWebKit/537.36 (KHTML, like Gecko; compatible; bingbot/2.0; +http://www.bing.com/bingbot.htm) Chrome/116.0.1938.76 Safari/537.36"
192.178.4.100 - - [13/May/2026:07:36:02 +1000] "GET /digital-gaming-platform-platform-structure-gaming-5/ HTTP/1.1" 200 45371 "-" "Mozilla/5.0 (Linux; Android 6.0.1; Nexus 5X Build/MMB29P) AppleWebKit/537.36 (KHTML, like Gecko) Chrome/147.0.7727.137 Mobile Safari/537.36 (compatible; GoogleOther)"
57.141.14.11 - - [13/May/2026:07:36:02 +1000] "GET /products/detail/68188843 HTTP/2" 404 137739 "-" "meta-externalagent/1.1 (+https://developers.facebook.com/docs/sharing/webmasters/crawler)"
52.167.144.23 - - [13/May/2026:07:36:04 +1000] "GET /innovazione-nel-settore-del-gioco-online-il-caso-di-fish-road/ HTTP/2" 200 41564 "-" "Mozilla/5.0 AppleWebKit/537.36 (KHTML, like Gecko; compatible; bingbot/2.0; +http://www.bing.com/bingbot.htm) Chrome/116.0.1938.76 Safari/537.36"
52.167.144.238 - - [13/May/2026:07:36:04 +1000] "GET /best-casino-2026-united-kingdom/ HTTP/2" 200 39871 "-" "Mozilla/5.0 AppleWebKit/537.36 (KHTML, like Gecko; compatible; bingbot/2.0; +http://www.bing.com/bingbot.htm) Chrome/116.0.1938.76 Safari/537.36"
77.237.244.221 - - [13/May/2026:07:36:05 +1000] "GET /brand-australia-casino/ HTTP/1.1" 200 40940 "-" "Mozilla/5.0 (Windows NT 10.0; Win64; x64) AppleWebKit/537.36 (KHTML, like Gecko) Chrome/91.0.4472.124 Safari/537.36"
52.167.144.238 - - [13/May/2026:07:36:05 +1000] "GET /products/detail/67243222 HTTP/2" 404 35911 "-" "Mozilla/5.0 AppleWebKit/537.36 (KHTML, like Gecko; compatible; bingbot/2.0; +http://www.bing.com/bingbot.htm) Chrome/116.0.1938.76 Safari/537.36"
52.167.144.23 - - [13/May/2026:07:36:06 +1000] "GET /aurora-1962-ford-pickup-ho-position-auto-model-driving-purple-t-sprinkle-unusual-%CE%B4%CE%B5%CE%AF%CF%84%CE%B5/ HTTP/2" 200 42728 "-" "Mozilla/5.0 AppleWebKit/537.36 (KHTML, like Gecko; compatible; bingbot/2.0; +http://www.bing.com/bingbot.htm) Chrome/116.0.1938.76 Safari/537.36"
57.141.14.2 - - [13/May/2026:07:36:07 +1000] "GET /products/detail/68849902 HTTP/2" 404 137739 "-" "meta-externalagent/1.1 (+https://developers.facebook.com/docs/sharing/webmasters/crawler)"
192.178.4.101 - - [13/May/2026:07:36:07 +1000] "POST /wp-json/platformist-quadendpointer-sxadtr/v1/s6qgn HTTP/1.1" 403 986 "https://www.coridyan.com/casino-on-line-primary-characteristics-of-8/" "Mozilla/5.0 (Linux; Android 6.0.1; Nexus 5X Build/MMB29P) AppleWebKit/537.36 (KHTML, like Gecko) Chrome/147.0.7727.137 Mobile Safari/537.36 (compatible; GoogleOther)"
52.167.144.23 - - [13/May/2026:07:36:08 +1000] "GET /lista-med-sveriges-ultimat-natcasinon/ HTTP/2" 200 41259 "-" "Mozilla/5.0 AppleWebKit/537.36 (KHTML, like Gecko; compatible; bingbot/2.0; +http://www.bing.com/bingbot.htm) Chrome/116.0.1938.76 Safari/537.36"
57.141.14.26 - - [13/May/2026:07:36:07 +1000] "GET /products/detail/59192479 HTTP/2" 404 137739 "-" "meta-externalagent/1.1 (+https://developers.facebook.com/docs/sharing/webmasters/crawler)"
57.141.14.45 - - [13/May/2026:07:36:08 +1000] "GET /products/detail/67502485 HTTP/2" 404 137739 "-" "meta-externalagent/1.1 (+https://developers.facebook.com/docs/sharing/webmasters/crawler)"
52.167.144.23 - - [13/May/2026:07:36:10 +1000] "GET /innovative-strategies-in-digital-community-engagement-the-case-of-drop-the-boss/ HTTP/2" 200 41674 "-" "Mozilla/5.0 AppleWebKit/537.36 (KHTML, like Gecko; compatible; bingbot/2.0; +http://www.bing.com/bingbot.htm) Chrome/116.0.1938.76 Safari/537.36"
52.167.144.23 - - [13/May/2026:07:36:11 +1000] "GET /casinos-ohne-limit-in-deutschland-beste-anbieter-2026/ HTTP/2" 200 42531 "-" "Mozilla/5.0 AppleWebKit/537.36 (KHTML, like Gecko; compatible; bingbot/2.0; +http://www.bing.com/bingbot.htm) Chrome/116.0.1938.76 Safari/537.36"
194.163.150.221 - - [13/May/2026:07:36:12 +1000] "GET /robots.txt HTTP/1.1" 200 622 "-" "Mozilla/5.0 (compatible; MJ12bot/v1.4.8; http://mj12bot.com/)"
52.167.144.23 - - [13/May/2026:07:36:11 +1000] "GET /kultakutri-3-vaiheen-rajoitettu-myyntiyhtio-mercantile-fruit-cocktail-online-kolikkopeli-office-options-pvt-ltd/ HTTP/2" 200 40705 "-" "Mozilla/5.0 AppleWebKit/537.36 (KHTML, like Gecko; compatible; bingbot/2.0; +http://www.bing.com/bingbot.htm) Chrome/116.0.1938.76 Safari/537.36"
77.237.244.221 - - [13/May/2026:07:36:12 +1000] "GET /csr/ HTTP/1.1" 301 657 "-" "Mozilla/5.0 (Windows NT 10.0; Win64; x64) AppleWebKit/537.36 (KHTML, like Gecko) Chrome/91.0.4472.124 Safari/537.36"
52.167.144.23 - - [13/May/2026:07:36:13 +1000] "GET /big-four-box-office-struck-forces-disney-prior-step-three-billion/ HTTP/2" 200 40132 "-" "Mozilla/5.0 AppleWebKit/537.36 (KHTML, like Gecko; compatible; bingbot/2.0; +http://www.bing.com/bingbot.htm) Chrome/116.0.1938.76 Safari/537.36"
52.167.144.23 - - [13/May/2026:07:36:14 +1000] "GET /innovaties-en-trends-in-het-casino-speelveld-van-strategie-tot-technologie/ HTTP/2" 200 41466 "-" "Mozilla/5.0 AppleWebKit/537.36 (KHTML, like Gecko; compatible; bingbot/2.0; +http://www.bing.com/bingbot.htm) Chrome/116.0.1938.76 Safari/537.36"
194.163.150.221 - - [13/May/2026:07:36:14 +1000] "GET /?p=8270 HTTP/1.1" 301 408 "-" "Mozilla/5.0 (compatible; MJ12bot/v1.4.8; http://mj12bot.com/)"
216.73.217.100 - - [13/May/2026:07:36:14 +1000] "GET /?p=71545 HTTP/2" 301 0 "-" "Mozilla/5.0 AppleWebKit/537.36 (KHTML, like Gecko; compatible; ClaudeBot/1.0; +claudebot@anthropic.com)"
52.167.144.23 - - [13/May/2026:07:36:14 +1000] "GET /parhaat-ilman-online-kasinon-kolikkopelit-talletusta-toimivat-kannustinpeliyritykset-ja-kampanjat-yhdysvalloissa-helmikuussa-2026/ HTTP/2" 200 40742 "-" "Mozilla/5.0 AppleWebKit/537.36 (KHTML, like Gecko; compatible; bingbot/2.0; +http://www.bing.com/bingbot.htm) Chrome/116.0.1938.76 Safari/537.36"
216.73.217.100 - - [13/May/2026:07:36:15 +1000] "GET /have-fun-with-the-best-number-of-100-percent-free-slot-machines-on-the-web/ HTTP/2" 200 40925 "https://www.coridyan.com/?p=71545" "Mozilla/5.0 AppleWebKit/537.36 (KHTML, like Gecko; compatible; ClaudeBot/1.0; +claudebot@anthropic.com)"
52.167.144.23 - - [13/May/2026:07:36:16 +1000] "GET /wild-depths/ HTTP/2" 200 42691 "-" "Mozilla/5.0 AppleWebKit/537.36 (KHTML, like Gecko; compatible; bingbot/2.0; +http://www.bing.com/bingbot.htm) Chrome/116.0.1938.76 Safari/537.36"
52.167.144.23 - - [13/May/2026:07:36:16 +1000] "GET /verbunden-casino-unter-einsatz-von-sofortauszahlung-2026-beste-provider-im-test/ HTTP/2" 200 42548 "-" "Mozilla/5.0 AppleWebKit/537.36 (KHTML, like Gecko; compatible; bingbot/2.0; +http://www.bing.com/bingbot.htm) Chrome/116.0.1938.76 Safari/537.36"
57.141.14.41 - - [13/May/2026:07:36:17 +1000] "GET /products/detail/59467717 HTTP/2" 404 137739 "-" "meta-externalagent/1.1 (+https://developers.facebook.com/docs/sharing/webmasters/crawler)"
52.167.144.23 - - [13/May/2026:07:36:18 +1000] "GET /10-abgabe-laptops-online-sharky-80-freie-spins-besorgen/ HTTP/2" 200 43484 "-" "Mozilla/5.0 AppleWebKit/537.36 (KHTML, like Gecko; compatible; bingbot/2.0; +http://www.bing.com/bingbot.htm) Chrome/116.0.1938.76 Safari/537.36"
194.163.150.221 - - [13/May/2026:07:36:18 +1000] "GET /halloween-slots-australia/ HTTP/1.1" 200 40881 "-" "Mozilla/5.0 (compatible; MJ12bot/v1.4.8; http://mj12bot.com/)"
52.167.144.23 - - [13/May/2026:07:36:19 +1000] "GET /spouse-druid-endgame-build-publication-zodiac-wheel-mobile-slot-diablo-4/ HTTP/2" 200 40588 "-" "Mozilla/5.0 AppleWebKit/537.36 (KHTML, like Gecko; compatible; bingbot/2.0; +http://www.bing.com/bingbot.htm) Chrome/116.0.1938.76 Safari/537.36"
52.167.144.23 - - [13/May/2026:07:36:20 +1000] "GET /ilmaisia-i24slot-kirjautuminen-r50-tilausbonuksia/ HTTP/2" 200 39894 "-" "Mozilla/5.0 AppleWebKit/537.36 (KHTML, like Gecko; compatible; bingbot/2.0; +http://www.bing.com/bingbot.htm) Chrome/116.0.1938.76 Safari/537.36"
52.167.144.23 - - [13/May/2026:07:36:20 +1000] "GET /what-casino-are-open-now-in-canada/ HTTP/2" 200 39937 "-" "Mozilla/5.0 AppleWebKit/537.36 (KHTML, like Gecko; compatible; bingbot/2.0; +http://www.bing.com/bingbot.htm) Chrome/116.0.1938.76 Safari/537.36"
77.237.244.221 - - [13/May/2026:07:36:20 +1000] "GET /csr/ HTTP/1.1" 404 36234 "-" "Mozilla/5.0 (Windows NT 10.0; Win64; x64) AppleWebKit/537.36 (KHTML, like Gecko) Chrome/91.0.4472.124 Safari/537.36"
194.163.150.221 - - [13/May/2026:07:36:21 +1000] "GET /?p=9557 HTTP/1.1" 301 419 "-" "Mozilla/5.0 (compatible; MJ12bot/v1.4.8; http://mj12bot.com/)"
52.167.144.23 - - [13/May/2026:07:36:22 +1000] "GET /framtidens-online-multiplayer-innovativa-losningar-for-spelutvecklare/ HTTP/2" 200 41574 "-" "Mozilla/5.0 AppleWebKit/537.36 (KHTML, like Gecko; compatible; bingbot/2.0; +http://www.bing.com/bingbot.htm) Chrome/116.0.1938.76 Safari/537.36"
52.167.144.23 - - [13/May/2026:07:36:22 +1000] "GET /2026-edition-of-the-united-kingdom-casino-guide/ HTTP/2" 200 40229 "-" "Mozilla/5.0 AppleWebKit/537.36 (KHTML, like Gecko; compatible; bingbot/2.0; +http://www.bing.com/bingbot.htm) Chrome/116.0.1938.76 Safari/537.36"
192.178.4.100 - - [13/May/2026:07:36:24 +1000] "GET /?products/detail/58916026 HTTP/1.1" 200 39136 "-" "Mozilla/5.0 (Linux; Android 6.0.1; Nexus 5X Build/MMB29P) AppleWebKit/537.36 (KHTML, like Gecko) Chrome/147.0.7727.137 Mobile Safari/537.36 (compatible; Googlebot/2.1; +http://www.google.com/bot.html)"
216.73.217.100 - - [13/May/2026:07:36:24 +1000] "GET /?p=61125 HTTP/2" 301 0 "-" "Mozilla/5.0 AppleWebKit/537.36 (KHTML, like Gecko; compatible; ClaudeBot/1.0; +claudebot@anthropic.com)"
216.73.217.100 - - [13/May/2026:07:36:24 +1000] "GET /?p=74479 HTTP/2" 301 0 "-" "Mozilla/5.0 AppleWebKit/537.36 (KHTML, like Gecko; compatible; ClaudeBot/1.0; +claudebot@anthropic.com)"
52.167.144.23 - - [13/May/2026:07:36:24 +1000] "GET /first-deposit-bonuses/ HTTP/2" 200 40102 "-" "Mozilla/5.0 AppleWebKit/537.36 (KHTML, like Gecko; compatible; bingbot/2.0; +http://www.bing.com/bingbot.htm) Chrome/116.0.1938.76 Safari/537.36"
194.163.150.221 - - [13/May/2026:07:36:25 +1000] "GET /casinochan-casino-exclusive-bonus-au/ HTTP/1.1" 200 40523 "-" "Mozilla/5.0 (compatible; MJ12bot/v1.4.8; http://mj12bot.com/)"
52.167.144.23 - - [13/May/2026:07:36:24 +1000] "GET /gambling-regulations-uk/ HTTP/2" 200 40079 "-" "Mozilla/5.0 AppleWebKit/537.36 (KHTML, like Gecko; compatible; bingbot/2.0; +http://www.bing.com/bingbot.htm) Chrome/116.0.1938.76 Safari/537.36"
216.73.217.100 - - [13/May/2026:07:36:26 +1000] "GET /100-freispiele-blos-casino-bonus-visa-einzahlung-top-angebote-2026/ HTTP/2" 200 42287 "https://www.coridyan.com/?p=61125" "Mozilla/5.0 AppleWebKit/537.36 (KHTML, like Gecko; compatible; ClaudeBot/1.0; +claudebot@anthropic.com)"
216.73.217.100 - - [13/May/2026:07:36:26 +1000] "GET /immortal-vulkan-spiele-problem-s-prijavom-slot-east-dragon-definicija-i-definicija-keller-williams/ HTTP/2" 200 40229 "https://www.coridyan.com/?p=74479" "Mozilla/5.0 AppleWebKit/537.36 (KHTML, like Gecko; compatible; ClaudeBot/1.0; +claudebot@anthropic.com)"
52.167.144.23 - - [13/May/2026:07:36:27 +1000] "GET /17-parasta-pelia-joissa-voit-tarkea-sivusto-pelata-oikealla-rahalla-vuonna-2026/ HTTP/2" 200 40594 "-" "Mozilla/5.0 AppleWebKit/537.36 (KHTML, like Gecko; compatible; bingbot/2.0; +http://www.bing.com/bingbot.htm) Chrome/116.0.1938.76 Safari/537.36"
192.178.4.100 - - [13/May/2026:07:36:18 +1000] "POST /wp-json/platformist-quadendpointer-sxadtr/v1/s6qgn HTTP/1.1" 200 0 "https://www.coridyan.com/casino-on-line-primary-characteristics-of-8/" "Mozilla/5.0 (Linux; Android 6.0.1; Nexus 5X Build/MMB29P) AppleWebKit/537.36 (KHTML, like Gecko) Chrome/147.0.7727.137 Mobile Safari/537.36 (compatible; GoogleOther)"
52.167.144.23 - - [13/May/2026:07:36:27 +1000] "GET /best-casino-in-united-kingdom-to-win-2026/ HTTP/2" 200 40193 "-" "Mozilla/5.0 AppleWebKit/537.36 (KHTML, like Gecko; compatible; bingbot/2.0; +http://www.bing.com/bingbot.htm) Chrome/116.0.1938.76 Safari/537.36"
77.237.244.221 - - [13/May/2026:07:36:29 +1000] "GET /media_library/ HTTP/1.1" 301 667 "-" "Mozilla/5.0 (Windows NT 10.0; Win64; x64) AppleWebKit/537.36 (KHTML, like Gecko) Chrome/91.0.4472.124 Safari/537.36"
194.163.150.221 - - [13/May/2026:07:36:29 +1000] "GET /?p=9625 HTTP/1.1" 301 418 "-" "Mozilla/5.0 (compatible; MJ12bot/v1.4.8; http://mj12bot.com/)"
52.167.144.23 - - [13/May/2026:07:36:29 +1000] "GET /winter-berries/ HTTP/2" 200 41848 "-" "Mozilla/5.0 AppleWebKit/537.36 (KHTML, like Gecko; compatible; bingbot/2.0; +http://www.bing.com/bingbot.htm) Chrome/116.0.1938.76 Safari/537.36"
192.178.4.100 - - [13/May/2026:07:36:30 +1000] "POST /wp-admin/admin-ajax.php HTTP/1.1" 200 1275 "https://www.coridyan.com/casino-on-line-overview-offerings-payments-and-45/" "Mozilla/5.0 (Linux; Android 6.0.1; Nexus 5X Build/MMB29P) AppleWebKit/537.36 (KHTML, like Gecko) Chrome/147.0.7727.137 Mobile Safari/537.36 (compatible; GoogleOther)"
216.73.217.100 - - [13/May/2026:07:36:30 +1000] "GET /?p=51770 HTTP/2" 301 0 "-" "Mozilla/5.0 AppleWebKit/537.36 (KHTML, like Gecko; compatible; ClaudeBot/1.0; +claudebot@anthropic.com)"
216.73.217.100 - - [13/May/2026:07:36:30 +1000] "GET /?p=59687 HTTP/2" 301 0 "-" "Mozilla/5.0 AppleWebKit/537.36 (KHTML, like Gecko; compatible; ClaudeBot/1.0; +claudebot@anthropic.com)"
52.167.144.23 - - [13/May/2026:07:36:30 +1000] "GET /free-spins-for-existing-players-uk-2026/ HTTP/2" 200 40072 "-" "Mozilla/5.0 AppleWebKit/537.36 (KHTML, like Gecko; compatible; bingbot/2.0; +http://www.bing.com/bingbot.htm) Chrome/116.0.1938.76 Safari/537.36"
57.141.14.104 - - [13/May/2026:07:36:30 +1000] "GET /products/detail/70162804 HTTP/2" 404 137739 "-" "meta-externalagent/1.1 (+https://developers.facebook.com/docs/sharing/webmasters/crawler)"
77.237.244.221 - - [13/May/2026:07:36:31 +1000] "GET /media_library/ HTTP/1.1" 404 36234 "-" "Mozilla/5.0 (Windows NT 10.0; Win64; x64) AppleWebKit/537.36 (KHTML, like Gecko) Chrome/91.0.4472.124 Safari/537.36"
54.39.210.70 - - [13/May/2026:07:36:04 +1000] "GET /post-sitemap9.xml HTTP/2" 200 0 "-" "Mozilla/5.0 (compatible; AhrefsBot/7.0; +http://ahrefs.com/robot/)"
216.73.217.100 - - [13/May/2026:07:36:32 +1000] "GET /julkaisu-poissa-passiivisesta-asemasta-playn-i24slot-sovellus-lataa-uusin-versio-wade-mielipide-2026/ HTTP/2" 200 40614 "https://www.coridyan.com/?p=51770" "Mozilla/5.0 AppleWebKit/537.36 (KHTML, like Gecko; compatible; ClaudeBot/1.0; +claudebot@anthropic.com)"
216.73.217.100 - - [13/May/2026:07:36:32 +1000] "GET /mobile-casinos-virkelig-money-casino-apps-play-anywhere-oscar-spin-danmark-login-up-to-dat-maned-2026/ HTTP/2" 200 40856 "https://www.coridyan.com/?p=59687" "Mozilla/5.0 AppleWebKit/537.36 (KHTML, like Gecko; compatible; ClaudeBot/1.0; +claudebot@anthropic.com)"
52.167.144.23 - - [13/May/2026:07:36:32 +1000] "GET /best-strip-casinos/ HTTP/2" 200 39907 "-" "Mozilla/5.0 AppleWebKit/537.36 (KHTML, like Gecko; compatible; bingbot/2.0; +http://www.bing.com/bingbot.htm) Chrome/116.0.1938.76 Safari/537.36"
62.201.254.221 - - [13/May/2026:07:36:33 +1000] "GET /o-que-esperar-do-atendimento-ao-cliente-no-500-casino-ajudando-voc-a-vencer/ HTTP/1.1" 404 36234 "-" "Mozilla/5.0 (Windows NT 6.1; WOW64) AppleWebKit/537.36 (KHTML, like Gecko) Chrome/69.0.0.3016 Safari/537.36"
194.163.150.221 - - [13/May/2026:07:36:33 +1000] "GET /best-casino-that-accepts-muchbetter/ HTTP/1.1" 200 40650 "-" "Mozilla/5.0 (compatible; MJ12bot/v1.4.8; http://mj12bot.com/)"
52.167.144.23 - - [13/May/2026:07:36:33 +1000] "GET /what-is-there-to-do-in-uk-besides-gambling/ HTTP/2" 200 40124 "-" "Mozilla/5.0 AppleWebKit/537.36 (KHTML, like Gecko; compatible; bingbot/2.0; +http://www.bing.com/bingbot.htm) Chrome/116.0.1938.76 Safari/537.36"
192.178.4.100 - - [13/May/2026:07:36:36 +1000] "POST /wp-admin/admin-ajax.php HTTP/1.1" 200 1278 "https://www.coridyan.com/?products/detail/58916026" "Mozilla/5.0 (Linux; Android 6.0.1; Nexus 5X Build/MMB29P) AppleWebKit/537.36 (KHTML, like Gecko) Chrome/147.0.7727.137 Mobile Safari/537.36 (compatible; Googlebot/2.1; +http://www.google.com/bot.html)"
52.167.144.23 - - [13/May/2026:07:36:35 +1000] "GET /cuales-son-los-normas-de-el-bingo-la-patologia-del-tunel-carpiano-origen-y-las-la-oportunidad-de-elegir/ HTTP/2" 200 45691 "-" "Mozilla/5.0 AppleWebKit/537.36 (KHTML, like Gecko; compatible; bingbot/2.0; +http://www.bing.com/bingbot.htm) Chrome/116.0.1938.76 Safari/537.36"
77.237.244.221 - - [13/May/2026:07:36:35 +1000] "GET /favicon/ HTTP/1.1" 301 661 "-" "Mozilla/5.0 (Windows NT 10.0; Win64; x64) AppleWebKit/537.36 (KHTML, like Gecko) Chrome/91.0.4472.124 Safari/537.36"
194.163.150.221 - - [13/May/2026:07:36:37 +1000] "GET /?p=9712 HTTP/1.1" 301 412 "-" "Mozilla/5.0 (compatible; MJ12bot/v1.4.8; http://mj12bot.com/)"
52.167.144.23 - - [13/May/2026:07:36:38 +1000] "GET /nertis-growth-mate-for-maker-provided-organizations/ HTTP/2" 200 40143 "-" "Mozilla/5.0 AppleWebKit/537.36 (KHTML, like Gecko; compatible; bingbot/2.0; +http://www.bing.com/bingbot.htm) Chrome/116.0.1938.76 Safari/537.36"
77.237.244.221 - - [13/May/2026:07:36:39 +1000] "GET /favicon/ HTTP/1.1" 404 36234 "-" "Mozilla/5.0 (Windows NT 10.0; Win64; x64) AppleWebKit/537.36 (KHTML, like Gecko) Chrome/91.0.4472.124 Safari/537.36"
57.141.14.75 - - [13/May/2026:07:36:39 +1000] "GET /products/detail/62636563 HTTP/2" 404 137739 "-" "meta-externalagent/1.1 (+https://developers.facebook.com/docs/sharing/webmasters/crawler)"
52.167.144.23 - - [13/May/2026:07:36:40 +1000] "GET /as-10-slots-que-mais-pagam-acercade-portugal-acimade-abril-criancice-2026/ HTTP/2" 200 42640 "-" "Mozilla/5.0 AppleWebKit/537.36 (KHTML, like Gecko; compatible; bingbot/2.0; +http://www.bing.com/bingbot.htm) Chrome/116.0.1938.76 Safari/537.36"
194.163.150.221 - - [13/May/2026:07:36:40 +1000] "GET /bitcoin-casino-200-free-spins/ HTTP/1.1" 200 41070 "-" "Mozilla/5.0 (compatible; MJ12bot/v1.4.8; http://mj12bot.com/)"
52.167.144.23 - - [13/May/2026:07:36:41 +1000] "GET /best-mobile-ports-to-experience-inside-the-2026/ HTTP/2" 200 40102 "-" "Mozilla/5.0 AppleWebKit/537.36 (KHTML, like Gecko; compatible; bingbot/2.0; +http://www.bing.com/bingbot.htm) Chrome/116.0.1938.76 Safari/537.36"
52.167.144.23 - - [13/May/2026:07:36:42 +1000] "GET /pan4ur-pavel-lifanov/ HTTP/2" 200 40161 "-" "Mozilla/5.0 AppleWebKit/537.36 (KHTML, like Gecko; compatible; bingbot/2.0; +http://www.bing.com/bingbot.htm) Chrome/116.0.1938.76 Safari/537.36"
57.141.14.19 - - [13/May/2026:07:36:42 +1000] "GET /products/detail/65749429 HTTP/2" 404 137739 "-" "meta-externalagent/1.1 (+https://developers.facebook.com/docs/sharing/webmasters/crawler)"
77.237.244.221 - - [13/May/2026:07:36:43 +1000] "GET /footer/ HTTP/1.1" 301 660 "-" "Mozilla/5.0 (Windows NT 10.0; Win64; x64) AppleWebKit/537.36 (KHTML, like Gecko) Chrome/91.0.4472.124 Safari/537.36"
52.167.144.23 - - [13/May/2026:07:36:43 +1000] "GET /yahtzee-ports-ageless-innovation-llc/ HTTP/2" 200 40122 "-" "Mozilla/5.0 AppleWebKit/537.36 (KHTML, like Gecko; compatible; bingbot/2.0; +http://www.bing.com/bingbot.htm) Chrome/116.0.1938.76 Safari/537.36"
52.167.144.23 - - [13/May/2026:07:36:44 +1000] "GET /choy-sunshine-doa-hawaiian-slots-publication-harbors-opinion-in-the-2026-with-243-a-way-to-earn/ HTTP/2" 200 40164 "-" "Mozilla/5.0 AppleWebKit/537.36 (KHTML, like Gecko; compatible; bingbot/2.0; +http://www.bing.com/bingbot.htm) Chrome/116.0.1938.76 Safari/537.36"
216.73.217.100 - - [13/May/2026:07:36:44 +1000] "GET /?p=57021 HTTP/2" 301 0 "-" "Mozilla/5.0 AppleWebKit/537.36 (KHTML, like Gecko; compatible; ClaudeBot/1.0; +claudebot@anthropic.com)"
216.73.217.100 - - [13/May/2026:07:36:44 +1000] "GET /?p=61131 HTTP/2" 301 0 "-" "Mozilla/5.0 AppleWebKit/537.36 (KHTML, like Gecko; compatible; ClaudeBot/1.0; +claudebot@anthropic.com)"
52.167.144.23 - - [13/May/2026:07:36:45 +1000] "GET /jogar-la-dolce-vita-apontar-trejeito-demo-100-gratis/ HTTP/2" 200 42508 "-" "Mozilla/5.0 AppleWebKit/537.36 (KHTML, like Gecko; compatible; bingbot/2.0; +http://www.bing.com/bingbot.htm) Chrome/116.0.1938.76 Safari/537.36"
77.237.244.221 - - [13/May/2026:07:36:45 +1000] "GET /footer/ HTTP/1.1" 404 36234 "-" "Mozilla/5.0 (Windows NT 10.0; Win64; x64) AppleWebKit/537.36 (KHTML, like Gecko) Chrome/91.0.4472.124 Safari/537.36"
52.167.144.23 - - [13/May/2026:07:36:46 +1000] "GET /ijeh-forsoker-a-vaere-odds-for-a-vinne-silver-lion-borte/ HTTP/2" 200 42494 "-" "Mozilla/5.0 AppleWebKit/537.36 (KHTML, like Gecko; compatible; bingbot/2.0; +http://www.bing.com/bingbot.htm) Chrome/116.0.1938.76 Safari/537.36"
52.167.144.23 - - [13/May/2026:07:36:46 +1000] "GET /million-rotiri-gratuite-50-ci-depozit-preparat-invarte-mermaids-pearl-15-bonusuri-slot-pharaohs-fortune-oficiale-ce-si-fara-achitare/ HTTP/2" 200 41049 "-" "Mozilla/5.0 AppleWebKit/537.36 (KHTML, like Gecko; compatible; bingbot/2.0; +http://www.bing.com/bingbot.htm) Chrome/116.0.1938.76 Safari/537.36"
216.73.217.100 - - [13/May/2026:07:36:46 +1000] "GET /sweepstakes-gambling-casino-lucky-red-no-deposit-bonus-establishment/ HTTP/2" 200 41251 "https://www.coridyan.com/?p=57021" "Mozilla/5.0 AppleWebKit/537.36 (KHTML, like Gecko; compatible; ClaudeBot/1.0; +claudebot@anthropic.com)"
216.73.217.100 - - [13/May/2026:07:36:46 +1000] "GET /lucky-days-berechnung-so-weit-wie-1-000-leicht-verstandlich-100-freispiele/ HTTP/2" 200 40381 "https://www.coridyan.com/?p=61131" "Mozilla/5.0 AppleWebKit/537.36 (KHTML, like Gecko; compatible; ClaudeBot/1.0; +claudebot@anthropic.com)"
57.141.14.88 - - [13/May/2026:07:36:47 +1000] "GET /products/detail/61382692 HTTP/2" 404 137739 "-" "meta-externalagent/1.1 (+https://developers.facebook.com/docs/sharing/webmasters/crawler)"
52.167.144.23 - - [13/May/2026:07:36:48 +1000] "GET /influence-et-evolution-des-plateformes-de-jeux-en-ligne/ HTTP/2" 200 41606 "-" "Mozilla/5.0 AppleWebKit/537.36 (KHTML, like Gecko; compatible; bingbot/2.0; +http://www.bing.com/bingbot.htm) Chrome/116.0.1938.76 Safari/537.36"
52.167.144.23 - - [13/May/2026:07:36:48 +1000] "GET /playing-web-site-put-detachment-steps-2026-full-guide/ HTTP/2" 200 40114 "-" "Mozilla/5.0 AppleWebKit/537.36 (KHTML, like Gecko; compatible; bingbot/2.0; +http://www.bing.com/bingbot.htm) Chrome/116.0.1938.76 Safari/537.36"
77.237.244.221 - - [13/May/2026:07:36:49 +1000] "GET /pattern/ HTTP/1.1" 301 684 "-" "Mozilla/5.0 (Windows NT 10.0; Win64; x64) AppleWebKit/537.36 (KHTML, like Gecko) Chrome/91.0.4472.124 Safari/537.36"
52.167.144.23 - - [13/May/2026:07:36:50 +1000] "GET /forbidden/ HTTP/2" 200 40225 "-" "Mozilla/5.0 AppleWebKit/537.36 (KHTML, like Gecko; compatible; bingbot/2.0; +http://www.bing.com/bingbot.htm) Chrome/116.0.1938.76 Safari/537.36"
52.167.144.23 - - [13/May/2026:07:36:50 +1000] "GET /yatzy-programs-on-google-gamble/ HTTP/2" 200 39988 "-" "Mozilla/5.0 AppleWebKit/537.36 (KHTML, like Gecko; compatible; bingbot/2.0; +http://www.bing.com/bingbot.htm) Chrome/116.0.1938.76 Safari/537.36"
192.178.4.100 - - [13/May/2026:07:36:50 +1000] "GET /comment.php?products/jordan-4/20312563/ HTTP/1.1" 200 34774 "-" "Mozilla/5.0 (Linux; Android 6.0.1; Nexus 5X Build/MMB29P) AppleWebKit/537.36 (KHTML, like Gecko) Chrome/147.0.7727.137 Mobile Safari/537.36 (compatible; GoogleOther)"
192.178.4.100 - - [13/May/2026:07:36:42 +1000] "POST /wp-json/platformist-quadendpointer-sxadtr/v1/s6qgn HTTP/1.1" 200 0 "https://www.coridyan.com/?products/detail/58916026" "Mozilla/5.0 (Linux; Android 6.0.1; Nexus 5X Build/MMB29P) AppleWebKit/537.36 (KHTML, like Gecko) Chrome/147.0.7727.137 Mobile Safari/537.36 (compatible; Googlebot/2.1; +http://www.google.com/bot.html)"
52.167.144.23 - - [13/May/2026:07:36:52 +1000] "GET /town-cuatro-kuwaq-yaku-shadow-of-your-own-tomb-raider-walkthrough/ HTTP/2" 200 41923 "-" "Mozilla/5.0 AppleWebKit/537.36 (KHTML, like Gecko; compatible; bingbot/2.0; +http://www.bing.com/bingbot.htm) Chrome/116.0.1938.76 Safari/537.36"
77.237.244.221 - - [13/May/2026:07:36:52 +1000] "GET /patterns-in-baccarat-australia/ HTTP/1.1" 200 40927 "-" "Mozilla/5.0 (Windows NT 10.0; Win64; x64) AppleWebKit/537.36 (KHTML, like Gecko) Chrome/91.0.4472.124 Safari/537.36"
52.167.144.23 - - [13/May/2026:07:36:53 +1000] "GET /no-deposit-bonus-requirements-personal-free-offers-inside-2026/ HTTP/2" 200 39993 "-" "Mozilla/5.0 AppleWebKit/537.36 (KHTML, like Gecko; compatible; bingbot/2.0; +http://www.bing.com/bingbot.htm) Chrome/116.0.1938.76 Safari/537.36"
52.167.144.23 - - [13/May/2026:07:36:54 +1000] "GET /mybet-mehr-erhalten-erfahrungen-test-2026-auswertung-user-meinung-4-7-5/ HTTP/2" 200 43321 "-" "Mozilla/5.0 AppleWebKit/537.36 (KHTML, like Gecko; compatible; bingbot/2.0; +http://www.bing.com/bingbot.htm) Chrome/116.0.1938.76 Safari/537.36"
52.167.144.23 - - [13/May/2026:07:36:54 +1000] "GET /los-17-lugares-de-encuestas-superior-pagados-sobre-2026/ HTTP/2" 200 44619 "-" "Mozilla/5.0 AppleWebKit/537.36 (KHTML, like Gecko; compatible; bingbot/2.0; +http://www.bing.com/bingbot.htm) Chrome/116.0.1938.76 Safari/537.36"
77.237.244.221 - - [13/May/2026:07:36:55 +1000] "GET /home-pages/ HTTP/1.1" 301 664 "-" "Mozilla/5.0 (Windows NT 10.0; Win64; x64) AppleWebKit/537.36 (KHTML, like Gecko) Chrome/91.0.4472.124 Safari/537.36"
18.97.9.100 - - [13/May/2026:07:36:57 +1000] "GET /comment.php?products/a-collection-of-masterpieces-the-john-mable-ringling-museum/10124948/ HTTP/1.1" 200 551 "-" "Mozilla/5.0 AppleWebKit/537.36 (KHTML, like Gecko; compatible; PerplexityBot/1.0; +https://perplexity.ai/perplexitybot)"
52.167.144.23 - - [13/May/2026:07:36:57 +1000] "GET /ac_dc-thunderstruck-survivor-offers-authoritative-movies/ HTTP/2" 200 42282 "-" "Mozilla/5.0 AppleWebKit/537.36 (KHTML, like Gecko; compatible; bingbot/2.0; +http://www.bing.com/bingbot.htm) Chrome/116.0.1938.76 Safari/537.36"
52.167.144.23 - - [13/May/2026:07:36:57 +1000] "GET /rejilla-ranurada-oculta-para-canales-de-evacuacion-ulma/ HTTP/2" 200 44027 "-" "Mozilla/5.0 AppleWebKit/537.36 (KHTML, like Gecko; compatible; bingbot/2.0; +http://www.bing.com/bingbot.htm) Chrome/116.0.1938.76 Safari/537.36"
77.237.244.221 - - [13/May/2026:07:36:58 +1000] "GET /home-pages/ HTTP/1.1" 404 36234 "-" "Mozilla/5.0 (Windows NT 10.0; Win64; x64) AppleWebKit/537.36 (KHTML, like Gecko) Chrome/91.0.4472.124 Safari/537.36"
52.167.144.23 - - [13/May/2026:07:36:58 +1000] "GET /melhores-bonus-sem-deposito-2026-obtenha-codigos/ HTTP/2" 200 42534 "-" "Mozilla/5.0 AppleWebKit/537.36 (KHTML, like Gecko; compatible; bingbot/2.0; +http://www.bing.com/bingbot.htm) Chrome/116.0.1938.76 Safari/537.36"
52.167.144.23 - - [13/May/2026:07:36:59 +1000] "GET /how-do-professional-gamblers-make-money/ HTTP/2" 200 40180 "-" "Mozilla/5.0 AppleWebKit/537.36 (KHTML, like Gecko; compatible; bingbot/2.0; +http://www.bing.com/bingbot.htm) Chrome/116.0.1938.76 Safari/537.36"
52.167.144.23 - - [13/May/2026:07:37:00 +1000] "GET /tentative-un-brin-en-effectif-comme-lien-utile-bien-amuser-sauf-que-recevoir/ HTTP/2" 200 41790 "-" "Mozilla/5.0 AppleWebKit/537.36 (KHTML, like Gecko; compatible; bingbot/2.0; +http://www.bing.com/bingbot.htm) Chrome/116.0.1938.76 Safari/537.36"
52.167.144.23 - - [13/May/2026:07:37:00 +1000] "GET /gamstop-remove-exclusion/ HTTP/2" 200 40331 "-" "Mozilla/5.0 AppleWebKit/537.36 (KHTML, like Gecko; compatible; bingbot/2.0; +http://www.bing.com/bingbot.htm) Chrome/116.0.1938.76 Safari/537.36"
20.15.133.174 - - [13/May/2026:07:37:01 +1000] "GET /casino-reopenings-in-united-kingdom/ HTTP/2" 200 39900 "-" "Mozilla/5.0 AppleWebKit/537.36 (KHTML, like Gecko; compatible; bingbot/2.0; +http://www.bing.com/bingbot.htm) Chrome/116.0.1938.76 Safari/537.36"
52.167.144.238 - - [13/May/2026:07:37:01 +1000] "GET /no-deposit-free-spins-2026-united-kingdom/ HTTP/2" 200 39987 "-" "Mozilla/5.0 AppleWebKit/537.36 (KHTML, like Gecko; compatible; bingbot/2.0; +http://www.bing.com/bingbot.htm) Chrome/116.0.1938.76 Safari/537.36"
77.237.244.221 - - [13/May/2026:07:37:02 +1000] "GET /projects/ HTTP/1.1" 301 662 "-" "Mozilla/5.0 (Windows NT 10.0; Win64; x64) AppleWebKit/537.36 (KHTML, like Gecko) Chrome/91.0.4472.124 Safari/537.36"
52.167.144.23 - - [13/May/2026:07:37:02 +1000] "GET /die-bedeutung-praziser-modeling-modelle-in-der-modebranche-ein-branchenuberblick/ HTTP/2" 200 41366 "-" "Mozilla/5.0 AppleWebKit/537.36 (KHTML, like Gecko; compatible; bingbot/2.0; +http://www.bing.com/bingbot.htm) Chrome/116.0.1938.76 Safari/537.36"
20.15.133.174 - - [13/May/2026:07:37:03 +1000] "GET /20-deposit-casino/ HTTP/2" 200 40241 "-" "Mozilla/5.0 AppleWebKit/537.36 (KHTML, like Gecko; compatible; bingbot/2.0; +http://www.bing.com/bingbot.htm) Chrome/116.0.1938.76 Safari/537.36"
52.167.144.23 - - [13/May/2026:07:37:03 +1000] "GET /best-non-gamstop-sites/ HTTP/2" 200 39846 "-" "Mozilla/5.0 AppleWebKit/537.36 (KHTML, like Gecko; compatible; bingbot/2.0; +http://www.bing.com/bingbot.htm) Chrome/116.0.1938.76 Safari/537.36"
192.178.4.100 - - [13/May/2026:07:36:57 +1000] "POST /wp-json/platformist-quadendpointer-sxadtr/v1/s6qgn HTTP/1.1" 200 1681 "https://www.coridyan.com/casino-on-line-overview-offerings-payments-and-45/" "Mozilla/5.0 (Linux; Android 6.0.1; Nexus 5X Build/MMB29P) AppleWebKit/537.36 (KHTML, like Gecko) Chrome/147.0.7727.137 Mobile Safari/537.36 (compatible; GoogleOther)"
51.222.95.5 - - [13/May/2026:07:36:35 +1000] "GET /post-sitemap10.xml HTTP/2" 200 0 "-" "Mozilla/5.0 (compatible; AhrefsBot/7.0; +http://ahrefs.com/robot/)"
77.237.244.221 - - [13/May/2026:07:37:04 +1000] "GET /projects/ HTTP/1.1" 404 36234 "-" "Mozilla/5.0 (Windows NT 10.0; Win64; x64) AppleWebKit/537.36 (KHTML, like Gecko) Chrome/91.0.4472.124 Safari/537.36"
192.178.4.100 - - [13/May/2026:07:37:03 +1000] "POST /wp-json/platformist-quadendpointer-sxadtr/v1/s6qgn HTTP/1.1" 200 1686 "https://www.coridyan.com/?products/detail/58916026" "Mozilla/5.0 (Linux; Android 6.0.1; Nexus 5X Build/MMB29P) AppleWebKit/537.36 (KHTML, like Gecko) Chrome/147.0.7727.137 Mobile Safari/537.36 (compatible; Googlebot/2.1; +http://www.google.com/bot.html)"
52.167.144.23 - - [13/May/2026:07:37:05 +1000] "GET /incentive-7-reels-casino-bonus-code-rules-march-2026-private-selling/ HTTP/2" 200 42075 "-" "Mozilla/5.0 AppleWebKit/537.36 (KHTML, like Gecko; compatible; bingbot/2.0; +http://www.bing.com/bingbot.htm) Chrome/116.0.1938.76 Safari/537.36"
52.167.144.23 - - [13/May/2026:07:37:05 +1000] "GET /tea-expectations-statewide-bonus-effort-will-help-colleges-keep-highest-undertaking-coaches/ HTTP/2" 200 41455 "-" "Mozilla/5.0 AppleWebKit/537.36 (KHTML, like Gecko; compatible; bingbot/2.0; +http://www.bing.com/bingbot.htm) Chrome/116.0.1938.76 Safari/537.36"
52.167.144.23 - - [13/May/2026:07:37:07 +1000] "GET /uber-uns-flugel-nutzliche-referenz-erzeugen-tipps-beispiele-vorlagen/ HTTP/2" 200 43480 "-" "Mozilla/5.0 AppleWebKit/537.36 (KHTML, like Gecko; compatible; bingbot/2.0; +http://www.bing.com/bingbot.htm) Chrome/116.0.1938.76 Safari/537.36"
52.167.144.23 - - [13/May/2026:07:37:07 +1000] "GET /por-oportunidad-una-pueblo-de-pamplona-ha-podido-recurrir-en-linea-bonificaciones-de-el-cuota-con-manga-larga-algun-tramite-digital-fabricado-joviales-animsa/ HTTP/2" 200 45224 "-" "Mozilla/5.0 AppleWebKit/537.36 (KHTML, like Gecko; compatible; bingbot/2.0; +http://www.bing.com/bingbot.htm) Chrome/116.0.1938.76 Safari/537.36"
77.237.244.221 - - [13/May/2026:07:37:08 +1000] "GET /sidebar/ HTTP/1.1" 301 661 "-" "Mozilla/5.0 (Windows NT 10.0; Win64; x64) AppleWebKit/537.36 (KHTML, like Gecko) Chrome/91.0.4472.124 Safari/537.36"
52.167.144.23 - - [13/May/2026:07:37:08 +1000] "GET /leggyorsabban-kolto-online-kaszinok/ HTTP/2" 200 41548 "-" "Mozilla/5.0 AppleWebKit/537.36 (KHTML, like Gecko; compatible; bingbot/2.0; +http://www.bing.com/bingbot.htm) Chrome/116.0.1938.76 Safari/537.36"
52.167.144.23 - - [13/May/2026:07:37:09 +1000] "GET /mega-hundreds-of-thousands-effective-number/ HTTP/2" 200 40531 "-" "Mozilla/5.0 AppleWebKit/537.36 (KHTML, like Gecko; compatible; bingbot/2.0; +http://www.bing.com/bingbot.htm) Chrome/116.0.1938.76 Safari/537.36"
216.73.217.100 - - [13/May/2026:07:37:10 +1000] "GET /?p=69630 HTTP/2" 301 0 "-" "Mozilla/5.0 AppleWebKit/537.36 (KHTML, like Gecko; compatible; ClaudeBot/1.0; +claudebot@anthropic.com)"
52.167.144.23 - - [13/May/2026:07:37:10 +1000] "GET /9-masks-of-fire-hyperspins-slot-play-free-demonio-2026/ HTTP/2" 200 42483 "-" "Mozilla/5.0 AppleWebKit/537.36 (KHTML, like Gecko; compatible; bingbot/2.0; +http://www.bing.com/bingbot.htm) Chrome/116.0.1938.76 Safari/537.36"
216.73.217.100 - - [13/May/2026:07:37:10 +1000] "GET /products/detail/65761606 HTTP/2" 404 16384 "-" "Mozilla/5.0 AppleWebKit/537.36 (KHTML, like Gecko; compatible; ClaudeBot/1.0; +claudebot@anthropic.com)"
77.237.244.221 - - [13/May/2026:07:37:10 +1000] "GET /sidebar/ HTTP/1.1" 404 36234 "-" "Mozilla/5.0 (Windows NT 10.0; Win64; x64) AppleWebKit/537.36 (KHTML, like Gecko) Chrome/91.0.4472.124 Safari/537.36"
52.167.144.23 - - [13/May/2026:07:37:11 +1000] "GET /agriculture-games-%EF%B8%8F-use-crazygames/ HTTP/2" 200 40044 "-" "Mozilla/5.0 AppleWebKit/537.36 (KHTML, like Gecko; compatible; bingbot/2.0; +http://www.bing.com/bingbot.htm) Chrome/116.0.1938.76 Safari/537.36"
52.167.144.238 - - [13/May/2026:07:37:11 +1000] "GET /british-casino-guide-2026-united-kingdom/ HTTP/2" 200 39723 "-" "Mozilla/5.0 AppleWebKit/537.36 (KHTML, like Gecko; compatible; bingbot/2.0; +http://www.bing.com/bingbot.htm) Chrome/116.0.1938.76 Safari/537.36"
216.73.217.100 - - [13/May/2026:07:37:11 +1000] "GET /beste-online-spielhalle-land-der-dichter-und-denker-verbunden-spielhallen-spiele/ HTTP/2" 200 42857 "https://www.coridyan.com/?p=69630" "Mozilla/5.0 AppleWebKit/537.36 (KHTML, like Gecko; compatible; ClaudeBot/1.0; +claudebot@anthropic.com)"
192.178.4.100 - - [13/May/2026:07:37:10 +1000] "POST /wp-json/platformist-quadendpointer-sxadtr/v1/s6qgn HTTP/1.1" 200 2528 "https://www.coridyan.com/?products/detail/58916026" "Mozilla/5.0 (Linux; Android 6.0.1; Nexus 5X Build/MMB29P) AppleWebKit/537.36 (KHTML, like Gecko) Chrome/147.0.7727.137 Mobile Safari/537.36 (compatible; Googlebot/2.1; +http://www.google.com/bot.html)"
57.141.14.80 - - [13/May/2026:07:37:11 +1000] "GET /products/detail/62156638 HTTP/2" 404 137739 "-" "meta-externalagent/1.1 (+https://developers.facebook.com/docs/sharing/webmasters/crawler)"
52.167.144.23 - - [13/May/2026:07:37:12 +1000] "GET /skipton-launches-a-one-hundred-mortgage-why-does-they-dolphin-treasure-play-evaluate/ HTTP/2" 200 42294 "-" "Mozilla/5.0 AppleWebKit/537.36 (KHTML, like Gecko; compatible; bingbot/2.0; +http://www.bing.com/bingbot.htm) Chrome/116.0.1938.76 Safari/537.36"
77.237.244.221 - - [13/May/2026:07:37:13 +1000] "GET /slides/ HTTP/1.1" 301 660 "-" "Mozilla/5.0 (Windows NT 10.0; Win64; x64) AppleWebKit/537.36 (KHTML, like Gecko) Chrome/91.0.4472.124 Safari/537.36"
52.167.144.23 - - [13/May/2026:07:37:14 +1000] "GET /aunque-comunmente-se-sienten-los-metodos-de-recompensa-tiendas-de-bajo-precio-de-el-jugador-cheques-indumentarias-tambien-existe-una-decision-sobre-solicitar-an-una-empresa-autorizada-a-expulsar-nue/ HTTP/2" 200 45523 "-" "Mozilla/5.0 AppleWebKit/537.36 (KHTML, like Gecko; compatible; bingbot/2.0; +http://www.bing.com/bingbot.htm) Chrome/116.0.1938.76 Safari/537.36"
52.167.144.23 - - [13/May/2026:07:37:16 +1000] "GET /the-trick-gift-of-xmas-where-you-can-view/ HTTP/2" 200 40656 "-" "Mozilla/5.0 AppleWebKit/537.36 (KHTML, like Gecko; compatible; bingbot/2.0; +http://www.bing.com/bingbot.htm) Chrome/116.0.1938.76 Safari/537.36"
77.237.244.221 - - [13/May/2026:07:37:16 +1000] "GET /slides/ HTTP/1.1" 404 36234 "-" "Mozilla/5.0 (Windows NT 10.0; Win64; x64) AppleWebKit/537.36 (KHTML, like Gecko) Chrome/91.0.4472.124 Safari/537.36"
192.178.4.100 - - [13/May/2026:07:37:18 +1000] "POST /wp-admin/admin-ajax.php HTTP/1.1" 200 1278 "https://www.coridyan.com/digital-gaming-platform-platform-structure-gaming-5/" "Mozilla/5.0 (Linux; Android 6.0.1; Nexus 5X Build/MMB29P) AppleWebKit/537.36 (KHTML, like Gecko) Chrome/147.0.7727.137 Mobile Safari/537.36 (compatible; GoogleOther)"
52.167.144.23 - - [13/May/2026:07:37:18 +1000] "GET /hm-process-of-law-power-stars-slot-play-tribunals-service/ HTTP/2" 200 41860 "-" "Mozilla/5.0 AppleWebKit/537.36 (KHTML, like Gecko; compatible; bingbot/2.0; +http://www.bing.com/bingbot.htm) Chrome/116.0.1938.76 Safari/537.36"
77.237.244.221 - - [13/May/2026:07:37:19 +1000] "GET /favourites/ HTTP/1.1" 301 664 "-" "Mozilla/5.0 (Windows NT 10.0; Win64; x64) AppleWebKit/537.36 (KHTML, like Gecko) Chrome/91.0.4472.124 Safari/537.36"
52.167.144.23 - - [13/May/2026:07:37:20 +1000] "GET /extra-free-888-app-codes/ HTTP/2" 200 40952 "-" "Mozilla/5.0 AppleWebKit/537.36 (KHTML, like Gecko; compatible; bingbot/2.0; +http://www.bing.com/bingbot.htm) Chrome/116.0.1938.76 Safari/537.36"
52.167.144.23 - - [13/May/2026:07:37:21 +1000] "GET /kostenlose-mehr-erfahren-sexvideos/ HTTP/2" 200 42027 "-" "Mozilla/5.0 AppleWebKit/537.36 (KHTML, like Gecko; compatible; bingbot/2.0; +http://www.bing.com/bingbot.htm) Chrome/116.0.1938.76 Safari/537.36"
52.167.144.23 - - [13/May/2026:07:37:22 +1000] "GET /nat-king-cole-the-new-happiest-christmas-time-tree-lyrics/ HTTP/2" 200 40674 "-" "Mozilla/5.0 AppleWebKit/537.36 (KHTML, like Gecko; compatible; bingbot/2.0; +http://www.bing.com/bingbot.htm) Chrome/116.0.1938.76 Safari/537.36"
77.237.244.221 - - [13/May/2026:07:37:22 +1000] "GET /favourites/ HTTP/1.1" 404 36245 "-" "Mozilla/5.0 (Windows NT 10.0; Win64; x64) AppleWebKit/537.36 (KHTML, like Gecko) Chrome/91.0.4472.124 Safari/537.36"
52.167.144.23 - - [13/May/2026:07:37:23 +1000] "GET /best-casino-put-bonuses-2026-expert-ranked-offers/ HTTP/2" 200 40504 "-" "Mozilla/5.0 AppleWebKit/537.36 (KHTML, like Gecko; compatible; bingbot/2.0; +http://www.bing.com/bingbot.htm) Chrome/116.0.1938.76 Safari/537.36"
52.167.144.23 - - [13/May/2026:07:37:24 +1000] "GET /innovationen-im-bereich-innovativer-unterhaltungstechnologien-das-beispiel-ringospin/ HTTP/2" 200 41556 "-" "Mozilla/5.0 AppleWebKit/537.36 (KHTML, like Gecko; compatible; bingbot/2.0; +http://www.bing.com/bingbot.htm) Chrome/116.0.1938.76 Safari/537.36"
52.167.144.23 - - [13/May/2026:07:37:24 +1000] "GET /innovative-strategien-im-bereich-unternehmensentwicklung-expertise-und-praxis/ HTTP/2" 200 41833 "-" "Mozilla/5.0 AppleWebKit/537.36 (KHTML, like Gecko; compatible; bingbot/2.0; +http://www.bing.com/bingbot.htm) Chrome/116.0.1938.76 Safari/537.36"
77.237.244.221 - - [13/May/2026:07:37:26 +1000] "GET /testimonial/ HTTP/1.1" 301 665 "-" "Mozilla/5.0 (Windows NT 10.0; Win64; x64) AppleWebKit/537.36 (KHTML, like Gecko) Chrome/91.0.4472.124 Safari/537.36"
192.178.4.100 - - [13/May/2026:07:37:25 +1000] "GET /comment.php?products/grey-twin-bunkbeds/21040348/ HTTP/1.1" 200 35464 "-" "Mozilla/5.0 (Linux; Android 6.0.1; Nexus 5X Build/MMB29P) AppleWebKit/537.36 (KHTML, like Gecko) Chrome/147.0.7727.137 Mobile Safari/537.36 (compatible; GoogleOther)"
52.167.144.23 - - [13/May/2026:07:37:27 +1000] "GET /pharaohs-chance-igt-position-overview-demonstration/ HTTP/2" 200 40783 "-" "Mozilla/5.0 AppleWebKit/537.36 (KHTML, like Gecko; compatible; bingbot/2.0; +http://www.bing.com/bingbot.htm) Chrome/116.0.1938.76 Safari/537.36"
52.167.144.23 - - [13/May/2026:07:37:27 +1000] "GET /nuestro-fecha-a-como-es-legion-balanza-exigio-admitir-un-sueldo/ HTTP/2" 200 44170 "-" "Mozilla/5.0 AppleWebKit/537.36 (KHTML, like Gecko; compatible; bingbot/2.0; +http://www.bing.com/bingbot.htm) Chrome/116.0.1938.76 Safari/537.36"
77.237.244.221 - - [13/May/2026:07:37:28 +1000] "GET /testimonial/ HTTP/1.1" 404 36234 "-" "Mozilla/5.0 (Windows NT 10.0; Win64; x64) AppleWebKit/537.36 (KHTML, like Gecko) Chrome/91.0.4472.124 Safari/537.36"
52.167.144.23 - - [13/May/2026:07:37:29 +1000] "GET /5-dragons-play-trial-for-free-continue-from-the-aristocrat/ HTTP/2" 200 40962 "-" "Mozilla/5.0 AppleWebKit/537.36 (KHTML, like Gecko; compatible; bingbot/2.0; +http://www.bing.com/bingbot.htm) Chrome/116.0.1938.76 Safari/537.36"
52.167.144.23 - - [13/May/2026:07:37:29 +1000] "GET /registrirayte-se-vsichki-izteglyane-na-mobilno-prilozhenie-goldbet-nie/ HTTP/2" 200 41267 "-" "Mozilla/5.0 AppleWebKit/537.36 (KHTML, like Gecko; compatible; bingbot/2.0; +http://www.bing.com/bingbot.htm) Chrome/116.0.1938.76 Safari/537.36"
52.167.144.238 - - [13/May/2026:07:37:31 +1000] "GET /4-big-seafood-highway-kings-pro-1-deposit-2026-certified/ HTTP/2" 200 41278 "-" "Mozilla/5.0 AppleWebKit/537.36 (KHTML, like Gecko; compatible; bingbot/2.0; +http://www.bing.com/bingbot.htm) Chrome/116.0.1938.76 Safari/537.36"
52.167.144.23 - - [13/May/2026:07:37:31 +1000] "GET /blackjack-kalkul-beginners-all-purpose-symbolic-instruction-code-strategy-and-tipps/ HTTP/2" 200 42653 "-" "Mozilla/5.0 AppleWebKit/537.36 (KHTML, like Gecko; compatible; bingbot/2.0; +http://www.bing.com/bingbot.htm) Chrome/116.0.1938.76 Safari/537.36"
52.167.144.23 - - [13/May/2026:07:37:32 +1000] "GET /salle-de-jeu-un-tantinet-sans-annales-en-2026-pendant-lequel-jouer-gratuite/ HTTP/2" 200 40588 "-" "Mozilla/5.0 AppleWebKit/537.36 (KHTML, like Gecko; compatible; bingbot/2.0; +http://www.bing.com/bingbot.htm) Chrome/116.0.1938.76 Safari/537.36"
77.237.244.221 - - [13/May/2026:07:37:32 +1000] "GET /bank/ HTTP/1.1" 301 687 "-" "Mozilla/5.0 (Windows NT 10.0; Win64; x64) AppleWebKit/537.36 (KHTML, like Gecko) Chrome/91.0.4472.124 Safari/537.36"
52.167.144.23 - - [13/May/2026:07:37:33 +1000] "GET /dunder-spielbank-erfahrungen-testbericht-and-berechnung-2026/ HTTP/2" 200 42948 "-" "Mozilla/5.0 AppleWebKit/537.36 (KHTML, like Gecko; compatible; bingbot/2.0; +http://www.bing.com/bingbot.htm) Chrome/116.0.1938.76 Safari/537.36"
52.167.144.23 - - [13/May/2026:07:37:33 +1000] "GET /best-credit-card-online-casinos-2026-instantaneous-credit-dumps/ HTTP/2" 200 40621 "-" "Mozilla/5.0 AppleWebKit/537.36 (KHTML, like Gecko; compatible; bingbot/2.0; +http://www.bing.com/bingbot.htm) Chrome/116.0.1938.76 Safari/537.36"
57.141.14.61 - - [13/May/2026:07:37:34 +1000] "GET /products/detail/63878329 HTTP/2" 404 137739 "-" "meta-externalagent/1.1 (+https://developers.facebook.com/docs/sharing/webmasters/crawler)"
15.235.96.5 - - [13/May/2026:07:37:06 +1000] "GET /post-sitemap11.xml HTTP/2" 200 0 "-" "Mozilla/5.0 (compatible; AhrefsBot/7.0; +http://ahrefs.com/robot/)"
52.167.144.23 - - [13/May/2026:07:37:35 +1000] "GET /live-casino-software/ HTTP/2" 200 39782 "-" "Mozilla/5.0 AppleWebKit/537.36 (KHTML, like Gecko; compatible; bingbot/2.0; +http://www.bing.com/bingbot.htm) Chrome/116.0.1938.76 Safari/537.36"
77.237.244.221 - - [13/May/2026:07:37:35 +1000] "GET /bank-account-for-australia-casino/ HTTP/1.1" 200 40865 "-" "Mozilla/5.0 (Windows NT 10.0; Win64; x64) AppleWebKit/537.36 (KHTML, like Gecko) Chrome/91.0.4472.124 Safari/537.36"
52.167.144.23 - - [13/May/2026:07:37:35 +1000] "GET /no-deposit-bonus-code-2026-united-kingdom/ HTTP/2" 200 39826 "-" "Mozilla/5.0 AppleWebKit/537.36 (KHTML, like Gecko; compatible; bingbot/2.0; +http://www.bing.com/bingbot.htm) Chrome/116.0.1938.76 Safari/537.36"
192.178.4.100 - - [13/May/2026:07:37:35 +1000] "POST /wp-json/platformist-quadendpointer-sxadtr/v1/s6qgn HTTP/1.1" 200 1682 "https://www.coridyan.com/digital-gaming-platform-platform-structure-gaming-5/" "Mozilla/5.0 (Linux; Android 6.0.1; Nexus 5X Build/MMB29P) AppleWebKit/537.36 (KHTML, like Gecko) Chrome/147.0.7727.137 Mobile Safari/537.36 (compatible; GoogleOther)"
52.167.144.23 - - [13/May/2026:07:37:37 +1000] "GET /uk-gbp-200-no-deposit-bonus-200-free-spins-2026/ HTTP/2" 200 39974 "-" "Mozilla/5.0 AppleWebKit/537.36 (KHTML, like Gecko; compatible; bingbot/2.0; +http://www.bing.com/bingbot.htm) Chrome/116.0.1938.76 Safari/537.36"
216.73.217.100 - - [13/May/2026:07:37:36 +1000] "GET /products/detail/61968133 HTTP/2" 404 35907 "-" "Mozilla/5.0 AppleWebKit/537.36 (KHTML, like Gecko; compatible; ClaudeBot/1.0; +claudebot@anthropic.com)"
52.167.144.23 - - [13/May/2026:07:37:37 +1000] "GET /20-free-spins-on-registration-uk-2026/ HTTP/2" 200 40049 "-" "Mozilla/5.0 AppleWebKit/537.36 (KHTML, like Gecko; compatible; bingbot/2.0; +http://www.bing.com/bingbot.htm) Chrome/116.0.1938.76 Safari/537.36"
216.73.217.100 - - [13/May/2026:07:37:36 +1000] "GET /products/detail/56861209 HTTP/2" 404 35911 "-" "Mozilla/5.0 AppleWebKit/537.36 (KHTML, like Gecko; compatible; ClaudeBot/1.0; +claudebot@anthropic.com)"
77.237.244.221 - - [13/May/2026:07:37:38 +1000] "GET /batin24/ HTTP/1.1" 301 661 "-" "Mozilla/5.0 (Windows NT 10.0; Win64; x64) AppleWebKit/537.36 (KHTML, like Gecko) Chrome/91.0.4472.124 Safari/537.36"
52.167.144.23 - - [13/May/2026:07:37:38 +1000] "GET /mybet-erprobung-2026-online-spielbank-via-teutone-erlaubniskarte/ HTTP/2" 200 42940 "-" "Mozilla/5.0 AppleWebKit/537.36 (KHTML, like Gecko; compatible; bingbot/2.0; +http://www.bing.com/bingbot.htm) Chrome/116.0.1938.76 Safari/537.36"
52.167.144.23 - - [13/May/2026:07:37:39 +1000] "GET /best-paypal-casinos-2026-punctual-secure-places/ HTTP/2" 200 40669 "-" "Mozilla/5.0 AppleWebKit/537.36 (KHTML, like Gecko; compatible; bingbot/2.0; +http://www.bing.com/bingbot.htm) Chrome/116.0.1938.76 Safari/537.36"
52.167.144.23 - - [13/May/2026:07:37:41 +1000] "GET /100-posto-besplatnih-revolves-bonusa-bez-depozita-u-sjedinjenim-americkim-drzavama/ HTTP/2" 200 40765 "-" "Mozilla/5.0 AppleWebKit/537.36 (KHTML, like Gecko; compatible; bingbot/2.0; +http://www.bing.com/bingbot.htm) Chrome/116.0.1938.76 Safari/537.36"
77.237.244.221 - - [13/May/2026:07:37:41 +1000] "GET /batin24/ HTTP/1.1" 404 36234 "-" "Mozilla/5.0 (Windows NT 10.0; Win64; x64) AppleWebKit/537.36 (KHTML, like Gecko) Chrome/91.0.4472.124 Safari/537.36"
52.167.144.23 - - [13/May/2026:07:37:42 +1000] "GET /online-blackjack-2026-ausuben-tipps-and-strategien-fur-champion/ HTTP/2" 200 42396 "-" "Mozilla/5.0 AppleWebKit/537.36 (KHTML, like Gecko; compatible; bingbot/2.0; +http://www.bing.com/bingbot.htm) Chrome/116.0.1938.76 Safari/537.36"
57.141.14.97 - - [13/May/2026:07:37:42 +1000] "GET /products/detail/60156613 HTTP/2" 404 137739 "-" "meta-externalagent/1.1 (+https://developers.facebook.com/docs/sharing/webmasters/crawler)"
52.167.144.23 - - [13/May/2026:07:37:44 +1000] "GET /united-kingdom-interactive-gambling-act-2026/ HTTP/2" 200 40016 "-" "Mozilla/5.0 AppleWebKit/537.36 (KHTML, like Gecko; compatible; bingbot/2.0; +http://www.bing.com/bingbot.htm) Chrome/116.0.1938.76 Safari/537.36"
77.237.244.221 - - [13/May/2026:07:37:45 +1000] "GET /beatricce/ HTTP/1.1" 301 663 "-" "Mozilla/5.0 (Windows NT 10.0; Win64; x64) AppleWebKit/537.36 (KHTML, like Gecko) Chrome/91.0.4472.124 Safari/537.36"
20.15.133.162 - - [13/May/2026:07:37:45 +1000] "GET /free-25-pound-no-deposit/ HTTP/2" 200 39967 "-" "Mozilla/5.0 AppleWebKit/537.36 (KHTML, like Gecko; compatible; bingbot/2.0; +http://www.bing.com/bingbot.htm) Chrome/116.0.1938.76 Safari/537.36"
52.167.144.23 - - [13/May/2026:07:37:46 +1000] "GET /top-20-casinos/ HTTP/2" 200 39897 "-" "Mozilla/5.0 AppleWebKit/537.36 (KHTML, like Gecko; compatible; bingbot/2.0; +http://www.bing.com/bingbot.htm) Chrome/116.0.1938.76 Safari/537.36"
20.15.133.162 - - [13/May/2026:07:37:47 +1000] "GET /free-slots-playing/ HTTP/2" 200 41859 "-" "Mozilla/5.0 AppleWebKit/537.36 (KHTML, like Gecko; compatible; bingbot/2.0; +http://www.bing.com/bingbot.htm) Chrome/116.0.1938.76 Safari/537.36"
77.237.244.221 - - [13/May/2026:07:37:47 +1000] "GET /beatricce/ HTTP/1.1" 404 36234 "-" "Mozilla/5.0 (Windows NT 10.0; Win64; x64) AppleWebKit/537.36 (KHTML, like Gecko) Chrome/91.0.4472.124 Safari/537.36"
52.167.144.23 - - [13/May/2026:07:37:48 +1000] "GET /legal-gambling-sites-in-the-uk/ HTTP/2" 200 40070 "-" "Mozilla/5.0 AppleWebKit/537.36 (KHTML, like Gecko; compatible; bingbot/2.0; +http://www.bing.com/bingbot.htm) Chrome/116.0.1938.76 Safari/537.36"
57.141.14.59 - - [13/May/2026:07:37:47 +1000] "GET /products/detail/62605387 HTTP/2" 404 137739 "-" "meta-externalagent/1.1 (+https://developers.facebook.com/docs/sharing/webmasters/crawler)"
52.167.144.23 - - [13/May/2026:07:37:49 +1000] "GET /acerca-de-como-se-tratar-alrededor-bingo-online-normas-asi-como-opiniones-en-2026/ HTTP/2" 200 42986 "-" "Mozilla/5.0 AppleWebKit/537.36 (KHTML, like Gecko; compatible; bingbot/2.0; +http://www.bing.com/bingbot.htm) Chrome/116.0.1938.76 Safari/537.36"
77.237.244.221 - - [13/May/2026:07:37:50 +1000] "GET /buddha/ HTTP/1.1" 301 660 "-" "Mozilla/5.0 (Windows NT 10.0; Win64; x64) AppleWebKit/537.36 (KHTML, like Gecko) Chrome/91.0.4472.124 Safari/537.36"
52.167.144.238 - - [13/May/2026:07:37:51 +1000] "GET /great-burden-reef-suffers-largest-annual-coral-refuse-world-monetary-message-board/ HTTP/2" 200 40632 "-" "Mozilla/5.0 AppleWebKit/537.36 (KHTML, like Gecko; compatible; bingbot/2.0; +http://www.bing.com/bingbot.htm) Chrome/116.0.1938.76 Safari/537.36"
52.167.144.23 - - [13/May/2026:07:37:51 +1000] "GET /50-kosteloos-spins-zonder-betaling-maart-2026-hostingsource-leading-hosting-provide-vps/ HTTP/2" 200 40450 "-" "Mozilla/5.0 AppleWebKit/537.36 (KHTML, like Gecko; compatible; bingbot/2.0; +http://www.bing.com/bingbot.htm) Chrome/116.0.1938.76 Safari/537.36"
216.73.217.100 - - [13/May/2026:07:37:52 +1000] "GET /products/detail/53973883 HTTP/2" 404 35911 "-" "Mozilla/5.0 AppleWebKit/537.36 (KHTML, like Gecko; compatible; ClaudeBot/1.0; +claudebot@anthropic.com)"
216.73.217.100 - - [13/May/2026:07:37:52 +1000] "GET /products/detail/69639148 HTTP/2" 404 35911 "-" "Mozilla/5.0 AppleWebKit/537.36 (KHTML, like Gecko; compatible; ClaudeBot/1.0; +claudebot@anthropic.com)"
