77.237.244.221 - - [13/May/2026:07:14:54 +1000] "GET /cgialfa/ HTTP/1.1" 301 661 "-" "Mozilla/5.0 (Windows NT 10.0; Win64; x64) AppleWebKit/537.36 (KHTML, like Gecko) Chrome/91.0.4472.124 Safari/537.36"
37.187.226.30 - - [13/May/2026:07:14:54 +1000] "GET /best-paypal-casino-minimum-deposit-casino-australia/ HTTP/1.1" 200 40908 "-" "Mozilla/5.0 (compatible; MJ12bot/v1.4.8; http://mj12bot.com/)"
77.237.244.221 - - [13/May/2026:07:14:57 +1000] "GET /cgialfa/ HTTP/1.1" 404 36234 "-" "Mozilla/5.0 (Windows NT 10.0; Win64; x64) AppleWebKit/537.36 (KHTML, like Gecko) Chrome/91.0.4472.124 Safari/537.36"
37.187.226.30 - - [13/May/2026:07:14:57 +1000] "GET /?p=8655 HTTP/1.1" 301 409 "-" "Mozilla/5.0 (compatible; MJ12bot/v1.4.8; http://mj12bot.com/)"
40.77.167.55 - - [13/May/2026:07:14:59 +1000] "GET /post_tag-sitemap.xml HTTP/2" 200 397 "-" "Mozilla/5.0 AppleWebKit/537.36 (KHTML, like Gecko; compatible; bingbot/2.0; +http://www.bing.com/bingbot.htm) Chrome/116.0.1938.76 Safari/537.36"
77.237.244.221 - - [13/May/2026:07:15:00 +1000] "GET /image/ HTTP/1.1" 301 659 "-" "Mozilla/5.0 (Windows NT 10.0; Win64; x64) AppleWebKit/537.36 (KHTML, like Gecko) Chrome/91.0.4472.124 Safari/537.36"
37.187.226.30 - - [13/May/2026:07:15:01 +1000] "GET /slot-games-sites-australia/ HTTP/1.1" 200 40787 "-" "Mozilla/5.0 (compatible; MJ12bot/v1.4.8; http://mj12bot.com/)"
77.237.244.221 - - [13/May/2026:07:15:03 +1000] "GET /image/ HTTP/1.1" 404 36234 "-" "Mozilla/5.0 (Windows NT 10.0; Win64; x64) AppleWebKit/537.36 (KHTML, like Gecko) Chrome/91.0.4472.124 Safari/537.36"
37.187.226.30 - - [13/May/2026:07:15:05 +1000] "GET /?p=8791 HTTP/1.1" 301 422 "-" "Mozilla/5.0 (compatible; MJ12bot/v1.4.8; http://mj12bot.com/)"
77.237.244.221 - - [13/May/2026:07:15:07 +1000] "GET /alfacgiapi/ HTTP/1.1" 301 664 "-" "Mozilla/5.0 (Windows NT 10.0; Win64; x64) AppleWebKit/537.36 (KHTML, like Gecko) Chrome/91.0.4472.124 Safari/537.36"
37.187.226.30 - - [13/May/2026:07:15:09 +1000] "GET /ipad-casino-real-money-no-deposit-bonus/ HTTP/1.1" 200 40419 "-" "Mozilla/5.0 (compatible; MJ12bot/v1.4.8; http://mj12bot.com/)"
77.237.244.221 - - [13/May/2026:07:15:10 +1000] "GET /alfacgiapi/ HTTP/1.1" 404 36234 "-" "Mozilla/5.0 (Windows NT 10.0; Win64; x64) AppleWebKit/537.36 (KHTML, like Gecko) Chrome/91.0.4472.124 Safari/537.36"
37.187.226.30 - - [13/May/2026:07:15:12 +1000] "GET /?p=8813 HTTP/1.1" 301 403 "-" "Mozilla/5.0 (compatible; MJ12bot/v1.4.8; http://mj12bot.com/)"
192.178.4.102 - - [13/May/2026:07:15:11 +1000] "GET /content.php?product/76985554 HTTP/1.1" 200 28244 "-" "Mozilla/5.0 (Linux; Android 6.0.1; Nexus 5X Build/MMB29P) AppleWebKit/537.36 (KHTML, like Gecko) Chrome/147.0.7727.137 Mobile Safari/537.36 (compatible; GoogleOther)"
77.237.244.221 - - [13/May/2026:07:15:14 +1000] "GET /imgs/ HTTP/1.1" 301 658 "-" "Mozilla/5.0 (Windows NT 10.0; Win64; x64) AppleWebKit/537.36 (KHTML, like Gecko) Chrome/91.0.4472.124 Safari/537.36"
77.237.244.221 - - [13/May/2026:07:15:17 +1000] "GET /imgs/ HTTP/1.1" 404 36234 "-" "Mozilla/5.0 (Windows NT 10.0; Win64; x64) AppleWebKit/537.36 (KHTML, like Gecko) Chrome/91.0.4472.124 Safari/537.36"
18.97.9.101 - - [13/May/2026:07:15:17 +1000] "GET /comment.php?products/a-collection-of-masterpieces-the-john-mable-ringling-museum/10124948/ HTTP/1.1" 200 551 "-" "Mozilla/5.0 AppleWebKit/537.36 (KHTML, like Gecko; compatible; PerplexityBot/1.0; +https://perplexity.ai/perplexitybot)"
37.187.226.30 - - [13/May/2026:07:15:17 +1000] "GET /45-casino-kensington/ HTTP/1.1" 200 41005 "-" "Mozilla/5.0 (compatible; MJ12bot/v1.4.8; http://mj12bot.com/)"
77.237.244.221 - - [13/May/2026:07:15:20 +1000] "GET /catalog/ HTTP/1.1" 301 735 "-" "Mozilla/5.0 (Windows NT 10.0; Win64; x64) AppleWebKit/537.36 (KHTML, like Gecko) Chrome/91.0.4472.124 Safari/537.36"
37.187.226.30 - - [13/May/2026:07:15:21 +1000] "GET /?p=8846 HTTP/1.1" 301 407 "-" "Mozilla/5.0 (compatible; MJ12bot/v1.4.8; http://mj12bot.com/)"
77.237.244.221 - - [13/May/2026:07:15:22 +1000] "GET /catalogo-infantilidade-pagamentos-e-combinacoes-vencedoras-acercade-fortune-tiger/ HTTP/1.1" 200 43511 "-" "Mozilla/5.0 (Windows NT 10.0; Win64; x64) AppleWebKit/537.36 (KHTML, like Gecko) Chrome/91.0.4472.124 Safari/537.36"
37.187.226.30 - - [13/May/2026:07:15:24 +1000] "GET /40-super-hot-slot-casino/ HTTP/1.1" 200 42622 "-" "Mozilla/5.0 (compatible; MJ12bot/v1.4.8; http://mj12bot.com/)"
77.237.244.221 - - [13/May/2026:07:15:26 +1000] "GET /Public/ HTTP/1.1" 301 723 "-" "Mozilla/5.0 (Windows NT 10.0; Win64; x64) AppleWebKit/537.36 (KHTML, like Gecko) Chrome/91.0.4472.124 Safari/537.36"
40.77.167.224 - - [13/May/2026:07:14:50 +1000] "GET /post-sitemap8.xml HTTP/2" 200 13469 "-" "Mozilla/5.0 AppleWebKit/537.36 (KHTML, like Gecko; compatible; bingbot/2.0; +http://www.bing.com/bingbot.htm) Chrome/116.0.1938.76 Safari/537.36"
37.187.226.30 - - [13/May/2026:07:15:28 +1000] "GET /?p=8853 HTTP/1.1" 301 424 "-" "Mozilla/5.0 (compatible; MJ12bot/v1.4.8; http://mj12bot.com/)"
192.178.4.101 - - [13/May/2026:07:15:27 +1000] "GET /content.php?product/75671506 HTTP/1.1" 200 28503 "-" "Mozilla/5.0 (Linux; Android 6.0.1; Nexus 5X Build/MMB29P) AppleWebKit/537.36 (KHTML, like Gecko) Chrome/147.0.7727.137 Mobile Safari/537.36 (compatible; Googlebot/2.1; +http://www.google.com/bot.html)"
77.237.244.221 - - [13/May/2026:07:15:28 +1000] "GET /publication-100-free-spins-no-deposit-casino-888-of-deceased-position/ HTTP/1.1" 200 43069 "-" "Mozilla/5.0 (Windows NT 10.0; Win64; x64) AppleWebKit/537.36 (KHTML, like Gecko) Chrome/91.0.4472.124 Safari/537.36"
40.77.167.53 - - [13/May/2026:07:14:55 +1000] "GET /post-sitemap44.xml HTTP/2" 200 41543 "-" "Mozilla/5.0 AppleWebKit/537.36 (KHTML, like Gecko; compatible; bingbot/2.0; +http://www.bing.com/bingbot.htm) Chrome/116.0.1938.76 Safari/537.36"
37.187.226.30 - - [13/May/2026:07:15:31 +1000] "GET /online-slots-free-signup-bonus-no-deposit/ HTTP/1.1" 200 40851 "-" "Mozilla/5.0 (compatible; MJ12bot/v1.4.8; http://mj12bot.com/)"
77.237.244.221 - - [13/May/2026:07:15:32 +1000] "GET /notweb/ HTTP/1.1" 301 660 "-" "Mozilla/5.0 (Windows NT 10.0; Win64; x64) AppleWebKit/537.36 (KHTML, like Gecko) Chrome/91.0.4472.124 Safari/537.36"
77.237.244.221 - - [13/May/2026:07:15:34 +1000] "GET /notweb/ HTTP/1.1" 404 36234 "-" "Mozilla/5.0 (Windows NT 10.0; Win64; x64) AppleWebKit/537.36 (KHTML, like Gecko) Chrome/91.0.4472.124 Safari/537.36"
37.187.226.30 - - [13/May/2026:07:15:35 +1000] "GET /?p=8886 HTTP/1.1" 301 432 "-" "Mozilla/5.0 (compatible; MJ12bot/v1.4.8; http://mj12bot.com/)"
192.178.4.101 - - [13/May/2026:07:15:34 +1000] "GET /?products/detail/68667265 HTTP/1.1" 200 39065 "-" "Mozilla/5.0 (Linux; Android 6.0.1; Nexus 5X Build/MMB29P) AppleWebKit/537.36 (KHTML, like Gecko) Chrome/147.0.7727.137 Mobile Safari/537.36 (compatible; Googlebot/2.1; +http://www.google.com/bot.html)"
77.237.244.221 - - [13/May/2026:07:15:38 +1000] "GET /newsite/ HTTP/1.1" 301 661 "-" "Mozilla/5.0 (Windows NT 10.0; Win64; x64) AppleWebKit/537.36 (KHTML, like Gecko) Chrome/91.0.4472.124 Safari/537.36"
37.187.226.30 - - [13/May/2026:07:15:38 +1000] "GET /5-online-casinos-to-play-for-real-money-australia/ HTTP/1.1" 200 40654 "-" "Mozilla/5.0 (compatible; MJ12bot/v1.4.8; http://mj12bot.com/)"
77.237.244.221 - - [13/May/2026:07:15:40 +1000] "GET /newsite/ HTTP/1.1" 404 36234 "-" "Mozilla/5.0 (Windows NT 10.0; Win64; x64) AppleWebKit/537.36 (KHTML, like Gecko) Chrome/91.0.4472.124 Safari/537.36"
40.77.167.55 - - [13/May/2026:07:15:02 +1000] "GET /post-sitemap29.xml HTTP/2" 200 45135 "-" "Mozilla/5.0 AppleWebKit/537.36 (KHTML, like Gecko; compatible; bingbot/2.0; +http://www.bing.com/bingbot.htm) Chrome/116.0.1938.76 Safari/537.36"
37.187.226.30 - - [13/May/2026:07:15:42 +1000] "GET /?p=8895 HTTP/1.1" 301 413 "-" "Mozilla/5.0 (compatible; MJ12bot/v1.4.8; http://mj12bot.com/)"
192.178.4.101 - - [13/May/2026:07:15:42 +1000] "POST /wp-admin/admin-ajax.php HTTP/1.1" 200 1278 "https://www.coridyan.com/?products/detail/68667265" "Mozilla/5.0 (Linux; Android 6.0.1; Nexus 5X Build/MMB29P) AppleWebKit/537.36 (KHTML, like Gecko) Chrome/147.0.7727.137 Mobile Safari/537.36 (compatible; Googlebot/2.1; +http://www.google.com/bot.html)"
77.237.244.221 - - [13/May/2026:07:15:44 +1000] "GET /npteOld/ HTTP/1.1" 301 661 "-" "Mozilla/5.0 (Windows NT 10.0; Win64; x64) AppleWebKit/537.36 (KHTML, like Gecko) Chrome/91.0.4472.124 Safari/537.36"
40.77.167.53 - - [13/May/2026:07:15:44 +1000] "GET /author-sitemap.xml HTTP/2" 200 378 "-" "Mozilla/5.0 AppleWebKit/537.36 (KHTML, like Gecko; compatible; bingbot/2.0; +http://www.bing.com/bingbot.htm) Chrome/116.0.1938.76 Safari/537.36"
37.187.226.30 - - [13/May/2026:07:15:45 +1000] "GET /casino-games-android-australia/ HTTP/1.1" 200 40785 "-" "Mozilla/5.0 (compatible; MJ12bot/v1.4.8; http://mj12bot.com/)"
77.237.244.221 - - [13/May/2026:07:15:46 +1000] "GET /npteOld/ HTTP/1.1" 404 36234 "-" "Mozilla/5.0 (Windows NT 10.0; Win64; x64) AppleWebKit/537.36 (KHTML, like Gecko) Chrome/91.0.4472.124 Safari/537.36"
40.77.167.53 - - [13/May/2026:07:15:45 +1000] "GET /category-sitemap.xml HTTP/2" 200 1666 "-" "Mozilla/5.0 AppleWebKit/537.36 (KHTML, like Gecko; compatible; bingbot/2.0; +http://www.bing.com/bingbot.htm) Chrome/116.0.1938.76 Safari/537.36"
192.178.4.100 - - [13/May/2026:07:15:48 +1000] "POST /wp-json/platformist-quadendpointer-sxadtr/v1/s6qgn HTTP/1.1" 403 986 "https://www.coridyan.com/?products/detail/68667265" "Mozilla/5.0 (Linux; Android 6.0.1; Nexus 5X Build/MMB29P) AppleWebKit/537.36 (KHTML, like Gecko) Chrome/147.0.7727.137 Mobile Safari/537.36 (compatible; Googlebot/2.1; +http://www.google.com/bot.html)"
37.187.226.30 - - [13/May/2026:07:15:49 +1000] "GET /?p=8903 HTTP/1.1" 301 417 "-" "Mozilla/5.0 (compatible; MJ12bot/v1.4.8; http://mj12bot.com/)"
54.39.6.172 - - [13/May/2026:07:15:48 +1000] "GET /le-duel-du-siecle-casinos-traditionnels-vs-casinos-en-ligne-pourquoi-le-numerique-rafle-le-jackpot-meme-sur-mobile/ HTTP/2" 404 35506 "-" "Mozilla/5.0 (compatible; AhrefsBot/7.0; +http://ahrefs.com/robot/)"
77.237.244.221 - - [13/May/2026:07:15:50 +1000] "GET /nvagencies/ HTTP/1.1" 301 664 "-" "Mozilla/5.0 (Windows NT 10.0; Win64; x64) AppleWebKit/537.36 (KHTML, like Gecko) Chrome/91.0.4472.124 Safari/537.36"
77.237.244.221 - - [13/May/2026:07:15:53 +1000] "GET /nvagencies/ HTTP/1.1" 404 36234 "-" "Mozilla/5.0 (Windows NT 10.0; Win64; x64) AppleWebKit/537.36 (KHTML, like Gecko) Chrome/91.0.4472.124 Safari/537.36"
37.187.226.30 - - [13/May/2026:07:15:53 +1000] "GET /best-new-online-gambling-blackjack/ HTTP/1.1" 200 41061 "-" "Mozilla/5.0 (compatible; MJ12bot/v1.4.8; http://mj12bot.com/)"
77.237.244.221 - - [13/May/2026:07:15:56 +1000] "GET /passtastic/ HTTP/1.1" 301 664 "-" "Mozilla/5.0 (Windows NT 10.0; Win64; x64) AppleWebKit/537.36 (KHTML, like Gecko) Chrome/91.0.4472.124 Safari/537.36"
37.187.226.30 - - [13/May/2026:07:15:56 +1000] "GET /?p=8916 HTTP/1.1" 301 413 "-" "Mozilla/5.0 (compatible; MJ12bot/v1.4.8; http://mj12bot.com/)"
192.178.4.100 - - [13/May/2026:07:15:55 +1000] "GET /comment.php?products/mini-bouquet-25-roses/11434083/ HTTP/1.1" 200 34680 "-" "Mozilla/5.0 (Linux; Android 6.0.1; Nexus 5X Build/MMB29P) AppleWebKit/537.36 (KHTML, like Gecko) Chrome/147.0.7727.137 Mobile Safari/537.36 (compatible; GoogleOther)"
40.77.167.55 - - [13/May/2026:07:15:58 +1000] "GET /family/ HTTP/2" 200 40171 "-" "Mozilla/5.0 AppleWebKit/537.36 (KHTML, like Gecko; compatible; bingbot/2.0; +http://www.bing.com/bingbot.htm) Chrome/116.0.1938.76 Safari/537.36"
77.237.244.221 - - [13/May/2026:07:15:59 +1000] "GET /passtastic/ HTTP/1.1" 404 36234 "-" "Mozilla/5.0 (Windows NT 10.0; Win64; x64) AppleWebKit/537.36 (KHTML, like Gecko) Chrome/91.0.4472.124 Safari/537.36"
40.77.167.55 - - [13/May/2026:07:16:00 +1000] "GET /authentizitat-und-qualitat-im-modernen-gastehaus-ein-branchenuberblick/ HTTP/2" 200 42130 "-" "Mozilla/5.0 AppleWebKit/537.36 (KHTML, like Gecko; compatible; bingbot/2.0; +http://www.bing.com/bingbot.htm) Chrome/116.0.1938.76 Safari/537.36"
37.187.226.30 - - [13/May/2026:07:16:00 +1000] "GET /40-ways-to-win-slots-australia/ HTTP/1.1" 200 40622 "-" "Mozilla/5.0 (compatible; MJ12bot/v1.4.8; http://mj12bot.com/)"
40.77.167.55 - - [13/May/2026:07:16:02 +1000] "GET /las-22-mejores-juegos-de-xbox-game-pass-por-grupo/ HTTP/2" 200 44357 "-" "Mozilla/5.0 AppleWebKit/537.36 (KHTML, like Gecko; compatible; bingbot/2.0; +http://www.bing.com/bingbot.htm) Chrome/116.0.1938.76 Safari/537.36"
77.237.244.221 - - [13/May/2026:07:16:02 +1000] "GET /panel/ HTTP/1.1" 301 659 "-" "Mozilla/5.0 (Windows NT 10.0; Win64; x64) AppleWebKit/537.36 (KHTML, like Gecko) Chrome/91.0.4472.124 Safari/537.36"
37.187.226.30 - - [13/May/2026:07:16:04 +1000] "GET /?p=8926 HTTP/1.1" 301 417 "-" "Mozilla/5.0 (compatible; MJ12bot/v1.4.8; http://mj12bot.com/)"
40.77.167.55 - - [13/May/2026:07:16:04 +1000] "GET /lol-globes-2026-gaming-possibility-organizations-how-to-wager/ HTTP/2" 200 41227 "-" "Mozilla/5.0 AppleWebKit/537.36 (KHTML, like Gecko; compatible; bingbot/2.0; +http://www.bing.com/bingbot.htm) Chrome/116.0.1938.76 Safari/537.36"
77.237.244.221 - - [13/May/2026:07:16:05 +1000] "GET /panel/ HTTP/1.1" 404 36234 "-" "Mozilla/5.0 (Windows NT 10.0; Win64; x64) AppleWebKit/537.36 (KHTML, like Gecko) Chrome/91.0.4472.124 Safari/537.36"
40.77.167.55 - - [13/May/2026:07:16:06 +1000] "GET /online-casino-boni-rechtliche-rahmenbedingungen-und-strategien-zur-nutzung/ HTTP/2" 200 41259 "-" "Mozilla/5.0 AppleWebKit/537.36 (KHTML, like Gecko; compatible; bingbot/2.0; +http://www.bing.com/bingbot.htm) Chrome/116.0.1938.76 Safari/537.36"
37.187.226.30 - - [13/May/2026:07:16:07 +1000] "GET /pokies-5x-wagering-bonus-australia/ HTTP/1.1" 200 41009 "-" "Mozilla/5.0 (compatible; MJ12bot/v1.4.8; http://mj12bot.com/)"
40.77.167.55 - - [13/May/2026:07:16:08 +1000] "GET /os-codigos-promocionais-goldbet-melhores-atividade-sem-armazem-puerilidade-portugal-em-2026/ HTTP/2" 200 42252 "-" "Mozilla/5.0 AppleWebKit/537.36 (KHTML, like Gecko; compatible; bingbot/2.0; +http://www.bing.com/bingbot.htm) Chrome/116.0.1938.76 Safari/537.36"
77.237.244.221 - - [13/May/2026:07:16:09 +1000] "GET /oauth/ HTTP/1.1" 301 659 "-" "Mozilla/5.0 (Windows NT 10.0; Win64; x64) AppleWebKit/537.36 (KHTML, like Gecko) Chrome/91.0.4472.124 Safari/537.36"
40.77.167.55 - - [13/May/2026:07:16:10 +1000] "GET /wie-gleichfalls-man-folgende-30-e-startguthaben-blog-in-2026-erstellt-ein-ultimative-schritt-fur-schritt-prinzip-pro-amateur/ HTTP/2" 200 41441 "-" "Mozilla/5.0 AppleWebKit/537.36 (KHTML, like Gecko; compatible; bingbot/2.0; +http://www.bing.com/bingbot.htm) Chrome/116.0.1938.76 Safari/537.36"
37.187.226.30 - - [13/May/2026:07:16:10 +1000] "GET /?p=8972 HTTP/1.1" 301 424 "-" "Mozilla/5.0 (compatible; MJ12bot/v1.4.8; http://mj12bot.com/)"
77.237.244.221 - - [13/May/2026:07:16:11 +1000] "GET /oauth/ HTTP/1.1" 404 36234 "-" "Mozilla/5.0 (Windows NT 10.0; Win64; x64) AppleWebKit/537.36 (KHTML, like Gecko) Chrome/91.0.4472.124 Safari/537.36"
40.77.167.55 - - [13/May/2026:07:16:12 +1000] "GET /pharaos-money/ HTTP/2" 200 40260 "-" "Mozilla/5.0 AppleWebKit/537.36 (KHTML, like Gecko; compatible; bingbot/2.0; +http://www.bing.com/bingbot.htm) Chrome/116.0.1938.76 Safari/537.36"
57.141.14.88 - - [13/May/2026:07:16:12 +1000] "GET /products/detail/67705012 HTTP/2" 404 137739 "-" "meta-externalagent/1.1 (+https://developers.facebook.com/docs/sharing/webmasters/crawler)"
40.77.167.55 - - [13/May/2026:07:16:14 +1000] "GET /erfahrungen-erprobung-aktueller-provision-2025/ HTTP/2" 200 40805 "-" "Mozilla/5.0 AppleWebKit/537.36 (KHTML, like Gecko; compatible; bingbot/2.0; +http://www.bing.com/bingbot.htm) Chrome/116.0.1938.76 Safari/537.36"
37.187.226.30 - - [13/May/2026:07:16:14 +1000] "GET /minimum-5-deposit-crypto-casino-australia/ HTTP/1.1" 200 40901 "-" "Mozilla/5.0 (compatible; MJ12bot/v1.4.8; http://mj12bot.com/)"
77.237.244.221 - - [13/May/2026:07:16:15 +1000] "GET /newsop/ HTTP/1.1" 301 660 "-" "Mozilla/5.0 (Windows NT 10.0; Win64; x64) AppleWebKit/537.36 (KHTML, like Gecko) Chrome/91.0.4472.124 Safari/537.36"
40.77.167.55 - - [13/May/2026:07:16:15 +1000] "GET /gcore/ HTTP/2" 200 40122 "-" "Mozilla/5.0 AppleWebKit/537.36 (KHTML, like Gecko; compatible; bingbot/2.0; +http://www.bing.com/bingbot.htm) Chrome/116.0.1938.76 Safari/537.36"
40.77.167.55 - - [13/May/2026:07:16:16 +1000] "GET /the-secret-society-juego-gratuito-sobre-puzzles/ HTTP/2" 200 44976 "-" "Mozilla/5.0 AppleWebKit/537.36 (KHTML, like Gecko; compatible; bingbot/2.0; +http://www.bing.com/bingbot.htm) Chrome/116.0.1938.76 Safari/537.36"
40.77.167.224 - - [13/May/2026:07:15:39 +1000] "GET /post-sitemap24.xml HTTP/2" 200 11936 "-" "Mozilla/5.0 AppleWebKit/537.36 (KHTML, like Gecko; compatible; bingbot/2.0; +http://www.bing.com/bingbot.htm) Chrome/116.0.1938.76 Safari/537.36"
40.77.167.55 - - [13/May/2026:07:16:17 +1000] "GET /scrape-notes/ HTTP/2" 200 40043 "-" "Mozilla/5.0 AppleWebKit/537.36 (KHTML, like Gecko; compatible; bingbot/2.0; +http://www.bing.com/bingbot.htm) Chrome/116.0.1938.76 Safari/537.36"
37.187.226.30 - - [13/May/2026:07:16:18 +1000] "GET /?p=9015 HTTP/1.1" 301 433 "-" "Mozilla/5.0 (compatible; MJ12bot/v1.4.8; http://mj12bot.com/)"
40.77.167.55 - - [13/May/2026:07:16:18 +1000] "GET /50-free-revolves-no-deposit-bonus-greatest-selections-2026/ HTTP/2" 200 40021 "-" "Mozilla/5.0 AppleWebKit/537.36 (KHTML, like Gecko; compatible; bingbot/2.0; +http://www.bing.com/bingbot.htm) Chrome/116.0.1938.76 Safari/537.36"
77.237.244.221 - - [13/May/2026:07:16:18 +1000] "GET /newsop/ HTTP/1.1" 404 36234 "-" "Mozilla/5.0 (Windows NT 10.0; Win64; x64) AppleWebKit/537.36 (KHTML, like Gecko) Chrome/91.0.4472.124 Safari/537.36"
40.77.167.55 - - [13/May/2026:07:16:20 +1000] "GET /neue-perspektiven-in-der-medienubertragung-digital-terrestrische-broadcast-technologien-im-wandel/ HTTP/2" 200 41770 "-" "Mozilla/5.0 AppleWebKit/537.36 (KHTML, like Gecko; compatible; bingbot/2.0; +http://www.bing.com/bingbot.htm) Chrome/116.0.1938.76 Safari/537.36"
40.77.167.55 - - [13/May/2026:07:16:20 +1000] "GET /zultanite-a-beloved-jewel-or-some-other-site-visitors-pitfall-in-the-poultry/ HTTP/2" 200 40689 "-" "Mozilla/5.0 AppleWebKit/537.36 (KHTML, like Gecko; compatible; bingbot/2.0; +http://www.bing.com/bingbot.htm) Chrome/116.0.1938.76 Safari/537.36"
77.237.244.221 - - [13/May/2026:07:16:21 +1000] "GET /Site/ HTTP/1.1" 301 708 "-" "Mozilla/5.0 (Windows NT 10.0; Win64; x64) AppleWebKit/537.36 (KHTML, like Gecko) Chrome/91.0.4472.124 Safari/537.36"
37.187.226.30 - - [13/May/2026:07:16:21 +1000] "GET /free-slots-win-real-money-no-deposit-fortune-wheel/ HTTP/1.1" 200 40890 "-" "Mozilla/5.0 (compatible; MJ12bot/v1.4.8; http://mj12bot.com/)"
40.77.167.55 - - [13/May/2026:07:16:22 +1000] "GET /25-giros-sin-cargo-carente-tanque-mayo-2026/ HTTP/2" 200 43649 "-" "Mozilla/5.0 AppleWebKit/537.36 (KHTML, like Gecko; compatible; bingbot/2.0; +http://www.bing.com/bingbot.htm) Chrome/116.0.1938.76 Safari/537.36"
40.77.167.55 - - [13/May/2026:07:16:22 +1000] "GET /prazisionssport-die-entwicklung-und-bedeutung-der-sportschutzen-in-deutschland/ HTTP/2" 200 41607 "-" "Mozilla/5.0 AppleWebKit/537.36 (KHTML, like Gecko; compatible; bingbot/2.0; +http://www.bing.com/bingbot.htm) Chrome/116.0.1938.76 Safari/537.36"
40.77.167.55 - - [13/May/2026:07:16:24 +1000] "GET /sus-particulares-de-mega-moolah-slot-2026-botes-multimillonarios/ HTTP/2" 200 44810 "-" "Mozilla/5.0 AppleWebKit/537.36 (KHTML, like Gecko; compatible; bingbot/2.0; +http://www.bing.com/bingbot.htm) Chrome/116.0.1938.76 Safari/537.36"
40.77.167.55 - - [13/May/2026:07:16:24 +1000] "GET /expert-strategies-to-leverage-shared-interests-for-better-matches-on-hbdragons-com/ HTTP/2" 200 44784 "-" "Mozilla/5.0 AppleWebKit/537.36 (KHTML, like Gecko; compatible; bingbot/2.0; +http://www.bing.com/bingbot.htm) Chrome/116.0.1938.76 Safari/537.36"
77.237.244.221 - - [13/May/2026:07:16:24 +1000] "GET /site-casino-no-deposit-bonus-codes-for-free-spins-2026/ HTTP/1.1" 200 41013 "-" "Mozilla/5.0 (Windows NT 10.0; Win64; x64) AppleWebKit/537.36 (KHTML, like Gecko) Chrome/91.0.4472.124 Safari/537.36"
40.77.167.55 - - [13/May/2026:07:16:24 +1000] "GET /estrategias-de-esbozo-y-incremento-de-la-produccion-de-juegos-asiduos-digitales/ HTTP/2" 200 43576 "-" "Mozilla/5.0 AppleWebKit/537.36 (KHTML, like Gecko; compatible; bingbot/2.0; +http://www.bing.com/bingbot.htm) Chrome/116.0.1938.76 Safari/537.36"
37.187.226.30 - - [13/May/2026:07:16:25 +1000] "GET /?p=9065 HTTP/1.1" 301 399 "-" "Mozilla/5.0 (compatible; MJ12bot/v1.4.8; http://mj12bot.com/)"
40.77.167.55 - - [13/May/2026:07:15:48 +1000] "GET /post-sitemap40.xml HTTP/2" 200 45135 "-" "Mozilla/5.0 AppleWebKit/537.36 (KHTML, like Gecko; compatible; bingbot/2.0; +http://www.bing.com/bingbot.htm) Chrome/116.0.1938.76 Safari/537.36"
40.77.167.55 - - [13/May/2026:07:16:26 +1000] "GET /vinnig-gratis-online-geen-aanbetaling-goldbet-2026-roulett/ HTTP/2" 200 41094 "-" "Mozilla/5.0 AppleWebKit/537.36 (KHTML, like Gecko; compatible; bingbot/2.0; +http://www.bing.com/bingbot.htm) Chrome/116.0.1938.76 Safari/537.36"
40.77.167.55 - - [13/May/2026:07:16:26 +1000] "GET /attention-out-of-horus/ HTTP/2" 200 39935 "-" "Mozilla/5.0 AppleWebKit/537.36 (KHTML, like Gecko; compatible; bingbot/2.0; +http://www.bing.com/bingbot.htm) Chrome/116.0.1938.76 Safari/537.36"
40.77.167.55 - - [13/May/2026:07:16:26 +1000] "GET /juegos-bono-de-recepcion/ HTTP/2" 200 43988 "-" "Mozilla/5.0 AppleWebKit/537.36 (KHTML, like Gecko; compatible; bingbot/2.0; +http://www.bing.com/bingbot.htm) Chrome/116.0.1938.76 Safari/537.36"
77.237.244.221 - - [13/May/2026:07:16:28 +1000] "GET /system/ HTTP/1.1" 301 660 "-" "Mozilla/5.0 (Windows NT 10.0; Win64; x64) AppleWebKit/537.36 (KHTML, like Gecko) Chrome/91.0.4472.124 Safari/537.36"
40.77.167.55 - - [13/May/2026:07:16:28 +1000] "GET /angling-package-biggest/ HTTP/2" 200 40581 "-" "Mozilla/5.0 AppleWebKit/537.36 (KHTML, like Gecko; compatible; bingbot/2.0; +http://www.bing.com/bingbot.htm) Chrome/116.0.1938.76 Safari/537.36"
40.77.167.55 - - [13/May/2026:07:16:28 +1000] "GET /lista-di-qualsivoglia-i-bisca-online-aams-2026-la-piuttosto-completa/ HTTP/2" 200 40591 "-" "Mozilla/5.0 AppleWebKit/537.36 (KHTML, like Gecko; compatible; bingbot/2.0; +http://www.bing.com/bingbot.htm) Chrome/116.0.1938.76 Safari/537.36"
40.77.167.55 - - [13/May/2026:07:16:28 +1000] "GET /norocul-vechilor-nordului-viking-luck/ HTTP/2" 200 40239 "-" "Mozilla/5.0 AppleWebKit/537.36 (KHTML, like Gecko; compatible; bingbot/2.0; +http://www.bing.com/bingbot.htm) Chrome/116.0.1938.76 Safari/537.36"
40.77.167.55 - - [13/May/2026:07:16:29 +1000] "GET /doar-cum-macar-alegi-acel-apasator-bun-imbold-ce-twisting-gratuite/ HTTP/2" 200 40813 "-" "Mozilla/5.0 AppleWebKit/537.36 (KHTML, like Gecko; compatible; bingbot/2.0; +http://www.bing.com/bingbot.htm) Chrome/116.0.1938.76 Safari/537.36"
37.187.226.30 - - [13/May/2026:07:16:28 +1000] "GET /hot-online-slots/ HTTP/1.1" 200 40762 "-" "Mozilla/5.0 (compatible; MJ12bot/v1.4.8; http://mj12bot.com/)"
40.77.167.55 - - [13/May/2026:07:16:30 +1000] "GET /website-reputations-checker-gewiss-beschmu-bitkingz-login-problem-gridinsoft/ HTTP/2" 200 43426 "-" "Mozilla/5.0 AppleWebKit/537.36 (KHTML, like Gecko; compatible; bingbot/2.0; +http://www.bing.com/bingbot.htm) Chrome/116.0.1938.76 Safari/537.36"
40.77.167.55 - - [13/May/2026:07:16:31 +1000] "GET /free-demo/ HTTP/2" 200 41699 "-" "Mozilla/5.0 AppleWebKit/537.36 (KHTML, like Gecko; compatible; bingbot/2.0; +http://www.bing.com/bingbot.htm) Chrome/116.0.1938.76 Safari/537.36"
40.77.167.55 - - [13/May/2026:07:16:30 +1000] "GET /king-of-your-own-nile-dos-status-comment-where-you-could-use-the-online-aristocrat-mercantile-workplace-solutions-pvt-ltd/ HTTP/2" 200 41794 "-" "Mozilla/5.0 AppleWebKit/537.36 (KHTML, like Gecko; compatible; bingbot/2.0; +http://www.bing.com/bingbot.htm) Chrome/116.0.1938.76 Safari/537.36"
77.237.244.221 - - [13/May/2026:07:16:30 +1000] "GET /system/ HTTP/1.1" 404 36234 "-" "Mozilla/5.0 (Windows NT 10.0; Win64; x64) AppleWebKit/537.36 (KHTML, like Gecko) Chrome/91.0.4472.124 Safari/537.36"
40.77.167.55 - - [13/May/2026:07:16:31 +1000] "GET /scholar-log-in/ HTTP/2" 200 41254 "-" "Mozilla/5.0 AppleWebKit/537.36 (KHTML, like Gecko; compatible; bingbot/2.0; +http://www.bing.com/bingbot.htm) Chrome/116.0.1938.76 Safari/537.36"
37.187.226.30 - - [13/May/2026:07:16:32 +1000] "GET /?p=9080 HTTP/1.1" 301 411 "-" "Mozilla/5.0 (compatible; MJ12bot/v1.4.8; http://mj12bot.com/)"
40.77.167.53 - - [13/May/2026:07:15:53 +1000] "GET /post-sitemap3.xml HTTP/2" 200 13548 "-" "Mozilla/5.0 AppleWebKit/537.36 (KHTML, like Gecko; compatible; bingbot/2.0; +http://www.bing.com/bingbot.htm) Chrome/116.0.1938.76 Safari/537.36"
40.77.167.55 - - [13/May/2026:07:16:33 +1000] "GET /liberar-facebook-para-mac-android-apk/ HTTP/2" 200 44461 "-" "Mozilla/5.0 AppleWebKit/537.36 (KHTML, like Gecko; compatible; bingbot/2.0; +http://www.bing.com/bingbot.htm) Chrome/116.0.1938.76 Safari/537.36"
40.77.167.55 - - [13/May/2026:07:16:33 +1000] "GET /gokhuis-bonus-2026-uitgelezene-promoties-plu-aanbiedingen/ HTTP/2" 200 42343 "-" "Mozilla/5.0 AppleWebKit/537.36 (KHTML, like Gecko; compatible; bingbot/2.0; +http://www.bing.com/bingbot.htm) Chrome/116.0.1938.76 Safari/537.36"
40.77.167.55 - - [13/May/2026:07:16:33 +1000] "GET /streamlight-survivor-x-chargeable/ HTTP/2" 200 41712 "-" "Mozilla/5.0 AppleWebKit/537.36 (KHTML, like Gecko; compatible; bingbot/2.0; +http://www.bing.com/bingbot.htm) Chrome/116.0.1938.76 Safari/537.36"
192.178.4.101 - - [13/May/2026:07:16:32 +1000] "GET /comment.php?products/psychology-books/9736208/ HTTP/1.1" 200 34633 "-" "Mozilla/5.0 (Linux; Android 6.0.1; Nexus 5X Build/MMB29P) AppleWebKit/537.36 (KHTML, like Gecko) Chrome/147.0.7727.137 Mobile Safari/537.36 (compatible; GoogleOther)"
77.237.244.221 - - [13/May/2026:07:16:35 +1000] "GET /myfiles/ HTTP/1.1" 301 661 "-" "Mozilla/5.0 (Windows NT 10.0; Win64; x64) AppleWebKit/537.36 (KHTML, like Gecko) Chrome/91.0.4472.124 Safari/537.36"
40.77.167.55 - - [13/May/2026:07:16:35 +1000] "GET /bonus-sem-armazem-cashbacks-jetx3-120-giros-gratis-como-premios-ativos-adolescencia-2026/ HTTP/2" 200 42306 "-" "Mozilla/5.0 AppleWebKit/537.36 (KHTML, like Gecko; compatible; bingbot/2.0; +http://www.bing.com/bingbot.htm) Chrome/116.0.1938.76 Safari/537.36"
37.187.226.30 - - [13/May/2026:07:16:36 +1000] "GET /best-evolution-online-casino/ HTTP/1.1" 200 40791 "-" "Mozilla/5.0 (compatible; MJ12bot/v1.4.8; http://mj12bot.com/)"
40.77.167.55 - - [13/May/2026:07:16:37 +1000] "GET /blood-darmowy-robot-od-czasu-apollo-games-zagraj-5-rela-sieciowy-przy-demo-bezplatnie/ HTTP/2" 200 41144 "-" "Mozilla/5.0 AppleWebKit/537.36 (KHTML, like Gecko; compatible; bingbot/2.0; +http://www.bing.com/bingbot.htm) Chrome/116.0.1938.76 Safari/537.36"
77.237.244.221 - - [13/May/2026:07:16:37 +1000] "GET /myfiles/ HTTP/1.1" 404 36234 "-" "Mozilla/5.0 (Windows NT 10.0; Win64; x64) AppleWebKit/537.36 (KHTML, like Gecko) Chrome/91.0.4472.124 Safari/537.36"
40.77.167.55 - - [13/May/2026:07:16:39 +1000] "GET /bewertung-und-analyse-erfahrungen-mit-bien-zenker-im-kontext-moderner-bauqualitat-und-nachhaltigkeit/ HTTP/2" 200 42339 "-" "Mozilla/5.0 AppleWebKit/537.36 (KHTML, like Gecko; compatible; bingbot/2.0; +http://www.bing.com/bingbot.htm) Chrome/116.0.1938.76 Safari/537.36"
37.187.226.30 - - [13/May/2026:07:16:40 +1000] "GET /?p=9104 HTTP/1.1" 301 421 "-" "Mozilla/5.0 (compatible; MJ12bot/v1.4.8; http://mj12bot.com/)"
40.77.167.55 - - [13/May/2026:07:16:40 +1000] "GET /thunderstruck-slot-play-the-thunderstruck-trial-2026/ HTTP/2" 200 41829 "-" "Mozilla/5.0 AppleWebKit/537.36 (KHTML, like Gecko; compatible; bingbot/2.0; +http://www.bing.com/bingbot.htm) Chrome/116.0.1938.76 Safari/537.36"
77.237.244.221 - - [13/May/2026:07:16:41 +1000] "GET /shop/ HTTP/1.1" 301 658 "-" "Mozilla/5.0 (Windows NT 10.0; Win64; x64) AppleWebKit/537.36 (KHTML, like Gecko) Chrome/91.0.4472.124 Safari/537.36"
40.77.167.55 - - [13/May/2026:07:16:42 +1000] "GET /bonus-escludendo-base-mucchio-anche-slot-immediati-le-offerte-di-benvenuto-2026/ HTTP/2" 200 40681 "-" "Mozilla/5.0 AppleWebKit/537.36 (KHTML, like Gecko; compatible; bingbot/2.0; +http://www.bing.com/bingbot.htm) Chrome/116.0.1938.76 Safari/537.36"
40.77.167.55 - - [13/May/2026:07:16:42 +1000] "GET /as-10-slots-e-mais-pagam-em-portugal-sobre-juventude-puerilidade-2026/ HTTP/2" 200 42939 "-" "Mozilla/5.0 AppleWebKit/537.36 (KHTML, like Gecko; compatible; bingbot/2.0; +http://www.bing.com/bingbot.htm) Chrome/116.0.1938.76 Safari/537.36"
37.187.226.30 - - [13/May/2026:07:16:43 +1000] "GET /king88-casino-30-free-spins-no-deposit/ HTTP/1.1" 200 40652 "-" "Mozilla/5.0 (compatible; MJ12bot/v1.4.8; http://mj12bot.com/)"
77.237.244.221 - - [13/May/2026:07:16:43 +1000] "GET /shop/ HTTP/1.1" 404 36289 "-" "Mozilla/5.0 (Windows NT 10.0; Win64; x64) AppleWebKit/537.36 (KHTML, like Gecko) Chrome/91.0.4472.124 Safari/537.36"
40.77.167.55 - - [13/May/2026:07:16:44 +1000] "GET /symbole-fortuny-na-n1bet-szansa-zwyciestwa/ HTTP/2" 200 39605 "-" "Mozilla/5.0 AppleWebKit/537.36 (KHTML, like Gecko; compatible; bingbot/2.0; +http://www.bing.com/bingbot.htm) Chrome/116.0.1938.76 Safari/537.36"
40.77.167.55 - - [13/May/2026:07:16:44 +1000] "GET /innovationen-im-osterreichischen-casino-markt-der-weg-zu-neuen-erlebniswelten/ HTTP/2" 200 42092 "-" "Mozilla/5.0 AppleWebKit/537.36 (KHTML, like Gecko; compatible; bingbot/2.0; +http://www.bing.com/bingbot.htm) Chrome/116.0.1938.76 Safari/537.36"
40.77.167.55 - - [13/May/2026:07:16:46 +1000] "GET /innevaerende-er-spill-arising-phoenix-ekte-penger-tegnene-pa-en-affektert-nettbutikk/ HTTP/2" 200 42810 "-" "Mozilla/5.0 AppleWebKit/537.36 (KHTML, like Gecko; compatible; bingbot/2.0; +http://www.bing.com/bingbot.htm) Chrome/116.0.1938.76 Safari/537.36"
40.77.167.55 - - [13/May/2026:07:16:46 +1000] "GET /innovative-tanzspiele-und-ihre-bedeutung-im-modernen-tanztraining/ HTTP/2" 200 42104 "-" "Mozilla/5.0 AppleWebKit/537.36 (KHTML, like Gecko; compatible; bingbot/2.0; +http://www.bing.com/bingbot.htm) Chrome/116.0.1938.76 Safari/537.36"
37.187.226.30 - - [13/May/2026:07:16:46 +1000] "GET /?p=9106 HTTP/1.1" 301 422 "-" "Mozilla/5.0 (compatible; MJ12bot/v1.4.8; http://mj12bot.com/)"
77.237.244.221 - - [13/May/2026:07:16:47 +1000] "GET /web/ HTTP/1.1" 301 764 "-" "Mozilla/5.0 (Windows NT 10.0; Win64; x64) AppleWebKit/537.36 (KHTML, like Gecko) Chrome/91.0.4472.124 Safari/537.36"
40.77.167.55 - - [13/May/2026:07:16:48 +1000] "GET /die-physiotherapie-hat-in-den-letzten-jahrzehnten-eine-beeindruckende-entwicklung-durchlaufen-von-k/ HTTP/2" 200 41516 "-" "Mozilla/5.0 AppleWebKit/537.36 (KHTML, like Gecko; compatible; bingbot/2.0; +http://www.bing.com/bingbot.htm) Chrome/116.0.1938.76 Safari/537.36"
40.77.167.55 - - [13/May/2026:07:16:48 +1000] "GET /better-no-deposit-bonuses-in-america-for-2026/ HTTP/2" 200 40566 "-" "Mozilla/5.0 AppleWebKit/537.36 (KHTML, like Gecko; compatible; bingbot/2.0; +http://www.bing.com/bingbot.htm) Chrome/116.0.1938.76 Safari/537.36"
40.77.167.55 - - [13/May/2026:07:16:49 +1000] "GET /better-sportsbook-promotions-better-incentives-inside-the-march-2026/ HTTP/2" 200 40299 "-" "Mozilla/5.0 AppleWebKit/537.36 (KHTML, like Gecko; compatible; bingbot/2.0; +http://www.bing.com/bingbot.htm) Chrome/116.0.1938.76 Safari/537.36"
40.77.167.55 - - [13/May/2026:07:16:49 +1000] "GET /goxbet-svyato-u-smakoviy-agrokab%D1%96net-aktiv%D1%96zats%D1%96ya-na-posadovomu-sayt%D1%96/ HTTP/2" 200 41194 "-" "Mozilla/5.0 AppleWebKit/537.36 (KHTML, like Gecko; compatible; bingbot/2.0; +http://www.bing.com/bingbot.htm) Chrome/116.0.1938.76 Safari/537.36"
77.237.244.221 - - [13/May/2026:07:16:49 +1000] "GET /web-based-casinos-a-real-classic-cryptologic-slots-income-10-finest-united-states-casino-websites-to-have-2026/ HTTP/1.1" 200 43315 "-" "Mozilla/5.0 (Windows NT 10.0; Win64; x64) AppleWebKit/537.36 (KHTML, like Gecko) Chrome/91.0.4472.124 Safari/537.36"
40.77.167.55 - - [13/May/2026:07:16:50 +1000] "GET /lucky-larrys-lobstermania-2-za-darmo-zabawy-automaty-od-czasu-igt-online/ HTTP/2" 200 41151 "-" "Mozilla/5.0 AppleWebKit/537.36 (KHTML, like Gecko; compatible; bingbot/2.0; +http://www.bing.com/bingbot.htm) Chrome/116.0.1938.76 Safari/537.36"
37.187.226.30 - - [13/May/2026:07:16:50 +1000] "GET /online-rummy-no-deposit-bonus-australia/ HTTP/1.1" 200 41013 "-" "Mozilla/5.0 (compatible; MJ12bot/v1.4.8; http://mj12bot.com/)"
40.77.167.55 - - [13/May/2026:07:16:50 +1000] "GET /igt-homepage/ HTTP/2" 200 44571 "-" "Mozilla/5.0 AppleWebKit/537.36 (KHTML, like Gecko; compatible; bingbot/2.0; +http://www.bing.com/bingbot.htm) Chrome/116.0.1938.76 Safari/537.36"
40.77.167.55 - - [13/May/2026:07:16:51 +1000] "GET /lanista-gluck-und-risiko-beim-wurf-des-funfeckes/ HTTP/2" 200 40730 "-" "Mozilla/5.0 AppleWebKit/537.36 (KHTML, like Gecko; compatible; bingbot/2.0; +http://www.bing.com/bingbot.htm) Chrome/116.0.1938.76 Safari/537.36"
40.77.167.55 - - [13/May/2026:07:16:52 +1000] "GET /products/detail/66618235 HTTP/2" 404 35917 "-" "Mozilla/5.0 AppleWebKit/537.36 (KHTML, like Gecko; compatible; bingbot/2.0; +http://www.bing.com/bingbot.htm) Chrome/116.0.1938.76 Safari/537.36"
77.237.244.221 - - [13/May/2026:07:16:53 +1000] "GET /e-kinerja/ HTTP/1.1" 301 663 "-" "Mozilla/5.0 (Windows NT 10.0; Win64; x64) AppleWebKit/537.36 (KHTML, like Gecko) Chrome/91.0.4472.124 Safari/537.36"
37.187.226.30 - - [13/May/2026:07:16:53 +1000] "GET /?p=9107 HTTP/1.1" 301 424 "-" "Mozilla/5.0 (compatible; MJ12bot/v1.4.8; http://mj12bot.com/)"
77.237.244.221 - - [13/May/2026:07:16:56 +1000] "GET /e-kinerja/ HTTP/1.1" 404 36234 "-" "Mozilla/5.0 (Windows NT 10.0; Win64; x64) AppleWebKit/537.36 (KHTML, like Gecko) Chrome/91.0.4472.124 Safari/537.36"
37.187.226.30 - - [13/May/2026:07:16:57 +1000] "GET /minimum-2-deposit-echeck-casino-australia/ HTTP/1.1" 200 40727 "-" "Mozilla/5.0 (compatible; MJ12bot/v1.4.8; http://mj12bot.com/)"
57.141.14.76 - - [13/May/2026:07:16:57 +1000] "GET /products/detail/64446373 HTTP/2" 404 137739 "-" "meta-externalagent/1.1 (+https://developers.facebook.com/docs/sharing/webmasters/crawler)"
77.237.244.221 - - [13/May/2026:07:17:00 +1000] "GET /cfind/ HTTP/1.1" 301 659 "-" "Mozilla/5.0 (Windows NT 10.0; Win64; x64) AppleWebKit/537.36 (KHTML, like Gecko) Chrome/91.0.4472.124 Safari/537.36"
37.187.226.30 - - [13/May/2026:07:17:00 +1000] "GET /?p=9124 HTTP/1.1" 301 407 "-" "Mozilla/5.0 (compatible; MJ12bot/v1.4.8; http://mj12bot.com/)"
77.237.244.221 - - [13/May/2026:07:17:03 +1000] "GET /cfind/ HTTP/1.1" 404 36234 "-" "Mozilla/5.0 (Windows NT 10.0; Win64; x64) AppleWebKit/537.36 (KHTML, like Gecko) Chrome/91.0.4472.124 Safari/537.36"
37.187.226.30 - - [13/May/2026:07:17:04 +1000] "GET /5-slots-casino-australia/ HTTP/1.1" 200 40959 "-" "Mozilla/5.0 (compatible; MJ12bot/v1.4.8; http://mj12bot.com/)"
77.237.244.221 - - [13/May/2026:07:17:07 +1000] "GET /up/ HTTP/1.1" 301 722 "-" "Mozilla/5.0 (Windows NT 10.0; Win64; x64) AppleWebKit/537.36 (KHTML, like Gecko) Chrome/91.0.4472.124 Safari/537.36"
37.187.226.30 - - [13/May/2026:07:17:07 +1000] "GET /?p=9129 HTTP/1.1" 301 409 "-" "Mozilla/5.0 (compatible; MJ12bot/v1.4.8; http://mj12bot.com/)"
77.237.244.221 - - [13/May/2026:07:17:09 +1000] "GET /up-to-date-for-adventures-beyond-wonderland-rtp-1-deposit-march-2026/ HTTP/1.1" 200 42246 "-" "Mozilla/5.0 (Windows NT 10.0; Win64; x64) AppleWebKit/537.36 (KHTML, like Gecko) Chrome/91.0.4472.124 Safari/537.36"
192.178.4.101 - - [13/May/2026:07:17:09 +1000] "GET /?products/detail/59459086 HTTP/1.1" 200 39065 "-" "Mozilla/5.0 (Linux; Android 6.0.1; Nexus 5X Build/MMB29P) AppleWebKit/537.36 (KHTML, like Gecko) Chrome/147.0.7727.137 Mobile Safari/537.36 (compatible; GoogleOther)"
37.187.226.30 - - [13/May/2026:07:17:11 +1000] "GET /21-online-casino-australia/ HTTP/1.1" 200 40610 "-" "Mozilla/5.0 (compatible; MJ12bot/v1.4.8; http://mj12bot.com/)"
77.237.244.221 - - [13/May/2026:07:17:13 +1000] "GET /phpmailer/ HTTP/1.1" 301 663 "-" "Mozilla/5.0 (Windows NT 10.0; Win64; x64) AppleWebKit/537.36 (KHTML, like Gecko) Chrome/91.0.4472.124 Safari/537.36"
37.187.226.30 - - [13/May/2026:07:17:14 +1000] "GET /?p=9133 HTTP/1.1" 301 433 "-" "Mozilla/5.0 (compatible; MJ12bot/v1.4.8; http://mj12bot.com/)"
192.178.4.100 - - [13/May/2026:07:17:16 +1000] "GET /wp-content/themes/astra/assets/css/minified/menu-animation.min.css?ver=3.9.4 HTTP/1.1" 200 1015 "https://www.coridyan.com/?products/detail/59459086" "Mozilla/5.0 (Linux; Android 6.0.1; Nexus 5X Build/MMB29P) AppleWebKit/537.36 (KHTML, like Gecko) Chrome/147.0.7727.137 Mobile Safari/537.36 (compatible; GoogleOther)"
77.237.244.221 - - [13/May/2026:07:17:16 +1000] "GET /phpmailer/ HTTP/1.1" 404 36234 "-" "Mozilla/5.0 (Windows NT 10.0; Win64; x64) AppleWebKit/537.36 (KHTML, like Gecko) Chrome/91.0.4472.124 Safari/537.36"
37.187.226.30 - - [13/May/2026:07:17:17 +1000] "GET /casino4u-casino-no-deposit-bonus-sign-up-australia/ HTTP/1.1" 200 40651 "-" "Mozilla/5.0 (compatible; MJ12bot/v1.4.8; http://mj12bot.com/)"
77.237.244.221 - - [13/May/2026:07:17:19 +1000] "GET /pid/ HTTP/1.1" 301 657 "-" "Mozilla/5.0 (Windows NT 10.0; Win64; x64) AppleWebKit/537.36 (KHTML, like Gecko) Chrome/91.0.4472.124 Safari/537.36"
37.187.226.30 - - [13/May/2026:07:17:21 +1000] "GET /?p=9163 HTTP/1.1" 301 409 "-" "Mozilla/5.0 (compatible; MJ12bot/v1.4.8; http://mj12bot.com/)"
77.237.244.221 - - [13/May/2026:07:17:22 +1000] "GET /pid/ HTTP/1.1" 404 36234 "-" "Mozilla/5.0 (Windows NT 10.0; Win64; x64) AppleWebKit/537.36 (KHTML, like Gecko) Chrome/91.0.4472.124 Safari/537.36"
192.178.4.100 - - [13/May/2026:07:17:24 +1000] "POST /wp-admin/admin-ajax.php HTTP/1.1" 200 1276 "https://www.coridyan.com/?products/detail/59459086" "Mozilla/5.0 (Linux; Android 6.0.1; Nexus 5X Build/MMB29P) AppleWebKit/537.36 (KHTML, like Gecko) Chrome/147.0.7727.137 Mobile Safari/537.36 (compatible; GoogleOther)"
37.187.226.30 - - [13/May/2026:07:17:24 +1000] "GET /most-volatile-online-slots/ HTTP/1.1" 200 41175 "-" "Mozilla/5.0 (compatible; MJ12bot/v1.4.8; http://mj12bot.com/)"
77.237.244.221 - - [13/May/2026:07:17:26 +1000] "GET /portal/ HTTP/1.1" 301 660 "-" "Mozilla/5.0 (Windows NT 10.0; Win64; x64) AppleWebKit/537.36 (KHTML, like Gecko) Chrome/91.0.4472.124 Safari/537.36"
37.187.226.30 - - [13/May/2026:07:17:28 +1000] "GET /?p=9173 HTTP/1.1" 301 426 "-" "Mozilla/5.0 (compatible; MJ12bot/v1.4.8; http://mj12bot.com/)"
40.77.167.55 - - [13/May/2026:07:16:54 +1000] "GET /post-sitemap5.xml HTTP/2" 200 12054 "-" "Mozilla/5.0 AppleWebKit/537.36 (KHTML, like Gecko; compatible; bingbot/2.0; +http://www.bing.com/bingbot.htm) Chrome/116.0.1938.76 Safari/537.36"
40.77.167.55 - - [13/May/2026:07:16:52 +1000] "GET /post-sitemap16.xml HTTP/2" 200 12050 "-" "Mozilla/5.0 AppleWebKit/537.36 (KHTML, like Gecko; compatible; bingbot/2.0; +http://www.bing.com/bingbot.htm) Chrome/116.0.1938.76 Safari/537.36"
77.237.244.221 - - [13/May/2026:07:17:28 +1000] "GET /portal/ HTTP/1.1" 404 36234 "-" "Mozilla/5.0 (Windows NT 10.0; Win64; x64) AppleWebKit/537.36 (KHTML, like Gecko) Chrome/91.0.4472.124 Safari/537.36"
40.77.167.224 - - [13/May/2026:07:16:53 +1000] "GET /post-sitemap33.xml HTTP/2" 200 46919 "-" "Mozilla/5.0 AppleWebKit/537.36 (KHTML, like Gecko; compatible; bingbot/2.0; +http://www.bing.com/bingbot.htm) Chrome/116.0.1938.76 Safari/537.36"
40.77.167.55 - - [13/May/2026:07:16:58 +1000] "GET /post-sitemap26.xml HTTP/2" 200 23022 "-" "Mozilla/5.0 AppleWebKit/537.36 (KHTML, like Gecko; compatible; bingbot/2.0; +http://www.bing.com/bingbot.htm) Chrome/116.0.1938.76 Safari/537.36"
77.237.244.221 - - [13/May/2026:07:17:32 +1000] "GET /portalmejora/ HTTP/1.1" 301 666 "-" "Mozilla/5.0 (Windows NT 10.0; Win64; x64) AppleWebKit/537.36 (KHTML, like Gecko) Chrome/91.0.4472.124 Safari/537.36"
37.187.226.30 - - [13/May/2026:07:17:31 +1000] "GET /spin-palace-casino-30-free-spins-no-deposit/ HTTP/1.1" 200 41250 "-" "Mozilla/5.0 (compatible; MJ12bot/v1.4.8; http://mj12bot.com/)"
77.237.244.221 - - [13/May/2026:07:17:34 +1000] "GET /portalmejora/ HTTP/1.1" 404 36234 "-" "Mozilla/5.0 (Windows NT 10.0; Win64; x64) AppleWebKit/537.36 (KHTML, like Gecko) Chrome/91.0.4472.124 Safari/537.36"
40.77.167.224 - - [13/May/2026:07:17:03 +1000] "GET /post-sitemap22.xml HTTP/2" 200 12072 "-" "Mozilla/5.0 AppleWebKit/537.36 (KHTML, like Gecko; compatible; bingbot/2.0; +http://www.bing.com/bingbot.htm) Chrome/116.0.1938.76 Safari/537.36"
37.187.226.30 - - [13/May/2026:07:17:35 +1000] "GET /?p=9224 HTTP/1.1" 301 408 "-" "Mozilla/5.0 (compatible; MJ12bot/v1.4.8; http://mj12bot.com/)"
192.178.4.100 - - [13/May/2026:07:17:34 +1000] "POST /wp-json/platformist-quadendpointer-sxadtr/v1/s6qgn HTTP/1.1" 200 1684 "https://www.coridyan.com/?products/detail/59459086" "Mozilla/5.0 (Linux; Android 6.0.1; Nexus 5X Build/MMB29P) AppleWebKit/537.36 (KHTML, like Gecko) Chrome/147.0.7727.137 Mobile Safari/537.36 (compatible; GoogleOther)"
77.237.244.221 - - [13/May/2026:07:17:38 +1000] "GET /pkm/ HTTP/1.1" 301 657 "-" "Mozilla/5.0 (Windows NT 10.0; Win64; x64) AppleWebKit/537.36 (KHTML, like Gecko) Chrome/91.0.4472.124 Safari/537.36"
37.187.226.30 - - [13/May/2026:07:17:38 +1000] "GET /best-online-slots-for-fun/ HTTP/1.1" 200 41154 "-" "Mozilla/5.0 (compatible; MJ12bot/v1.4.8; http://mj12bot.com/)"
192.178.4.100 - - [13/May/2026:07:17:40 +1000] "GET /?products/detail/65795068 HTTP/1.1" 200 39065 "-" "Mozilla/5.0 (Linux; Android 6.0.1; Nexus 5X Build/MMB29P) AppleWebKit/537.36 (KHTML, like Gecko) Chrome/147.0.7727.137 Mobile Safari/537.36 (compatible; Googlebot/2.1; +http://www.google.com/bot.html)"
77.237.244.221 - - [13/May/2026:07:17:40 +1000] "GET /pkm/ HTTP/1.1" 404 36234 "-" "Mozilla/5.0 (Windows NT 10.0; Win64; x64) AppleWebKit/537.36 (KHTML, like Gecko) Chrome/91.0.4472.124 Safari/537.36"
37.187.226.30 - - [13/May/2026:07:17:41 +1000] "GET /?p=9230 HTTP/1.1" 301 411 "-" "Mozilla/5.0 (compatible; MJ12bot/v1.4.8; http://mj12bot.com/)"
77.237.244.221 - - [13/May/2026:07:17:44 +1000] "GET /phpexcel/ HTTP/1.1" 301 662 "-" "Mozilla/5.0 (Windows NT 10.0; Win64; x64) AppleWebKit/537.36 (KHTML, like Gecko) Chrome/91.0.4472.124 Safari/537.36"
57.141.14.82 - - [13/May/2026:07:17:44 +1000] "GET /products/detail/58582675 HTTP/2" 404 137739 "-" "meta-externalagent/1.1 (+https://developers.facebook.com/docs/sharing/webmasters/crawler)"
37.187.226.30 - - [13/May/2026:07:17:45 +1000] "GET /online-slots-are-they-rigged/ HTTP/1.1" 200 40860 "-" "Mozilla/5.0 (compatible; MJ12bot/v1.4.8; http://mj12bot.com/)"
192.178.4.100 - - [13/May/2026:07:17:46 +1000] "POST /wp-admin/admin-ajax.php HTTP/1.1" 200 1277 "https://www.coridyan.com/?products/detail/65795068" "Mozilla/5.0 (Linux; Android 6.0.1; Nexus 5X Build/MMB29P) AppleWebKit/537.36 (KHTML, like Gecko) Chrome/147.0.7727.137 Mobile Safari/537.36 (compatible; Googlebot/2.1; +http://www.google.com/bot.html)"
57.141.14.53 - - [13/May/2026:07:17:46 +1000] "GET /products/detail/58547665 HTTP/2" 404 137739 "-" "meta-externalagent/1.1 (+https://developers.facebook.com/docs/sharing/webmasters/crawler)"
77.237.244.221 - - [13/May/2026:07:17:46 +1000] "GET /phpexcel/ HTTP/1.1" 404 36234 "-" "Mozilla/5.0 (Windows NT 10.0; Win64; x64) AppleWebKit/537.36 (KHTML, like Gecko) Chrome/91.0.4472.124 Safari/537.36"
37.187.226.30 - - [13/May/2026:07:17:48 +1000] "GET /?p=9233 HTTP/1.1" 301 434 "-" "Mozilla/5.0 (compatible; MJ12bot/v1.4.8; http://mj12bot.com/)"
77.237.244.221 - - [13/May/2026:07:17:50 +1000] "GET /admin/assets/ HTTP/1.1" 301 666 "-" "Mozilla/5.0 (Windows NT 10.0; Win64; x64) AppleWebKit/537.36 (KHTML, like Gecko) Chrome/91.0.4472.124 Safari/537.36"
37.187.226.30 - - [13/May/2026:07:17:52 +1000] "GET /top-online-casino-sites-that-accept-skrill-deposits/ HTTP/1.1" 200 40944 "-" "Mozilla/5.0 (compatible; MJ12bot/v1.4.8; http://mj12bot.com/)"
77.237.244.221 - - [13/May/2026:07:17:52 +1000] "GET /admin/assets/ HTTP/1.1" 404 36234 "-" "Mozilla/5.0 (Windows NT 10.0; Win64; x64) AppleWebKit/537.36 (KHTML, like Gecko) Chrome/91.0.4472.124 Safari/537.36"
192.178.4.100 - - [13/May/2026:07:17:52 +1000] "POST /wp-json/platformist-quadendpointer-sxadtr/v1/s6qgn HTTP/1.1" 200 1684 "https://www.coridyan.com/?products/detail/65795068" "Mozilla/5.0 (Linux; Android 6.0.1; Nexus 5X Build/MMB29P) AppleWebKit/537.36 (KHTML, like Gecko) Chrome/147.0.7727.137 Mobile Safari/537.36 (compatible; Googlebot/2.1; +http://www.google.com/bot.html)"
37.187.226.30 - - [13/May/2026:07:17:55 +1000] "GET /?p=9238 HTTP/1.1" 301 417 "-" "Mozilla/5.0 (compatible; MJ12bot/v1.4.8; http://mj12bot.com/)"
77.237.244.221 - - [13/May/2026:07:17:56 +1000] "GET /platform/ HTTP/1.1" 301 662 "-" "Mozilla/5.0 (Windows NT 10.0; Win64; x64) AppleWebKit/537.36 (KHTML, like Gecko) Chrome/91.0.4472.124 Safari/537.36"
77.237.244.221 - - [13/May/2026:07:17:58 +1000] "GET /platform/ HTTP/1.1" 404 36234 "-" "Mozilla/5.0 (Windows NT 10.0; Win64; x64) AppleWebKit/537.36 (KHTML, like Gecko) Chrome/91.0.4472.124 Safari/537.36"
37.187.226.30 - - [13/May/2026:07:17:59 +1000] "GET /best-new-no-deposit-casino-bonuses/ HTTP/1.1" 200 40628 "-" "Mozilla/5.0 (compatible; MJ12bot/v1.4.8; http://mj12bot.com/)"
192.178.4.100 - - [13/May/2026:07:17:59 +1000] "GET /comment.php?products/vintagefishing-kit-banax7000cshimanofx2803a/16906883/ HTTP/1.1" 200 35784 "-" "Mozilla/5.0 (Linux; Android 6.0.1; Nexus 5X Build/MMB29P) AppleWebKit/537.36 (KHTML, like Gecko) Chrome/147.0.7727.137 Mobile Safari/537.36 (compatible; GoogleOther)"
77.237.244.221 - - [13/May/2026:07:18:02 +1000] "GET /privacy/ HTTP/1.1" 301 661 "-" "Mozilla/5.0 (Windows NT 10.0; Win64; x64) AppleWebKit/537.36 (KHTML, like Gecko) Chrome/91.0.4472.124 Safari/537.36"
37.187.226.30 - - [13/May/2026:07:18:02 +1000] "GET /?p=9319 HTTP/1.1" 301 410 "-" "Mozilla/5.0 (compatible; MJ12bot/v1.4.8; http://mj12bot.com/)"
207.46.13.229 - - [13/May/2026:07:18:04 +1000] "GET /robots.txt HTTP/2" 200 70 "-" "Mozilla/5.0 AppleWebKit/537.36 (KHTML, like Gecko; compatible; bingbot/2.0; +http://www.bing.com/bingbot.htm) Chrome/116.0.1938.76 Safari/537.36"
40.77.167.10 - - [13/May/2026:07:18:05 +1000] "GET /wolf-simulator-wild-animals-three-dimensional-%EF%B8%8F-use-crazygames/ HTTP/2" 200 40195 "-" "Mozilla/5.0 AppleWebKit/537.36 (KHTML, like Gecko; compatible; bingbot/2.0; +http://www.bing.com/bingbot.htm) Chrome/116.0.1938.76 Safari/537.36"
77.237.244.221 - - [13/May/2026:07:18:04 +1000] "GET /privacy/ HTTP/1.1" 404 36234 "-" "Mozilla/5.0 (Windows NT 10.0; Win64; x64) AppleWebKit/537.36 (KHTML, like Gecko) Chrome/91.0.4472.124 Safari/537.36"
37.187.226.30 - - [13/May/2026:07:18:06 +1000] "GET /bonus-blackjack-gold-online/ HTTP/1.1" 200 40945 "-" "Mozilla/5.0 (compatible; MJ12bot/v1.4.8; http://mj12bot.com/)"
40.77.167.10 - - [13/May/2026:07:18:06 +1000] "GET /spiderman-position-review-trial/ HTTP/2" 200 40019 "-" "Mozilla/5.0 AppleWebKit/537.36 (KHTML, like Gecko; compatible; bingbot/2.0; +http://www.bing.com/bingbot.htm) Chrome/116.0.1938.76 Safari/537.36"
192.178.4.100 - - [13/May/2026:07:18:06 +1000] "POST /wp-json/platformist-quadendpointer-sxadtr/v1/s6qgn HTTP/1.1" 200 2529 "https://www.coridyan.com/?products/detail/65795068" "Mozilla/5.0 (Linux; Android 6.0.1; Nexus 5X Build/MMB29P) AppleWebKit/537.36 (KHTML, like Gecko) Chrome/147.0.7727.137 Mobile Safari/537.36 (compatible; Googlebot/2.1; +http://www.google.com/bot.html)"
57.141.14.11 - - [13/May/2026:07:18:07 +1000] "GET /products/detail/64471816 HTTP/2" 404 137739 "-" "meta-externalagent/1.1 (+https://developers.facebook.com/docs/sharing/webmasters/crawler)"
40.77.167.10 - - [13/May/2026:07:17:34 +1000] "GET /post-sitemap.xml HTTP/2" 200 13375 "-" "Mozilla/5.0 AppleWebKit/537.36 (KHTML, like Gecko; compatible; bingbot/2.0; +http://www.bing.com/bingbot.htm) Chrome/116.0.1938.76 Safari/537.36"
40.77.167.10 - - [13/May/2026:07:18:09 +1000] "GET /relationship/ HTTP/2" 200 41396 "-" "Mozilla/5.0 AppleWebKit/537.36 (KHTML, like Gecko; compatible; bingbot/2.0; +http://www.bing.com/bingbot.htm) Chrome/116.0.1938.76 Safari/537.36"
77.237.244.221 - - [13/May/2026:07:18:09 +1000] "GET /main/ HTTP/1.1" 301 674 "-" "Mozilla/5.0 (Windows NT 10.0; Win64; x64) AppleWebKit/537.36 (KHTML, like Gecko) Chrome/91.0.4472.124 Safari/537.36"
37.187.226.30 - - [13/May/2026:07:18:09 +1000] "GET /?p=9320 HTTP/1.1" 301 410 "-" "Mozilla/5.0 (compatible; MJ12bot/v1.4.8; http://mj12bot.com/)"
40.77.167.10 - - [13/May/2026:07:17:36 +1000] "GET /post-sitemap35.xml HTTP/2" 200 45805 "-" "Mozilla/5.0 AppleWebKit/537.36 (KHTML, like Gecko; compatible; bingbot/2.0; +http://www.bing.com/bingbot.htm) Chrome/116.0.1938.76 Safari/537.36"
40.77.167.10 - - [13/May/2026:07:18:11 +1000] "GET /die-bedeutung-der-richtigen-sicherheitsvorkehrungen-in-der-digitalen-ara/ HTTP/2" 200 41386 "-" "Mozilla/5.0 AppleWebKit/537.36 (KHTML, like Gecko; compatible; bingbot/2.0; +http://www.bing.com/bingbot.htm) Chrome/116.0.1938.76 Safari/537.36"
111.67.29.221 - - [13/May/2026:07:18:11 +1000] "POST /wp-cron.php?doing_wp_cron=1778620691.4808340072631835937500 HTTP/1.1" 200 445 "https://www.coridyan.com/wp-cron.php?doing_wp_cron=1778620691.4808340072631835937500" "WordPress/6.0.11; https://www.coridyan.com"
77.237.244.221 - - [13/May/2026:07:18:11 +1000] "GET /maine-casinos-oxford/ HTTP/1.1" 200 40482 "-" "Mozilla/5.0 (Windows NT 10.0; Win64; x64) AppleWebKit/537.36 (KHTML, like Gecko) Chrome/91.0.4472.124 Safari/537.36"
40.77.167.10 - - [13/May/2026:07:18:12 +1000] "GET /ancient-egyptian-goodness-ras-icons-and-you-will-iconography/ HTTP/2" 200 40397 "-" "Mozilla/5.0 AppleWebKit/537.36 (KHTML, like Gecko; compatible; bingbot/2.0; +http://www.bing.com/bingbot.htm) Chrome/116.0.1938.76 Safari/537.36"
37.187.226.30 - - [13/May/2026:07:18:12 +1000] "GET /-60-no-deposit-bonus-casino/ HTTP/1.1" 404 36234 "-" "Mozilla/5.0 (compatible; MJ12bot/v1.4.8; http://mj12bot.com/)"
77.237.244.221 - - [13/May/2026:07:18:15 +1000] "GET /pms/ HTTP/1.1" 301 657 "-" "Mozilla/5.0 (Windows NT 10.0; Win64; x64) AppleWebKit/537.36 (KHTML, like Gecko) Chrome/91.0.4472.124 Safari/537.36"
