192.178.4.100 - - [13/May/2026:07:25:55 +1000] "GET /comment.php?products/lacoste-size-4/22109523/ HTTP/1.1" 200 34954 "-" "Mozilla/5.0 (Linux; Android 6.0.1; Nexus 5X Build/MMB29P) AppleWebKit/537.36 (KHTML, like Gecko) Chrome/147.0.7727.137 Mobile Safari/537.36 (compatible; Googlebot/2.1; +http://www.google.com/bot.html)"
77.237.244.221 - - [13/May/2026:07:25:56 +1000] "GET /concrete/ HTTP/1.1" 404 36234 "-" "Mozilla/5.0 (Windows NT 10.0; Win64; x64) AppleWebKit/537.36 (KHTML, like Gecko) Chrome/91.0.4472.124 Safari/537.36"
52.167.144.210 - - [13/May/2026:07:25:57 +1000] "GET /antieke-gulden-veiligheidssloten-ervoor-juwelen/ HTTP/2" 200 41341 "-" "Mozilla/5.0 AppleWebKit/537.36 (KHTML, like Gecko; compatible; bingbot/2.0; +http://www.bing.com/bingbot.htm) Chrome/116.0.1938.76 Safari/537.36"
91.205.223.56 - - [13/May/2026:07:25:58 +1000] "GET /wp-json/wp/v2/users?search=xtw HTTP/1.1" 200 909 "-" "Mozilla/5.0 (Windows NT 10.0; Win64; x64; rv:60.0) Gecko/20100101 Firefox/60.0"
52.167.144.210 - - [13/May/2026:07:25:58 +1000] "GET /europe-casino-bytte-las-opp-europas-besokelsestid-pa-bekk-vinne-artillerist-born-beste-kasinobonuser-i-jordomdreinin/ HTTP/2" 200 42268 "-" "Mozilla/5.0 AppleWebKit/537.36 (KHTML, like Gecko; compatible; bingbot/2.0; +http://www.bing.com/bingbot.htm) Chrome/116.0.1938.76 Safari/537.36"
77.237.244.221 - - [13/May/2026:07:26:00 +1000] "GET /cms/ HTTP/1.1" 301 657 "-" "Mozilla/5.0 (Windows NT 10.0; Win64; x64) AppleWebKit/537.36 (KHTML, like Gecko) Chrome/91.0.4472.124 Safari/537.36"
77.237.244.221 - - [13/May/2026:07:26:03 +1000] "GET /cms/ HTTP/1.1" 404 36234 "-" "Mozilla/5.0 (Windows NT 10.0; Win64; x64) AppleWebKit/537.36 (KHTML, like Gecko) Chrome/91.0.4472.124 Safari/537.36"
52.167.144.210 - - [13/May/2026:07:26:03 +1000] "GET /casino-akkvisisjon-2026-finn-de-beste-casinobonusene-inne-i-norge/ HTTP/2" 200 41643 "-" "Mozilla/5.0 AppleWebKit/537.36 (KHTML, like Gecko; compatible; bingbot/2.0; +http://www.bing.com/bingbot.htm) Chrome/116.0.1938.76 Safari/537.36"
52.167.144.210 - - [13/May/2026:07:26:05 +1000] "GET /beste-nettstedbygger-2026-topptestede-verktoy-igang-deg-der-amok-binde-sammen-casino-freaky-vegas-ingen-innskuddsbonus-et-nettside-techradar/ HTTP/2" 200 42256 "-" "Mozilla/5.0 AppleWebKit/537.36 (KHTML, like Gecko; compatible; bingbot/2.0; +http://www.bing.com/bingbot.htm) Chrome/116.0.1938.76 Safari/537.36"
91.205.223.56 - - [13/May/2026:07:26:05 +1000] "GET /?author=1 HTTP/1.1" 404 36234 "-" "Mozilla/5.0 (Windows NT 10.0; Win64; x64; rv:70.0) Gecko/20100101 Firefox/70.0"
77.237.244.221 - - [13/May/2026:07:26:06 +1000] "GET /consulation/ HTTP/1.1" 301 665 "-" "Mozilla/5.0 (Windows NT 10.0; Win64; x64) AppleWebKit/537.36 (KHTML, like Gecko) Chrome/91.0.4472.124 Safari/537.36"
52.167.144.210 - - [13/May/2026:07:26:06 +1000] "GET /uj-kaszinok-2026-minden-amit-tudni-kell/ HTTP/2" 200 41729 "-" "Mozilla/5.0 AppleWebKit/537.36 (KHTML, like Gecko; compatible; bingbot/2.0; +http://www.bing.com/bingbot.htm) Chrome/116.0.1938.76 Safari/537.36"
51.222.95.254 - - [13/May/2026:07:26:07 +1000] "GET /les-casinos-en-ligne-qui-payent-le-plus-pour-les-amateurs-de-roulette/ HTTP/2" 404 35506 "-" "Mozilla/5.0 (compatible; AhrefsBot/7.0; +http://ahrefs.com/robot/)"
57.141.14.96 - - [13/May/2026:07:26:07 +1000] "GET /products/detail/56785258 HTTP/2" 404 137739 "-" "meta-externalagent/1.1 (+https://developers.facebook.com/docs/sharing/webmasters/crawler)"
52.167.144.210 - - [13/May/2026:07:26:09 +1000] "GET /free-pokie-packages/ HTTP/2" 200 40385 "-" "Mozilla/5.0 AppleWebKit/537.36 (KHTML, like Gecko; compatible; bingbot/2.0; +http://www.bing.com/bingbot.htm) Chrome/116.0.1938.76 Safari/537.36"
91.205.223.56 - - [13/May/2026:07:26:08 +1000] "GET /?author=2 HTTP/1.1" 404 36234 "-" "Mozilla/5.0 (Windows NT 10.0; Win64; x64; rv:57.0) Gecko/20100101 Firefox/57.0"
77.237.244.221 - - [13/May/2026:07:26:08 +1000] "GET /consulation/ HTTP/1.1" 404 36234 "-" "Mozilla/5.0 (Windows NT 10.0; Win64; x64) AppleWebKit/537.36 (KHTML, like Gecko) Chrome/91.0.4472.124 Safari/537.36"
52.167.144.210 - - [13/May/2026:07:26:11 +1000] "GET /casino-arv-uten-innskudd-gratis-bonus-uten-innskudd-indre-sett-2026/ HTTP/2" 200 41812 "-" "Mozilla/5.0 AppleWebKit/537.36 (KHTML, like Gecko; compatible; bingbot/2.0; +http://www.bing.com/bingbot.htm) Chrome/116.0.1938.76 Safari/537.36"
91.205.223.56 - - [13/May/2026:07:26:11 +1000] "GET /?author=3 HTTP/1.1" 404 36234 "-" "Mozilla/5.0 (Windows NT 10.0; Win64; x64; rv:55.0) Gecko/20100101 Firefox/55.0"
216.73.217.100 - - [13/May/2026:07:26:12 +1000] "GET /resultats-des-elections-municipales-2026-sin-le-2/feed/ HTTP/2" 200 888 "-" "Mozilla/5.0 AppleWebKit/537.36 (KHTML, like Gecko; compatible; ClaudeBot/1.0; +claudebot@anthropic.com)"
216.73.217.100 - - [13/May/2026:07:26:12 +1000] "GET /beste-gevechtsklaar-gokhal-va-nederland-programma-online-roulette-echt-geld-van-2025/ HTTP/2" 200 41060 "-" "Mozilla/5.0 AppleWebKit/537.36 (KHTML, like Gecko; compatible; ClaudeBot/1.0; +claudebot@anthropic.com)"
52.167.144.210 - - [13/May/2026:07:26:12 +1000] "GET /test-rest/ HTTP/2" 200 39005 "-" "Mozilla/5.0 AppleWebKit/537.36 (KHTML, like Gecko; compatible; bingbot/2.0; +http://www.bing.com/bingbot.htm) Chrome/116.0.1938.76 Safari/537.36"
77.237.244.221 - - [13/May/2026:07:26:12 +1000] "GET /cmscontrib/ HTTP/1.1" 301 664 "-" "Mozilla/5.0 (Windows NT 10.0; Win64; x64) AppleWebKit/537.36 (KHTML, like Gecko) Chrome/91.0.4472.124 Safari/537.36"
18.97.9.97 - - [13/May/2026:07:26:15 +1000] "GET /comment.php?products/a-collection-of-masterpieces-the-john-mable-ringling-museum/10124948/ HTTP/1.1" 200 551 "-" "Mozilla/5.0 AppleWebKit/537.36 (KHTML, like Gecko; compatible; PerplexityBot/1.0; +https://perplexity.ai/perplexitybot)"
52.167.144.210 - - [13/May/2026:07:26:14 +1000] "GET /27-goldwyns-fairies-for-edel-eiendom-fait-accompli-hvis-min-forbindelse-pedro-videospill-facts-net/ HTTP/2" 200 41884 "-" "Mozilla/5.0 AppleWebKit/537.36 (KHTML, like Gecko; compatible; bingbot/2.0; +http://www.bing.com/bingbot.htm) Chrome/116.0.1938.76 Safari/537.36"
91.205.223.56 - - [13/May/2026:07:26:14 +1000] "GET /?author=4 HTTP/1.1" 404 36245 "-" "Mozilla/5.0 (Windows NT 10.0; Win64; x64; rv:55.0) Gecko/20100101 Firefox/55.0"
77.237.244.221 - - [13/May/2026:07:26:15 +1000] "GET /cmscontrib/ HTTP/1.1" 404 36234 "-" "Mozilla/5.0 (Windows NT 10.0; Win64; x64) AppleWebKit/537.36 (KHTML, like Gecko) Chrome/91.0.4472.124 Safari/537.36"
216.73.217.100 - - [13/May/2026:07:26:14 +1000] "GET /author/admlnlx/page/1854/ HTTP/2" 200 41032 "-" "Mozilla/5.0 AppleWebKit/537.36 (KHTML, like Gecko; compatible; ClaudeBot/1.0; +claudebot@anthropic.com)"
192.178.4.100 - - [13/May/2026:07:26:16 +1000] "GET /?products/detail/58216213 HTTP/1.1" 200 39076 "-" "Mozilla/5.0 (Linux; Android 6.0.1; Nexus 5X Build/MMB29P) AppleWebKit/537.36 (KHTML, like Gecko) Chrome/147.0.7727.137 Mobile Safari/537.36 (compatible; GoogleOther)"
52.167.144.210 - - [13/May/2026:07:26:16 +1000] "GET /best-lower-volatility-slot-machines-2026-current-number/ HTTP/2" 200 40585 "-" "Mozilla/5.0 AppleWebKit/537.36 (KHTML, like Gecko; compatible; bingbot/2.0; +http://www.bing.com/bingbot.htm) Chrome/116.0.1938.76 Safari/537.36"
57.141.14.96 - - [13/May/2026:07:26:17 +1000] "GET /products/detail/64476010 HTTP/2" 404 137739 "-" "meta-externalagent/1.1 (+https://developers.facebook.com/docs/sharing/webmasters/crawler)"
77.237.244.221 - - [13/May/2026:07:26:19 +1000] "GET /cmsranking/ HTTP/1.1" 301 664 "-" "Mozilla/5.0 (Windows NT 10.0; Win64; x64) AppleWebKit/537.36 (KHTML, like Gecko) Chrome/91.0.4472.124 Safari/537.36"
52.167.144.210 - - [13/May/2026:07:26:19 +1000] "GET /8-expert-tips-for-texting-etiquette-with-angelaglove-com-matches/ HTTP/2" 200 43322 "-" "Mozilla/5.0 AppleWebKit/537.36 (KHTML, like Gecko; compatible; bingbot/2.0; +http://www.bing.com/bingbot.htm) Chrome/116.0.1938.76 Safari/537.36"
91.205.223.56 - - [13/May/2026:07:26:17 +1000] "GET /?author=5 HTTP/1.1" 301 575 "-" "Mozilla/5.0 (Windows NT 10.0; Win64; x64; rv:70.0) Gecko/20100101 Firefox/70.0"
52.167.144.210 - - [13/May/2026:07:26:21 +1000] "GET /ideoita-satamissa-ansaitsemiseen-10-parasta-vinkkia-paikka-mega-moolah-kolikkopeleihin/ HTTP/2" 200 40890 "-" "Mozilla/5.0 AppleWebKit/537.36 (KHTML, like Gecko; compatible; bingbot/2.0; +http://www.bing.com/bingbot.htm) Chrome/116.0.1938.76 Safari/537.36"
77.237.244.221 - - [13/May/2026:07:26:21 +1000] "GET /cmsranking/ HTTP/1.1" 404 36234 "-" "Mozilla/5.0 (Windows NT 10.0; Win64; x64) AppleWebKit/537.36 (KHTML, like Gecko) Chrome/91.0.4472.124 Safari/537.36"
91.205.223.56 - - [13/May/2026:07:26:20 +1000] "GET /author/admlnlx/ HTTP/1.1" 200 39498 "-" "Mozilla/5.0 (Windows NT 10.0; Win64; x64; rv:70.0) Gecko/20100101 Firefox/70.0"
52.167.144.210 - - [13/May/2026:07:26:23 +1000] "GET /split-aside-fortunate-wilds-position-free-demo-games-comment-2026/ HTTP/2" 200 39927 "-" "Mozilla/5.0 AppleWebKit/537.36 (KHTML, like Gecko; compatible; bingbot/2.0; +http://www.bing.com/bingbot.htm) Chrome/116.0.1938.76 Safari/537.36"
52.167.144.210 - - [13/May/2026:07:26:25 +1000] "GET /uzasny-buffalo-uzijte-prihlaseni-billionairespin-si-skutecny-prijem-porty-online/ HTTP/2" 200 40948 "-" "Mozilla/5.0 AppleWebKit/537.36 (KHTML, like Gecko; compatible; bingbot/2.0; +http://www.bing.com/bingbot.htm) Chrome/116.0.1938.76 Safari/537.36"
77.237.244.221 - - [13/May/2026:07:26:25 +1000] "GET /demos/ HTTP/1.1" 301 752 "-" "Mozilla/5.0 (Windows NT 10.0; Win64; x64) AppleWebKit/537.36 (KHTML, like Gecko) Chrome/91.0.4472.124 Safari/537.36"
91.205.223.56 - - [13/May/2026:07:26:25 +1000] "GET /?author=6 HTTP/1.1" 404 36234 "-" "Mozilla/5.0 (Windows NT 10.0; Win64; x64; rv:49.0) Gecko/20100101 Firefox/49.0"
52.167.144.210 - - [13/May/2026:07:26:26 +1000] "GET /vapauta-uudet-spinfest-bonussaannot-vanhat-lahjat-kirjasta-pois-kuolleista-internetpelissa/ HTTP/2" 200 40377 "-" "Mozilla/5.0 AppleWebKit/537.36 (KHTML, like Gecko; compatible; bingbot/2.0; +http://www.bing.com/bingbot.htm) Chrome/116.0.1938.76 Safari/537.36"
216.73.217.100 - - [13/May/2026:07:26:26 +1000] "GET /alf-casino-review-nz1600-significant-link-invited-added-bonus/feed/ HTTP/2" 200 911 "-" "Mozilla/5.0 AppleWebKit/537.36 (KHTML, like Gecko; compatible; ClaudeBot/1.0; +claudebot@anthropic.com)"
216.73.217.100 - - [13/May/2026:07:26:26 +1000] "GET /voor-jong-gokkasten-performen-klassieker-fruitautomaten/ HTTP/2" 200 40412 "-" "Mozilla/5.0 AppleWebKit/537.36 (KHTML, like Gecko; compatible; ClaudeBot/1.0; +claudebot@anthropic.com)"
77.237.244.221 - - [13/May/2026:07:26:27 +1000] "GET /demos-kostenlose-slots-kein-download-keine-aloha-cluster-pays-slotspiel-fur-geld-anmeldung-geboten/ HTTP/1.1" 200 41950 "-" "Mozilla/5.0 (Windows NT 10.0; Win64; x64) AppleWebKit/537.36 (KHTML, like Gecko) Chrome/91.0.4472.124 Safari/537.36"
216.73.217.100 - - [13/May/2026:07:26:28 +1000] "GET /understand-habit-having-deal-with-right-casino-770red-login-up-broker-notes/ HTTP/2" 200 41330 "-" "Mozilla/5.0 AppleWebKit/537.36 (KHTML, like Gecko; compatible; ClaudeBot/1.0; +claudebot@anthropic.com)"
91.205.223.56 - - [13/May/2026:07:26:28 +1000] "GET /?author=7 HTTP/1.1" 404 36234 "-" "Mozilla/5.0 (Windows NT 10.0; Win64; x64; rv:41.0) Gecko/20100101 Firefox/41.0"
57.141.14.44 - - [13/May/2026:07:26:28 +1000] "GET /products/detail/62879140 HTTP/2" 404 137739 "-" "meta-externalagent/1.1 (+https://developers.facebook.com/docs/sharing/webmasters/crawler)"
52.167.144.210 - - [13/May/2026:07:26:29 +1000] "GET /no-deposit-extra-rules-private-free-offers-inside-2026/ HTTP/2" 200 40349 "-" "Mozilla/5.0 AppleWebKit/537.36 (KHTML, like Gecko; compatible; bingbot/2.0; +http://www.bing.com/bingbot.htm) Chrome/116.0.1938.76 Safari/537.36"
52.167.144.210 - - [13/May/2026:07:26:00 +1000] "GET /post-sitemap25.xml HTTP/2" 200 11889 "-" "Mozilla/5.0 AppleWebKit/537.36 (KHTML, like Gecko; compatible; bingbot/2.0; +http://www.bing.com/bingbot.htm) Chrome/116.0.1938.76 Safari/537.36"
52.167.144.210 - - [13/May/2026:07:26:31 +1000] "GET /ramses-guide-condition-remark-play-ramses-book-trial-2026/ HTTP/2" 200 39844 "-" "Mozilla/5.0 AppleWebKit/537.36 (KHTML, like Gecko; compatible; bingbot/2.0; +http://www.bing.com/bingbot.htm) Chrome/116.0.1938.76 Safari/537.36"
91.205.223.56 - - [13/May/2026:07:26:31 +1000] "GET /?author=8 HTTP/1.1" 404 36234 "-" "Mozilla/5.0 (Windows NT 10.0; Win64; x64; rv:57.0) Gecko/20100101 Firefox/57.0"
52.167.144.210 - - [13/May/2026:07:26:32 +1000] "GET /slots-como-mais-pagam-as-15-mais-lucrativas-puerilidade-2026/ HTTP/2" 200 42735 "-" "Mozilla/5.0 AppleWebKit/537.36 (KHTML, like Gecko; compatible; bingbot/2.0; +http://www.bing.com/bingbot.htm) Chrome/116.0.1938.76 Safari/537.36"
52.167.144.210 - - [13/May/2026:07:26:32 +1000] "GET /los-10-individuos-mejor-pagados-de-el-universo-en-2025/ HTTP/2" 200 44589 "-" "Mozilla/5.0 AppleWebKit/537.36 (KHTML, like Gecko; compatible; bingbot/2.0; +http://www.bing.com/bingbot.htm) Chrome/116.0.1938.76 Safari/537.36"
91.205.223.56 - - [13/May/2026:07:26:33 +1000] "GET /?author=9 HTTP/1.1" 404 36234 "-" "Mozilla/5.0 (Windows NT 10.0; Win64; x64; rv:83.0) Gecko/20100101 Firefox/83.0"
52.167.144.210 - - [13/May/2026:07:26:34 +1000] "GET /javascript-is-not-readily-available/ HTTP/2" 200 40382 "-" "Mozilla/5.0 AppleWebKit/537.36 (KHTML, like Gecko; compatible; bingbot/2.0; +http://www.bing.com/bingbot.htm) Chrome/116.0.1938.76 Safari/537.36"
52.167.144.210 - - [13/May/2026:07:26:34 +1000] "GET /dracula-castigurilor-de-noroc/ HTTP/2" 200 40385 "-" "Mozilla/5.0 AppleWebKit/537.36 (KHTML, like Gecko; compatible; bingbot/2.0; +http://www.bing.com/bingbot.htm) Chrome/116.0.1938.76 Safari/537.36"
216.73.217.100 - - [13/May/2026:07:26:35 +1000] "GET /el-torero-kostenlos-spielen-letter-gebuhrenfrei-abschmecken/feed/ HTTP/2" 200 906 "-" "Mozilla/5.0 AppleWebKit/537.36 (KHTML, like Gecko; compatible; ClaudeBot/1.0; +claudebot@anthropic.com)"
216.73.217.100 - - [13/May/2026:07:26:35 +1000] "GET /revolution-des-spins-gratuits-quotidiens-optimisez-vos-bonus-cashback-grace-a-l-innovation/feed/ HTTP/2" 200 1006 "-" "Mozilla/5.0 AppleWebKit/537.36 (KHTML, like Gecko; compatible; ClaudeBot/1.0; +claudebot@anthropic.com)"
57.141.14.100 - - [13/May/2026:07:26:35 +1000] "GET /products/detail/64488718 HTTP/2" 404 137739 "-" "meta-externalagent/1.1 (+https://developers.facebook.com/docs/sharing/webmasters/crawler)"
52.167.144.210 - - [13/May/2026:07:26:36 +1000] "GET /no-deposit-arv-norge-2026-arv-uten-almisse/ HTTP/2" 200 42005 "-" "Mozilla/5.0 AppleWebKit/537.36 (KHTML, like Gecko; compatible; bingbot/2.0; +http://www.bing.com/bingbot.htm) Chrome/116.0.1938.76 Safari/537.36"
52.167.144.210 - - [13/May/2026:07:26:36 +1000] "GET /beste-spiele-and-spektakulare-boni/ HTTP/2" 200 42379 "-" "Mozilla/5.0 AppleWebKit/537.36 (KHTML, like Gecko; compatible; bingbot/2.0; +http://www.bing.com/bingbot.htm) Chrome/116.0.1938.76 Safari/537.36"
77.237.244.221 - - [13/May/2026:07:26:36 +1000] "GET /framework/ HTTP/1.1" 301 663 "-" "Mozilla/5.0 (Windows NT 10.0; Win64; x64) AppleWebKit/537.36 (KHTML, like Gecko) Chrome/91.0.4472.124 Safari/537.36"
91.205.223.56 - - [13/May/2026:07:26:36 +1000] "GET /?author=10 HTTP/1.1" 404 36234 "-" "Mozilla/5.0 (Windows NT 10.0; Win64; x64; rv:97.0) Gecko/20100101 Firefox/97.0"
216.73.217.100 - - [13/May/2026:07:26:37 +1000] "GET /on-line-future-play-app-download-update-pokies-totally-free-pokies-during-the-24spins-com/ HTTP/2" 200 41280 "-" "Mozilla/5.0 AppleWebKit/537.36 (KHTML, like Gecko; compatible; ClaudeBot/1.0; +claudebot@anthropic.com)"
52.167.144.210 - - [13/May/2026:07:26:38 +1000] "GET /les-casinos-quelque-peu-du-2026-confiance-jeux-et-prime/ HTTP/2" 200 41624 "-" "Mozilla/5.0 AppleWebKit/537.36 (KHTML, like Gecko; compatible; bingbot/2.0; +http://www.bing.com/bingbot.htm) Chrome/116.0.1938.76 Safari/537.36"
52.167.144.210 - - [13/May/2026:07:26:38 +1000] "GET /recenze-vyherniho-automatu-jingle-jingle-2026-zcela-zdarma-demo-jak-zrusit-bonus-v-gate777-hrani/ HTTP/2" 200 41071 "-" "Mozilla/5.0 AppleWebKit/537.36 (KHTML, like Gecko; compatible; bingbot/2.0; +http://www.bing.com/bingbot.htm) Chrome/116.0.1938.76 Safari/537.36"
40.77.167.75 - - [13/May/2026:07:26:39 +1000] "GET /bingo-for-richville-nett-guide-med-pekere-a-beste-sider-elv-anstille-innen/ HTTP/2" 200 42391 "-" "Mozilla/5.0 AppleWebKit/537.36 (KHTML, like Gecko; compatible; bingbot/2.0; +http://www.bing.com/bingbot.htm) Chrome/116.0.1938.76 Safari/537.36"
91.205.223.56 - - [13/May/2026:07:26:39 +1000] "GET /?author=11 HTTP/1.1" 404 36234 "-" "Mozilla/5.0 (Windows NT 10.0; Win64; x64; rv:59.0) Gecko/20100101 Firefox/59.0"
77.237.244.221 - - [13/May/2026:07:26:39 +1000] "GET /framework/ HTTP/1.1" 404 36234 "-" "Mozilla/5.0 (Windows NT 10.0; Win64; x64) AppleWebKit/537.36 (KHTML, like Gecko) Chrome/91.0.4472.124 Safari/537.36"
52.167.144.210 - - [13/May/2026:07:26:40 +1000] "GET /pet-set-100-procent-roztoceni-zdarma-stazeni-prihlasovaci-aplikace-billionairespin-bez-vkladu-extra-nabidky-unor-2026/ HTTP/2" 200 41057 "-" "Mozilla/5.0 AppleWebKit/537.36 (KHTML, like Gecko; compatible; bingbot/2.0; +http://www.bing.com/bingbot.htm) Chrome/116.0.1938.76 Safari/537.36"
52.167.144.210 - - [13/May/2026:07:26:40 +1000] "GET /big-bang/ HTTP/2" 200 42547 "-" "Mozilla/5.0 AppleWebKit/537.36 (KHTML, like Gecko; compatible; bingbot/2.0; +http://www.bing.com/bingbot.htm) Chrome/116.0.1938.76 Safari/537.36"
40.77.167.75 - - [13/May/2026:07:26:40 +1000] "GET /free-spins-premie-2026-primebetz-app-recensie-bedrijfstop-10-gratis-spins-bonussen/ HTTP/2" 200 41086 "-" "Mozilla/5.0 AppleWebKit/537.36 (KHTML, like Gecko; compatible; bingbot/2.0; +http://www.bing.com/bingbot.htm) Chrome/116.0.1938.76 Safari/537.36"
52.167.144.210 - - [13/May/2026:07:26:41 +1000] "GET /pokemon-bright-red-and-you-can-violet-all-scratches-and-ways-to-rating-each-one/ HTTP/2" 200 40935 "-" "Mozilla/5.0 AppleWebKit/537.36 (KHTML, like Gecko; compatible; bingbot/2.0; +http://www.bing.com/bingbot.htm) Chrome/116.0.1938.76 Safari/537.36"
91.205.223.56 - - [13/May/2026:07:26:41 +1000] "GET /?author=12 HTTP/1.1" 404 36234 "-" "Mozilla/5.0 (Windows NT 10.0; Win64; x64; rv:86.0) Gecko/20100101 Firefox/86.0"
40.77.167.75 - - [13/May/2026:07:26:42 +1000] "GET /gaming-possibility-explanation-smarkets-news/ HTTP/2" 200 41462 "-" "Mozilla/5.0 AppleWebKit/537.36 (KHTML, like Gecko; compatible; bingbot/2.0; +http://www.bing.com/bingbot.htm) Chrome/116.0.1938.76 Safari/537.36"
52.167.144.210 - - [13/May/2026:07:26:42 +1000] "GET /online-casino-uber-100-ecu-startguthaben-das-nuchterne-anblick-auf-das-angebliche-gelegenheitskauf/ HTTP/2" 200 42321 "-" "Mozilla/5.0 AppleWebKit/537.36 (KHTML, like Gecko; compatible; bingbot/2.0; +http://www.bing.com/bingbot.htm) Chrome/116.0.1938.76 Safari/537.36"
52.167.144.210 - - [13/May/2026:07:26:43 +1000] "GET /best-casinos-on-the-internet-in-the-usa-2026-a-real-income-websites-ranked/ HTTP/2" 200 39847 "-" "Mozilla/5.0 AppleWebKit/537.36 (KHTML, like Gecko; compatible; bingbot/2.0; +http://www.bing.com/bingbot.htm) Chrome/116.0.1938.76 Safari/537.36"
40.77.167.75 - - [13/May/2026:07:26:43 +1000] "GET /ms-against-rrp-current-match-forecast-cricket-playing-information-tales-league-cricket-llc-2026-match-9-march-19/ HTTP/2" 200 41896 "-" "Mozilla/5.0 AppleWebKit/537.36 (KHTML, like Gecko; compatible; bingbot/2.0; +http://www.bing.com/bingbot.htm) Chrome/116.0.1938.76 Safari/537.36"
77.237.244.221 - - [13/May/2026:07:26:43 +1000] "GET /futbol_sys/ HTTP/1.1" 301 664 "-" "Mozilla/5.0 (Windows NT 10.0; Win64; x64) AppleWebKit/537.36 (KHTML, like Gecko) Chrome/91.0.4472.124 Safari/537.36"
52.167.144.210 - - [13/May/2026:07:26:43 +1000] "GET /nay-novite-petdeset-100-protsenta-bezplatni-revolves-bez-depozit-2026-plen-spisk/ HTTP/2" 200 41711 "-" "Mozilla/5.0 AppleWebKit/537.36 (KHTML, like Gecko; compatible; bingbot/2.0; +http://www.bing.com/bingbot.htm) Chrome/116.0.1938.76 Safari/537.36"
91.205.223.56 - - [13/May/2026:07:26:43 +1000] "GET /?author=13 HTTP/1.1" 200 37124 "-" "Mozilla/5.0 (Windows NT 10.0; Win64; x64; rv:45.0) Gecko/20100101 Firefox/45.0"
52.167.144.210 - - [13/May/2026:07:26:45 +1000] "GET /troll-hunters-2-slot-review-96-5-rtp-play-n-go-2026/ HTTP/2" 200 42473 "-" "Mozilla/5.0 AppleWebKit/537.36 (KHTML, like Gecko; compatible; bingbot/2.0; +http://www.bing.com/bingbot.htm) Chrome/116.0.1938.76 Safari/537.36"
52.167.144.210 - - [13/May/2026:07:26:45 +1000] "GET /our-products-kitko-international-inc-salem-ma/ HTTP/2" 200 42406 "-" "Mozilla/5.0 AppleWebKit/537.36 (KHTML, like Gecko; compatible; bingbot/2.0; +http://www.bing.com/bingbot.htm) Chrome/116.0.1938.76 Safari/537.36"
40.77.167.75 - - [13/May/2026:07:26:45 +1000] "GET /50-voor-spins-buitenshuis-eerste-plaats-storting-2026-geen-inzet-nodig/ HTTP/2" 200 41109 "-" "Mozilla/5.0 AppleWebKit/537.36 (KHTML, like Gecko; compatible; bingbot/2.0; +http://www.bing.com/bingbot.htm) Chrome/116.0.1938.76 Safari/537.36"
77.237.244.221 - - [13/May/2026:07:26:46 +1000] "GET /futbol_sys/ HTTP/1.1" 404 36234 "-" "Mozilla/5.0 (Windows NT 10.0; Win64; x64) AppleWebKit/537.36 (KHTML, like Gecko) Chrome/91.0.4472.124 Safari/537.36"
91.205.223.56 - - [13/May/2026:07:26:46 +1000] "GET /?author=14 HTTP/1.1" 200 37132 "-" "Mozilla/5.0 (Windows NT 10.0; Win64; x64; rv:86.0) Gecko/20100101 Firefox/86.0"
52.167.144.210 - - [13/May/2026:07:26:47 +1000] "GET /web-the-site-sites-including-risk-united-states-local-casino-best-choices-february-2026/ HTTP/2" 200 42019 "-" "Mozilla/5.0 AppleWebKit/537.36 (KHTML, like Gecko; compatible; bingbot/2.0; +http://www.bing.com/bingbot.htm) Chrome/116.0.1938.76 Safari/537.36"
52.167.144.210 - - [13/May/2026:07:26:47 +1000] "GET /piecdziesieciu-gratisowych-spinow-przetestuj-50-darmowych-spinow-bez-depozytu/ HTTP/2" 200 40953 "-" "Mozilla/5.0 AppleWebKit/537.36 (KHTML, like Gecko; compatible; bingbot/2.0; +http://www.bing.com/bingbot.htm) Chrome/116.0.1938.76 Safari/537.36"
40.77.167.75 - - [13/May/2026:07:26:47 +1000] "GET /comment-amuser-a-une-eye-of-ra-play-slot-fraise-nos-accoutumances-pour-apprendre-2026/ HTTP/2" 200 41790 "-" "Mozilla/5.0 AppleWebKit/537.36 (KHTML, like Gecko; compatible; bingbot/2.0; +http://www.bing.com/bingbot.htm) Chrome/116.0.1938.76 Safari/537.36"
216.73.217.100 - - [13/May/2026:07:26:48 +1000] "GET /diese-besten-echtgeld-verbunden-casinos-2026-aktuelle-liste/feed/ HTTP/2" 200 904 "-" "Mozilla/5.0 AppleWebKit/537.36 (KHTML, like Gecko; compatible; ClaudeBot/1.0; +claudebot@anthropic.com)"
216.73.217.100 - - [13/May/2026:07:26:48 +1000] "GET /bitcoin-playn-go-slot-software-online-casinos-je-2026-beste-alternativen/feed/ HTTP/2" 200 944 "-" "Mozilla/5.0 AppleWebKit/537.36 (KHTML, like Gecko; compatible; ClaudeBot/1.0; +claudebot@anthropic.com)"
40.77.167.75 - - [13/May/2026:07:26:49 +1000] "GET /vm-inden-for-fodboldspil-2026-er-vulkanbet-sikker-fa-oje-pa-kampprogram-plu-helbredstilstand-herhen-tv-2/ HTTP/2" 200 42013 "-" "Mozilla/5.0 AppleWebKit/537.36 (KHTML, like Gecko; compatible; bingbot/2.0; +http://www.bing.com/bingbot.htm) Chrome/116.0.1938.76 Safari/537.36"
77.237.244.221 - - [13/May/2026:07:26:49 +1000] "GET /esurat/ HTTP/1.1" 301 660 "-" "Mozilla/5.0 (Windows NT 10.0; Win64; x64) AppleWebKit/537.36 (KHTML, like Gecko) Chrome/91.0.4472.124 Safari/537.36"
91.205.223.56 - - [13/May/2026:07:26:49 +1000] "GET /?author=15 HTTP/1.1" 200 37121 "-" "Mozilla/5.0 (Windows NT 10.0; Win64; x64; rv:44.0) Gecko/20100101 Firefox/44.0"
57.141.14.109 - - [13/May/2026:07:26:49 +1000] "GET /products/detail/62049619 HTTP/2" 404 137739 "-" "meta-externalagent/1.1 (+https://developers.facebook.com/docs/sharing/webmasters/crawler)"
52.167.144.210 - - [13/May/2026:07:26:50 +1000] "GET /innovative-ansatze-im-bereich-der-online-gewinnspiele-transparenz-fairness-und-nutzerbindung/ HTTP/2" 200 41873 "-" "Mozilla/5.0 AppleWebKit/537.36 (KHTML, like Gecko; compatible; bingbot/2.0; +http://www.bing.com/bingbot.htm) Chrome/116.0.1938.76 Safari/537.36"
216.73.217.100 - - [13/May/2026:07:26:50 +1000] "GET /fa-fa-fa-position-comment-2026-test-this-slot-game-pirates-gold-video-game-by-the-genesis-gambling/feed/ HTTP/2" 200 1021 "-" "Mozilla/5.0 AppleWebKit/537.36 (KHTML, like Gecko; compatible; ClaudeBot/1.0; +claudebot@anthropic.com)"
40.77.167.75 - - [13/May/2026:07:26:51 +1000] "GET /innskuddsrente-fastrente-ingen-innskudd-fairspin-for-eksisterende-kunder-0-1-ar/ HTTP/2" 200 42921 "-" "Mozilla/5.0 AppleWebKit/537.36 (KHTML, like Gecko; compatible; bingbot/2.0; +http://www.bing.com/bingbot.htm) Chrome/116.0.1938.76 Safari/537.36"
52.167.144.210 - - [13/May/2026:07:26:52 +1000] "GET /darmowe-spiny-z-brakiem-depozytu-lista-i-kompendium-danych-2025/ HTTP/2" 200 40792 "-" "Mozilla/5.0 AppleWebKit/537.36 (KHTML, like Gecko; compatible; bingbot/2.0; +http://www.bing.com/bingbot.htm) Chrome/116.0.1938.76 Safari/537.36"
40.77.167.75 - - [13/May/2026:07:26:52 +1000] "GET /book-of-dead-pobieranie-aplikacji-royalgame-2025-graj-darmowo-w-trybie-demo-2023/ HTTP/2" 200 41270 "-" "Mozilla/5.0 AppleWebKit/537.36 (KHTML, like Gecko; compatible; bingbot/2.0; +http://www.bing.com/bingbot.htm) Chrome/116.0.1938.76 Safari/537.36"
192.178.4.101 - - [13/May/2026:07:26:51 +1000] "GET /content.php?product/61985674 HTTP/1.1" 200 27510 "-" "Mozilla/5.0 (Linux; Android 6.0.1; Nexus 5X Build/MMB29P) AppleWebKit/537.36 (KHTML, like Gecko) Chrome/147.0.7727.137 Mobile Safari/537.36 (compatible; GoogleOther)"
40.77.167.75 - - [13/May/2026:07:26:54 +1000] "GET /huge-national-100-percent-free-wagers-2026-finest-aintree-now-offers/ HTTP/2" 200 41559 "-" "Mozilla/5.0 AppleWebKit/537.36 (KHTML, like Gecko; compatible; bingbot/2.0; +http://www.bing.com/bingbot.htm) Chrome/116.0.1938.76 Safari/537.36"
77.237.244.221 - - [13/May/2026:07:26:55 +1000] "GET /esurat/ HTTP/1.1" 404 36234 "-" "Mozilla/5.0 (Windows NT 10.0; Win64; x64) AppleWebKit/537.36 (KHTML, like Gecko) Chrome/91.0.4472.124 Safari/537.36"
40.77.167.75 - - [13/May/2026:07:26:56 +1000] "GET /get-the-perfect-driver-dimensions-to-suit-your-top-action-by-action-guide/ HTTP/2" 200 41432 "-" "Mozilla/5.0 AppleWebKit/537.36 (KHTML, like Gecko; compatible; bingbot/2.0; +http://www.bing.com/bingbot.htm) Chrome/116.0.1938.76 Safari/537.36"
40.77.167.75 - - [13/May/2026:07:26:58 +1000] "GET /court-cricket-gaming-applications-in-the-india-february-2026/ HTTP/2" 200 41873 "-" "Mozilla/5.0 AppleWebKit/537.36 (KHTML, like Gecko; compatible; bingbot/2.0; +http://www.bing.com/bingbot.htm) Chrome/116.0.1938.76 Safari/537.36"
40.77.167.75 - - [13/May/2026:07:26:59 +1000] "GET /how-to-cancel-gamstop/ HTTP/2" 200 39766 "-" "Mozilla/5.0 AppleWebKit/537.36 (KHTML, like Gecko; compatible; bingbot/2.0; +http://www.bing.com/bingbot.htm) Chrome/116.0.1938.76 Safari/537.36"
40.77.167.75 - - [13/May/2026:07:27:01 +1000] "GET /delta-force-black-hawk-down-gruppe-betprimeiro-casino-keine-einlagen-promo-codes-sabre-within-steam/ HTTP/2" 200 41610 "-" "Mozilla/5.0 AppleWebKit/537.36 (KHTML, like Gecko; compatible; bingbot/2.0; +http://www.bing.com/bingbot.htm) Chrome/116.0.1938.76 Safari/537.36"
57.141.14.84 - - [13/May/2026:07:27:02 +1000] "GET /products/detail/67936447 HTTP/2" 404 137739 "-" "meta-externalagent/1.1 (+https://developers.facebook.com/docs/sharing/webmasters/crawler)"
40.77.167.75 - - [13/May/2026:07:27:03 +1000] "GET /otzyvy-sotrudnikov-o-platforme-stoit-li-svyazyvatsya-s-somnitelnoy-birzhey-katapult-treyd/ HTTP/2" 200 41075 "-" "Mozilla/5.0 AppleWebKit/537.36 (KHTML, like Gecko; compatible; bingbot/2.0; +http://www.bing.com/bingbot.htm) Chrome/116.0.1938.76 Safari/537.36"
77.237.244.221 - - [13/May/2026:07:27:04 +1000] "GET /freelandadm/ HTTP/1.1" 301 665 "-" "Mozilla/5.0 (Windows NT 10.0; Win64; x64) AppleWebKit/537.36 (KHTML, like Gecko) Chrome/91.0.4472.124 Safari/537.36"
40.77.167.75 - - [13/May/2026:07:27:05 +1000] "GET /ipl-cricket-gaming-racket-damaged-inside-the-pahadishareef-rs-cuatro-90l-cash-seized/ HTTP/2" 200 41218 "-" "Mozilla/5.0 AppleWebKit/537.36 (KHTML, like Gecko; compatible; bingbot/2.0; +http://www.bing.com/bingbot.htm) Chrome/116.0.1938.76 Safari/537.36"
40.77.167.75 - - [13/May/2026:07:27:06 +1000] "GET /pa-bank-2026-se-de-bingo-online-rigtige-penge-bedste-bingosider-i-dannevan/ HTTP/2" 200 41398 "-" "Mozilla/5.0 AppleWebKit/537.36 (KHTML, like Gecko; compatible; bingbot/2.0; +http://www.bing.com/bingbot.htm) Chrome/116.0.1938.76 Safari/537.36"
40.77.167.75 - - [13/May/2026:07:27:07 +1000] "GET /sports-accumulator-resources-with-high-opportunities/ HTTP/2" 200 41409 "-" "Mozilla/5.0 AppleWebKit/537.36 (KHTML, like Gecko; compatible; bingbot/2.0; +http://www.bing.com/bingbot.htm) Chrome/116.0.1938.76 Safari/537.36"
216.73.217.100 - - [13/May/2026:07:27:16 +1000] "GET /enjoy-19300-100-percent-free-crazy-genie-casino-slot-online-game-zero-install/ HTTP/2" 200 41416 "-" "Mozilla/5.0 AppleWebKit/537.36 (KHTML, like Gecko; compatible; ClaudeBot/1.0; +claudebot@anthropic.com)"
216.73.217.100 - - [13/May/2026:07:27:16 +1000] "GET /crystal-tanzfest-slot-50-mafia-casino-slots-promo-codes-freispiele-blos-einzahlung/ HTTP/2" 200 0 "-" "Mozilla/5.0 AppleWebKit/537.36 (KHTML, like Gecko; compatible; ClaudeBot/1.0; +claudebot@anthropic.com)"
216.73.217.100 - - [13/May/2026:07:27:17 +1000] "GET /demonstration-spielen-ubersicht-slot-beetle-frenzy-vollstandige/feed/ HTTP/2" 200 0 "-" "Mozilla/5.0 AppleWebKit/537.36 (KHTML, like Gecko; compatible; ClaudeBot/1.0; +claudebot@anthropic.com)"
216.73.217.100 - - [13/May/2026:07:27:17 +1000] "GET /les-machines-a-sous-qui-ont-fait-leurs-preuves-10-pepites-selectionnees-par-les-experts-du-web/feed/ HTTP/2" 200 0 "-" "Mozilla/5.0 AppleWebKit/537.36 (KHTML, like Gecko; compatible; ClaudeBot/1.0; +claudebot@anthropic.com)"
216.73.217.100 - - [13/May/2026:07:27:19 +1000] "GET /ultimat-casinobonus-casino-bonusar-som-du-icke-visste-fanns/ HTTP/2" 200 0 "-" "Mozilla/5.0 AppleWebKit/537.36 (KHTML, like Gecko; compatible; ClaudeBot/1.0; +claudebot@anthropic.com)"
216.73.217.100 - - [13/May/2026:07:27:26 +1000] "GET /acabamento-brazilian-7-gold-gigablox-slots-online-com-bagarote-infantilidade-autenticidade/feed/ HTTP/2" 200 997 "-" "Mozilla/5.0 AppleWebKit/537.36 (KHTML, like Gecko; compatible; ClaudeBot/1.0; +claudebot@anthropic.com)"
40.77.167.75 - - [13/May/2026:07:27:17 +1000] "GET /paris-hippiques-un-brin-achats-en-direct-emplacement-rise-of-ra-video-pronostics-trajet-plateforme-ordres/ HTTP/2" 200 42054 "-" "Mozilla/5.0 AppleWebKit/537.36 (KHTML, like Gecko; compatible; bingbot/2.0; +http://www.bing.com/bingbot.htm) Chrome/116.0.1938.76 Safari/537.36"
40.77.167.75 - - [13/May/2026:07:27:08 +1000] "GET /best-numbers-for-roulette/ HTTP/2" 200 39849 "-" "Mozilla/5.0 AppleWebKit/537.36 (KHTML, like Gecko; compatible; bingbot/2.0; +http://www.bing.com/bingbot.htm) Chrome/116.0.1938.76 Safari/537.36"
77.237.244.221 - - [13/May/2026:07:27:16 +1000] "GET /freelandadm/ HTTP/1.1" 200 0 "-" "Mozilla/5.0 (Windows NT 10.0; Win64; x64) AppleWebKit/537.36 (KHTML, like Gecko) Chrome/91.0.4472.124 Safari/537.36"
57.141.14.30 - - [13/May/2026:07:27:17 +1000] "GET /products/detail/69329332 HTTP/2" 404 137739 "-" "meta-externalagent/1.1 (+https://developers.facebook.com/docs/sharing/webmasters/crawler)"
57.141.14.44 - - [13/May/2026:07:27:16 +1000] "GET /products/detail/57333151 HTTP/2" 404 137739 "-" "meta-externalagent/1.1 (+https://developers.facebook.com/docs/sharing/webmasters/crawler)"
40.77.167.75 - - [13/May/2026:07:27:32 +1000] "GET /code-de-reduc-betclic-100-iwinfortune-bonus-de-casino-rembourses-dans-en-especes-du-septembre-2026-de-bcg-gardien-de-but-com-gaulois/ HTTP/2" 200 41981 "-" "Mozilla/5.0 AppleWebKit/537.36 (KHTML, like Gecko; compatible; bingbot/2.0; +http://www.bing.com/bingbot.htm) Chrome/116.0.1938.76 Safari/537.36"
192.178.4.101 - - [13/May/2026:07:27:27 +1000] "GET /content.php?product/90657490 HTTP/1.1" 200 28725 "-" "Mozilla/5.0 (Linux; Android 6.0.1; Nexus 5X Build/MMB29P) AppleWebKit/537.36 (KHTML, like Gecko) Chrome/147.0.7727.137 Mobile Safari/537.36 (compatible; GoogleOther)"
40.77.167.75 - - [13/May/2026:07:27:33 +1000] "GET /maria-casino-review-sikken-2026-play-with-fantastic-casino-resident-promotions/ HTTP/2" 200 40885 "-" "Mozilla/5.0 AppleWebKit/537.36 (KHTML, like Gecko; compatible; bingbot/2.0; +http://www.bing.com/bingbot.htm) Chrome/116.0.1938.76 Safari/537.36"
77.237.244.221 - - [13/May/2026:07:27:33 +1000] "GET /ferramentas/ HTTP/1.1" 301 665 "-" "Mozilla/5.0 (Windows NT 10.0; Win64; x64) AppleWebKit/537.36 (KHTML, like Gecko) Chrome/91.0.4472.124 Safari/537.36"
40.77.167.75 - - [13/May/2026:07:27:35 +1000] "GET /lapland-uk-review-a-mums-suggestions-about-can-cost-you-info-and-whether-it-casino-dead-or-alive-is-worth-the-money/ HTTP/2" 200 42429 "-" "Mozilla/5.0 AppleWebKit/537.36 (KHTML, like Gecko; compatible; bingbot/2.0; +http://www.bing.com/bingbot.htm) Chrome/116.0.1938.76 Safari/537.36"
40.77.167.75 - - [13/May/2026:07:27:35 +1000] "GET /free-soins-no-deposit/ HTTP/2" 200 41826 "-" "Mozilla/5.0 AppleWebKit/537.36 (KHTML, like Gecko; compatible; bingbot/2.0; +http://www.bing.com/bingbot.htm) Chrome/116.0.1938.76 Safari/537.36"
77.237.244.221 - - [13/May/2026:07:27:36 +1000] "GET /ferramentas/ HTTP/1.1" 404 36245 "-" "Mozilla/5.0 (Windows NT 10.0; Win64; x64) AppleWebKit/537.36 (KHTML, like Gecko) Chrome/91.0.4472.124 Safari/537.36"
40.77.167.75 - - [13/May/2026:07:27:36 +1000] "GET /password-term-horse-rushing-gaming-chance-february-2026-wager-on-pony-race-having-oddsdigger-united-kingdom/ HTTP/2" 200 41752 "-" "Mozilla/5.0 AppleWebKit/537.36 (KHTML, like Gecko; compatible; bingbot/2.0; +http://www.bing.com/bingbot.htm) Chrome/116.0.1938.76 Safari/537.36"
40.77.167.75 - - [13/May/2026:07:27:37 +1000] "GET /incentive-rules-2026/ HTTP/2" 200 40359 "-" "Mozilla/5.0 AppleWebKit/537.36 (KHTML, like Gecko; compatible; bingbot/2.0; +http://www.bing.com/bingbot.htm) Chrome/116.0.1938.76 Safari/537.36"
40.77.167.75 - - [13/May/2026:07:27:37 +1000] "GET /casino-room-recension-i-100-extra-50-freespins-2026/ HTTP/2" 200 41693 "-" "Mozilla/5.0 AppleWebKit/537.36 (KHTML, like Gecko; compatible; bingbot/2.0; +http://www.bing.com/bingbot.htm) Chrome/116.0.1938.76 Safari/537.36"
40.77.167.75 - - [13/May/2026:07:27:38 +1000] "GET /slotimo-ein-blick-in-die-welt-der-automatenspiele/ HTTP/2" 200 39709 "-" "Mozilla/5.0 AppleWebKit/537.36 (KHTML, like Gecko; compatible; bingbot/2.0; +http://www.bing.com/bingbot.htm) Chrome/116.0.1938.76 Safari/537.36"
40.77.167.75 - - [13/May/2026:07:27:39 +1000] "GET /all-alternativt-kungen-casino-tillsamman-latta-2026-%E3%80%90lista%E3%80%91/ HTTP/2" 200 41377 "-" "Mozilla/5.0 AppleWebKit/537.36 (KHTML, like Gecko; compatible; bingbot/2.0; +http://www.bing.com/bingbot.htm) Chrome/116.0.1938.76 Safari/537.36"
77.237.244.221 - - [13/May/2026:07:27:39 +1000] "GET /fashion_club/ HTTP/1.1" 301 666 "-" "Mozilla/5.0 (Windows NT 10.0; Win64; x64) AppleWebKit/537.36 (KHTML, like Gecko) Chrome/91.0.4472.124 Safari/537.36"
40.77.167.75 - - [13/May/2026:07:27:40 +1000] "GET /jamfora-basta-casino-sidan-villig-nate-hos-oss-skattefria-2026/ HTTP/2" 200 41349 "-" "Mozilla/5.0 AppleWebKit/537.36 (KHTML, like Gecko; compatible; bingbot/2.0; +http://www.bing.com/bingbot.htm) Chrome/116.0.1938.76 Safari/537.36"
40.77.167.75 - - [13/May/2026:07:27:40 +1000] "GET /the-fresh-twenty-five-free-revolves-no-deposit-2026-%EF%B8%8F-over-number/ HTTP/2" 200 40564 "-" "Mozilla/5.0 AppleWebKit/537.36 (KHTML, like Gecko; compatible; bingbot/2.0; +http://www.bing.com/bingbot.htm) Chrome/116.0.1938.76 Safari/537.36"
40.77.167.75 - - [13/May/2026:07:27:41 +1000] "GET /immediate-access/ HTTP/2" 200 40236 "-" "Mozilla/5.0 AppleWebKit/537.36 (KHTML, like Gecko; compatible; bingbot/2.0; +http://www.bing.com/bingbot.htm) Chrome/116.0.1938.76 Safari/537.36"
40.77.167.75 - - [13/May/2026:07:27:42 +1000] "GET /basta-online-casino-2025-komplett-guide-innan-svenska-spelare/ HTTP/2" 200 41342 "-" "Mozilla/5.0 AppleWebKit/537.36 (KHTML, like Gecko; compatible; bingbot/2.0; +http://www.bing.com/bingbot.htm) Chrome/116.0.1938.76 Safari/537.36"
40.77.167.75 - - [13/May/2026:07:27:43 +1000] "GET /kralovsky-zlatozber-rychlejsi-vyhodny-vynos-za-hraca-rich-royal/ HTTP/2" 200 40378 "-" "Mozilla/5.0 AppleWebKit/537.36 (KHTML, like Gecko; compatible; bingbot/2.0; +http://www.bing.com/bingbot.htm) Chrome/116.0.1938.76 Safari/537.36"
77.237.244.221 - - [13/May/2026:07:27:41 +1000] "GET /fashion_club/ HTTP/1.1" 404 36245 "-" "Mozilla/5.0 (Windows NT 10.0; Win64; x64) AppleWebKit/537.36 (KHTML, like Gecko) Chrome/91.0.4472.124 Safari/537.36"
40.77.167.75 - - [13/May/2026:07:27:55 +1000] "GET /extra-inte-med-omsattningskrav-2026-betrakta-alla-bolag-inom-var-fortecknin/ HTTP/2" 200 41204 "-" "Mozilla/5.0 AppleWebKit/537.36 (KHTML, like Gecko; compatible; bingbot/2.0; +http://www.bing.com/bingbot.htm) Chrome/116.0.1938.76 Safari/537.36"
40.77.167.75 - - [13/May/2026:07:27:55 +1000] "GET /svenska-spraket-casino-kungen-nate-2026-basta-natcasinon-fortecknin/ HTTP/2" 200 41370 "-" "Mozilla/5.0 AppleWebKit/537.36 (KHTML, like Gecko; compatible; bingbot/2.0; +http://www.bing.com/bingbot.htm) Chrome/116.0.1938.76 Safari/537.36"
40.77.167.75 - - [13/May/2026:07:27:58 +1000] "GET /iletisim/ HTTP/2" 200 40263 "-" "Mozilla/5.0 AppleWebKit/537.36 (KHTML, like Gecko; compatible; bingbot/2.0; +http://www.bing.com/bingbot.htm) Chrome/116.0.1938.76 Safari/537.36"
40.77.167.75 - - [13/May/2026:07:27:58 +1000] "GET /hur-sa-som-lockar-lirar-mo-casinon-utan-svenska-tillstand/ HTTP/2" 200 41015 "-" "Mozilla/5.0 AppleWebKit/537.36 (KHTML, like Gecko; compatible; bingbot/2.0; +http://www.bing.com/bingbot.htm) Chrome/116.0.1938.76 Safari/537.36"
77.237.244.221 - - [13/May/2026:07:27:58 +1000] "GET /fcma/ HTTP/1.1" 301 658 "-" "Mozilla/5.0 (Windows NT 10.0; Win64; x64) AppleWebKit/537.36 (KHTML, like Gecko) Chrome/91.0.4472.124 Safari/537.36"
40.77.167.75 - - [13/May/2026:07:28:00 +1000] "GET /casino-utan-konto-2026-alltsammans-listan-7-nya/ HTTP/2" 200 41209 "-" "Mozilla/5.0 AppleWebKit/537.36 (KHTML, like Gecko; compatible; bingbot/2.0; +http://www.bing.com/bingbot.htm) Chrome/116.0.1938.76 Safari/537.36"
40.77.167.75 - - [13/May/2026:07:28:00 +1000] "GET /showboat-branson-belle-2026-agenda-entry/ HTTP/2" 200 40087 "-" "Mozilla/5.0 AppleWebKit/537.36 (KHTML, like Gecko; compatible; bingbot/2.0; +http://www.bing.com/bingbot.htm) Chrome/116.0.1938.76 Safari/537.36"
192.178.4.100 - - [13/May/2026:07:28:00 +1000] "GET /?products/detail/58051432 HTTP/1.1" 200 39136 "-" "Mozilla/5.0 (Linux; Android 6.0.1; Nexus 5X Build/MMB29P) AppleWebKit/537.36 (KHTML, like Gecko) Chrome/147.0.7727.137 Mobile Safari/537.36 (compatible; Googlebot/2.1; +http://www.google.com/bot.html)"
77.237.244.221 - - [13/May/2026:07:28:01 +1000] "GET /fcma/ HTTP/1.1" 404 36245 "-" "Mozilla/5.0 (Windows NT 10.0; Win64; x64) AppleWebKit/537.36 (KHTML, like Gecko) Chrome/91.0.4472.124 Safari/537.36"
40.77.167.75 - - [13/May/2026:07:28:02 +1000] "GET /tours-sans-frais-sans-nul-classe-2026-top-articles-du-janvier/ HTTP/2" 200 41487 "-" "Mozilla/5.0 AppleWebKit/537.36 (KHTML, like Gecko; compatible; bingbot/2.0; +http://www.bing.com/bingbot.htm) Chrome/116.0.1938.76 Safari/537.36"
40.77.167.75 - - [13/May/2026:07:28:02 +1000] "GET /casinobonusar-april-2026-blaffig-upprakning-ovanfor-dom-ultimata-bonusarna/ HTTP/2" 200 41306 "-" "Mozilla/5.0 AppleWebKit/537.36 (KHTML, like Gecko; compatible; bingbot/2.0; +http://www.bing.com/bingbot.htm) Chrome/116.0.1938.76 Safari/537.36"
40.77.167.75 - - [13/May/2026:07:28:04 +1000] "GET /salle-de-jeu-periodes-sans-frais-sans-avoir-i-classe-i-du-canada-25-cent-packages/ HTTP/2" 200 41592 "-" "Mozilla/5.0 AppleWebKit/537.36 (KHTML, like Gecko; compatible; bingbot/2.0; +http://www.bing.com/bingbot.htm) Chrome/116.0.1938.76 Safari/537.36"
40.77.167.75 - - [13/May/2026:07:28:04 +1000] "GET /best-payout-slots/ HTTP/2" 200 40087 "-" "Mozilla/5.0 AppleWebKit/537.36 (KHTML, like Gecko; compatible; bingbot/2.0; +http://www.bing.com/bingbot.htm) Chrome/116.0.1938.76 Safari/537.36"
216.73.217.100 - - [13/May/2026:07:28:05 +1000] "GET /ervaar-de-gloeiende-sensaties-van-fire-joker-slot-klassieke-3x3-fruitplezier/feed/ HTTP/2" 200 960 "-" "Mozilla/5.0 AppleWebKit/537.36 (KHTML, like Gecko; compatible; ClaudeBot/1.0; +claudebot@anthropic.com)"
77.237.244.221 - - [13/May/2026:07:28:05 +1000] "GET /datagen/ HTTP/1.1" 301 661 "-" "Mozilla/5.0 (Windows NT 10.0; Win64; x64) AppleWebKit/537.36 (KHTML, like Gecko) Chrome/91.0.4472.124 Safari/537.36"
216.73.217.100 - - [13/May/2026:07:28:05 +1000] "GET /salle-de-jeu-periodes-sans-frais-sans-avoir-i-classe-i-du-canada-25-cent-packages/ HTTP/2" 200 41592 "-" "Mozilla/5.0 AppleWebKit/537.36 (KHTML, like Gecko; compatible; ClaudeBot/1.0; +claudebot@anthropic.com)"
40.77.167.75 - - [13/May/2026:07:28:05 +1000] "GET /fria-online-lockton-prova-genast-kungen-y8-com/ HTTP/2" 200 41366 "-" "Mozilla/5.0 AppleWebKit/537.36 (KHTML, like Gecko; compatible; bingbot/2.0; +http://www.bing.com/bingbot.htm) Chrome/116.0.1938.76 Safari/537.36"
40.77.167.75 - - [13/May/2026:07:28:06 +1000] "GET /puzzled-by-a-golf-scorecard-an-easy-newbies-guide/ HTTP/2" 200 41850 "-" "Mozilla/5.0 AppleWebKit/537.36 (KHTML, like Gecko; compatible; bingbot/2.0; +http://www.bing.com/bingbot.htm) Chrome/116.0.1938.76 Safari/537.36"
216.73.217.100 - - [13/May/2026:07:28:06 +1000] "GET /hauptseite-tierpark-bayerische-raging-rhino-slot-landeshauptstadt/feed/ HTTP/2" 200 922 "-" "Mozilla/5.0 AppleWebKit/537.36 (KHTML, like Gecko; compatible; ClaudeBot/1.0; +claudebot@anthropic.com)"
40.77.167.75 - - [13/May/2026:07:28:07 +1000] "GET /casino-utan-svensk-koncession-2025-allt-du-behover-vet/ HTTP/2" 200 41074 "-" "Mozilla/5.0 AppleWebKit/537.36 (KHTML, like Gecko; compatible; bingbot/2.0; +http://www.bing.com/bingbot.htm) Chrome/116.0.1938.76 Safari/537.36"
40.77.167.75 - - [13/May/2026:07:28:08 +1000] "GET /tussenvoegsel-vegas/ HTTP/2" 200 40810 "-" "Mozilla/5.0 AppleWebKit/537.36 (KHTML, like Gecko; compatible; bingbot/2.0; +http://www.bing.com/bingbot.htm) Chrome/116.0.1938.76 Safari/537.36"
77.237.244.221 - - [13/May/2026:07:28:07 +1000] "GET /datagen/ HTTP/1.1" 404 36234 "-" "Mozilla/5.0 (Windows NT 10.0; Win64; x64) AppleWebKit/537.36 (KHTML, like Gecko) Chrome/91.0.4472.124 Safari/537.36"
40.77.167.75 - - [13/May/2026:07:28:08 +1000] "GET /casino-extra-2026-sveriges-basta-insattningsbonus-50-bonusar/ HTTP/2" 200 41219 "-" "Mozilla/5.0 AppleWebKit/537.36 (KHTML, like Gecko; compatible; bingbot/2.0; +http://www.bing.com/bingbot.htm) Chrome/116.0.1938.76 Safari/537.36"
192.178.4.100 - - [13/May/2026:07:28:09 +1000] "POST /wp-admin/admin-ajax.php HTTP/1.1" 200 1279 "https://www.coridyan.com/?products/detail/58051432" "Mozilla/5.0 (Linux; Android 6.0.1; Nexus 5X Build/MMB29P) AppleWebKit/537.36 (KHTML, like Gecko) Chrome/147.0.7727.137 Mobile Safari/537.36 (compatible; Googlebot/2.1; +http://www.google.com/bot.html)"
40.77.167.75 - - [13/May/2026:07:28:09 +1000] "GET /gladiator-position-opinion-2026-jackpots-avg-more-c1-million/ HTTP/2" 200 39859 "-" "Mozilla/5.0 AppleWebKit/537.36 (KHTML, like Gecko; compatible; bingbot/2.0; +http://www.bing.com/bingbot.htm) Chrome/116.0.1938.76 Safari/537.36"
216.73.217.100 - - [13/May/2026:07:28:09 +1000] "GET /no-deposit-bonus-slot-online-jolly-beluga-whales-rules-private-free-now-offers-inside-the-2026/feed/ HTTP/2" 200 1009 "-" "Mozilla/5.0 AppleWebKit/537.36 (KHTML, like Gecko; compatible; ClaudeBot/1.0; +claudebot@anthropic.com)"
216.73.217.100 - - [13/May/2026:07:28:09 +1000] "GET /free-online-casino-138-mobile-pokies-gamble-7400-100-percent-free-pokies-games/ HTTP/2" 200 40772 "-" "Mozilla/5.0 AppleWebKit/537.36 (KHTML, like Gecko; compatible; ClaudeBot/1.0; +claudebot@anthropic.com)"
111.67.29.221 - - [13/May/2026:07:28:11 +1000] "POST /wp-cron.php?doing_wp_cron=1778621291.6855180263519287109375 HTTP/1.1" 200 445 "https://www.coridyan.com/wp-cron.php?doing_wp_cron=1778621291.6855180263519287109375" "WordPress/6.0.11; https://www.coridyan.com"
111.67.29.221 - - [13/May/2026:07:28:11 +1000] "POST /wp-cron.php?doing_wp_cron=1778621291.9531788825988769531250 HTTP/1.1" 200 445 "https://www.coridyan.com/wp-cron.php?doing_wp_cron=1778621291.9531788825988769531250" "WordPress/6.0.11; https://www.coridyan.com"
40.77.167.75 - - [13/May/2026:07:28:10 +1000] "GET /funciona-bananas-go-bahamas/ HTTP/2" 200 44674 "-" "Mozilla/5.0 AppleWebKit/537.36 (KHTML, like Gecko; compatible; bingbot/2.0; +http://www.bing.com/bingbot.htm) Chrome/116.0.1938.76 Safari/537.36"
40.77.167.75 - - [13/May/2026:07:28:11 +1000] "GET /150-free-spins-no-deposit-incentives-in-the-nz-number-march-2026/ HTTP/2" 200 40046 "-" "Mozilla/5.0 AppleWebKit/537.36 (KHTML, like Gecko; compatible; bingbot/2.0; +http://www.bing.com/bingbot.htm) Chrome/116.0.1938.76 Safari/537.36"
111.67.29.221 - - [13/May/2026:07:28:12 +1000] "POST /wp-cron.php?doing_wp_cron=1778621292.4816091060638427734375 HTTP/1.1" 200 445 "https://www.coridyan.com/wp-cron.php?doing_wp_cron=1778621292.4816091060638427734375" "WordPress/6.0.11; https://www.coridyan.com"
111.67.29.221 - - [13/May/2026:07:28:12 +1000] "POST /wp-cron.php?doing_wp_cron=1778621292.6825079917907714843750 HTTP/1.1" 200 445 "https://www.coridyan.com/wp-cron.php?doing_wp_cron=1778621292.6825079917907714843750" "WordPress/6.0.11; https://www.coridyan.com"
216.73.217.100 - - [13/May/2026:07:28:11 +1000] "GET /lord-lucky-local-casino-opinion-invited-21casino-legit-incentive-away-from-a-hundred-to-500/ HTTP/2" 200 41137 "-" "Mozilla/5.0 AppleWebKit/537.36 (KHTML, like Gecko; compatible; ClaudeBot/1.0; +claudebot@anthropic.com)"
77.237.244.221 - - [13/May/2026:07:28:11 +1000] "GET /entmain/ HTTP/1.1" 301 661 "-" "Mozilla/5.0 (Windows NT 10.0; Win64; x64) AppleWebKit/537.36 (KHTML, like Gecko) Chrome/91.0.4472.124 Safari/537.36"
40.77.167.75 - - [13/May/2026:07:28:13 +1000] "GET /online-gokhuis-belgie-2026-kosteloos-startgeld-and-free-spins/ HTTP/2" 200 40744 "-" "Mozilla/5.0 AppleWebKit/537.36 (KHTML, like Gecko; compatible; bingbot/2.0; +http://www.bing.com/bingbot.htm) Chrome/116.0.1938.76 Safari/537.36"
40.77.167.75 - - [13/May/2026:07:28:14 +1000] "GET /casino-tillsamman-rapp-uttag-2026/ HTTP/2" 200 41446 "-" "Mozilla/5.0 AppleWebKit/537.36 (KHTML, like Gecko; compatible; bingbot/2.0; +http://www.bing.com/bingbot.htm) Chrome/116.0.1938.76 Safari/537.36"
40.77.167.75 - - [13/May/2026:07:28:15 +1000] "GET /brugeroplevelsen-ved-bet365-er-praeget-af-sted-et-up-to-dat-og-intuitivt-formgivning-heri-reservere-det-let-at-navigere-blandt-forskellige-idraet-og-funktioner-hjemmesiden-er-anskuelig-i-kraft-af-kl/ HTTP/2" 200 42421 "-" "Mozilla/5.0 AppleWebKit/537.36 (KHTML, like Gecko; compatible; bingbot/2.0; +http://www.bing.com/bingbot.htm) Chrome/116.0.1938.76 Safari/537.36"
77.237.244.221 - - [13/May/2026:07:28:15 +1000] "GET /entmain/ HTTP/1.1" 404 36234 "-" "Mozilla/5.0 (Windows NT 10.0; Win64; x64) AppleWebKit/537.36 (KHTML, like Gecko) Chrome/91.0.4472.124 Safari/537.36"
40.77.167.75 - - [13/May/2026:07:28:16 +1000] "GET /ultimat-mobila-casinoappar-i-sverige-2026-bonusar-rappa-uttag/ HTTP/2" 200 41123 "-" "Mozilla/5.0 AppleWebKit/537.36 (KHTML, like Gecko; compatible; bingbot/2.0; +http://www.bing.com/bingbot.htm) Chrome/116.0.1938.76 Safari/537.36"
40.77.167.75 - - [13/May/2026:07:28:17 +1000] "GET /svensk-person-bingo-om-bestammels-historia-och-varenda-ni-list-prova-bingo-online/ HTTP/2" 200 41454 "-" "Mozilla/5.0 AppleWebKit/537.36 (KHTML, like Gecko; compatible; bingbot/2.0; +http://www.bing.com/bingbot.htm) Chrome/116.0.1938.76 Safari/537.36"
40.77.167.75 - - [13/May/2026:07:28:17 +1000] "GET /avis-sur-megawin-casino-trio-000-pour-bonus-75-fs-en-2026/ HTTP/2" 200 41790 "-" "Mozilla/5.0 AppleWebKit/537.36 (KHTML, like Gecko; compatible; bingbot/2.0; +http://www.bing.com/bingbot.htm) Chrome/116.0.1938.76 Safari/537.36"
40.77.167.75 - - [13/May/2026:07:28:19 +1000] "GET /dix-concentration-de-bonne-admissibles-sauf-que-veritables-lequel-fonctionnent-veritablement-lors-de-2026/ HTTP/2" 200 41589 "-" "Mozilla/5.0 AppleWebKit/537.36 (KHTML, like Gecko; compatible; bingbot/2.0; +http://www.bing.com/bingbot.htm) Chrome/116.0.1938.76 Safari/537.36"
77.237.244.221 - - [13/May/2026:07:28:19 +1000] "GET /facturacion/ HTTP/1.1" 301 665 "-" "Mozilla/5.0 (Windows NT 10.0; Win64; x64) AppleWebKit/537.36 (KHTML, like Gecko) Chrome/91.0.4472.124 Safari/537.36"
192.178.4.100 - - [13/May/2026:07:28:17 +1000] "POST /wp-json/platformist-quadendpointer-sxadtr/v1/s6qgn HTTP/1.1" 200 1683 "https://www.coridyan.com/?products/detail/58051432" "Mozilla/5.0 (Linux; Android 6.0.1; Nexus 5X Build/MMB29P) AppleWebKit/537.36 (KHTML, like Gecko) Chrome/147.0.7727.137 Mobile Safari/537.36 (compatible; Googlebot/2.1; +http://www.google.com/bot.html)"
40.77.167.75 - - [13/May/2026:07:28:19 +1000] "GET /queen-of-ones-nile-position-a-complete-opinion-successful-information/ HTTP/2" 200 39803 "-" "Mozilla/5.0 AppleWebKit/537.36 (KHTML, like Gecko; compatible; bingbot/2.0; +http://www.bing.com/bingbot.htm) Chrome/116.0.1938.76 Safari/537.36"
40.77.167.75 - - [13/May/2026:07:28:21 +1000] "GET /trading-v1-mummy-live-10x-deuce-wild-online-financing/ HTTP/2" 200 41857 "-" "Mozilla/5.0 AppleWebKit/537.36 (KHTML, like Gecko; compatible; bingbot/2.0; +http://www.bing.com/bingbot.htm) Chrome/116.0.1938.76 Safari/537.36"
40.77.167.75 - - [13/May/2026:07:28:21 +1000] "GET /50-fre-primebetz-belgi-spins-buitenshuis-storting-binnenlan-gladiato-1-betaling-2026-sprokkelmaand-2026-%E5%B1%B1%E4%B8%9C%E8%8E%B1%E8%8C%B5%E8%89%BE%E4%BD%B3%E7%94%B5%E6%A2%AF%E6%9C%89%E9%99%90/ HTTP/2" 200 41145 "-" "Mozilla/5.0 AppleWebKit/537.36 (KHTML, like Gecko; compatible; bingbot/2.0; +http://www.bing.com/bingbot.htm) Chrome/116.0.1938.76 Safari/537.36"
77.237.244.221 - - [13/May/2026:07:28:21 +1000] "GET /facturacion/ HTTP/1.1" 404 36234 "-" "Mozilla/5.0 (Windows NT 10.0; Win64; x64) AppleWebKit/537.36 (KHTML, like Gecko) Chrome/91.0.4472.124 Safari/537.36"
