40.77.167.75 - - [13/May/2026:07:21:15 +1000] "GET /free-spins-on-your-birthday-uk/ HTTP/2" 200 39893 "-" "Mozilla/5.0 AppleWebKit/537.36 (KHTML, like Gecko; compatible; bingbot/2.0; +http://www.bing.com/bingbot.htm) Chrome/116.0.1938.76 Safari/537.36"
40.77.167.53 - - [13/May/2026:07:21:16 +1000] "GET /strona-glowna-tv-sanok-swiezosci-propozycje-coyote-moon-5-depozyt-przedsiebiorstwa/ HTTP/2" 200 41525 "-" "Mozilla/5.0 AppleWebKit/537.36 (KHTML, like Gecko; compatible; bingbot/2.0; +http://www.bing.com/bingbot.htm) Chrome/116.0.1938.76 Safari/537.36"
77.237.244.221 - - [13/May/2026:07:21:16 +1000] "GET /journals/ HTTP/1.1" 404 36234 "-" "Mozilla/5.0 (Windows NT 10.0; Win64; x64) AppleWebKit/537.36 (KHTML, like Gecko) Chrome/91.0.4472.124 Safari/537.36"
40.77.167.75 - - [13/May/2026:07:21:17 +1000] "GET /best-welcome-offers/ HTTP/2" 200 40440 "-" "Mozilla/5.0 AppleWebKit/537.36 (KHTML, like Gecko; compatible; bingbot/2.0; +http://www.bing.com/bingbot.htm) Chrome/116.0.1938.76 Safari/537.36"
40.77.167.53 - - [13/May/2026:07:21:18 +1000] "GET /bingo-dinero-conveniente-chile-una-cruda-realidad-de-su-talento-gratuito-conservatorio-profesional-sobre-melodias-jacinto-alborotador/ HTTP/2" 200 43725 "-" "Mozilla/5.0 AppleWebKit/537.36 (KHTML, like Gecko; compatible; bingbot/2.0; +http://www.bing.com/bingbot.htm) Chrome/116.0.1938.76 Safari/537.36"
40.77.167.75 - - [13/May/2026:07:21:19 +1000] "GET /bingo-net-united-kingdom/ HTTP/2" 200 40219 "-" "Mozilla/5.0 AppleWebKit/537.36 (KHTML, like Gecko; compatible; bingbot/2.0; +http://www.bing.com/bingbot.htm) Chrome/116.0.1938.76 Safari/537.36"
40.77.167.53 - - [13/May/2026:07:20:40 +1000] "GET /post-sitemap27.xml HTTP/2" 200 46588 "-" "Mozilla/5.0 AppleWebKit/537.36 (KHTML, like Gecko; compatible; bingbot/2.0; +http://www.bing.com/bingbot.htm) Chrome/116.0.1938.76 Safari/537.36"
77.237.244.221 - - [13/May/2026:07:21:20 +1000] "GET /journal/ HTTP/1.1" 301 661 "-" "Mozilla/5.0 (Windows NT 10.0; Win64; x64) AppleWebKit/537.36 (KHTML, like Gecko) Chrome/91.0.4472.124 Safari/537.36"
40.77.167.75 - - [13/May/2026:07:21:20 +1000] "GET /sexologia-integral-y-medicina-bioregulatoria-3/ HTTP/2" 200 43539 "-" "Mozilla/5.0 AppleWebKit/537.36 (KHTML, like Gecko; compatible; bingbot/2.0; +http://www.bing.com/bingbot.htm) Chrome/116.0.1938.76 Safari/537.36"
40.77.167.53 - - [13/May/2026:07:21:20 +1000] "GET /10-wild-pumpkin/ HTTP/2" 200 42607 "-" "Mozilla/5.0 AppleWebKit/537.36 (KHTML, like Gecko; compatible; bingbot/2.0; +http://www.bing.com/bingbot.htm) Chrome/116.0.1938.76 Safari/537.36"
40.77.167.53 - - [13/May/2026:07:21:21 +1000] "GET /tree-jim-el-dorado-viking-wilds-step-one-deposit-reputation-review-2026-demo/ HTTP/2" 200 40312 "-" "Mozilla/5.0 AppleWebKit/537.36 (KHTML, like Gecko; compatible; bingbot/2.0; +http://www.bing.com/bingbot.htm) Chrome/116.0.1938.76 Safari/537.36"
40.77.167.53 - - [13/May/2026:07:21:22 +1000] "GET /n1-casino-tokyo-nights-local-casino-free-spin-incentive-full-opinion%E3%80%902026%E3%80%91/ HTTP/2" 200 41782 "-" "Mozilla/5.0 AppleWebKit/537.36 (KHTML, like Gecko; compatible; bingbot/2.0; +http://www.bing.com/bingbot.htm) Chrome/116.0.1938.76 Safari/537.36"
40.77.167.75 - - [13/May/2026:07:21:22 +1000] "GET /redes-de-monitoreo-kimun-ko/ HTTP/2" 200 41487 "-" "Mozilla/5.0 AppleWebKit/537.36 (KHTML, like Gecko; compatible; bingbot/2.0; +http://www.bing.com/bingbot.htm) Chrome/116.0.1938.76 Safari/537.36"
77.237.244.221 - - [13/May/2026:07:21:22 +1000] "GET /journal/ HTTP/1.1" 404 36234 "-" "Mozilla/5.0 (Windows NT 10.0; Win64; x64) AppleWebKit/537.36 (KHTML, like Gecko) Chrome/91.0.4472.124 Safari/537.36"
40.77.167.53 - - [13/May/2026:07:21:24 +1000] "GET /the-rise-and-fall-of-a-high-roller-in-roostino-casino/ HTTP/2" 200 40056 "-" "Mozilla/5.0 AppleWebKit/537.36 (KHTML, like Gecko; compatible; bingbot/2.0; +http://www.bing.com/bingbot.htm) Chrome/116.0.1938.76 Safari/537.36"
40.77.167.53 - - [13/May/2026:07:21:24 +1000] "GET /online-casinos-und-ihre-auszahlungsmethoden-ein-fachratgeber/ HTTP/2" 200 41178 "-" "Mozilla/5.0 AppleWebKit/537.36 (KHTML, like Gecko; compatible; bingbot/2.0; +http://www.bing.com/bingbot.htm) Chrome/116.0.1938.76 Safari/537.36"
40.77.167.75 - - [13/May/2026:07:21:24 +1000] "GET /master-the-art-of-play-with-joker8-games-unleashing-your-strategy/ HTTP/2" 200 39800 "-" "Mozilla/5.0 AppleWebKit/537.36 (KHTML, like Gecko; compatible; bingbot/2.0; +http://www.bing.com/bingbot.htm) Chrome/116.0.1938.76 Safari/537.36"
57.141.14.24 - - [13/May/2026:07:21:24 +1000] "GET /products/detail/64174681 HTTP/2" 404 137739 "-" "meta-externalagent/1.1 (+https://developers.facebook.com/docs/sharing/webmasters/crawler)"
40.77.167.53 - - [13/May/2026:07:21:25 +1000] "GET /innovative-public-relations-strategien-im-digitalen-zeitalter-erfolg-durch-expertenwissen/ HTTP/2" 200 41603 "-" "Mozilla/5.0 AppleWebKit/537.36 (KHTML, like Gecko; compatible; bingbot/2.0; +http://www.bing.com/bingbot.htm) Chrome/116.0.1938.76 Safari/537.36"
40.77.167.53 - - [13/May/2026:07:21:26 +1000] "GET /nertis-development-mate-for-maker-provided-enterprises/ HTTP/2" 200 41569 "-" "Mozilla/5.0 AppleWebKit/537.36 (KHTML, like Gecko; compatible; bingbot/2.0; +http://www.bing.com/bingbot.htm) Chrome/116.0.1938.76 Safari/537.36"
40.77.167.75 - - [13/May/2026:07:21:26 +1000] "GET /live-casino-free-no-registration/ HTTP/2" 200 40055 "-" "Mozilla/5.0 AppleWebKit/537.36 (KHTML, like Gecko; compatible; bingbot/2.0; +http://www.bing.com/bingbot.htm) Chrome/116.0.1938.76 Safari/537.36"
77.237.244.221 - - [13/May/2026:07:21:26 +1000] "GET /pengumuman/ HTTP/1.1" 301 664 "-" "Mozilla/5.0 (Windows NT 10.0; Win64; x64) AppleWebKit/537.36 (KHTML, like Gecko) Chrome/91.0.4472.124 Safari/537.36"
15.235.96.55 - - [13/May/2026:07:21:26 +1000] "GET /mobil-es-tobbdevizas-jatekelmeny-a-nv-casino-nel-teljes-utmutato/ HTTP/2" 404 35506 "-" "Mozilla/5.0 (compatible; AhrefsBot/7.0; +http://ahrefs.com/robot/)"
40.77.167.53 - - [13/May/2026:07:21:27 +1000] "GET /bonus-a-lexclusion-de-archive-galet-top-aller-packages-pour-samuser-gratuitement/ HTTP/2" 200 41674 "-" "Mozilla/5.0 AppleWebKit/537.36 (KHTML, like Gecko; compatible; bingbot/2.0; +http://www.bing.com/bingbot.htm) Chrome/116.0.1938.76 Safari/537.36"
40.77.167.53 - - [13/May/2026:07:21:28 +1000] "GET /fairy-farm-2024-agradavel-aparelho-da-pintura-mais-lucrativa/ HTTP/2" 200 42519 "-" "Mozilla/5.0 AppleWebKit/537.36 (KHTML, like Gecko; compatible; bingbot/2.0; +http://www.bing.com/bingbot.htm) Chrome/116.0.1938.76 Safari/537.36"
40.77.167.53 - - [13/May/2026:07:21:29 +1000] "GET /friday-night-funkin-tratar-referente-a-crazygames/ HTTP/2" 200 44694 "-" "Mozilla/5.0 AppleWebKit/537.36 (KHTML, like Gecko; compatible; bingbot/2.0; +http://www.bing.com/bingbot.htm) Chrome/116.0.1938.76 Safari/537.36"
40.77.167.53 - - [13/May/2026:07:21:30 +1000] "GET /arbitrary-amount-generator-controls-matter-picker/ HTTP/2" 200 39987 "-" "Mozilla/5.0 AppleWebKit/537.36 (KHTML, like Gecko; compatible; bingbot/2.0; +http://www.bing.com/bingbot.htm) Chrome/116.0.1938.76 Safari/537.36"
77.237.244.221 - - [13/May/2026:07:21:29 +1000] "GET /pengumuman/ HTTP/1.1" 404 36245 "-" "Mozilla/5.0 (Windows NT 10.0; Win64; x64) AppleWebKit/537.36 (KHTML, like Gecko) Chrome/91.0.4472.124 Safari/537.36"
40.77.167.53 - - [13/May/2026:07:21:31 +1000] "GET /casino-bonussen-and-toernooien-play-regal-inloggen-wekelijk-magazine-2026/ HTTP/2" 200 40975 "-" "Mozilla/5.0 AppleWebKit/537.36 (KHTML, like Gecko; compatible; bingbot/2.0; +http://www.bing.com/bingbot.htm) Chrome/116.0.1938.76 Safari/537.36"
40.77.167.53 - - [13/May/2026:07:21:31 +1000] "GET /innovative-fahrsicherheitstechnologien-der-einfluss-von-smart-driving-tools-auf-die-fahrpraxis/ HTTP/2" 200 41852 "-" "Mozilla/5.0 AppleWebKit/537.36 (KHTML, like Gecko; compatible; bingbot/2.0; +http://www.bing.com/bingbot.htm) Chrome/116.0.1938.76 Safari/537.36"
77.237.244.221 - - [13/May/2026:07:21:33 +1000] "GET /perdata/ HTTP/1.1" 301 661 "-" "Mozilla/5.0 (Windows NT 10.0; Win64; x64) AppleWebKit/537.36 (KHTML, like Gecko) Chrome/91.0.4472.124 Safari/537.36"
40.77.167.53 - - [13/May/2026:07:21:33 +1000] "GET /die-bedeutung-der-grossen-seen-fur-nachhaltige-wirtschaft-und-umwelt-in-nordamerika/ HTTP/2" 200 41783 "-" "Mozilla/5.0 AppleWebKit/537.36 (KHTML, like Gecko; compatible; bingbot/2.0; +http://www.bing.com/bingbot.htm) Chrome/116.0.1938.76 Safari/537.36"
40.77.167.53 - - [13/May/2026:07:21:33 +1000] "GET /queen-of-your-own-nile-position-an-entire-review-profitable-tips/ HTTP/2" 200 40027 "-" "Mozilla/5.0 AppleWebKit/537.36 (KHTML, like Gecko; compatible; bingbot/2.0; +http://www.bing.com/bingbot.htm) Chrome/116.0.1938.76 Safari/537.36"
40.77.167.53 - - [13/May/2026:07:21:35 +1000] "GET /mybet-erfahrungen-test-2026-ernst-und-abzocke/ HTTP/2" 200 40964 "-" "Mozilla/5.0 AppleWebKit/537.36 (KHTML, like Gecko; compatible; bingbot/2.0; +http://www.bing.com/bingbot.htm) Chrome/116.0.1938.76 Safari/537.36"
40.77.167.53 - - [13/May/2026:07:21:35 +1000] "GET /consuming-desire-ports-2026-play-for-free-and-now-have-a-good-1600-invited-bonus/ HTTP/2" 200 40121 "-" "Mozilla/5.0 AppleWebKit/537.36 (KHTML, like Gecko; compatible; bingbot/2.0; +http://www.bing.com/bingbot.htm) Chrome/116.0.1938.76 Safari/537.36"
77.237.244.221 - - [13/May/2026:07:21:36 +1000] "GET /perdata/ HTTP/1.1" 404 36234 "-" "Mozilla/5.0 (Windows NT 10.0; Win64; x64) AppleWebKit/537.36 (KHTML, like Gecko) Chrome/91.0.4472.124 Safari/537.36"
40.77.167.53 - - [13/May/2026:07:21:37 +1000] "GET /report-on-thunderstruck-wms-game-position/ HTTP/2" 200 40031 "-" "Mozilla/5.0 AppleWebKit/537.36 (KHTML, like Gecko; compatible; bingbot/2.0; +http://www.bing.com/bingbot.htm) Chrome/116.0.1938.76 Safari/537.36"
40.77.167.53 - - [13/May/2026:07:21:37 +1000] "GET /7-mas-grandes-lugares-de-keno-sobre-camino-con-recursos-positivo-2026/ HTTP/2" 200 45024 "-" "Mozilla/5.0 AppleWebKit/537.36 (KHTML, like Gecko; compatible; bingbot/2.0; +http://www.bing.com/bingbot.htm) Chrome/116.0.1938.76 Safari/537.36"
192.178.4.101 - - [13/May/2026:07:21:37 +1000] "GET /comment.php?products/cuadro/9052643/ HTTP/1.1" 200 34594 "-" "Mozilla/5.0 (Linux; Android 6.0.1; Nexus 5X Build/MMB29P) AppleWebKit/537.36 (KHTML, like Gecko) Chrome/147.0.7727.137 Mobile Safari/537.36 (compatible; GoogleOther)"
40.77.167.53 - - [13/May/2026:07:21:39 +1000] "GET /better-apple-shell-out-casinos-2026-build-safer-apple-spend-dumps-distributions/ HTTP/2" 200 40455 "-" "Mozilla/5.0 AppleWebKit/537.36 (KHTML, like Gecko; compatible; bingbot/2.0; +http://www.bing.com/bingbot.htm) Chrome/116.0.1938.76 Safari/537.36"
77.237.244.221 - - [13/May/2026:07:21:40 +1000] "GET /module/ HTTP/1.1" 301 660 "-" "Mozilla/5.0 (Windows NT 10.0; Win64; x64) AppleWebKit/537.36 (KHTML, like Gecko) Chrome/91.0.4472.124 Safari/537.36"
40.77.167.53 - - [13/May/2026:07:21:41 +1000] "GET /deurvergrendeling-va-jou-durven-defect-resident-casino-bonus-dit-bedragen-de-uitgangspunten-plus-zijn/ HTTP/2" 200 41107 "-" "Mozilla/5.0 AppleWebKit/537.36 (KHTML, like Gecko; compatible; bingbot/2.0; +http://www.bing.com/bingbot.htm) Chrome/116.0.1938.76 Safari/537.36"
77.237.244.221 - - [13/May/2026:07:21:43 +1000] "GET /module/ HTTP/1.1" 404 36245 "-" "Mozilla/5.0 (Windows NT 10.0; Win64; x64) AppleWebKit/537.36 (KHTML, like Gecko) Chrome/91.0.4472.124 Safari/537.36"
40.77.167.53 - - [13/May/2026:07:21:43 +1000] "GET /the-money-game-to-znaczy-srodek-w-oryginalne-finanse/ HTTP/2" 200 41234 "-" "Mozilla/5.0 AppleWebKit/537.36 (KHTML, like Gecko; compatible; bingbot/2.0; +http://www.bing.com/bingbot.htm) Chrome/116.0.1938.76 Safari/537.36"
40.77.167.53 - - [13/May/2026:07:21:45 +1000] "GET /resident/ HTTP/2" 200 43634 "-" "Mozilla/5.0 AppleWebKit/537.36 (KHTML, like Gecko; compatible; bingbot/2.0; +http://www.bing.com/bingbot.htm) Chrome/116.0.1938.76 Safari/537.36"
77.237.244.221 - - [13/May/2026:07:21:47 +1000] "GET /jdih/ HTTP/1.1" 301 658 "-" "Mozilla/5.0 (Windows NT 10.0; Win64; x64) AppleWebKit/537.36 (KHTML, like Gecko) Chrome/91.0.4472.124 Safari/537.36"
40.77.167.53 - - [13/May/2026:07:21:48 +1000] "GET /exereunese-tes-dunamikes-agoras-elektronikou-emporiou-kai-ton-eukairion-gia-katanalotes-kai-epikheireseis/ HTTP/2" 200 41821 "-" "Mozilla/5.0 AppleWebKit/537.36 (KHTML, like Gecko; compatible; bingbot/2.0; +http://www.bing.com/bingbot.htm) Chrome/116.0.1938.76 Safari/537.36"
77.237.244.221 - - [13/May/2026:07:21:49 +1000] "GET /jdih/ HTTP/1.1" 404 36234 "-" "Mozilla/5.0 (Windows NT 10.0; Win64; x64) AppleWebKit/537.36 (KHTML, like Gecko) Chrome/91.0.4472.124 Safari/537.36"
40.77.167.53 - - [13/May/2026:07:21:50 +1000] "GET /consuming-castor-oil-professionals-and-you-can-spends/ HTTP/2" 200 40475 "-" "Mozilla/5.0 AppleWebKit/537.36 (KHTML, like Gecko; compatible; bingbot/2.0; +http://www.bing.com/bingbot.htm) Chrome/116.0.1938.76 Safari/537.36"
57.141.14.77 - - [13/May/2026:07:21:50 +1000] "GET /products/detail/61668559 HTTP/2" 404 137739 "-" "meta-externalagent/1.1 (+https://developers.facebook.com/docs/sharing/webmasters/crawler)"
40.77.167.53 - - [13/May/2026:07:21:51 +1000] "GET /forest-jim-el-dorado-position-launches/ HTTP/2" 200 40607 "-" "Mozilla/5.0 AppleWebKit/537.36 (KHTML, like Gecko; compatible; bingbot/2.0; +http://www.bing.com/bingbot.htm) Chrome/116.0.1938.76 Safari/537.36"
77.237.244.221 - - [13/May/2026:07:21:53 +1000] "GET /documenter/ HTTP/1.1" 301 664 "-" "Mozilla/5.0 (Windows NT 10.0; Win64; x64) AppleWebKit/537.36 (KHTML, like Gecko) Chrome/91.0.4472.124 Safari/537.36"
40.77.167.53 - - [13/May/2026:07:21:53 +1000] "GET /true-luc-bank-review-2025-previe/ HTTP/2" 200 40416 "-" "Mozilla/5.0 AppleWebKit/537.36 (KHTML, like Gecko; compatible; bingbot/2.0; +http://www.bing.com/bingbot.htm) Chrome/116.0.1938.76 Safari/537.36"
40.77.167.53 - - [13/May/2026:07:21:55 +1000] "GET /paso-a-choy-sun-doa-5-deposito-transito-checando-su-intimidacion-arterial/ HTTP/2" 200 40800 "-" "Mozilla/5.0 AppleWebKit/537.36 (KHTML, like Gecko; compatible; bingbot/2.0; +http://www.bing.com/bingbot.htm) Chrome/116.0.1938.76 Safari/537.36"
77.237.244.221 - - [13/May/2026:07:21:55 +1000] "GET /documenter/ HTTP/1.1" 404 36234 "-" "Mozilla/5.0 (Windows NT 10.0; Win64; x64) AppleWebKit/537.36 (KHTML, like Gecko) Chrome/91.0.4472.124 Safari/537.36"
52.167.144.210 - - [13/May/2026:07:21:58 +1000] "GET /die-zukunft-der-kfz-wartung-innovationen-qualitat-und-vertrauenswurdigkeit/ HTTP/2" 200 41733 "-" "Mozilla/5.0 AppleWebKit/537.36 (KHTML, like Gecko; compatible; bingbot/2.0; +http://www.bing.com/bingbot.htm) Chrome/116.0.1938.76 Safari/537.36"
77.237.244.221 - - [13/May/2026:07:21:59 +1000] "GET /jurnal/ HTTP/1.1" 301 660 "-" "Mozilla/5.0 (Windows NT 10.0; Win64; x64) AppleWebKit/537.36 (KHTML, like Gecko) Chrome/91.0.4472.124 Safari/537.36"
40.77.167.75 - - [13/May/2026:07:22:01 +1000] "GET /best-time-to-visit-casino/ HTTP/2" 200 40244 "-" "Mozilla/5.0 AppleWebKit/537.36 (KHTML, like Gecko; compatible; bingbot/2.0; +http://www.bing.com/bingbot.htm) Chrome/116.0.1938.76 Safari/537.36"
52.167.144.210 - - [13/May/2026:07:22:01 +1000] "GET /from-casual-chats-to-lasting-love-a-complete-guide-with-gocupidgo-com/ HTTP/2" 200 42851 "-" "Mozilla/5.0 AppleWebKit/537.36 (KHTML, like Gecko; compatible; bingbot/2.0; +http://www.bing.com/bingbot.htm) Chrome/116.0.1938.76 Safari/537.36"
77.237.244.221 - - [13/May/2026:07:22:01 +1000] "GET /jurnal/ HTTP/1.1" 404 36245 "-" "Mozilla/5.0 (Windows NT 10.0; Win64; x64) AppleWebKit/537.36 (KHTML, like Gecko) Chrome/91.0.4472.124 Safari/537.36"
40.77.167.75 - - [13/May/2026:07:22:03 +1000] "GET /casino-inte-me-bankid-2026-suvera-casinon-inte-me-mobilt-bankid/ HTTP/2" 200 40117 "-" "Mozilla/5.0 AppleWebKit/537.36 (KHTML, like Gecko; compatible; bingbot/2.0; +http://www.bing.com/bingbot.htm) Chrome/116.0.1938.76 Safari/537.36"
52.167.144.210 - - [13/May/2026:07:22:03 +1000] "GET /guide-from-inactive-position-review-unearth-old-money/ HTTP/2" 200 40283 "-" "Mozilla/5.0 AppleWebKit/537.36 (KHTML, like Gecko; compatible; bingbot/2.0; +http://www.bing.com/bingbot.htm) Chrome/116.0.1938.76 Safari/537.36"
40.77.167.75 - - [13/May/2026:07:22:04 +1000] "GET /sernac-denuncia-a-45-tiendas-virtuales-ante-el-2/ HTTP/2" 200 41399 "-" "Mozilla/5.0 AppleWebKit/537.36 (KHTML, like Gecko; compatible; bingbot/2.0; +http://www.bing.com/bingbot.htm) Chrome/116.0.1938.76 Safari/537.36"
77.237.244.221 - - [13/May/2026:07:22:05 +1000] "GET /crm/ HTTP/1.1" 301 657 "-" "Mozilla/5.0 (Windows NT 10.0; Win64; x64) AppleWebKit/537.36 (KHTML, like Gecko) Chrome/91.0.4472.124 Safari/537.36"
52.167.144.210 - - [13/May/2026:07:22:05 +1000] "GET /jocul-de-noroc-luckyhaul-o-perspectiva-asupra-starnirilor-fortunei/ HTTP/2" 200 39689 "-" "Mozilla/5.0 AppleWebKit/537.36 (KHTML, like Gecko; compatible; bingbot/2.0; +http://www.bing.com/bingbot.htm) Chrome/116.0.1938.76 Safari/537.36"
40.77.167.75 - - [13/May/2026:07:22:06 +1000] "GET /new-slots-2026/ HTTP/2" 200 40102 "-" "Mozilla/5.0 AppleWebKit/537.36 (KHTML, like Gecko; compatible; bingbot/2.0; +http://www.bing.com/bingbot.htm) Chrome/116.0.1938.76 Safari/537.36"
52.167.144.210 - - [13/May/2026:07:22:07 +1000] "GET /your-ai-pair-programmer/ HTTP/2" 200 42661 "-" "Mozilla/5.0 AppleWebKit/537.36 (KHTML, like Gecko; compatible; bingbot/2.0; +http://www.bing.com/bingbot.htm) Chrome/116.0.1938.76 Safari/537.36"
77.237.244.221 - - [13/May/2026:07:22:08 +1000] "GET /crm/ HTTP/1.1" 404 36245 "-" "Mozilla/5.0 (Windows NT 10.0; Win64; x64) AppleWebKit/537.36 (KHTML, like Gecko) Chrome/91.0.4472.124 Safari/537.36"
40.77.167.75 - - [13/May/2026:07:22:08 +1000] "GET /poker-free-no-registration-australia/ HTTP/2" 200 40226 "-" "Mozilla/5.0 AppleWebKit/537.36 (KHTML, like Gecko; compatible; bingbot/2.0; +http://www.bing.com/bingbot.htm) Chrome/116.0.1938.76 Safari/537.36"
52.167.144.210 - - [13/May/2026:07:22:09 +1000] "GET /bekijk-ziezo-welke-basketbal-er-vandaag-plusteken-voormiddag-goldbet-app-aanmelding-rechtstreeks-apprecieren-televisie-arriveren/ HTTP/2" 200 41045 "-" "Mozilla/5.0 AppleWebKit/537.36 (KHTML, like Gecko; compatible; bingbot/2.0; +http://www.bing.com/bingbot.htm) Chrome/116.0.1938.76 Safari/537.36"
52.167.144.210 - - [13/May/2026:07:22:11 +1000] "GET /aventura-triplice-de-sorte/ HTTP/2" 200 39557 "-" "Mozilla/5.0 AppleWebKit/537.36 (KHTML, like Gecko; compatible; bingbot/2.0; +http://www.bing.com/bingbot.htm) Chrome/116.0.1938.76 Safari/537.36"
77.237.244.221 - - [13/May/2026:07:22:12 +1000] "GET /csbank/ HTTP/1.1" 301 660 "-" "Mozilla/5.0 (Windows NT 10.0; Win64; x64) AppleWebKit/537.36 (KHTML, like Gecko) Chrome/91.0.4472.124 Safari/537.36"
52.167.144.210 - - [13/May/2026:07:22:13 +1000] "GET /certified-webpages/ HTTP/2" 200 40222 "-" "Mozilla/5.0 AppleWebKit/537.36 (KHTML, like Gecko; compatible; bingbot/2.0; +http://www.bing.com/bingbot.htm) Chrome/116.0.1938.76 Safari/537.36"
52.167.144.210 - - [13/May/2026:07:22:14 +1000] "GET /migliori-premio-bisca-online-italiani-del-2026-la-artigianale-completa/ HTTP/2" 200 40372 "-" "Mozilla/5.0 AppleWebKit/537.36 (KHTML, like Gecko; compatible; bingbot/2.0; +http://www.bing.com/bingbot.htm) Chrome/116.0.1938.76 Safari/537.36"
57.141.14.63 - - [13/May/2026:07:22:14 +1000] "GET /products/detail/67427677 HTTP/2" 404 137739 "-" "meta-externalagent/1.1 (+https://developers.facebook.com/docs/sharing/webmasters/crawler)"
77.237.244.221 - - [13/May/2026:07:22:15 +1000] "GET /csbank/ HTTP/1.1" 404 36234 "-" "Mozilla/5.0 (Windows NT 10.0; Win64; x64) AppleWebKit/537.36 (KHTML, like Gecko) Chrome/91.0.4472.124 Safari/537.36"
192.178.4.100 - - [13/May/2026:07:22:14 +1000] "GET /content.php?product/76282546 HTTP/1.1" 200 29172 "-" "Mozilla/5.0 (Linux; Android 6.0.1; Nexus 5X Build/MMB29P) AppleWebKit/537.36 (KHTML, like Gecko) Chrome/147.0.7727.137 Mobile Safari/537.36 (compatible; GoogleOther)"
57.141.14.84 - - [13/May/2026:07:22:15 +1000] "GET /products/detail/64268398 HTTP/2" 404 137739 "-" "meta-externalagent/1.1 (+https://developers.facebook.com/docs/sharing/webmasters/crawler)"
52.167.144.210 - - [13/May/2026:07:22:16 +1000] "GET /automaty-do-odwiedzenia-gier-w-sieci-wszystko-o-maszynach-przez-internet/ HTTP/2" 200 40853 "-" "Mozilla/5.0 AppleWebKit/537.36 (KHTML, like Gecko; compatible; bingbot/2.0; +http://www.bing.com/bingbot.htm) Chrome/116.0.1938.76 Safari/537.36"
40.77.167.53 - - [13/May/2026:07:21:39 +1000] "GET /post-sitemap32.xml HTTP/2" 200 41924 "-" "Mozilla/5.0 AppleWebKit/537.36 (KHTML, like Gecko; compatible; bingbot/2.0; +http://www.bing.com/bingbot.htm) Chrome/116.0.1938.76 Safari/537.36"
52.167.144.210 - - [13/May/2026:07:22:18 +1000] "GET /juegos-de-carretes-rock-climber-mywinners-help-center/ HTTP/2" 200 44333 "-" "Mozilla/5.0 AppleWebKit/537.36 (KHTML, like Gecko; compatible; bingbot/2.0; +http://www.bing.com/bingbot.htm) Chrome/116.0.1938.76 Safari/537.36"
77.237.244.221 - - [13/May/2026:07:22:18 +1000] "GET /Moderna/ HTTP/1.1" 301 661 "-" "Mozilla/5.0 (Windows NT 10.0; Win64; x64) AppleWebKit/537.36 (KHTML, like Gecko) Chrome/91.0.4472.124 Safari/537.36"
52.167.144.210 - - [13/May/2026:07:22:21 +1000] "GET /darmowe-spiny-bez-depozytu-lista-i-kompendium-danych-hitman-automat-2025/ HTTP/2" 200 40783 "-" "Mozilla/5.0 AppleWebKit/537.36 (KHTML, like Gecko; compatible; bingbot/2.0; +http://www.bing.com/bingbot.htm) Chrome/116.0.1938.76 Safari/537.36"
77.237.244.221 - - [13/May/2026:07:22:21 +1000] "GET /Moderna/ HTTP/1.1" 404 36234 "-" "Mozilla/5.0 (Windows NT 10.0; Win64; x64) AppleWebKit/537.36 (KHTML, like Gecko) Chrome/91.0.4472.124 Safari/537.36"
40.77.167.75 - - [13/May/2026:07:22:22 +1000] "GET /no-deposit-casino-codes-uk-2026/ HTTP/2" 200 40145 "-" "Mozilla/5.0 AppleWebKit/537.36 (KHTML, like Gecko; compatible; bingbot/2.0; +http://www.bing.com/bingbot.htm) Chrome/116.0.1938.76 Safari/537.36"
57.141.14.77 - - [13/May/2026:07:22:21 +1000] "GET /products/detail/61647121 HTTP/2" 404 137739 "-" "meta-externalagent/1.1 (+https://developers.facebook.com/docs/sharing/webmasters/crawler)"
52.167.144.210 - - [13/May/2026:07:22:23 +1000] "GET /nine-scompiglio-accesso-anche-incisione-recensioni-e-convinto-ancora-legale-per-italia/ HTTP/2" 200 40574 "-" "Mozilla/5.0 AppleWebKit/537.36 (KHTML, like Gecko; compatible; bingbot/2.0; +http://www.bing.com/bingbot.htm) Chrome/116.0.1938.76 Safari/537.36"
40.77.167.75 - - [13/May/2026:07:22:24 +1000] "GET /list-of-all-casinos-in-the-uk/ HTTP/2" 200 39942 "-" "Mozilla/5.0 AppleWebKit/537.36 (KHTML, like Gecko; compatible; bingbot/2.0; +http://www.bing.com/bingbot.htm) Chrome/116.0.1938.76 Safari/537.36"
77.237.244.221 - - [13/May/2026:07:22:25 +1000] "GET /curso-styde/ HTTP/1.1" 301 665 "-" "Mozilla/5.0 (Windows NT 10.0; Win64; x64) AppleWebKit/537.36 (KHTML, like Gecko) Chrome/91.0.4472.124 Safari/537.36"
52.167.144.210 - - [13/May/2026:07:22:25 +1000] "GET /roo-casino-au-review-2026/ HTTP/2" 200 40129 "-" "Mozilla/5.0 AppleWebKit/537.36 (KHTML, like Gecko; compatible; bingbot/2.0; +http://www.bing.com/bingbot.htm) Chrome/116.0.1938.76 Safari/537.36"
40.77.167.75 - - [13/May/2026:07:22:26 +1000] "GET /ponybet-casino-review-au-2026/ HTTP/2" 200 40084 "-" "Mozilla/5.0 AppleWebKit/537.36 (KHTML, like Gecko; compatible; bingbot/2.0; +http://www.bing.com/bingbot.htm) Chrome/116.0.1938.76 Safari/537.36"
77.237.244.221 - - [13/May/2026:07:22:28 +1000] "GET /curso-styde/ HTTP/1.1" 404 36234 "-" "Mozilla/5.0 (Windows NT 10.0; Win64; x64) AppleWebKit/537.36 (KHTML, like Gecko) Chrome/91.0.4472.124 Safari/537.36"
40.77.167.75 - - [13/May/2026:07:22:28 +1000] "GET /no-deposit-free-chip-uk-2026/ HTTP/2" 200 39852 "-" "Mozilla/5.0 AppleWebKit/537.36 (KHTML, like Gecko; compatible; bingbot/2.0; +http://www.bing.com/bingbot.htm) Chrome/116.0.1938.76 Safari/537.36"
57.141.14.33 - - [13/May/2026:07:22:28 +1000] "GET /products/detail/62561278 HTTP/2" 404 137739 "-" "meta-externalagent/1.1 (+https://developers.facebook.com/docs/sharing/webmasters/crawler)"
40.77.167.75 - - [13/May/2026:07:22:31 +1000] "GET /bingo-games-to-buy-australia/ HTTP/2" 200 40170 "-" "Mozilla/5.0 AppleWebKit/537.36 (KHTML, like Gecko; compatible; bingbot/2.0; +http://www.bing.com/bingbot.htm) Chrome/116.0.1938.76 Safari/537.36"
77.237.244.221 - - [13/May/2026:07:22:32 +1000] "GET /ctevt/ HTTP/1.1" 301 659 "-" "Mozilla/5.0 (Windows NT 10.0; Win64; x64) AppleWebKit/537.36 (KHTML, like Gecko) Chrome/91.0.4472.124 Safari/537.36"
40.77.167.75 - - [13/May/2026:07:22:33 +1000] "GET /21red-casino-legit-au-2026/ HTTP/2" 200 39936 "-" "Mozilla/5.0 AppleWebKit/537.36 (KHTML, like Gecko; compatible; bingbot/2.0; +http://www.bing.com/bingbot.htm) Chrome/116.0.1938.76 Safari/537.36"
77.237.244.221 - - [13/May/2026:07:22:34 +1000] "GET /ctevt/ HTTP/1.1" 404 36234 "-" "Mozilla/5.0 (Windows NT 10.0; Win64; x64) AppleWebKit/537.36 (KHTML, like Gecko) Chrome/91.0.4472.124 Safari/537.36"
40.77.167.75 - - [13/May/2026:07:22:35 +1000] "GET /bingo-prize-ideas/ HTTP/2" 200 40127 "-" "Mozilla/5.0 AppleWebKit/537.36 (KHTML, like Gecko; compatible; bingbot/2.0; +http://www.bing.com/bingbot.htm) Chrome/116.0.1938.76 Safari/537.36"
192.178.4.100 - - [13/May/2026:07:22:35 +1000] "GET /?products/detail/53397001 HTTP/1.1" 200 39065 "-" "Mozilla/5.0 (Linux; Android 6.0.1; Nexus 5X Build/MMB29P) AppleWebKit/537.36 (KHTML, like Gecko) Chrome/147.0.7727.137 Mobile Safari/537.36 (compatible; Googlebot/2.1; +http://www.google.com/bot.html)"
40.77.167.75 - - [13/May/2026:07:22:37 +1000] "GET /list-of-poker-rooms-in-australia/ HTTP/2" 200 39932 "-" "Mozilla/5.0 AppleWebKit/537.36 (KHTML, like Gecko; compatible; bingbot/2.0; +http://www.bing.com/bingbot.htm) Chrome/116.0.1938.76 Safari/537.36"
77.237.244.221 - - [13/May/2026:07:22:38 +1000] "GET /cronlab/ HTTP/1.1" 301 661 "-" "Mozilla/5.0 (Windows NT 10.0; Win64; x64) AppleWebKit/537.36 (KHTML, like Gecko) Chrome/91.0.4472.124 Safari/537.36"
40.77.167.75 - - [13/May/2026:07:22:38 +1000] "GET /where-to-play-monopoly-live/ HTTP/2" 200 40043 "-" "Mozilla/5.0 AppleWebKit/537.36 (KHTML, like Gecko; compatible; bingbot/2.0; +http://www.bing.com/bingbot.htm) Chrome/116.0.1938.76 Safari/537.36"
40.77.167.75 - - [13/May/2026:07:22:39 +1000] "GET /biggest-casino-wins-of-all-time/ HTTP/2" 200 40063 "-" "Mozilla/5.0 AppleWebKit/537.36 (KHTML, like Gecko; compatible; bingbot/2.0; +http://www.bing.com/bingbot.htm) Chrome/116.0.1938.76 Safari/537.36"
40.77.167.75 - - [13/May/2026:07:21:56 +1000] "GET /post-sitemap31.xml HTTP/2" 200 37176 "-" "Mozilla/5.0 AppleWebKit/537.36 (KHTML, like Gecko; compatible; bingbot/2.0; +http://www.bing.com/bingbot.htm) Chrome/116.0.1938.76 Safari/537.36"
18.97.9.100 - - [13/May/2026:07:22:41 +1000] "GET /robots.txt HTTP/1.1" 200 622 "-" "Mozilla/5.0 AppleWebKit/537.36 (KHTML, like Gecko; compatible; PerplexityBot/1.0; +https://perplexity.ai/perplexitybot)"
40.77.167.75 - - [13/May/2026:07:22:40 +1000] "GET /top-crypto-casinos/ HTTP/2" 200 40387 "-" "Mozilla/5.0 AppleWebKit/537.36 (KHTML, like Gecko; compatible; bingbot/2.0; +http://www.bing.com/bingbot.htm) Chrome/116.0.1938.76 Safari/537.36"
40.77.167.75 - - [13/May/2026:07:22:41 +1000] "GET /les-jeux-de-hasard-comme-echappatoires-vers-linattendu/ HTTP/2" 200 39751 "-" "Mozilla/5.0 AppleWebKit/537.36 (KHTML, like Gecko; compatible; bingbot/2.0; +http://www.bing.com/bingbot.htm) Chrome/116.0.1938.76 Safari/537.36"
77.237.244.221 - - [13/May/2026:07:22:41 +1000] "GET /cronlab/ HTTP/1.1" 404 36234 "-" "Mozilla/5.0 (Windows NT 10.0; Win64; x64) AppleWebKit/537.36 (KHTML, like Gecko) Chrome/91.0.4472.124 Safari/537.36"
40.77.167.75 - - [13/May/2026:07:22:42 +1000] "GET /free-fruit-machine-games-with-nudges-and-holds/ HTTP/2" 200 40209 "-" "Mozilla/5.0 AppleWebKit/537.36 (KHTML, like Gecko; compatible; bingbot/2.0; +http://www.bing.com/bingbot.htm) Chrome/116.0.1938.76 Safari/537.36"
40.77.167.75 - - [13/May/2026:07:22:42 +1000] "GET /roulette-returns-calculator/ HTTP/2" 200 40265 "-" "Mozilla/5.0 AppleWebKit/537.36 (KHTML, like Gecko; compatible; bingbot/2.0; +http://www.bing.com/bingbot.htm) Chrome/116.0.1938.76 Safari/537.36"
192.178.4.100 - - [13/May/2026:07:22:43 +1000] "POST /wp-admin/admin-ajax.php HTTP/1.1" 200 1276 "https://www.coridyan.com/?products/detail/53397001" "Mozilla/5.0 (Linux; Android 6.0.1; Nexus 5X Build/MMB29P) AppleWebKit/537.36 (KHTML, like Gecko) Chrome/147.0.7727.137 Mobile Safari/537.36 (compatible; Googlebot/2.1; +http://www.google.com/bot.html)"
77.237.244.221 - - [13/May/2026:07:22:45 +1000] "GET /core/ HTTP/1.1" 301 658 "-" "Mozilla/5.0 (Windows NT 10.0; Win64; x64) AppleWebKit/537.36 (KHTML, like Gecko) Chrome/91.0.4472.124 Safari/537.36"
40.77.167.75 - - [13/May/2026:07:22:45 +1000] "GET /nejlepsi-online-casina-roku-2026/ HTTP/2" 200 41152 "-" "Mozilla/5.0 AppleWebKit/537.36 (KHTML, like Gecko; compatible; bingbot/2.0; +http://www.bing.com/bingbot.htm) Chrome/116.0.1938.76 Safari/537.36"
40.77.167.75 - - [13/May/2026:07:22:44 +1000] "GET /bingo-games-for-adults-uk/ HTTP/2" 200 39840 "-" "Mozilla/5.0 AppleWebKit/537.36 (KHTML, like Gecko; compatible; bingbot/2.0; +http://www.bing.com/bingbot.htm) Chrome/116.0.1938.76 Safari/537.36"
40.77.167.75 - - [13/May/2026:07:22:47 +1000] "GET /200-no-deposit-bonus-codes-2026-uk/ HTTP/2" 200 40299 "-" "Mozilla/5.0 AppleWebKit/537.36 (KHTML, like Gecko; compatible; bingbot/2.0; +http://www.bing.com/bingbot.htm) Chrome/116.0.1938.76 Safari/537.36"
40.77.167.75 - - [13/May/2026:07:22:47 +1000] "GET /best-london-casinos/ HTTP/2" 200 40276 "-" "Mozilla/5.0 AppleWebKit/537.36 (KHTML, like Gecko; compatible; bingbot/2.0; +http://www.bing.com/bingbot.htm) Chrome/116.0.1938.76 Safari/537.36"
77.237.244.221 - - [13/May/2026:07:22:47 +1000] "GET /core/ HTTP/1.1" 404 36234 "-" "Mozilla/5.0 (Windows NT 10.0; Win64; x64) AppleWebKit/537.36 (KHTML, like Gecko) Chrome/91.0.4472.124 Safari/537.36"
40.77.167.75 - - [13/May/2026:07:22:49 +1000] "GET /best-free-spins/ HTTP/2" 200 40072 "-" "Mozilla/5.0 AppleWebKit/537.36 (KHTML, like Gecko; compatible; bingbot/2.0; +http://www.bing.com/bingbot.htm) Chrome/116.0.1938.76 Safari/537.36"
77.237.244.221 - - [13/May/2026:07:22:51 +1000] "GET /content-upload/ HTTP/1.1" 301 668 "-" "Mozilla/5.0 (Windows NT 10.0; Win64; x64) AppleWebKit/537.36 (KHTML, like Gecko) Chrome/91.0.4472.124 Safari/537.36"
103.242.8.19 - - [13/May/2026:07:22:51 +1000] "GET /faircrown-bonus-ohne-einzahlung-schritt-fur-schritt-registrierung-und-bonus-sichern/ HTTP/2" 404 35508 "-" "Mozilla/5.0 (Linux; Android 5.0; SM-G900P Build/LRX21T) AppleWebKit/537.36 (KHTML, like Gecko) Chrome/49.0.9187.1745 Mobile Safari/537.36"
40.77.167.75 - - [13/May/2026:07:22:51 +1000] "GET /what-is-nine-casino-overview-and-information/ HTTP/2" 200 40576 "-" "Mozilla/5.0 AppleWebKit/537.36 (KHTML, like Gecko; compatible; bingbot/2.0; +http://www.bing.com/bingbot.htm) Chrome/116.0.1938.76 Safari/537.36"
103.242.8.19 - - [13/May/2026:07:22:53 +1000] "GET /wp-includes/css/dist/block-library/style.min.css?ver=6.0.11 HTTP/2" 200 10946 "https://www.coridyan.com/faircrown-bonus-ohne-einzahlung-schritt-fur-schritt-registrierung-und-bonus-sichern/" "Mozilla/5.0 (Linux; Android 5.0; SM-G900P Build/LRX21T) AppleWebKit/537.36 (KHTML, like Gecko) Chrome/49.0.9187.1745 Mobile Safari/537.36"
77.237.244.221 - - [13/May/2026:07:22:53 +1000] "GET /content-upload/ HTTP/1.1" 404 36234 "-" "Mozilla/5.0 (Windows NT 10.0; Win64; x64) AppleWebKit/537.36 (KHTML, like Gecko) Chrome/91.0.4472.124 Safari/537.36"
40.77.167.75 - - [13/May/2026:07:22:53 +1000] "GET /1xbet-skachat-dlia-bezopasnykh-tranzaktsii-poshagovoe-rukovodstvo-6/ HTTP/2" 200 40375 "-" "Mozilla/5.0 AppleWebKit/537.36 (KHTML, like Gecko; compatible; bingbot/2.0; +http://www.bing.com/bingbot.htm) Chrome/116.0.1938.76 Safari/537.36"
192.178.4.100 - - [13/May/2026:07:22:50 +1000] "POST /wp-json/platformist-quadendpointer-sxadtr/v1/s6qgn HTTP/1.1" 200 1685 "https://www.coridyan.com/?products/detail/53397001" "Mozilla/5.0 (Linux; Android 6.0.1; Nexus 5X Build/MMB29P) AppleWebKit/537.36 (KHTML, like Gecko) Chrome/147.0.7727.137 Mobile Safari/537.36 (compatible; Googlebot/2.1; +http://www.google.com/bot.html)"
103.242.8.19 - - [13/May/2026:07:22:54 +1000] "POST /wp-admin/admin-ajax.php HTTP/2" 200 204 "https://www.coridyan.com/faircrown-bonus-ohne-einzahlung-schritt-fur-schritt-registrierung-und-bonus-sichern/" "Mozilla/5.0 (Linux; Android 5.0; SM-G900P Build/LRX21T) AppleWebKit/537.36 (KHTML, like Gecko) Chrome/49.0.9187.1745 Mobile Safari/537.36"
40.77.167.75 - - [13/May/2026:07:22:55 +1000] "GET /understanding-the-concept-of-magical-vegas-casino-operations/ HTTP/2" 200 39681 "-" "Mozilla/5.0 AppleWebKit/537.36 (KHTML, like Gecko; compatible; bingbot/2.0; +http://www.bing.com/bingbot.htm) Chrome/116.0.1938.76 Safari/537.36"
77.237.244.221 - - [13/May/2026:07:22:57 +1000] "GET /app/ HTTP/1.1" 301 697 "-" "Mozilla/5.0 (Windows NT 10.0; Win64; x64) AppleWebKit/537.36 (KHTML, like Gecko) Chrome/91.0.4472.124 Safari/537.36"
103.242.8.19 - - [13/May/2026:07:22:55 +1000] "POST /wp-json/platformist-quadendpointer-sxadtr/v1/s6qgn HTTP/2" 200 766 "https://www.coridyan.com/faircrown-bonus-ohne-einzahlung-schritt-fur-schritt-registrierung-und-bonus-sichern/" "Mozilla/5.0 (Linux; Android 5.0; SM-G900P Build/LRX21T) AppleWebKit/537.36 (KHTML, like Gecko) Chrome/49.0.9187.1745 Mobile Safari/537.36"
40.77.167.75 - - [13/May/2026:07:22:10 +1000] "GET /post-sitemap17.xml HTTP/2" 200 11900 "-" "Mozilla/5.0 AppleWebKit/537.36 (KHTML, like Gecko; compatible; bingbot/2.0; +http://www.bing.com/bingbot.htm) Chrome/116.0.1938.76 Safari/537.36"
77.237.244.221 - - [13/May/2026:07:22:59 +1000] "GET /app-auf-ios-ferner-android-herunterkopieren/ HTTP/1.1" 200 43411 "-" "Mozilla/5.0 (Windows NT 10.0; Win64; x64) AppleWebKit/537.36 (KHTML, like Gecko) Chrome/91.0.4472.124 Safari/537.36"
103.242.8.19 - - [13/May/2026:07:22:58 +1000] "POST /wp-json/platformist-quadendpointer-sxadtr/v1/s6qgn HTTP/2" 200 1638 "https://www.coridyan.com/faircrown-bonus-ohne-einzahlung-schritt-fur-schritt-registrierung-und-bonus-sichern/" "Mozilla/5.0 (Linux; Android 5.0; SM-G900P Build/LRX21T) AppleWebKit/537.36 (KHTML, like Gecko) Chrome/49.0.9187.1745 Mobile Safari/537.36"
192.178.4.100 - - [13/May/2026:07:22:59 +1000] "GET /content.php?product/51068266 HTTP/1.1" 200 28746 "-" "Mozilla/5.0 (Linux; Android 6.0.1; Nexus 5X Build/MMB29P) AppleWebKit/537.36 (KHTML, like Gecko) Chrome/147.0.7727.137 Mobile Safari/537.36 (compatible; GoogleOther)"
77.237.244.221 - - [13/May/2026:07:23:03 +1000] "GET /mydoc/ HTTP/1.1" 301 659 "-" "Mozilla/5.0 (Windows NT 10.0; Win64; x64) AppleWebKit/537.36 (KHTML, like Gecko) Chrome/91.0.4472.124 Safari/537.36"
103.242.8.19 - - [13/May/2026:07:23:01 +1000] "POST /wp-json/platformist-quadendpointer-sxadtr/v1/s6qgn HTTP/2" 200 154 "https://www.coridyan.com/faircrown-bonus-ohne-einzahlung-schritt-fur-schritt-registrierung-und-bonus-sichern/" "Mozilla/5.0 (Linux; Android 5.0; SM-G900P Build/LRX21T) AppleWebKit/537.36 (KHTML, like Gecko) Chrome/49.0.9187.1745 Mobile Safari/537.36"
77.237.244.221 - - [13/May/2026:07:23:06 +1000] "GET /mydoc/ HTTP/1.1" 404 36234 "-" "Mozilla/5.0 (Windows NT 10.0; Win64; x64) AppleWebKit/537.36 (KHTML, like Gecko) Chrome/91.0.4472.124 Safari/537.36"
192.178.4.100 - - [13/May/2026:07:23:07 +1000] "POST /wp-json/platformist-quadendpointer-sxadtr/v1/s6qgn HTTP/1.1" 200 2529 "https://www.coridyan.com/?products/detail/53397001" "Mozilla/5.0 (Linux; Android 6.0.1; Nexus 5X Build/MMB29P) AppleWebKit/537.36 (KHTML, like Gecko) Chrome/147.0.7727.137 Mobile Safari/537.36 (compatible; Googlebot/2.1; +http://www.google.com/bot.html)"
57.141.14.40 - - [13/May/2026:07:23:08 +1000] "GET /products/detail/68361274 HTTP/2" 404 137739 "-" "meta-externalagent/1.1 (+https://developers.facebook.com/docs/sharing/webmasters/crawler)"
77.237.244.221 - - [13/May/2026:07:23:10 +1000] "GET /bootstrap/ HTTP/1.1" 301 663 "-" "Mozilla/5.0 (Windows NT 10.0; Win64; x64) AppleWebKit/537.36 (KHTML, like Gecko) Chrome/91.0.4472.124 Safari/537.36"
77.237.244.221 - - [13/May/2026:07:23:12 +1000] "GET /bootstrap/ HTTP/1.1" 404 36234 "-" "Mozilla/5.0 (Windows NT 10.0; Win64; x64) AppleWebKit/537.36 (KHTML, like Gecko) Chrome/91.0.4472.124 Safari/537.36"
27.3.73.68 - - [13/May/2026:07:23:00 +1000] "GET /wp-content/uploads/2022/08/cropped-Coridyan-Logo-RGB-300x300.png HTTP/2" 301 0 "https://www.coridyan.com/" "Mozilla/5.0 (Linux; Android 5.0; SM-G900P Build/LRX21T) AppleWebKit/537.36 (KHTML, like Gecko) Chrome/49.0.9187.1745 Mobile Safari/537.36"
77.237.244.221 - - [13/May/2026:07:23:16 +1000] "GET /foto_galeri/ HTTP/1.1" 301 665 "-" "Mozilla/5.0 (Windows NT 10.0; Win64; x64) AppleWebKit/537.36 (KHTML, like Gecko) Chrome/91.0.4472.124 Safari/537.36"
77.237.244.221 - - [13/May/2026:07:23:18 +1000] "GET /foto_galeri/ HTTP/1.1" 404 36234 "-" "Mozilla/5.0 (Windows NT 10.0; Win64; x64) AppleWebKit/537.36 (KHTML, like Gecko) Chrome/91.0.4472.124 Safari/537.36"
170.239.146.214 - - [13/May/2026:07:23:18 +1000] "GET /wp-content/uploads/2022/08/cropped-Coridyan-Logo-RGB-300x300.png HTTP/2" 404 35908 "https://www.coridyan.com/" "Mozilla/5.0 (Linux; Android 5.0; SM-G900P Build/LRX21T) AppleWebKit/537.36 (KHTML, like Gecko) Chrome/49.0.9187.1745 Mobile Safari/537.36"
40.77.167.10 - - [13/May/2026:07:22:44 +1000] "GET /post-sitemap4.xml HTTP/2" 200 13450 "-" "Mozilla/5.0 AppleWebKit/537.36 (KHTML, like Gecko; compatible; bingbot/2.0; +http://www.bing.com/bingbot.htm) Chrome/116.0.1938.76 Safari/537.36"
40.77.167.10 - - [13/May/2026:07:22:49 +1000] "GET /post-sitemap39.xml HTTP/2" 200 47661 "-" "Mozilla/5.0 AppleWebKit/537.36 (KHTML, like Gecko; compatible; bingbot/2.0; +http://www.bing.com/bingbot.htm) Chrome/116.0.1938.76 Safari/537.36"
52.167.144.210 - - [13/May/2026:07:23:20 +1000] "GET /slot-machines-companies-in-australia/ HTTP/2" 200 40047 "-" "Mozilla/5.0 AppleWebKit/537.36 (KHTML, like Gecko; compatible; bingbot/2.0; +http://www.bing.com/bingbot.htm) Chrome/116.0.1938.76 Safari/537.36"
77.237.244.221 - - [13/May/2026:07:23:22 +1000] "GET /ckfinder/ HTTP/1.1" 301 662 "-" "Mozilla/5.0 (Windows NT 10.0; Win64; x64) AppleWebKit/537.36 (KHTML, like Gecko) Chrome/91.0.4472.124 Safari/537.36"
52.167.144.210 - - [13/May/2026:07:23:22 +1000] "GET /best-online-browser-for-casino-games/ HTTP/2" 200 39943 "-" "Mozilla/5.0 AppleWebKit/537.36 (KHTML, like Gecko; compatible; bingbot/2.0; +http://www.bing.com/bingbot.htm) Chrome/116.0.1938.76 Safari/537.36"
52.167.144.210 - - [13/May/2026:07:23:24 +1000] "GET /can-you-use-a-credit-card-to-gamble/ HTTP/2" 200 42339 "-" "Mozilla/5.0 AppleWebKit/537.36 (KHTML, like Gecko; compatible; bingbot/2.0; +http://www.bing.com/bingbot.htm) Chrome/116.0.1938.76 Safari/537.36"
77.237.244.221 - - [13/May/2026:07:23:24 +1000] "GET /ckfinder/ HTTP/1.1" 404 36245 "-" "Mozilla/5.0 (Windows NT 10.0; Win64; x64) AppleWebKit/537.36 (KHTML, like Gecko) Chrome/91.0.4472.124 Safari/537.36"
52.167.144.210 - - [13/May/2026:07:23:26 +1000] "GET /category/vesti-sudak-ruru/ HTTP/2" 200 38244 "-" "Mozilla/5.0 AppleWebKit/537.36 (KHTML, like Gecko; compatible; bingbot/2.0; +http://www.bing.com/bingbot.htm) Chrome/116.0.1938.76 Safari/537.36"
57.141.14.71 - - [13/May/2026:07:23:27 +1000] "GET /products/detail/60064066 HTTP/2" 404 137739 "-" "meta-externalagent/1.1 (+https://developers.facebook.com/docs/sharing/webmasters/crawler)"
77.237.244.221 - - [13/May/2026:07:23:27 +1000] "GET /ckeditor/ HTTP/1.1" 301 662 "-" "Mozilla/5.0 (Windows NT 10.0; Win64; x64) AppleWebKit/537.36 (KHTML, like Gecko) Chrome/91.0.4472.124 Safari/537.36"
52.167.144.210 - - [13/May/2026:07:23:27 +1000] "GET /category/blog111/ HTTP/2" 200 36890 "-" "Mozilla/5.0 AppleWebKit/537.36 (KHTML, like Gecko; compatible; bingbot/2.0; +http://www.bing.com/bingbot.htm) Chrome/116.0.1938.76 Safari/537.36"
52.167.144.210 - - [13/May/2026:07:23:29 +1000] "GET /roulette-next-number-calculator/ HTTP/2" 200 39867 "-" "Mozilla/5.0 AppleWebKit/537.36 (KHTML, like Gecko; compatible; bingbot/2.0; +http://www.bing.com/bingbot.htm) Chrome/116.0.1938.76 Safari/537.36"
77.237.244.221 - - [13/May/2026:07:23:30 +1000] "GET /ckeditor/ HTTP/1.1" 404 36234 "-" "Mozilla/5.0 (Windows NT 10.0; Win64; x64) AppleWebKit/537.36 (KHTML, like Gecko) Chrome/91.0.4472.124 Safari/537.36"
52.167.144.210 - - [13/May/2026:07:23:31 +1000] "GET /top-100-casino-sites/ HTTP/2" 200 39850 "-" "Mozilla/5.0 AppleWebKit/537.36 (KHTML, like Gecko; compatible; bingbot/2.0; +http://www.bing.com/bingbot.htm) Chrome/116.0.1938.76 Safari/537.36"
52.167.144.210 - - [13/May/2026:07:23:33 +1000] "GET /how-to-deposit-large-amounts-of-cash-united-kingdom/ HTTP/2" 200 39993 "-" "Mozilla/5.0 AppleWebKit/537.36 (KHTML, like Gecko; compatible; bingbot/2.0; +http://www.bing.com/bingbot.htm) Chrome/116.0.1938.76 Safari/537.36"
77.237.244.221 - - [13/May/2026:07:23:33 +1000] "GET /highslide/ HTTP/1.1" 301 663 "-" "Mozilla/5.0 (Windows NT 10.0; Win64; x64) AppleWebKit/537.36 (KHTML, like Gecko) Chrome/91.0.4472.124 Safari/537.36"
52.167.144.210 - - [13/May/2026:07:23:35 +1000] "GET /no-deposit-casino-codes-united-kingdom-2026/ HTTP/2" 200 40205 "-" "Mozilla/5.0 AppleWebKit/537.36 (KHTML, like Gecko; compatible; bingbot/2.0; +http://www.bing.com/bingbot.htm) Chrome/116.0.1938.76 Safari/537.36"
77.237.244.221 - - [13/May/2026:07:23:35 +1000] "GET /highslide/ HTTP/1.1" 404 36234 "-" "Mozilla/5.0 (Windows NT 10.0; Win64; x64) AppleWebKit/537.36 (KHTML, like Gecko) Chrome/91.0.4472.124 Safari/537.36"
52.167.144.210 - - [13/May/2026:07:23:37 +1000] "GET /category/my-texts/ HTTP/2" 200 38400 "-" "Mozilla/5.0 AppleWebKit/537.36 (KHTML, like Gecko; compatible; bingbot/2.0; +http://www.bing.com/bingbot.htm) Chrome/116.0.1938.76 Safari/537.36"
192.178.4.100 - - [13/May/2026:07:23:36 +1000] "GET /content.php?product/86860546 HTTP/1.1" 200 27964 "-" "Mozilla/5.0 (Linux; Android 6.0.1; Nexus 5X Build/MMB29P) AppleWebKit/537.36 (KHTML, like Gecko) Chrome/147.0.7727.137 Mobile Safari/537.36 (compatible; GoogleOther)"
52.167.144.210 - - [13/May/2026:07:23:38 +1000] "GET /top-20-slots-uk/ HTTP/2" 200 39930 "-" "Mozilla/5.0 AppleWebKit/537.36 (KHTML, like Gecko; compatible; bingbot/2.0; +http://www.bing.com/bingbot.htm) Chrome/116.0.1938.76 Safari/537.36"
77.237.244.221 - - [13/May/2026:07:23:39 +1000] "GET /storage/ HTTP/1.1" 301 661 "-" "Mozilla/5.0 (Windows NT 10.0; Win64; x64) AppleWebKit/537.36 (KHTML, like Gecko) Chrome/91.0.4472.124 Safari/537.36"
52.167.144.210 - - [13/May/2026:07:23:40 +1000] "GET /zrozumienie-pojecia-zmiennosci-w-automatach-vox-w-kontekscie-ai-11/ HTTP/2" 200 41203 "-" "Mozilla/5.0 AppleWebKit/537.36 (KHTML, like Gecko; compatible; bingbot/2.0; +http://www.bing.com/bingbot.htm) Chrome/116.0.1938.76 Safari/537.36"
77.237.244.221 - - [13/May/2026:07:23:41 +1000] "GET /storage/ HTTP/1.1" 404 36234 "-" "Mozilla/5.0 (Windows NT 10.0; Win64; x64) AppleWebKit/537.36 (KHTML, like Gecko) Chrome/91.0.4472.124 Safari/537.36"
57.141.14.100 - - [13/May/2026:07:23:41 +1000] "GET /products/detail/53292979 HTTP/2" 404 137739 "-" "meta-externalagent/1.1 (+https://developers.facebook.com/docs/sharing/webmasters/crawler)"
52.167.144.210 - - [13/May/2026:07:23:42 +1000] "GET /best-online-casinos-review/ HTTP/2" 200 42072 "-" "Mozilla/5.0 AppleWebKit/537.36 (KHTML, like Gecko; compatible; bingbot/2.0; +http://www.bing.com/bingbot.htm) Chrome/116.0.1938.76 Safari/537.36"
52.167.144.210 - - [13/May/2026:07:23:44 +1000] "GET /united-kingdom-day-roulettes/ HTTP/2" 200 39644 "-" "Mozilla/5.0 AppleWebKit/537.36 (KHTML, like Gecko; compatible; bingbot/2.0; +http://www.bing.com/bingbot.htm) Chrome/116.0.1938.76 Safari/537.36"
192.178.4.100 - - [13/May/2026:07:23:45 +1000] "GET /?products/detail/60113305 HTTP/1.1" 200 39129 "-" "Mozilla/5.0 (Linux; Android 6.0.1; Nexus 5X Build/MMB29P) AppleWebKit/537.36 (KHTML, like Gecko) Chrome/147.0.7727.137 Mobile Safari/537.36 (compatible; Googlebot/2.1; +http://www.google.com/bot.html)"
77.237.244.221 - - [13/May/2026:07:23:45 +1000] "GET /routes/ HTTP/1.1" 301 660 "-" "Mozilla/5.0 (Windows NT 10.0; Win64; x64) AppleWebKit/537.36 (KHTML, like Gecko) Chrome/91.0.4472.124 Safari/537.36"
52.167.144.210 - - [13/May/2026:07:23:46 +1000] "GET /blackjack-card-values-explained/ HTTP/2" 200 40148 "-" "Mozilla/5.0 AppleWebKit/537.36 (KHTML, like Gecko; compatible; bingbot/2.0; +http://www.bing.com/bingbot.htm) Chrome/116.0.1938.76 Safari/537.36"
77.237.244.221 - - [13/May/2026:07:23:47 +1000] "GET /routes/ HTTP/1.1" 404 36234 "-" "Mozilla/5.0 (Windows NT 10.0; Win64; x64) AppleWebKit/537.36 (KHTML, like Gecko) Chrome/91.0.4472.124 Safari/537.36"
52.167.144.210 - - [13/May/2026:07:23:47 +1000] "GET /parx-casino-kentucky-derby/ HTTP/2" 200 40206 "-" "Mozilla/5.0 AppleWebKit/537.36 (KHTML, like Gecko; compatible; bingbot/2.0; +http://www.bing.com/bingbot.htm) Chrome/116.0.1938.76 Safari/537.36"
52.167.144.210 - - [13/May/2026:07:23:49 +1000] "GET /how-many-casino-are-in-the-uk/ HTTP/2" 200 39951 "-" "Mozilla/5.0 AppleWebKit/537.36 (KHTML, like Gecko; compatible; bingbot/2.0; +http://www.bing.com/bingbot.htm) Chrome/116.0.1938.76 Safari/537.36"
57.141.14.90 - - [13/May/2026:07:23:49 +1000] "GET /products/detail/56517733 HTTP/2" 404 137739 "-" "meta-externalagent/1.1 (+https://developers.facebook.com/docs/sharing/webmasters/crawler)"
52.167.144.210 - - [13/May/2026:07:23:50 +1000] "GET /die-glucksspielbranche-hat-in-den-letzten-jahrzehnten-eine-bemerkenswerte-transformation-durchlaufen/ HTTP/2" 200 42646 "-" "Mozilla/5.0 AppleWebKit/537.36 (KHTML, like Gecko; compatible; bingbot/2.0; +http://www.bing.com/bingbot.htm) Chrome/116.0.1938.76 Safari/537.36"
77.237.244.221 - - [13/May/2026:07:23:51 +1000] "GET /themes/ HTTP/1.1" 301 660 "-" "Mozilla/5.0 (Windows NT 10.0; Win64; x64) AppleWebKit/537.36 (KHTML, like Gecko) Chrome/91.0.4472.124 Safari/537.36"
52.167.144.210 - - [13/May/2026:07:23:51 +1000] "GET /existing-customer-free-spins-2026/ HTTP/2" 200 40013 "-" "Mozilla/5.0 AppleWebKit/537.36 (KHTML, like Gecko; compatible; bingbot/2.0; +http://www.bing.com/bingbot.htm) Chrome/116.0.1938.76 Safari/537.36"
52.167.144.210 - - [13/May/2026:07:23:51 +1000] "GET /100-spins-no-deposit/ HTTP/2" 200 39996 "-" "Mozilla/5.0 AppleWebKit/537.36 (KHTML, like Gecko; compatible; bingbot/2.0; +http://www.bing.com/bingbot.htm) Chrome/116.0.1938.76 Safari/537.36"
192.178.4.100 - - [13/May/2026:07:23:53 +1000] "POST /wp-admin/admin-ajax.php HTTP/1.1" 200 1280 "https://www.coridyan.com/?products/detail/60113305" "Mozilla/5.0 (Linux; Android 6.0.1; Nexus 5X Build/MMB29P) AppleWebKit/537.36 (KHTML, like Gecko) Chrome/147.0.7727.137 Mobile Safari/537.36 (compatible; Googlebot/2.1; +http://www.google.com/bot.html)"
52.167.144.210 - - [13/May/2026:07:23:53 +1000] "GET /rules-of-dice/ HTTP/2" 200 39898 "-" "Mozilla/5.0 AppleWebKit/537.36 (KHTML, like Gecko; compatible; bingbot/2.0; +http://www.bing.com/bingbot.htm) Chrome/116.0.1938.76 Safari/537.36"
77.237.244.221 - - [13/May/2026:07:23:53 +1000] "GET /themes/ HTTP/1.1" 404 36234 "-" "Mozilla/5.0 (Windows NT 10.0; Win64; x64) AppleWebKit/537.36 (KHTML, like Gecko) Chrome/91.0.4472.124 Safari/537.36"
52.167.144.210 - - [13/May/2026:07:23:53 +1000] "GET /does-gambling-affect-credit-score-united-kingdom/ HTTP/2" 200 40132 "-" "Mozilla/5.0 AppleWebKit/537.36 (KHTML, like Gecko; compatible; bingbot/2.0; +http://www.bing.com/bingbot.htm) Chrome/116.0.1938.76 Safari/537.36"
57.141.14.100 - - [13/May/2026:07:23:53 +1000] "GET /products/detail/68955445 HTTP/2" 404 137739 "-" "meta-externalagent/1.1 (+https://developers.facebook.com/docs/sharing/webmasters/crawler)"
216.73.217.100 - - [13/May/2026:07:23:54 +1000] "GET /?p=76382 HTTP/2" 301 0 "-" "Mozilla/5.0 AppleWebKit/537.36 (KHTML, like Gecko; compatible; ClaudeBot/1.0; +claudebot@anthropic.com)"
216.73.217.100 - - [13/May/2026:07:23:54 +1000] "GET /page/4407/ HTTP/2" 200 40169 "-" "Mozilla/5.0 AppleWebKit/537.36 (KHTML, like Gecko; compatible; ClaudeBot/1.0; +claudebot@anthropic.com)"
52.167.144.210 - - [13/May/2026:07:23:55 +1000] "GET /can-you-cancel-gamstop/ HTTP/2" 200 39992 "-" "Mozilla/5.0 AppleWebKit/537.36 (KHTML, like Gecko; compatible; bingbot/2.0; +http://www.bing.com/bingbot.htm) Chrome/116.0.1938.76 Safari/537.36"
52.167.144.210 - - [13/May/2026:07:23:55 +1000] "GET /slotexo/ HTTP/2" 200 39634 "-" "Mozilla/5.0 AppleWebKit/537.36 (KHTML, like Gecko; compatible; bingbot/2.0; +http://www.bing.com/bingbot.htm) Chrome/116.0.1938.76 Safari/537.36"
40.77.167.10 - - [13/May/2026:07:23:22 +1000] "GET /post-sitemap21.xml HTTP/2" 200 11851 "-" "Mozilla/5.0 AppleWebKit/537.36 (KHTML, like Gecko; compatible; bingbot/2.0; +http://www.bing.com/bingbot.htm) Chrome/116.0.1938.76 Safari/537.36"
216.73.217.100 - - [13/May/2026:07:23:56 +1000] "GET /revolution-des-spins-gratuits-quotidiens-optimisez-vos-bonus-cashback-grace-a-l-innovation/ HTTP/2" 200 47404 "https://www.coridyan.com/?p=76382" "Mozilla/5.0 AppleWebKit/537.36 (KHTML, like Gecko; compatible; ClaudeBot/1.0; +claudebot@anthropic.com)"
52.167.144.210 - - [13/May/2026:07:23:57 +1000] "GET /is-it-legal-to-gamble-in-united-kingdom/ HTTP/2" 200 40072 "-" "Mozilla/5.0 AppleWebKit/537.36 (KHTML, like Gecko; compatible; bingbot/2.0; +http://www.bing.com/bingbot.htm) Chrome/116.0.1938.76 Safari/537.36"
52.167.144.210 - - [13/May/2026:07:23:57 +1000] "GET /zrozumienie-pojecia-zmiennosci-w-automatach-vox-w-kontekscie-ai-18/ HTTP/2" 200 41117 "-" "Mozilla/5.0 AppleWebKit/537.36 (KHTML, like Gecko; compatible; bingbot/2.0; +http://www.bing.com/bingbot.htm) Chrome/116.0.1938.76 Safari/537.36"
216.73.217.100 - - [13/May/2026:07:23:57 +1000] "GET /page/95/ HTTP/2" 200 40241 "-" "Mozilla/5.0 AppleWebKit/537.36 (KHTML, like Gecko; compatible; ClaudeBot/1.0; +claudebot@anthropic.com)"
77.237.244.221 - - [13/May/2026:07:23:57 +1000] "GET /fckimage/ HTTP/1.1" 301 662 "-" "Mozilla/5.0 (Windows NT 10.0; Win64; x64) AppleWebKit/537.36 (KHTML, like Gecko) Chrome/91.0.4472.124 Safari/537.36"
