52.167.144.23 - - [13/May/2026:07:30:11 +1000] "GET /post-sitemap34.xml HTTP/2" 200 48752 "-" "Mozilla/5.0 AppleWebKit/537.36 (KHTML, like Gecko; compatible; bingbot/2.0; +http://www.bing.com/bingbot.htm) Chrome/116.0.1938.76 Safari/537.36"
77.237.244.221 - - [13/May/2026:07:30:52 +1000] "GET /ebook/ HTTP/1.1" 404 36234 "-" "Mozilla/5.0 (Windows NT 10.0; Win64; x64) AppleWebKit/537.36 (KHTML, like Gecko) Chrome/91.0.4472.124 Safari/537.36"
77.237.244.221 - - [13/May/2026:07:30:55 +1000] "GET /elfinder/ HTTP/1.1" 301 662 "-" "Mozilla/5.0 (Windows NT 10.0; Win64; x64) AppleWebKit/537.36 (KHTML, like Gecko) Chrome/91.0.4472.124 Safari/537.36"
52.167.144.23 - - [13/May/2026:07:30:20 +1000] "GET /post-sitemap14.xml HTTP/2" 200 11907 "-" "Mozilla/5.0 AppleWebKit/537.36 (KHTML, like Gecko; compatible; bingbot/2.0; +http://www.bing.com/bingbot.htm) Chrome/116.0.1938.76 Safari/537.36"
77.237.244.221 - - [13/May/2026:07:30:58 +1000] "GET /elfinder/ HTTP/1.1" 404 36234 "-" "Mozilla/5.0 (Windows NT 10.0; Win64; x64) AppleWebKit/537.36 (KHTML, like Gecko) Chrome/91.0.4472.124 Safari/537.36"
77.237.244.221 - - [13/May/2026:07:31:02 +1000] "GET /db/ HTTP/1.1" 301 711 "-" "Mozilla/5.0 (Windows NT 10.0; Win64; x64) AppleWebKit/537.36 (KHTML, like Gecko) Chrome/91.0.4472.124 Safari/537.36"
77.237.244.221 - - [13/May/2026:07:31:04 +1000] "GET /dbosses-casino-no-deposit-bonus-codes-for-free-spins-2026/ HTTP/1.1" 200 41064 "-" "Mozilla/5.0 (Windows NT 10.0; Win64; x64) AppleWebKit/537.36 (KHTML, like Gecko) Chrome/91.0.4472.124 Safari/537.36"
192.178.4.100 - - [13/May/2026:07:31:04 +1000] "GET /content.php?product/65555554 HTTP/1.1" 200 28181 "-" "Mozilla/5.0 (Linux; Android 6.0.1; Nexus 5X Build/MMB29P) AppleWebKit/537.36 (KHTML, like Gecko) Chrome/147.0.7727.137 Mobile Safari/537.36 (compatible; GoogleOther)"
77.237.244.221 - - [13/May/2026:07:31:08 +1000] "GET /kumpulan_api/ HTTP/1.1" 301 666 "-" "Mozilla/5.0 (Windows NT 10.0; Win64; x64) AppleWebKit/537.36 (KHTML, like Gecko) Chrome/91.0.4472.124 Safari/537.36"
77.237.244.221 - - [13/May/2026:07:31:10 +1000] "GET /kumpulan_api/ HTTP/1.1" 404 36234 "-" "Mozilla/5.0 (Windows NT 10.0; Win64; x64) AppleWebKit/537.36 (KHTML, like Gecko) Chrome/91.0.4472.124 Safari/537.36"
216.73.217.100 - - [13/May/2026:07:31:12 +1000] "GET /montecrypto-mr-bet-australia-avis-salle-de-jeu-gratification-particulier-avec-360-20-tours-non-payants/ HTTP/2" 200 41285 "-" "Mozilla/5.0 AppleWebKit/537.36 (KHTML, like Gecko; compatible; ClaudeBot/1.0; +claudebot@anthropic.com)"
77.237.244.221 - - [13/May/2026:07:31:14 +1000] "GET /filemanager/ HTTP/1.1" 301 665 "-" "Mozilla/5.0 (Windows NT 10.0; Win64; x64) AppleWebKit/537.36 (KHTML, like Gecko) Chrome/91.0.4472.124 Safari/537.36"
77.237.244.221 - - [13/May/2026:07:31:16 +1000] "GET /filemanager/ HTTP/1.1" 404 36234 "-" "Mozilla/5.0 (Windows NT 10.0; Win64; x64) AppleWebKit/537.36 (KHTML, like Gecko) Chrome/91.0.4472.124 Safari/537.36"
192.178.16.101 - - [13/May/2026:07:31:17 +1000] "GET /privacy HTTP/1.1" 404 36234 "-" "Mozilla/5.0 (X11; Linux i686; rv:93.0) Gecko/20100101 Firefox/93.0"
77.237.244.221 - - [13/May/2026:07:31:20 +1000] "GET /kcfinder/ HTTP/1.1" 301 662 "-" "Mozilla/5.0 (Windows NT 10.0; Win64; x64) AppleWebKit/537.36 (KHTML, like Gecko) Chrome/91.0.4472.124 Safari/537.36"
52.167.144.238 - - [13/May/2026:07:31:21 +1000] "GET /category/gr-without-id/ HTTP/2" 200 36893 "-" "Mozilla/5.0 AppleWebKit/537.36 (KHTML, like Gecko; compatible; bingbot/2.0; +http://www.bing.com/bingbot.htm) Chrome/116.0.1938.76 Safari/537.36"
77.237.244.221 - - [13/May/2026:07:31:22 +1000] "GET /kcfinder/ HTTP/1.1" 404 36234 "-" "Mozilla/5.0 (Windows NT 10.0; Win64; x64) AppleWebKit/537.36 (KHTML, like Gecko) Chrome/91.0.4472.124 Safari/537.36"
52.167.144.238 - - [13/May/2026:07:31:24 +1000] "GET /gateway-casino-head-office-london/ HTTP/2" 200 39798 "-" "Mozilla/5.0 AppleWebKit/537.36 (KHTML, like Gecko; compatible; bingbot/2.0; +http://www.bing.com/bingbot.htm) Chrome/116.0.1938.76 Safari/537.36"
77.237.244.221 - - [13/May/2026:07:31:26 +1000] "GET /descarga/ HTTP/1.1" 301 799 "-" "Mozilla/5.0 (Windows NT 10.0; Win64; x64) AppleWebKit/537.36 (KHTML, like Gecko) Chrome/91.0.4472.124 Safari/537.36"
77.237.244.221 - - [13/May/2026:07:31:29 +1000] "GET /descarga-desplazandolo-hacia-el-pelo-tratar-a-high-cinco-casino-tragamonedas-regalado-de-las-vegas-sin-cargo-referente-a-de-asi-como-mac-emulador/ HTTP/1.1" 200 44591 "-" "Mozilla/5.0 (Windows NT 10.0; Win64; x64) AppleWebKit/537.36 (KHTML, like Gecko) Chrome/91.0.4472.124 Safari/537.36"
52.167.144.238 - - [13/May/2026:07:31:29 +1000] "GET /best-spin-sites/ HTTP/2" 200 40313 "-" "Mozilla/5.0 AppleWebKit/537.36 (KHTML, like Gecko; compatible; bingbot/2.0; +http://www.bing.com/bingbot.htm) Chrome/116.0.1938.76 Safari/537.36"
52.167.144.238 - - [13/May/2026:07:31:31 +1000] "GET /best-free-spin-offers/ HTTP/2" 200 40094 "-" "Mozilla/5.0 AppleWebKit/537.36 (KHTML, like Gecko; compatible; bingbot/2.0; +http://www.bing.com/bingbot.htm) Chrome/116.0.1938.76 Safari/537.36"
77.237.244.221 - - [13/May/2026:07:31:32 +1000] "GET /gambar/ HTTP/1.1" 301 660 "-" "Mozilla/5.0 (Windows NT 10.0; Win64; x64) AppleWebKit/537.36 (KHTML, like Gecko) Chrome/91.0.4472.124 Safari/537.36"
20.15.133.184 - - [13/May/2026:07:31:34 +1000] "GET /mega-hundreds-of-thousands-effective-number/ HTTP/2" 200 40531 "-" "Mozilla/5.0 AppleWebKit/537.36 (KHTML, like Gecko; compatible; bingbot/2.0; +http://www.bing.com/bingbot.htm) Chrome/116.0.1938.76 Safari/537.36"
77.237.244.221 - - [13/May/2026:07:31:35 +1000] "GET /gambar/ HTTP/1.1" 404 36234 "-" "Mozilla/5.0 (Windows NT 10.0; Win64; x64) AppleWebKit/537.36 (KHTML, like Gecko) Chrome/91.0.4472.124 Safari/537.36"
52.167.144.23 - - [13/May/2026:07:30:51 +1000] "GET /post-sitemap38.xml HTTP/2" 200 47315 "-" "Mozilla/5.0 AppleWebKit/537.36 (KHTML, like Gecko; compatible; bingbot/2.0; +http://www.bing.com/bingbot.htm) Chrome/116.0.1938.76 Safari/537.36"
51.161.37.152 - - [13/May/2026:07:31:38 +1000] "GET /sitemap.xml HTTP/2" 301 0 "-" "Mozilla/5.0 (compatible; AhrefsBot/7.0; +http://ahrefs.com/robot/)"
77.237.244.221 - - [13/May/2026:07:31:39 +1000] "GET /.quarantine/ HTTP/1.1" 301 665 "-" "Mozilla/5.0 (Windows NT 10.0; Win64; x64) AppleWebKit/537.36 (KHTML, like Gecko) Chrome/91.0.4472.124 Safari/537.36"
52.167.144.23 - - [13/May/2026:07:31:40 +1000] "GET /oshi-casino-au-review-2026/ HTTP/2" 200 39893 "-" "Mozilla/5.0 AppleWebKit/537.36 (KHTML, like Gecko; compatible; bingbot/2.0; +http://www.bing.com/bingbot.htm) Chrome/116.0.1938.76 Safari/537.36"
77.237.244.221 - - [13/May/2026:07:31:41 +1000] "GET /.quarantine/ HTTP/1.1" 404 36234 "-" "Mozilla/5.0 (Windows NT 10.0; Win64; x64) AppleWebKit/537.36 (KHTML, like Gecko) Chrome/91.0.4472.124 Safari/537.36"
52.167.144.23 - - [13/May/2026:07:30:58 +1000] "GET /post-sitemap42.xml HTTP/2" 200 40777 "-" "Mozilla/5.0 AppleWebKit/537.36 (KHTML, like Gecko; compatible; bingbot/2.0; +http://www.bing.com/bingbot.htm) Chrome/116.0.1938.76 Safari/537.36"
52.167.144.23 - - [13/May/2026:07:31:42 +1000] "GET /category/updates/ HTTP/2" 200 36519 "-" "Mozilla/5.0 AppleWebKit/537.36 (KHTML, like Gecko; compatible; bingbot/2.0; +http://www.bing.com/bingbot.htm) Chrome/116.0.1938.76 Safari/537.36"
192.178.4.100 - - [13/May/2026:07:31:42 +1000] "GET /content.php?product/39064498 HTTP/1.1" 200 27986 "-" "Mozilla/5.0 (Linux; Android 6.0.1; Nexus 5X Build/MMB29P) AppleWebKit/537.36 (KHTML, like Gecko) Chrome/147.0.7727.137 Mobile Safari/537.36 (compatible; GoogleOther)"
52.167.144.23 - - [13/May/2026:07:31:44 +1000] "GET /category/gr-main-1/ HTTP/2" 200 36845 "-" "Mozilla/5.0 AppleWebKit/537.36 (KHTML, like Gecko; compatible; bingbot/2.0; +http://www.bing.com/bingbot.htm) Chrome/116.0.1938.76 Safari/537.36"
77.237.244.221 - - [13/May/2026:07:31:45 +1000] "GET /shopify/ HTTP/1.1" 301 661 "-" "Mozilla/5.0 (Windows NT 10.0; Win64; x64) AppleWebKit/537.36 (KHTML, like Gecko) Chrome/91.0.4472.124 Safari/537.36"
52.167.144.23 - - [13/May/2026:07:31:46 +1000] "GET /category/admin/ HTTP/2" 200 36720 "-" "Mozilla/5.0 AppleWebKit/537.36 (KHTML, like Gecko; compatible; bingbot/2.0; +http://www.bing.com/bingbot.htm) Chrome/116.0.1938.76 Safari/537.36"
43.157.38.131 - - [13/May/2026:07:31:46 +1000] "GET /unleash-your-winning-streak-at-jackpotcity-casino-today/ HTTP/1.1" 200 40381 "-" "Mozilla/5.0 (iPhone; CPU iPhone OS 13_2_3 like Mac OS X) AppleWebKit/605.1.15 (KHTML, like Gecko) Version/13.0.3 Mobile/15E148 Safari/604.1"
57.141.14.54 - - [13/May/2026:07:31:46 +1000] "GET /products/detail/65489806 HTTP/2" 404 137739 "-" "meta-externalagent/1.1 (+https://developers.facebook.com/docs/sharing/webmasters/crawler)"
77.237.244.221 - - [13/May/2026:07:31:48 +1000] "GET /shopify/ HTTP/1.1" 404 36234 "-" "Mozilla/5.0 (Windows NT 10.0; Win64; x64) AppleWebKit/537.36 (KHTML, like Gecko) Chrome/91.0.4472.124 Safari/537.36"
52.167.144.23 - - [13/May/2026:07:31:48 +1000] "GET /how-to-deposit-cash-united-kingdom/ HTTP/2" 200 40235 "-" "Mozilla/5.0 AppleWebKit/537.36 (KHTML, like Gecko; compatible; bingbot/2.0; +http://www.bing.com/bingbot.htm) Chrome/116.0.1938.76 Safari/537.36"
52.167.144.238 - - [13/May/2026:07:31:50 +1000] "GET /gambling-industry-in-the-uk/ HTTP/2" 200 40026 "-" "Mozilla/5.0 AppleWebKit/537.36 (KHTML, like Gecko; compatible; bingbot/2.0; +http://www.bing.com/bingbot.htm) Chrome/116.0.1938.76 Safari/537.36"
77.237.244.221 - - [13/May/2026:07:31:51 +1000] "GET /avastar/ HTTP/1.1" 301 661 "-" "Mozilla/5.0 (Windows NT 10.0; Win64; x64) AppleWebKit/537.36 (KHTML, like Gecko) Chrome/91.0.4472.124 Safari/537.36"
51.161.37.152 - - [13/May/2026:07:31:40 +1000] "GET /sitemap_index.xml HTTP/2" 200 680 "-" "Mozilla/5.0 (compatible; AhrefsBot/7.0; +http://ahrefs.com/robot/)"
77.237.244.221 - - [13/May/2026:07:31:54 +1000] "GET /avastar/ HTTP/1.1" 404 36234 "-" "Mozilla/5.0 (Windows NT 10.0; Win64; x64) AppleWebKit/537.36 (KHTML, like Gecko) Chrome/91.0.4472.124 Safari/537.36"
57.141.14.102 - - [13/May/2026:07:31:54 +1000] "GET /products/detail/69005638 HTTP/2" 404 137739 "-" "meta-externalagent/1.1 (+https://developers.facebook.com/docs/sharing/webmasters/crawler)"
77.237.244.221 - - [13/May/2026:07:31:58 +1000] "GET /catalogo/ HTTP/1.1" 301 735 "-" "Mozilla/5.0 (Windows NT 10.0; Win64; x64) AppleWebKit/537.36 (KHTML, like Gecko) Chrome/91.0.4472.124 Safari/537.36"
77.237.244.221 - - [13/May/2026:07:32:00 +1000] "GET /catalogo-infantilidade-pagamentos-e-combinacoes-vencedoras-acercade-fortune-tiger/ HTTP/1.1" 200 43499 "-" "Mozilla/5.0 (Windows NT 10.0; Win64; x64) AppleWebKit/537.36 (KHTML, like Gecko) Chrome/91.0.4472.124 Safari/537.36"
52.167.144.238 - - [13/May/2026:07:32:03 +1000] "GET /300percent-casino-bonus-2026-heutig-beste-aktionen/ HTTP/2" 200 42456 "-" "Mozilla/5.0 AppleWebKit/537.36 (KHTML, like Gecko; compatible; bingbot/2.0; +http://www.bing.com/bingbot.htm) Chrome/116.0.1938.76 Safari/537.36"
77.237.244.221 - - [13/May/2026:07:32:04 +1000] "GET /foto/ HTTP/1.1" 301 658 "-" "Mozilla/5.0 (Windows NT 10.0; Win64; x64) AppleWebKit/537.36 (KHTML, like Gecko) Chrome/91.0.4472.124 Safari/537.36"
52.167.144.238 - - [13/May/2026:07:32:05 +1000] "GET /formal-site/ HTTP/2" 200 40939 "-" "Mozilla/5.0 AppleWebKit/537.36 (KHTML, like Gecko; compatible; bingbot/2.0; +http://www.bing.com/bingbot.htm) Chrome/116.0.1938.76 Safari/537.36"
77.237.244.221 - - [13/May/2026:07:32:07 +1000] "GET /foto/ HTTP/1.1" 404 36234 "-" "Mozilla/5.0 (Windows NT 10.0; Win64; x64) AppleWebKit/537.36 (KHTML, like Gecko) Chrome/91.0.4472.124 Safari/537.36"
52.167.144.238 - - [13/May/2026:07:32:08 +1000] "GET /prime-video-victoria-la-gran-peripecia-sobre-un-villa/ HTTP/2" 200 44210 "-" "Mozilla/5.0 AppleWebKit/537.36 (KHTML, like Gecko; compatible; bingbot/2.0; +http://www.bing.com/bingbot.htm) Chrome/116.0.1938.76 Safari/537.36"
216.73.217.100 - - [13/May/2026:07:32:00 +1000] "GET /wunderino-aristocrat-spieleliste-pramie-code-erfahrungen/feed/ HTTP/2" 200 0 "-" "Mozilla/5.0 AppleWebKit/537.36 (KHTML, like Gecko; compatible; ClaudeBot/1.0; +claudebot@anthropic.com)"
52.167.144.238 - - [13/May/2026:07:32:10 +1000] "GET /happiest-christmas-time-forest-position-canada-play-demo-2026/ HTTP/2" 200 40697 "-" "Mozilla/5.0 AppleWebKit/537.36 (KHTML, like Gecko; compatible; bingbot/2.0; +http://www.bing.com/bingbot.htm) Chrome/116.0.1938.76 Safari/537.36"
192.178.4.102 - - [13/May/2026:07:32:10 +1000] "GET /?products/detail/58268269 HTTP/1.1" 200 39157 "-" "Mozilla/5.0 (Linux; Android 6.0.1; Nexus 5X Build/MMB29P) AppleWebKit/537.36 (KHTML, like Gecko) Chrome/147.0.7727.137 Mobile Safari/537.36 (compatible; Googlebot/2.1; +http://www.google.com/bot.html)"
77.237.244.221 - - [13/May/2026:07:32:11 +1000] "GET /etc/ HTTP/1.1" 301 657 "-" "Mozilla/5.0 (Windows NT 10.0; Win64; x64) AppleWebKit/537.36 (KHTML, like Gecko) Chrome/91.0.4472.124 Safari/537.36"
52.167.144.238 - - [13/May/2026:07:32:12 +1000] "GET /dogs-house-slot-recenzja-automatu-od-chwili-pragmatic-play/ HTTP/2" 200 40710 "-" "Mozilla/5.0 AppleWebKit/537.36 (KHTML, like Gecko; compatible; bingbot/2.0; +http://www.bing.com/bingbot.htm) Chrome/116.0.1938.76 Safari/537.36"
52.167.144.238 - - [13/May/2026:07:32:13 +1000] "GET /visa-user-service-charge/ HTTP/2" 200 40585 "-" "Mozilla/5.0 AppleWebKit/537.36 (KHTML, like Gecko; compatible; bingbot/2.0; +http://www.bing.com/bingbot.htm) Chrome/116.0.1938.76 Safari/537.36"
77.237.244.221 - - [13/May/2026:07:32:13 +1000] "GET /etc/ HTTP/1.1" 404 36234 "-" "Mozilla/5.0 (Windows NT 10.0; Win64; x64) AppleWebKit/537.36 (KHTML, like Gecko) Chrome/91.0.4472.124 Safari/537.36"
52.167.144.238 - - [13/May/2026:07:32:14 +1000] "GET /a-lot-of-time-islands-download-william-hill-app-for-android-nycs-reports-source/ HTTP/2" 200 41117 "-" "Mozilla/5.0 AppleWebKit/537.36 (KHTML, like Gecko; compatible; bingbot/2.0; +http://www.bing.com/bingbot.htm) Chrome/116.0.1938.76 Safari/537.36"
52.167.144.23 - - [13/May/2026:07:32:15 +1000] "GET /professional-gambler-tips/ HTTP/2" 200 40296 "-" "Mozilla/5.0 AppleWebKit/537.36 (KHTML, like Gecko; compatible; bingbot/2.0; +http://www.bing.com/bingbot.htm) Chrome/116.0.1938.76 Safari/537.36"
52.167.144.238 - - [13/May/2026:07:32:16 +1000] "GET /casinos-joviales-paypal-sobre-espana-listado-para-mas-grandes-2026/ HTTP/2" 200 43171 "-" "Mozilla/5.0 AppleWebKit/537.36 (KHTML, like Gecko; compatible; bingbot/2.0; +http://www.bing.com/bingbot.htm) Chrome/116.0.1938.76 Safari/537.36"
77.237.244.221 - - [13/May/2026:07:32:17 +1000] "GET /aset/ HTTP/1.1" 301 658 "-" "Mozilla/5.0 (Windows NT 10.0; Win64; x64) AppleWebKit/537.36 (KHTML, like Gecko) Chrome/91.0.4472.124 Safari/537.36"
192.178.4.101 - - [13/May/2026:07:32:17 +1000] "POST /wp-admin/admin-ajax.php HTTP/1.1" 200 1273 "https://www.coridyan.com/?products/detail/58268269" "Mozilla/5.0 (Linux; Android 6.0.1; Nexus 5X Build/MMB29P) AppleWebKit/537.36 (KHTML, like Gecko) Chrome/147.0.7727.137 Mobile Safari/537.36 (compatible; Googlebot/2.1; +http://www.google.com/bot.html)"
52.167.144.23 - - [13/May/2026:07:32:17 +1000] "GET /how-to-play-a-fruit-machine/ HTTP/2" 200 40307 "-" "Mozilla/5.0 AppleWebKit/537.36 (KHTML, like Gecko; compatible; bingbot/2.0; +http://www.bing.com/bingbot.htm) Chrome/116.0.1938.76 Safari/537.36"
77.237.244.221 - - [13/May/2026:07:32:19 +1000] "GET /aset/ HTTP/1.1" 404 36234 "-" "Mozilla/5.0 (Windows NT 10.0; Win64; x64) AppleWebKit/537.36 (KHTML, like Gecko) Chrome/91.0.4472.124 Safari/537.36"
52.167.144.23 - - [13/May/2026:07:32:19 +1000] "GET /casino-promotions-united-kingdom/ HTTP/2" 200 40268 "-" "Mozilla/5.0 AppleWebKit/537.36 (KHTML, like Gecko; compatible; bingbot/2.0; +http://www.bing.com/bingbot.htm) Chrome/116.0.1938.76 Safari/537.36"
52.167.144.23 - - [13/May/2026:07:31:34 +1000] "GET /post-sitemap19.xml HTTP/2" 200 0 "-" "Mozilla/5.0 AppleWebKit/537.36 (KHTML, like Gecko; compatible; bingbot/2.0; +http://www.bing.com/bingbot.htm) Chrome/116.0.1938.76 Safari/537.36"
52.167.144.23 - - [13/May/2026:07:32:21 +1000] "GET /bingo-foxy-united-kingdom/ HTTP/2" 200 40221 "-" "Mozilla/5.0 AppleWebKit/537.36 (KHTML, like Gecko; compatible; bingbot/2.0; +http://www.bing.com/bingbot.htm) Chrome/116.0.1938.76 Safari/537.36"
51.161.65.208 - - [13/May/2026:07:31:55 +1000] "GET /post-sitemap.xml HTTP/2" 200 0 "-" "Mozilla/5.0 (compatible; AhrefsBot/7.0; +http://ahrefs.com/robot/)"
57.141.14.98 - - [13/May/2026:07:32:22 +1000] "GET /products/detail/68830750 HTTP/2" 404 137739 "-" "meta-externalagent/1.1 (+https://developers.facebook.com/docs/sharing/webmasters/crawler)"
77.237.244.221 - - [13/May/2026:07:32:23 +1000] "GET /application/ HTTP/1.1" 301 684 "-" "Mozilla/5.0 (Windows NT 10.0; Win64; x64) AppleWebKit/537.36 (KHTML, like Gecko) Chrome/91.0.4472.124 Safari/537.36"
52.167.144.23 - - [13/May/2026:07:32:24 +1000] "GET /category/ohne-limits/ HTTP/2" 200 36638 "-" "Mozilla/5.0 AppleWebKit/537.36 (KHTML, like Gecko; compatible; bingbot/2.0; +http://www.bing.com/bingbot.htm) Chrome/116.0.1938.76 Safari/537.36"
57.141.14.88 - - [13/May/2026:07:32:23 +1000] "GET /products/detail/66518578 HTTP/2" 404 137739 "-" "meta-externalagent/1.1 (+https://developers.facebook.com/docs/sharing/webmasters/crawler)"
52.167.144.23 - - [13/May/2026:07:32:24 +1000] "GET /category/812creativedesign-pt/ HTTP/2" 200 36613 "-" "Mozilla/5.0 AppleWebKit/537.36 (KHTML, like Gecko; compatible; bingbot/2.0; +http://www.bing.com/bingbot.htm) Chrome/116.0.1938.76 Safari/537.36"
192.178.4.100 - - [13/May/2026:07:32:24 +1000] "POST /wp-json/platformist-quadendpointer-sxadtr/v1/s6qgn HTTP/1.1" 403 986 "https://www.coridyan.com/?products/detail/58268269" "Mozilla/5.0 (Linux; Android 6.0.1; Nexus 5X Build/MMB29P) AppleWebKit/537.36 (KHTML, like Gecko) Chrome/147.0.7727.137 Mobile Safari/537.36 (compatible; Googlebot/2.1; +http://www.google.com/bot.html)"
216.73.217.100 - - [13/May/2026:07:32:25 +1000] "GET /?p=76911 HTTP/2" 301 0 "-" "Mozilla/5.0 AppleWebKit/537.36 (KHTML, like Gecko; compatible; ClaudeBot/1.0; +claudebot@anthropic.com)"
52.167.144.23 - - [13/May/2026:07:32:26 +1000] "GET /category/news/ HTTP/2" 200 40947 "-" "Mozilla/5.0 AppleWebKit/537.36 (KHTML, like Gecko; compatible; bingbot/2.0; +http://www.bing.com/bingbot.htm) Chrome/116.0.1938.76 Safari/537.36"
77.237.244.221 - - [13/May/2026:07:32:26 +1000] "GET /application-casino-argent-reel/ HTTP/1.1" 200 41097 "-" "Mozilla/5.0 (Windows NT 10.0; Win64; x64) AppleWebKit/537.36 (KHTML, like Gecko) Chrome/91.0.4472.124 Safari/537.36"
52.167.144.23 - - [13/May/2026:07:32:27 +1000] "GET /50-free-spins-when-you-add-your-bank-card/ HTTP/2" 200 39992 "-" "Mozilla/5.0 AppleWebKit/537.36 (KHTML, like Gecko; compatible; bingbot/2.0; +http://www.bing.com/bingbot.htm) Chrome/116.0.1938.76 Safari/537.36"
216.73.217.100 - - [13/May/2026:07:32:27 +1000] "GET /better-paypal-casinos-on-the-internet-inside-2026-the-best-casinos-you-to-definitely-deal-with-paypal/ HTTP/2" 200 40644 "https://www.coridyan.com/?p=76911" "Mozilla/5.0 AppleWebKit/537.36 (KHTML, like Gecko; compatible; ClaudeBot/1.0; +claudebot@anthropic.com)"
52.167.144.23 - - [13/May/2026:07:32:28 +1000] "GET /casino-dealer-license-uk/ HTTP/2" 200 39877 "-" "Mozilla/5.0 AppleWebKit/537.36 (KHTML, like Gecko; compatible; bingbot/2.0; +http://www.bing.com/bingbot.htm) Chrome/116.0.1938.76 Safari/537.36"
52.167.144.23 - - [13/May/2026:07:32:29 +1000] "GET /50-free-spins-united-kingdom-2026/ HTTP/2" 200 40253 "-" "Mozilla/5.0 AppleWebKit/537.36 (KHTML, like Gecko; compatible; bingbot/2.0; +http://www.bing.com/bingbot.htm) Chrome/116.0.1938.76 Safari/537.36"
77.237.244.221 - - [13/May/2026:07:32:30 +1000] "GET /user_guide/ HTTP/1.1" 301 664 "-" "Mozilla/5.0 (Windows NT 10.0; Win64; x64) AppleWebKit/537.36 (KHTML, like Gecko) Chrome/91.0.4472.124 Safari/537.36"
52.167.144.23 - - [13/May/2026:07:32:30 +1000] "GET /category/pt-main-1/ HTTP/2" 200 36587 "-" "Mozilla/5.0 AppleWebKit/537.36 (KHTML, like Gecko; compatible; bingbot/2.0; +http://www.bing.com/bingbot.htm) Chrome/116.0.1938.76 Safari/537.36"
52.167.144.23 - - [13/May/2026:07:32:30 +1000] "GET /jackpot-master-free-coins-2026/ HTTP/2" 200 41812 "-" "Mozilla/5.0 AppleWebKit/537.36 (KHTML, like Gecko; compatible; bingbot/2.0; +http://www.bing.com/bingbot.htm) Chrome/116.0.1938.76 Safari/537.36"
47.82.10.61 - - [13/May/2026:07:32:30 +1000] "GET /migliori-mucchio-in-italia-del-2025-classificazione-aggiornata-casino-legali/ HTTP/1.1" 200 43927 "https://www.coridyan.com/" "Mozilla/5.0 (Windows NT 10.0; Win64; x64) AppleWebKit/537.36 (KHTML, like Gecko) Chrome/135.0.0.0 Safari/537.36"
52.167.144.23 - - [13/May/2026:07:32:32 +1000] "GET /better-5-gambling-games-inside-the-canada-betx101-app-android-2026-publication/ HTTP/2" 200 42522 "-" "Mozilla/5.0 AppleWebKit/537.36 (KHTML, like Gecko; compatible; bingbot/2.0; +http://www.bing.com/bingbot.htm) Chrome/116.0.1938.76 Safari/537.36"
192.178.4.100 - - [13/May/2026:07:32:31 +1000] "GET /comment.php?products/amanda/15262718/ HTTP/1.1" 200 33887 "-" "Mozilla/5.0 (Linux; Android 6.0.1; Nexus 5X Build/MMB29P) AppleWebKit/537.36 (KHTML, like Gecko) Chrome/147.0.7727.137 Mobile Safari/537.36 (compatible; GoogleOther)"
77.237.244.221 - - [13/May/2026:07:32:33 +1000] "GET /user_guide/ HTTP/1.1" 404 36234 "-" "Mozilla/5.0 (Windows NT 10.0; Win64; x64) AppleWebKit/537.36 (KHTML, like Gecko) Chrome/91.0.4472.124 Safari/537.36"
52.167.144.23 - - [13/May/2026:07:32:33 +1000] "GET /bingo-calls-uk/ HTTP/2" 200 40206 "-" "Mozilla/5.0 AppleWebKit/537.36 (KHTML, like Gecko; compatible; bingbot/2.0; +http://www.bing.com/bingbot.htm) Chrome/116.0.1938.76 Safari/537.36"
52.167.144.23 - - [13/May/2026:07:32:35 +1000] "GET /top-100-slot-sites-uk/ HTTP/2" 200 40373 "-" "Mozilla/5.0 AppleWebKit/537.36 (KHTML, like Gecko; compatible; bingbot/2.0; +http://www.bing.com/bingbot.htm) Chrome/116.0.1938.76 Safari/537.36"
77.237.244.221 - - [13/May/2026:07:32:36 +1000] "GET /.tmb/ HTTP/1.1" 404 1020 "-" "Mozilla/5.0 (Windows NT 10.0; Win64; x64) AppleWebKit/537.36 (KHTML, like Gecko) Chrome/91.0.4472.124 Safari/537.36"
52.167.144.23 - - [13/May/2026:07:32:37 +1000] "GET /free-25-pound-no-deposit/ HTTP/2" 200 39967 "-" "Mozilla/5.0 AppleWebKit/537.36 (KHTML, like Gecko; compatible; bingbot/2.0; +http://www.bing.com/bingbot.htm) Chrome/116.0.1938.76 Safari/537.36"
77.237.244.221 - - [13/May/2026:07:32:38 +1000] "GET /keluarga/ HTTP/1.1" 301 662 "-" "Mozilla/5.0 (Windows NT 10.0; Win64; x64) AppleWebKit/537.36 (KHTML, like Gecko) Chrome/91.0.4472.124 Safari/537.36"
52.167.144.23 - - [13/May/2026:07:32:39 +1000] "GET /no-deposit-bonus-uk-2026/ HTTP/2" 200 39716 "-" "Mozilla/5.0 AppleWebKit/537.36 (KHTML, like Gecko; compatible; bingbot/2.0; +http://www.bing.com/bingbot.htm) Chrome/116.0.1938.76 Safari/537.36"
52.167.144.23 - - [13/May/2026:07:32:41 +1000] "GET /gambling-licence-fees-uk/ HTTP/2" 200 40084 "-" "Mozilla/5.0 AppleWebKit/537.36 (KHTML, like Gecko; compatible; bingbot/2.0; +http://www.bing.com/bingbot.htm) Chrome/116.0.1938.76 Safari/537.36"
77.237.244.221 - - [13/May/2026:07:32:41 +1000] "GET /keluarga/ HTTP/1.1" 404 36234 "-" "Mozilla/5.0 (Windows NT 10.0; Win64; x64) AppleWebKit/537.36 (KHTML, like Gecko) Chrome/91.0.4472.124 Safari/537.36"
57.141.14.22 - - [13/May/2026:07:32:41 +1000] "GET /products/detail/64369828 HTTP/2" 404 137739 "-" "meta-externalagent/1.1 (+https://developers.facebook.com/docs/sharing/webmasters/crawler)"
52.167.144.238 - - [13/May/2026:07:32:43 +1000] "GET /bargeldeinzahlungen-aufs-eigene-konto-infos/ HTTP/2" 200 42565 "-" "Mozilla/5.0 AppleWebKit/537.36 (KHTML, like Gecko; compatible; bingbot/2.0; +http://www.bing.com/bingbot.htm) Chrome/116.0.1938.76 Safari/537.36"
52.167.144.23 - - [13/May/2026:07:32:43 +1000] "GET /free-united-kingdom-cash-bingo/ HTTP/2" 200 40000 "-" "Mozilla/5.0 AppleWebKit/537.36 (KHTML, like Gecko; compatible; bingbot/2.0; +http://www.bing.com/bingbot.htm) Chrome/116.0.1938.76 Safari/537.36"
52.167.144.238 - - [13/May/2026:07:32:45 +1000] "GET /duradel-osrs-wiki/ HTTP/2" 200 41001 "-" "Mozilla/5.0 AppleWebKit/537.36 (KHTML, like Gecko; compatible; bingbot/2.0; +http://www.bing.com/bingbot.htm) Chrome/116.0.1938.76 Safari/537.36"
77.237.244.221 - - [13/May/2026:07:32:45 +1000] "GET /aplikasi/ HTTP/1.1" 301 662 "-" "Mozilla/5.0 (Windows NT 10.0; Win64; x64) AppleWebKit/537.36 (KHTML, like Gecko) Chrome/91.0.4472.124 Safari/537.36"
52.167.144.23 - - [13/May/2026:07:32:46 +1000] "GET /is-it-legal-to-gamble-online-in-canada/ HTTP/2" 200 39937 "-" "Mozilla/5.0 AppleWebKit/537.36 (KHTML, like Gecko; compatible; bingbot/2.0; +http://www.bing.com/bingbot.htm) Chrome/116.0.1938.76 Safari/537.36"
52.167.144.238 - - [13/May/2026:07:32:47 +1000] "GET /products/detail/58587400 HTTP/2" 404 35911 "-" "Mozilla/5.0 AppleWebKit/537.36 (KHTML, like Gecko; compatible; bingbot/2.0; +http://www.bing.com/bingbot.htm) Chrome/116.0.1938.76 Safari/537.36"
77.237.244.221 - - [13/May/2026:07:32:48 +1000] "GET /aplikasi/ HTTP/1.1" 404 36234 "-" "Mozilla/5.0 (Windows NT 10.0; Win64; x64) AppleWebKit/537.36 (KHTML, like Gecko) Chrome/91.0.4472.124 Safari/537.36"
52.167.144.23 - - [13/May/2026:07:32:48 +1000] "GET /roulette-lucky-numbers/ HTTP/2" 200 40035 "-" "Mozilla/5.0 AppleWebKit/537.36 (KHTML, like Gecko; compatible; bingbot/2.0; +http://www.bing.com/bingbot.htm) Chrome/116.0.1938.76 Safari/537.36"
52.167.144.238 - - [13/May/2026:07:32:49 +1000] "GET /products/detail/59503744 HTTP/2" 404 35911 "-" "Mozilla/5.0 AppleWebKit/537.36 (KHTML, like Gecko; compatible; bingbot/2.0; +http://www.bing.com/bingbot.htm) Chrome/116.0.1938.76 Safari/537.36"
52.167.144.23 - - [13/May/2026:07:32:50 +1000] "GET /free-slots-no-downloads/ HTTP/2" 200 39736 "-" "Mozilla/5.0 AppleWebKit/537.36 (KHTML, like Gecko; compatible; bingbot/2.0; +http://www.bing.com/bingbot.htm) Chrome/116.0.1938.76 Safari/537.36"
52.167.144.23 - - [13/May/2026:07:32:51 +1000] "GET /uk-day-roulettes/ HTTP/2" 200 40052 "-" "Mozilla/5.0 AppleWebKit/537.36 (KHTML, like Gecko; compatible; bingbot/2.0; +http://www.bing.com/bingbot.htm) Chrome/116.0.1938.76 Safari/537.36"
77.237.244.221 - - [13/May/2026:07:32:51 +1000] "GET /index_files/ HTTP/1.1" 301 665 "-" "Mozilla/5.0 (Windows NT 10.0; Win64; x64) AppleWebKit/537.36 (KHTML, like Gecko) Chrome/91.0.4472.124 Safari/537.36"
52.167.144.23 - - [13/May/2026:07:32:52 +1000] "GET /zrozumienie-pojecia-zmiennosci-w-automatach-vox-w-kontekscie-ai-9/ HTTP/2" 200 39216 "-" "Mozilla/5.0 AppleWebKit/537.36 (KHTML, like Gecko; compatible; bingbot/2.0; +http://www.bing.com/bingbot.htm) Chrome/116.0.1938.76 Safari/537.36"
52.167.144.23 - - [13/May/2026:07:32:53 +1000] "GET /po-kakomu-principu-dejstvujut-strahovye-dublikaty-8/ HTTP/2" 200 48237 "-" "Mozilla/5.0 AppleWebKit/537.36 (KHTML, like Gecko; compatible; bingbot/2.0; +http://www.bing.com/bingbot.htm) Chrome/116.0.1938.76 Safari/537.36"
52.167.144.23 - - [13/May/2026:07:32:54 +1000] "GET /21-fotos-vom-tagesordnungspunkt-spiel-billionairespin-login-tus-helene-kurz-vorweg-diesem-stiege/ HTTP/2" 200 42024 "-" "Mozilla/5.0 AppleWebKit/537.36 (KHTML, like Gecko; compatible; bingbot/2.0; +http://www.bing.com/bingbot.htm) Chrome/116.0.1938.76 Safari/537.36"
77.237.244.221 - - [13/May/2026:07:32:54 +1000] "GET /index_files/ HTTP/1.1" 404 36234 "-" "Mozilla/5.0 (Windows NT 10.0; Win64; x64) AppleWebKit/537.36 (KHTML, like Gecko) Chrome/91.0.4472.124 Safari/537.36"
167.114.139.116 - - [13/May/2026:07:32:26 +1000] "GET /post-sitemap2.xml HTTP/2" 200 0 "-" "Mozilla/5.0 (compatible; AhrefsBot/7.0; +http://ahrefs.com/robot/)"
52.167.144.23 - - [13/May/2026:07:32:55 +1000] "GET /zrozumienie-pojecia-zmiennosci-w-automatach-vox-w-kontekscie-ai-13/ HTTP/2" 200 39217 "-" "Mozilla/5.0 AppleWebKit/537.36 (KHTML, like Gecko; compatible; bingbot/2.0; +http://www.bing.com/bingbot.htm) Chrome/116.0.1938.76 Safari/537.36"
52.167.144.23 - - [13/May/2026:07:32:55 +1000] "GET /no-deposit-bonus-sites/ HTTP/2" 200 40378 "-" "Mozilla/5.0 AppleWebKit/537.36 (KHTML, like Gecko; compatible; bingbot/2.0; +http://www.bing.com/bingbot.htm) Chrome/116.0.1938.76 Safari/537.36"
52.167.144.23 - - [13/May/2026:07:32:56 +1000] "GET /best-deposit-bonuses/ HTTP/2" 200 40368 "-" "Mozilla/5.0 AppleWebKit/537.36 (KHTML, like Gecko; compatible; bingbot/2.0; +http://www.bing.com/bingbot.htm) Chrome/116.0.1938.76 Safari/537.36"
52.167.144.23 - - [13/May/2026:07:32:57 +1000] "GET /zrozumienie-pojecia-zmiennosci-w-automatach-vox-w-kontekscie-ai-10/ HTTP/2" 200 41206 "-" "Mozilla/5.0 AppleWebKit/537.36 (KHTML, like Gecko; compatible; bingbot/2.0; +http://www.bing.com/bingbot.htm) Chrome/116.0.1938.76 Safari/537.36"
77.237.244.221 - - [13/May/2026:07:32:57 +1000] "GET /staff/ HTTP/1.1" 301 703 "-" "Mozilla/5.0 (Windows NT 10.0; Win64; x64) AppleWebKit/537.36 (KHTML, like Gecko) Chrome/91.0.4472.124 Safari/537.36"
52.167.144.23 - - [13/May/2026:07:32:59 +1000] "GET /play-news-risk-high-voltage-no-download-free-trial/ HTTP/2" 200 42315 "-" "Mozilla/5.0 AppleWebKit/537.36 (KHTML, like Gecko; compatible; bingbot/2.0; +http://www.bing.com/bingbot.htm) Chrome/116.0.1938.76 Safari/537.36"
52.167.144.23 - - [13/May/2026:07:32:59 +1000] "GET /category/new/ HTTP/2" 200 37744 "-" "Mozilla/5.0 AppleWebKit/537.36 (KHTML, like Gecko; compatible; bingbot/2.0; +http://www.bing.com/bingbot.htm) Chrome/116.0.1938.76 Safari/537.36"
52.167.144.238 - - [13/May/2026:07:33:00 +1000] "GET /best-uk-pc-slot-game/ HTTP/2" 200 40111 "-" "Mozilla/5.0 AppleWebKit/537.36 (KHTML, like Gecko; compatible; bingbot/2.0; +http://www.bing.com/bingbot.htm) Chrome/116.0.1938.76 Safari/537.36"
77.237.244.221 - - [13/May/2026:07:33:00 +1000] "GET /staff-of-spinsamurai-login-mobile-moses-wikipedia/ HTTP/1.1" 200 42331 "-" "Mozilla/5.0 (Windows NT 10.0; Win64; x64) AppleWebKit/537.36 (KHTML, like Gecko) Chrome/91.0.4472.124 Safari/537.36"
52.167.144.23 - - [13/May/2026:07:33:01 +1000] "GET /best-high-low-casino/ HTTP/2" 200 39763 "-" "Mozilla/5.0 AppleWebKit/537.36 (KHTML, like Gecko; compatible; bingbot/2.0; +http://www.bing.com/bingbot.htm) Chrome/116.0.1938.76 Safari/537.36"
52.167.144.23 - - [13/May/2026:07:33:01 +1000] "GET /gambling-transactions-on-bank-statement/ HTTP/2" 200 39956 "-" "Mozilla/5.0 AppleWebKit/537.36 (KHTML, like Gecko; compatible; bingbot/2.0; +http://www.bing.com/bingbot.htm) Chrome/116.0.1938.76 Safari/537.36"
57.141.14.90 - - [13/May/2026:07:33:02 +1000] "GET /products/detail/54380377 HTTP/2" 404 137739 "-" "meta-externalagent/1.1 (+https://developers.facebook.com/docs/sharing/webmasters/crawler)"
52.167.144.23 - - [13/May/2026:07:33:03 +1000] "GET /1xbet-skachat-dlia-bezopasnykh-tranzaktsii-poshagovoe-rukovodstvo-8/ HTTP/2" 200 42419 "-" "Mozilla/5.0 AppleWebKit/537.36 (KHTML, like Gecko; compatible; bingbot/2.0; +http://www.bing.com/bingbot.htm) Chrome/116.0.1938.76 Safari/537.36"
52.167.144.23 - - [13/May/2026:07:33:03 +1000] "GET /mit-mutat-meg-a-leander-kills-mai-szereperl/ HTTP/2" 200 40993 "-" "Mozilla/5.0 AppleWebKit/537.36 (KHTML, like Gecko; compatible; bingbot/2.0; +http://www.bing.com/bingbot.htm) Chrome/116.0.1938.76 Safari/537.36"
77.237.244.221 - - [13/May/2026:07:33:04 +1000] "GET /scripts/ HTTP/1.1" 301 661 "-" "Mozilla/5.0 (Windows NT 10.0; Win64; x64) AppleWebKit/537.36 (KHTML, like Gecko) Chrome/91.0.4472.124 Safari/537.36"
52.167.144.23 - - [13/May/2026:07:33:05 +1000] "GET /winshark-casino-legit-au-2026/ HTTP/2" 200 40589 "-" "Mozilla/5.0 AppleWebKit/537.36 (KHTML, like Gecko; compatible; bingbot/2.0; +http://www.bing.com/bingbot.htm) Chrome/116.0.1938.76 Safari/537.36"
52.167.144.23 - - [13/May/2026:07:33:05 +1000] "GET /no-deposit-slots-2026-canada/ HTTP/2" 200 40078 "-" "Mozilla/5.0 AppleWebKit/537.36 (KHTML, like Gecko; compatible; bingbot/2.0; +http://www.bing.com/bingbot.htm) Chrome/116.0.1938.76 Safari/537.36"
77.237.244.221 - - [13/May/2026:07:33:06 +1000] "GET /scripts/ HTTP/1.1" 404 36234 "-" "Mozilla/5.0 (Windows NT 10.0; Win64; x64) AppleWebKit/537.36 (KHTML, like Gecko) Chrome/91.0.4472.124 Safari/537.36"
57.141.14.72 - - [13/May/2026:07:33:07 +1000] "GET /products/detail/57560311 HTTP/2" 404 137739 "-" "meta-externalagent/1.1 (+https://developers.facebook.com/docs/sharing/webmasters/crawler)"
52.167.144.23 - - [13/May/2026:07:33:07 +1000] "GET /50-no-deposit-bonus/ HTTP/2" 200 43824 "-" "Mozilla/5.0 AppleWebKit/537.36 (KHTML, like Gecko; compatible; bingbot/2.0; +http://www.bing.com/bingbot.htm) Chrome/116.0.1938.76 Safari/537.36"
52.167.144.23 - - [13/May/2026:07:33:08 +1000] "GET /zrozumienie-pojecia-zmiennosci-w-automatach-vox-w-kontekscie-ai-21/ HTTP/2" 200 39212 "-" "Mozilla/5.0 AppleWebKit/537.36 (KHTML, like Gecko; compatible; bingbot/2.0; +http://www.bing.com/bingbot.htm) Chrome/116.0.1938.76 Safari/537.36"
52.167.144.23 - - [13/May/2026:07:33:09 +1000] "GET /category/depana-cl/ HTTP/2" 200 36515 "-" "Mozilla/5.0 AppleWebKit/537.36 (KHTML, like Gecko; compatible; bingbot/2.0; +http://www.bing.com/bingbot.htm) Chrome/116.0.1938.76 Safari/537.36"
52.167.144.23 - - [13/May/2026:07:33:09 +1000] "GET /baccarat-card-game-rules/ HTTP/2" 200 40193 "-" "Mozilla/5.0 AppleWebKit/537.36 (KHTML, like Gecko; compatible; bingbot/2.0; +http://www.bing.com/bingbot.htm) Chrome/116.0.1938.76 Safari/537.36"
77.237.244.221 - - [13/May/2026:07:33:10 +1000] "GET /script/ HTTP/1.1" 301 660 "-" "Mozilla/5.0 (Windows NT 10.0; Win64; x64) AppleWebKit/537.36 (KHTML, like Gecko) Chrome/91.0.4472.124 Safari/537.36"
192.178.4.100 - - [13/May/2026:07:33:09 +1000] "GET /comment.php?products/real-wood/20876138/ HTTP/1.1" 200 35288 "-" "Mozilla/5.0 (Linux; Android 6.0.1; Nexus 5X Build/MMB29P) AppleWebKit/537.36 (KHTML, like Gecko) Chrome/147.0.7727.137 Mobile Safari/537.36 (compatible; GoogleOther)"
52.167.144.23 - - [13/May/2026:07:33:11 +1000] "GET /sexologia-integral-y-medicina-bioregulatoria/ HTTP/2" 200 43536 "-" "Mozilla/5.0 AppleWebKit/537.36 (KHTML, like Gecko; compatible; bingbot/2.0; +http://www.bing.com/bingbot.htm) Chrome/116.0.1938.76 Safari/537.36"
52.167.144.23 - - [13/May/2026:07:33:11 +1000] "GET /decouvrez-le-pouvoir-cache-du-code-bonus-supabet-pour-doubler-vos-gains/ HTTP/2" 200 39539 "-" "Mozilla/5.0 AppleWebKit/537.36 (KHTML, like Gecko; compatible; bingbot/2.0; +http://www.bing.com/bingbot.htm) Chrome/116.0.1938.76 Safari/537.36"
77.237.244.221 - - [13/May/2026:07:33:12 +1000] "GET /script/ HTTP/1.1" 404 36234 "-" "Mozilla/5.0 (Windows NT 10.0; Win64; x64) AppleWebKit/537.36 (KHTML, like Gecko) Chrome/91.0.4472.124 Safari/537.36"
52.167.144.23 - - [13/May/2026:07:33:13 +1000] "GET /een-overzicht-van-chicken-road-in-het-kader-van-kansspelen-op-online-platformen/ HTTP/2" 200 39202 "-" "Mozilla/5.0 AppleWebKit/537.36 (KHTML, like Gecko; compatible; bingbot/2.0; +http://www.bing.com/bingbot.htm) Chrome/116.0.1938.76 Safari/537.36"
57.141.14.22 - - [13/May/2026:07:33:13 +1000] "GET /products/detail/55323037 HTTP/2" 404 137739 "-" "meta-externalagent/1.1 (+https://developers.facebook.com/docs/sharing/webmasters/crawler)"
52.167.144.23 - - [13/May/2026:07:33:13 +1000] "GET /promokody-melbet-na-segodnya-mart-2026-poluchit-bonusy-i-fribety-bez-depozita-vyberu-sport-bk-sama-opredelit-match-i-iskhod-kotorye-predlozhit-zastrakhovat/ HTTP/2" 200 43283 "-" "Mozilla/5.0 AppleWebKit/537.36 (KHTML, like Gecko; compatible; bingbot/2.0; +http://www.bing.com/bingbot.htm) Chrome/116.0.1938.76 Safari/537.36"
52.167.144.23 - - [13/May/2026:07:33:15 +1000] "GET /15-dollar-deposit-sic-bo-online/ HTTP/2" 200 40043 "-" "Mozilla/5.0 AppleWebKit/537.36 (KHTML, like Gecko; compatible; bingbot/2.0; +http://www.bing.com/bingbot.htm) Chrome/116.0.1938.76 Safari/537.36"
77.237.244.221 - - [13/May/2026:07:33:16 +1000] "GET /wp/ HTTP/1.1" 301 707 "-" "Mozilla/5.0 (Windows NT 10.0; Win64; x64) AppleWebKit/537.36 (KHTML, like Gecko) Chrome/91.0.4472.124 Safari/537.36"
52.167.144.23 - - [13/May/2026:07:33:17 +1000] "GET /rotiri-gratuite-dar-plata-2026-oferte-ce-500-free-spins/ HTTP/2" 200 40516 "-" "Mozilla/5.0 AppleWebKit/537.36 (KHTML, like Gecko; compatible; bingbot/2.0; +http://www.bing.com/bingbot.htm) Chrome/116.0.1938.76 Safari/537.36"
77.237.244.221 - - [13/May/2026:07:33:18 +1000] "GET /wpis-i-logowanie-w-calej-lemon-casino-pilot-stopniowo/ HTTP/1.1" 200 41966 "-" "Mozilla/5.0 (Windows NT 10.0; Win64; x64) AppleWebKit/537.36 (KHTML, like Gecko) Chrome/91.0.4472.124 Safari/537.36"
52.167.144.23 - - [13/May/2026:07:33:19 +1000] "GET /fenedi-fences-and-meshes-av-alberto-hurtado-1811/ HTTP/2" 200 41537 "-" "Mozilla/5.0 AppleWebKit/537.36 (KHTML, like Gecko; compatible; bingbot/2.0; +http://www.bing.com/bingbot.htm) Chrome/116.0.1938.76 Safari/537.36"
52.167.144.238 - - [13/May/2026:07:33:21 +1000] "GET /jak-odgrywac-po-lotek-online-poradnik-stopniowo/ HTTP/2" 200 40639 "-" "Mozilla/5.0 AppleWebKit/537.36 (KHTML, like Gecko; compatible; bingbot/2.0; +http://www.bing.com/bingbot.htm) Chrome/116.0.1938.76 Safari/537.36"
52.167.144.23 - - [13/May/2026:07:33:21 +1000] "GET /gunsbet-arvostelu-odkrywa-emocje-w-swiecie-zakladow-na-zywo/ HTTP/2" 200 39668 "-" "Mozilla/5.0 AppleWebKit/537.36 (KHTML, like Gecko; compatible; bingbot/2.0; +http://www.bing.com/bingbot.htm) Chrome/116.0.1938.76 Safari/537.36"
77.237.244.221 - - [13/May/2026:07:33:22 +1000] "GET /uploadfile/ HTTP/1.1" 301 664 "-" "Mozilla/5.0 (Windows NT 10.0; Win64; x64) AppleWebKit/537.36 (KHTML, like Gecko) Chrome/91.0.4472.124 Safari/537.36"
52.167.144.238 - - [13/May/2026:07:33:23 +1000] "GET /casino-movil-chile-una-cruda-verdad-detras-de-el-brillo-on-line/ HTTP/2" 200 43504 "-" "Mozilla/5.0 AppleWebKit/537.36 (KHTML, like Gecko; compatible; bingbot/2.0; +http://www.bing.com/bingbot.htm) Chrome/116.0.1938.76 Safari/537.36"
52.167.144.23 - - [13/May/2026:07:33:23 +1000] "GET /les-machines-a-sous-qui-ont-fait-leurs-preuves-10-pepites-selectionnees-par-les-experts-du-web/ HTTP/2" 200 47436 "-" "Mozilla/5.0 AppleWebKit/537.36 (KHTML, like Gecko; compatible; bingbot/2.0; +http://www.bing.com/bingbot.htm) Chrome/116.0.1938.76 Safari/537.36"
77.237.244.221 - - [13/May/2026:07:33:24 +1000] "GET /uploadfile/ HTTP/1.1" 404 36234 "-" "Mozilla/5.0 (Windows NT 10.0; Win64; x64) AppleWebKit/537.36 (KHTML, like Gecko) Chrome/91.0.4472.124 Safari/537.36"
52.167.144.238 - - [13/May/2026:07:33:25 +1000] "GET /el-dominio-de-michael-jackson-una-asombroso-certeza-cual-salio-a-una-brillo-tras-su-matanza/ HTTP/2" 200 43900 "-" "Mozilla/5.0 AppleWebKit/537.36 (KHTML, like Gecko; compatible; bingbot/2.0; +http://www.bing.com/bingbot.htm) Chrome/116.0.1938.76 Safari/537.36"
52.167.144.23 - - [13/May/2026:07:33:25 +1000] "GET /free-bets-no-deposits/ HTTP/2" 200 40275 "-" "Mozilla/5.0 AppleWebKit/537.36 (KHTML, like Gecko; compatible; bingbot/2.0; +http://www.bing.com/bingbot.htm) Chrome/116.0.1938.76 Safari/537.36"
51.222.168.252 - - [13/May/2026:07:32:57 +1000] "GET /post-sitemap3.xml HTTP/2" 200 0 "-" "Mozilla/5.0 (compatible; AhrefsBot/7.0; +http://ahrefs.com/robot/)"
52.167.144.238 - - [13/May/2026:07:33:26 +1000] "GET /what-exactly-is-a-secure-length-away-from-high-tension-electric-wiring/ HTTP/2" 200 40768 "-" "Mozilla/5.0 AppleWebKit/537.36 (KHTML, like Gecko; compatible; bingbot/2.0; +http://www.bing.com/bingbot.htm) Chrome/116.0.1938.76 Safari/537.36"
52.167.144.23 - - [13/May/2026:07:33:27 +1000] "GET /are-all-american-roulette-wheels-the-same/ HTTP/2" 200 40082 "-" "Mozilla/5.0 AppleWebKit/537.36 (KHTML, like Gecko; compatible; bingbot/2.0; +http://www.bing.com/bingbot.htm) Chrome/116.0.1938.76 Safari/537.36"
52.167.144.23 - - [13/May/2026:07:33:27 +1000] "GET /free-slots-no-download-no-registration/ HTTP/2" 200 39745 "-" "Mozilla/5.0 AppleWebKit/537.36 (KHTML, like Gecko; compatible; bingbot/2.0; +http://www.bing.com/bingbot.htm) Chrome/116.0.1938.76 Safari/537.36"
77.237.244.221 - - [13/May/2026:07:33:28 +1000] "GET /slider/ HTTP/1.1" 301 660 "-" "Mozilla/5.0 (Windows NT 10.0; Win64; x64) AppleWebKit/537.36 (KHTML, like Gecko) Chrome/91.0.4472.124 Safari/537.36"
52.167.144.238 - - [13/May/2026:07:33:28 +1000] "GET /pregled-pozicije-jokera-u-flamesu/ HTTP/2" 200 40158 "-" "Mozilla/5.0 AppleWebKit/537.36 (KHTML, like Gecko; compatible; bingbot/2.0; +http://www.bing.com/bingbot.htm) Chrome/116.0.1938.76 Safari/537.36"
52.167.144.23 - - [13/May/2026:07:33:29 +1000] "GET /uk-gambling-statistics-2026/ HTTP/2" 200 39908 "-" "Mozilla/5.0 AppleWebKit/537.36 (KHTML, like Gecko; compatible; bingbot/2.0; +http://www.bing.com/bingbot.htm) Chrome/116.0.1938.76 Safari/537.36"
57.141.14.15 - - [13/May/2026:07:33:28 +1000] "GET /products/detail/63115444 HTTP/2" 404 137739 "-" "meta-externalagent/1.1 (+https://developers.facebook.com/docs/sharing/webmasters/crawler)"
52.167.144.23 - - [13/May/2026:07:33:29 +1000] "GET /gambling-laws-in-uk-and-gift-cards-as-prizes/ HTTP/2" 200 39630 "-" "Mozilla/5.0 AppleWebKit/537.36 (KHTML, like Gecko; compatible; bingbot/2.0; +http://www.bing.com/bingbot.htm) Chrome/116.0.1938.76 Safari/537.36"
77.237.244.221 - - [13/May/2026:07:33:31 +1000] "GET /slider/ HTTP/1.1" 404 36234 "-" "Mozilla/5.0 (Windows NT 10.0; Win64; x64) AppleWebKit/537.36 (KHTML, like Gecko) Chrome/91.0.4472.124 Safari/537.36"
52.167.144.23 - - [13/May/2026:07:33:31 +1000] "GET /what-was-the-first-licensed-casino-to-operate-in-the-united-kingdom/ HTTP/2" 200 40181 "-" "Mozilla/5.0 AppleWebKit/537.36 (KHTML, like Gecko; compatible; bingbot/2.0; +http://www.bing.com/bingbot.htm) Chrome/116.0.1938.76 Safari/537.36"
52.167.144.23 - - [13/May/2026:07:33:31 +1000] "GET /10-no-deposit-bonus/ HTTP/2" 200 39947 "-" "Mozilla/5.0 AppleWebKit/537.36 (KHTML, like Gecko; compatible; bingbot/2.0; +http://www.bing.com/bingbot.htm) Chrome/116.0.1938.76 Safari/537.36"
52.167.144.23 - - [13/May/2026:07:33:33 +1000] "GET /texas-holdem-rules-united-kingdom/ HTTP/2" 200 40259 "-" "Mozilla/5.0 AppleWebKit/537.36 (KHTML, like Gecko; compatible; bingbot/2.0; +http://www.bing.com/bingbot.htm) Chrome/116.0.1938.76 Safari/537.36"
52.167.144.23 - - [13/May/2026:07:33:33 +1000] "GET /what-slot-machines-payout-the-most-often-in-uk-2026/ HTTP/2" 200 40007 "-" "Mozilla/5.0 AppleWebKit/537.36 (KHTML, like Gecko; compatible; bingbot/2.0; +http://www.bing.com/bingbot.htm) Chrome/116.0.1938.76 Safari/537.36"
216.73.217.100 - - [13/May/2026:07:33:33 +1000] "GET /?p=22783 HTTP/2" 301 0 "-" "Mozilla/5.0 AppleWebKit/537.36 (KHTML, like Gecko; compatible; ClaudeBot/1.0; +claudebot@anthropic.com)"
77.237.244.221 - - [13/May/2026:07:33:34 +1000] "GET /documents/ HTTP/1.1" 301 663 "-" "Mozilla/5.0 (Windows NT 10.0; Win64; x64) AppleWebKit/537.36 (KHTML, like Gecko) Chrome/91.0.4472.124 Safari/537.36"
52.167.144.23 - - [13/May/2026:07:33:35 +1000] "GET /tips-view-grand-federal-2025-tv-route-and-you-can-alive-stream/ HTTP/2" 200 41680 "-" "Mozilla/5.0 AppleWebKit/537.36 (KHTML, like Gecko; compatible; bingbot/2.0; +http://www.bing.com/bingbot.htm) Chrome/116.0.1938.76 Safari/537.36"
216.73.217.100 - - [13/May/2026:07:33:35 +1000] "GET /loaded-hocus-pocus-deluxe-80-free-spins/ HTTP/2" 200 42153 "https://www.coridyan.com/?p=22783" "Mozilla/5.0 AppleWebKit/537.36 (KHTML, like Gecko; compatible; ClaudeBot/1.0; +claudebot@anthropic.com)"
52.167.144.23 - - [13/May/2026:07:33:36 +1000] "GET /ufc-below-fbi-study-over-gaming-and-matches-fixing-scandal-while-the-usa/ HTTP/2" 200 41435 "-" "Mozilla/5.0 AppleWebKit/537.36 (KHTML, like Gecko; compatible; bingbot/2.0; +http://www.bing.com/bingbot.htm) Chrome/116.0.1938.76 Safari/537.36"
77.237.244.221 - - [13/May/2026:07:33:37 +1000] "GET /documents/ HTTP/1.1" 404 36234 "-" "Mozilla/5.0 (Windows NT 10.0; Win64; x64) AppleWebKit/537.36 (KHTML, like Gecko) Chrome/91.0.4472.124 Safari/537.36"
52.167.144.23 - - [13/May/2026:07:33:37 +1000] "GET /draagbaar-bank-nederlan-2026-ybets-app-aanmelding-offlin-bank-apps/ HTTP/2" 200 41251 "-" "Mozilla/5.0 AppleWebKit/537.36 (KHTML, like Gecko; compatible; bingbot/2.0; +http://www.bing.com/bingbot.htm) Chrome/116.0.1938.76 Safari/537.36"
52.167.144.23 - - [13/May/2026:07:33:37 +1000] "GET /periodes-sans-frais-sans-annales-avec-sky-vegas-book-of-ra-slot-pour-de-largent-2026-lexterieur-du-pays/ HTTP/2" 200 42060 "-" "Mozilla/5.0 AppleWebKit/537.36 (KHTML, like Gecko; compatible; bingbot/2.0; +http://www.bing.com/bingbot.htm) Chrome/116.0.1938.76 Safari/537.36"
52.167.144.23 - - [13/May/2026:07:33:39 +1000] "GET /f1-plan-2026-certified-calendar-from-huge-prix-events/ HTTP/2" 200 41593 "-" "Mozilla/5.0 AppleWebKit/537.36 (KHTML, like Gecko; compatible; bingbot/2.0; +http://www.bing.com/bingbot.htm) Chrome/116.0.1938.76 Safari/537.36"
52.167.144.23 - - [13/May/2026:07:33:39 +1000] "GET /diese-besten-simulations-brettspiele-mega-moolah-online-mobile-partie-rat-2026/ HTTP/2" 200 41506 "-" "Mozilla/5.0 AppleWebKit/537.36 (KHTML, like Gecko; compatible; bingbot/2.0; +http://www.bing.com/bingbot.htm) Chrome/116.0.1938.76 Safari/537.36"
77.237.244.221 - - [13/May/2026:07:33:40 +1000] "GET /main_file/ HTTP/1.1" 301 663 "-" "Mozilla/5.0 (Windows NT 10.0; Win64; x64) AppleWebKit/537.36 (KHTML, like Gecko) Chrome/91.0.4472.124 Safari/537.36"
52.167.144.23 - - [13/May/2026:07:33:41 +1000] "GET /count-30-strength-integer-critical-hyperlink-comprehensive-opinion/ HTTP/2" 200 42408 "-" "Mozilla/5.0 AppleWebKit/537.36 (KHTML, like Gecko; compatible; bingbot/2.0; +http://www.bing.com/bingbot.htm) Chrome/116.0.1938.76 Safari/537.36"
52.167.144.23 - - [13/May/2026:07:33:41 +1000] "GET /incentive-rules-march-2026-exclusive-fruit-blast-slot-machine-selling/ HTTP/2" 200 42201 "-" "Mozilla/5.0 AppleWebKit/537.36 (KHTML, like Gecko; compatible; bingbot/2.0; +http://www.bing.com/bingbot.htm) Chrome/116.0.1938.76 Safari/537.36"
77.237.244.221 - - [13/May/2026:07:33:43 +1000] "GET /main_file/ HTTP/1.1" 404 36234 "-" "Mozilla/5.0 (Windows NT 10.0; Win64; x64) AppleWebKit/537.36 (KHTML, like Gecko) Chrome/91.0.4472.124 Safari/537.36"
52.167.144.23 - - [13/May/2026:07:33:43 +1000] "GET /taxes-in-uk-for-gambling/ HTTP/2" 200 40156 "-" "Mozilla/5.0 AppleWebKit/537.36 (KHTML, like Gecko; compatible; bingbot/2.0; +http://www.bing.com/bingbot.htm) Chrome/116.0.1938.76 Safari/537.36"
52.167.144.23 - - [13/May/2026:07:33:43 +1000] "GET /bet365-speciel-info-fatal-sveriges-basta-afkast-1500-sek-pr-spelkrediter/ HTTP/2" 200 41162 "-" "Mozilla/5.0 AppleWebKit/537.36 (KHTML, like Gecko; compatible; bingbot/2.0; +http://www.bing.com/bingbot.htm) Chrome/116.0.1938.76 Safari/537.36"
52.167.144.23 - - [13/May/2026:07:33:45 +1000] "GET /2026-no-deposit-bonus-codes-uk/ HTTP/2" 200 40303 "-" "Mozilla/5.0 AppleWebKit/537.36 (KHTML, like Gecko; compatible; bingbot/2.0; +http://www.bing.com/bingbot.htm) Chrome/116.0.1938.76 Safari/537.36"
52.167.144.23 - - [13/May/2026:07:33:45 +1000] "GET /heavens-bet-promo-code-united-kingdom-february-2026-fifty-inside-free-bets/ HTTP/2" 200 41616 "-" "Mozilla/5.0 AppleWebKit/537.36 (KHTML, like Gecko; compatible; bingbot/2.0; +http://www.bing.com/bingbot.htm) Chrome/116.0.1938.76 Safari/537.36"
77.237.244.221 - - [13/May/2026:07:33:46 +1000] "GET /settings/ HTTP/1.1" 301 662 "-" "Mozilla/5.0 (Windows NT 10.0; Win64; x64) AppleWebKit/537.36 (KHTML, like Gecko) Chrome/91.0.4472.124 Safari/537.36"
52.167.144.23 - - [13/May/2026:07:33:47 +1000] "GET /hein-recevoir-connexion-a-lapplication-unlimluck-a-la-fraise-10-trucs/ HTTP/2" 200 41796 "-" "Mozilla/5.0 AppleWebKit/537.36 (KHTML, like Gecko; compatible; bingbot/2.0; +http://www.bing.com/bingbot.htm) Chrome/116.0.1938.76 Safari/537.36"
192.178.4.101 - - [13/May/2026:07:33:46 +1000] "GET /content.php?product/85914706 HTTP/1.1" 200 28409 "-" "Mozilla/5.0 (Linux; Android 6.0.1; Nexus 5X Build/MMB29P) AppleWebKit/537.36 (KHTML, like Gecko) Chrome/147.0.7727.137 Mobile Safari/537.36 (compatible; GoogleOther)"
52.167.144.23 - - [13/May/2026:07:33:48 +1000] "GET /uber-das-princess-casino-definition-und-informationen/ HTTP/2" 200 39982 "-" "Mozilla/5.0 AppleWebKit/537.36 (KHTML, like Gecko; compatible; bingbot/2.0; +http://www.bing.com/bingbot.htm) Chrome/116.0.1938.76 Safari/537.36"
77.237.244.221 - - [13/May/2026:07:33:49 +1000] "GET /settings/ HTTP/1.1" 404 36234 "-" "Mozilla/5.0 (Windows NT 10.0; Win64; x64) AppleWebKit/537.36 (KHTML, like Gecko) Chrome/91.0.4472.124 Safari/537.36"
52.167.144.23 - - [13/May/2026:07:33:49 +1000] "GET /vuelta-a-good-espana-2025-heute-real-time-perish-finalen-etappen-im-free-tv-und-auch-im-livestream-auf-joyn/ HTTP/2" 200 41959 "-" "Mozilla/5.0 AppleWebKit/537.36 (KHTML, like Gecko; compatible; bingbot/2.0; +http://www.bing.com/bingbot.htm) Chrome/116.0.1938.76 Safari/537.36"
52.167.144.23 - - [13/May/2026:07:33:50 +1000] "GET /casino-instant-bank-transfer/ HTTP/2" 200 39633 "-" "Mozilla/5.0 AppleWebKit/537.36 (KHTML, like Gecko; compatible; bingbot/2.0; +http://www.bing.com/bingbot.htm) Chrome/116.0.1938.76 Safari/537.36"
52.167.144.23 - - [13/May/2026:07:33:51 +1000] "GET /gala-bingo-gift-vouchers-uk/ HTTP/2" 200 40417 "-" "Mozilla/5.0 AppleWebKit/537.36 (KHTML, like Gecko; compatible; bingbot/2.0; +http://www.bing.com/bingbot.htm) Chrome/116.0.1938.76 Safari/537.36"
77.237.244.221 - - [13/May/2026:07:33:53 +1000] "GET /admin/img/ HTTP/1.1" 301 663 "-" "Mozilla/5.0 (Windows NT 10.0; Win64; x64) AppleWebKit/537.36 (KHTML, like Gecko) Chrome/91.0.4472.124 Safari/537.36"
52.167.144.23 - - [13/May/2026:07:33:53 +1000] "GET /norges-beste-online-mega-hamster-spill-penger-casino-brukerveiledning/ HTTP/2" 200 42446 "-" "Mozilla/5.0 AppleWebKit/537.36 (KHTML, like Gecko; compatible; bingbot/2.0; +http://www.bing.com/bingbot.htm) Chrome/116.0.1938.76 Safari/537.36"
52.167.144.23 - - [13/May/2026:07:33:54 +1000] "GET /spartacus-matanza-mythic-maiden-embocadura-desprovisto-bonificacion-sobre-tanque-asi-juega-video-poker-en-vivo-en-linea-como-arena-relacion-sobre-capitulos-de-spartacus-mortandad-y-arena/ HTTP/2" 200 43017 "-" "Mozilla/5.0 AppleWebKit/537.36 (KHTML, like Gecko; compatible; bingbot/2.0; +http://www.bing.com/bingbot.htm) Chrome/116.0.1938.76 Safari/537.36"
