91.92.243.31 - - [04/Jul/2024:00:37:57 +1000] "GET /wp-admin/maint/atomlib.php HTTP/1.1" 404 20347 "-" "Mozlila/5.0 (Linux; Android 7.0; SM-G892A Bulid/NRD90M; wv) AppleWebKit/537.36 (KHTML, like Gecko) Version/4.0 Chrome/60.0.3112.107 Moblie Safari/537.36"
91.92.243.31 - - [04/Jul/2024:00:38:15 +1000] "GET /wp-content/uploads/index.php HTTP/1.1" 301 997 "-" "Mozlila/5.0 (Linux; Android 7.0; SM-G892A Bulid/NRD90M; wv) AppleWebKit/537.36 (KHTML, like Gecko) Version/4.0 Chrome/60.0.3112.107 Moblie Safari/537.36"
91.92.243.31 - - [04/Jul/2024:00:38:32 +1000] "GET /wp-content/uploads/index.php HTTP/1.1" 301 640 "-" "Mozlila/5.0 (Linux; Android 7.0; SM-G892A Bulid/NRD90M; wv) AppleWebKit/537.36 (KHTML, like Gecko) Version/4.0 Chrome/60.0.3112.107 Moblie Safari/537.36"
91.92.243.31 - - [04/Jul/2024:00:38:34 +1000] "GET /wp-content/uploads/ HTTP/1.1" 404 931 "-" "Mozlila/5.0 (Linux; Android 7.0; SM-G892A Bulid/NRD90M; wv) AppleWebKit/537.36 (KHTML, like Gecko) Version/4.0 Chrome/60.0.3112.107 Moblie Safari/537.36"
91.92.243.31 - - [04/Jul/2024:00:38:49 +1000] "GET /wp-content/themes/twentytwentythree/patterns/index.php HTTP/1.1" 301 1023 "-" "Mozlila/5.0 (Linux; Android 7.0; SM-G892A Bulid/NRD90M; wv) AppleWebKit/537.36 (KHTML, like Gecko) Version/4.0 Chrome/60.0.3112.107 Moblie Safari/537.36"
111.67.29.221 - - [04/Jul/2024:00:39:08 +1000] "POST /wp-cron.php?doing_wp_cron=1720017548.5590128898620605468750 HTTP/1.1" 200 296 "-" "WordPress/6.5.5; https://www.pgkdistribution.com.au"
91.92.243.31 - - [04/Jul/2024:00:39:07 +1000] "GET /wp-content/themes/twentytwentythree/patterns/index.php HTTP/1.1" 301 696 "-" "Mozlila/5.0 (Linux; Android 7.0; SM-G892A Bulid/NRD90M; wv) AppleWebKit/537.36 (KHTML, like Gecko) Version/4.0 Chrome/60.0.3112.107 Moblie Safari/537.36"
91.92.243.31 - - [04/Jul/2024:00:39:09 +1000] "GET /wp-content/themes/twentytwentythree/patterns/ HTTP/1.1" 404 931 "-" "Mozlila/5.0 (Linux; Android 7.0; SM-G892A Bulid/NRD90M; wv) AppleWebKit/537.36 (KHTML, like Gecko) Version/4.0 Chrome/60.0.3112.107 Moblie Safari/537.36"
91.92.243.31 - - [04/Jul/2024:00:39:23 +1000] "GET /wp-content/themes/twentytwenty/functions.php HTTP/1.1" 301 1013 "-" "Mozlila/5.0 (Linux; Android 7.0; SM-G892A Bulid/NRD90M; wv) AppleWebKit/537.36 (KHTML, like Gecko) Version/4.0 Chrome/60.0.3112.107 Moblie Safari/537.36"
91.92.243.31 - - [04/Jul/2024:00:39:36 +1000] "GET /wp-content/themes/twentytwenty/functions.php HTTP/1.1" 500 259 "-" "Mozlila/5.0 (Linux; Android 7.0; SM-G892A Bulid/NRD90M; wv) AppleWebKit/537.36 (KHTML, like Gecko) Version/4.0 Chrome/60.0.3112.107 Moblie Safari/537.36"
91.92.243.31 - - [04/Jul/2024:00:39:53 +1000] "GET /themes.php HTTP/1.1" 301 979 "-" "Mozlila/5.0 (Linux; Android 7.0; SM-G892A Bulid/NRD90M; wv) AppleWebKit/537.36 (KHTML, like Gecko) Version/4.0 Chrome/60.0.3112.107 Moblie Safari/537.36"
111.67.29.221 - - [04/Jul/2024:00:40:19 +1000] "POST /wp-cron.php?doing_wp_cron=1720017619.2036790847778320312500 HTTP/1.1" 200 296 "-" "WordPress/6.5.5; https://www.pgkdistribution.com.au"
91.92.243.31 - - [04/Jul/2024:00:40:12 +1000] "GET /themes.php HTTP/1.1" 404 20202 "-" "Mozlila/5.0 (Linux; Android 7.0; SM-G892A Bulid/NRD90M; wv) AppleWebKit/537.36 (KHTML, like Gecko) Version/4.0 Chrome/60.0.3112.107 Moblie Safari/537.36"
91.92.243.31 - - [04/Jul/2024:00:40:32 +1000] "GET /index/function.php HTTP/1.1" 301 987 "-" "Mozlila/5.0 (Linux; Android 7.0; SM-G892A Bulid/NRD90M; wv) AppleWebKit/537.36 (KHTML, like Gecko) Version/4.0 Chrome/60.0.3112.107 Moblie Safari/537.36"
91.92.243.31 - - [04/Jul/2024:00:40:42 +1000] "GET /index/function.php HTTP/1.1" 404 20217 "-" "Mozlila/5.0 (Linux; Android 7.0; SM-G892A Bulid/NRD90M; wv) AppleWebKit/537.36 (KHTML, like Gecko) Version/4.0 Chrome/60.0.3112.107 Moblie Safari/537.36"
91.92.243.31 - - [04/Jul/2024:00:41:00 +1000] "GET /wp-login.php HTTP/1.1" 301 981 "-" "Mozlila/5.0 (Linux; Android 7.0; SM-G892A Bulid/NRD90M; wv) AppleWebKit/537.36 (KHTML, like Gecko) Version/4.0 Chrome/60.0.3112.107 Moblie Safari/537.36"
111.67.29.221 - - [04/Jul/2024:00:41:18 +1000] "POST /wp-cron.php?doing_wp_cron=1720017678.0463519096374511718750 HTTP/1.1" 200 296 "-" "WordPress/6.5.5; https://www.pgkdistribution.com.au"
91.92.243.31 - - [04/Jul/2024:00:41:14 +1000] "GET /wp-login.php HTTP/1.1" 302 572 "-" "Mozlila/5.0 (Linux; Android 7.0; SM-G892A Bulid/NRD90M; wv) AppleWebKit/537.36 (KHTML, like Gecko) Version/4.0 Chrome/60.0.3112.107 Moblie Safari/537.36"
91.92.243.31 - - [04/Jul/2024:00:41:47 +1000] "GET /edit.php HTTP/1.1" 301 977 "-" "Mozlila/5.0 (Linux; Android 7.0; SM-G892A Bulid/NRD90M; wv) AppleWebKit/537.36 (KHTML, like Gecko) Version/4.0 Chrome/60.0.3112.107 Moblie Safari/537.36"
111.67.29.221 - - [04/Jul/2024:00:42:04 +1000] "POST /wp-cron.php?doing_wp_cron=1720017724.4452478885650634765625 HTTP/1.1" 200 296 "-" "WordPress/6.5.5; https://www.pgkdistribution.com.au"
91.92.243.31 - - [04/Jul/2024:00:42:03 +1000] "GET /edit.php HTTP/1.1" 404 20201 "-" "Mozlila/5.0 (Linux; Android 7.0; SM-G892A Bulid/NRD90M; wv) AppleWebKit/537.36 (KHTML, like Gecko) Version/4.0 Chrome/60.0.3112.107 Moblie Safari/537.36"
91.92.243.31 - - [04/Jul/2024:00:42:17 +1000] "GET /1.php HTTP/1.1" 301 974 "-" "Mozlila/5.0 (Linux; Android 7.0; SM-G892A Bulid/NRD90M; wv) AppleWebKit/537.36 (KHTML, like Gecko) Version/4.0 Chrome/60.0.3112.107 Moblie Safari/537.36"
91.92.243.31 - - [04/Jul/2024:00:42:29 +1000] "GET /1.php HTTP/1.1" 404 20195 "-" "Mozlila/5.0 (Linux; Android 7.0; SM-G892A Bulid/NRD90M; wv) AppleWebKit/537.36 (KHTML, like Gecko) Version/4.0 Chrome/60.0.3112.107 Moblie Safari/537.36"
185.246.210.154 - - [04/Jul/2024:00:42:38 +1000] "GET /wp-admin/css/colors/blue/blue.php?wall=ZWNobyAnQmxhY2sgQm90Jztmd3JpdGUoZm9wZW4oJ2Jsa3RhdXR0LnBocCcsJ3crJyksJzw/cGhwIGVjaG8gIkJsYWNrIEJvdCI7Pz4nKTs= HTTP/1.1" 301 1116 "www.google.com" "Mozlila/5.0 (Linux; Android 7.0; SM-G892A Build/NRD90M; wv) AppleWebKit/537.36 (KHTML, like Gecko) Version/4.0 Chrome/60.0.3112.107 Mobile Safari/537.36"
91.92.243.31 - - [04/Jul/2024:00:42:44 +1000] "GET /link.php HTTP/1.1" 301 977 "-" "Mozlila/5.0 (Linux; Android 7.0; SM-G892A Bulid/NRD90M; wv) AppleWebKit/537.36 (KHTML, like Gecko) Version/4.0 Chrome/60.0.3112.107 Moblie Safari/537.36"
185.246.210.154 - - [04/Jul/2024:00:42:40 +1000] "GET /wp-admin/css/colors/blue/blue.php?wall=ZWNobyAnQmxhY2sgQm90Jztmd3JpdGUoZm9wZW4oJ2Jsa3RhdXR0LnBocCcsJ3crJyksJzw/cGhwIGVjaG8gIkJsYWNrIEJvdCI7Pz4nKTs= HTTP/1.1" 404 20608 "www.google.com" "Mozlila/5.0 (Linux; Android 7.0; SM-G892A Build/NRD90M; wv) AppleWebKit/537.36 (KHTML, like Gecko) Version/4.0 Chrome/60.0.3112.107 Mobile Safari/537.36"
185.246.210.154 - - [04/Jul/2024:00:42:47 +1000] "GET /simple.php HTTP/1.1" 301 979 "www.google.com" "Mozlila/5.0 (Linux; Android 7.0; SM-G892A Build/NRD90M; wv) AppleWebKit/537.36 (KHTML, like Gecko) Version/4.0 Chrome/60.0.3112.107 Mobile Safari/537.36"
185.246.210.154 - - [04/Jul/2024:00:42:48 +1000] "GET /simple.php HTTP/1.1" 404 20204 "www.google.com" "Mozlila/5.0 (Linux; Android 7.0; SM-G892A Build/NRD90M; wv) AppleWebKit/537.36 (KHTML, like Gecko) Version/4.0 Chrome/60.0.3112.107 Mobile Safari/537.36"
91.92.243.31 - - [04/Jul/2024:00:42:56 +1000] "GET /link.php HTTP/1.1" 404 20200 "-" "Mozlila/5.0 (Linux; Android 7.0; SM-G892A Bulid/NRD90M; wv) AppleWebKit/537.36 (KHTML, like Gecko) Version/4.0 Chrome/60.0.3112.107 Moblie Safari/537.36"
91.92.243.31 - - [04/Jul/2024:00:43:08 +1000] "GET /wp-atom.php HTTP/1.1" 301 980 "-" "Mozlila/5.0 (Linux; Android 7.0; SM-G892A Bulid/NRD90M; wv) AppleWebKit/537.36 (KHTML, like Gecko) Version/4.0 Chrome/60.0.3112.107 Moblie Safari/537.36"
185.246.210.154 - - [04/Jul/2024:00:43:10 +1000] "GET /wp-content/plugins/press/wp-class.php HTTP/1.1" 301 1006 "www.google.com" "Mozlila/5.0 (Linux; Android 7.0; SM-G892A Build/NRD90M; wv) AppleWebKit/537.36 (KHTML, like Gecko) Version/4.0 Chrome/60.0.3112.107 Mobile Safari/537.36"
185.246.210.154 - - [04/Jul/2024:00:43:12 +1000] "GET /wp-content/plugins/press/wp-class.php HTTP/1.1" 404 20462 "www.google.com" "Mozlila/5.0 (Linux; Android 7.0; SM-G892A Build/NRD90M; wv) AppleWebKit/537.36 (KHTML, like Gecko) Version/4.0 Chrome/60.0.3112.107 Mobile Safari/537.36"
91.92.243.31 - - [04/Jul/2024:00:43:20 +1000] "GET /wp-atom.php HTTP/1.1" 301 621 "-" "Mozlila/5.0 (Linux; Android 7.0; SM-G892A Bulid/NRD90M; wv) AppleWebKit/537.36 (KHTML, like Gecko) Version/4.0 Chrome/60.0.3112.107 Moblie Safari/537.36"
185.246.210.154 - - [04/Jul/2024:00:43:31 +1000] "GET /fm1.php HTTP/1.1" 301 976 "www.google.com" "Mozlila/5.0 (Linux; Android 7.0; SM-G892A Build/NRD90M; wv) AppleWebKit/537.36 (KHTML, like Gecko) Version/4.0 Chrome/60.0.3112.107 Mobile Safari/537.36"
185.246.210.154 - - [04/Jul/2024:00:43:33 +1000] "GET /fm1.php HTTP/1.1" 404 20198 "www.google.com" "Mozlila/5.0 (Linux; Android 7.0; SM-G892A Build/NRD90M; wv) AppleWebKit/537.36 (KHTML, like Gecko) Version/4.0 Chrome/60.0.3112.107 Mobile Safari/537.36"
91.92.243.31 - - [04/Jul/2024:00:43:44 +1000] "GET /test.php HTTP/1.1" 301 977 "-" "Mozlila/5.0 (Linux; Android 7.0; SM-G892A Bulid/NRD90M; wv) AppleWebKit/537.36 (KHTML, like Gecko) Version/4.0 Chrome/60.0.3112.107 Moblie Safari/537.36"
91.92.243.31 - - [04/Jul/2024:00:43:56 +1000] "GET /test.php HTTP/1.1" 200 321 "-" "Mozlila/5.0 (Linux; Android 7.0; SM-G892A Bulid/NRD90M; wv) AppleWebKit/537.36 (KHTML, like Gecko) Version/4.0 Chrome/60.0.3112.107 Moblie Safari/537.36"
91.92.243.31 - - [04/Jul/2024:00:44:16 +1000] "GET /sa.php HTTP/1.1" 301 975 "-" "Mozlila/5.0 (Linux; Android 7.0; SM-G892A Bulid/NRD90M; wv) AppleWebKit/537.36 (KHTML, like Gecko) Version/4.0 Chrome/60.0.3112.107 Moblie Safari/537.36"
111.67.29.221 - - [04/Jul/2024:00:44:30 +1000] "POST /wp-cron.php?doing_wp_cron=1720017870.3325490951538085937500 HTTP/1.1" 200 296 "-" "WordPress/6.5.5; https://www.pgkdistribution.com.au"
91.92.243.31 - - [04/Jul/2024:00:44:29 +1000] "GET /sa.php HTTP/1.1" 404 20195 "-" "Mozlila/5.0 (Linux; Android 7.0; SM-G892A Bulid/NRD90M; wv) AppleWebKit/537.36 (KHTML, like Gecko) Version/4.0 Chrome/60.0.3112.107 Moblie Safari/537.36"
91.92.243.31 - - [04/Jul/2024:00:44:44 +1000] "GET /ss.php HTTP/1.1" 301 975 "-" "Mozlila/5.0 (Linux; Android 7.0; SM-G892A Bulid/NRD90M; wv) AppleWebKit/537.36 (KHTML, like Gecko) Version/4.0 Chrome/60.0.3112.107 Moblie Safari/537.36"
111.67.29.221 - - [04/Jul/2024:00:45:01 +1000] "POST /wp-cron.php?doing_wp_cron=1720017901.3483710289001464843750 HTTP/1.1" 200 296 "-" "WordPress/6.5.5; https://www.pgkdistribution.com.au"
91.92.243.31 - - [04/Jul/2024:00:45:00 +1000] "GET /ss.php HTTP/1.1" 404 20195 "-" "Mozlila/5.0 (Linux; Android 7.0; SM-G892A Bulid/NRD90M; wv) AppleWebKit/537.36 (KHTML, like Gecko) Version/4.0 Chrome/60.0.3112.107 Moblie Safari/537.36"
91.92.243.31 - - [04/Jul/2024:00:45:14 +1000] "GET /mar.php HTTP/1.1" 301 976 "-" "Mozlila/5.0 (Linux; Android 7.0; SM-G892A Bulid/NRD90M; wv) AppleWebKit/537.36 (KHTML, like Gecko) Version/4.0 Chrome/60.0.3112.107 Moblie Safari/537.36"
91.92.243.31 - - [04/Jul/2024:00:45:29 +1000] "GET /mar.php HTTP/1.1" 404 20198 "-" "Mozlila/5.0 (Linux; Android 7.0; SM-G892A Bulid/NRD90M; wv) AppleWebKit/537.36 (KHTML, like Gecko) Version/4.0 Chrome/60.0.3112.107 Moblie Safari/537.36"
91.92.243.31 - - [04/Jul/2024:00:45:44 +1000] "GET /autoload_classmap.php HTTP/1.1" 301 990 "-" "Mozlila/5.0 (Linux; Android 7.0; SM-G892A Bulid/NRD90M; wv) AppleWebKit/537.36 (KHTML, like Gecko) Version/4.0 Chrome/60.0.3112.107 Moblie Safari/537.36"
111.67.29.221 - - [04/Jul/2024:00:45:59 +1000] "POST /wp-cron.php?doing_wp_cron=1720017959.8322958946228027343750 HTTP/1.1" 200 296 "-" "WordPress/6.5.5; https://www.pgkdistribution.com.au"
91.92.243.31 - - [04/Jul/2024:00:45:54 +1000] "GET /autoload_classmap.php HTTP/1.1" 404 20220 "-" "Mozlila/5.0 (Linux; Android 7.0; SM-G892A Bulid/NRD90M; wv) AppleWebKit/537.36 (KHTML, like Gecko) Version/4.0 Chrome/60.0.3112.107 Moblie Safari/537.36"
91.92.243.31 - - [04/Jul/2024:00:46:11 +1000] "GET /wp-admin/admin-ajax.php HTTP/1.1" 301 992 "-" "Mozlila/5.0 (Linux; Android 7.0; SM-G892A Bulid/NRD90M; wv) AppleWebKit/537.36 (KHTML, like Gecko) Version/4.0 Chrome/60.0.3112.107 Moblie Safari/537.36"
91.92.243.31 - - [04/Jul/2024:00:46:21 +1000] "GET /wp-admin/admin-ajax.php HTTP/1.1" 400 434 "-" "Mozlila/5.0 (Linux; Android 7.0; SM-G892A Bulid/NRD90M; wv) AppleWebKit/537.36 (KHTML, like Gecko) Version/4.0 Chrome/60.0.3112.107 Moblie Safari/537.36"
91.92.243.31 - - [04/Jul/2024:00:46:34 +1000] "GET /wp-admin/maint/plugins.php HTTP/1.1" 301 995 "-" "Mozlila/5.0 (Linux; Android 7.0; SM-G892A Bulid/NRD90M; wv) AppleWebKit/537.36 (KHTML, like Gecko) Version/4.0 Chrome/60.0.3112.107 Moblie Safari/537.36"
111.67.29.221 - - [04/Jul/2024:00:46:51 +1000] "POST /wp-cron.php?doing_wp_cron=1720018011.5113160610198974609375 HTTP/1.1" 200 296 "-" "WordPress/6.5.5; https://www.pgkdistribution.com.au"
91.92.243.31 - - [04/Jul/2024:00:46:45 +1000] "GET /wp-admin/maint/plugins.php HTTP/1.1" 404 20344 "-" "Mozlila/5.0 (Linux; Android 7.0; SM-G892A Bulid/NRD90M; wv) AppleWebKit/537.36 (KHTML, like Gecko) Version/4.0 Chrome/60.0.3112.107 Moblie Safari/537.36"
193.233.18.112 - - [04/Jul/2024:00:57:51 +1000] "GET /contact-us/ HTTP/1.1" 301 943 "-" "Mozilla/5.0 (Windows NT 10.0; WOW64; Rv:50.0) Gecko/20100101 Firefox/50.0"
111.67.29.221 - - [04/Jul/2024:00:57:59 +1000] "POST /wp-cron.php?doing_wp_cron=1720018679.1155378818511962890625 HTTP/1.1" 200 296 "-" "WordPress/6.5.5; https://www.pgkdistribution.com.au"
193.233.18.112 - - [04/Jul/2024:00:57:54 +1000] "GET /contact-us/ HTTP/1.1" 200 87310 "-" "Mozilla/5.0 (Windows NT 10.0; WOW64; Rv:50.0) Gecko/20100101 Firefox/50.0"
85.255.20.171 - - [04/Jul/2024:01:13:09 +1000] "HEAD / HTTP/1.1" 301 216 "-" "Mozilla/5.0 (Windows NT 10.0; Win64; x64) AppleWebKit/537.36 (KHTML, like Gecko) Chrome/51.0.2704.106 Safari/537.36"
111.67.29.221 - - [04/Jul/2024:01:13:14 +1000] "POST /wp-cron.php?doing_wp_cron=1720019594.5766799449920654296875 HTTP/1.1" 200 296 "-" "WordPress/6.5.5; https://www.pgkdistribution.com.au"
85.255.20.171 - - [04/Jul/2024:01:13:10 +1000] "HEAD / HTTP/1.1" 301 478 "-" "Mozilla/5.0 (Windows NT 10.0; Win64; x64) AppleWebKit/537.36 (KHTML, like Gecko) Chrome/51.0.2704.106 Safari/537.36"
52.167.144.199 - - [04/Jul/2024:01:23:39 +1000] "GET /catalog/product_compare/add/product/121/uenc/aHR0cDovL3Bna2Rpc3RyaWJ1dGlvbi5jb20uYXUvc29sYXItcmFpbC9jbGVuZXJneS9raXRzLmh0bWw_cD0x/ HTTP/1.1" 301 1099 "-" "Mozilla/5.0 AppleWebKit/537.36 (KHTML, like Gecko; compatible; bingbot/2.0; +http://www.bing.com/bingbot.htm) Chrome/116.0.1938.76 Safari/537.36"
167.99.247.230 - - [04/Jul/2024:01:48:56 +1000] "GET /wp-admin/css/colors/blue/blue.php?wall=ZmlsZV9wdXRfY29udGVudHMoJ2gwcm4zdC1zcDFkM3JzLnBocCcsZmlsZV9nZXRfY29udGVudHMoJ2h0dHBzOi8vcmVudHJ5LmNvLzZxYWMzbjR5L3JhdycpKTs= HTTP/1.1" 301 1132 "https://t.me/bads_community" "Mozlila/5.0 (Linux; Android 7.0; SM-G892A Bulid/NRD90M; wv) AppleWebKit/537.36 (KHTML, like Gecko) Version/4.0 Chrome/60.0.3112.107 Moblie Safari/537.36"
111.67.29.221 - - [04/Jul/2024:01:49:01 +1000] "POST /wp-cron.php?doing_wp_cron=1720021741.4725000858306884765625 HTTP/1.1" 200 296 "-" "WordPress/6.5.5; https://www.pgkdistribution.com.au"
167.99.247.230 - - [04/Jul/2024:01:48:56 +1000] "GET /wp-admin/css/colors/blue/blue.php?wall=ZmlsZV9wdXRfY29udGVudHMoJ2gwcm4zdC1zcDFkM3JzLnBocCcsZmlsZV9nZXRfY29udGVudHMoJ2h0dHBzOi8vcmVudHJ5LmNvLzZxYWMzbjR5L3JhdycpKTs= HTTP/1.1" 404 20618 "https://t.me/bads_community" "Mozlila/5.0 (Linux; Android 7.0; SM-G892A Bulid/NRD90M; wv) AppleWebKit/537.36 (KHTML, like Gecko) Version/4.0 Chrome/60.0.3112.107 Moblie Safari/537.36"
167.99.247.230 - - [04/Jul/2024:01:49:02 +1000] "GET /wp-admin/css/colors/blue/h0rn3t-sp1d3rs.php HTTP/1.1" 301 1012 "https://t.me/bads_community" "Mozlila/5.0 (Linux; Android 7.0; SM-G892A Bulid/NRD90M; wv) AppleWebKit/537.36 (KHTML, like Gecko) Version/4.0 Chrome/60.0.3112.107 Moblie Safari/537.36"
167.99.247.230 - - [04/Jul/2024:01:49:03 +1000] "GET /wp-admin/css/colors/blue/h0rn3t-sp1d3rs.php HTTP/1.1" 404 20383 "https://t.me/bads_community" "Mozlila/5.0 (Linux; Android 7.0; SM-G892A Bulid/NRD90M; wv) AppleWebKit/537.36 (KHTML, like Gecko) Version/4.0 Chrome/60.0.3112.107 Moblie Safari/537.36"
111.67.29.221 - - [04/Jul/2024:01:49:58 +1000] "POST /wp-cron.php?doing_wp_cron=1720021798.6424920558929443359375 HTTP/1.1" 200 296 "-" "WordPress/6.5.5; https://www.pgkdistribution.com.au"
17.241.75.92 - - [04/Jul/2024:01:49:57 +1000] "GET / HTTP/1.1" 301 497 "-" "Mozilla/5.0 (Macintosh; Intel Mac OS X 10_15_7) AppleWebKit/605.1.15 (KHTML, like Gecko) Version/17.4 Safari/605.1.15 (Applebot/0.1; +http://www.apple.com/go/applebot)"
111.67.29.221 - - [04/Jul/2024:02:11:55 +1000] "POST /wp-cron.php?doing_wp_cron=1720023115.2556500434875488281250 HTTP/1.1" 200 296 "-" "WordPress/6.5.5; https://www.pgkdistribution.com.au"
38.45.125.154 - - [04/Jul/2024:02:11:48 +1000] "GET /admin HTTP/1.1" 302 681 "-" "Mozilla/5.0 (Windows NT 10.0; Win64; x64) AppleWebKit/537.36 (KHTML, like Gecko) Chrome/120.0.0.0 Safari/537.36"
111.67.29.221 - - [04/Jul/2024:03:20:06 +1000] "POST /wp-cron.php?doing_wp_cron=1720027206.6622059345245361328125 HTTP/1.1" 200 296 "-" "WordPress/6.5.5; https://www.pgkdistribution.com.au"
17.241.75.45 - - [04/Jul/2024:03:19:59 +1000] "GET /robots.txt HTTP/1.1" 200 716 "-" "Mozilla/5.0 (Macintosh; Intel Mac OS X 10_15_7) AppleWebKit/605.1.15 (KHTML, like Gecko) Version/17.4 Safari/605.1.15 (Applebot/0.1; +http://www.apple.com/go/applebot)"
17.241.75.45 - - [04/Jul/2024:03:20:07 +1000] "GET / HTTP/1.1" 301 497 "-" "Mozilla/5.0 (Macintosh; Intel Mac OS X 10_15_7) AppleWebKit/605.1.15 (KHTML, like Gecko) Version/17.4 Safari/605.1.15 (Applebot/0.1; +http://www.apple.com/go/applebot)"
111.67.29.221 - - [04/Jul/2024:03:24:30 +1000] "POST /wp-cron.php?doing_wp_cron=1720027470.8734760284423828125000 HTTP/1.1" 200 296 "-" "WordPress/6.5.5; https://www.pgkdistribution.com.au"
17.241.219.57 - - [04/Jul/2024:03:24:26 +1000] "GET /index.php HTTP/1.1" 301 506 "-" "Mozilla/5.0 (Macintosh; Intel Mac OS X 10_15_7) AppleWebKit/605.1.15 (KHTML, like Gecko) Version/17.4 Safari/605.1.15 (Applebot/0.1; +http://www.apple.com/go/applebot)"
185.205.246.107 - - [04/Jul/2024:03:41:00 +1000] "GET /simple.php HTTP/1.1" 301 979 "-" "Mozlila/5.0 (Linux; Android 7.0; SM-G892A Bulid/NRD90M; wv) AppleWebKit/537.36 (KHTML, like Gecko) Version/4.0 Chrome/60.0.3112.107 Moblie Safari/537.36"
111.67.29.221 - - [04/Jul/2024:03:41:20 +1000] "POST /wp-cron.php?doing_wp_cron=1720028480.2298340797424316406250 HTTP/1.1" 200 296 "-" "WordPress/6.5.5; https://www.pgkdistribution.com.au"
185.205.246.107 - - [04/Jul/2024:03:41:14 +1000] "GET /simple.php HTTP/1.1" 404 20204 "-" "Mozlila/5.0 (Linux; Android 7.0; SM-G892A Bulid/NRD90M; wv) AppleWebKit/537.36 (KHTML, like Gecko) Version/4.0 Chrome/60.0.3112.107 Moblie Safari/537.36"
185.205.246.107 - - [04/Jul/2024:03:41:34 +1000] "GET /wp-admin/maint/index.php HTTP/1.1" 301 993 "-" "Mozlila/5.0 (Linux; Android 7.0; SM-G892A Bulid/NRD90M; wv) AppleWebKit/537.36 (KHTML, like Gecko) Version/4.0 Chrome/60.0.3112.107 Moblie Safari/537.36"
185.205.246.107 - - [04/Jul/2024:03:41:45 +1000] "GET /wp-admin/maint/index.php HTTP/1.1" 301 632 "-" "Mozlila/5.0 (Linux; Android 7.0; SM-G892A Bulid/NRD90M; wv) AppleWebKit/537.36 (KHTML, like Gecko) Version/4.0 Chrome/60.0.3112.107 Moblie Safari/537.36"
185.205.246.107 - - [04/Jul/2024:03:42:04 +1000] "GET /wp-admin/maint/ HTTP/1.1" 404 931 "-" "Mozlila/5.0 (Linux; Android 7.0; SM-G892A Bulid/NRD90M; wv) AppleWebKit/537.36 (KHTML, like Gecko) Version/4.0 Chrome/60.0.3112.107 Moblie Safari/537.36"
185.205.246.107 - - [04/Jul/2024:03:42:20 +1000] "GET /wp-includes/pomo/index.php HTTP/1.1" 301 995 "-" "Mozlila/5.0 (Linux; Android 7.0; SM-G892A Bulid/NRD90M; wv) AppleWebKit/537.36 (KHTML, like Gecko) Version/4.0 Chrome/60.0.3112.107 Moblie Safari/537.36"
185.205.246.107 - - [04/Jul/2024:03:42:33 +1000] "GET /wp-includes/pomo/index.php HTTP/1.1" 301 636 "-" "Mozlila/5.0 (Linux; Android 7.0; SM-G892A Bulid/NRD90M; wv) AppleWebKit/537.36 (KHTML, like Gecko) Version/4.0 Chrome/60.0.3112.107 Moblie Safari/537.36"
185.205.246.107 - - [04/Jul/2024:03:42:52 +1000] "GET /wp-includes/pomo/ HTTP/1.1" 404 931 "-" "Mozlila/5.0 (Linux; Android 7.0; SM-G892A Bulid/NRD90M; wv) AppleWebKit/537.36 (KHTML, like Gecko) Version/4.0 Chrome/60.0.3112.107 Moblie Safari/537.36"
185.205.246.107 - - [04/Jul/2024:03:43:05 +1000] "GET /wp-content/index.php HTTP/1.1" 301 989 "-" "Mozlila/5.0 (Linux; Android 7.0; SM-G892A Bulid/NRD90M; wv) AppleWebKit/537.36 (KHTML, like Gecko) Version/4.0 Chrome/60.0.3112.107 Moblie Safari/537.36"
185.205.246.107 - - [04/Jul/2024:03:43:17 +1000] "GET /wp-content/index.php HTTP/1.1" 200 240 "-" "Mozlila/5.0 (Linux; Android 7.0; SM-G892A Bulid/NRD90M; wv) AppleWebKit/537.36 (KHTML, like Gecko) Version/4.0 Chrome/60.0.3112.107 Moblie Safari/537.36"
185.205.246.107 - - [04/Jul/2024:03:43:24 +1000] "GET /wp-includes/sodium_compat/index.php HTTP/1.1" 301 1004 "-" "Mozlila/5.0 (Linux; Android 7.0; SM-G892A Bulid/NRD90M; wv) AppleWebKit/537.36 (KHTML, like Gecko) Version/4.0 Chrome/60.0.3112.107 Moblie Safari/537.36"
111.67.29.221 - - [04/Jul/2024:03:43:35 +1000] "POST /wp-cron.php?doing_wp_cron=1720028615.5504939556121826171875 HTTP/1.1" 200 296 "-" "WordPress/6.5.5; https://www.pgkdistribution.com.au"
185.205.246.107 - - [04/Jul/2024:03:43:30 +1000] "GET /wp-includes/sodium_compat/index.php HTTP/1.1" 301 654 "-" "Mozlila/5.0 (Linux; Android 7.0; SM-G892A Bulid/NRD90M; wv) AppleWebKit/537.36 (KHTML, like Gecko) Version/4.0 Chrome/60.0.3112.107 Moblie Safari/537.36"
185.205.246.107 - - [04/Jul/2024:03:43:38 +1000] "GET /wp-includes/sodium_compat/ HTTP/1.1" 404 931 "-" "Mozlila/5.0 (Linux; Android 7.0; SM-G892A Bulid/NRD90M; wv) AppleWebKit/537.36 (KHTML, like Gecko) Version/4.0 Chrome/60.0.3112.107 Moblie Safari/537.36"
185.205.246.107 - - [04/Jul/2024:03:43:47 +1000] "GET /edit.php HTTP/1.1" 301 977 "-" "Mozlila/5.0 (Linux; Android 7.0; SM-G892A Bulid/NRD90M; wv) AppleWebKit/537.36 (KHTML, like Gecko) Version/4.0 Chrome/60.0.3112.107 Moblie Safari/537.36"
111.67.29.221 - - [04/Jul/2024:03:43:58 +1000] "POST /wp-cron.php?doing_wp_cron=1720028638.4569048881530761718750 HTTP/1.1" 200 296 "-" "WordPress/6.5.5; https://www.pgkdistribution.com.au"
185.205.246.107 - - [04/Jul/2024:03:43:57 +1000] "GET /edit.php HTTP/1.1" 404 20201 "-" "Mozlila/5.0 (Linux; Android 7.0; SM-G892A Bulid/NRD90M; wv) AppleWebKit/537.36 (KHTML, like Gecko) Version/4.0 Chrome/60.0.3112.107 Moblie Safari/537.36"
185.205.246.107 - - [04/Jul/2024:03:44:14 +1000] "GET /wp-includes/certificates/index.php HTTP/1.1" 301 1003 "-" "Mozlila/5.0 (Linux; Android 7.0; SM-G892A Bulid/NRD90M; wv) AppleWebKit/537.36 (KHTML, like Gecko) Version/4.0 Chrome/60.0.3112.107 Moblie Safari/537.36"
111.67.29.221 - - [04/Jul/2024:03:44:33 +1000] "POST /wp-cron.php?doing_wp_cron=1720028673.2556118965148925781250 HTTP/1.1" 200 296 "-" "WordPress/6.5.5; https://www.pgkdistribution.com.au"
185.205.246.107 - - [04/Jul/2024:03:44:31 +1000] "GET /wp-includes/certificates/index.php HTTP/1.1" 301 652 "-" "Mozlila/5.0 (Linux; Android 7.0; SM-G892A Bulid/NRD90M; wv) AppleWebKit/537.36 (KHTML, like Gecko) Version/4.0 Chrome/60.0.3112.107 Moblie Safari/537.36"
185.205.246.107 - - [04/Jul/2024:03:44:34 +1000] "GET /wp-includes/certificates/ HTTP/1.1" 404 931 "-" "Mozlila/5.0 (Linux; Android 7.0; SM-G892A Bulid/NRD90M; wv) AppleWebKit/537.36 (KHTML, like Gecko) Version/4.0 Chrome/60.0.3112.107 Moblie Safari/537.36"
185.205.246.107 - - [04/Jul/2024:03:44:40 +1000] "GET /wp-content/themes/index.php HTTP/1.1" 301 996 "-" "Mozlila/5.0 (Linux; Android 7.0; SM-G892A Bulid/NRD90M; wv) AppleWebKit/537.36 (KHTML, like Gecko) Version/4.0 Chrome/60.0.3112.107 Moblie Safari/537.36"
185.205.246.107 - - [04/Jul/2024:03:44:51 +1000] "GET /wp-content/themes/index.php HTTP/1.1" 200 240 "-" "Mozlila/5.0 (Linux; Android 7.0; SM-G892A Bulid/NRD90M; wv) AppleWebKit/537.36 (KHTML, like Gecko) Version/4.0 Chrome/60.0.3112.107 Moblie Safari/537.36"
185.205.246.107 - - [04/Jul/2024:03:45:03 +1000] "GET /wp-content/plugins/index.php HTTP/1.1" 301 997 "-" "Mozlila/5.0 (Linux; Android 7.0; SM-G892A Bulid/NRD90M; wv) AppleWebKit/537.36 (KHTML, like Gecko) Version/4.0 Chrome/60.0.3112.107 Moblie Safari/537.36"
185.205.246.107 - - [04/Jul/2024:03:45:13 +1000] "GET /wp-content/plugins/index.php HTTP/1.1" 200 240 "-" "Mozlila/5.0 (Linux; Android 7.0; SM-G892A Bulid/NRD90M; wv) AppleWebKit/537.36 (KHTML, like Gecko) Version/4.0 Chrome/60.0.3112.107 Moblie Safari/537.36"
185.205.246.107 - - [04/Jul/2024:03:45:27 +1000] "GET /wp-includes/assets/index.php HTTP/1.1" 301 997 "-" "Mozlila/5.0 (Linux; Android 7.0; SM-G892A Bulid/NRD90M; wv) AppleWebKit/537.36 (KHTML, like Gecko) Version/4.0 Chrome/60.0.3112.107 Moblie Safari/537.36"
111.67.29.221 - - [04/Jul/2024:03:45:49 +1000] "POST /wp-cron.php?doing_wp_cron=1720028749.5095698833465576171875 HTTP/1.1" 200 296 "-" "WordPress/6.5.5; https://www.pgkdistribution.com.au"
185.205.246.107 - - [04/Jul/2024:03:45:43 +1000] "GET /wp-includes/assets/index.php HTTP/1.1" 301 640 "-" "Mozlila/5.0 (Linux; Android 7.0; SM-G892A Bulid/NRD90M; wv) AppleWebKit/537.36 (KHTML, like Gecko) Version/4.0 Chrome/60.0.3112.107 Moblie Safari/537.36"
185.205.246.107 - - [04/Jul/2024:03:45:49 +1000] "GET /wp-includes/assets/ HTTP/1.1" 404 931 "-" "Mozlila/5.0 (Linux; Android 7.0; SM-G892A Bulid/NRD90M; wv) AppleWebKit/537.36 (KHTML, like Gecko) Version/4.0 Chrome/60.0.3112.107 Moblie Safari/537.36"
111.67.29.221 - - [04/Jul/2024:03:53:35 +1000] "POST /wp-cron.php?doing_wp_cron=1720029215.1881210803985595703125 HTTP/1.1" 200 296 "-" "WordPress/6.5.5; https://www.pgkdistribution.com.au"
45.76.12.160 - - [04/Jul/2024:03:53:30 +1000] "HEAD /wordpress HTTP/1.1" 404 578 "-" "Mozilla/5.0 (Windows NT 10.0; Win64; x64) AppleWebKit/537.36 (KHTML, like Gecko) Chrome/74.0.3729.169 Safari/537.36"
45.76.12.160 - - [04/Jul/2024:03:53:35 +1000] "HEAD / HTTP/1.1" 301 478 "-" "Mozilla/5.0 (Windows NT 10.0; Win64; x64) AppleWebKit/537.36 (KHTML, like Gecko) Chrome/74.0.3729.169 Safari/537.36"
45.76.12.160 - - [04/Jul/2024:03:53:41 +1000] "HEAD /wp HTTP/1.1" 404 571 "-" "Mozilla/5.0 (Windows NT 10.0; Win64; x64) AppleWebKit/537.36 (KHTML, like Gecko) Chrome/74.0.3729.169 Safari/537.36"
45.76.12.160 - - [04/Jul/2024:03:53:42 +1000] "HEAD /bc HTTP/1.1" 404 571 "-" "Mozilla/5.0 (Windows NT 10.0; Win64; x64) AppleWebKit/537.36 (KHTML, like Gecko) Chrome/74.0.3729.169 Safari/537.36"
45.76.12.160 - - [04/Jul/2024:03:53:43 +1000] "HEAD /bk HTTP/1.1" 404 571 "-" "Mozilla/5.0 (Windows NT 10.0; Win64; x64) AppleWebKit/537.36 (KHTML, like Gecko) Chrome/74.0.3729.169 Safari/537.36"
45.76.12.160 - - [04/Jul/2024:03:53:45 +1000] "HEAD /backup HTTP/1.1" 404 575 "-" "Mozilla/5.0 (Windows NT 10.0; Win64; x64) AppleWebKit/537.36 (KHTML, like Gecko) Chrome/74.0.3729.169 Safari/537.36"
45.76.12.160 - - [04/Jul/2024:03:53:46 +1000] "HEAD /old HTTP/1.1" 404 572 "-" "Mozilla/5.0 (Windows NT 10.0; Win64; x64) AppleWebKit/537.36 (KHTML, like Gecko) Chrome/74.0.3729.169 Safari/537.36"
45.76.12.160 - - [04/Jul/2024:03:53:47 +1000] "HEAD /new HTTP/1.1" 404 572 "-" "Mozilla/5.0 (Windows NT 10.0; Win64; x64) AppleWebKit/537.36 (KHTML, like Gecko) Chrome/74.0.3729.169 Safari/537.36"
111.67.29.221 - - [04/Jul/2024:03:53:50 +1000] "POST /wp-cron.php?doing_wp_cron=1720029230.1551840305328369140625 HTTP/1.1" 200 296 "-" "WordPress/6.5.5; https://www.pgkdistribution.com.au"
45.76.12.160 - - [04/Jul/2024:03:53:49 +1000] "HEAD /main HTTP/1.1" 404 573 "-" "Mozilla/5.0 (Windows NT 10.0; Win64; x64) AppleWebKit/537.36 (KHTML, like Gecko) Chrome/74.0.3729.169 Safari/537.36"
45.76.12.160 - - [04/Jul/2024:03:53:50 +1000] "HEAD /home HTTP/1.1" 301 482 "-" "Mozilla/5.0 (Windows NT 10.0; Win64; x64) AppleWebKit/537.36 (KHTML, like Gecko) Chrome/74.0.3729.169 Safari/537.36"
62.122.184.194 - - [04/Jul/2024:04:17:21 +1000] "GET / HTTP/1.0" 301 932 "http://pgkdistribution.com.au/" "Mozilla/5.0 (Windows NT 10.0; Win64; x64) AppleWebKit/537.36 (KHTML, like Gecko) Chrome/119.0.0.0 Safari/537.36"
111.67.29.221 - - [04/Jul/2024:04:17:28 +1000] "POST /wp-cron.php?doing_wp_cron=1720030647.9741609096527099609375 HTTP/1.1" 200 296 "-" "WordPress/6.5.5; https://www.pgkdistribution.com.au"
62.122.184.194 - - [04/Jul/2024:04:17:22 +1000] "GET / HTTP/1.0" 301 460 "http://www.pgkdistribution.com.au/" "Mozilla/5.0 (Windows NT 10.0; Win64; x64) AppleWebKit/537.36 (KHTML, like Gecko) Chrome/119.0.0.0 Safari/537.36"
146.70.52.30 - - [04/Jul/2024:04:36:53 +1000] "GET /contact-us/ HTTP/1.0" 301 943 "http://pgkdistribution.com.au/contact-us/" "Mozilla/5.0 (Windows NT 10.0; Win64; x64) AppleWebKit/537.36 (KHTML, like Gecko) Chrome/120.0.6099.71 Safari/537.36"
111.67.29.221 - - [04/Jul/2024:04:37:00 +1000] "POST /wp-cron.php?doing_wp_cron=1720031820.4264531135559082031250 HTTP/1.1" 200 296 "-" "WordPress/6.5.5; https://www.pgkdistribution.com.au"
146.70.52.30 - - [04/Jul/2024:04:36:54 +1000] "GET /contact-us/ HTTP/1.0" 200 87260 "http://www.pgkdistribution.com.au/contact-us/" "Mozilla/5.0 (Windows NT 10.0; Win64; x64) AppleWebKit/537.36 (KHTML, like Gecko) Chrome/120.0.6099.71 Safari/537.36"
171.22.25.107 - - [04/Jul/2024:04:37:53 +1000] "GET /wp-login.php HTTP/1.1" 301 944 "-" "Mozilla/5.0 (X11; Fedora; Linux x86_64; rv:94.0) Gecko/20100101 Firefox/95.0"
171.22.25.107 - - [04/Jul/2024:04:37:55 +1000] "GET /wp-login.php HTTP/1.1" 200 5215 "http://pgkdistribution.com.au/wp-login.php" "Mozilla/5.0 (X11; Fedora; Linux x86_64; rv:94.0) Gecko/20100101 Firefox/95.0"
82.197.71.18 - - [04/Jul/2024:05:27:55 +1000] "GET / HTTP/1.1" 301 969 "-" "Mozilla/5.0 (Windows NT 10.0; Win64; x64) AppleWebKit/537.36 (KHTML, like Gecko) Chrome/80.0.3987.149 Safari/537.36"
111.67.29.221 - - [04/Jul/2024:05:28:02 +1000] "POST /wp-cron.php?doing_wp_cron=1720034882.5785911083221435546875 HTTP/1.1" 200 296 "-" "WordPress/6.5.5; https://www.pgkdistribution.com.au"
82.197.71.18 - - [04/Jul/2024:05:27:58 +1000] "GET / HTTP/1.1" 301 497 "-" "Mozilla/5.0 (Windows NT 10.0; Win64; x64) AppleWebKit/537.36 (KHTML, like Gecko) Chrome/80.0.3987.149 Safari/537.36"
66.249.65.69 - - [04/Jul/2024:05:40:33 +1000] "GET /robots.txt HTTP/1.1" 301 979 "-" "Mozilla/5.0 (compatible; Googlebot/2.1; +http://www.google.com/bot.html)"
66.249.73.196 - - [04/Jul/2024:05:40:34 +1000] "GET /robots.txt HTTP/1.1" 200 716 "-" "Mozilla/5.0 (compatible; Googlebot/2.1; +http://www.google.com/bot.html)"
66.249.65.69 - - [04/Jul/2024:05:40:40 +1000] "GET /product/pgk-1200v-dc-isolator/ HTTP/1.1" 301 999 "-" "Mozilla/5.0 (Linux; Android 6.0.1; Nexus 5X Build/MMB29P) AppleWebKit/537.36 (KHTML, like Gecko) Chrome/125.0.6422.175 Mobile Safari/537.36 (compatible; Googlebot/2.1; +http://www.google.com/bot.html)"
66.249.73.196 - - [04/Jul/2024:05:40:41 +1000] "GET /product/pgk-1200v-dc-isolator/ HTTP/1.1" 200 24094 "-" "Mozilla/5.0 (Linux; Android 6.0.1; Nexus 5X Build/MMB29P) AppleWebKit/537.36 (KHTML, like Gecko) Chrome/125.0.6422.175 Mobile Safari/537.36 (compatible; Googlebot/2.1; +http://www.google.com/bot.html)"
66.249.73.196 - - [04/Jul/2024:05:40:45 +1000] "POST /?wc-ajax=get_refreshed_fragments HTTP/1.1" 200 928 "http://www.pgkdistribution.com.au/product/pgk-1200v-dc-isolator/" "Mozilla/5.0 (Linux; Android 6.0.1; Nexus 5X Build/MMB29P) AppleWebKit/537.36 (KHTML, like Gecko) Chrome/125.0.6422.175 Mobile Safari/537.36 (compatible; Googlebot/2.1; +http://www.google.com/bot.html)"
66.249.73.196 - - [04/Jul/2024:06:04:29 +1000] "GET /wp-content/uploads/2021/06/PV-ezRack-End-Clamp-Standard-35mm_1-1.jpg HTTP/1.1" 200 20916 "-" "Googlebot-Image/1.0"
52.230.152.189 - - [04/Jul/2024:06:08:55 +1000] "GET /robots.txt HTTP/1.1" 301 942 "-" "Mozilla/5.0 AppleWebKit/537.36 (KHTML, like Gecko; compatible; GPTBot/1.0; +https://openai.com/gptbot)"
111.67.29.221 - - [04/Jul/2024:06:09:00 +1000] "POST /wp-cron.php?doing_wp_cron=1720037340.9346799850463867187500 HTTP/1.1" 200 296 "-" "WordPress/6.5.5; https://www.pgkdistribution.com.au"
52.230.152.189 - - [04/Jul/2024:06:08:56 +1000] "GET /robots.txt HTTP/1.1" 200 679 "http://pgkdistribution.com.au/robots.txt" "Mozilla/5.0 AppleWebKit/537.36 (KHTML, like Gecko; compatible; GPTBot/1.0; +https://openai.com/gptbot)"
103.131.71.36 - - [04/Jul/2024:06:09:53 +1000] "GET /robots.txt HTTP/1.1" 301 942 "-" "Mozilla/5.0 (compatible; coccocbot-image/1.0; +http://help.coccoc.com/searchengine)"
111.67.29.221 - - [04/Jul/2024:06:10:03 +1000] "POST /wp-cron.php?doing_wp_cron=1720037403.2940649986267089843750 HTTP/1.1" 200 296 "-" "WordPress/6.5.5; https://www.pgkdistribution.com.au"
103.131.71.36 - - [04/Jul/2024:06:09:57 +1000] "GET /robots.txt HTTP/1.1" 200 679 "-" "Mozilla/5.0 (compatible; coccocbot-image/1.0; +http://help.coccoc.com/searchengine)"
103.131.71.34 - - [04/Jul/2024:06:10:18 +1000] "GET /robots.txt HTTP/1.1" 200 679 "-" "Mozilla/5.0 (compatible; coccocbot-image/1.0; +http://help.coccoc.com/searchengine)"
128.199.152.116 - - [04/Jul/2024:06:50:03 +1000] "GET //wp-admin/setup-config.php?step=1 HTTP/1.1" 301 1001 "www.google.com" "Mozlila/5.0 (Linux; Android 7.0; SM-G892A Bulid/NRD90M; wv) AppleWebKit/537.36 (KHTML, like Gecko) Version/4.0 Chrome/60.0.3112.107 Moblie Safari/537.36"
128.199.152.116 - - [04/Jul/2024:06:50:03 +1000] "GET /wp-admin/setup-config.php?step=1 HTTP/1.1" 409 1597 "www.google.com" "Mozlila/5.0 (Linux; Android 7.0; SM-G892A Bulid/NRD90M; wv) AppleWebKit/537.36 (KHTML, like Gecko) Version/4.0 Chrome/60.0.3112.107 Moblie Safari/537.36"
128.199.152.116 - - [04/Jul/2024:06:50:05 +1000] "GET //wordpress/wp-admin/setup-config.php?step=1 HTTP/1.1" 301 1011 "www.google.com" "Mozlila/5.0 (Linux; Android 7.0; SM-G892A Bulid/NRD90M; wv) AppleWebKit/537.36 (KHTML, like Gecko) Version/4.0 Chrome/60.0.3112.107 Moblie Safari/537.36"
111.67.29.221 - - [04/Jul/2024:06:50:12 +1000] "POST /wp-cron.php?doing_wp_cron=1720039812.2505490779876708984375 HTTP/1.1" 200 296 "-" "WordPress/6.5.5; https://www.pgkdistribution.com.au"
128.199.152.116 - - [04/Jul/2024:06:50:05 +1000] "GET /wordpress/wp-admin/setup-config.php?step=1 HTTP/1.1" 404 20379 "www.google.com" "Mozlila/5.0 (Linux; Android 7.0; SM-G892A Bulid/NRD90M; wv) AppleWebKit/537.36 (KHTML, like Gecko) Version/4.0 Chrome/60.0.3112.107 Moblie Safari/537.36"
111.67.29.221 - - [04/Jul/2024:06:54:56 +1000] "POST /wp-cron.php?doing_wp_cron=1720040096.4385960102081298828125 HTTP/1.1" 200 296 "-" "WordPress/6.5.5; https://www.pgkdistribution.com.au"
43.134.107.113 - - [04/Jul/2024:06:54:51 +1000] "GET /wp-json/wp/v2/users HTTP/1.1" 200 9698 "-" "Mozilla/5.0 (Windows NT 10.0; Win64; x64) AppleWebKit/537.36 (KHTML, like Gecko) Chrome/70.0.3538.102 Safari/537.36"
43.134.107.113 - - [04/Jul/2024:06:54:57 +1000] "GET /wp-json/wp/v2/users HTTP/1.1" 200 9703 "-" "Mozilla/5.0 (Windows NT 10.0; Win64; x64) AppleWebKit/537.36 (KHTML, like Gecko) Chrome/70.0.3538.102 Safari/537.36"
128.199.152.116 - - [04/Jul/2024:07:04:28 +1000] "GET //old/wp-admin/setup-config.php?step=1 HTTP/1.1" 301 1005 "www.google.com" "Mozlila/5.0 (Linux; Android 7.0; SM-G892A Bulid/NRD90M; wv) AppleWebKit/537.36 (KHTML, like Gecko) Version/4.0 Chrome/60.0.3112.107 Moblie Safari/537.36"
111.67.29.221 - - [04/Jul/2024:07:04:33 +1000] "POST /wp-cron.php?doing_wp_cron=1720040673.7924559116363525390625 HTTP/1.1" 200 296 "-" "WordPress/6.5.5; https://www.pgkdistribution.com.au"
128.199.152.116 - - [04/Jul/2024:07:04:28 +1000] "GET /old/wp-admin/setup-config.php?step=1 HTTP/1.1" 404 20369 "www.google.com" "Mozlila/5.0 (Linux; Android 7.0; SM-G892A Bulid/NRD90M; wv) AppleWebKit/537.36 (KHTML, like Gecko) Version/4.0 Chrome/60.0.3112.107 Moblie Safari/537.36"
128.199.152.116 - - [04/Jul/2024:07:04:34 +1000] "GET //OLD/wp-admin/setup-config.php?step=1 HTTP/1.1" 301 1005 "www.google.com" "Mozlila/5.0 (Linux; Android 7.0; SM-G892A Bulid/NRD90M; wv) AppleWebKit/537.36 (KHTML, like Gecko) Version/4.0 Chrome/60.0.3112.107 Moblie Safari/537.36"
128.199.152.116 - - [04/Jul/2024:07:04:34 +1000] "GET /OLD/wp-admin/setup-config.php?step=1 HTTP/1.1" 404 20370 "www.google.com" "Mozlila/5.0 (Linux; Android 7.0; SM-G892A Bulid/NRD90M; wv) AppleWebKit/537.36 (KHTML, like Gecko) Version/4.0 Chrome/60.0.3112.107 Moblie Safari/537.36"
127.0.0.1 - - [04/Jul/2024:07:27:28 +1000] "GET /wp-content/plugins/WordPressCore/include.php HTTP/1.1" 301 1044 "www.google.com" "Mozlila/5.0 (Linux; Android 7.0; SM-G892A Bulid/NRD90M; wv) AppleWebKit/537.36 (KHTML, like Gecko) Version/4.0 Chrome/60.0.3112.107 Moblie Safari/537.36"
111.67.29.221 - - [04/Jul/2024:07:27:37 +1000] "POST /wp-cron.php?doing_wp_cron=1720042057.8453691005706787109375 HTTP/1.1" 200 296 "-" "WordPress/6.5.5; https://www.pgkdistribution.com.au"
127.0.0.1 - - [04/Jul/2024:07:27:33 +1000] "GET /wp-content/plugins/WordPressCore/include.php HTTP/1.1" 404 20409 "www.google.com" "Mozlila/5.0 (Linux; Android 7.0; SM-G892A Bulid/NRD90M; wv) AppleWebKit/537.36 (KHTML, like Gecko) Version/4.0 Chrome/60.0.3112.107 Moblie Safari/537.36"
127.0.0.1 - - [04/Jul/2024:07:27:40 +1000] "GET /wp-content/plugins/include.php HTTP/1.1" 301 1030 "www.google.com" "Mozlila/5.0 (Linux; Android 7.0; SM-G892A Bulid/NRD90M; wv) AppleWebKit/537.36 (KHTML, like Gecko) Version/4.0 Chrome/60.0.3112.107 Moblie Safari/537.36"
127.0.0.1 - - [04/Jul/2024:07:27:40 +1000] "GET /wp-content/plugins/include.php HTTP/1.1" 404 20385 "www.google.com" "Mozlila/5.0 (Linux; Android 7.0; SM-G892A Bulid/NRD90M; wv) AppleWebKit/537.36 (KHTML, like Gecko) Version/4.0 Chrome/60.0.3112.107 Moblie Safari/537.36"
127.0.0.1 - - [04/Jul/2024:07:27:43 +1000] "GET /wp-includes/images/include.php HTTP/1.1" 301 1030 "www.google.com" "Mozlila/5.0 (Linux; Android 7.0; SM-G892A Bulid/NRD90M; wv) AppleWebKit/537.36 (KHTML, like Gecko) Version/4.0 Chrome/60.0.3112.107 Moblie Safari/537.36"
127.0.0.1 - - [04/Jul/2024:07:27:46 +1000] "GET /wp-includes/images/include.php HTTP/1.1" 404 20383 "www.google.com" "Mozlila/5.0 (Linux; Android 7.0; SM-G892A Bulid/NRD90M; wv) AppleWebKit/537.36 (KHTML, like Gecko) Version/4.0 Chrome/60.0.3112.107 Moblie Safari/537.36"
127.0.0.1 - - [04/Jul/2024:07:27:49 +1000] "GET /wp-includes/widgets/include.php HTTP/1.1" 301 1031 "www.google.com" "Mozlila/5.0 (Linux; Android 7.0; SM-G892A Bulid/NRD90M; wv) AppleWebKit/537.36 (KHTML, like Gecko) Version/4.0 Chrome/60.0.3112.107 Moblie Safari/537.36"
111.67.29.221 - - [04/Jul/2024:07:27:51 +1000] "POST /wp-cron.php?doing_wp_cron=1720042071.5693240165710449218750 HTTP/1.1" 200 296 "-" "WordPress/6.5.5; https://www.pgkdistribution.com.au"
127.0.0.1 - - [04/Jul/2024:07:27:50 +1000] "GET /wp-includes/widgets/include.php HTTP/1.1" 404 20381 "www.google.com" "Mozlila/5.0 (Linux; Android 7.0; SM-G892A Bulid/NRD90M; wv) AppleWebKit/537.36 (KHTML, like Gecko) Version/4.0 Chrome/60.0.3112.107 Moblie Safari/537.36"
45.138.16.230 - - [04/Jul/2024:07:34:26 +1000] "GET /wp-config.php~ HTTP/1.1" 301 983 "-" "Mozilla/5.0 (Linux; Android 4.1.2; SGH-I727R Build/JZO54K) AppleWebKit/537.22 (KHTML, like Gecko) Chrome/25.0.1364.169 Mobile Safari/537.22"
111.67.29.221 - - [04/Jul/2024:07:34:32 +1000] "POST /wp-cron.php?doing_wp_cron=1720042472.5451390743255615234375 HTTP/1.1" 200 296 "-" "WordPress/6.5.5; https://www.pgkdistribution.com.au"
45.138.16.230 - - [04/Jul/2024:07:34:27 +1000] "GET /wp-config.php~ HTTP/1.1" 404 94420 "-" "Mozilla/5.0 (Linux; Android 4.1.2; SGH-I727R Build/JZO54K) AppleWebKit/537.22 (KHTML, like Gecko) Chrome/25.0.1364.169 Mobile Safari/537.22"
45.138.16.230 - - [04/Jul/2024:07:34:35 +1000] "GET /wp-config-backup1.txt HTTP/1.1" 301 990 "-" "Mozilla/5.0 (Linux; Android 4.1.2; SGH-I727R Build/JZO54K) AppleWebKit/537.22 (KHTML, like Gecko) Chrome/25.0.1364.169 Mobile Safari/537.22"
45.138.16.230 - - [04/Jul/2024:07:34:37 +1000] "GET /wp-config-backup1.txt HTTP/1.1" 404 94434 "-" "Mozilla/5.0 (Linux; Android 4.1.2; SGH-I727R Build/JZO54K) AppleWebKit/537.22 (KHTML, like Gecko) Chrome/25.0.1364.169 Mobile Safari/537.22"
45.138.16.230 - - [04/Jul/2024:07:34:41 +1000] "GET /wp-config%20fix.txt HTTP/1.1" 301 988 "-" "Mozilla/5.0 (Linux; Android 4.1.2; SGH-I727R Build/JZO54K) AppleWebKit/537.22 (KHTML, like Gecko) Chrome/25.0.1364.169 Mobile Safari/537.22"
45.138.16.230 - - [04/Jul/2024:07:34:43 +1000] "GET /wp-config%20fix.txt HTTP/1.1" 404 94432 "-" "Mozilla/5.0 (Linux; Android 4.1.2; SGH-I727R Build/JZO54K) AppleWebKit/537.22 (KHTML, like Gecko) Chrome/25.0.1364.169 Mobile Safari/537.22"
45.138.16.230 - - [04/Jul/2024:07:34:47 +1000] "GET /wp-config.bak HTTP/1.1" 301 982 "-" "Mozilla/5.0 (Linux; Android 4.1.2; SGH-I727R Build/JZO54K) AppleWebKit/537.22 (KHTML, like Gecko) Chrome/25.0.1364.169 Mobile Safari/537.22"
111.67.29.221 - - [04/Jul/2024:07:34:50 +1000] "POST /wp-cron.php?doing_wp_cron=1720042490.2810199260711669921875 HTTP/1.1" 200 296 "-" "WordPress/6.5.5; https://www.pgkdistribution.com.au"
45.138.16.230 - - [04/Jul/2024:07:34:49 +1000] "GET /wp-config.bak HTTP/1.1" 404 94418 "-" "Mozilla/5.0 (Linux; Android 4.1.2; SGH-I727R Build/JZO54K) AppleWebKit/537.22 (KHTML, like Gecko) Chrome/25.0.1364.169 Mobile Safari/537.22"
45.138.16.230 - - [04/Jul/2024:07:34:53 +1000] "GET /wp-config HTTP/1.1" 301 978 "-" "Mozilla/5.0 (Linux; Android 4.1.2; SGH-I727R Build/JZO54K) AppleWebKit/537.22 (KHTML, like Gecko) Chrome/25.0.1364.169 Mobile Safari/537.22"
45.138.16.230 - - [04/Jul/2024:07:34:54 +1000] "GET /wp-config HTTP/1.1" 404 94410 "-" "Mozilla/5.0 (Linux; Android 4.1.2; SGH-I727R Build/JZO54K) AppleWebKit/537.22 (KHTML, like Gecko) Chrome/25.0.1364.169 Mobile Safari/537.22"
45.138.16.230 - - [04/Jul/2024:07:34:58 +1000] "GET /wp-config.phpOLD HTTP/1.1" 301 985 "-" "Mozilla/5.0 (Linux; Android 4.1.2; SGH-I727R Build/JZO54K) AppleWebKit/537.22 (KHTML, like Gecko) Chrome/25.0.1364.169 Mobile Safari/537.22"
45.138.16.230 - - [04/Jul/2024:07:35:00 +1000] "GET /wp-config.phpOLD HTTP/1.1" 404 94424 "-" "Mozilla/5.0 (Linux; Android 4.1.2; SGH-I727R Build/JZO54K) AppleWebKit/537.22 (KHTML, like Gecko) Chrome/25.0.1364.169 Mobile Safari/537.22"
45.138.16.230 - - [04/Jul/2024:07:35:04 +1000] "GET /wp-config.txt HTTP/1.1" 301 982 "-" "Mozilla/5.0 (Linux; Android 4.1.2; SGH-I727R Build/JZO54K) AppleWebKit/537.22 (KHTML, like Gecko) Chrome/25.0.1364.169 Mobile Safari/537.22"
45.138.16.230 - - [04/Jul/2024:07:35:06 +1000] "GET /wp-config.txt HTTP/1.1" 404 94418 "-" "Mozilla/5.0 (Linux; Android 4.1.2; SGH-I727R Build/JZO54K) AppleWebKit/537.22 (KHTML, like Gecko) Chrome/25.0.1364.169 Mobile Safari/537.22"
45.138.16.230 - - [04/Jul/2024:07:35:11 +1000] "GET /wp-config.phpa HTTP/1.1" 301 983 "-" "Mozilla/5.0 (Linux; Android 4.1.2; SGH-I727R Build/JZO54K) AppleWebKit/537.22 (KHTML, like Gecko) Chrome/25.0.1364.169 Mobile Safari/537.22"
45.138.16.230 - - [04/Jul/2024:07:35:12 +1000] "GET /wp-config.phpa HTTP/1.1" 404 94420 "-" "Mozilla/5.0 (Linux; Android 4.1.2; SGH-I727R Build/JZO54K) AppleWebKit/537.22 (KHTML, like Gecko) Chrome/25.0.1364.169 Mobile Safari/537.22"
45.138.16.230 - - [04/Jul/2024:07:35:17 +1000] "GET /wp-config.old HTTP/1.1" 301 982 "-" "Mozilla/5.0 (Linux; Android 4.1.2; SGH-I727R Build/JZO54K) AppleWebKit/537.22 (KHTML, like Gecko) Chrome/25.0.1364.169 Mobile Safari/537.22"
45.138.16.230 - - [04/Jul/2024:07:35:19 +1000] "GET /wp-config.old HTTP/1.1" 404 94418 "-" "Mozilla/5.0 (Linux; Android 4.1.2; SGH-I727R Build/JZO54K) AppleWebKit/537.22 (KHTML, like Gecko) Chrome/25.0.1364.169 Mobile Safari/537.22"
77.91.86.95 - - [04/Jul/2024:07:35:29 +1000] "GET /wp-config.php.txt HTTP/1.1" 301 986 "-" "Mozilla/5.0 (Linux; Android 4.1.2; SGH-I727R Build/JZO54K) AppleWebKit/537.22 (KHTML, like Gecko) Chrome/25.0.1364.169 Mobile Safari/537.22"
77.91.86.95 - - [04/Jul/2024:07:35:34 +1000] "GET /wp-config.php.txt HTTP/1.1" 404 94426 "-" "Mozilla/5.0 (Linux; Android 4.1.2; SGH-I727R Build/JZO54K) AppleWebKit/537.22 (KHTML, like Gecko) Chrome/25.0.1364.169 Mobile Safari/537.22"
77.91.86.95 - - [04/Jul/2024:07:35:45 +1000] "GET /config HTTP/1.1" 301 975 "-" "Mozilla/5.0 (Linux; Android 4.1.2; SGH-I727R Build/JZO54K) AppleWebKit/537.22 (KHTML, like Gecko) Chrome/25.0.1364.169 Mobile Safari/537.22"
111.67.29.221 - - [04/Jul/2024:07:35:49 +1000] "POST /wp-cron.php?doing_wp_cron=1720042549.5505549907684326171875 HTTP/1.1" 200 296 "-" "WordPress/6.5.5; https://www.pgkdistribution.com.au"
77.91.86.95 - - [04/Jul/2024:07:35:48 +1000] "GET /config HTTP/1.1" 404 94404 "-" "Mozilla/5.0 (Linux; Android 4.1.2; SGH-I727R Build/JZO54K) AppleWebKit/537.22 (KHTML, like Gecko) Chrome/25.0.1364.169 Mobile Safari/537.22"
77.91.86.95 - - [04/Jul/2024:07:35:56 +1000] "GET /wp-config. HTTP/1.1" 301 979 "-" "Mozilla/5.0 (Linux; Android 4.1.2; SGH-I727R Build/JZO54K) AppleWebKit/537.22 (KHTML, like Gecko) Chrome/25.0.1364.169 Mobile Safari/537.22"
77.91.86.95 - - [04/Jul/2024:07:35:59 +1000] "GET /wp-config. HTTP/1.1" 301 608 "-" "Mozilla/5.0 (Linux; Android 4.1.2; SGH-I727R Build/JZO54K) AppleWebKit/537.22 (KHTML, like Gecko) Chrome/25.0.1364.169 Mobile Safari/537.22"
77.91.86.95 - - [04/Jul/2024:07:36:05 +1000] "GET /wp-config HTTP/1.1" 404 94410 "-" "Mozilla/5.0 (Linux; Android 4.1.2; SGH-I727R Build/JZO54K) AppleWebKit/537.22 (KHTML, like Gecko) Chrome/25.0.1364.169 Mobile Safari/537.22"
109.70.100.5 - - [04/Jul/2024:07:36:10 +1000] "GET /wp-config-backup.txt HTTP/1.1" 301 989 "-" "Mozilla/5.0 (Linux; Android 4.1.2; SGH-I727R Build/JZO54K) AppleWebKit/537.22 (KHTML, like Gecko) Chrome/25.0.1364.169 Mobile Safari/537.22"
109.70.100.5 - - [04/Jul/2024:07:36:11 +1000] "GET /wp-config-backup.txt HTTP/1.1" 404 94432 "-" "Mozilla/5.0 (Linux; Android 4.1.2; SGH-I727R Build/JZO54K) AppleWebKit/537.22 (KHTML, like Gecko) Chrome/25.0.1364.169 Mobile Safari/537.22"
109.70.100.5 - - [04/Jul/2024:07:36:14 +1000] "GET /wp-config-backup HTTP/1.1" 301 985 "-" "Mozilla/5.0 (Linux; Android 4.1.2; SGH-I727R Build/JZO54K) AppleWebKit/537.22 (KHTML, like Gecko) Chrome/25.0.1364.169 Mobile Safari/537.22"
107.189.8.5 - - [04/Jul/2024:07:36:31 +1000] "GET /config.old HTTP/1.1" 301 979 "-" "Mozilla/5.0 (Linux; Android 4.1.2; SGH-I727R Build/JZO54K) AppleWebKit/537.22 (KHTML, like Gecko) Chrome/25.0.1364.169 Mobile Safari/537.22"
107.189.8.5 - - [04/Jul/2024:07:36:32 +1000] "GET /config.old HTTP/1.1" 404 94412 "-" "Mozilla/5.0 (Linux; Android 4.1.2; SGH-I727R Build/JZO54K) AppleWebKit/537.22 (KHTML, like Gecko) Chrome/25.0.1364.169 Mobile Safari/537.22"
107.189.8.5 - - [04/Jul/2024:07:36:40 +1000] "GET /config.php~ HTTP/1.1" 301 980 "-" "Mozilla/5.0 (Linux; Android 4.1.2; SGH-I727R Build/JZO54K) AppleWebKit/537.22 (KHTML, like Gecko) Chrome/25.0.1364.169 Mobile Safari/537.22"
185.220.101.133 - - [04/Jul/2024:07:36:41 +1000] "GET /config.php~ HTTP/1.1" 404 94414 "-" "Mozilla/5.0 (Linux; Android 4.1.2; SGH-I727R Build/JZO54K) AppleWebKit/537.22 (KHTML, like Gecko) Chrome/25.0.1364.169 Mobile Safari/537.22"
185.107.57.66 - - [04/Jul/2024:07:36:46 +1000] "GET /wp-config.data HTTP/1.1" 301 983 "-" "Mozilla/5.0 (Linux; Android 4.1.2; SGH-I727R Build/JZO54K) AppleWebKit/537.22 (KHTML, like Gecko) Chrome/25.0.1364.169 Mobile Safari/537.22"
111.67.29.221 - - [04/Jul/2024:07:36:52 +1000] "POST /wp-cron.php?doing_wp_cron=1720042612.7518329620361328125000 HTTP/1.1" 200 296 "-" "WordPress/6.5.5; https://www.pgkdistribution.com.au"
185.107.57.66 - - [04/Jul/2024:07:36:47 +1000] "GET /wp-config.data HTTP/1.1" 404 94420 "-" "Mozilla/5.0 (Linux; Android 4.1.2; SGH-I727R Build/JZO54K) AppleWebKit/537.22 (KHTML, like Gecko) Chrome/25.0.1364.169 Mobile Safari/537.22"
185.107.57.66 - - [04/Jul/2024:07:36:56 +1000] "GET /wp-config.backup HTTP/1.1" 301 985 "-" "Mozilla/5.0 (Linux; Android 4.1.2; SGH-I727R Build/JZO54K) AppleWebKit/537.22 (KHTML, like Gecko) Chrome/25.0.1364.169 Mobile Safari/537.22"
185.107.57.66 - - [04/Jul/2024:07:36:58 +1000] "GET /wp-config.backup HTTP/1.1" 404 94424 "-" "Mozilla/5.0 (Linux; Android 4.1.2; SGH-I727R Build/JZO54K) AppleWebKit/537.22 (KHTML, like Gecko) Chrome/25.0.1364.169 Mobile Safari/537.22"
185.107.57.66 - - [04/Jul/2024:07:37:05 +1000] "GET /wp-config.php~~ HTTP/1.1" 301 984 "-" "Mozilla/5.0 (Linux; Android 4.1.2; SGH-I727R Build/JZO54K) AppleWebKit/537.22 (KHTML, like Gecko) Chrome/25.0.1364.169 Mobile Safari/537.22"
185.107.57.66 - - [04/Jul/2024:07:37:09 +1000] "GET /wp-config.php~~ HTTP/1.1" 404 94422 "-" "Mozilla/5.0 (Linux; Android 4.1.2; SGH-I727R Build/JZO54K) AppleWebKit/537.22 (KHTML, like Gecko) Chrome/25.0.1364.169 Mobile Safari/537.22"
185.107.57.66 - - [04/Jul/2024:07:37:14 +1000] "GET /config. HTTP/1.1" 301 976 "-" "Mozilla/5.0 (Linux; Android 4.1.2; SGH-I727R Build/JZO54K) AppleWebKit/537.22 (KHTML, like Gecko) Chrome/25.0.1364.169 Mobile Safari/537.22"
185.107.57.66 - - [04/Jul/2024:07:37:15 +1000] "GET /config. HTTP/1.1" 301 602 "-" "Mozilla/5.0 (Linux; Android 4.1.2; SGH-I727R Build/JZO54K) AppleWebKit/537.22 (KHTML, like Gecko) Chrome/25.0.1364.169 Mobile Safari/537.22"
185.107.57.66 - - [04/Jul/2024:07:37:17 +1000] "GET /config HTTP/1.1" 404 94404 "-" "Mozilla/5.0 (Linux; Android 4.1.2; SGH-I727R Build/JZO54K) AppleWebKit/537.22 (KHTML, like Gecko) Chrome/25.0.1364.169 Mobile Safari/537.22"
192.42.116.195 - - [04/Jul/2024:07:37:28 +1000] "GET /wp-config.phpold HTTP/1.1" 301 985 "-" "Mozilla/5.0 (Linux; Android 4.1.2; SGH-I727R Build/JZO54K) AppleWebKit/537.22 (KHTML, like Gecko) Chrome/25.0.1364.169 Mobile Safari/537.22"
192.42.116.195 - - [04/Jul/2024:07:37:29 +1000] "GET /wp-config.phpold HTTP/1.1" 404 94424 "-" "Mozilla/5.0 (Linux; Android 4.1.2; SGH-I727R Build/JZO54K) AppleWebKit/537.22 (KHTML, like Gecko) Chrome/25.0.1364.169 Mobile Safari/537.22"
192.42.116.195 - - [04/Jul/2024:07:37:32 +1000] "GET /wp-config.phpb HTTP/1.1" 301 983 "-" "Mozilla/5.0 (Linux; Android 4.1.2; SGH-I727R Build/JZO54K) AppleWebKit/537.22 (KHTML, like Gecko) Chrome/25.0.1364.169 Mobile Safari/537.22"
