66.249.66.197 - - [29/Jun/2024:18:43:30 +1000] "GET /wp-content/plugins/contact-form-7/includes/css/styles.css?ver=5.7.7 HTTP/1.1" 200 1522 "http://www.pgkdistribution.com.au/product/inner-clamp-40mm-silver/" "Mozilla/5.0 (Linux; Android 6.0.1; Nexus 5X Build/MMB29P) AppleWebKit/537.36 (KHTML, like Gecko) Chrome/125.0.6422.175 Mobile Safari/537.36 (compatible; Googlebot/2.1; +http://www.google.com/bot.html)"
66.249.66.197 - - [29/Jun/2024:18:43:31 +1000] "GET /wp-content/plugins/gutentor/assets/library/wpness-grid/wpness-grid.css?ver=1.0.0 HTTP/1.1" 200 4968 "http://www.pgkdistribution.com.au/product/inner-clamp-40mm-silver/" "Mozilla/5.0 (Linux; Android 6.0.1; Nexus 5X Build/MMB29P) AppleWebKit/537.36 (KHTML, like Gecko) Chrome/125.0.6422.175 Mobile Safari/537.36 (compatible; Googlebot/2.1; +http://www.google.com/bot.html)"
66.249.66.197 - - [29/Jun/2024:18:43:31 +1000] "GET /wp-content/plugins/hide-price-add-to-cart-button/assets/js/afwhp_front.js?ver=1.0 HTTP/1.1" 200 382 "http://www.pgkdistribution.com.au/product/inner-clamp-40mm-silver/" "Mozilla/5.0 (Linux; Android 6.0.1; Nexus 5X Build/MMB29P) AppleWebKit/537.36 (KHTML, like Gecko) Chrome/125.0.6422.175 Mobile Safari/537.36 (compatible; Googlebot/2.1; +http://www.google.com/bot.html)"
66.249.66.197 - - [29/Jun/2024:18:43:32 +1000] "GET /wp-content/plugins/woo-gutenberg-products-block/build/mini-cart-contents.css?ver=10.8.1 HTTP/1.1" 200 3550 "http://www.pgkdistribution.com.au/product/inner-clamp-40mm-silver/" "Mozilla/5.0 (Linux; Android 6.0.1; Nexus 5X Build/MMB29P) AppleWebKit/537.36 (KHTML, like Gecko) Chrome/125.0.6422.175 Mobile Safari/537.36 (compatible; Googlebot/2.1; +http://www.google.com/bot.html)"
66.249.66.197 - - [29/Jun/2024:18:43:32 +1000] "GET /wp-content/plugins/gutentor/assets/library/magnific-popup/magnific-popup.min.css?ver=1.8.0 HTTP/1.1" 200 2183 "http://www.pgkdistribution.com.au/product/inner-clamp-40mm-silver/" "Mozilla/5.0 (Linux; Android 6.0.1; Nexus 5X Build/MMB29P) AppleWebKit/537.36 (KHTML, like Gecko) Chrome/125.0.6422.175 Mobile Safari/537.36 (compatible; Googlebot/2.1; +http://www.google.com/bot.html)"
66.249.66.197 - - [29/Jun/2024:18:43:36 +1000] "GET /wp-content/themes/storefront/assets/js/sticky-add-to-cart.min.js?ver=3.9.1 HTTP/1.1" 200 889 "http://www.pgkdistribution.com.au/product/inner-clamp-40mm-silver/" "Mozilla/5.0 (Linux; Android 6.0.1; Nexus 5X Build/MMB29P) AppleWebKit/537.36 (KHTML, like Gecko) Chrome/125.0.6422.175 Mobile Safari/537.36 (compatible; Googlebot/2.1; +http://www.google.com/bot.html)"
66.249.66.197 - - [29/Jun/2024:18:43:37 +1000] "POST /?wc-ajax=get_refreshed_fragments HTTP/1.1" 200 928 "http://www.pgkdistribution.com.au/product/inner-clamp-40mm-silver/" "Mozilla/5.0 (Linux; Android 6.0.1; Nexus 5X Build/MMB29P) AppleWebKit/537.36 (KHTML, like Gecko) Chrome/125.0.6422.175 Mobile Safari/537.36 (compatible; Googlebot/2.1; +http://www.google.com/bot.html)"
41.216.188.168 - - [29/Jun/2024:18:51:01 +1000] "GET /wp-admin/inputs.php HTTP/1.1" 301 988 "www.google.com" "Mozlila/5.0 (Linux; Android 7.0; SM-G892A Bulid/NRD90M; wv) AppleWebKit/537.36 (KHTML, like Gecko) Version/4.0 Chrome/60.0.3112.107 Moblie Safari/537.36"
111.67.29.221 - - [29/Jun/2024:18:51:12 +1000] "POST /wp-cron.php?doing_wp_cron=1719651072.6890459060668945312500 HTTP/1.1" 200 296 "-" "WordPress/6.5.5; https://www.pgkdistribution.com.au"
41.216.188.168 - - [29/Jun/2024:18:51:06 +1000] "GET /wp-admin/inputs.php HTTP/1.1" 404 20212 "www.google.com" "Mozlila/5.0 (Linux; Android 7.0; SM-G892A Bulid/NRD90M; wv) AppleWebKit/537.36 (KHTML, like Gecko) Version/4.0 Chrome/60.0.3112.107 Moblie Safari/537.36"
66.249.66.199 - - [29/Jun/2024:18:55:06 +1000] "GET /product/inner-clamp-40mm-silver/ HTTP/1.1" 200 23358 "-" "Mozilla/5.0 (Linux; Android 6.0.1; Nexus 5X Build/MMB29P) AppleWebKit/537.36 (KHTML, like Gecko) Chrome/125.0.6422.175 Mobile Safari/537.36 (compatible; Googlebot/2.1; +http://www.google.com/bot.html)"
66.249.66.198 - - [29/Jun/2024:18:55:11 +1000] "GET /wp-content/plugins/gutentor/assets/library/fontawesome/css/all.min.css?ver=5.12.0 HTTP/1.1" 200 14604 "http://www.pgkdistribution.com.au/product/inner-clamp-40mm-silver/" "Mozilla/5.0 (Linux; Android 6.0.1; Nexus 5X Build/MMB29P) AppleWebKit/537.36 (KHTML, like Gecko) Chrome/125.0.6422.175 Mobile Safari/537.36 (compatible; Googlebot/2.1; +http://www.google.com/bot.html)"
66.249.66.197 - - [29/Jun/2024:18:55:14 +1000] "GET /wp-content/plugins/storefront-homepage-contact-section/assets/css/style.css?ver=6.5.5 HTTP/1.1" 200 1156 "http://www.pgkdistribution.com.au/product/inner-clamp-40mm-silver/" "Mozilla/5.0 (Linux; Android 6.0.1; Nexus 5X Build/MMB29P) AppleWebKit/537.36 (KHTML, like Gecko) Chrome/125.0.6422.175 Mobile Safari/537.36 (compatible; Googlebot/2.1; +http://www.google.com/bot.html)"
66.249.66.197 - - [29/Jun/2024:18:55:16 +1000] "GET /wp-content/plugins/woo-gutenberg-products-block/build/product-rating.css?ver=10.8.1 HTTP/1.1" 200 679 "http://www.pgkdistribution.com.au/product/inner-clamp-40mm-silver/" "Mozilla/5.0 (Linux; Android 6.0.1; Nexus 5X Build/MMB29P) AppleWebKit/537.36 (KHTML, like Gecko) Chrome/125.0.6422.175 Mobile Safari/537.36 (compatible; Googlebot/2.1; +http://www.google.com/bot.html)"
66.249.66.197 - - [29/Jun/2024:18:55:18 +1000] "GET /wp-content/plugins/woo-gutenberg-products-block/build/cart.css?ver=10.8.1 HTTP/1.1" 200 12915 "http://www.pgkdistribution.com.au/product/inner-clamp-40mm-silver/" "Mozilla/5.0 (Linux; Android 6.0.1; Nexus 5X Build/MMB29P) AppleWebKit/537.36 (KHTML, like Gecko) Chrome/125.0.6422.175 Mobile Safari/537.36 (compatible; Googlebot/2.1; +http://www.google.com/bot.html)"
66.249.66.197 - - [29/Jun/2024:18:55:20 +1000] "GET /wp-content/plugins/woo-gutenberg-products-block/build/product-search.css?ver=10.8.1 HTTP/1.1" 200 862 "http://www.pgkdistribution.com.au/product/inner-clamp-40mm-silver/" "Mozilla/5.0 (Linux; Android 6.0.1; Nexus 5X Build/MMB29P) AppleWebKit/537.36 (KHTML, like Gecko) Chrome/125.0.6422.175 Mobile Safari/537.36 (compatible; Googlebot/2.1; +http://www.google.com/bot.html)"
66.249.66.197 - - [29/Jun/2024:18:55:23 +1000] "GET /wp-content/plugins/woo-gutenberg-products-block/build/reviews-by-product.css?ver=10.8.1 HTTP/1.1" 200 2401 "http://www.pgkdistribution.com.au/product/inner-clamp-40mm-silver/" "Mozilla/5.0 (Linux; Android 6.0.1; Nexus 5X Build/MMB29P) AppleWebKit/537.36 (KHTML, like Gecko) Chrome/125.0.6422.175 Mobile Safari/537.36 (compatible; Googlebot/2.1; +http://www.google.com/bot.html)"
66.249.66.197 - - [29/Jun/2024:18:55:30 +1000] "GET /wp-content/plugins/gutentor/assets/library/wow/wow.min.js?ver=1.2.1 HTTP/1.1" 200 3463 "http://www.pgkdistribution.com.au/product/inner-clamp-40mm-silver/" "Mozilla/5.0 (Linux; Android 6.0.1; Nexus 5X Build/MMB29P) AppleWebKit/537.36 (KHTML, like Gecko) Chrome/125.0.6422.175 Mobile Safari/537.36 (compatible; Googlebot/2.1; +http://www.google.com/bot.html)"
66.249.66.197 - - [29/Jun/2024:18:55:32 +1000] "GET /wp-content/plugins/contact-form-7/includes/js/index.js?ver=5.7.7 HTTP/1.1" 200 5037 "http://www.pgkdistribution.com.au/product/inner-clamp-40mm-silver/" "Mozilla/5.0 (Linux; Android 6.0.1; Nexus 5X Build/MMB29P) AppleWebKit/537.36 (KHTML, like Gecko) Chrome/125.0.6422.175 Mobile Safari/537.36 (compatible; Googlebot/2.1; +http://www.google.com/bot.html)"
66.249.66.197 - - [29/Jun/2024:18:55:36 +1000] "GET /wp-content/plugins/woocommerce-table-rate-shipping/assets/js/frontend-checkout.min.js?ver=3.1.4 HTTP/1.1" 200 608 "http://www.pgkdistribution.com.au/product/inner-clamp-40mm-silver/" "Mozilla/5.0 (Linux; Android 6.0.1; Nexus 5X Build/MMB29P) AppleWebKit/537.36 (KHTML, like Gecko) Chrome/125.0.6422.175 Mobile Safari/537.36 (compatible; Googlebot/2.1; +http://www.google.com/bot.html)"
66.249.66.197 - - [29/Jun/2024:18:55:38 +1000] "GET /wp-content/plugins/mailchimp-for-woocommerce/public/js/mailchimp-woocommerce-public.min.js?ver=2.7.2.01 HTTP/1.1" 200 2736 "http://www.pgkdistribution.com.au/product/inner-clamp-40mm-silver/" "Mozilla/5.0 (Linux; Android 6.0.1; Nexus 5X Build/MMB29P) AppleWebKit/537.36 (KHTML, like Gecko) Chrome/125.0.6422.175 Mobile Safari/537.36 (compatible; Googlebot/2.1; +http://www.google.com/bot.html)"
66.249.66.197 - - [29/Jun/2024:18:55:42 +1000] "GET /wp-content/plugins/contact-form-7/modules/recaptcha/index.js?ver=5.7.7 HTTP/1.1" 200 883 "http://www.pgkdistribution.com.au/product/inner-clamp-40mm-silver/" "Mozilla/5.0 (Linux; Android 6.0.1; Nexus 5X Build/MMB29P) AppleWebKit/537.36 (KHTML, like Gecko) Chrome/125.0.6422.175 Mobile Safari/537.36 (compatible; Googlebot/2.1; +http://www.google.com/bot.html)"
66.249.66.197 - - [29/Jun/2024:18:55:44 +1000] "GET /wp-content/themes/storefront/assets/js/woocommerce/header-cart.min.js?ver=3.9.1 HTTP/1.1" 200 678 "http://www.pgkdistribution.com.au/product/inner-clamp-40mm-silver/" "Mozilla/5.0 (Linux; Android 6.0.1; Nexus 5X Build/MMB29P) AppleWebKit/537.36 (KHTML, like Gecko) Chrome/125.0.6422.175 Mobile Safari/537.36 (compatible; Googlebot/2.1; +http://www.google.com/bot.html)"
66.249.66.197 - - [29/Jun/2024:18:55:47 +1000] "GET /wp-content/themes/storefront/assets/js/footer.min.js?ver=3.9.1 HTTP/1.1" 200 758 "http://www.pgkdistribution.com.au/product/inner-clamp-40mm-silver/" "Mozilla/5.0 (Linux; Android 6.0.1; Nexus 5X Build/MMB29P) AppleWebKit/537.36 (KHTML, like Gecko) Chrome/125.0.6422.175 Mobile Safari/537.36 (compatible; Googlebot/2.1; +http://www.google.com/bot.html)"
66.249.66.197 - - [29/Jun/2024:18:55:50 +1000] "GET /wp-content/themes/homestore/assets/js/homestore.min.js?ver=2.0.33 HTTP/1.1" 200 1468 "http://www.pgkdistribution.com.au/product/inner-clamp-40mm-silver/" "Mozilla/5.0 (Linux; Android 6.0.1; Nexus 5X Build/MMB29P) AppleWebKit/537.36 (KHTML, like Gecko) Chrome/125.0.6422.175 Mobile Safari/537.36 (compatible; Googlebot/2.1; +http://www.google.com/bot.html)"
66.249.66.197 - - [29/Jun/2024:18:55:53 +1000] "GET /wp-content/themes/storefront/assets/js/sticky-add-to-cart.min.js?ver=3.9.1 HTTP/1.1" 200 889 "http://www.pgkdistribution.com.au/product/inner-clamp-40mm-silver/" "Mozilla/5.0 (Linux; Android 6.0.1; Nexus 5X Build/MMB29P) AppleWebKit/537.36 (KHTML, like Gecko) Chrome/125.0.6422.175 Mobile Safari/537.36 (compatible; Googlebot/2.1; +http://www.google.com/bot.html)"
66.249.66.197 - - [29/Jun/2024:18:55:56 +1000] "GET /wp-content/plugins/gutentor/assets/js/gutentor.js?ver=3.2.7 HTTP/1.1" 200 14975 "http://www.pgkdistribution.com.au/product/inner-clamp-40mm-silver/" "Mozilla/5.0 (Linux; Android 6.0.1; Nexus 5X Build/MMB29P) AppleWebKit/537.36 (KHTML, like Gecko) Chrome/125.0.6422.175 Mobile Safari/537.36 (compatible; Googlebot/2.1; +http://www.google.com/bot.html)"
111.67.29.221 - - [29/Jun/2024:18:56:00 +1000] "POST /wp-cron.php?doing_wp_cron=1719651360.4061989784240722656250 HTTP/1.1" 200 296 "-" "WordPress/6.5.5; https://www.pgkdistribution.com.au"
66.249.66.197 - - [29/Jun/2024:18:55:58 +1000] "POST /?wc-ajax=get_refreshed_fragments HTTP/1.1" 200 928 "http://www.pgkdistribution.com.au/product/inner-clamp-40mm-silver/" "Mozilla/5.0 (Linux; Android 6.0.1; Nexus 5X Build/MMB29P) AppleWebKit/537.36 (KHTML, like Gecko) Chrome/125.0.6422.175 Mobile Safari/537.36 (compatible; Googlebot/2.1; +http://www.google.com/bot.html)"
185.220.101.38 - - [29/Jun/2024:19:54:22 +1000] "GET /wp-config.php~ HTTP/1.1" 301 983 "-" "Mozilla/5.0 (Linux; U; Android 4.1.2; de-ch; GT-N8010 Build/JZO54K) AppleWebKit/534.30 (KHTML, like Gecko) Version/4.0 Safari/534.30"
111.67.29.221 - - [29/Jun/2024:19:54:28 +1000] "POST /wp-cron.php?doing_wp_cron=1719654868.4468290805816650390625 HTTP/1.1" 200 296 "-" "WordPress/6.5.5; https://www.pgkdistribution.com.au"
185.220.101.38 - - [29/Jun/2024:19:54:23 +1000] "GET /wp-config.php~ HTTP/1.1" 404 94420 "-" "Mozilla/5.0 (Linux; U; Android 4.1.2; de-ch; GT-N8010 Build/JZO54K) AppleWebKit/534.30 (KHTML, like Gecko) Version/4.0 Safari/534.30"
185.220.101.38 - - [29/Jun/2024:19:54:30 +1000] "GET /wp-config-backup1.txt HTTP/1.1" 301 990 "-" "Mozilla/5.0 (Linux; U; Android 4.1.2; de-ch; GT-N8010 Build/JZO54K) AppleWebKit/534.30 (KHTML, like Gecko) Version/4.0 Safari/534.30"
185.220.101.38 - - [29/Jun/2024:19:54:31 +1000] "GET /wp-config-backup1.txt HTTP/1.1" 404 94434 "-" "Mozilla/5.0 (Linux; U; Android 4.1.2; de-ch; GT-N8010 Build/JZO54K) AppleWebKit/534.30 (KHTML, like Gecko) Version/4.0 Safari/534.30"
185.220.101.38 - - [29/Jun/2024:19:54:35 +1000] "GET /wp-config%20fix.txt HTTP/1.1" 301 988 "-" "Mozilla/5.0 (Linux; U; Android 4.1.2; de-ch; GT-N8010 Build/JZO54K) AppleWebKit/534.30 (KHTML, like Gecko) Version/4.0 Safari/534.30"
111.67.29.221 - - [29/Jun/2024:19:54:38 +1000] "POST /wp-cron.php?doing_wp_cron=1719654878.0588290691375732421875 HTTP/1.1" 200 296 "-" "WordPress/6.5.5; https://www.pgkdistribution.com.au"
185.220.101.38 - - [29/Jun/2024:19:54:36 +1000] "GET /wp-config%20fix.txt HTTP/1.1" 404 94447 "-" "Mozilla/5.0 (Linux; U; Android 4.1.2; de-ch; GT-N8010 Build/JZO54K) AppleWebKit/534.30 (KHTML, like Gecko) Version/4.0 Safari/534.30"
185.220.101.38 - - [29/Jun/2024:19:54:40 +1000] "GET /wp-config.bak HTTP/1.1" 301 982 "-" "Mozilla/5.0 (Linux; U; Android 4.1.2; de-ch; GT-N8010 Build/JZO54K) AppleWebKit/534.30 (KHTML, like Gecko) Version/4.0 Safari/534.30"
185.220.101.38 - - [29/Jun/2024:19:54:40 +1000] "GET /wp-config.bak HTTP/1.1" 404 94418 "-" "Mozilla/5.0 (Linux; U; Android 4.1.2; de-ch; GT-N8010 Build/JZO54K) AppleWebKit/534.30 (KHTML, like Gecko) Version/4.0 Safari/534.30"
185.220.101.38 - - [29/Jun/2024:19:54:44 +1000] "GET /wp-config HTTP/1.1" 301 978 "-" "Mozilla/5.0 (Linux; U; Android 4.1.2; de-ch; GT-N8010 Build/JZO54K) AppleWebKit/534.30 (KHTML, like Gecko) Version/4.0 Safari/534.30"
185.220.101.38 - - [29/Jun/2024:19:54:45 +1000] "GET /wp-config HTTP/1.1" 404 94410 "-" "Mozilla/5.0 (Linux; U; Android 4.1.2; de-ch; GT-N8010 Build/JZO54K) AppleWebKit/534.30 (KHTML, like Gecko) Version/4.0 Safari/534.30"
185.220.101.38 - - [29/Jun/2024:19:54:48 +1000] "GET /wp-config.phpOLD HTTP/1.1" 301 985 "-" "Mozilla/5.0 (Linux; U; Android 4.1.2; de-ch; GT-N8010 Build/JZO54K) AppleWebKit/534.30 (KHTML, like Gecko) Version/4.0 Safari/534.30"
111.67.29.221 - - [29/Jun/2024:19:54:52 +1000] "POST /wp-cron.php?doing_wp_cron=1719654892.1316480636596679687500 HTTP/1.1" 200 296 "-" "WordPress/6.5.5; https://www.pgkdistribution.com.au"
185.220.101.38 - - [29/Jun/2024:19:54:51 +1000] "GET /wp-config.phpOLD HTTP/1.1" 404 94424 "-" "Mozilla/5.0 (Linux; U; Android 4.1.2; de-ch; GT-N8010 Build/JZO54K) AppleWebKit/534.30 (KHTML, like Gecko) Version/4.0 Safari/534.30"
194.26.192.77 - - [29/Jun/2024:19:54:55 +1000] "GET /wp-config.txt HTTP/1.1" 301 982 "-" "Mozilla/5.0 (Linux; U; Android 4.1.2; de-ch; GT-N8010 Build/JZO54K) AppleWebKit/534.30 (KHTML, like Gecko) Version/4.0 Safari/534.30"
194.26.192.77 - - [29/Jun/2024:19:54:57 +1000] "GET /wp-config.txt HTTP/1.1" 404 94418 "-" "Mozilla/5.0 (Linux; U; Android 4.1.2; de-ch; GT-N8010 Build/JZO54K) AppleWebKit/534.30 (KHTML, like Gecko) Version/4.0 Safari/534.30"
194.26.192.77 - - [29/Jun/2024:19:55:03 +1000] "GET /wp-config.phpa HTTP/1.1" 301 983 "-" "Mozilla/5.0 (Linux; U; Android 4.1.2; de-ch; GT-N8010 Build/JZO54K) AppleWebKit/534.30 (KHTML, like Gecko) Version/4.0 Safari/534.30"
194.26.192.77 - - [29/Jun/2024:19:55:06 +1000] "GET /wp-config.phpa HTTP/1.1" 404 94420 "-" "Mozilla/5.0 (Linux; U; Android 4.1.2; de-ch; GT-N8010 Build/JZO54K) AppleWebKit/534.30 (KHTML, like Gecko) Version/4.0 Safari/534.30"
194.26.192.77 - - [29/Jun/2024:19:55:16 +1000] "GET /wp-config.old HTTP/1.1" 301 982 "-" "Mozilla/5.0 (Linux; U; Android 4.1.2; de-ch; GT-N8010 Build/JZO54K) AppleWebKit/534.30 (KHTML, like Gecko) Version/4.0 Safari/534.30"
194.26.192.77 - - [29/Jun/2024:19:55:18 +1000] "GET /wp-config.old HTTP/1.1" 404 94418 "-" "Mozilla/5.0 (Linux; U; Android 4.1.2; de-ch; GT-N8010 Build/JZO54K) AppleWebKit/534.30 (KHTML, like Gecko) Version/4.0 Safari/534.30"
194.26.192.77 - - [29/Jun/2024:19:55:24 +1000] "GET /wp-config.php.txt HTTP/1.1" 301 986 "-" "Mozilla/5.0 (Linux; U; Android 4.1.2; de-ch; GT-N8010 Build/JZO54K) AppleWebKit/534.30 (KHTML, like Gecko) Version/4.0 Safari/534.30"
111.67.29.221 - - [29/Jun/2024:19:55:27 +1000] "POST /wp-cron.php?doing_wp_cron=1719654927.7095370292663574218750 HTTP/1.1" 200 296 "-" "WordPress/6.5.5; https://www.pgkdistribution.com.au"
194.26.192.77 - - [29/Jun/2024:19:55:25 +1000] "GET /wp-config.php.txt HTTP/1.1" 404 94426 "-" "Mozilla/5.0 (Linux; U; Android 4.1.2; de-ch; GT-N8010 Build/JZO54K) AppleWebKit/534.30 (KHTML, like Gecko) Version/4.0 Safari/534.30"
194.26.192.77 - - [29/Jun/2024:19:55:33 +1000] "GET /config HTTP/1.1" 301 975 "-" "Mozilla/5.0 (Linux; U; Android 4.1.2; de-ch; GT-N8010 Build/JZO54K) AppleWebKit/534.30 (KHTML, like Gecko) Version/4.0 Safari/534.30"
194.26.192.77 - - [29/Jun/2024:19:55:44 +1000] "GET /wp-config. HTTP/1.1" 301 979 "-" "Mozilla/5.0 (Linux; U; Android 4.1.2; de-ch; GT-N8010 Build/JZO54K) AppleWebKit/534.30 (KHTML, like Gecko) Version/4.0 Safari/534.30"
194.26.192.77 - - [29/Jun/2024:19:55:47 +1000] "GET /wp-config. HTTP/1.1" 301 608 "-" "Mozilla/5.0 (Linux; U; Android 4.1.2; de-ch; GT-N8010 Build/JZO54K) AppleWebKit/534.30 (KHTML, like Gecko) Version/4.0 Safari/534.30"
111.67.29.221 - - [29/Jun/2024:19:55:51 +1000] "POST /wp-cron.php?doing_wp_cron=1719654951.4959390163421630859375 HTTP/1.1" 200 296 "-" "WordPress/6.5.5; https://www.pgkdistribution.com.au"
194.26.192.77 - - [29/Jun/2024:19:55:50 +1000] "GET /wp-config HTTP/1.1" 404 94410 "-" "Mozilla/5.0 (Linux; U; Android 4.1.2; de-ch; GT-N8010 Build/JZO54K) AppleWebKit/534.30 (KHTML, like Gecko) Version/4.0 Safari/534.30"
194.26.192.77 - - [29/Jun/2024:19:55:56 +1000] "GET /wp-config-backup.txt HTTP/1.1" 301 989 "-" "Mozilla/5.0 (Linux; U; Android 4.1.2; de-ch; GT-N8010 Build/JZO54K) AppleWebKit/534.30 (KHTML, like Gecko) Version/4.0 Safari/534.30"
194.26.192.77 - - [29/Jun/2024:19:55:58 +1000] "GET /wp-config-backup.txt HTTP/1.1" 404 94432 "-" "Mozilla/5.0 (Linux; U; Android 4.1.2; de-ch; GT-N8010 Build/JZO54K) AppleWebKit/534.30 (KHTML, like Gecko) Version/4.0 Safari/534.30"
194.26.192.77 - - [29/Jun/2024:19:56:03 +1000] "GET /wp-config-backup HTTP/1.1" 301 985 "-" "Mozilla/5.0 (Linux; U; Android 4.1.2; de-ch; GT-N8010 Build/JZO54K) AppleWebKit/534.30 (KHTML, like Gecko) Version/4.0 Safari/534.30"
194.26.192.77 - - [29/Jun/2024:19:56:10 +1000] "GET /wp-config-backup HTTP/1.1" 404 94424 "-" "Mozilla/5.0 (Linux; U; Android 4.1.2; de-ch; GT-N8010 Build/JZO54K) AppleWebKit/534.30 (KHTML, like Gecko) Version/4.0 Safari/534.30"
194.26.192.77 - - [29/Jun/2024:19:56:15 +1000] "GET /config.bak HTTP/1.1" 301 979 "-" "Mozilla/5.0 (Linux; U; Android 4.1.2; de-ch; GT-N8010 Build/JZO54K) AppleWebKit/534.30 (KHTML, like Gecko) Version/4.0 Safari/534.30"
194.26.192.77 - - [29/Jun/2024:19:56:19 +1000] "GET /config.bak HTTP/1.1" 404 94412 "-" "Mozilla/5.0 (Linux; U; Android 4.1.2; de-ch; GT-N8010 Build/JZO54K) AppleWebKit/534.30 (KHTML, like Gecko) Version/4.0 Safari/534.30"
194.26.192.77 - - [29/Jun/2024:19:56:29 +1000] "GET /config.old HTTP/1.1" 301 979 "-" "Mozilla/5.0 (Linux; U; Android 4.1.2; de-ch; GT-N8010 Build/JZO54K) AppleWebKit/534.30 (KHTML, like Gecko) Version/4.0 Safari/534.30"
194.26.192.77 - - [29/Jun/2024:19:56:31 +1000] "GET /config.old HTTP/1.1" 404 94412 "-" "Mozilla/5.0 (Linux; U; Android 4.1.2; de-ch; GT-N8010 Build/JZO54K) AppleWebKit/534.30 (KHTML, like Gecko) Version/4.0 Safari/534.30"
194.26.192.77 - - [29/Jun/2024:19:56:35 +1000] "GET /config.php~ HTTP/1.1" 301 980 "-" "Mozilla/5.0 (Linux; U; Android 4.1.2; de-ch; GT-N8010 Build/JZO54K) AppleWebKit/534.30 (KHTML, like Gecko) Version/4.0 Safari/534.30"
194.26.192.77 - - [29/Jun/2024:19:56:48 +1000] "GET /wp-config.data HTTP/1.1" 301 983 "-" "Mozilla/5.0 (Linux; U; Android 4.1.2; de-ch; GT-N8010 Build/JZO54K) AppleWebKit/534.30 (KHTML, like Gecko) Version/4.0 Safari/534.30"
111.67.29.221 - - [29/Jun/2024:19:56:51 +1000] "POST /wp-cron.php?doing_wp_cron=1719655011.2546401023864746093750 HTTP/1.1" 200 296 "-" "WordPress/6.5.5; https://www.pgkdistribution.com.au"
194.26.192.77 - - [29/Jun/2024:19:56:49 +1000] "GET /wp-config.data HTTP/1.1" 404 94420 "-" "Mozilla/5.0 (Linux; U; Android 4.1.2; de-ch; GT-N8010 Build/JZO54K) AppleWebKit/534.30 (KHTML, like Gecko) Version/4.0 Safari/534.30"
194.26.192.77 - - [29/Jun/2024:19:57:16 +1000] "GET /config. HTTP/1.1" 301 976 "-" "Mozilla/5.0 (Linux; U; Android 4.1.2; de-ch; GT-N8010 Build/JZO54K) AppleWebKit/534.30 (KHTML, like Gecko) Version/4.0 Safari/534.30"
194.26.192.77 - - [29/Jun/2024:19:57:18 +1000] "GET /config. HTTP/1.1" 301 602 "-" "Mozilla/5.0 (Linux; U; Android 4.1.2; de-ch; GT-N8010 Build/JZO54K) AppleWebKit/534.30 (KHTML, like Gecko) Version/4.0 Safari/534.30"
194.26.192.77 - - [29/Jun/2024:19:57:20 +1000] "GET /config HTTP/1.1" 404 94404 "-" "Mozilla/5.0 (Linux; U; Android 4.1.2; de-ch; GT-N8010 Build/JZO54K) AppleWebKit/534.30 (KHTML, like Gecko) Version/4.0 Safari/534.30"
194.26.192.77 - - [29/Jun/2024:19:57:25 +1000] "GET /wp-config.phpold HTTP/1.1" 301 985 "-" "Mozilla/5.0 (Linux; U; Android 4.1.2; de-ch; GT-N8010 Build/JZO54K) AppleWebKit/534.30 (KHTML, like Gecko) Version/4.0 Safari/534.30"
194.26.192.77 - - [29/Jun/2024:19:57:28 +1000] "GET /wp-config.phpold HTTP/1.1" 404 94424 "-" "Mozilla/5.0 (Linux; U; Android 4.1.2; de-ch; GT-N8010 Build/JZO54K) AppleWebKit/534.30 (KHTML, like Gecko) Version/4.0 Safari/534.30"
194.26.192.77 - - [29/Jun/2024:19:57:32 +1000] "GET /wp-config.phpb HTTP/1.1" 301 983 "-" "Mozilla/5.0 (Linux; U; Android 4.1.2; de-ch; GT-N8010 Build/JZO54K) AppleWebKit/534.30 (KHTML, like Gecko) Version/4.0 Safari/534.30"
194.26.192.77 - - [29/Jun/2024:19:57:33 +1000] "GET /wp-config.phpb HTTP/1.1" 404 94420 "-" "Mozilla/5.0 (Linux; U; Android 4.1.2; de-ch; GT-N8010 Build/JZO54K) AppleWebKit/534.30 (KHTML, like Gecko) Version/4.0 Safari/534.30"
194.26.192.77 - - [29/Jun/2024:19:57:44 +1000] "GET /wp-config%20 HTTP/1.1" 301 981 "-" "Mozilla/5.0 (Linux; U; Android 4.1.2; de-ch; GT-N8010 Build/JZO54K) AppleWebKit/534.30 (KHTML, like Gecko) Version/4.0 Safari/534.30"
194.26.192.77 - - [29/Jun/2024:19:57:47 +1000] "GET /wp-config%20 HTTP/1.1" 301 612 "-" "Mozilla/5.0 (Linux; U; Android 4.1.2; de-ch; GT-N8010 Build/JZO54K) AppleWebKit/534.30 (KHTML, like Gecko) Version/4.0 Safari/534.30"
111.67.29.221 - - [29/Jun/2024:19:57:50 +1000] "POST /wp-cron.php?doing_wp_cron=1719655070.8076748847961425781250 HTTP/1.1" 200 296 "-" "WordPress/6.5.5; https://www.pgkdistribution.com.au"
194.26.192.77 - - [29/Jun/2024:19:57:49 +1000] "GET /wp-config HTTP/1.1" 404 94417 "-" "Mozilla/5.0 (Linux; U; Android 4.1.2; de-ch; GT-N8010 Build/JZO54K) AppleWebKit/534.30 (KHTML, like Gecko) Version/4.0 Safari/534.30"
194.26.192.77 - - [29/Jun/2024:19:57:54 +1000] "GET /wp-config.php-n HTTP/1.1" 301 984 "-" "Mozilla/5.0 (Linux; U; Android 4.1.2; de-ch; GT-N8010 Build/JZO54K) AppleWebKit/534.30 (KHTML, like Gecko) Version/4.0 Safari/534.30"
194.26.192.77 - - [29/Jun/2024:19:57:55 +1000] "GET /wp-config.php-n HTTP/1.1" 404 94422 "-" "Mozilla/5.0 (Linux; U; Android 4.1.2; de-ch; GT-N8010 Build/JZO54K) AppleWebKit/534.30 (KHTML, like Gecko) Version/4.0 Safari/534.30"
194.26.192.77 - - [29/Jun/2024:19:58:00 +1000] "GET /wp-config.phpnew HTTP/1.1" 301 985 "-" "Mozilla/5.0 (Linux; U; Android 4.1.2; de-ch; GT-N8010 Build/JZO54K) AppleWebKit/534.30 (KHTML, like Gecko) Version/4.0 Safari/534.30"
194.26.192.77 - - [29/Jun/2024:19:58:01 +1000] "GET /wp-config.phpnew HTTP/1.1" 404 94424 "-" "Mozilla/5.0 (Linux; U; Android 4.1.2; de-ch; GT-N8010 Build/JZO54K) AppleWebKit/534.30 (KHTML, like Gecko) Version/4.0 Safari/534.30"
194.26.192.77 - - [29/Jun/2024:19:58:05 +1000] "GET /wp-config.cfg HTTP/1.1" 301 982 "-" "Mozilla/5.0 (Linux; U; Android 4.1.2; de-ch; GT-N8010 Build/JZO54K) AppleWebKit/534.30 (KHTML, like Gecko) Version/4.0 Safari/534.30"
194.26.192.77 - - [29/Jun/2024:19:58:06 +1000] "GET /wp-config.cfg HTTP/1.1" 404 94418 "-" "Mozilla/5.0 (Linux; U; Android 4.1.2; de-ch; GT-N8010 Build/JZO54K) AppleWebKit/534.30 (KHTML, like Gecko) Version/4.0 Safari/534.30"
194.26.192.77 - - [29/Jun/2024:19:58:15 +1000] "GET /config.php~~ HTTP/1.1" 301 981 "-" "Mozilla/5.0 (Linux; U; Android 4.1.2; de-ch; GT-N8010 Build/JZO54K) AppleWebKit/534.30 (KHTML, like Gecko) Version/4.0 Safari/534.30"
194.26.192.77 - - [29/Jun/2024:19:58:18 +1000] "GET /config.php~~ HTTP/1.1" 404 94416 "-" "Mozilla/5.0 (Linux; U; Android 4.1.2; de-ch; GT-N8010 Build/JZO54K) AppleWebKit/534.30 (KHTML, like Gecko) Version/4.0 Safari/534.30"
194.26.192.77 - - [29/Jun/2024:19:58:25 +1000] "GET /wp-config.php~~~ HTTP/1.1" 301 985 "-" "Mozilla/5.0 (Linux; U; Android 4.1.2; de-ch; GT-N8010 Build/JZO54K) AppleWebKit/534.30 (KHTML, like Gecko) Version/4.0 Safari/534.30"
194.26.192.77 - - [29/Jun/2024:19:58:29 +1000] "GET /wp-config.php~~~ HTTP/1.1" 404 94432 "-" "Mozilla/5.0 (Linux; U; Android 4.1.2; de-ch; GT-N8010 Build/JZO54K) AppleWebKit/534.30 (KHTML, like Gecko) Version/4.0 Safari/534.30"
194.26.192.77 - - [29/Jun/2024:19:58:54 +1000] "GET /wp-config-sample.php~ HTTP/1.1" 301 990 "-" "Mozilla/5.0 (Linux; U; Android 4.1.2; de-ch; GT-N8010 Build/JZO54K) AppleWebKit/534.30 (KHTML, like Gecko) Version/4.0 Safari/534.30"
111.67.29.221 - - [29/Jun/2024:19:58:58 +1000] "POST /wp-cron.php?doing_wp_cron=1719655138.2575609683990478515625 HTTP/1.1" 200 296 "-" "WordPress/6.5.5; https://www.pgkdistribution.com.au"
194.26.192.77 - - [29/Jun/2024:19:58:56 +1000] "GET /wp-config-sample.php~ HTTP/1.1" 404 94434 "-" "Mozilla/5.0 (Linux; U; Android 4.1.2; de-ch; GT-N8010 Build/JZO54K) AppleWebKit/534.30 (KHTML, like Gecko) Version/4.0 Safari/534.30"
194.26.192.77 - - [29/Jun/2024:19:59:04 +1000] "GET /wp-config.phpbak HTTP/1.1" 301 985 "-" "Mozilla/5.0 (Linux; U; Android 4.1.2; de-ch; GT-N8010 Build/JZO54K) AppleWebKit/534.30 (KHTML, like Gecko) Version/4.0 Safari/534.30"
194.26.192.77 - - [29/Jun/2024:19:59:09 +1000] "GET /wp-config.phpbak HTTP/1.1" 404 94424 "-" "Mozilla/5.0 (Linux; U; Android 4.1.2; de-ch; GT-N8010 Build/JZO54K) AppleWebKit/534.30 (KHTML, like Gecko) Version/4.0 Safari/534.30"
194.26.192.77 - - [29/Jun/2024:19:59:20 +1000] "GET /wp-config.prod.php.txt HTTP/1.1" 301 991 "-" "Mozilla/5.0 (Linux; U; Android 4.1.2; de-ch; GT-N8010 Build/JZO54K) AppleWebKit/534.30 (KHTML, like Gecko) Version/4.0 Safari/534.30"
194.26.192.77 - - [29/Jun/2024:19:59:24 +1000] "GET /wp-config.prod.php.txt HTTP/1.1" 404 94436 "-" "Mozilla/5.0 (Linux; U; Android 4.1.2; de-ch; GT-N8010 Build/JZO54K) AppleWebKit/534.30 (KHTML, like Gecko) Version/4.0 Safari/534.30"
194.26.192.77 - - [29/Jun/2024:19:59:31 +1000] "GET /wp-config.php_old HTTP/1.1" 301 986 "-" "Mozilla/5.0 (Linux; U; Android 4.1.2; de-ch; GT-N8010 Build/JZO54K) AppleWebKit/534.30 (KHTML, like Gecko) Version/4.0 Safari/534.30"
194.26.192.77 - - [29/Jun/2024:19:59:32 +1000] "GET /wp-config.php_old HTTP/1.1" 404 94426 "-" "Mozilla/5.0 (Linux; U; Android 4.1.2; de-ch; GT-N8010 Build/JZO54K) AppleWebKit/534.30 (KHTML, like Gecko) Version/4.0 Safari/534.30"
194.26.192.77 - - [29/Jun/2024:19:59:36 +1000] "GET /wp-config.php_ HTTP/1.1" 301 983 "-" "Mozilla/5.0 (Linux; U; Android 4.1.2; de-ch; GT-N8010 Build/JZO54K) AppleWebKit/534.30 (KHTML, like Gecko) Version/4.0 Safari/534.30"
194.26.192.77 - - [29/Jun/2024:19:59:38 +1000] "GET /wp-config.php_ HTTP/1.1" 404 94420 "-" "Mozilla/5.0 (Linux; U; Android 4.1.2; de-ch; GT-N8010 Build/JZO54K) AppleWebKit/534.30 (KHTML, like Gecko) Version/4.0 Safari/534.30"
194.26.192.77 - - [29/Jun/2024:19:59:45 +1000] "GET /wp-config.php.in HTTP/1.1" 301 985 "-" "Mozilla/5.0 (Linux; U; Android 4.1.2; de-ch; GT-N8010 Build/JZO54K) AppleWebKit/534.30 (KHTML, like Gecko) Version/4.0 Safari/534.30"
194.26.192.77 - - [29/Jun/2024:19:59:47 +1000] "GET /wp-config.php.in HTTP/1.1" 404 94431 "-" "Mozilla/5.0 (Linux; U; Android 4.1.2; de-ch; GT-N8010 Build/JZO54K) AppleWebKit/534.30 (KHTML, like Gecko) Version/4.0 Safari/534.30"
194.26.192.77 - - [29/Jun/2024:19:59:55 +1000] "GET /wp-config.php.sample HTTP/1.1" 301 989 "-" "Mozilla/5.0 (Linux; U; Android 4.1.2; de-ch; GT-N8010 Build/JZO54K) AppleWebKit/534.30 (KHTML, like Gecko) Version/4.0 Safari/534.30"
111.67.29.221 - - [29/Jun/2024:19:59:58 +1000] "POST /wp-cron.php?doing_wp_cron=1719655198.3888199329376220703125 HTTP/1.1" 200 296 "-" "WordPress/6.5.5; https://www.pgkdistribution.com.au"
194.26.192.77 - - [29/Jun/2024:19:59:57 +1000] "GET /wp-config.php.sample HTTP/1.1" 404 94432 "-" "Mozilla/5.0 (Linux; U; Android 4.1.2; de-ch; GT-N8010 Build/JZO54K) AppleWebKit/534.30 (KHTML, like Gecko) Version/4.0 Safari/534.30"
194.26.192.77 - - [29/Jun/2024:20:00:03 +1000] "GET /wp-config.local.php HTTP/1.1" 301 988 "-" "Mozilla/5.0 (Linux; U; Android 4.1.2; de-ch; GT-N8010 Build/JZO54K) AppleWebKit/534.30 (KHTML, like Gecko) Version/4.0 Safari/534.30"
194.26.192.77 - - [29/Jun/2024:20:00:04 +1000] "GET /wp-config.local.php HTTP/1.1" 404 94430 "-" "Mozilla/5.0 (Linux; U; Android 4.1.2; de-ch; GT-N8010 Build/JZO54K) AppleWebKit/534.30 (KHTML, like Gecko) Version/4.0 Safari/534.30"
194.26.192.77 - - [29/Jun/2024:20:00:15 +1000] "GET /wp-config.html HTTP/1.1" 301 983 "-" "Mozilla/5.0 (Linux; U; Android 4.1.2; de-ch; GT-N8010 Build/JZO54K) AppleWebKit/534.30 (KHTML, like Gecko) Version/4.0 Safari/534.30"
194.26.192.77 - - [29/Jun/2024:20:00:31 +1000] "GET /wp-config.htm HTTP/1.1" 301 982 "-" "Mozilla/5.0 (Linux; U; Android 4.1.2; de-ch; GT-N8010 Build/JZO54K) AppleWebKit/534.30 (KHTML, like Gecko) Version/4.0 Safari/534.30"
194.26.192.77 - - [29/Jun/2024:20:00:36 +1000] "GET /wp-config.htm HTTP/1.1" 404 94418 "-" "Mozilla/5.0 (Linux; U; Android 4.1.2; de-ch; GT-N8010 Build/JZO54K) AppleWebKit/534.30 (KHTML, like Gecko) Version/4.0 Safari/534.30"
194.26.192.77 - - [29/Jun/2024:20:00:59 +1000] "GET /wp-config.phpn HTTP/1.1" 301 983 "-" "Mozilla/5.0 (Linux; U; Android 4.1.2; de-ch; GT-N8010 Build/JZO54K) AppleWebKit/534.30 (KHTML, like Gecko) Version/4.0 Safari/534.30"
111.67.29.221 - - [29/Jun/2024:20:01:08 +1000] "POST /wp-cron.php?doing_wp_cron=1719655268.3444979190826416015625 HTTP/1.1" 200 296 "-" "WordPress/6.5.5; https://www.pgkdistribution.com.au"
194.26.192.77 - - [29/Jun/2024:20:01:06 +1000] "GET /wp-config.phpn HTTP/1.1" 404 94420 "-" "Mozilla/5.0 (Linux; U; Android 4.1.2; de-ch; GT-N8010 Build/JZO54K) AppleWebKit/534.30 (KHTML, like Gecko) Version/4.0 Safari/534.30"
194.26.192.77 - - [29/Jun/2024:20:01:13 +1000] "GET /wp-config.php~~~~ HTTP/1.1" 301 986 "-" "Mozilla/5.0 (Linux; U; Android 4.1.2; de-ch; GT-N8010 Build/JZO54K) AppleWebKit/534.30 (KHTML, like Gecko) Version/4.0 Safari/534.30"
194.26.192.77 - - [29/Jun/2024:20:01:25 +1000] "GET /wp-config-sample.php.bak HTTP/1.1" 301 993 "-" "Mozilla/5.0 (Linux; U; Android 4.1.2; de-ch; GT-N8010 Build/JZO54K) AppleWebKit/534.30 (KHTML, like Gecko) Version/4.0 Safari/534.30"
194.26.192.77 - - [29/Jun/2024:20:01:30 +1000] "GET /wp-config-sample.php.bak HTTP/1.1" 404 94440 "-" "Mozilla/5.0 (Linux; U; Android 4.1.2; de-ch; GT-N8010 Build/JZO54K) AppleWebKit/534.30 (KHTML, like Gecko) Version/4.0 Safari/534.30"
194.26.192.77 - - [29/Jun/2024:20:01:58 +1000] "GET /wp-config.php.backup.txt HTTP/1.1" 301 993 "-" "Mozilla/5.0 (Linux; U; Android 4.1.2; de-ch; GT-N8010 Build/JZO54K) AppleWebKit/534.30 (KHTML, like Gecko) Version/4.0 Safari/534.30"
10.179.80.134 - - [29/Jun/2024:20:56:13 +1000] "GET /robots.txt HTTP/1.1" 301 1010 "-" "Mozilla/5.0 (compatible;PetalBot;+https://webmaster.petalsearch.com/site/petalbot)"
111.67.29.221 - - [29/Jun/2024:20:56:20 +1000] "POST /wp-cron.php?doing_wp_cron=1719658580.3932950496673583984375 HTTP/1.1" 200 296 "-" "WordPress/6.5.5; https://www.pgkdistribution.com.au"
10.179.80.134 - - [29/Jun/2024:20:56:15 +1000] "GET /robots.txt HTTP/1.1" 200 747 "-" "Mozilla/5.0 (compatible;PetalBot;+https://webmaster.petalsearch.com/site/petalbot)"
66.249.66.198 - - [29/Jun/2024:20:56:21 +1000] "GET /product/pgk-4p-wp-enclosures-ip66/ HTTP/1.1" 200 23107 "-" "Mozilla/5.0 (Linux; Android 6.0.1; Nexus 5X Build/MMB29P) AppleWebKit/537.36 (KHTML, like Gecko) Chrome/125.0.6422.175 Mobile Safari/537.36 (compatible; Googlebot/2.1; +http://www.google.com/bot.html)"
66.249.66.197 - - [29/Jun/2024:20:56:39 +1000] "GET /wp-content/themes/storefront/assets/js/woocommerce/header-cart.min.js?ver=3.9.1 HTTP/1.1" 200 678 "http://www.pgkdistribution.com.au/product/pgk-4p-wp-enclosures-ip66/" "Mozilla/5.0 (Linux; Android 6.0.1; Nexus 5X Build/MMB29P) AppleWebKit/537.36 (KHTML, like Gecko) Chrome/125.0.6422.175 Mobile Safari/537.36 (compatible; Googlebot/2.1; +http://www.google.com/bot.html)"
66.249.66.197 - - [29/Jun/2024:20:56:43 +1000] "GET /wp-content/plugins/hide-price-add-to-cart-button/assets/js/jquery.popupoverlay.js?ver=1.0 HTTP/1.1" 200 7271 "http://www.pgkdistribution.com.au/product/pgk-4p-wp-enclosures-ip66/" "Mozilla/5.0 (Linux; Android 6.0.1; Nexus 5X Build/MMB29P) AppleWebKit/537.36 (KHTML, like Gecko) Chrome/125.0.6422.175 Mobile Safari/537.36 (compatible; Googlebot/2.1; +http://www.google.com/bot.html)"
111.67.29.221 - - [29/Jun/2024:20:56:55 +1000] "POST /wp-cron.php?doing_wp_cron=1719658615.4238660335540771484375 HTTP/1.1" 200 296 "-" "WordPress/6.5.5; https://www.pgkdistribution.com.au"
66.249.66.197 - - [29/Jun/2024:20:56:54 +1000] "POST /?wc-ajax=get_refreshed_fragments HTTP/1.1" 200 928 "http://www.pgkdistribution.com.au/product/pgk-4p-wp-enclosures-ip66/" "Mozilla/5.0 (Linux; Android 6.0.1; Nexus 5X Build/MMB29P) AppleWebKit/537.36 (KHTML, like Gecko) Chrome/125.0.6422.175 Mobile Safari/537.36 (compatible; Googlebot/2.1; +http://www.google.com/bot.html)"
66.249.66.199 - - [29/Jun/2024:21:09:40 +1000] "GET /product/electrical-lockdogs/ HTTP/1.1" 200 23241 "-" "Mozilla/5.0 (Linux; Android 6.0.1; Nexus 5X Build/MMB29P) AppleWebKit/537.36 (KHTML, like Gecko) Chrome/125.0.6422.175 Mobile Safari/537.36 (compatible; Googlebot/2.1; +http://www.google.com/bot.html)"
66.249.66.197 - - [29/Jun/2024:21:12:07 +1000] "GET /wp-content/plugins/woo-gutenberg-products-block/build/product-rating.css?ver=10.8.1 HTTP/1.1" 200 679 "http://www.pgkdistribution.com.au/product/electrical-lockdogs/" "Mozilla/5.0 (Linux; Android 6.0.1; Nexus 5X Build/MMB29P) AppleWebKit/537.36 (KHTML, like Gecko) Chrome/125.0.6422.175 Mobile Safari/537.36 (compatible; Googlebot/2.1; +http://www.google.com/bot.html)"
66.249.66.198 - - [29/Jun/2024:21:12:08 +1000] "GET /wp-content/plugins/woo-gutenberg-products-block/build/product-image.css?ver=10.8.1 HTTP/1.1" 200 1422 "http://www.pgkdistribution.com.au/product/electrical-lockdogs/" "Mozilla/5.0 (Linux; Android 6.0.1; Nexus 5X Build/MMB29P) AppleWebKit/537.36 (KHTML, like Gecko) Chrome/125.0.6422.175 Mobile Safari/537.36 (compatible; Googlebot/2.1; +http://www.google.com/bot.html)"
66.249.66.199 - - [29/Jun/2024:21:12:09 +1000] "GET /wp-content/themes/storefront/assets/css/base/gutenberg-blocks.css?ver=3.9.1 HTTP/1.1" 200 5055 "http://www.pgkdistribution.com.au/product/electrical-lockdogs/" "Mozilla/5.0 (Linux; Android 6.0.1; Nexus 5X Build/MMB29P) AppleWebKit/537.36 (KHTML, like Gecko) Chrome/125.0.6422.175 Mobile Safari/537.36 (compatible; Googlebot/2.1; +http://www.google.com/bot.html)"
66.249.66.199 - - [29/Jun/2024:21:12:09 +1000] "GET /wp-content/plugins/woo-gutenberg-products-block/build/product-search.css?ver=10.8.1 HTTP/1.1" 200 862 "http://www.pgkdistribution.com.au/product/electrical-lockdogs/" "Mozilla/5.0 (Linux; Android 6.0.1; Nexus 5X Build/MMB29P) AppleWebKit/537.36 (KHTML, like Gecko) Chrome/125.0.6422.175 Mobile Safari/537.36 (compatible; Googlebot/2.1; +http://www.google.com/bot.html)"
66.249.66.197 - - [29/Jun/2024:21:12:09 +1000] "GET /wp-content/plugins/woo-gutenberg-products-block/build/product-details.css?ver=10.8.1 HTTP/1.1" 200 830 "http://www.pgkdistribution.com.au/product/electrical-lockdogs/" "Mozilla/5.0 (Linux; Android 6.0.1; Nexus 5X Build/MMB29P) AppleWebKit/537.36 (KHTML, like Gecko) Chrome/125.0.6422.175 Mobile Safari/537.36 (compatible; Googlebot/2.1; +http://www.google.com/bot.html)"
66.249.66.197 - - [29/Jun/2024:21:12:10 +1000] "GET /wp-content/plugins/storefront-homepage-contact-section/assets/css/style.css?ver=6.5.5 HTTP/1.1" 200 1156 "http://www.pgkdistribution.com.au/product/electrical-lockdogs/" "Mozilla/5.0 (Linux; Android 6.0.1; Nexus 5X Build/MMB29P) AppleWebKit/537.36 (KHTML, like Gecko) Chrome/125.0.6422.175 Mobile Safari/537.36 (compatible; Googlebot/2.1; +http://www.google.com/bot.html)"
66.249.66.199 - - [29/Jun/2024:21:12:10 +1000] "GET /wp-content/plugins/woo-gutenberg-products-block/build/customer-account.css?ver=10.8.1 HTTP/1.1" 200 831 "http://www.pgkdistribution.com.au/product/electrical-lockdogs/" "Mozilla/5.0 (Linux; Android 6.0.1; Nexus 5X Build/MMB29P) AppleWebKit/537.36 (KHTML, like Gecko) Chrome/125.0.6422.175 Mobile Safari/537.36 (compatible; Googlebot/2.1; +http://www.google.com/bot.html)"
66.249.66.197 - - [29/Jun/2024:21:12:11 +1000] "GET /wp-content/plugins/woo-gutenberg-products-block/build/product-summary.css?ver=10.8.1 HTTP/1.1" 200 992 "http://www.pgkdistribution.com.au/product/electrical-lockdogs/" "Mozilla/5.0 (Linux; Android 6.0.1; Nexus 5X Build/MMB29P) AppleWebKit/537.36 (KHTML, like Gecko) Chrome/125.0.6422.175 Mobile Safari/537.36 (compatible; Googlebot/2.1; +http://www.google.com/bot.html)"
66.249.66.198 - - [29/Jun/2024:21:12:12 +1000] "GET /wp-content/themes/storefront/style.css?ver=3.9.1 HTTP/1.1" 200 10987 "http://www.pgkdistribution.com.au/product/electrical-lockdogs/" "Mozilla/5.0 (Linux; Android 6.0.1; Nexus 5X Build/MMB29P) AppleWebKit/537.36 (KHTML, like Gecko) Chrome/125.0.6422.175 Mobile Safari/537.36 (compatible; Googlebot/2.1; +http://www.google.com/bot.html)"
66.249.66.197 - - [29/Jun/2024:21:12:12 +1000] "GET /wp-content/plugins/gutentor/assets/library/wow/wow.min.js?ver=1.2.1 HTTP/1.1" 200 3463 "http://www.pgkdistribution.com.au/product/electrical-lockdogs/" "Mozilla/5.0 (Linux; Android 6.0.1; Nexus 5X Build/MMB29P) AppleWebKit/537.36 (KHTML, like Gecko) Chrome/125.0.6422.175 Mobile Safari/537.36 (compatible; Googlebot/2.1; +http://www.google.com/bot.html)"
66.249.66.198 - - [29/Jun/2024:21:12:13 +1000] "GET /wp-content/plugins/woo-gutenberg-products-block/build/wc-blocks.css?ver=10.8.1 HTTP/1.1" 200 3311 "http://www.pgkdistribution.com.au/product/electrical-lockdogs/" "Mozilla/5.0 (Linux; Android 6.0.1; Nexus 5X Build/MMB29P) AppleWebKit/537.36 (KHTML, like Gecko) Chrome/125.0.6422.175 Mobile Safari/537.36 (compatible; Googlebot/2.1; +http://www.google.com/bot.html)"
66.249.66.197 - - [29/Jun/2024:21:12:13 +1000] "GET /wp-content/plugins/contact-form-7/includes/css/styles.css?ver=5.7.7 HTTP/1.1" 200 1522 "http://www.pgkdistribution.com.au/product/electrical-lockdogs/" "Mozilla/5.0 (Linux; Android 6.0.1; Nexus 5X Build/MMB29P) AppleWebKit/537.36 (KHTML, like Gecko) Chrome/125.0.6422.175 Mobile Safari/537.36 (compatible; Googlebot/2.1; +http://www.google.com/bot.html)"
66.249.66.198 - - [29/Jun/2024:21:12:14 +1000] "GET /wp-content/plugins/woo-gutenberg-products-block/build/add-to-cart-form.css?ver=10.8.1 HTTP/1.1" 200 793 "http://www.pgkdistribution.com.au/product/electrical-lockdogs/" "Mozilla/5.0 (Linux; Android 6.0.1; Nexus 5X Build/MMB29P) AppleWebKit/537.36 (KHTML, like Gecko) Chrome/125.0.6422.175 Mobile Safari/537.36 (compatible; Googlebot/2.1; +http://www.google.com/bot.html)"
66.249.66.197 - - [29/Jun/2024:21:12:14 +1000] "GET /wp-content/plugins/woo-gutenberg-products-block/build/product-sku.css?ver=10.8.1 HTTP/1.1" 200 674 "http://www.pgkdistribution.com.au/product/electrical-lockdogs/" "Mozilla/5.0 (Linux; Android 6.0.1; Nexus 5X Build/MMB29P) AppleWebKit/537.36 (KHTML, like Gecko) Chrome/125.0.6422.175 Mobile Safari/537.36 (compatible; Googlebot/2.1; +http://www.google.com/bot.html)"
66.249.66.198 - - [29/Jun/2024:21:12:15 +1000] "GET /wp-content/plugins/gutentor/assets/library/fontawesome/css/all.min.css?ver=5.12.0 HTTP/1.1" 200 14604 "http://www.pgkdistribution.com.au/product/electrical-lockdogs/" "Mozilla/5.0 (Linux; Android 6.0.1; Nexus 5X Build/MMB29P) AppleWebKit/537.36 (KHTML, like Gecko) Chrome/125.0.6422.175 Mobile Safari/537.36 (compatible; Googlebot/2.1; +http://www.google.com/bot.html)"
66.249.66.197 - - [29/Jun/2024:21:12:15 +1000] "GET /wp-content/plugins/tier-pricing-table/assets/frontend/product-tiered-pricing-table.min.js?ver=6.3.0 HTTP/1.1" 200 5133 "http://www.pgkdistribution.com.au/product/electrical-lockdogs/" "Mozilla/5.0 (Linux; Android 6.0.1; Nexus 5X Build/MMB29P) AppleWebKit/537.36 (KHTML, like Gecko) Chrome/125.0.6422.175 Mobile Safari/537.36 (compatible; Googlebot/2.1; +http://www.google.com/bot.html)"
66.249.66.197 - - [29/Jun/2024:21:12:16 +1000] "GET /wp-content/plugins/woo-gutenberg-products-block/build/reviews-by-product.css?ver=10.8.1 HTTP/1.1" 200 2401 "http://www.pgkdistribution.com.au/product/electrical-lockdogs/" "Mozilla/5.0 (Linux; Android 6.0.1; Nexus 5X Build/MMB29P) AppleWebKit/537.36 (KHTML, like Gecko) Chrome/125.0.6422.175 Mobile Safari/537.36 (compatible; Googlebot/2.1; +http://www.google.com/bot.html)"
66.249.66.197 - - [29/Jun/2024:21:12:16 +1000] "GET /wp-content/themes/storefront/assets/css/woocommerce/woocommerce.css?ver=3.9.1 HTTP/1.1" 200 11999 "http://www.pgkdistribution.com.au/product/electrical-lockdogs/" "Mozilla/5.0 (Linux; Android 6.0.1; Nexus 5X Build/MMB29P) AppleWebKit/537.36 (KHTML, like Gecko) Chrome/125.0.6422.175 Mobile Safari/537.36 (compatible; Googlebot/2.1; +http://www.google.com/bot.html)"
66.249.66.197 - - [29/Jun/2024:21:12:17 +1000] "GET /wp-content/themes/storefront/assets/css/jetpack/widgets.css?ver=3.9.1 HTTP/1.1" 200 613 "http://www.pgkdistribution.com.au/product/electrical-lockdogs/" "Mozilla/5.0 (Linux; Android 6.0.1; Nexus 5X Build/MMB29P) AppleWebKit/537.36 (KHTML, like Gecko) Chrome/125.0.6422.175 Mobile Safari/537.36 (compatible; Googlebot/2.1; +http://www.google.com/bot.html)"
66.249.66.197 - - [29/Jun/2024:21:12:17 +1000] "GET /wp-content/plugins/woo-gutenberg-products-block/build/product-image-gallery.css?ver=10.8.1 HTTP/1.1" 200 743 "http://www.pgkdistribution.com.au/product/electrical-lockdogs/" "Mozilla/5.0 (Linux; Android 6.0.1; Nexus 5X Build/MMB29P) AppleWebKit/537.36 (KHTML, like Gecko) Chrome/125.0.6422.175 Mobile Safari/537.36 (compatible; Googlebot/2.1; +http://www.google.com/bot.html)"
66.249.66.197 - - [29/Jun/2024:21:12:18 +1000] "GET /wp-content/plugins/woo-gutenberg-products-block/build/single-product.css?ver=10.8.1 HTTP/1.1" 200 819 "http://www.pgkdistribution.com.au/product/electrical-lockdogs/" "Mozilla/5.0 (Linux; Android 6.0.1; Nexus 5X Build/MMB29P) AppleWebKit/537.36 (KHTML, like Gecko) Chrome/125.0.6422.175 Mobile Safari/537.36 (compatible; Googlebot/2.1; +http://www.google.com/bot.html)"
66.249.66.197 - - [29/Jun/2024:21:12:18 +1000] "GET /wp-content/plugins/woo-gutenberg-products-block/build/breadcrumbs.css?ver=10.8.1 HTTP/1.1" 200 670 "http://www.pgkdistribution.com.au/product/electrical-lockdogs/" "Mozilla/5.0 (Linux; Android 6.0.1; Nexus 5X Build/MMB29P) AppleWebKit/537.36 (KHTML, like Gecko) Chrome/125.0.6422.175 Mobile Safari/537.36 (compatible; Googlebot/2.1; +http://www.google.com/bot.html)"
66.249.66.197 - - [29/Jun/2024:21:12:19 +1000] "GET /wp-content/plugins/storefront-hamburger-menu/assets/css/style.css?ver=1.2.2 HTTP/1.1" 200 1190 "http://www.pgkdistribution.com.au/product/electrical-lockdogs/" "Mozilla/5.0 (Linux; Android 6.0.1; Nexus 5X Build/MMB29P) AppleWebKit/537.36 (KHTML, like Gecko) Chrome/125.0.6422.175 Mobile Safari/537.36 (compatible; Googlebot/2.1; +http://www.google.com/bot.html)"
66.249.66.197 - - [29/Jun/2024:21:12:19 +1000] "GET /wp-content/plugins/woo-gutenberg-products-block/build/product-query.css?ver=10.8.1 HTTP/1.1" 200 785 "http://www.pgkdistribution.com.au/product/electrical-lockdogs/" "Mozilla/5.0 (Linux; Android 6.0.1; Nexus 5X Build/MMB29P) AppleWebKit/537.36 (KHTML, like Gecko) Chrome/125.0.6422.175 Mobile Safari/537.36 (compatible; Googlebot/2.1; +http://www.google.com/bot.html)"
66.249.66.197 - - [29/Jun/2024:21:12:20 +1000] "GET /wp-content/themes/homestore/assets/js/homestore.min.js?ver=2.0.33 HTTP/1.1" 200 1468 "http://www.pgkdistribution.com.au/product/electrical-lockdogs/" "Mozilla/5.0 (Linux; Android 6.0.1; Nexus 5X Build/MMB29P) AppleWebKit/537.36 (KHTML, like Gecko) Chrome/125.0.6422.175 Mobile Safari/537.36 (compatible; Googlebot/2.1; +http://www.google.com/bot.html)"
66.249.66.197 - - [29/Jun/2024:21:12:20 +1000] "GET /wp-content/plugins/gutentor/assets/js/gutentor.js?ver=3.2.7 HTTP/1.1" 200 14975 "http://www.pgkdistribution.com.au/product/electrical-lockdogs/" "Mozilla/5.0 (Linux; Android 6.0.1; Nexus 5X Build/MMB29P) AppleWebKit/537.36 (KHTML, like Gecko) Chrome/125.0.6422.175 Mobile Safari/537.36 (compatible; Googlebot/2.1; +http://www.google.com/bot.html)"
111.67.29.221 - - [29/Jun/2024:21:12:26 +1000] "POST /wp-cron.php?doing_wp_cron=1719659546.6393349170684814453125 HTTP/1.1" 200 296 "-" "WordPress/6.5.5; https://www.pgkdistribution.com.au"
66.249.66.197 - - [29/Jun/2024:21:12:22 +1000] "POST /?wc-ajax=get_refreshed_fragments HTTP/1.1" 200 928 "http://www.pgkdistribution.com.au/product/electrical-lockdogs/" "Mozilla/5.0 (Linux; Android 6.0.1; Nexus 5X Build/MMB29P) AppleWebKit/537.36 (KHTML, like Gecko) Chrome/125.0.6422.175 Mobile Safari/537.36 (compatible; Googlebot/2.1; +http://www.google.com/bot.html)"
66.249.66.197 - - [29/Jun/2024:21:19:06 +1000] "GET /wp-content/uploads/2021/06/PV-ezRack-Inter-Clamp-Standard-35mm_1.jpg HTTP/1.1" 200 23673 "-" "Googlebot-Image/1.0"
66.249.66.87 - - [29/Jun/2024:21:21:03 +1000] "GET /product/landscape-tile-roof-hook-set/ HTTP/1.1" 301 1006 "-" "Mozilla/5.0 (Linux; Android 6.0.1; Nexus 5X Build/MMB29P) AppleWebKit/537.36 (KHTML, like Gecko) Chrome/125.0.6422.175 Mobile Safari/537.36 (compatible; Googlebot/2.1; +http://www.google.com/bot.html)"
111.67.29.221 - - [29/Jun/2024:21:21:09 +1000] "POST /wp-cron.php?doing_wp_cron=1719660069.3451399803161621093750 HTTP/1.1" 200 296 "-" "WordPress/6.5.5; https://www.pgkdistribution.com.au"
66.249.66.198 - - [29/Jun/2024:21:21:04 +1000] "GET /product/landscape-tile-roof-hook-set/ HTTP/1.1" 200 23425 "-" "Mozilla/5.0 (Linux; Android 6.0.1; Nexus 5X Build/MMB29P) AppleWebKit/537.36 (KHTML, like Gecko) Chrome/125.0.6422.175 Mobile Safari/537.36 (compatible; Googlebot/2.1; +http://www.google.com/bot.html)"
66.249.66.198 - - [29/Jun/2024:21:21:12 +1000] "GET /wp-content/plugins/woo-gutenberg-products-block/build/product-rating.css?ver=10.8.1 HTTP/1.1" 200 679 "http://www.pgkdistribution.com.au/product/landscape-tile-roof-hook-set/" "Mozilla/5.0 (Linux; Android 6.0.1; Nexus 5X Build/MMB29P) AppleWebKit/537.36 (KHTML, like Gecko) Chrome/125.0.6422.175 Mobile Safari/537.36 (compatible; Googlebot/2.1; +http://www.google.com/bot.html)"
66.249.66.197 - - [29/Jun/2024:21:21:13 +1000] "GET /wp-content/themes/storefront/assets/js/sticky-add-to-cart.min.js?ver=3.9.1 HTTP/1.1" 200 889 "http://www.pgkdistribution.com.au/product/landscape-tile-roof-hook-set/" "Mozilla/5.0 (Linux; Android 6.0.1; Nexus 5X Build/MMB29P) AppleWebKit/537.36 (KHTML, like Gecko) Chrome/125.0.6422.175 Mobile Safari/537.36 (compatible; Googlebot/2.1; +http://www.google.com/bot.html)"
66.249.66.197 - - [29/Jun/2024:21:21:14 +1000] "POST /?wc-ajax=get_refreshed_fragments HTTP/1.1" 200 928 "http://www.pgkdistribution.com.au/product/landscape-tile-roof-hook-set/" "Mozilla/5.0 (Linux; Android 6.0.1; Nexus 5X Build/MMB29P) AppleWebKit/537.36 (KHTML, like Gecko) Chrome/125.0.6422.175 Mobile Safari/537.36 (compatible; Googlebot/2.1; +http://www.google.com/bot.html)"
185.220.103.6 - - [29/Jun/2024:21:42:25 +1000] "GET /wp-config.php~ HTTP/1.1" 301 983 "-" "Mozilla/5.0 (compatible; MSIE 9.0; Windows NT 6.1; Trident/5.0)"
111.67.29.221 - - [29/Jun/2024:21:42:31 +1000] "POST /wp-cron.php?doing_wp_cron=1719661351.4065949916839599609375 HTTP/1.1" 200 296 "-" "WordPress/6.5.5; https://www.pgkdistribution.com.au"
185.220.103.6 - - [29/Jun/2024:21:42:26 +1000] "GET /wp-config.php~ HTTP/1.1" 404 94420 "-" "Mozilla/5.0 (compatible; MSIE 9.0; Windows NT 6.1; Trident/5.0)"
185.220.103.6 - - [29/Jun/2024:21:42:33 +1000] "GET /wp-config-backup1.txt HTTP/1.1" 301 990 "-" "Mozilla/5.0 (compatible; MSIE 9.0; Windows NT 6.1; Trident/5.0)"
185.220.103.6 - - [29/Jun/2024:21:42:34 +1000] "GET /wp-config-backup1.txt HTTP/1.1" 404 94434 "-" "Mozilla/5.0 (compatible; MSIE 9.0; Windows NT 6.1; Trident/5.0)"
185.220.103.6 - - [29/Jun/2024:21:42:37 +1000] "GET /wp-config%20fix.txt HTTP/1.1" 301 988 "-" "Mozilla/5.0 (compatible; MSIE 9.0; Windows NT 6.1; Trident/5.0)"
185.220.103.6 - - [29/Jun/2024:21:42:38 +1000] "GET /wp-config%20fix.txt HTTP/1.1" 404 94432 "-" "Mozilla/5.0 (compatible; MSIE 9.0; Windows NT 6.1; Trident/5.0)"
185.220.103.6 - - [29/Jun/2024:21:42:42 +1000] "GET /wp-config.bak HTTP/1.1" 301 982 "-" "Mozilla/5.0 (compatible; MSIE 9.0; Windows NT 6.1; Trident/5.0)"
185.220.103.6 - - [29/Jun/2024:21:42:44 +1000] "GET /wp-config.bak HTTP/1.1" 404 94418 "-" "Mozilla/5.0 (compatible; MSIE 9.0; Windows NT 6.1; Trident/5.0)"
185.220.103.6 - - [29/Jun/2024:21:42:48 +1000] "GET /wp-config HTTP/1.1" 301 978 "-" "Mozilla/5.0 (compatible; MSIE 9.0; Windows NT 6.1; Trident/5.0)"
111.67.29.221 - - [29/Jun/2024:21:42:50 +1000] "POST /wp-cron.php?doing_wp_cron=1719661370.9616589546203613281250 HTTP/1.1" 200 296 "-" "WordPress/6.5.5; https://www.pgkdistribution.com.au"
185.220.103.6 - - [29/Jun/2024:21:42:50 +1000] "GET /wp-config HTTP/1.1" 404 94410 "-" "Mozilla/5.0 (compatible; MSIE 9.0; Windows NT 6.1; Trident/5.0)"
185.220.103.6 - - [29/Jun/2024:21:42:52 +1000] "GET /wp-config.phpOLD HTTP/1.1" 301 985 "-" "Mozilla/5.0 (compatible; MSIE 9.0; Windows NT 6.1; Trident/5.0)"
185.220.103.6 - - [29/Jun/2024:21:42:54 +1000] "GET /wp-config.phpOLD HTTP/1.1" 404 94424 "-" "Mozilla/5.0 (compatible; MSIE 9.0; Windows NT 6.1; Trident/5.0)"
