216.244.66.241 - - [28/Jun/2024:21:18:01 +1000] "GET /index.php/catalog/product_compare/add/product/142/uenc/aHR0cDovL3Bna2Rpc3RyaWJ1dGlvbi5jb20uYXUvaW5kZXgucGhwL3NvbGFyLXJhaWwvY2xlbmVyZ3kvY29tcG9uZW50cy5odG1sP2Rpcj1kZXNjJmxpbWl0PTUmbW9kZT1saXN0Jm9yZGVyPXByaWNl/ HTTP/1.1" 301 1177 "-" "Mozilla/5.0 (compatible; DotBot/1.2; +https://opensiteexplorer.org/dotbot; help@moz.com)"
216.244.66.241 - - [28/Jun/2024:21:18:02 +1000] "GET /index.php/catalog/product_compare/add/product/143/uenc/aHR0cDovL3Bna2Rpc3RyaWJ1dGlvbi5jb20uYXUvaW5kZXgucGhwL3NvbGFyLXJhaWwvY2xlbmVyZ3kvY29tcG9uZW50cy5odG1sP2Rpcj1hc2MmbGltaXQ9MjAmbW9kZT1ncmlkJm9yZGVyPW5hbWU,/ HTTP/1.1" 301 1177 "-" "Mozilla/5.0 (compatible; DotBot/1.2; +https://opensiteexplorer.org/dotbot; help@moz.com)"
216.244.66.241 - - [28/Jun/2024:21:18:03 +1000] "GET /index.php/catalog/product_compare/add/product/144/uenc/aHR0cDovL3Bna2Rpc3RyaWJ1dGlvbi5jb20uYXUvaW5kZXgucGhwL3NvbGFyLXJhaWwvY2xlbmVyZ3kvY29tcG9uZW50cy5odG1sP2Rpcj1kZXNjJmxpbWl0PTkmbW9kZT1ncmlkJm9yZGVyPXByaWNl/ HTTP/1.1" 301 1177 "-" "Mozilla/5.0 (compatible; DotBot/1.2; +https://opensiteexplorer.org/dotbot; help@moz.com)"
216.244.66.241 - - [28/Jun/2024:21:23:01 +1000] "GET /robots.txt HTTP/1.1" 301 979 "-" "Mozilla/5.0 (compatible; DotBot/1.2; +https://opensiteexplorer.org/dotbot; help@moz.com)"
111.67.29.221 - - [28/Jun/2024:21:23:06 +1000] "POST /wp-cron.php?doing_wp_cron=1719573786.0144538879394531250000 HTTP/1.1" 200 296 "-" "WordPress/6.5.5; https://www.pgkdistribution.com.au"
111.67.29.221 - - [28/Jun/2024:21:23:06 +1000] "POST /wp-cron.php?doing_wp_cron=1719573786.0145609378814697265625 HTTP/1.1" 200 296 "-" "WordPress/6.5.5; https://www.pgkdistribution.com.au"
216.244.66.241 - - [28/Jun/2024:21:23:01 +1000] "GET /robots.txt HTTP/1.1" 200 716 "-" "Mozilla/5.0 (compatible; DotBot/1.2; +https://opensiteexplorer.org/dotbot; help@moz.com)"
216.244.66.241 - - [28/Jun/2024:21:23:02 +1000] "GET /robots.txt HTTP/1.1" 200 716 "-" "Mozilla/5.0 (compatible; DotBot/1.2; +https://opensiteexplorer.org/dotbot; help@moz.com)"
111.67.29.221 - - [28/Jun/2024:21:25:01 +1000] "POST /wp-cron.php?doing_wp_cron=1719573901.2777879238128662109375 HTTP/1.1" 200 296 "-" "WordPress/6.5.5; https://www.pgkdistribution.com.au"
103.230.15.48 - - [28/Jun/2024:21:24:56 +1000] "GET /admin/UploadHandler.ashx HTTP/1.1" 404 20229 "-" "Mozilla/5.0 (Windows NT 10.0; WOW64; rv:48.0) Gecko/20100101 Firefox/48.0"
111.67.29.221 - - [28/Jun/2024:21:34:51 +1000] "POST /wp-cron.php?doing_wp_cron=1719574491.4582359790802001953125 HTTP/1.1" 200 296 "-" "WordPress/6.5.5; https://www.pgkdistribution.com.au"
216.244.66.241 - - [28/Jun/2024:21:34:50 +1000] "GET /solar-inverters/solax-x1-sl-tl1500-string-inverter.html HTTP/1.1" 404 94473 "-" "Mozilla/5.0 (compatible; DotBot/1.2; +https://opensiteexplorer.org/dotbot; help@moz.com)"
216.244.66.241 - - [28/Jun/2024:21:35:02 +1000] "GET /index.php/solar-inverters/abb-solar-inverters.html HTTP/1.1" 301 1019 "-" "Mozilla/5.0 (compatible; DotBot/1.2; +https://opensiteexplorer.org/dotbot; help@moz.com)"
216.244.66.241 - - [28/Jun/2024:21:35:33 +1000] "GET /products/flat-roof-tilt-set-30-60/ HTTP/1.1" 301 1003 "-" "Mozilla/5.0 (compatible; DotBot/1.2; +https://opensiteexplorer.org/dotbot; help@moz.com)"
216.244.66.241 - - [28/Jun/2024:21:36:02 +1000] "GET /products/pgk-250v-ac-20amp-1p-circuit-breaker/ HTTP/1.1" 301 1015 "-" "Mozilla/5.0 (compatible; DotBot/1.2; +https://opensiteexplorer.org/dotbot; help@moz.com)"
216.244.66.241 - - [28/Jun/2024:21:46:53 +1000] "GET /index.php/catalog/product_compare/add/product/1/uenc/aHR0cDovL3Bna2Rpc3RyaWJ1dGlvbi5jb20uYXUvaW5kZXgucGhwL3NvbGFyLXBhbmVscy5odG1sP2NhdD0xMSZkaXI9YXNjJmxpbWl0PTE1Jm9yZGVyPW5hbWU,/ HTTP/1.1" 301 1147 "-" "Mozilla/5.0 (compatible; DotBot/1.2; +https://opensiteexplorer.org/dotbot; help@moz.com)"
216.244.66.241 - - [28/Jun/2024:21:47:20 +1000] "GET /index.php/catalog/product_compare/add/product/1/uenc/aHR0cDovL3Bna2Rpc3RyaWJ1dGlvbi5jb20uYXUvaW5kZXgucGhwL3NvbGFyLXBhbmVscy5odG1sP2NhdD0xMSZkaXI9YXNjJmxpbWl0PTE1Jm9yZGVyPW5hbWUmcHJpY2U9MjMwLQ,,/ HTTP/1.1" 301 1163 "-" "Mozilla/5.0 (compatible; DotBot/1.2; +https://opensiteexplorer.org/dotbot; help@moz.com)"
216.244.66.241 - - [28/Jun/2024:21:47:46 +1000] "GET /index.php/catalog/product_compare/add/product/1/uenc/aHR0cDovL3Bna2Rpc3RyaWJ1dGlvbi5jb20uYXUvaW5kZXgucGhwL3NvbGFyLXBhbmVscy5odG1sP2NhdD0xMSZkaXI9YXNjJmxpbWl0PTUmbW9kZT1ncmlkJm9yZGVyPW1hbnVmYWN0dXJlcg,,/ HTTP/1.1" 301 1171 "-" "Mozilla/5.0 (compatible; DotBot/1.2; +https://opensiteexplorer.org/dotbot; help@moz.com)"
216.244.66.241 - - [28/Jun/2024:21:48:11 +1000] "GET /index.php/catalog/product_compare/add/product/1/uenc/aHR0cDovL3Bna2Rpc3RyaWJ1dGlvbi5jb20uYXUvaW5kZXgucGhwL3NvbGFyLXBhbmVscy5odG1sP2Rpcj1hc2MmbGltaXQ9MTAmbWFudWZhY3R1cmVyPTcmbW9kZT1saXN0Jm9yZGVyPW5hbWU,/ HTTP/1.1" 301 1171 "-" "Mozilla/5.0 (compatible; DotBot/1.2; +https://opensiteexplorer.org/dotbot; help@moz.com)"
216.244.66.241 - - [28/Jun/2024:21:48:36 +1000] "GET /index.php/catalog/product_compare/add/product/1/uenc/aHR0cDovL3Bna2Rpc3RyaWJ1dGlvbi5jb20uYXUvaW5kZXgucGhwL3NvbGFyLXBhbmVscy5odG1sP2Rpcj1hc2MmbGltaXQ9MjAmbW9kZT1ncmlkJm9yZGVyPW5hbWUmcHJpY2U9MjMwLQ,,/ HTTP/1.1" 301 1167 "-" "Mozilla/5.0 (compatible; DotBot/1.2; +https://opensiteexplorer.org/dotbot; help@moz.com)"
216.244.66.241 - - [28/Jun/2024:21:48:59 +1000] "GET /index.php/catalog/product_compare/add/product/1/uenc/aHR0cDovL3Bna2Rpc3RyaWJ1dGlvbi5jb20uYXUvaW5kZXgucGhwL3NvbGFyLXBhbmVscy5odG1sP2Rpcj1hc2MmbGltaXQ9MzAmbW9kZT1ncmlkJm9yZGVyPXByaWNlJnByaWNlPTE3MC0,/ HTTP/1.1" 301 1167 "-" "Mozilla/5.0 (compatible; DotBot/1.2; +https://opensiteexplorer.org/dotbot; help@moz.com)"
216.244.66.241 - - [28/Jun/2024:21:49:20 +1000] "GET /index.php/catalog/product_compare/add/product/1/uenc/aHR0cDovL3Bna2Rpc3RyaWJ1dGlvbi5jb20uYXUvaW5kZXgucGhwL3NvbGFyLXBhbmVscy5odG1sP2Rpcj1kZXNjJmxpbWl0PTI1Jm1vZGU9Z3JpZCZvcmRlcj1wb3NpdGlvbiZwcmljZT0yMzAt/ HTTP/1.1" 301 1171 "-" "Mozilla/5.0 (compatible; DotBot/1.2; +https://opensiteexplorer.org/dotbot; help@moz.com)"
216.244.66.241 - - [28/Jun/2024:21:49:44 +1000] "GET /index.php/catalog/product_compare/add/product/1/uenc/aHR0cDovL3Bna2Rpc3RyaWJ1dGlvbi5jb20uYXUvaW5kZXgucGhwL3NvbGFyLXBhbmVscy5odG1sP2Rpcj1kZXNjJmxpbWl0PTMwJm1vZGU9Z3JpZCZvcmRlcj1wcmljZSZwcmljZT0zMDAt/ HTTP/1.1" 301 1167 "-" "Mozilla/5.0 (compatible; DotBot/1.2; +https://opensiteexplorer.org/dotbot; help@moz.com)"
216.244.66.241 - - [28/Jun/2024:21:50:03 +1000] "GET /index.php/catalog/product_compare/add/product/1/uenc/aHR0cDovL3Bna2Rpc3RyaWJ1dGlvbi5jb20uYXUvaW5kZXgucGhwL3NvbGFyLXBhbmVscy5odG1sP2Rpcj1kZXNjJmxpbWl0PTUmbW9kZT1ncmlkJm9yZGVyPXByaWNlJnByaWNlPTMwMC0,/ HTTP/1.1" 301 1167 "-" "Mozilla/5.0 (compatible; DotBot/1.2; +https://opensiteexplorer.org/dotbot; help@moz.com)"
216.244.66.241 - - [28/Jun/2024:21:50:21 +1000] "GET /index.php/catalog/product_compare/add/product/1/uenc/aHR0cDovL3Bna2Rpc3RyaWJ1dGlvbi5jb20uYXUvaW5kZXgucGhwL3NvbGFyLXBhbmVscy5odG1sP2Rpcj1kZXNjJmxpbWl0PTkmbW9kZT1ncmlkJm9yZGVyPXByaWNlJnByaWNlPTE3MC0,/ HTTP/1.1" 301 1167 "-" "Mozilla/5.0 (compatible; DotBot/1.2; +https://opensiteexplorer.org/dotbot; help@moz.com)"
216.244.66.241 - - [28/Jun/2024:21:50:39 +1000] "GET /index.php/catalog/product_compare/add/product/1/uenc/aHR0cDovL3Bna2Rpc3RyaWJ1dGlvbi5jb20uYXUvaW5kZXgucGhwL3NvbGFyLXBhbmVscy5odG1sP2xpbWl0PTI1Jm1vZGU9Z3JpZCZwcmljZT0xNzAt/ HTTP/1.1" 301 1139 "-" "Mozilla/5.0 (compatible; DotBot/1.2; +https://opensiteexplorer.org/dotbot; help@moz.com)"
216.244.66.241 - - [28/Jun/2024:21:50:57 +1000] "GET /index.php/catalog/product_compare/add/product/1/uenc/aHR0cDovL3Bna2Rpc3RyaWJ1dGlvbi5jb20uYXUvaW5kZXgucGhwL3NvbGFyLXBhbmVscy5odG1sP2xpbWl0PTIwJm1vZGU9bGlzdCZwcmljZT0zMDAt/ HTTP/1.1" 301 1139 "-" "Mozilla/5.0 (compatible; DotBot/1.2; +https://opensiteexplorer.org/dotbot; help@moz.com)"
216.244.66.241 - - [28/Jun/2024:21:51:12 +1000] "GET /index.php/catalog/product_compare/add/product/1/uenc/aHR0cDovL3Bna2Rpc3RyaWJ1dGlvbi5jb20uYXUvc29sYXItcGFuZWxzLmh0bWw_Y2F0PTExJmRpcj1hc2MmbGltaXQ9MjAmbW9kZT1saXN0Jm9yZGVyPXBvc2l0aW9uJnByaWNlPTM0MC0zNTA,/ HTTP/1.1" 301 1171 "-" "Mozilla/5.0 (compatible; DotBot/1.2; +https://opensiteexplorer.org/dotbot; help@moz.com)"
216.244.66.241 - - [28/Jun/2024:21:51:26 +1000] "GET /index.php/catalog/product_compare/add/product/1/uenc/aHR0cDovL3Bna2Rpc3RyaWJ1dGlvbi5jb20uYXUvc29sYXItcGFuZWxzLmh0bWw_Y2F0PTExJmxpbWl0PTUmbW9kZT1saXN0JnByaWNlPTM0MC0zNTA,/ HTTP/1.1" 301 1139 "-" "Mozilla/5.0 (compatible; DotBot/1.2; +https://opensiteexplorer.org/dotbot; help@moz.com)"
216.244.66.241 - - [28/Jun/2024:21:51:40 +1000] "GET /index.php/catalog/product_compare/add/product/10/uenc/aHR0cDovL3Bna2Rpc3RyaWJ1dGlvbi5jb20uYXUvaW5kZXgucGhwL3NvbGFyLXBhbmVscy5odG1sP2NhdD0xOSZkaXI9YXNjJmxpbWl0PTIwJm1vZGU9bGlzdCZvcmRlcj1uYW1l/ HTTP/1.1" 301 1160 "-" "Mozilla/5.0 (compatible; DotBot/1.2; +https://opensiteexplorer.org/dotbot; help@moz.com)"
216.244.66.241 - - [28/Jun/2024:21:51:52 +1000] "GET /index.php/catalog/product_compare/add/product/10/uenc/aHR0cDovL3Bna2Rpc3RyaWJ1dGlvbi5jb20uYXUvaW5kZXgucGhwL3NvbGFyLXBhbmVscy5odG1sP2NhdD0xOSZkaXI9ZGVzYyZsaW1pdD0yNSZtb2RlPWxpc3Qmb3JkZXI9cG9zaXRpb24,/ HTTP/1.1" 301 1168 "-" "Mozilla/5.0 (compatible; DotBot/1.2; +https://opensiteexplorer.org/dotbot; help@moz.com)"
216.244.66.241 - - [28/Jun/2024:21:52:04 +1000] "GET /index.php/catalog/product_compare/add/product/10/uenc/aHR0cDovL3Bna2Rpc3RyaWJ1dGlvbi5jb20uYXUvaW5kZXgucGhwL3NvbGFyLXBhbmVscy5odG1sP2NhdD0xOSZkaXI9ZGVzYyZtb2RlPWxpc3Qmb3JkZXI9bmFtZQ,,/ HTTP/1.1" 301 1152 "-" "Mozilla/5.0 (compatible; DotBot/1.2; +https://opensiteexplorer.org/dotbot; help@moz.com)"
216.244.66.241 - - [28/Jun/2024:21:52:14 +1000] "GET /index.php/catalog/product_compare/add/product/10/uenc/aHR0cDovL3Bna2Rpc3RyaWJ1dGlvbi5jb20uYXUvaW5kZXgucGhwL3NvbGFyLXBhbmVscy5odG1sP2Rpcj1hc2MmbGltaXQ9MTUmbW9kZT1saXN0Jm9yZGVyPXBvc2l0aW9uJnByaWNlPTE3MC0,/ HTTP/1.1" 301 1172 "-" "Mozilla/5.0 (compatible; DotBot/1.2; +https://opensiteexplorer.org/dotbot; help@moz.com)"
216.244.66.241 - - [28/Jun/2024:21:52:24 +1000] "GET /index.php/catalog/product_compare/add/product/10/uenc/aHR0cDovL3Bna2Rpc3RyaWJ1dGlvbi5jb20uYXUvaW5kZXgucGhwL3NvbGFyLXBhbmVscy5odG1sP2Rpcj1hc2MmbGltaXQ9MzAmbW9kZT1ncmlkJm9yZGVyPXByaWNlJnByaWNlPTIwMC0zMDA,/ HTTP/1.1" 301 1172 "-" "Mozilla/5.0 (compatible; DotBot/1.2; +https://opensiteexplorer.org/dotbot; help@moz.com)"
216.244.66.241 - - [28/Jun/2024:21:52:33 +1000] "GET /index.php/catalog/product_compare/add/product/10/uenc/aHR0cDovL3Bna2Rpc3RyaWJ1dGlvbi5jb20uYXUvaW5kZXgucGhwL3NvbGFyLXBhbmVscy5odG1sP2Rpcj1hc2MmbGltaXQ9OSZtYW51ZmFjdHVyZXI9NSZvcmRlcj1uYW1l/ HTTP/1.1" 301 1156 "-" "Mozilla/5.0 (compatible; DotBot/1.2; +https://opensiteexplorer.org/dotbot; help@moz.com)"
216.244.66.241 - - [28/Jun/2024:21:52:40 +1000] "GET /index.php/catalog/product_compare/add/product/10/uenc/aHR0cDovL3Bna2Rpc3RyaWJ1dGlvbi5jb20uYXUvaW5kZXgucGhwL3NvbGFyLXBhbmVscy5odG1sP2Rpcj1kZXNjJmxpbWl0PTI1Jm1vZGU9Z3JpZCZvcmRlcj1uYW1l/ HTTP/1.1" 301 1152 "-" "Mozilla/5.0 (compatible; DotBot/1.2; +https://opensiteexplorer.org/dotbot; help@moz.com)"
216.244.66.241 - - [28/Jun/2024:21:52:46 +1000] "GET /index.php/catalog/product_compare/add/product/10/uenc/aHR0cDovL3Bna2Rpc3RyaWJ1dGlvbi5jb20uYXUvaW5kZXgucGhwL3NvbGFyLXBhbmVscy5odG1sP2Rpcj1kZXNjJmxpbWl0PTI1Jm1vZGU9bGlzdCZvcmRlcj1wcmljZSZwcmljZT0yMDAtMjEw/ HTTP/1.1" 301 1172 "-" "Mozilla/5.0 (compatible; DotBot/1.2; +https://opensiteexplorer.org/dotbot; help@moz.com)"
216.244.66.241 - - [28/Jun/2024:21:52:52 +1000] "GET /index.php/catalog/product_compare/add/product/10/uenc/aHR0cDovL3Bna2Rpc3RyaWJ1dGlvbi5jb20uYXUvaW5kZXgucGhwL3NvbGFyLXBhbmVscy5odG1sP2Rpcj1kZXNjJmxpbWl0PTkmbWFudWZhY3R1cmVyPTUmb3JkZXI9bWFudWZhY3R1cmVy/ HTTP/1.1" 301 1168 "-" "Mozilla/5.0 (compatible; DotBot/1.2; +https://opensiteexplorer.org/dotbot; help@moz.com)"
216.244.66.241 - - [28/Jun/2024:21:52:57 +1000] "GET /index.php/catalog/product_compare/add/product/10/uenc/aHR0cDovL3Bna2Rpc3RyaWJ1dGlvbi5jb20uYXUvaW5kZXgucGhwL3NvbGFyLXBhbmVscy5odG1sP2xpbWl0PTI1Jm1vZGU9Z3JpZA,,/ HTTP/1.1" 301 1128 "-" "Mozilla/5.0 (compatible; DotBot/1.2; +https://opensiteexplorer.org/dotbot; help@moz.com)"
216.244.66.241 - - [28/Jun/2024:21:53:01 +1000] "GET /index.php/catalog/product_compare/add/product/10/uenc/aHR0cDovL3Bna2Rpc3RyaWJ1dGlvbi5jb20uYXUvaW5kZXgucGhwL3NvbGFyLXBhbmVscy5odG1sP2xpbWl0PTkmbW9kZT1ncmlk/ HTTP/1.1" 301 1124 "-" "Mozilla/5.0 (compatible; DotBot/1.2; +https://opensiteexplorer.org/dotbot; help@moz.com)"
216.244.66.241 - - [28/Jun/2024:21:53:06 +1000] "GET /index.php/catalog/product_compare/add/product/10/uenc/aHR0cDovL3Bna2Rpc3RyaWJ1dGlvbi5jb20uYXUvc29sYXItcGFuZWxzLmh0bWw_ZGlyPWRlc2MmbGltaXQ9OSZtb2RlPWdyaWQmb3JkZXI9cHJpY2U,/ HTTP/1.1" 301 1140 "-" "Mozilla/5.0 (compatible; DotBot/1.2; +https://opensiteexplorer.org/dotbot; help@moz.com)"
216.244.66.241 - - [28/Jun/2024:21:53:09 +1000] "GET /index.php/catalog/product_compare/add/product/100/uenc/aHR0cDovL3Bna2Rpc3RyaWJ1dGlvbi5jb20uYXUvaW5kZXgucGhwL2VsZWN0cmljYWxzLmh0bWw_ZGlyPWFzYyZsaW1pdD05Jm1vZGU9bGlzdCZvcmRlcj1tYW51ZmFjdHVyZXI,/ HTTP/1.1" 301 1161 "-" "Mozilla/5.0 (compatible; DotBot/1.2; +https://opensiteexplorer.org/dotbot; help@moz.com)"
216.244.66.241 - - [28/Jun/2024:21:53:12 +1000] "GET /index.php/catalog/product_compare/add/product/101/uenc/aHR0cDovL3Bna2Rpc3RyaWJ1dGlvbi5jb20uYXUvZWxlY3RyaWNhbHMuaHRtbD9kaXI9ZGVzYyZtb2RlPWdyaWQmb3JkZXI9bmFtZQ,,/ HTTP/1.1" 301 1129 "-" "Mozilla/5.0 (compatible; DotBot/1.2; +https://opensiteexplorer.org/dotbot; help@moz.com)"
216.244.66.241 - - [28/Jun/2024:21:53:14 +1000] "GET /index.php/catalog/product_compare/add/product/101/uenc/aHR0cDovL3Bna2Rpc3RyaWJ1dGlvbi5jb20uYXUvaW5kZXgucGhwL2VsZWN0cmljYWxzLmh0bWw_ZGlyPWFzYyZvcmRlcj1wb3NpdGlvbg,,/ HTTP/1.1" 301 1133 "-" "Mozilla/5.0 (compatible; DotBot/1.2; +https://opensiteexplorer.org/dotbot; help@moz.com)"
216.244.66.241 - - [28/Jun/2024:21:53:16 +1000] "GET /index.php/catalog/product_compare/add/product/101/uenc/aHR0cDovL3Bna2Rpc3RyaWJ1dGlvbi5jb20uYXUvaW5kZXgucGhwL2VsZWN0cmljYWxzLmh0bWw_ZGlyPWRlc2MmbGltaXQ9MjAmbW9kZT1ncmlkJm9yZGVyPXBvc2l0aW9u/ HTTP/1.1" 301 1157 "-" "Mozilla/5.0 (compatible; DotBot/1.2; +https://opensiteexplorer.org/dotbot; help@moz.com)"
216.244.66.241 - - [28/Jun/2024:21:53:18 +1000] "GET /index.php/catalog/product_compare/add/product/102/uenc/aHR0cDovL3Bna2Rpc3RyaWJ1dGlvbi5jb20uYXUvaW5kZXgucGhwL2VsZWN0cmljYWxzLmh0bWw_ZGlyPWRlc2Mmb3JkZXI9cG9zaXRpb24mcD0x/ HTTP/1.1" 301 1137 "-" "Mozilla/5.0 (compatible; DotBot/1.2; +https://opensiteexplorer.org/dotbot; help@moz.com)"
216.244.66.241 - - [28/Jun/2024:21:53:20 +1000] "GET /index.php/catalog/product_compare/add/product/102/uenc/aHR0cDovL3Bna2Rpc3RyaWJ1dGlvbi5jb20uYXUvaW5kZXgucGhwL2VsZWN0cmljYWxzLmh0bWw_bGltaXQ9MzAmbW9kZT1ncmlk/ HTTP/1.1" 301 1125 "-" "Mozilla/5.0 (compatible; DotBot/1.2; +https://opensiteexplorer.org/dotbot; help@moz.com)"
216.244.66.241 - - [28/Jun/2024:21:53:22 +1000] "GET /index.php/catalog/product_compare/add/product/103/uenc/aHR0cDovL3Bna2Rpc3RyaWJ1dGlvbi5jb20uYXUvaW5kZXgucGhwL2VsZWN0cmljYWxzLmh0bWw_ZGlyPWFzYyZsaW1pdD01Jm1vZGU9Z3JpZCZvcmRlcj1wcmljZQ,,/ HTTP/1.1" 301 1153 "-" "Mozilla/5.0 (compatible; DotBot/1.2; +https://opensiteexplorer.org/dotbot; help@moz.com)"
216.244.66.241 - - [28/Jun/2024:21:53:27 +1000] "GET /index.php/catalog/product_compare/add/product/103/uenc/aHR0cDovL3Bna2Rpc3RyaWJ1dGlvbi5jb20uYXUvaW5kZXgucGhwL2VsZWN0cmljYWxzLmh0bWw_ZGlyPWFzYyZsaW1pdD05Jm1vZGU9Z3JpZCZvcmRlcj1wb3NpdGlvbg,,/ HTTP/1.1" 301 1157 "-" "Mozilla/5.0 (compatible; DotBot/1.2; +https://opensiteexplorer.org/dotbot; help@moz.com)"
216.244.66.241 - - [28/Jun/2024:21:53:30 +1000] "GET /index.php/catalog/product_compare/add/product/103/uenc/aHR0cDovL3Bna2Rpc3RyaWJ1dGlvbi5jb20uYXUvaW5kZXgucGhwL2VsZWN0cmljYWxzLmh0bWw_ZGlyPWRlc2MmbGltaXQ9MTUmb3JkZXI9cG9zaXRpb24,/ HTTP/1.1" 301 1145 "-" "Mozilla/5.0 (compatible; DotBot/1.2; +https://opensiteexplorer.org/dotbot; help@moz.com)"
216.244.66.241 - - [28/Jun/2024:21:53:34 +1000] "GET /index.php/catalog/product_compare/add/product/103/uenc/aHR0cDovL3Bna2Rpc3RyaWJ1dGlvbi5jb20uYXUvaW5kZXgucGhwL2VsZWN0cmljYWxzLmh0bWw_ZGlyPWRlc2MmbGltaXQ9MzAmbW9kZT1ncmlkJm9yZGVyPXBvc2l0aW9u/ HTTP/1.1" 301 1157 "-" "Mozilla/5.0 (compatible; DotBot/1.2; +https://opensiteexplorer.org/dotbot; help@moz.com)"
216.244.66.241 - - [28/Jun/2024:21:53:36 +1000] "GET /index.php/catalog/product_compare/add/product/103/uenc/aHR0cDovL3Bna2Rpc3RyaWJ1dGlvbi5jb20uYXUvaW5kZXgucGhwL2VsZWN0cmljYWxzLmh0bWw_bW9kZT1ncmlkJnA9MQ,,/ HTTP/1.1" 301 1121 "-" "Mozilla/5.0 (compatible; DotBot/1.2; +https://opensiteexplorer.org/dotbot; help@moz.com)"
216.244.66.241 - - [28/Jun/2024:21:53:38 +1000] "GET /index.php/catalog/product_compare/add/product/109/uenc/aHR0cDovL3Bna2Rpc3RyaWJ1dGlvbi5jb20uYXUvaW5kZXgucGhwL3NvbGFyLWludmVydGVycy5odG1sP2Rpcj1hc2MmbGltaXQ9MTUmb3JkZXI9bWFudWZhY3R1cmVy/ HTTP/1.1" 301 1153 "-" "Mozilla/5.0 (compatible; DotBot/1.2; +https://opensiteexplorer.org/dotbot; help@moz.com)"
216.244.66.241 - - [28/Jun/2024:21:53:39 +1000] "GET /index.php/catalog/product_compare/add/product/109/uenc/aHR0cDovL3Bna2Rpc3RyaWJ1dGlvbi5jb20uYXUvaW5kZXgucGhwL3NvbGFyLWludmVydGVycy5odG1sP2Rpcj1hc2MmbGltaXQ9MjAmbW9kZT1saXN0Jm9yZGVyPW1hbnVmYWN0dXJlcg,,/ HTTP/1.1" 301 1169 "-" "Mozilla/5.0 (compatible; DotBot/1.2; +https://opensiteexplorer.org/dotbot; help@moz.com)"
216.244.66.241 - - [28/Jun/2024:21:53:41 +1000] "GET /index.php/catalog/product_compare/add/product/109/uenc/aHR0cDovL3Bna2Rpc3RyaWJ1dGlvbi5jb20uYXUvc29sYXItaW52ZXJ0ZXJzL2Jvc2NoLWludmVydGVycy5odG1sP2Rpcj1hc2MmbGltaXQ9MjUmbW9kZT1saXN0Jm9yZGVyPW5hbWU,/ HTTP/1.1" 301 1165 "-" "Mozilla/5.0 (compatible; DotBot/1.2; +https://opensiteexplorer.org/dotbot; help@moz.com)"
216.244.66.241 - - [28/Jun/2024:21:53:42 +1000] "GET /index.php/catalog/product_compare/add/product/109/uenc/aHR0cDovL3Bna2Rpc3RyaWJ1dGlvbi5jb20uYXUvc29sYXItaW52ZXJ0ZXJzLmh0bWw_ZGlyPWFzYyZsaW1pdD0xNSZvcmRlcj1wcmljZQ,,/ HTTP/1.1" 301 1133 "-" "Mozilla/5.0 (compatible; DotBot/1.2; +https://opensiteexplorer.org/dotbot; help@moz.com)"
216.244.66.241 - - [28/Jun/2024:21:53:43 +1000] "GET /index.php/catalog/product_compare/add/product/11/uenc/aHR0cDovL3Bna2Rpc3RyaWJ1dGlvbi5jb20uYXUvaW5kZXgucGhwL3NvbGFyLXBhbmVscy5odG1sP2NhdD0xOSZkaXI9ZGVzYyZsaW1pdD0xNSZvcmRlcj1uYW1lJnByaWNlPTIxMC0yMjA,/ HTTP/1.1" 301 1168 "-" "Mozilla/5.0 (compatible; DotBot/1.2; +https://opensiteexplorer.org/dotbot; help@moz.com)"
216.244.66.241 - - [28/Jun/2024:21:53:44 +1000] "GET /index.php/catalog/product_compare/add/product/11/uenc/aHR0cDovL3Bna2Rpc3RyaWJ1dGlvbi5jb20uYXUvaW5kZXgucGhwL3NvbGFyLXBhbmVscy5odG1sP2Rpcj1hc2MmbGltaXQ9MjAmbW9kZT1saXN0Jm9yZGVyPXBvc2l0aW9u/ HTTP/1.1" 301 1156 "-" "Mozilla/5.0 (compatible; DotBot/1.2; +https://opensiteexplorer.org/dotbot; help@moz.com)"
216.244.66.241 - - [28/Jun/2024:21:53:45 +1000] "GET /index.php/catalog/product_compare/add/product/11/uenc/aHR0cDovL3Bna2Rpc3RyaWJ1dGlvbi5jb20uYXUvaW5kZXgucGhwL3NvbGFyLXBhbmVscy5odG1sP2Rpcj1hc2MmbGltaXQ9MjUmbW9kZT1saXN0Jm9yZGVyPW5hbWU,/ HTTP/1.1" 301 1152 "-" "Mozilla/5.0 (compatible; DotBot/1.2; +https://opensiteexplorer.org/dotbot; help@moz.com)"
216.244.66.241 - - [28/Jun/2024:21:53:46 +1000] "GET /index.php/catalog/product_compare/add/product/11/uenc/aHR0cDovL3Bna2Rpc3RyaWJ1dGlvbi5jb20uYXUvaW5kZXgucGhwL3NvbGFyLXBhbmVscy5odG1sP2Rpcj1kZXNjJmxpbWl0PTE1Jm9yZGVyPXByaWNl/ HTTP/1.1" 301 1140 "-" "Mozilla/5.0 (compatible; DotBot/1.2; +https://opensiteexplorer.org/dotbot; help@moz.com)"
216.244.66.241 - - [28/Jun/2024:21:53:46 +1000] "GET /index.php/catalog/product_compare/add/product/11/uenc/aHR0cDovL3Bna2Rpc3RyaWJ1dGlvbi5jb20uYXUvaW5kZXgucGhwL3NvbGFyLXBhbmVscy5odG1sP2Rpcj1kZXNjJmxpbWl0PTE1Jm9yZGVyPXByaWNlJnByaWNlPTE3MC0,/ HTTP/1.1" 301 1156 "-" "Mozilla/5.0 (compatible; DotBot/1.2; +https://opensiteexplorer.org/dotbot; help@moz.com)"
216.244.66.241 - - [28/Jun/2024:21:53:49 +1000] "GET /index.php/catalog/product_compare/add/product/11/uenc/aHR0cDovL3Bna2Rpc3RyaWJ1dGlvbi5jb20uYXUvaW5kZXgucGhwL3NvbGFyLXBhbmVscy5odG1sP2Rpcj1kZXNjJmxpbWl0PTEwJm1vZGU9Z3JpZCZvcmRlcj1uYW1lJnByaWNlPTIxMC0yMjA,/ HTTP/1.1" 301 1172 "-" "Mozilla/5.0 (compatible; DotBot/1.2; +https://opensiteexplorer.org/dotbot; help@moz.com)"
216.244.66.241 - - [28/Jun/2024:21:53:52 +1000] "GET /index.php/catalog/product_compare/add/product/11/uenc/aHR0cDovL3Bna2Rpc3RyaWJ1dGlvbi5jb20uYXUvaW5kZXgucGhwL3NvbGFyLXBhbmVscy5odG1sP2xpbWl0PTIwJm1vZGU9bGlzdA,,/ HTTP/1.1" 301 1128 "-" "Mozilla/5.0 (compatible; DotBot/1.2; +https://opensiteexplorer.org/dotbot; help@moz.com)"
216.244.66.241 - - [28/Jun/2024:21:53:55 +1000] "GET /index.php/catalog/product_compare/add/product/11/uenc/aHR0cDovL3Bna2Rpc3RyaWJ1dGlvbi5jb20uYXUvc29sYXItcGFuZWxzLmh0bWw_ZGlyPWFzYyZsaW1pdD0yMCZtb2RlPWxpc3Qmb3JkZXI9cHJpY2UmcHJpY2U9MjAwLTMwMA,,/ HTTP/1.1" 301 1160 "-" "Mozilla/5.0 (compatible; DotBot/1.2; +https://opensiteexplorer.org/dotbot; help@moz.com)"
216.244.66.241 - - [28/Jun/2024:21:53:57 +1000] "GET /index.php/catalog/product_compare/add/product/11/uenc/aHR0cDovL3Bna2Rpc3RyaWJ1dGlvbi5jb20uYXUvc29sYXItcGFuZWxzLmh0bWw_ZGlyPWRlc2MmbGltaXQ9MTUmb3JkZXI9cHJpY2U,/ HTTP/1.1" 301 1128 "-" "Mozilla/5.0 (compatible; DotBot/1.2; +https://opensiteexplorer.org/dotbot; help@moz.com)"
216.244.66.241 - - [28/Jun/2024:21:53:59 +1000] "GET /index.php/catalog/product_compare/add/product/11/uenc/aHR0cDovL3Bna2Rpc3RyaWJ1dGlvbi5jb20uYXUvc29sYXItcGFuZWxzLmh0bWw_ZGlyPWRlc2MmbGltaXQ9MzAmbW9kZT1ncmlkJm9yZGVyPW5hbWU,/ HTTP/1.1" 301 1140 "-" "Mozilla/5.0 (compatible; DotBot/1.2; +https://opensiteexplorer.org/dotbot; help@moz.com)"
216.244.66.241 - - [28/Jun/2024:21:54:01 +1000] "GET /index.php/catalog/product_compare/add/product/111/uenc/aHR0cDovL3Bna2Rpc3RyaWJ1dGlvbi5jb20uYXUvc29sYXItaW52ZXJ0ZXJzL2Jvc2NoLWludmVydGVycy5odG1sP2Rpcj1kZXNjJmxpbWl0PTE1Jm1vZGU9bGlzdCZvcmRlcj1wcmljZQ,,/ HTTP/1.1" 301 1169 "-" "Mozilla/5.0 (compatible; DotBot/1.2; +https://opensiteexplorer.org/dotbot; help@moz.com)"
216.244.66.241 - - [28/Jun/2024:21:54:02 +1000] "GET /index.php/catalog/product_compare/add/product/111/uenc/aHR0cDovL3Bna2Rpc3RyaWJ1dGlvbi5jb20uYXUvc29sYXItaW52ZXJ0ZXJzL2Jvc2NoLWludmVydGVycy5odG1sP2Rpcj1kZXNjJmxpbWl0PTMwJm1vZGU9bGlzdCZvcmRlcj1wcmljZQ,,/ HTTP/1.1" 301 1169 "-" "Mozilla/5.0 (compatible; DotBot/1.2; +https://opensiteexplorer.org/dotbot; help@moz.com)"
216.244.66.241 - - [28/Jun/2024:21:54:04 +1000] "GET /index.php/catalog/product_compare/add/product/114/uenc/aHR0cDovL3Bna2Rpc3RyaWJ1dGlvbi5jb20uYXUvc29sYXItaW52ZXJ0ZXJzL3NvbGF4LWludmVydGVycy9zaW5nbGUtcGhhc2UtaW52ZXJ0ZXJzLmh0bWw_ZGlyPWFzYyZvcmRlcj1uYW1l/ HTTP/1.1" 301 1169 "-" "Mozilla/5.0 (compatible; DotBot/1.2; +https://opensiteexplorer.org/dotbot; help@moz.com)"
216.244.66.241 - - [28/Jun/2024:21:54:05 +1000] "GET /index.php/catalog/product_compare/add/product/116/uenc/aHR0cDovL3Bna2Rpc3RyaWJ1dGlvbi5jb20uYXUvaW5kZXgucGhwL3NvbGFyLWludmVydGVycy9zb2xheC1pbnZlcnRlcnMuaHRtbD9kaXI9ZGVzYyZvcmRlcj1wb3NpdGlvbg,,/ HTTP/1.1" 301 1161 "-" "Mozilla/5.0 (compatible; DotBot/1.2; +https://opensiteexplorer.org/dotbot; help@moz.com)"
216.244.66.241 - - [28/Jun/2024:21:54:06 +1000] "GET /index.php/catalog/product_compare/add/product/117/uenc/aHR0cDovL3Bna2Rpc3RyaWJ1dGlvbi5jb20uYXUvaW5kZXgucGhwL3NvbGFyLXBhbmVscy5odG1sP2NhdD0yNyZsaW1pdD05Jm1vZGU9Z3JpZCZwcmljZT0zOTAt/ HTTP/1.1" 301 1149 "-" "Mozilla/5.0 (compatible; DotBot/1.2; +https://opensiteexplorer.org/dotbot; help@moz.com)"
216.244.66.241 - - [28/Jun/2024:21:54:07 +1000] "GET /index.php/catalog/product_compare/add/product/117/uenc/aHR0cDovL3Bna2Rpc3RyaWJ1dGlvbi5jb20uYXUvaW5kZXgucGhwL3NvbGFyLXBhbmVscy5odG1sP2Rpcj1hc2Mmb3JkZXI9cG9zaXRpb24mcHJpY2U9MzAwLQ,,/ HTTP/1.1" 301 1149 "-" "Mozilla/5.0 (compatible; DotBot/1.2; +https://opensiteexplorer.org/dotbot; help@moz.com)"
216.244.66.241 - - [28/Jun/2024:21:54:09 +1000] "GET /index.php/catalog/product_compare/add/product/117/uenc/aHR0cDovL3Bna2Rpc3RyaWJ1dGlvbi5jb20uYXUvaW5kZXgucGhwL3NvbGFyLXBhbmVscy5odG1sP2Rpcj1hc2MmbGltaXQ9MTUmbW9kZT1ncmlkJm9yZGVyPW1hbnVmYWN0dXJlcg,,/ HTTP/1.1" 301 1165 "-" "Mozilla/5.0 (compatible; DotBot/1.2; +https://opensiteexplorer.org/dotbot; help@moz.com)"
216.244.66.241 - - [28/Jun/2024:21:54:11 +1000] "GET /index.php/catalog/product_compare/add/product/117/uenc/aHR0cDovL3Bna2Rpc3RyaWJ1dGlvbi5jb20uYXUvaW5kZXgucGhwL3NvbGFyLXBhbmVscy5odG1sP2Rpcj1hc2MmbGltaXQ9MTUmbW9kZT1ncmlkJm9yZGVyPW5hbWUmcHJpY2U9MzAwLQ,,/ HTTP/1.1" 301 1169 "-" "Mozilla/5.0 (compatible; DotBot/1.2; +https://opensiteexplorer.org/dotbot; help@moz.com)"
216.244.66.241 - - [28/Jun/2024:21:54:12 +1000] "GET /index.php/catalog/product_compare/add/product/117/uenc/aHR0cDovL3Bna2Rpc3RyaWJ1dGlvbi5jb20uYXUvaW5kZXgucGhwL3NvbGFyLXBhbmVscy5odG1sP2Rpcj1kZXNjJm1vZGU9bGlzdCZvcmRlcj1uYW1lJnByaWNlPTE3MC0,/ HTTP/1.1" 301 1157 "-" "Mozilla/5.0 (compatible; DotBot/1.2; +https://opensiteexplorer.org/dotbot; help@moz.com)"
216.244.66.241 - - [28/Jun/2024:21:54:14 +1000] "GET /index.php/catalog/product_compare/add/product/117/uenc/aHR0cDovL3Bna2Rpc3RyaWJ1dGlvbi5jb20uYXUvaW5kZXgucGhwL3NvbGFyLXBhbmVscy5odG1sP2Rpcj1kZXNjJm1vZGU9bGlzdCZvcmRlcj1wcmljZSZwcmljZT0yMzAt/ HTTP/1.1" 301 1157 "-" "Mozilla/5.0 (compatible; DotBot/1.2; +https://opensiteexplorer.org/dotbot; help@moz.com)"
216.244.66.241 - - [28/Jun/2024:21:54:15 +1000] "GET /index.php/catalog/product_compare/add/product/117/uenc/aHR0cDovL3Bna2Rpc3RyaWJ1dGlvbi5jb20uYXUvaW5kZXgucGhwL3NvbGFyLXBhbmVscy5odG1sP2Rpcj1kZXNjJmxpbWl0PTE1Jm9yZGVyPW1hbnVmYWN0dXJlciZwcmljZT0zOTAt/ HTTP/1.1" 301 1165 "-" "Mozilla/5.0 (compatible; DotBot/1.2; +https://opensiteexplorer.org/dotbot; help@moz.com)"
216.244.66.241 - - [28/Jun/2024:21:54:16 +1000] "GET /index.php/catalog/product_compare/add/product/117/uenc/aHR0cDovL3Bna2Rpc3RyaWJ1dGlvbi5jb20uYXUvaW5kZXgucGhwL3NvbGFyLXBhbmVscy5odG1sP2Rpcj1kZXNjJmxpbWl0PTI1Jm1vZGU9Z3JpZCZvcmRlcj1wcmljZSZwcmljZT0xNzAt/ HTTP/1.1" 301 1169 "-" "Mozilla/5.0 (compatible; DotBot/1.2; +https://opensiteexplorer.org/dotbot; help@moz.com)"
216.244.66.241 - - [28/Jun/2024:21:54:18 +1000] "GET /index.php/catalog/product_compare/add/product/117/uenc/aHR0cDovL3Bna2Rpc3RyaWJ1dGlvbi5jb20uYXUvaW5kZXgucGhwL3NvbGFyLXBhbmVscy5odG1sP2Rpcj1kZXNjJmxpbWl0PTkmb3JkZXI9bWFudWZhY3R1cmVyJnByaWNlPTIzMC0,/ HTTP/1.1" 301 1165 "-" "Mozilla/5.0 (compatible; DotBot/1.2; +https://opensiteexplorer.org/dotbot; help@moz.com)"
216.244.66.241 - - [28/Jun/2024:21:54:19 +1000] "GET /index.php/catalog/product_compare/add/product/117/uenc/aHR0cDovL3Bna2Rpc3RyaWJ1dGlvbi5jb20uYXUvaW5kZXgucGhwL3NvbGFyLXBhbmVscy5odG1sP2Rpcj1kZXNjJmxpbWl0PTkmbW9kZT1ncmlkJm9yZGVyPW5hbWUmcHJpY2U9MzkwLQ,,/ HTTP/1.1" 301 1169 "-" "Mozilla/5.0 (compatible; DotBot/1.2; +https://opensiteexplorer.org/dotbot; help@moz.com)"
216.244.66.241 - - [28/Jun/2024:21:54:20 +1000] "GET /index.php/catalog/product_compare/add/product/117/uenc/aHR0cDovL3Bna2Rpc3RyaWJ1dGlvbi5jb20uYXUvaW5kZXgucGhwL3NvbGFyLXBhbmVscy5odG1sP2xpbWl0PTMw/ HTTP/1.1" 301 1113 "-" "Mozilla/5.0 (compatible; DotBot/1.2; +https://opensiteexplorer.org/dotbot; help@moz.com)"
216.244.66.241 - - [28/Jun/2024:21:54:20 +1000] "GET /index.php/catalog/product_compare/add/product/117/uenc/aHR0cDovL3Bna2Rpc3RyaWJ1dGlvbi5jb20uYXUvaW5kZXgucGhwL3NvbGFyLXBhbmVscy5odG1sP2xpbWl0PTkmbWFudWZhY3R1cmVyPTEw/ HTTP/1.1" 301 1133 "-" "Mozilla/5.0 (compatible; DotBot/1.2; +https://opensiteexplorer.org/dotbot; help@moz.com)"
216.244.66.241 - - [28/Jun/2024:21:54:22 +1000] "GET /index.php/catalog/product_compare/add/product/117/uenc/aHR0cDovL3Bna2Rpc3RyaWJ1dGlvbi5jb20uYXUvaW5kZXgucGhwL3NvbGFyLXBhbmVscy9yaXNlbi1zb2xhci1wYW5lbHMuaHRtbD9kaXI9YXNjJm9yZGVyPW1hbnVmYWN0dXJlcg,,/ HTTP/1.1" 301 1165 "-" "Mozilla/5.0 (compatible; DotBot/1.2; +https://opensiteexplorer.org/dotbot; help@moz.com)"
216.244.66.241 - - [28/Jun/2024:21:54:27 +1000] "GET /index.php/catalog/product_compare/add/product/117/uenc/aHR0cDovL3Bna2Rpc3RyaWJ1dGlvbi5jb20uYXUvc29sYXItcGFuZWxzL3Jpc2VuLXNvbGFyLXBhbmVscy5odG1sP2Rpcj1hc2MmbGltaXQ9MTAmbW9kZT1saXN0Jm9yZGVyPXBvc2l0aW9u/ HTTP/1.1" 301 1169 "-" "Mozilla/5.0 (compatible; DotBot/1.2; +https://opensiteexplorer.org/dotbot; help@moz.com)"
216.244.66.241 - - [28/Jun/2024:21:54:30 +1000] "GET /index.php/catalog/product_compare/add/product/117/uenc/aHR0cDovL3Bna2Rpc3RyaWJ1dGlvbi5jb20uYXUvc29sYXItcGFuZWxzLmh0bWw_ZGlyPWFzYyZsaW1pdD0xMCZtb2RlPWdyaWQmb3JkZXI9cG9zaXRpb24,/ HTTP/1.1" 301 1145 "-" "Mozilla/5.0 (compatible; DotBot/1.2; +https://opensiteexplorer.org/dotbot; help@moz.com)"
216.244.66.241 - - [28/Jun/2024:21:54:33 +1000] "GET /index.php/catalog/product_compare/add/product/117/uenc/aHR0cDovL3Bna2Rpc3RyaWJ1dGlvbi5jb20uYXUvc29sYXItcGFuZWxzLmh0bWw_ZGlyPWFzYyZsaW1pdD0yNSZtb2RlPWdyaWQmb3JkZXI9cG9zaXRpb24,/ HTTP/1.1" 301 1145 "-" "Mozilla/5.0 (compatible; DotBot/1.2; +https://opensiteexplorer.org/dotbot; help@moz.com)"
216.244.66.241 - - [28/Jun/2024:21:54:37 +1000] "GET /index.php/catalog/product_compare/add/product/117/uenc/aHR0cDovL3Bna2Rpc3RyaWJ1dGlvbi5jb20uYXUvc29sYXItcGFuZWxzLmh0bWw_ZGlyPWRlc2MmbGltaXQ9MTUmbW9kZT1ncmlkJm9yZGVyPW1hbnVmYWN0dXJlciZwcmljZT0zOTAt/ HTTP/1.1" 301 1165 "-" "Mozilla/5.0 (compatible; DotBot/1.2; +https://opensiteexplorer.org/dotbot; help@moz.com)"
216.244.66.241 - - [28/Jun/2024:21:54:39 +1000] "GET /index.php/catalog/product_compare/add/product/118/uenc/aHR0cDovL3Bna2Rpc3RyaWJ1dGlvbi5jb20uYXUvaW5kZXgucGhwL3NvbGFyLXBhbmVscy5odG1sP21vZGU9Z3JpZA,,/ HTTP/1.1" 301 1117 "-" "Mozilla/5.0 (compatible; DotBot/1.2; +https://opensiteexplorer.org/dotbot; help@moz.com)"
216.244.66.241 - - [28/Jun/2024:21:54:42 +1000] "GET /index.php/catalog/product_compare/add/product/118/uenc/aHR0cDovL3Bna2Rpc3RyaWJ1dGlvbi5jb20uYXUvaW5kZXgucGhwL3NvbGFyLXBhbmVscy5odG1sP2NhdD0yOCZkaXI9ZGVzYyZsaW1pdD0xNSZtb2RlPWxpc3Qmb3JkZXI9cHJpY2U,/ HTTP/1.1" 301 1165 "-" "Mozilla/5.0 (compatible; DotBot/1.2; +https://opensiteexplorer.org/dotbot; help@moz.com)"
216.244.66.241 - - [28/Jun/2024:21:54:43 +1000] "GET /index.php/catalog/product_compare/add/product/118/uenc/aHR0cDovL3Bna2Rpc3RyaWJ1dGlvbi5jb20uYXUvaW5kZXgucGhwL3NvbGFyLXBhbmVscy5odG1sP2NhdD0yOCZkaXI9ZGVzYyZtb2RlPWdyaWQmb3JkZXI9bmFtZSZwcmljZT0xNzAt/ HTTP/1.1" 301 1165 "-" "Mozilla/5.0 (compatible; DotBot/1.2; +https://opensiteexplorer.org/dotbot; help@moz.com)"
216.244.66.241 - - [28/Jun/2024:21:54:45 +1000] "GET /index.php/catalog/product_compare/add/product/118/uenc/aHR0cDovL3Bna2Rpc3RyaWJ1dGlvbi5jb20uYXUvaW5kZXgucGhwL3NvbGFyLXBhbmVscy5odG1sP2NhdD0yOCZtYW51ZmFjdHVyZXI9MyZtb2RlPWxpc3Q,/ HTTP/1.1" 301 1145 "-" "Mozilla/5.0 (compatible; DotBot/1.2; +https://opensiteexplorer.org/dotbot; help@moz.com)"
216.244.66.241 - - [28/Jun/2024:21:54:47 +1000] "GET /index.php/catalog/product_compare/add/product/118/uenc/aHR0cDovL3Bna2Rpc3RyaWJ1dGlvbi5jb20uYXUvaW5kZXgucGhwL3NvbGFyLXBhbmVscy5odG1sP2Rpcj1hc2MmbGltaXQ9MTUmbW9kZT1saXN0Jm9yZGVyPXByaWNl/ HTTP/1.1" 301 1153 "-" "Mozilla/5.0 (compatible; DotBot/1.2; +https://opensiteexplorer.org/dotbot; help@moz.com)"
216.244.66.241 - - [28/Jun/2024:21:54:48 +1000] "GET /index.php/catalog/product_compare/add/product/118/uenc/aHR0cDovL3Bna2Rpc3RyaWJ1dGlvbi5jb20uYXUvaW5kZXgucGhwL3NvbGFyLXBhbmVscy5odG1sP2Rpcj1kZXNjJmxpbWl0PTMwJm1vZGU9bGlzdCZvcmRlcj1wb3NpdGlvbg,,/ HTTP/1.1" 301 1161 "-" "Mozilla/5.0 (compatible; DotBot/1.2; +https://opensiteexplorer.org/dotbot; help@moz.com)"
216.244.66.241 - - [28/Jun/2024:21:54:50 +1000] "GET /index.php/catalog/product_compare/add/product/118/uenc/aHR0cDovL3Bna2Rpc3RyaWJ1dGlvbi5jb20uYXUvaW5kZXgucGhwL3NvbGFyLXBhbmVscy5odG1sP2Rpcj1kZXNjJmxpbWl0PTMwJm9yZGVyPXBvc2l0aW9uJnByaWNlPTEwMC0yMDA,/ HTTP/1.1" 301 1165 "-" "Mozilla/5.0 (compatible; DotBot/1.2; +https://opensiteexplorer.org/dotbot; help@moz.com)"
216.244.66.241 - - [28/Jun/2024:21:54:51 +1000] "GET /index.php/catalog/product_compare/add/product/118/uenc/aHR0cDovL3Bna2Rpc3RyaWJ1dGlvbi5jb20uYXUvaW5kZXgucGhwL3NvbGFyLXBhbmVscy5odG1sP2Rpcj1kZXNjJmxpbWl0PTkmbW9kZT1ncmlkJm9yZGVyPXBvc2l0aW9u/ HTTP/1.1" 301 1157 "-" "Mozilla/5.0 (compatible; DotBot/1.2; +https://opensiteexplorer.org/dotbot; help@moz.com)"
216.244.66.241 - - [28/Jun/2024:21:54:52 +1000] "GET /index.php/catalog/product_compare/add/product/118/uenc/aHR0cDovL3Bna2Rpc3RyaWJ1dGlvbi5jb20uYXUvaW5kZXgucGhwL3NvbGFyLXBhbmVscy5odG1sP2xpbWl0PTE1Jm1hbnVmYWN0dXJlcj0zJnByaWNlPTE3MC0,/ HTTP/1.1" 301 1149 "-" "Mozilla/5.0 (compatible; DotBot/1.2; +https://opensiteexplorer.org/dotbot; help@moz.com)"
216.244.66.241 - - [28/Jun/2024:21:54:56 +1000] "GET /index.php/catalog/product_compare/add/product/118/uenc/aHR0cDovL3Bna2Rpc3RyaWJ1dGlvbi5jb20uYXUvaW5kZXgucGhwL3NvbGFyLXBhbmVscy5odG1sP2xpbWl0PTMwJm1vZGU9bGlzdA,,/ HTTP/1.1" 301 1129 "-" "Mozilla/5.0 (compatible; DotBot/1.2; +https://opensiteexplorer.org/dotbot; help@moz.com)"
216.244.66.241 - - [28/Jun/2024:21:54:59 +1000] "GET /index.php/catalog/product_compare/add/product/118/uenc/aHR0cDovL3Bna2Rpc3RyaWJ1dGlvbi5jb20uYXUvc29sYXItcGFuZWxzLmh0bWw_ZGlyPWFzYyZtYW51ZmFjdHVyZXI9MyZtb2RlPWxpc3Qmb3JkZXI9bWFudWZhY3R1cmVy/ HTTP/1.1" 301 1157 "-" "Mozilla/5.0 (compatible; DotBot/1.2; +https://opensiteexplorer.org/dotbot; help@moz.com)"
216.244.66.241 - - [28/Jun/2024:21:55:02 +1000] "GET /index.php/catalog/product_compare/add/product/118/uenc/aHR0cDovL3Bna2Rpc3RyaWJ1dGlvbi5jb20uYXUvc29sYXItcGFuZWxzLmh0bWw_bGltaXQ9MTUmbWFudWZhY3R1cmVyPTMmbW9kZT1saXN0JnByaWNlPTE3MC0,/ HTTP/1.1" 301 1149 "-" "Mozilla/5.0 (compatible; DotBot/1.2; +https://opensiteexplorer.org/dotbot; help@moz.com)"
216.244.66.241 - - [28/Jun/2024:21:55:04 +1000] "GET /index.php/catalog/product_compare/add/product/119/uenc/aHR0cDovL3Bna2Rpc3RyaWJ1dGlvbi5jb20uYXUvZWxlY3RyaWNhbHMuaHRtbD9kaXI9YXNjJmxpbWl0PTE1Jm1vZGU9bGlzdCZvcmRlcj1wb3NpdGlvbg,,/ HTTP/1.1" 301 1145 "-" "Mozilla/5.0 (compatible; DotBot/1.2; +https://opensiteexplorer.org/dotbot; help@moz.com)"
216.244.66.241 - - [28/Jun/2024:21:55:06 +1000] "GET /index.php/catalog/product_compare/add/product/119/uenc/aHR0cDovL3Bna2Rpc3RyaWJ1dGlvbi5jb20uYXUvaW5kZXgucGhwL2VsZWN0cmljYWxzL2lzb2xhdG9ycy5odG1sP2Rpcj1hc2MmbGltaXQ9OSZvcmRlcj1uYW1l/ HTTP/1.1" 301 1149 "-" "Mozilla/5.0 (compatible; DotBot/1.2; +https://opensiteexplorer.org/dotbot; help@moz.com)"
216.244.66.241 - - [28/Jun/2024:21:55:08 +1000] "GET /index.php/catalog/product_compare/add/product/119/uenc/aHR0cDovL3Bna2Rpc3RyaWJ1dGlvbi5jb20uYXUvaW5kZXgucGhwL2VsZWN0cmljYWxzLmh0bWw_bGltaXQ9MTUmbW9kZT1saXN0/ HTTP/1.1" 301 1125 "-" "Mozilla/5.0 (compatible; DotBot/1.2; +https://opensiteexplorer.org/dotbot; help@moz.com)"
216.244.66.241 - - [28/Jun/2024:21:55:11 +1000] "GET /index.php/catalog/product_compare/add/product/12/uenc/aHR0cDovL3Bna2Rpc3RyaWJ1dGlvbi5jb20uYXUvaW5kZXgucGhwL3NvbGFyLXBhbmVscy5odG1sP2NhdD0xOSZkaXI9YXNjJmxpbWl0PTIwJm1vZGU9bGlzdCZvcmRlcj1uYW1l/ HTTP/1.1" 301 1160 "-" "Mozilla/5.0 (compatible; DotBot/1.2; +https://opensiteexplorer.org/dotbot; help@moz.com)"
216.244.66.241 - - [28/Jun/2024:21:55:13 +1000] "GET /index.php/catalog/product_compare/add/product/12/uenc/aHR0cDovL3Bna2Rpc3RyaWJ1dGlvbi5jb20uYXUvaW5kZXgucGhwL3NvbGFyLXBhbmVscy5odG1sP2NhdD0xOSZkaXI9YXNjJmxpbWl0PTkmb3JkZXI9cHJpY2U,/ HTTP/1.1" 301 1148 "-" "Mozilla/5.0 (compatible; DotBot/1.2; +https://opensiteexplorer.org/dotbot; help@moz.com)"
216.244.66.241 - - [28/Jun/2024:21:55:15 +1000] "GET /index.php/catalog/product_compare/add/product/12/uenc/aHR0cDovL3Bna2Rpc3RyaWJ1dGlvbi5jb20uYXUvaW5kZXgucGhwL3NvbGFyLXBhbmVscy5odG1sP2NhdD0xOSZkaXI9ZGVzYyZsaW1pdD0xNSZtb2RlPWxpc3Qmb3JkZXI9bmFtZQ,,/ HTTP/1.1" 301 1164 "-" "Mozilla/5.0 (compatible; DotBot/1.2; +https://opensiteexplorer.org/dotbot; help@moz.com)"
216.244.66.241 - - [28/Jun/2024:21:55:17 +1000] "GET /index.php/catalog/product_compare/add/product/12/uenc/aHR0cDovL3Bna2Rpc3RyaWJ1dGlvbi5jb20uYXUvaW5kZXgucGhwL3NvbGFyLXBhbmVscy5odG1sP2Rpcj1hc2MmbGltaXQ9OSZtb2RlPWdyaWQmb3JkZXI9cG9zaXRpb24,/ HTTP/1.1" 301 1156 "-" "Mozilla/5.0 (compatible; DotBot/1.2; +https://opensiteexplorer.org/dotbot; help@moz.com)"
216.244.66.241 - - [28/Jun/2024:21:55:18 +1000] "GET /index.php/catalog/product_compare/add/product/12/uenc/aHR0cDovL3Bna2Rpc3RyaWJ1dGlvbi5jb20uYXUvaW5kZXgucGhwL3NvbGFyLXBhbmVscy5odG1sP2Rpcj1hc2MmbGltaXQ9OSZtb2RlPWxpc3Qmb3JkZXI9cHJpY2UmcHJpY2U9MjAwLTMwMA,,/ HTTP/1.1" 301 1172 "-" "Mozilla/5.0 (compatible; DotBot/1.2; +https://opensiteexplorer.org/dotbot; help@moz.com)"
216.244.66.241 - - [28/Jun/2024:21:55:20 +1000] "GET /index.php/catalog/product_compare/add/product/12/uenc/aHR0cDovL3Bna2Rpc3RyaWJ1dGlvbi5jb20uYXUvaW5kZXgucGhwL3NvbGFyLXBhbmVscy5odG1sP2Rpcj1kZXNjJmxpbWl0PTEwJm1hbnVmYWN0dXJlcj01Jm1vZGU9bGlzdCZvcmRlcj1uYW1l/ HTTP/1.1" 301 1172 "-" "Mozilla/5.0 (compatible; DotBot/1.2; +https://opensiteexplorer.org/dotbot; help@moz.com)"
216.244.66.241 - - [28/Jun/2024:21:55:22 +1000] "GET /index.php/catalog/product_compare/add/product/12/uenc/aHR0cDovL3Bna2Rpc3RyaWJ1dGlvbi5jb20uYXUvaW5kZXgucGhwL3NvbGFyLXBhbmVscy5odG1sP2Rpcj1kZXNjJmxpbWl0PTIwJm1vZGU9bGlzdCZvcmRlcj1wcmljZQ,,/ HTTP/1.1" 301 1156 "-" "Mozilla/5.0 (compatible; DotBot/1.2; +https://opensiteexplorer.org/dotbot; help@moz.com)"
216.244.66.241 - - [28/Jun/2024:21:55:24 +1000] "GET /index.php/catalog/product_compare/add/product/12/uenc/aHR0cDovL3Bna2Rpc3RyaWJ1dGlvbi5jb20uYXUvaW5kZXgucGhwL3NvbGFyLXBhbmVscy5odG1sP2Rpcj1kZXNjJmxpbWl0PTUmbWFudWZhY3R1cmVyPTUmbW9kZT1saXN0Jm9yZGVyPXByaWNl/ HTTP/1.1" 301 1172 "-" "Mozilla/5.0 (compatible; DotBot/1.2; +https://opensiteexplorer.org/dotbot; help@moz.com)"
66.249.66.87 - - [28/Jun/2024:21:55:24 +1000] "GET /product/pgk-1000v-dc-isolator/ HTTP/1.1" 301 999 "-" "Mozilla/5.0 (Linux; Android 6.0.1; Nexus 5X Build/MMB29P) AppleWebKit/537.36 (KHTML, like Gecko) Chrome/125.0.6422.175 Mobile Safari/537.36 (compatible; Googlebot/2.1; +http://www.google.com/bot.html)"
216.244.66.241 - - [28/Jun/2024:21:55:25 +1000] "GET /index.php/catalog/product_compare/add/product/12/uenc/aHR0cDovL3Bna2Rpc3RyaWJ1dGlvbi5jb20uYXUvaW5kZXgucGhwL3NvbGFyLXBhbmVscy5odG1sP2xpbWl0PTIwJm1vZGU9Z3JpZA,,/ HTTP/1.1" 301 1128 "-" "Mozilla/5.0 (compatible; DotBot/1.2; +https://opensiteexplorer.org/dotbot; help@moz.com)"
216.244.66.241 - - [28/Jun/2024:21:55:26 +1000] "GET /index.php/catalog/product_compare/add/product/12/uenc/aHR0cDovL3Bna2Rpc3RyaWJ1dGlvbi5jb20uYXUvc29sYXItcGFuZWxzLmh0bWw_ZGlyPWRlc2MmbGltaXQ9MTUmbW9kZT1ncmlkJm9yZGVyPW1hbnVmYWN0dXJlcg,,/ HTTP/1.1" 301 1152 "-" "Mozilla/5.0 (compatible; DotBot/1.2; +https://opensiteexplorer.org/dotbot; help@moz.com)"
216.244.66.241 - - [28/Jun/2024:21:55:28 +1000] "GET /index.php/catalog/product_compare/add/product/120/uenc/aHR0cDovL3Bna2Rpc3RyaWJ1dGlvbi5jb20uYXUvaW5kZXgucGhwL2VsZWN0cmljYWxzLmh0bWw_ZGlyPWFzYyZsaW1pdD0yNSZtb2RlPWxpc3Qmb3JkZXI9bWFudWZhY3R1cmVy/ HTTP/1.1" 301 1161 "-" "Mozilla/5.0 (compatible; DotBot/1.2; +https://opensiteexplorer.org/dotbot; help@moz.com)"
216.244.66.241 - - [28/Jun/2024:21:55:29 +1000] "GET /index.php/catalog/product_compare/add/product/120/uenc/aHR0cDovL3Bna2Rpc3RyaWJ1dGlvbi5jb20uYXUvaW5kZXgucGhwL2VsZWN0cmljYWxzLmh0bWw_bGltaXQ9MzAmbW9kZT1ncmlk/ HTTP/1.1" 301 1125 "-" "Mozilla/5.0 (compatible; DotBot/1.2; +https://opensiteexplorer.org/dotbot; help@moz.com)"
216.244.66.241 - - [28/Jun/2024:21:55:30 +1000] "GET /index.php/catalog/product_compare/add/product/121/uenc/aHR0cDovL3Bna2Rpc3RyaWJ1dGlvbi5jb20uYXUvaW5kZXgucGhwL3NvbGFyLXJhaWwuaHRtbD9kaXI9YXNjJmxpbWl0PTI1Jm1vZGU9bGlzdCZvcmRlcj1uYW1l/ HTTP/1.1" 301 1149 "-" "Mozilla/5.0 (compatible; DotBot/1.2; +https://opensiteexplorer.org/dotbot; help@moz.com)"
216.244.66.241 - - [28/Jun/2024:21:55:31 +1000] "GET /index.php/catalog/product_compare/add/product/121/uenc/aHR0cDovL3Bna2Rpc3RyaWJ1dGlvbi5jb20uYXUvaW5kZXgucGhwL3NvbGFyLXJhaWwvY2xlbmVyZ3kva2l0cy5odG1sP2Rpcj1hc2MmbGltaXQ9MzAmb3JkZXI9bWFudWZhY3R1cmVy/ HTTP/1.1" 301 1165 "-" "Mozilla/5.0 (compatible; DotBot/1.2; +https://opensiteexplorer.org/dotbot; help@moz.com)"
111.67.29.221 - - [28/Jun/2024:21:55:31 +1000] "POST /wp-cron.php?doing_wp_cron=1719575730.9353790283203125000000 HTTP/1.1" 200 296 "-" "WordPress/6.5.5; https://www.pgkdistribution.com.au"
216.244.66.241 - - [28/Jun/2024:21:55:31 +1000] "GET /index.php/catalog/product_compare/add/product/122/uenc/aHR0cDovL3Bna2Rpc3RyaWJ1dGlvbi5jb20uYXUvaW5kZXgucGhwL3NvbGFyLXJhaWwvY2xlbmVyZ3kuaHRtbD9kaXI9YXNjJmxpbWl0PTMwJm1vZGU9Z3JpZCZvcmRlcj1wcmljZQ,,/ HTTP/1.1" 301 1165 "-" "Mozilla/5.0 (compatible; DotBot/1.2; +https://opensiteexplorer.org/dotbot; help@moz.com)"
66.249.66.198 - - [28/Jun/2024:21:55:25 +1000] "GET /product/pgk-1000v-dc-isolator/ HTTP/1.1" 200 24218 "-" "Mozilla/5.0 (Linux; Android 6.0.1; Nexus 5X Build/MMB29P) AppleWebKit/537.36 (KHTML, like Gecko) Chrome/125.0.6422.175 Mobile Safari/537.36 (compatible; Googlebot/2.1; +http://www.google.com/bot.html)"
216.244.66.241 - - [28/Jun/2024:21:55:32 +1000] "GET /index.php/catalog/product_compare/add/product/122/uenc/aHR0cDovL3Bna2Rpc3RyaWJ1dGlvbi5jb20uYXUvaW5kZXgucGhwL3NvbGFyLXJhaWwvY2xlbmVyZ3kuaHRtbD9kaXI9YXNjJmxpbWl0PTkmbW9kZT1ncmlkJm9yZGVyPXByaWNl/ HTTP/1.1" 301 1161 "-" "Mozilla/5.0 (compatible; DotBot/1.2; +https://opensiteexplorer.org/dotbot; help@moz.com)"
216.244.66.241 - - [28/Jun/2024:21:55:33 +1000] "GET /index.php/catalog/product_compare/add/product/122/uenc/aHR0cDovL3Bna2Rpc3RyaWJ1dGlvbi5jb20uYXUvaW5kZXgucGhwL3NvbGFyLXJhaWwvY2xlbmVyZ3kuaHRtbD9kaXI9ZGVzYyZsaW1pdD0xNSZtb2RlPWxpc3Qmb3JkZXI9cG9zaXRpb24,/ HTTP/1.1" 301 1169 "-" "Mozilla/5.0 (compatible; DotBot/1.2; +https://opensiteexplorer.org/dotbot; help@moz.com)"
66.249.66.198 - - [28/Jun/2024:21:55:33 +1000] "GET /wp-content/plugins/woo-gutenberg-products-block/build/featured-category.css?ver=10.8.1 HTTP/1.1" 200 1475 "http://www.pgkdistribution.com.au/product/pgk-1000v-dc-isolator/" "Mozilla/5.0 (Linux; Android 6.0.1; Nexus 5X Build/MMB29P) AppleWebKit/537.36 (KHTML, like Gecko) Chrome/125.0.6422.175 Mobile Safari/537.36 (compatible; Googlebot/2.1; +http://www.google.com/bot.html)"
216.244.66.241 - - [28/Jun/2024:21:55:33 +1000] "GET /index.php/catalog/product_compare/add/product/123/uenc/aHR0cDovL3Bna2Rpc3RyaWJ1dGlvbi5jb20uYXUvaW5kZXgucGhwL3NvbGFyLXJhaWwvY2xlbmVyZ3kuaHRtbD9kaXI9YXNjJmxpbWl0PTkmbW9kZT1ncmlkJm9yZGVyPW5hbWU,/ HTTP/1.1" 301 1161 "-" "Mozilla/5.0 (compatible; DotBot/1.2; +https://opensiteexplorer.org/dotbot; help@moz.com)"
216.244.66.241 - - [28/Jun/2024:21:55:34 +1000] "GET /index.php/catalog/product_compare/add/product/123/uenc/aHR0cDovL3Bna2Rpc3RyaWJ1dGlvbi5jb20uYXUvaW5kZXgucGhwL3NvbGFyLXJhaWwvY2xlbmVyZ3kuaHRtbD9kaXI9ZGVzYyZvcmRlcj1tYW51ZmFjdHVyZXI,/ HTTP/1.1" 301 1149 "-" "Mozilla/5.0 (compatible; DotBot/1.2; +https://opensiteexplorer.org/dotbot; help@moz.com)"
66.249.66.198 - - [28/Jun/2024:21:55:34 +1000] "GET /wp-content/plugins/gutentor/assets/library/slick/slick.min.css?ver=1.8.1 HTTP/1.1" 200 950 "http://www.pgkdistribution.com.au/product/pgk-1000v-dc-isolator/" "Mozilla/5.0 (Linux; Android 6.0.1; Nexus 5X Build/MMB29P) AppleWebKit/537.36 (KHTML, like Gecko) Chrome/125.0.6422.175 Mobile Safari/537.36 (compatible; Googlebot/2.1; +http://www.google.com/bot.html)"
216.244.66.241 - - [28/Jun/2024:21:55:34 +1000] "GET /index.php/catalog/product_compare/add/product/123/uenc/aHR0cDovL3Bna2Rpc3RyaWJ1dGlvbi5jb20uYXUvaW5kZXgucGhwL3NvbGFyLXJhaWwvY2xlbmVyZ3kva2l0cy5odG1sP2xpbWl0PTMwJm1vZGU9Z3JpZA,,/ HTTP/1.1" 301 1145 "-" "Mozilla/5.0 (compatible; DotBot/1.2; +https://opensiteexplorer.org/dotbot; help@moz.com)"
216.244.66.241 - - [28/Jun/2024:21:55:35 +1000] "GET /index.php/catalog/product_compare/add/product/125/uenc/aHR0cDovL3Bna2Rpc3RyaWJ1dGlvbi5jb20uYXUvaW5kZXgucGhwL3NvbGFyLXJhaWwuaHRtbD9kaXI9ZGVzYyZsaW1pdD0xMCZtb2RlPWxpc3Qmb3JkZXI9cG9zaXRpb24,/ HTTP/1.1" 301 1157 "-" "Mozilla/5.0 (compatible; DotBot/1.2; +https://opensiteexplorer.org/dotbot; help@moz.com)"
66.249.66.197 - - [28/Jun/2024:21:55:35 +1000] "GET /wp-content/plugins/woo-gutenberg-products-block/build/product-add-to-cart.css?ver=10.8.1 HTTP/1.1" 200 1949 "http://www.pgkdistribution.com.au/product/pgk-1000v-dc-isolator/" "Mozilla/5.0 (Linux; Android 6.0.1; Nexus 5X Build/MMB29P) AppleWebKit/537.36 (KHTML, like Gecko) Chrome/125.0.6422.175 Mobile Safari/537.36 (compatible; Googlebot/2.1; +http://www.google.com/bot.html)"
216.244.66.241 - - [28/Jun/2024:21:55:36 +1000] "GET /index.php/catalog/product_compare/add/product/125/uenc/aHR0cDovL3Bna2Rpc3RyaWJ1dGlvbi5jb20uYXUvaW5kZXgucGhwL3NvbGFyLXJhaWwvY2xlbmVyZ3kuaHRtbD9kaXI9YXNjJm9yZGVyPW5hbWU,/ HTTP/1.1" 301 1137 "-" "Mozilla/5.0 (compatible; DotBot/1.2; +https://opensiteexplorer.org/dotbot; help@moz.com)"
66.249.66.198 - - [28/Jun/2024:21:55:36 +1000] "GET /wp-content/plugins/woo-gutenberg-products-block/build/reviews-by-category.css?ver=10.8.1 HTTP/1.1" 200 2401 "http://www.pgkdistribution.com.au/product/pgk-1000v-dc-isolator/" "Mozilla/5.0 (Linux; Android 6.0.1; Nexus 5X Build/MMB29P) AppleWebKit/537.36 (KHTML, like Gecko) Chrome/125.0.6422.175 Mobile Safari/537.36 (compatible; Googlebot/2.1; +http://www.google.com/bot.html)"
66.249.66.198 - - [28/Jun/2024:21:55:37 +1000] "GET /wp-content/plugins/woo-gutenberg-products-block/build/packages-style.css?ver=10.8.1 HTTP/1.1" 200 4745 "http://www.pgkdistribution.com.au/product/pgk-1000v-dc-isolator/" "Mozilla/5.0 (Linux; Android 6.0.1; Nexus 5X Build/MMB29P) AppleWebKit/537.36 (KHTML, like Gecko) Chrome/125.0.6422.175 Mobile Safari/537.36 (compatible; Googlebot/2.1; +http://www.google.com/bot.html)"
216.244.66.241 - - [28/Jun/2024:21:55:37 +1000] "GET /index.php/catalog/product_compare/add/product/125/uenc/aHR0cDovL3Bna2Rpc3RyaWJ1dGlvbi5jb20uYXUvaW5kZXgucGhwL3NvbGFyLXJhaWwvY2xlbmVyZ3kva2l0cy5odG1sP2Rpcj1kZXNjJmxpbWl0PTE1Jm9yZGVyPXBvc2l0aW9u/ HTTP/1.1" 301 1161 "-" "Mozilla/5.0 (compatible; DotBot/1.2; +https://opensiteexplorer.org/dotbot; help@moz.com)"
66.249.66.197 - - [28/Jun/2024:21:55:38 +1000] "GET /wp-content/plugins/woo-gutenberg-products-block/build/product-summary.css?ver=10.8.1 HTTP/1.1" 200 992 "http://www.pgkdistribution.com.au/product/pgk-1000v-dc-isolator/" "Mozilla/5.0 (Linux; Android 6.0.1; Nexus 5X Build/MMB29P) AppleWebKit/537.36 (KHTML, like Gecko) Chrome/125.0.6422.175 Mobile Safari/537.36 (compatible; Googlebot/2.1; +http://www.google.com/bot.html)"
66.249.66.197 - - [28/Jun/2024:21:55:38 +1000] "GET /wp-content/plugins/woo-gutenberg-products-block/build/product-title.css?ver=10.8.1 HTTP/1.1" 200 1140 "http://www.pgkdistribution.com.au/product/pgk-1000v-dc-isolator/" "Mozilla/5.0 (Linux; Android 6.0.1; Nexus 5X Build/MMB29P) AppleWebKit/537.36 (KHTML, like Gecko) Chrome/125.0.6422.175 Mobile Safari/537.36 (compatible; Googlebot/2.1; +http://www.google.com/bot.html)"
66.249.66.197 - - [28/Jun/2024:21:55:39 +1000] "GET /wp-content/plugins/woo-gutenberg-products-block/build/product-stock-indicator.css?ver=10.8.1 HTTP/1.1" 200 664 "http://www.pgkdistribution.com.au/product/pgk-1000v-dc-isolator/" "Mozilla/5.0 (Linux; Android 6.0.1; Nexus 5X Build/MMB29P) AppleWebKit/537.36 (KHTML, like Gecko) Chrome/125.0.6422.175 Mobile Safari/537.36 (compatible; Googlebot/2.1; +http://www.google.com/bot.html)"
216.244.66.241 - - [28/Jun/2024:21:55:39 +1000] "GET /index.php/catalog/product_compare/add/product/125/uenc/aHR0cDovL3Bna2Rpc3RyaWJ1dGlvbi5jb20uYXUvc29sYXItcmFpbC9jbGVuZXJneS9raXRzLmh0bWw_ZGlyPWFzYyZsaW1pdD0xMCZtb2RlPWxpc3Qmb3JkZXI9bmFtZQ,,/ HTTP/1.1" 301 1157 "-" "Mozilla/5.0 (compatible; DotBot/1.2; +https://opensiteexplorer.org/dotbot; help@moz.com)"
66.249.66.197 - - [28/Jun/2024:21:55:40 +1000] "GET /wp-content/plugins/woo-gutenberg-products-block/build/product-categories.css?ver=10.8.1 HTTP/1.1" 200 1110 "http://www.pgkdistribution.com.au/product/pgk-1000v-dc-isolator/" "Mozilla/5.0 (Linux; Android 6.0.1; Nexus 5X Build/MMB29P) AppleWebKit/537.36 (KHTML, like Gecko) Chrome/125.0.6422.175 Mobile Safari/537.36 (compatible; Googlebot/2.1; +http://www.google.com/bot.html)"
66.249.66.197 - - [28/Jun/2024:21:55:40 +1000] "GET /wp-content/plugins/if-menu/assets/if-menu-site.css?ver=6.5.5 HTTP/1.1" 200 933 "http://www.pgkdistribution.com.au/product/pgk-1000v-dc-isolator/" "Mozilla/5.0 (Linux; Android 6.0.1; Nexus 5X Build/MMB29P) AppleWebKit/537.36 (KHTML, like Gecko) Chrome/125.0.6422.175 Mobile Safari/537.36 (compatible; Googlebot/2.1; +http://www.google.com/bot.html)"
66.249.66.197 - - [28/Jun/2024:21:55:41 +1000] "GET /wp-content/plugins/woo-gutenberg-products-block/build/stock-filter.css?ver=10.8.1 HTTP/1.1" 200 5460 "http://www.pgkdistribution.com.au/product/pgk-1000v-dc-isolator/" "Mozilla/5.0 (Linux; Android 6.0.1; Nexus 5X Build/MMB29P) AppleWebKit/537.36 (KHTML, like Gecko) Chrome/125.0.6422.175 Mobile Safari/537.36 (compatible; Googlebot/2.1; +http://www.google.com/bot.html)"
66.249.66.197 - - [28/Jun/2024:21:55:41 +1000] "GET /wp-content/plugins/hide-price-add-to-cart-button/assets/js/afwhp_front.js?ver=1.0 HTTP/1.1" 200 382 "http://www.pgkdistribution.com.au/product/pgk-1000v-dc-isolator/" "Mozilla/5.0 (Linux; Android 6.0.1; Nexus 5X Build/MMB29P) AppleWebKit/537.36 (KHTML, like Gecko) Chrome/125.0.6422.175 Mobile Safari/537.36 (compatible; Googlebot/2.1; +http://www.google.com/bot.html)"
216.244.66.241 - - [28/Jun/2024:21:55:41 +1000] "GET /index.php/catalog/product_compare/add/product/126/uenc/aHR0cDovL3Bna2Rpc3RyaWJ1dGlvbi5jb20uYXUvaW5kZXgucGhwL3NvbGFyLXJhaWwuaHRtbD9kaXI9ZGVzYyZsaW1pdD0xNSZtb2RlPWxpc3Qmb3JkZXI9bmFtZQ,,/ HTTP/1.1" 301 1153 "-" "Mozilla/5.0 (compatible; DotBot/1.2; +https://opensiteexplorer.org/dotbot; help@moz.com)"
66.249.66.197 - - [28/Jun/2024:21:55:42 +1000] "GET /wp-content/plugins/woo-gutenberg-products-block/build/product-rating.css?ver=10.8.1 HTTP/1.1" 200 679 "http://www.pgkdistribution.com.au/product/pgk-1000v-dc-isolator/" "Mozilla/5.0 (Linux; Android 6.0.1; Nexus 5X Build/MMB29P) AppleWebKit/537.36 (KHTML, like Gecko) Chrome/125.0.6422.175 Mobile Safari/537.36 (compatible; Googlebot/2.1; +http://www.google.com/bot.html)"
66.249.66.197 - - [28/Jun/2024:21:55:42 +1000] "GET /wp-content/plugins/woo-gutenberg-products-block/build/all-products.css?ver=10.8.1 HTTP/1.1" 200 5625 "http://www.pgkdistribution.com.au/product/pgk-1000v-dc-isolator/" "Mozilla/5.0 (Linux; Android 6.0.1; Nexus 5X Build/MMB29P) AppleWebKit/537.36 (KHTML, like Gecko) Chrome/125.0.6422.175 Mobile Safari/537.36 (compatible; Googlebot/2.1; +http://www.google.com/bot.html)"
