185.220.103.6 - - [29/Jun/2024:21:42:57 +1000] "GET /wp-config.txt HTTP/1.1" 301 982 "-" "Mozilla/5.0 (compatible; MSIE 9.0; Windows NT 6.1; Trident/5.0)"
185.220.103.6 - - [29/Jun/2024:21:42:58 +1000] "GET /wp-config.txt HTTP/1.1" 404 94418 "-" "Mozilla/5.0 (compatible; MSIE 9.0; Windows NT 6.1; Trident/5.0)"
185.220.103.6 - - [29/Jun/2024:21:43:01 +1000] "GET /wp-config.phpa HTTP/1.1" 301 983 "-" "Mozilla/5.0 (compatible; MSIE 9.0; Windows NT 6.1; Trident/5.0)"
185.220.103.6 - - [29/Jun/2024:21:43:02 +1000] "GET /wp-config.phpa HTTP/1.1" 404 94420 "-" "Mozilla/5.0 (compatible; MSIE 9.0; Windows NT 6.1; Trident/5.0)"
185.220.103.6 - - [29/Jun/2024:21:43:05 +1000] "GET /wp-config.old HTTP/1.1" 301 982 "-" "Mozilla/5.0 (compatible; MSIE 9.0; Windows NT 6.1; Trident/5.0)"
185.220.103.6 - - [29/Jun/2024:21:43:06 +1000] "GET /wp-config.old HTTP/1.1" 404 94456 "-" "Mozilla/5.0 (compatible; MSIE 9.0; Windows NT 6.1; Trident/5.0)"
185.220.103.6 - - [29/Jun/2024:21:43:11 +1000] "GET /wp-config.php.txt HTTP/1.1" 301 986 "-" "Mozilla/5.0 (compatible; MSIE 9.0; Windows NT 6.1; Trident/5.0)"
185.220.103.6 - - [29/Jun/2024:21:43:13 +1000] "GET /wp-config.php.txt HTTP/1.1" 404 94426 "-" "Mozilla/5.0 (compatible; MSIE 9.0; Windows NT 6.1; Trident/5.0)"
185.220.103.6 - - [29/Jun/2024:21:43:16 +1000] "GET /config HTTP/1.1" 301 975 "-" "Mozilla/5.0 (compatible; MSIE 9.0; Windows NT 6.1; Trident/5.0)"
185.220.103.6 - - [29/Jun/2024:21:43:21 +1000] "GET /wp-config. HTTP/1.1" 301 979 "-" "Mozilla/5.0 (compatible; MSIE 9.0; Windows NT 6.1; Trident/5.0)"
185.220.103.6 - - [29/Jun/2024:21:43:22 +1000] "GET /wp-config. HTTP/1.1" 301 608 "-" "Mozilla/5.0 (compatible; MSIE 9.0; Windows NT 6.1; Trident/5.0)"
185.220.103.6 - - [29/Jun/2024:21:43:24 +1000] "GET /wp-config HTTP/1.1" 404 94410 "-" "Mozilla/5.0 (compatible; MSIE 9.0; Windows NT 6.1; Trident/5.0)"
185.220.103.6 - - [29/Jun/2024:21:43:27 +1000] "GET /wp-config-backup.txt HTTP/1.1" 301 989 "-" "Mozilla/5.0 (compatible; MSIE 9.0; Windows NT 6.1; Trident/5.0)"
185.220.103.6 - - [29/Jun/2024:21:43:28 +1000] "GET /wp-config-backup.txt HTTP/1.1" 404 94432 "-" "Mozilla/5.0 (compatible; MSIE 9.0; Windows NT 6.1; Trident/5.0)"
185.220.103.6 - - [29/Jun/2024:21:43:32 +1000] "GET /wp-config-backup HTTP/1.1" 301 985 "-" "Mozilla/5.0 (compatible; MSIE 9.0; Windows NT 6.1; Trident/5.0)"
185.220.103.6 - - [29/Jun/2024:21:43:33 +1000] "GET /wp-config-backup HTTP/1.1" 404 94424 "-" "Mozilla/5.0 (compatible; MSIE 9.0; Windows NT 6.1; Trident/5.0)"
185.220.103.6 - - [29/Jun/2024:21:43:36 +1000] "GET /config.bak HTTP/1.1" 301 979 "-" "Mozilla/5.0 (compatible; MSIE 9.0; Windows NT 6.1; Trident/5.0)"
185.220.103.6 - - [29/Jun/2024:21:43:37 +1000] "GET /config.bak HTTP/1.1" 404 94412 "-" "Mozilla/5.0 (compatible; MSIE 9.0; Windows NT 6.1; Trident/5.0)"
185.220.103.6 - - [29/Jun/2024:21:43:41 +1000] "GET /config.old HTTP/1.1" 301 979 "-" "Mozilla/5.0 (compatible; MSIE 9.0; Windows NT 6.1; Trident/5.0)"
185.220.103.6 - - [29/Jun/2024:21:43:44 +1000] "GET /config.old HTTP/1.1" 404 94412 "-" "Mozilla/5.0 (compatible; MSIE 9.0; Windows NT 6.1; Trident/5.0)"
185.220.101.134 - - [29/Jun/2024:21:43:47 +1000] "GET /config.php~ HTTP/1.1" 301 980 "-" "Mozilla/5.0 (compatible; MSIE 9.0; Windows NT 6.1; Trident/5.0)"
23.154.177.4 - - [29/Jun/2024:21:45:32 +1000] "GET /wp-config.php~~~ HTTP/1.1" 301 985 "-" "Mozilla/5.0 (compatible; MSIE 9.0; Windows NT 6.1; Trident/5.0)"
111.67.29.221 - - [29/Jun/2024:21:45:39 +1000] "POST /wp-cron.php?doing_wp_cron=1719661539.6417961120605468750000 HTTP/1.1" 200 296 "-" "WordPress/6.5.5; https://www.pgkdistribution.com.au"
23.154.177.4 - - [29/Jun/2024:21:45:34 +1000] "GET /wp-config.php~~~ HTTP/1.1" 404 94424 "-" "Mozilla/5.0 (compatible; MSIE 9.0; Windows NT 6.1; Trident/5.0)"
107.189.14.4 - - [29/Jun/2024:21:45:43 +1000] "GET /wp-config.phptmp HTTP/1.1" 301 985 "-" "Mozilla/5.0 (compatible; MSIE 9.0; Windows NT 6.1; Trident/5.0)"
111.67.29.221 - - [29/Jun/2024:21:45:50 +1000] "POST /wp-cron.php?doing_wp_cron=1719661550.5050079822540283203125 HTTP/1.1" 200 296 "-" "WordPress/6.5.5; https://www.pgkdistribution.com.au"
107.189.14.4 - - [29/Jun/2024:21:45:45 +1000] "GET /wp-config.phptmp HTTP/1.1" 404 94424 "-" "Mozilla/5.0 (compatible; MSIE 9.0; Windows NT 6.1; Trident/5.0)"
107.189.14.4 - - [29/Jun/2024:21:45:59 +1000] "GET /wp-config.php.bak HTTP/1.1" 301 986 "-" "Mozilla/5.0 (compatible; MSIE 9.0; Windows NT 6.1; Trident/5.0)"
107.189.14.4 - - [29/Jun/2024:21:46:02 +1000] "GET /wp-config.php.bak HTTP/1.1" 404 94426 "-" "Mozilla/5.0 (compatible; MSIE 9.0; Windows NT 6.1; Trident/5.0)"
107.189.14.4 - - [29/Jun/2024:21:46:08 +1000] "GET /wp-config-sample.php~ HTTP/1.1" 301 990 "-" "Mozilla/5.0 (compatible; MSIE 9.0; Windows NT 6.1; Trident/5.0)"
107.189.14.4 - - [29/Jun/2024:21:46:10 +1000] "GET /wp-config-sample.php~ HTTP/1.1" 404 94434 "-" "Mozilla/5.0 (compatible; MSIE 9.0; Windows NT 6.1; Trident/5.0)"
107.189.14.4 - - [29/Jun/2024:21:46:13 +1000] "GET /wp-config.phpbak HTTP/1.1" 301 985 "-" "Mozilla/5.0 (compatible; MSIE 9.0; Windows NT 6.1; Trident/5.0)"
107.189.14.4 - - [29/Jun/2024:21:46:14 +1000] "GET /wp-config.phpbak HTTP/1.1" 404 94424 "-" "Mozilla/5.0 (compatible; MSIE 9.0; Windows NT 6.1; Trident/5.0)"
107.189.14.4 - - [29/Jun/2024:21:46:20 +1000] "GET /wp-config.prod.php.txt HTTP/1.1" 301 991 "-" "Mozilla/5.0 (compatible; MSIE 9.0; Windows NT 6.1; Trident/5.0)"
107.189.14.4 - - [29/Jun/2024:21:46:27 +1000] "GET /wp-config.php_old HTTP/1.1" 301 986 "-" "Mozilla/5.0 (compatible; MSIE 9.0; Windows NT 6.1; Trident/5.0)"
107.189.14.4 - - [29/Jun/2024:21:46:30 +1000] "GET /wp-config.php_old HTTP/1.1" 404 94426 "-" "Mozilla/5.0 (compatible; MSIE 9.0; Windows NT 6.1; Trident/5.0)"
107.189.14.4 - - [29/Jun/2024:21:46:40 +1000] "GET /wp-config.php_ HTTP/1.1" 301 983 "-" "Mozilla/5.0 (compatible; MSIE 9.0; Windows NT 6.1; Trident/5.0)"
107.189.14.4 - - [29/Jun/2024:21:46:41 +1000] "GET /wp-config.php_ HTTP/1.1" 404 94420 "-" "Mozilla/5.0 (compatible; MSIE 9.0; Windows NT 6.1; Trident/5.0)"
107.189.14.4 - - [29/Jun/2024:21:46:45 +1000] "GET /wp-config.php.in HTTP/1.1" 301 985 "-" "Mozilla/5.0 (compatible; MSIE 9.0; Windows NT 6.1; Trident/5.0)"
107.189.14.4 - - [29/Jun/2024:21:46:48 +1000] "GET /wp-config.php.in HTTP/1.1" 404 94424 "-" "Mozilla/5.0 (compatible; MSIE 9.0; Windows NT 6.1; Trident/5.0)"
107.189.14.4 - - [29/Jun/2024:21:46:53 +1000] "GET /wp-config.php.sample HTTP/1.1" 301 989 "-" "Mozilla/5.0 (compatible; MSIE 9.0; Windows NT 6.1; Trident/5.0)"
111.67.29.221 - - [29/Jun/2024:21:46:57 +1000] "POST /wp-cron.php?doing_wp_cron=1719661617.2059938907623291015625 HTTP/1.1" 200 296 "-" "WordPress/6.5.5; https://www.pgkdistribution.com.au"
107.189.14.4 - - [29/Jun/2024:21:46:55 +1000] "GET /wp-config.php.sample HTTP/1.1" 404 94447 "-" "Mozilla/5.0 (compatible; MSIE 9.0; Windows NT 6.1; Trident/5.0)"
107.189.14.4 - - [29/Jun/2024:21:47:02 +1000] "GET /wp-config.local.php HTTP/1.1" 301 988 "-" "Mozilla/5.0 (compatible; MSIE 9.0; Windows NT 6.1; Trident/5.0)"
107.189.14.4 - - [29/Jun/2024:21:47:03 +1000] "GET /wp-config.local.php HTTP/1.1" 404 94430 "-" "Mozilla/5.0 (compatible; MSIE 9.0; Windows NT 6.1; Trident/5.0)"
107.189.14.4 - - [29/Jun/2024:21:47:08 +1000] "GET /wp-config.html HTTP/1.1" 301 983 "-" "Mozilla/5.0 (compatible; MSIE 9.0; Windows NT 6.1; Trident/5.0)"
107.189.14.4 - - [29/Jun/2024:21:47:10 +1000] "GET /wp-config.html HTTP/1.1" 404 94420 "-" "Mozilla/5.0 (compatible; MSIE 9.0; Windows NT 6.1; Trident/5.0)"
107.189.14.4 - - [29/Jun/2024:21:47:14 +1000] "GET /wp-config.htm HTTP/1.1" 301 982 "-" "Mozilla/5.0 (compatible; MSIE 9.0; Windows NT 6.1; Trident/5.0)"
107.189.14.4 - - [29/Jun/2024:21:47:15 +1000] "GET /wp-config.htm HTTP/1.1" 404 94418 "-" "Mozilla/5.0 (compatible; MSIE 9.0; Windows NT 6.1; Trident/5.0)"
107.189.14.4 - - [29/Jun/2024:21:47:22 +1000] "GET /wp-config.phpn HTTP/1.1" 301 983 "-" "Mozilla/5.0 (compatible; MSIE 9.0; Windows NT 6.1; Trident/5.0)"
107.189.14.4 - - [29/Jun/2024:21:47:23 +1000] "GET /wp-config.phpn HTTP/1.1" 404 94420 "-" "Mozilla/5.0 (compatible; MSIE 9.0; Windows NT 6.1; Trident/5.0)"
107.189.14.4 - - [29/Jun/2024:21:47:31 +1000] "GET /wp-config.php~~~~ HTTP/1.1" 301 986 "-" "Mozilla/5.0 (compatible; MSIE 9.0; Windows NT 6.1; Trident/5.0)"
107.189.14.4 - - [29/Jun/2024:21:47:34 +1000] "GET /wp-config.php~~~~ HTTP/1.1" 404 94426 "-" "Mozilla/5.0 (compatible; MSIE 9.0; Windows NT 6.1; Trident/5.0)"
107.189.14.4 - - [29/Jun/2024:21:47:39 +1000] "GET /wp-config-sample.php.bak HTTP/1.1" 301 993 "-" "Mozilla/5.0 (compatible; MSIE 9.0; Windows NT 6.1; Trident/5.0)"
107.189.14.4 - - [29/Jun/2024:21:47:41 +1000] "GET /wp-config-sample.php.bak HTTP/1.1" 404 94440 "-" "Mozilla/5.0 (compatible; MSIE 9.0; Windows NT 6.1; Trident/5.0)"
107.189.14.4 - - [29/Jun/2024:21:47:46 +1000] "GET /wp-config.php.backup.txt HTTP/1.1" 301 993 "-" "Mozilla/5.0 (compatible; MSIE 9.0; Windows NT 6.1; Trident/5.0)"
111.67.29.221 - - [29/Jun/2024:21:47:51 +1000] "POST /wp-cron.php?doing_wp_cron=1719661671.1024420261383056640625 HTTP/1.1" 200 296 "-" "WordPress/6.5.5; https://www.pgkdistribution.com.au"
35.240.72.170 - - [29/Jun/2024:21:47:49 +1000] "GET / HTTP/1.1" 301 497 "-" "Mozilla/5.0 (Windows NT 10.0; Win64; x64) AppleWebKit/537.36 (KHTML, like Gecko) Chrome/84.0.4147.105 Safari/537.36"
107.189.14.4 - - [29/Jun/2024:21:47:50 +1000] "GET /wp-config.php.backup.txt HTTP/1.1" 404 94440 "-" "Mozilla/5.0 (compatible; MSIE 9.0; Windows NT 6.1; Trident/5.0)"
107.189.14.4 - - [29/Jun/2024:21:48:01 +1000] "GET /wp-config.php.backup HTTP/1.1" 301 989 "-" "Mozilla/5.0 (compatible; MSIE 9.0; Windows NT 6.1; Trident/5.0)"
107.189.14.4 - - [29/Jun/2024:21:48:03 +1000] "GET /wp-config.php.backup HTTP/1.1" 404 94447 "-" "Mozilla/5.0 (compatible; MSIE 9.0; Windows NT 6.1; Trident/5.0)"
185.220.101.56 - - [29/Jun/2024:21:48:09 +1000] "GET /config.txt HTTP/1.1" 301 979 "-" "Mozilla/5.0 (compatible; MSIE 9.0; Windows NT 6.1; Trident/5.0)"
185.220.101.56 - - [29/Jun/2024:21:48:10 +1000] "GET /config.txt HTTP/1.1" 404 94412 "-" "Mozilla/5.0 (compatible; MSIE 9.0; Windows NT 6.1; Trident/5.0)"
185.220.101.56 - - [29/Jun/2024:21:48:13 +1000] "GET /wp-config-sample.php~~ HTTP/1.1" 301 991 "-" "Mozilla/5.0 (compatible; MSIE 9.0; Windows NT 6.1; Trident/5.0)"
185.220.101.56 - - [29/Jun/2024:21:48:14 +1000] "GET /wp-config-sample.php~~ HTTP/1.1" 404 94436 "-" "Mozilla/5.0 (compatible; MSIE 9.0; Windows NT 6.1; Trident/5.0)"
185.220.101.56 - - [29/Jun/2024:21:48:20 +1000] "GET /wp-config.phpo HTTP/1.1" 301 983 "-" "Mozilla/5.0 (compatible; MSIE 9.0; Windows NT 6.1; Trident/5.0)"
185.220.101.56 - - [29/Jun/2024:21:48:22 +1000] "GET /wp-config.phpo HTTP/1.1" 404 94420 "-" "Mozilla/5.0 (compatible; MSIE 9.0; Windows NT 6.1; Trident/5.0)"
185.220.101.56 - - [29/Jun/2024:21:48:25 +1000] "GET /wp-config.phpd HTTP/1.1" 301 983 "-" "Mozilla/5.0 (compatible; MSIE 9.0; Windows NT 6.1; Trident/5.0)"
185.220.101.56 - - [29/Jun/2024:21:48:26 +1000] "GET /wp-config.phpd HTTP/1.1" 404 94420 "-" "Mozilla/5.0 (compatible; MSIE 9.0; Windows NT 6.1; Trident/5.0)"
185.220.101.56 - - [29/Jun/2024:21:48:36 +1000] "GET /wp-config.phpe HTTP/1.1" 301 983 "-" "Mozilla/5.0 (compatible; MSIE 9.0; Windows NT 6.1; Trident/5.0)"
185.220.101.56 - - [29/Jun/2024:21:48:38 +1000] "GET /wp-config.phpe HTTP/1.1" 404 94427 "-" "Mozilla/5.0 (compatible; MSIE 9.0; Windows NT 6.1; Trident/5.0)"
185.220.101.56 - - [29/Jun/2024:21:48:42 +1000] "GET /wp-config.php.com HTTP/1.1" 301 986 "-" "Mozilla/5.0 (compatible; MSIE 9.0; Windows NT 6.1; Trident/5.0)"
185.220.101.56 - - [29/Jun/2024:21:48:44 +1000] "GET /wp-config.php.com HTTP/1.1" 404 94426 "-" "Mozilla/5.0 (compatible; MSIE 9.0; Windows NT 6.1; Trident/5.0)"
185.220.101.56 - - [29/Jun/2024:21:48:52 +1000] "GET /wp-config.php.us HTTP/1.1" 301 985 "-" "Mozilla/5.0 (compatible; MSIE 9.0; Windows NT 6.1; Trident/5.0)"
111.67.29.221 - - [29/Jun/2024:21:48:55 +1000] "POST /wp-cron.php?doing_wp_cron=1719661735.7347259521484375000000 HTTP/1.1" 200 296 "-" "WordPress/6.5.5; https://www.pgkdistribution.com.au"
185.220.101.56 - - [29/Jun/2024:21:48:54 +1000] "GET /wp-config.php.us HTTP/1.1" 404 94424 "-" "Mozilla/5.0 (compatible; MSIE 9.0; Windows NT 6.1; Trident/5.0)"
185.220.100.242 - - [29/Jun/2024:21:54:16 +1000] "GET / HTTP/1.1" 301 969 "http://pgkdistribution.com.au" "Mozilla/5.0 (Macintosh; Intel Mac OS X 10_12_5) AppleWebKit/603.2.4 (KHTML, like Gecko) Version/10.1.1 Safari/603.2.4"
111.67.29.221 - - [29/Jun/2024:21:54:22 +1000] "POST /wp-cron.php?doing_wp_cron=1719662062.2827370166778564453125 HTTP/1.1" 200 296 "-" "WordPress/6.5.5; https://www.pgkdistribution.com.au"
185.220.100.242 - - [29/Jun/2024:21:54:17 +1000] "GET / HTTP/1.1" 301 497 "http://pgkdistribution.com.au" "Mozilla/5.0 (Macintosh; Intel Mac OS X 10_12_5) AppleWebKit/603.2.4 (KHTML, like Gecko) Version/10.1.1 Safari/603.2.4"
34.82.194.54 - - [29/Jun/2024:22:00:46 +1000] "GET / HTTP/1.1" 301 969 "-" "Mozilla/5.0 (Windows NT 10.0; Win64; x64) AppleWebKit/537.36 (KHTML, like Gecko) Chrome/78.0.3904.108 Safari/537.36"
111.67.29.221 - - [29/Jun/2024:22:00:53 +1000] "POST /wp-cron.php?doing_wp_cron=1719662453.7887680530548095703125 HTTP/1.1" 200 296 "-" "WordPress/6.5.5; https://www.pgkdistribution.com.au"
34.82.194.54 - - [29/Jun/2024:22:00:47 +1000] "GET / HTTP/1.1" 301 497 "-" "Mozilla/5.0 (Windows NT 10.0; Win64; x64) AppleWebKit/537.36 (KHTML, like Gecko) Chrome/78.0.3904.108 Safari/537.36"
103.231.88.202 - - [29/Jun/2024:22:04:29 +1000] "GET / HTTP/1.1" 301 460 "-" "Mozilla/5.0 (Windows NT 10.0) AppleWebKit/537.36 (KHTML, like Gecko) Chrome/118.0.0.0 Safari/537.36"
45.33.1.206 - - [29/Jun/2024:22:06:55 +1000] "HEAD /wordpress HTTP/1.1" 301 225 "-" "Mozilla/5.0 (Windows NT 10.0; Win64; x64) AppleWebKit/537.36 (KHTML, like Gecko) Chrome/74.0.3729.169 Safari/537.36"
111.67.29.221 - - [29/Jun/2024:22:07:00 +1000] "POST /wp-cron.php?doing_wp_cron=1719662820.7986600399017333984375 HTTP/1.1" 200 296 "-" "WordPress/6.5.5; https://www.pgkdistribution.com.au"
45.33.1.206 - - [29/Jun/2024:22:06:55 +1000] "HEAD /wordpress HTTP/1.1" 404 578 "http://pgkdistribution.com.au/wordpress" "Mozilla/5.0 (Windows NT 10.0; Win64; x64) AppleWebKit/537.36 (KHTML, like Gecko) Chrome/74.0.3729.169 Safari/537.36"
45.33.1.206 - - [29/Jun/2024:22:07:01 +1000] "HEAD / HTTP/1.1" 301 216 "-" "Mozilla/5.0 (Windows NT 10.0; Win64; x64) AppleWebKit/537.36 (KHTML, like Gecko) Chrome/74.0.3729.169 Safari/537.36"
45.33.1.206 - - [29/Jun/2024:22:07:01 +1000] "HEAD / HTTP/1.1" 301 478 "http://pgkdistribution.com.au/" "Mozilla/5.0 (Windows NT 10.0; Win64; x64) AppleWebKit/537.36 (KHTML, like Gecko) Chrome/74.0.3729.169 Safari/537.36"
45.33.1.206 - - [29/Jun/2024:22:07:05 +1000] "HEAD /wp HTTP/1.1" 301 218 "-" "Mozilla/5.0 (Windows NT 10.0; Win64; x64) AppleWebKit/537.36 (KHTML, like Gecko) Chrome/74.0.3729.169 Safari/537.36"
45.33.1.206 - - [29/Jun/2024:22:07:05 +1000] "HEAD /wp HTTP/1.1" 404 571 "http://pgkdistribution.com.au/wp" "Mozilla/5.0 (Windows NT 10.0; Win64; x64) AppleWebKit/537.36 (KHTML, like Gecko) Chrome/74.0.3729.169 Safari/537.36"
45.33.1.206 - - [29/Jun/2024:22:07:07 +1000] "HEAD /bc HTTP/1.1" 301 218 "-" "Mozilla/5.0 (Windows NT 10.0; Win64; x64) AppleWebKit/537.36 (KHTML, like Gecko) Chrome/74.0.3729.169 Safari/537.36"
45.33.1.206 - - [29/Jun/2024:22:07:07 +1000] "HEAD /bc HTTP/1.1" 404 571 "http://pgkdistribution.com.au/bc" "Mozilla/5.0 (Windows NT 10.0; Win64; x64) AppleWebKit/537.36 (KHTML, like Gecko) Chrome/74.0.3729.169 Safari/537.36"
45.33.1.206 - - [29/Jun/2024:22:07:08 +1000] "HEAD /bk HTTP/1.1" 301 218 "-" "Mozilla/5.0 (Windows NT 10.0; Win64; x64) AppleWebKit/537.36 (KHTML, like Gecko) Chrome/74.0.3729.169 Safari/537.36"
45.33.1.206 - - [29/Jun/2024:22:07:08 +1000] "HEAD /bk HTTP/1.1" 404 571 "http://pgkdistribution.com.au/bk" "Mozilla/5.0 (Windows NT 10.0; Win64; x64) AppleWebKit/537.36 (KHTML, like Gecko) Chrome/74.0.3729.169 Safari/537.36"
45.33.1.206 - - [29/Jun/2024:22:07:10 +1000] "HEAD /backup HTTP/1.1" 301 222 "-" "Mozilla/5.0 (Windows NT 10.0; Win64; x64) AppleWebKit/537.36 (KHTML, like Gecko) Chrome/74.0.3729.169 Safari/537.36"
45.33.1.206 - - [29/Jun/2024:22:07:10 +1000] "HEAD /backup HTTP/1.1" 404 575 "http://pgkdistribution.com.au/backup" "Mozilla/5.0 (Windows NT 10.0; Win64; x64) AppleWebKit/537.36 (KHTML, like Gecko) Chrome/74.0.3729.169 Safari/537.36"
45.33.1.206 - - [29/Jun/2024:22:07:11 +1000] "HEAD /old HTTP/1.1" 301 219 "-" "Mozilla/5.0 (Windows NT 10.0; Win64; x64) AppleWebKit/537.36 (KHTML, like Gecko) Chrome/74.0.3729.169 Safari/537.36"
45.33.1.206 - - [29/Jun/2024:22:07:12 +1000] "HEAD /old HTTP/1.1" 404 572 "http://pgkdistribution.com.au/old" "Mozilla/5.0 (Windows NT 10.0; Win64; x64) AppleWebKit/537.36 (KHTML, like Gecko) Chrome/74.0.3729.169 Safari/537.36"
45.33.1.206 - - [29/Jun/2024:22:07:13 +1000] "HEAD /new HTTP/1.1" 301 219 "-" "Mozilla/5.0 (Windows NT 10.0; Win64; x64) AppleWebKit/537.36 (KHTML, like Gecko) Chrome/74.0.3729.169 Safari/537.36"
45.33.1.206 - - [29/Jun/2024:22:07:13 +1000] "HEAD /new HTTP/1.1" 404 572 "http://pgkdistribution.com.au/new" "Mozilla/5.0 (Windows NT 10.0; Win64; x64) AppleWebKit/537.36 (KHTML, like Gecko) Chrome/74.0.3729.169 Safari/537.36"
45.33.1.206 - - [29/Jun/2024:22:07:14 +1000] "HEAD /main HTTP/1.1" 301 220 "-" "Mozilla/5.0 (Windows NT 10.0; Win64; x64) AppleWebKit/537.36 (KHTML, like Gecko) Chrome/74.0.3729.169 Safari/537.36"
45.33.1.206 - - [29/Jun/2024:22:07:15 +1000] "HEAD /main HTTP/1.1" 404 573 "http://pgkdistribution.com.au/main" "Mozilla/5.0 (Windows NT 10.0; Win64; x64) AppleWebKit/537.36 (KHTML, like Gecko) Chrome/74.0.3729.169 Safari/537.36"
45.33.1.206 - - [29/Jun/2024:22:07:16 +1000] "HEAD /home HTTP/1.1" 301 220 "-" "Mozilla/5.0 (Windows NT 10.0; Win64; x64) AppleWebKit/537.36 (KHTML, like Gecko) Chrome/74.0.3729.169 Safari/537.36"
45.33.1.206 - - [29/Jun/2024:22:07:16 +1000] "HEAD /home HTTP/1.1" 301 482 "http://pgkdistribution.com.au/home" "Mozilla/5.0 (Windows NT 10.0; Win64; x64) AppleWebKit/537.36 (KHTML, like Gecko) Chrome/74.0.3729.169 Safari/537.36"
20.191.45.212 - - [29/Jun/2024:22:22:08 +1000] "GET / HTTP/1.1" 301 969 "http://pgkdistribution.com.au/" "DuckDuckBot/1.1; (+http://duckduckgo.com/duckduckbot.html)"
111.67.29.221 - - [29/Jun/2024:22:22:15 +1000] "POST /wp-cron.php?doing_wp_cron=1719663734.9903841018676757812500 HTTP/1.1" 200 296 "-" "WordPress/6.5.5; https://www.pgkdistribution.com.au"
20.191.45.212 - - [29/Jun/2024:22:22:09 +1000] "GET / HTTP/1.1" 301 497 "http://www.pgkdistribution.com.au/" "DuckDuckBot/1.1; (+http://duckduckgo.com/duckduckbot.html)"
66.249.66.198 - - [29/Jun/2024:22:31:06 +1000] "GET /wp-content/uploads/2021/06/ER-I-23.jpg HTTP/1.1" 200 31734 "-" "Googlebot-Image/1.0"
66.249.66.198 - - [29/Jun/2024:22:43:06 +1000] "GET /wp-content/uploads/2021/06/SE006-500x500-1.jpg HTTP/1.1" 200 39406 "-" "Googlebot-Image/1.0"
51.159.101.199 - - [29/Jun/2024:23:23:34 +1000] "HEAD / HTTP/1.1" 301 216 "-" "curl/7.81.0"
51.159.101.199 - - [29/Jun/2024:23:23:41 +1000] "GET / HTTP/1.1" 301 969 "-" "Mozilla/5.0 (Windows NT 10.0; Win64; x64) AppleWebKit/537.36 (KHTML, like Gecko) Chrome/124.0.0.0 Safari/537.3"
111.67.29.221 - - [29/Jun/2024:23:23:46 +1000] "POST /wp-cron.php?doing_wp_cron=1719667426.5357599258422851562500 HTTP/1.1" 200 296 "-" "WordPress/6.5.5; https://www.pgkdistribution.com.au"
51.159.101.199 - - [29/Jun/2024:23:23:41 +1000] "GET / HTTP/1.1" 301 497 "-" "Mozilla/5.0 (Windows NT 10.0; Win64; x64) AppleWebKit/537.36 (KHTML, like Gecko) Chrome/124.0.0.0 Safari/537.3"
51.159.101.199 - - [29/Jun/2024:23:23:52 +1000] "GET /favicon.ico HTTP/1.1" 301 980 "-" "Mozilla/5.0 (Windows NT 10.0; Win64; x64) AppleWebKit/537.36 (KHTML, like Gecko) Chrome/124.0.0.0 Safari/537.3"
51.159.101.199 - - [29/Jun/2024:23:23:53 +1000] "GET /favicon.ico HTTP/1.1" 404 931 "-" "Mozilla/5.0 (Windows NT 10.0; Win64; x64) AppleWebKit/537.36 (KHTML, like Gecko) Chrome/124.0.0.0 Safari/537.3"
51.159.101.199 - - [29/Jun/2024:23:23:54 +1000] "GET /ads.txt HTTP/1.1" 301 976 "-" "Mozilla/5.0 (Windows NT 10.0; Win64; x64) AppleWebKit/537.36 (KHTML, like Gecko) Chrome/124.0.0.0 Safari/537.3"
111.67.29.221 - - [29/Jun/2024:23:23:59 +1000] "POST /wp-cron.php?doing_wp_cron=1719667439.9413249492645263671875 HTTP/1.1" 200 296 "-" "WordPress/6.5.5; https://www.pgkdistribution.com.au"
51.159.101.199 - - [29/Jun/2024:23:24:00 +1000] "GET /app-ads.txt HTTP/1.1" 301 980 "-" "Mozilla/5.0 (Windows NT 10.0; Win64; x64) AppleWebKit/537.36 (KHTML, like Gecko) Chrome/124.0.0.0 Safari/537.3"
51.159.101.199 - - [29/Jun/2024:23:23:55 +1000] "GET /ads.txt HTTP/1.1" 404 17220 "-" "Mozilla/5.0 (Windows NT 10.0; Win64; x64) AppleWebKit/537.36 (KHTML, like Gecko) Chrome/124.0.0.0 Safari/537.3"
51.159.101.199 - - [29/Jun/2024:23:24:01 +1000] "GET /app-ads.txt HTTP/1.1" 404 20204 "-" "Mozilla/5.0 (Windows NT 10.0; Win64; x64) AppleWebKit/537.36 (KHTML, like Gecko) Chrome/124.0.0.0 Safari/537.3"
51.159.101.199 - - [29/Jun/2024:23:24:04 +1000] "GET /sellers.json HTTP/1.1" 301 981 "-" "Mozilla/5.0 (Windows NT 10.0; Win64; x64) AppleWebKit/537.36 (KHTML, like Gecko) Chrome/124.0.0.0 Safari/537.3"
62.210.90.211 - - [29/Jun/2024:23:37:02 +1000] "HEAD / HTTP/1.1" 301 216 "-" "curl/7.81.0"
62.210.90.211 - - [29/Jun/2024:23:37:03 +1000] "GET / HTTP/1.1" 301 969 "-" "Mozilla/5.0 (Windows NT 10.0; Win64; x64) AppleWebKit/537.36 (KHTML, like Gecko) Chrome/124.0.0.0 Safari/537.3"
62.210.90.211 - - [29/Jun/2024:23:37:04 +1000] "GET / HTTP/1.1" 301 497 "-" "Mozilla/5.0 (Windows NT 10.0; Win64; x64) AppleWebKit/537.36 (KHTML, like Gecko) Chrome/124.0.0.0 Safari/537.3"
62.210.90.211 - - [29/Jun/2024:23:37:11 +1000] "GET /favicon.ico HTTP/1.1" 301 980 "-" "Mozilla/5.0 (Windows NT 10.0; Win64; x64) AppleWebKit/537.36 (KHTML, like Gecko) Chrome/124.0.0.0 Safari/537.3"
62.210.90.211 - - [29/Jun/2024:23:37:11 +1000] "GET /favicon.ico HTTP/1.1" 404 931 "-" "Mozilla/5.0 (Windows NT 10.0; Win64; x64) AppleWebKit/537.36 (KHTML, like Gecko) Chrome/124.0.0.0 Safari/537.3"
62.210.90.211 - - [29/Jun/2024:23:37:13 +1000] "GET /ads.txt HTTP/1.1" 301 976 "-" "Mozilla/5.0 (Windows NT 10.0; Win64; x64) AppleWebKit/537.36 (KHTML, like Gecko) Chrome/124.0.0.0 Safari/537.3"
62.210.90.211 - - [29/Jun/2024:23:37:13 +1000] "GET /ads.txt HTTP/1.1" 404 20198 "-" "Mozilla/5.0 (Windows NT 10.0; Win64; x64) AppleWebKit/537.36 (KHTML, like Gecko) Chrome/124.0.0.0 Safari/537.3"
62.210.90.211 - - [29/Jun/2024:23:37:16 +1000] "GET /app-ads.txt HTTP/1.1" 301 980 "-" "Mozilla/5.0 (Windows NT 10.0; Win64; x64) AppleWebKit/537.36 (KHTML, like Gecko) Chrome/124.0.0.0 Safari/537.3"
62.210.90.211 - - [29/Jun/2024:23:37:16 +1000] "GET /app-ads.txt HTTP/1.1" 404 20204 "-" "Mozilla/5.0 (Windows NT 10.0; Win64; x64) AppleWebKit/537.36 (KHTML, like Gecko) Chrome/124.0.0.0 Safari/537.3"
62.210.90.211 - - [29/Jun/2024:23:37:19 +1000] "GET /sellers.json HTTP/1.1" 301 981 "-" "Mozilla/5.0 (Windows NT 10.0; Win64; x64) AppleWebKit/537.36 (KHTML, like Gecko) Chrome/124.0.0.0 Safari/537.3"
62.210.90.211 - - [29/Jun/2024:23:37:19 +1000] "GET /sellers.json HTTP/1.1" 404 20205 "-" "Mozilla/5.0 (Windows NT 10.0; Win64; x64) AppleWebKit/537.36 (KHTML, like Gecko) Chrome/124.0.0.0 Safari/537.3"
52.230.152.222 - - [29/Jun/2024:23:49:58 +1000] "GET /robots.txt HTTP/1.1" 301 942 "-" "Mozilla/5.0 AppleWebKit/537.36 (KHTML, like Gecko; compatible; GPTBot/1.0; +https://openai.com/gptbot)"
111.67.29.221 - - [29/Jun/2024:23:50:05 +1000] "POST /wp-cron.php?doing_wp_cron=1719669005.5813379287719726562500 HTTP/1.1" 200 296 "-" "WordPress/6.5.5; https://www.pgkdistribution.com.au"
52.230.152.222 - - [29/Jun/2024:23:49:59 +1000] "GET /robots.txt HTTP/1.1" 200 679 "http://pgkdistribution.com.au/robots.txt" "Mozilla/5.0 AppleWebKit/537.36 (KHTML, like Gecko; compatible; GPTBot/1.0; +https://openai.com/gptbot)"
52.230.152.187 - - [29/Jun/2024:23:50:10 +1000] "GET / HTTP/1.1" 301 932 "-" "Mozilla/5.0 AppleWebKit/537.36 (KHTML, like Gecko; compatible; GPTBot/1.0; +https://openai.com/gptbot)"
52.230.152.11 - - [29/Jun/2024:23:50:16 +1000] "GET /robots.txt HTTP/1.1" 200 679 "-" "Mozilla/5.0 AppleWebKit/537.36 (KHTML, like Gecko; compatible; GPTBot/1.0; +https://openai.com/gptbot)"
66.249.66.86 - - [30/Jun/2024:00:03:45 +1000] "GET /ads.txt HTTP/1.1" 301 976 "-" "Mozilla/5.0 (compatible; Googlebot/2.1; +http://www.google.com/bot.html)"
66.249.66.86 - - [30/Jun/2024:00:03:45 +1000] "GET /robots.txt HTTP/1.1" 301 979 "-" "Mozilla/5.0 (compatible; Googlebot/2.1; +http://www.google.com/bot.html)"
111.67.29.221 - - [30/Jun/2024:00:03:50 +1000] "POST /wp-cron.php?doing_wp_cron=1719669830.5699870586395263671875 HTTP/1.1" 200 296 "-" "WordPress/6.5.5; https://www.pgkdistribution.com.au"
66.249.66.197 - - [30/Jun/2024:00:03:45 +1000] "GET /robots.txt HTTP/1.1" 200 716 "-" "Mozilla/5.0 (compatible; Googlebot/2.1; +http://www.google.com/bot.html)"
103.131.71.20 - - [30/Jun/2024:00:18:04 +1000] "GET /robots.txt HTTP/1.1" 301 942 "-" "Mozilla/5.0 (compatible; coccocbot-image/1.0; +http://help.coccoc.com/searchengine)"
111.67.29.221 - - [30/Jun/2024:00:18:12 +1000] "POST /wp-cron.php?doing_wp_cron=1719670691.8988790512084960937500 HTTP/1.1" 200 296 "-" "WordPress/6.5.5; https://www.pgkdistribution.com.au"
103.131.71.20 - - [30/Jun/2024:00:18:07 +1000] "GET /robots.txt HTTP/1.1" 200 679 "-" "Mozilla/5.0 (compatible; coccocbot-image/1.0; +http://help.coccoc.com/searchengine)"
103.131.71.36 - - [30/Jun/2024:00:20:30 +1000] "GET /robots.txt HTTP/1.1" 200 679 "-" "Mozilla/5.0 (compatible; coccocbot-image/1.0; +http://help.coccoc.com/searchengine)"
103.231.88.202 - - [30/Jun/2024:00:31:47 +1000] "GET / HTTP/1.1" 301 460 "-" "Mozilla/5.0 (Windows NT 10.0) AppleWebKit/537.36 (KHTML, like Gecko) Chrome/118.0.0.0 Safari/537.36"
66.249.66.87 - - [30/Jun/2024:00:32:32 +1000] "GET / HTTP/1.1" 301 969 "-" "Mozilla/5.0 (Linux; Android 6.0.1; Nexus 5X Build/MMB29P) AppleWebKit/537.36 (KHTML, like Gecko) Chrome/125.0.6422.175 Mobile Safari/537.36 (compatible; Googlebot/2.1; +http://www.google.com/bot.html)"
66.249.66.197 - - [30/Jun/2024:00:32:33 +1000] "GET / HTTP/1.1" 301 497 "-" "Mozilla/5.0 (Linux; Android 6.0.1; Nexus 5X Build/MMB29P) AppleWebKit/537.36 (KHTML, like Gecko) Chrome/125.0.6422.175 Mobile Safari/537.36 (compatible; Googlebot/2.1; +http://www.google.com/bot.html)"
111.67.29.221 - - [30/Jun/2024:00:33:52 +1000] "POST /wp-cron.php?doing_wp_cron=1719671632.2717449665069580078125 HTTP/1.1" 200 296 "-" "WordPress/6.5.5; https://www.pgkdistribution.com.au"
66.249.66.197 - - [30/Jun/2024:00:33:47 +1000] "GET /ads.txt HTTP/1.1" 404 20198 "-" "Mozilla/5.0 (compatible; Googlebot/2.1; +http://www.google.com/bot.html)"
111.67.29.221 - - [30/Jun/2024:00:50:46 +1000] "POST /wp-cron.php?doing_wp_cron=1719672646.8146378993988037109375 HTTP/1.1" 200 296 "-" "WordPress/6.5.5; https://www.pgkdistribution.com.au"
17.241.227.87 - - [30/Jun/2024:00:50:35 +1000] "GET / HTTP/1.1" 301 497 "-" "Mozilla/5.0 (Macintosh; Intel Mac OS X 10_15_7) AppleWebKit/605.1.15 (KHTML, like Gecko) Version/17.4 Safari/605.1.15 (Applebot/0.1; +http://www.apple.com/go/applebot)"
66.249.66.86 - - [30/Jun/2024:00:55:02 +1000] "GET /product/pgk-1200v-dc-isolator/ HTTP/1.1" 301 999 "-" "Mozilla/5.0 (Linux; Android 6.0.1; Nexus 5X Build/MMB29P) AppleWebKit/537.36 (KHTML, like Gecko) Chrome/125.0.6422.175 Mobile Safari/537.36 (compatible; Googlebot/2.1; +http://www.google.com/bot.html)"
111.67.29.221 - - [30/Jun/2024:00:55:12 +1000] "POST /wp-cron.php?doing_wp_cron=1719672912.6126930713653564453125 HTTP/1.1" 200 296 "-" "WordPress/6.5.5; https://www.pgkdistribution.com.au"
66.249.66.197 - - [30/Jun/2024:00:55:03 +1000] "GET /product/pgk-1200v-dc-isolator/ HTTP/1.1" 200 24034 "-" "Mozilla/5.0 (Linux; Android 6.0.1; Nexus 5X Build/MMB29P) AppleWebKit/537.36 (KHTML, like Gecko) Chrome/125.0.6422.175 Mobile Safari/537.36 (compatible; Googlebot/2.1; +http://www.google.com/bot.html)"
66.249.66.198 - - [30/Jun/2024:00:56:35 +1000] "GET /wp-content/plugins/woo-gutenberg-products-block/build/wc-blocks.css?ver=10.8.1 HTTP/1.1" 200 3311 "http://www.pgkdistribution.com.au/product/pgk-1200v-dc-isolator/" "Mozilla/5.0 (Linux; Android 6.0.1; Nexus 5X Build/MMB29P) AppleWebKit/537.36 (KHTML, like Gecko) Chrome/125.0.6422.175 Mobile Safari/537.36 (compatible; Googlebot/2.1; +http://www.google.com/bot.html)"
66.249.66.199 - - [30/Jun/2024:00:56:36 +1000] "GET /wp-content/plugins/user-registration-plugin-for-woocommerce/front/css/afreg_front.css?ver=1.0 HTTP/1.1" 200 1127 "http://www.pgkdistribution.com.au/product/pgk-1200v-dc-isolator/" "Mozilla/5.0 (Linux; Android 6.0.1; Nexus 5X Build/MMB29P) AppleWebKit/537.36 (KHTML, like Gecko) Chrome/125.0.6422.175 Mobile Safari/537.36 (compatible; Googlebot/2.1; +http://www.google.com/bot.html)"
66.249.66.197 - - [30/Jun/2024:00:56:38 +1000] "GET /wp-content/plugins/woo-gutenberg-products-block/build/active-filters.css?ver=10.8.1 HTTP/1.1" 200 2749 "http://www.pgkdistribution.com.au/product/pgk-1200v-dc-isolator/" "Mozilla/5.0 (Linux; Android 6.0.1; Nexus 5X Build/MMB29P) AppleWebKit/537.36 (KHTML, like Gecko) Chrome/125.0.6422.175 Mobile Safari/537.36 (compatible; Googlebot/2.1; +http://www.google.com/bot.html)"
66.249.66.197 - - [30/Jun/2024:00:56:39 +1000] "GET /wp-content/plugins/woo-gutenberg-products-block/build/product-stock-indicator.css?ver=10.8.1 HTTP/1.1" 200 664 "http://www.pgkdistribution.com.au/product/pgk-1200v-dc-isolator/" "Mozilla/5.0 (Linux; Android 6.0.1; Nexus 5X Build/MMB29P) AppleWebKit/537.36 (KHTML, like Gecko) Chrome/125.0.6422.175 Mobile Safari/537.36 (compatible; Googlebot/2.1; +http://www.google.com/bot.html)"
66.249.66.197 - - [30/Jun/2024:00:56:40 +1000] "GET /wp-content/plugins/woo-gutenberg-products-block/build/breadcrumbs.css?ver=10.8.1 HTTP/1.1" 200 670 "http://www.pgkdistribution.com.au/product/pgk-1200v-dc-isolator/" "Mozilla/5.0 (Linux; Android 6.0.1; Nexus 5X Build/MMB29P) AppleWebKit/537.36 (KHTML, like Gecko) Chrome/125.0.6422.175 Mobile Safari/537.36 (compatible; Googlebot/2.1; +http://www.google.com/bot.html)"
66.249.66.197 - - [30/Jun/2024:00:56:41 +1000] "GET /wp-content/plugins/woo-gutenberg-products-block/build/product-query.css?ver=10.8.1 HTTP/1.1" 200 785 "http://www.pgkdistribution.com.au/product/pgk-1200v-dc-isolator/" "Mozilla/5.0 (Linux; Android 6.0.1; Nexus 5X Build/MMB29P) AppleWebKit/537.36 (KHTML, like Gecko) Chrome/125.0.6422.175 Mobile Safari/537.36 (compatible; Googlebot/2.1; +http://www.google.com/bot.html)"
66.249.66.198 - - [30/Jun/2024:00:56:43 +1000] "GET /wp-content/plugins/woo-gutenberg-products-block/build/product-rating-stars.css?ver=10.8.1 HTTP/1.1" 200 1395 "http://www.pgkdistribution.com.au/product/pgk-1200v-dc-isolator/" "Mozilla/5.0 (Linux; Android 6.0.1; Nexus 5X Build/MMB29P) AppleWebKit/537.36 (KHTML, like Gecko) Chrome/125.0.6422.175 Mobile Safari/537.36 (compatible; Googlebot/2.1; +http://www.google.com/bot.html)"
66.249.66.197 - - [30/Jun/2024:00:56:43 +1000] "GET /wp-content/plugins/woo-gutenberg-products-block/build/reviews-by-category.css?ver=10.8.1 HTTP/1.1" 200 2401 "http://www.pgkdistribution.com.au/product/pgk-1200v-dc-isolator/" "Mozilla/5.0 (Linux; Android 6.0.1; Nexus 5X Build/MMB29P) AppleWebKit/537.36 (KHTML, like Gecko) Chrome/125.0.6422.175 Mobile Safari/537.36 (compatible; Googlebot/2.1; +http://www.google.com/bot.html)"
66.249.66.197 - - [30/Jun/2024:00:56:44 +1000] "GET /wp-content/plugins/storefront-footer-bar/assets/css/style.css?ver=6.5.5 HTTP/1.1" 200 652 "http://www.pgkdistribution.com.au/product/pgk-1200v-dc-isolator/" "Mozilla/5.0 (Linux; Android 6.0.1; Nexus 5X Build/MMB29P) AppleWebKit/537.36 (KHTML, like Gecko) Chrome/125.0.6422.175 Mobile Safari/537.36 (compatible; Googlebot/2.1; +http://www.google.com/bot.html)"
66.249.66.197 - - [30/Jun/2024:00:56:45 +1000] "GET /wp-content/plugins/gutentor/assets/library/wow/wow.min.js?ver=1.2.1 HTTP/1.1" 200 3463 "http://www.pgkdistribution.com.au/product/pgk-1200v-dc-isolator/" "Mozilla/5.0 (Linux; Android 6.0.1; Nexus 5X Build/MMB29P) AppleWebKit/537.36 (KHTML, like Gecko) Chrome/125.0.6422.175 Mobile Safari/537.36 (compatible; Googlebot/2.1; +http://www.google.com/bot.html)"
66.249.66.197 - - [30/Jun/2024:00:56:45 +1000] "GET /wp-content/plugins/woo-gutenberg-products-block/build/customer-account.css?ver=10.8.1 HTTP/1.1" 200 831 "http://www.pgkdistribution.com.au/product/pgk-1200v-dc-isolator/" "Mozilla/5.0 (Linux; Android 6.0.1; Nexus 5X Build/MMB29P) AppleWebKit/537.36 (KHTML, like Gecko) Chrome/125.0.6422.175 Mobile Safari/537.36 (compatible; Googlebot/2.1; +http://www.google.com/bot.html)"
66.249.66.197 - - [30/Jun/2024:00:56:46 +1000] "GET /wp-content/plugins/woo-gutenberg-products-block/build/all-products.css?ver=10.8.1 HTTP/1.1" 200 5625 "http://www.pgkdistribution.com.au/product/pgk-1200v-dc-isolator/" "Mozilla/5.0 (Linux; Android 6.0.1; Nexus 5X Build/MMB29P) AppleWebKit/537.36 (KHTML, like Gecko) Chrome/125.0.6422.175 Mobile Safari/537.36 (compatible; Googlebot/2.1; +http://www.google.com/bot.html)"
66.249.66.198 - - [30/Jun/2024:01:22:53 +1000] "GET /wp-content/uploads/2021/05/SE030C-500x500-1.jpg HTTP/1.1" 200 17051 "-" "Googlebot-Image/1.0"
111.67.29.221 - - [30/Jun/2024:01:29:11 +1000] "POST /wp-cron.php?doing_wp_cron=1719674950.8747730255126953125000 HTTP/1.1" 200 296 "-" "WordPress/6.5.5; https://www.pgkdistribution.com.au"
17.241.75.93 - - [30/Jun/2024:01:29:06 +1000] "GET /robots.txt HTTP/1.1" 200 716 "-" "Mozilla/5.0 (Macintosh; Intel Mac OS X 10_15_7) AppleWebKit/605.1.15 (KHTML, like Gecko) Version/17.4 Safari/605.1.15 (Applebot/0.1; +http://www.apple.com/go/applebot)"
17.241.75.93 - - [30/Jun/2024:01:29:11 +1000] "GET /index.php HTTP/1.1" 301 506 "-" "Mozilla/5.0 (Macintosh; Intel Mac OS X 10_15_7) AppleWebKit/605.1.15 (KHTML, like Gecko) Version/17.4 Safari/605.1.15 (Applebot/0.1; +http://www.apple.com/go/applebot)"
66.249.66.85 - - [30/Jun/2024:02:37:14 +1000] "GET /media/catalog/product/cache/1/image/9df78eab33525d08d6e5fb8d27136e95/s/o/soltaro_mini_1.png HTTP/1.1" 301 1060 "-" "Googlebot-Image/1.0"
111.67.29.221 - - [30/Jun/2024:02:37:20 +1000] "POST /wp-cron.php?doing_wp_cron=1719679040.8626530170440673828125 HTTP/1.1" 200 296 "-" "WordPress/6.5.5; https://www.pgkdistribution.com.au"
66.249.66.198 - - [30/Jun/2024:02:37:15 +1000] "GET /media/catalog/product/cache/1/image/9df78eab33525d08d6e5fb8d27136e95/s/o/soltaro_mini_1.png HTTP/1.1" 404 20213 "-" "Googlebot-Image/1.0"
103.131.71.31 - - [30/Jun/2024:03:15:57 +1000] "GET /robots.txt HTTP/1.1" 301 942 "-" "Mozilla/5.0 (compatible; coccocbot-image/1.0; +http://help.coccoc.com/searchengine)"
111.67.29.221 - - [30/Jun/2024:03:16:07 +1000] "POST /wp-cron.php?doing_wp_cron=1719681367.2868390083312988281250 HTTP/1.1" 200 296 "-" "WordPress/6.5.5; https://www.pgkdistribution.com.au"
103.131.71.31 - - [30/Jun/2024:03:15:59 +1000] "GET /robots.txt HTTP/1.1" 200 679 "-" "Mozilla/5.0 (compatible; coccocbot-image/1.0; +http://help.coccoc.com/searchengine)"
103.131.71.49 - - [30/Jun/2024:03:16:25 +1000] "GET /robots.txt HTTP/1.1" 200 679 "-" "Mozilla/5.0 (compatible; coccocbot-image/1.0; +http://help.coccoc.com/searchengine)"
66.249.66.198 - - [30/Jun/2024:03:21:10 +1000] "GET /sitemap.xml HTTP/1.1" 404 18478 "-" "Mozilla/5.0 (compatible; Googlebot/2.1; +http://www.google.com/bot.html)"
111.67.29.221 - - [30/Jun/2024:03:43:29 +1000] "POST /wp-cron.php?doing_wp_cron=1719683009.8731520175933837890625 HTTP/1.1" 200 296 "-" "WordPress/6.5.5; https://www.pgkdistribution.com.au"
66.249.66.199 - - [30/Jun/2024:03:43:18 +1000] "GET /sitemap_index.xml HTTP/1.1" 200 895 "-" "Mozilla/5.0 (compatible; Googlebot/2.1; +http://www.google.com/bot.html)"
157.55.39.223 - - [30/Jun/2024:03:48:54 +1000] "GET /robots.txt HTTP/1.1" 301 979 "-" "Mozilla/5.0 AppleWebKit/537.36 (KHTML, like Gecko; compatible; bingbot/2.0; +http://www.bing.com/bingbot.htm) Chrome/116.0.1938.76 Safari/537.36"
111.67.29.221 - - [30/Jun/2024:03:49:02 +1000] "POST /wp-cron.php?doing_wp_cron=1719683342.7444128990173339843750 HTTP/1.1" 200 296 "-" "WordPress/6.5.5; https://www.pgkdistribution.com.au"
157.55.39.223 - - [30/Jun/2024:03:48:55 +1000] "GET /robots.txt HTTP/1.1" 200 716 "-" "Mozilla/5.0 AppleWebKit/537.36 (KHTML, like Gecko; compatible; bingbot/2.0; +http://www.bing.com/bingbot.htm) Chrome/116.0.1938.76 Safari/537.36"
52.167.144.223 - - [30/Jun/2024:03:49:12 +1000] "GET /review/product/list/id/112/ HTTP/1.1" 301 996 "-" "Mozilla/5.0 AppleWebKit/537.36 (KHTML, like Gecko; compatible; bingbot/2.0; +http://www.bing.com/bingbot.htm) Chrome/116.0.1938.76 Safari/537.36"
111.67.29.221 - - [30/Jun/2024:03:58:02 +1000] "POST /wp-cron.php?doing_wp_cron=1719683882.5085680484771728515625 HTTP/1.1" 200 296 "-" "WordPress/6.5.5; https://www.pgkdistribution.com.au"
183.198.175.68 - - [30/Jun/2024:03:57:55 +1000] "GET / HTTP/1.1" 301 497 "http://www.pgkdistribution.com.au" "Mozilla/5.0 (Macintosh; Intel Mac OS X 12_5) AppleWebKit/537.36 (KHTML, like Gecko) Chrome/114.0.0.0 Safari/537.36 OPR/89.0.4447.51"
111.67.29.221 - - [30/Jun/2024:03:59:22 +1000] "POST /wp-cron.php?doing_wp_cron=1719683962.2636260986328125000000 HTTP/1.1" 200 296 "-" "WordPress/6.5.5; https://www.pgkdistribution.com.au"
120.11.96.113 - - [30/Jun/2024:03:59:14 +1000] "GET / HTTP/1.1" 301 497 "-" "Mozilla/5.0 (Windows NT 6.3; Win64; x64) AppleWebKit/537.36 (KHTML, like Gecko) Chrome/103.0.0.0 Safari/537.36"
111.67.29.221 - - [30/Jun/2024:04:00:40 +1000] "POST /wp-cron.php?doing_wp_cron=1719684040.3697431087493896484375 HTTP/1.1" 200 296 "-" "WordPress/6.5.5; https://www.pgkdistribution.com.au"
120.11.96.113 - - [30/Jun/2024:04:00:30 +1000] "GET / HTTP/1.1" 301 497 "-" "Mozilla/5.0 (Windows NT 6.3; Win64; x64) AppleWebKit/537.36 (KHTML, like Gecko) Chrome/103.0.0.0 Safari/537.36"
111.67.29.221 - - [30/Jun/2024:04:00:55 +1000] "POST /wp-cron.php?doing_wp_cron=1719684055.0797750949859619140625 HTTP/1.1" 200 296 "-" "WordPress/6.5.5; https://www.pgkdistribution.com.au"
183.198.175.68 - - [30/Jun/2024:04:00:46 +1000] "GET / HTTP/1.1" 301 497 "-" "Mozilla/5.0 (Windows NT 6.3; Win64; x64) AppleWebKit/537.36 (KHTML, like Gecko) Chrome/103.0.0.0 Safari/537.36"
66.249.66.86 - - [30/Jun/2024:04:03:01 +1000] "GET /wp-content/uploads/2017/12/DC-Isolator-Installation-Manual.pdf HTTP/1.1" 301 1031 "-" "Mozilla/5.0 (compatible; Googlebot/2.1; +http://www.google.com/bot.html)"
111.67.29.221 - - [30/Jun/2024:04:03:09 +1000] "POST /wp-cron.php?doing_wp_cron=1719684189.7113759517669677734375 HTTP/1.1" 200 296 "-" "WordPress/6.5.5; https://www.pgkdistribution.com.au"
66.249.66.197 - - [30/Jun/2024:04:03:02 +1000] "GET /wp-content/uploads/2017/12/DC-Isolator-Installation-Manual.pdf HTTP/1.1" 404 20416 "-" "Mozilla/5.0 (compatible; Googlebot/2.1; +http://www.google.com/bot.html)"
111.67.29.221 - - [30/Jun/2024:04:52:45 +1000] "POST /wp-cron.php?doing_wp_cron=1719687164.9056649208068847656250 HTTP/1.1" 200 296 "-" "WordPress/6.5.5; https://www.pgkdistribution.com.au"
182.44.67.97 - - [30/Jun/2024:04:52:35 +1000] "GET / HTTP/1.1" 301 497 "-" "Mozilla/5.0 (iPhone; CPU iPhone OS 13_2_3 like Mac OS X) AppleWebKit/605.1.15 (KHTML, like Gecko) Version/13.0.3 Mobile/15E148 Safari/604.1"
66.249.66.85 - - [30/Jun/2024:05:03:21 +1000] "GET /product/solar-pv-label-kit-deluxe/ HTTP/1.1" 301 1003 "-" "Mozilla/5.0 (Linux; Android 6.0.1; Nexus 5X Build/MMB29P) AppleWebKit/537.36 (KHTML, like Gecko) Chrome/125.0.6422.175 Mobile Safari/537.36 (compatible; Googlebot/2.1; +http://www.google.com/bot.html)"
66.249.66.197 - - [30/Jun/2024:05:03:21 +1000] "GET /robots.txt HTTP/1.1" 200 716 "-" "Mozilla/5.0 (compatible; Googlebot/2.1; +http://www.google.com/bot.html)"
66.249.66.199 - - [30/Jun/2024:05:03:24 +1000] "GET /product/solar-pv-label-kit-deluxe/ HTTP/1.1" 200 23730 "-" "Mozilla/5.0 (Linux; Android 6.0.1; Nexus 5X Build/MMB29P) AppleWebKit/537.36 (KHTML, like Gecko) Chrome/125.0.6422.175 Mobile Safari/537.36 (compatible; Googlebot/2.1; +http://www.google.com/bot.html)"
80.76.49.30 - - [30/Jun/2024:05:03:47 +1000] "GET /wp-content/plugins/wp-photo-album-plus/changelog.txt HTTP/1.1" 301 1021 "-" "Mozilla/5.0 (Linux; Android 11; ONEPLUS A6013) AppleWebKit/537.36 (KHTML, like Gecko) Chrome/125.0.6422.53 Mobile Safari/537.36"
111.67.29.221 - - [30/Jun/2024:05:03:54 +1000] "POST /wp-cron.php?doing_wp_cron=1719687834.3810930252075195312500 HTTP/1.1" 200 296 "-" "WordPress/6.5.5; https://www.pgkdistribution.com.au"
80.76.49.30 - - [30/Jun/2024:05:03:48 +1000] "GET /wp-content/plugins/wp-photo-album-plus/changelog.txt HTTP/1.1" 404 20395 "-" "Mozilla/5.0 (Linux; Android 11; ONEPLUS A6013) AppleWebKit/537.36 (KHTML, like Gecko) Chrome/125.0.6422.53 Mobile Safari/537.36"
111.67.29.221 - - [30/Jun/2024:05:05:52 +1000] "POST /wp-cron.php?doing_wp_cron=1719687952.0977530479431152343750 HTTP/1.1" 200 296 "-" "WordPress/6.5.5; https://www.pgkdistribution.com.au"
66.249.66.197 - - [30/Jun/2024:05:05:44 +1000] "GET /product/end-clamp-35mm-silver/ HTTP/1.1" 200 23287 "-" "Mozilla/5.0 (Linux; Android 6.0.1; Nexus 5X Build/MMB29P) AppleWebKit/537.36 (KHTML, like Gecko) Chrome/125.0.6422.175 Mobile Safari/537.36 (compatible; Googlebot/2.1; +http://www.google.com/bot.html)"
111.67.29.221 - - [30/Jun/2024:05:07:38 +1000] "POST /wp-cron.php?doing_wp_cron=1719688058.5125980377197265625000 HTTP/1.1" 200 296 "-" "WordPress/6.5.5; https://www.pgkdistribution.com.au"
69.164.205.184 - - [30/Jun/2024:05:07:31 +1000] "HEAD /wordpress HTTP/1.1" 404 578 "-" "Mozilla/5.0 (Windows NT 10.0; Win64; x64) AppleWebKit/537.36 (KHTML, like Gecko) Chrome/74.0.3729.169 Safari/537.36"
69.164.205.184 - - [30/Jun/2024:05:07:38 +1000] "HEAD / HTTP/1.1" 301 478 "-" "Mozilla/5.0 (Windows NT 10.0; Win64; x64) AppleWebKit/537.36 (KHTML, like Gecko) Chrome/74.0.3729.169 Safari/537.36"
69.164.205.184 - - [30/Jun/2024:05:07:43 +1000] "HEAD /wp HTTP/1.1" 404 571 "-" "Mozilla/5.0 (Windows NT 10.0; Win64; x64) AppleWebKit/537.36 (KHTML, like Gecko) Chrome/74.0.3729.169 Safari/537.36"
111.67.29.221 - - [30/Jun/2024:05:07:51 +1000] "POST /wp-cron.php?doing_wp_cron=1719688071.7631978988647460937500 HTTP/1.1" 200 296 "-" "WordPress/6.5.5; https://www.pgkdistribution.com.au"
69.164.205.184 - - [30/Jun/2024:05:07:50 +1000] "HEAD /bc HTTP/1.1" 404 571 "-" "Mozilla/5.0 (Windows NT 10.0; Win64; x64) AppleWebKit/537.36 (KHTML, like Gecko) Chrome/74.0.3729.169 Safari/537.36"
69.164.205.184 - - [30/Jun/2024:05:07:52 +1000] "HEAD /bk HTTP/1.1" 404 571 "-" "Mozilla/5.0 (Windows NT 10.0; Win64; x64) AppleWebKit/537.36 (KHTML, like Gecko) Chrome/74.0.3729.169 Safari/537.36"
69.164.205.184 - - [30/Jun/2024:05:07:53 +1000] "HEAD /backup HTTP/1.1" 404 575 "-" "Mozilla/5.0 (Windows NT 10.0; Win64; x64) AppleWebKit/537.36 (KHTML, like Gecko) Chrome/74.0.3729.169 Safari/537.36"
69.164.205.184 - - [30/Jun/2024:05:07:55 +1000] "HEAD /old HTTP/1.1" 404 572 "-" "Mozilla/5.0 (Windows NT 10.0; Win64; x64) AppleWebKit/537.36 (KHTML, like Gecko) Chrome/74.0.3729.169 Safari/537.36"
69.164.205.184 - - [30/Jun/2024:05:07:57 +1000] "HEAD /new HTTP/1.1" 404 572 "-" "Mozilla/5.0 (Windows NT 10.0; Win64; x64) AppleWebKit/537.36 (KHTML, like Gecko) Chrome/74.0.3729.169 Safari/537.36"
69.164.205.184 - - [30/Jun/2024:05:07:58 +1000] "HEAD /main HTTP/1.1" 404 573 "-" "Mozilla/5.0 (Windows NT 10.0; Win64; x64) AppleWebKit/537.36 (KHTML, like Gecko) Chrome/74.0.3729.169 Safari/537.36"
69.164.205.184 - - [30/Jun/2024:05:08:00 +1000] "HEAD /home HTTP/1.1" 301 482 "-" "Mozilla/5.0 (Windows NT 10.0; Win64; x64) AppleWebKit/537.36 (KHTML, like Gecko) Chrome/74.0.3729.169 Safari/537.36"
52.200.211.223 - - [30/Jun/2024:05:24:54 +1000] "HEAD / HTTP/1.1" 301 216 "-" "Mozilla/5.0 (Windows NT 10.0; Win64; x64) AppleWebKit/537.36 (KHTML, like Gecko) Chrome/109.0.0.0 Safari/537.36"
111.67.29.221 - - [30/Jun/2024:05:25:04 +1000] "POST /wp-cron.php?doing_wp_cron=1719689104.7876958847045898437500 HTTP/1.1" 200 296 "-" "WordPress/6.5.5; https://www.pgkdistribution.com.au"
52.200.211.223 - - [30/Jun/2024:05:24:57 +1000] "HEAD / HTTP/1.1" 301 478 "-" "Mozilla/5.0 (Windows NT 10.0; Win64; x64) AppleWebKit/537.36 (KHTML, like Gecko) Chrome/109.0.0.0 Safari/537.36"
66.249.66.197 - - [30/Jun/2024:06:12:15 +1000] "GET /wp-content/uploads/2021/06/PV-ezRack-End-Clamp-Standard-35mm_1-1.jpg HTTP/1.1" 200 20916 "-" "Googlebot-Image/1.0"
66.249.66.86 - - [30/Jun/2024:06:48:47 +1000] "GET /home HTTP/1.1" 301 973 "-" "Mozilla/5.0 (Linux; Android 6.0.1; Nexus 5X Build/MMB29P) AppleWebKit/537.36 (KHTML, like Gecko) Chrome/125.0.6422.175 Mobile Safari/537.36 (compatible; Googlebot/2.1; +http://www.google.com/bot.html)"
66.249.66.199 - - [30/Jun/2024:06:48:54 +1000] "GET /home HTTP/1.1" 301 501 "-" "Mozilla/5.0 (Linux; Android 6.0.1; Nexus 5X Build/MMB29P) AppleWebKit/537.36 (KHTML, like Gecko) Chrome/125.0.6422.175 Mobile Safari/537.36 (compatible; Googlebot/2.1; +http://www.google.com/bot.html)"
66.249.66.85 - - [30/Jun/2024:07:08:01 +1000] "GET /product/tile-interface-roof-hook-set/ HTTP/1.1" 301 1006 "-" "Mozilla/5.0 (Linux; Android 6.0.1; Nexus 5X Build/MMB29P) AppleWebKit/537.36 (KHTML, like Gecko) Chrome/125.0.6422.175 Mobile Safari/537.36 (compatible; Googlebot/2.1; +http://www.google.com/bot.html)"
111.67.29.221 - - [30/Jun/2024:07:08:07 +1000] "POST /wp-cron.php?doing_wp_cron=1719695287.1252419948577880859375 HTTP/1.1" 200 296 "-" "WordPress/6.5.5; https://www.pgkdistribution.com.au"
66.249.66.197 - - [30/Jun/2024:07:08:02 +1000] "GET /product/tile-interface-roof-hook-set/ HTTP/1.1" 200 23136 "-" "Mozilla/5.0 (Linux; Android 6.0.1; Nexus 5X Build/MMB29P) AppleWebKit/537.36 (KHTML, like Gecko) Chrome/125.0.6422.175 Mobile Safari/537.36 (compatible; Googlebot/2.1; +http://www.google.com/bot.html)"
66.249.66.198 - - [30/Jun/2024:07:08:09 +1000] "GET /wp-content/plugins/woo-gutenberg-products-block/build/checkout.css?ver=10.8.1 HTTP/1.1" 200 12675 "http://www.pgkdistribution.com.au/product/tile-interface-roof-hook-set/" "Mozilla/5.0 (Linux; Android 6.0.1; Nexus 5X Build/MMB29P) AppleWebKit/537.36 (KHTML, like Gecko) Chrome/125.0.6422.175 Mobile Safari/537.36 (compatible; Googlebot/2.1; +http://www.google.com/bot.html)"
66.249.66.198 - - [30/Jun/2024:07:08:10 +1000] "GET /wp-content/plugins/woo-gutenberg-products-block/build/catalog-sorting.css?ver=10.8.1 HTTP/1.1" 200 695 "http://www.pgkdistribution.com.au/product/tile-interface-roof-hook-set/" "Mozilla/5.0 (Linux; Android 6.0.1; Nexus 5X Build/MMB29P) AppleWebKit/537.36 (KHTML, like Gecko) Chrome/125.0.6422.175 Mobile Safari/537.36 (compatible; Googlebot/2.1; +http://www.google.com/bot.html)"
66.249.66.198 - - [30/Jun/2024:07:08:11 +1000] "GET /wp-content/plugins/woo-gutenberg-products-block/build/product-sale-badge.css?ver=10.8.1 HTTP/1.1" 200 810 "http://www.pgkdistribution.com.au/product/tile-interface-roof-hook-set/" "Mozilla/5.0 (Linux; Android 6.0.1; Nexus 5X Build/MMB29P) AppleWebKit/537.36 (KHTML, like Gecko) Chrome/125.0.6422.175 Mobile Safari/537.36 (compatible; Googlebot/2.1; +http://www.google.com/bot.html)"
66.249.66.197 - - [30/Jun/2024:07:08:12 +1000] "GET /wp-content/themes/storefront/assets/css/jetpack/widgets.css?ver=3.9.1 HTTP/1.1" 200 613 "http://www.pgkdistribution.com.au/product/tile-interface-roof-hook-set/" "Mozilla/5.0 (Linux; Android 6.0.1; Nexus 5X Build/MMB29P) AppleWebKit/537.36 (KHTML, like Gecko) Chrome/125.0.6422.175 Mobile Safari/537.36 (compatible; Googlebot/2.1; +http://www.google.com/bot.html)"
66.249.66.197 - - [30/Jun/2024:07:08:13 +1000] "GET /wp-content/plugins/woo-gutenberg-products-block/build/product-reviews.css?ver=10.8.1 HTTP/1.1" 200 900 "http://www.pgkdistribution.com.au/product/tile-interface-roof-hook-set/" "Mozilla/5.0 (Linux; Android 6.0.1; Nexus 5X Build/MMB29P) AppleWebKit/537.36 (KHTML, like Gecko) Chrome/125.0.6422.175 Mobile Safari/537.36 (compatible; Googlebot/2.1; +http://www.google.com/bot.html)"
66.249.66.197 - - [30/Jun/2024:07:08:14 +1000] "GET /wp-content/plugins/woo-gutenberg-products-block/build/product-add-to-cart.css?ver=10.8.1 HTTP/1.1" 200 1949 "http://www.pgkdistribution.com.au/product/tile-interface-roof-hook-set/" "Mozilla/5.0 (Linux; Android 6.0.1; Nexus 5X Build/MMB29P) AppleWebKit/537.36 (KHTML, like Gecko) Chrome/125.0.6422.175 Mobile Safari/537.36 (compatible; Googlebot/2.1; +http://www.google.com/bot.html)"
66.249.66.197 - - [30/Jun/2024:07:08:14 +1000] "GET /wp-content/plugins/woo-gutenberg-products-block/build/product-button.css?ver=10.8.1 HTTP/1.1" 200 1357 "http://www.pgkdistribution.com.au/product/tile-interface-roof-hook-set/" "Mozilla/5.0 (Linux; Android 6.0.1; Nexus 5X Build/MMB29P) AppleWebKit/537.36 (KHTML, like Gecko) Chrome/125.0.6422.175 Mobile Safari/537.36 (compatible; Googlebot/2.1; +http://www.google.com/bot.html)"
66.249.66.197 - - [30/Jun/2024:07:08:15 +1000] "GET /wp-content/plugins/woo-gutenberg-products-block/build/attribute-filter.css?ver=10.8.1 HTTP/1.1" 200 5613 "http://www.pgkdistribution.com.au/product/tile-interface-roof-hook-set/" "Mozilla/5.0 (Linux; Android 6.0.1; Nexus 5X Build/MMB29P) AppleWebKit/537.36 (KHTML, like Gecko) Chrome/125.0.6422.175 Mobile Safari/537.36 (compatible; Googlebot/2.1; +http://www.google.com/bot.html)"
66.249.66.197 - - [30/Jun/2024:07:08:16 +1000] "GET /wp-content/plugins/hide-price-add-to-cart-button/assets/js/jquery.popupoverlay.js?ver=1.0 HTTP/1.1" 200 7271 "http://www.pgkdistribution.com.au/product/tile-interface-roof-hook-set/" "Mozilla/5.0 (Linux; Android 6.0.1; Nexus 5X Build/MMB29P) AppleWebKit/537.36 (KHTML, like Gecko) Chrome/125.0.6422.175 Mobile Safari/537.36 (compatible; Googlebot/2.1; +http://www.google.com/bot.html)"
66.249.66.197 - - [30/Jun/2024:07:08:16 +1000] "GET /wp-content/plugins/woo-gutenberg-products-block/build/rating-filter.css?ver=10.8.1 HTTP/1.1" 200 5716 "http://www.pgkdistribution.com.au/product/tile-interface-roof-hook-set/" "Mozilla/5.0 (Linux; Android 6.0.1; Nexus 5X Build/MMB29P) AppleWebKit/537.36 (KHTML, like Gecko) Chrome/125.0.6422.175 Mobile Safari/537.36 (compatible; Googlebot/2.1; +http://www.google.com/bot.html)"
