185.220.101.38 - - [02/Jul/2024:10:04:14 +1000] "GET /wp-config.php.backup HTTP/1.1" 301 989 "-" "Mozilla/5.0 (Windows NT 6.1; WOW64) AppleWebKit/537.31 (KHTML, like Gecko) Chrome/26.0.1410.43 Safari/537.31"
185.100.87.41 - - [02/Jul/2024:10:04:27 +1000] "GET /config.txt HTTP/1.1" 301 979 "-" "Mozilla/5.0 (Windows NT 6.1; WOW64) AppleWebKit/537.31 (KHTML, like Gecko) Chrome/26.0.1410.43 Safari/537.31"
111.67.29.221 - - [02/Jul/2024:10:04:35 +1000] "POST /wp-cron.php?doing_wp_cron=1719878675.7578730583190917968750 HTTP/1.1" 200 296 "-" "WordPress/6.5.5; https://www.pgkdistribution.com.au"
45.141.215.110 - - [02/Jul/2024:10:04:30 +1000] "GET /config.txt HTTP/1.1" 404 94412 "-" "Mozilla/5.0 (Windows NT 6.1; WOW64) AppleWebKit/537.31 (KHTML, like Gecko) Chrome/26.0.1410.43 Safari/537.31"
162.247.74.201 - - [02/Jul/2024:10:04:39 +1000] "GET /wp-config-sample.php~~ HTTP/1.1" 301 991 "-" "Mozilla/5.0 (Windows NT 6.1; WOW64) AppleWebKit/537.31 (KHTML, like Gecko) Chrome/26.0.1410.43 Safari/537.31"
101.47.4.10 - - [02/Jul/2024:10:04:43 +1000] "GET /wp-content/uploads/2017/12/Spec-Sheet.png HTTP/1.1" 301 1010 "-" "Mozilla/5.0 (Macintosh; Intel Mac OS X 10_12_1) AppleWebKit/537.36 (KHTML, like Gecko) Chrome/66.0.3359.181 Safari/537.36 OPR/53.0.2907.110"
101.47.4.10 - - [02/Jul/2024:10:04:43 +1000] "GET /wp-content/uploads/2017/12/Installation.png HTTP/1.1" 301 1012 "-" "Mozilla/5.0 (Macintosh; Intel Mac OS X 10_14_2) AppleWebKit/537.36 (KHTML, like Gecko) Chrome/68.0.3440.1805 Safari/537.36 OPR/54.0.2952.51"
101.47.4.10 - - [02/Jul/2024:10:04:43 +1000] "GET /wp-content/uploads/2017/12/Spec-Sheet.png HTTP/1.1" 404 20160 "-" "Mozilla/5.0 (Macintosh; Intel Mac OS X 10_12_1) AppleWebKit/537.36 (KHTML, like Gecko) Chrome/66.0.3359.181 Safari/537.36 OPR/53.0.2907.110"
101.47.4.10 - - [02/Jul/2024:10:04:43 +1000] "GET /wp-content/uploads/2017/12/Installation.png HTTP/1.1" 404 20161 "-" "Mozilla/5.0 (Macintosh; Intel Mac OS X 10_14_2) AppleWebKit/537.36 (KHTML, like Gecko) Chrome/68.0.3440.1805 Safari/537.36 OPR/54.0.2952.51"
162.247.74.201 - - [02/Jul/2024:10:04:43 +1000] "GET /wp-config-sample.php~~ HTTP/1.1" 404 94436 "-" "Mozilla/5.0 (Windows NT 6.1; WOW64) AppleWebKit/537.31 (KHTML, like Gecko) Chrome/26.0.1410.43 Safari/537.31"
89.36.231.128 - - [02/Jul/2024:10:04:50 +1000] "GET /wp-config.phpo HTTP/1.1" 301 983 "-" "Mozilla/5.0 (Windows NT 6.1; WOW64) AppleWebKit/537.31 (KHTML, like Gecko) Chrome/26.0.1410.43 Safari/537.31"
111.67.29.221 - - [02/Jul/2024:10:04:53 +1000] "POST /wp-cron.php?doing_wp_cron=1719878692.9892599582672119140625 HTTP/1.1" 200 296 "-" "WordPress/6.5.5; https://www.pgkdistribution.com.au"
185.243.218.204 - - [02/Jul/2024:10:04:51 +1000] "GET /wp-config.phpo HTTP/1.1" 404 94420 "-" "Mozilla/5.0 (Windows NT 6.1; WOW64) AppleWebKit/537.31 (KHTML, like Gecko) Chrome/26.0.1410.43 Safari/537.31"
185.107.57.65 - - [02/Jul/2024:10:04:56 +1000] "GET /wp-config.phpd HTTP/1.1" 301 983 "-" "Mozilla/5.0 (Windows NT 6.1; WOW64) AppleWebKit/537.31 (KHTML, like Gecko) Chrome/26.0.1410.43 Safari/537.31"
111.67.29.221 - - [02/Jul/2024:10:05:03 +1000] "POST /wp-cron.php?doing_wp_cron=1719878703.1115078926086425781250 HTTP/1.1" 200 296 "-" "WordPress/6.5.5; https://www.pgkdistribution.com.au"
185.107.57.65 - - [02/Jul/2024:10:05:00 +1000] "GET /wp-config.phpd HTTP/1.1" 404 94420 "-" "Mozilla/5.0 (Windows NT 6.1; WOW64) AppleWebKit/537.31 (KHTML, like Gecko) Chrome/26.0.1410.43 Safari/537.31"
94.16.112.22 - - [02/Jul/2024:10:05:12 +1000] "GET /wp-config.phpe HTTP/1.1" 301 983 "-" "Mozilla/5.0 (Windows NT 6.1; WOW64) AppleWebKit/537.31 (KHTML, like Gecko) Chrome/26.0.1410.43 Safari/537.31"
111.67.29.221 - - [02/Jul/2024:10:05:31 +1000] "POST /wp-cron.php?doing_wp_cron=1719878731.3235719203948974609375 HTTP/1.1" 200 296 "-" "WordPress/6.5.5; https://www.pgkdistribution.com.au"
94.16.112.22 - - [02/Jul/2024:10:05:24 +1000] "GET /wp-config.phpe HTTP/1.1" 404 94420 "-" "Mozilla/5.0 (Windows NT 6.1; WOW64) AppleWebKit/537.31 (KHTML, like Gecko) Chrome/26.0.1410.43 Safari/537.31"
34.83.147.11 - - [02/Jul/2024:10:18:43 +1000] "GET / HTTP/1.1" 301 969 "-" "Mozilla/5.0 (Windows NT 10.0; Win64; x64) AppleWebKit/537.36 (KHTML, like Gecko) Chrome/78.0.3904.108 Safari/537.36"
111.67.29.221 - - [02/Jul/2024:10:18:49 +1000] "POST /wp-cron.php?doing_wp_cron=1719879529.5374569892883300781250 HTTP/1.1" 200 296 "-" "WordPress/6.5.5; https://www.pgkdistribution.com.au"
34.83.147.11 - - [02/Jul/2024:10:18:44 +1000] "GET / HTTP/1.1" 301 497 "-" "Mozilla/5.0 (Windows NT 10.0; Win64; x64) AppleWebKit/537.36 (KHTML, like Gecko) Chrome/78.0.3904.108 Safari/537.36"
127.0.0.1 - - [02/Jul/2024:10:52:48 +1000] "GET /wp-content/plugins/core-plugin/include.php HTTP/1.1" 301 1042 "www.google.com" "Mozilla/5.0 (Linux; Android 7.0; SM-G892A Build/NRD90M; wv) AppleWebKit/537.36 (KHTML, like Gecko) Version/4.0 Chrome/60.0.3112.107 Mobile Safari/537.36"
111.67.29.221 - - [02/Jul/2024:10:53:16 +1000] "POST /wp-cron.php?doing_wp_cron=1719881596.4338729381561279296875 HTTP/1.1" 200 296 "-" "WordPress/6.5.5; https://www.pgkdistribution.com.au"
127.0.0.1 - - [02/Jul/2024:10:53:11 +1000] "GET /wp-content/plugins/core-plugin/include.php HTTP/1.1" 404 20400 "www.google.com" "Mozilla/5.0 (Linux; Android 7.0; SM-G892A Build/NRD90M; wv) AppleWebKit/537.36 (KHTML, like Gecko) Version/4.0 Chrome/60.0.3112.107 Mobile Safari/537.36"
127.0.0.1 - - [02/Jul/2024:10:53:37 +1000] "GET /wp-includes/images/include.php HTTP/1.1" 301 1030 "www.google.com" "Mozilla/5.0 (Linux; Android 7.0; SM-G892A Build/NRD90M; wv) AppleWebKit/537.36 (KHTML, like Gecko) Version/4.0 Chrome/60.0.3112.107 Mobile Safari/537.36"
127.0.0.1 - - [02/Jul/2024:10:53:40 +1000] "GET /wp-includes/images/include.php HTTP/1.1" 404 20378 "www.google.com" "Mozilla/5.0 (Linux; Android 7.0; SM-G892A Build/NRD90M; wv) AppleWebKit/537.36 (KHTML, like Gecko) Version/4.0 Chrome/60.0.3112.107 Mobile Safari/537.36"
66.249.66.198 - - [02/Jul/2024:11:05:40 +1000] "GET /wp-content/uploads/2021/06/ER-I-01.jpg HTTP/1.1" 200 36945 "-" "Googlebot-Image/1.0"
52.230.152.197 - - [02/Jul/2024:11:09:59 +1000] "GET /robots.txt HTTP/1.1" 301 942 "-" "Mozilla/5.0 AppleWebKit/537.36 (KHTML, like Gecko; compatible; GPTBot/1.0; +https://openai.com/gptbot)"
111.67.29.221 - - [02/Jul/2024:11:10:04 +1000] "POST /wp-cron.php?doing_wp_cron=1719882604.5232698917388916015625 HTTP/1.1" 200 296 "-" "WordPress/6.5.5; https://www.pgkdistribution.com.au"
52.230.152.197 - - [02/Jul/2024:11:10:00 +1000] "GET /robots.txt HTTP/1.1" 200 679 "http://pgkdistribution.com.au/robots.txt" "Mozilla/5.0 AppleWebKit/537.36 (KHTML, like Gecko; compatible; GPTBot/1.0; +https://openai.com/gptbot)"
52.230.152.90 - - [02/Jul/2024:11:10:10 +1000] "GET /wp-content/uploads/2019/06/Solar-Isolator-Limited-Warranty.pdf HTTP/1.1" 301 994 "-" "Mozilla/5.0 AppleWebKit/537.36 (KHTML, like Gecko; compatible; GPTBot/1.0; +https://openai.com/gptbot)"
52.230.152.206 - - [02/Jul/2024:11:10:14 +1000] "GET /robots.txt HTTP/1.1" 200 679 "-" "Mozilla/5.0 AppleWebKit/537.36 (KHTML, like Gecko; compatible; GPTBot/1.0; +https://openai.com/gptbot)"
34.106.238.101 - - [02/Jul/2024:11:27:25 +1000] "GET / HTTP/1.1" 301 969 "-" "Mozilla/5.0 (Windows NT 10.0; Win64; x64) AppleWebKit/537.36 (KHTML, like Gecko) Chrome/78.0.3904.108 Safari/537.36"
111.67.29.221 - - [02/Jul/2024:11:27:32 +1000] "POST /wp-cron.php?doing_wp_cron=1719883652.3714690208435058593750 HTTP/1.1" 200 296 "-" "WordPress/6.5.5; https://www.pgkdistribution.com.au"
34.106.238.101 - - [02/Jul/2024:11:27:27 +1000] "GET / HTTP/1.1" 301 497 "-" "Mozilla/5.0 (Windows NT 10.0; Win64; x64) AppleWebKit/537.36 (KHTML, like Gecko) Chrome/78.0.3904.108 Safari/537.36"
54.218.234.69 - - [02/Jul/2024:11:28:20 +1000] "GET / HTTP/1.1" 301 460 "-" "Mozilla/5.0 (Windows NT 10.0; Win64; x64) AppleWebKit/537.36 (KHTML, like Gecko) Chrome/113.0.0.0 Safari/537.36"
104.45.211.239 - - [02/Jul/2024:11:28:36 +1000] "GET / HTTP/1.1" 301 460 "-" "Mozilla/5.0 (Windows NT 10.0; WOW64) AppleWebKit/537.36 (KHTML, like Gecko) Chrome/63.0.3239.84 Safari/537.36"
51.222.253.15 - - [02/Jul/2024:11:32:41 +1000] "GET /wp-content/uploads/2021/05/SE030C-500x500-1.jpg HTTP/1.1" 200 17051 "-" "Mozilla/5.0 (compatible; AhrefsBot/7.0; +http://ahrefs.com/robot/)"
195.191.219.131 - - [02/Jul/2024:11:41:11 +1000] "GET /robots.txt HTTP/1.1" 301 979 "-" "Mozilla/5.0 (compatible; MJ12bot/v1.4.8; http://mj12bot.com/)"
111.67.29.221 - - [02/Jul/2024:11:41:18 +1000] "POST /wp-cron.php?doing_wp_cron=1719884478.8180530071258544921875 HTTP/1.1" 200 296 "-" "WordPress/6.5.5; https://www.pgkdistribution.com.au"
195.191.219.131 - - [02/Jul/2024:11:41:12 +1000] "GET /robots.txt HTTP/1.1" 200 716 "-" "Mozilla/5.0 (compatible; MJ12bot/v1.4.8; http://mj12bot.com/)"
195.191.219.131 - - [02/Jul/2024:11:41:22 +1000] "GET / HTTP/1.1" 301 969 "-" "Mozilla/5.0 (compatible; MJ12bot/v1.4.8; http://mj12bot.com/)"
195.191.219.131 - - [02/Jul/2024:11:41:25 +1000] "GET / HTTP/1.1" 301 497 "-" "Mozilla/5.0 (compatible; MJ12bot/v1.4.8; http://mj12bot.com/)"
66.249.66.87 - - [02/Jul/2024:11:57:01 +1000] "GET /index.php/electricals/dc-solar-cable/pgk-solar-dc-cable-4mm-twin-pv1-f.html HTTP/1.1" 301 1044 "-" "Mozilla/5.0 (compatible; Googlebot/2.1; +http://www.google.com/bot.html)"
66.249.66.201 - - [02/Jul/2024:11:57:12 +1000] "GET /index.php/electricals/dc-solar-cable/pgk-solar-dc-cable-4mm-twin-pv1-f.html HTTP/1.1" 301 735 "-" "Mozilla/5.0 (compatible; Googlebot/2.1; +http://www.google.com/bot.html)"
66.249.66.201 - - [02/Jul/2024:11:57:26 +1000] "GET /electricals/dc-solar-cable/pgk-solar-dc-cable-4mm-twin-pv1-f.html HTTP/1.1" 404 20407 "-" "Mozilla/5.0 (compatible; Googlebot/2.1; +http://www.google.com/bot.html)"
66.249.66.85 - - [02/Jul/2024:11:57:34 +1000] "GET /index.php/electricals/dc-solar-cable/pgk-solar-dc-cable-4mm-twin-pv1-f.html HTTP/1.1" 301 1044 "-" "Mozilla/5.0 (Linux; Android 6.0.1; Nexus 5X Build/MMB29P) AppleWebKit/537.36 (KHTML, like Gecko) Chrome/99.0.4844.84 Mobile Safari/537.36 (compatible; Googlebot/2.1; +http://www.google.com/bot.html)"
66.249.66.201 - - [02/Jul/2024:11:57:42 +1000] "GET /index.php/electricals/dc-solar-cable/pgk-solar-dc-cable-4mm-twin-pv1-f.html HTTP/1.1" 301 735 "-" "Mozilla/5.0 (Linux; Android 6.0.1; Nexus 5X Build/MMB29P) AppleWebKit/537.36 (KHTML, like Gecko) Chrome/99.0.4844.84 Mobile Safari/537.36 (compatible; Googlebot/2.1; +http://www.google.com/bot.html)"
111.67.29.221 - - [02/Jul/2024:11:57:50 +1000] "POST /wp-cron.php?doing_wp_cron=1719885470.7586369514465332031250 HTTP/1.1" 200 296 "-" "WordPress/6.5.5; https://www.pgkdistribution.com.au"
66.249.66.201 - - [02/Jul/2024:11:57:49 +1000] "GET /electricals/dc-solar-cable/pgk-solar-dc-cable-4mm-twin-pv1-f.html HTTP/1.1" 404 20369 "-" "Mozilla/5.0 (Linux; Android 6.0.1; Nexus 5X Build/MMB29P) AppleWebKit/537.36 (KHTML, like Gecko) Chrome/99.0.4844.84 Mobile Safari/537.36 (compatible; Googlebot/2.1; +http://www.google.com/bot.html)"
66.249.66.201 - - [02/Jul/2024:11:57:56 +1000] "POST /?wc-ajax=get_refreshed_fragments HTTP/1.1" 200 928 "http://www.pgkdistribution.com.au/electricals/dc-solar-cable/pgk-solar-dc-cable-4mm-twin-pv1-f.html" "Mozilla/5.0 AppleWebKit/537.36 (KHTML, like Gecko; compatible; Googlebot/2.1; +http://www.google.com/bot.html) Chrome/125.0.6422.175 Safari/537.36"
66.249.66.201 - - [02/Jul/2024:11:58:04 +1000] "POST /?wc-ajax=get_refreshed_fragments HTTP/1.1" 200 928 "http://www.pgkdistribution.com.au/electricals/dc-solar-cable/pgk-solar-dc-cable-4mm-twin-pv1-f.html" "Mozilla/5.0 (Linux; Android 6.0.1; Nexus 5X Build/MMB29P) AppleWebKit/537.36 (KHTML, like Gecko) Chrome/125.0.6422.175 Mobile Safari/537.36 (compatible; Googlebot/2.1; +http://www.google.com/bot.html)"
66.249.66.201 - - [02/Jul/2024:11:58:11 +1000] "GET /wp-content/uploads/2021/05/cropped-PGK-Grey-font-192x192.png HTTP/1.1" 200 15777 "-" "Googlebot-Image/1.0"
66.249.66.201 - - [02/Jul/2024:11:58:18 +1000] "GET /wp-content/uploads/2021/05/cropped-PGK-Grey-font-32x32.png HTTP/1.1" 200 2061 "-" "Googlebot-Image/1.0"
66.249.66.201 - - [02/Jul/2024:11:58:25 +1000] "GET /wp-content/uploads/2021/05/cropped-PGK-Grey-font-180x180.png HTTP/1.1" 200 14798 "-" "Googlebot-Image/1.0"
66.249.66.201 - - [02/Jul/2024:11:58:33 +1000] "GET /favicon.ico HTTP/1.1" 404 931 "-" "Googlebot-Image/1.0"
50.16.43.208 - - [02/Jul/2024:12:12:24 +1000] "GET /robots.txt HTTP/1.1" 301 979 "-" "Mozilla/5.0 (Macintosh; Intel Mac OS X 10_15_7) AppleWebKit/537.36 (KHTML, like Gecko) Chrome/108.0.0.0 Safari/537.36"
50.16.43.208 - - [02/Jul/2024:12:12:25 +1000] "GET /robots.txt HTTP/1.1" 200 716 "-" "Mozilla/5.0 (Macintosh; Intel Mac OS X 10_15_7) AppleWebKit/537.36 (KHTML, like Gecko) Chrome/108.0.0.0 Safari/537.36"
51.222.253.7 - - [02/Jul/2024:12:19:24 +1000] "GET /wp-content/uploads/2021/06/SE006-500x500-1.jpg HTTP/1.1" 200 39406 "-" "Mozilla/5.0 (compatible; AhrefsBot/7.0; +http://ahrefs.com/robot/)"
50.16.43.208 - - [02/Jul/2024:12:23:31 +1000] "GET / HTTP/1.1" 301 969 "-" "Mozilla/5.0 (Macintosh; Intel Mac OS X 10_15_7) AppleWebKit/537.36 (KHTML, like Gecko) Chrome/108.0.0.0 Safari/537.36"
50.16.43.208 - - [02/Jul/2024:12:23:32 +1000] "GET / HTTP/1.1" 301 497 "-" "Mozilla/5.0 (Macintosh; Intel Mac OS X 10_15_7) AppleWebKit/537.36 (KHTML, like Gecko) Chrome/108.0.0.0 Safari/537.36"
50.16.43.208 - - [02/Jul/2024:12:30:07 +1000] "GET /robots.txt HTTP/1.1" 301 979 "-" "Mozilla/5.0 (Macintosh; Intel Mac OS X 10_15_7) AppleWebKit/537.36 (KHTML, like Gecko) Chrome/108.0.0.0 Safari/537.36"
111.67.29.221 - - [02/Jul/2024:12:30:10 +1000] "POST /wp-cron.php?doing_wp_cron=1719887410.7265079021453857421875 HTTP/1.1" 200 296 "-" "WordPress/6.5.5; https://www.pgkdistribution.com.au"
50.16.43.208 - - [02/Jul/2024:12:30:08 +1000] "GET /robots.txt HTTP/1.1" 200 716 "-" "Mozilla/5.0 (Macintosh; Intel Mac OS X 10_15_7) AppleWebKit/537.36 (KHTML, like Gecko) Chrome/108.0.0.0 Safari/537.36"
111.67.29.221 - - [02/Jul/2024:12:36:12 +1000] "POST /wp-cron.php?doing_wp_cron=1719887772.1337430477142333984375 HTTP/1.1" 200 296 "-" "WordPress/6.5.5; https://www.pgkdistribution.com.au"
54.188.192.104 - - [02/Jul/2024:12:36:06 +1000] "GET / HTTP/1.1" 301 460 "-" "Mozilla/5.0 (Windows NT 10.0; Win64; x64) AppleWebKit/537.36 (KHTML, like Gecko) Chrome/113.0.0.0 Safari/537.36"
104.45.211.239 - - [02/Jul/2024:12:36:16 +1000] "GET / HTTP/1.1" 301 460 "-" "Mozilla/5.0 (Windows NT 10.0; WOW64) AppleWebKit/537.36 (KHTML, like Gecko) Chrome/63.0.3239.84 Safari/537.36"
51.222.253.3 - - [02/Jul/2024:12:39:33 +1000] "GET /wp-content/uploads/2021/06/SE008A-2k-x-2k-e1699584012989.jpg HTTP/1.1" 200 14732 "-" "Mozilla/5.0 (compatible; AhrefsBot/7.0; +http://ahrefs.com/robot/)"
157.55.39.222 - - [02/Jul/2024:12:50:12 +1000] "GET /robots.txt HTTP/1.1" 301 979 "-" "Mozilla/5.0 AppleWebKit/537.36 (KHTML, like Gecko; compatible; bingbot/2.0; +http://www.bing.com/bingbot.htm) Chrome/116.0.1938.76 Safari/537.36"
111.67.29.221 - - [02/Jul/2024:12:50:15 +1000] "POST /wp-cron.php?doing_wp_cron=1719888615.2266631126403808593750 HTTP/1.1" 200 296 "-" "WordPress/6.5.5; https://www.pgkdistribution.com.au"
157.55.39.222 - - [02/Jul/2024:12:50:13 +1000] "GET /robots.txt HTTP/1.1" 200 716 "-" "Mozilla/5.0 AppleWebKit/537.36 (KHTML, like Gecko; compatible; bingbot/2.0; +http://www.bing.com/bingbot.htm) Chrome/116.0.1938.76 Safari/537.36"
40.77.167.254 - - [02/Jul/2024:12:50:25 +1000] "GET /index.php/solar-inverters/bosch-inverters/single-phase-inverters.html?dir=asc&order=manufacturer HTTP/1.1" 301 1065 "-" "Mozilla/5.0 AppleWebKit/537.36 (KHTML, like Gecko; compatible; bingbot/2.0; +http://www.bing.com/bingbot.htm) Chrome/116.0.1938.76 Safari/537.36"
111.67.29.221 - - [02/Jul/2024:13:01:05 +1000] "POST /wp-cron.php?doing_wp_cron=1719889265.6077449321746826171875 HTTP/1.1" 200 296 "-" "WordPress/6.5.5; https://www.pgkdistribution.com.au"
10.179.4.232 - - [02/Jul/2024:13:01:01 +1000] "GET /robots.txt HTTP/1.1" 200 747 "-" "Mozilla/5.0 (compatible;PetalBot;+https://webmaster.petalsearch.com/site/petalbot)"
141.98.11.166 - - [02/Jul/2024:13:34:33 +1000] "GET /public/fileman/php/upload.php HTTP/1.0" 301 961 "-" "Mozilla/5.0 (Windows NT 6.3; Win64; x64) AppleWebKit/537.36 (KHTML, like Gecko) Chrome/75.0.3770.100 Safari/537.36"
41.216.188.168 - - [02/Jul/2024:13:48:36 +1000] "GET /wp-admin/inputs.php HTTP/1.1" 301 988 "www.google.com" "Mozlila/5.0 (Linux; Android 7.0; SM-G892A Bulid/NRD90M; wv) AppleWebKit/537.36 (KHTML, like Gecko) Version/4.0 Chrome/60.0.3112.107 Moblie Safari/537.36"
111.67.29.221 - - [02/Jul/2024:13:48:44 +1000] "POST /wp-cron.php?doing_wp_cron=1719892124.8004009723663330078125 HTTP/1.1" 200 296 "-" "WordPress/6.5.5; https://www.pgkdistribution.com.au"
41.216.188.168 - - [02/Jul/2024:13:48:40 +1000] "GET /wp-admin/inputs.php HTTP/1.1" 404 20211 "www.google.com" "Mozlila/5.0 (Linux; Android 7.0; SM-G892A Bulid/NRD90M; wv) AppleWebKit/537.36 (KHTML, like Gecko) Version/4.0 Chrome/60.0.3112.107 Moblie Safari/537.36"
88.99.136.18 - - [02/Jul/2024:13:50:13 +1000] "GET / HTTP/1.1" 301 969 "-" "Mozilla/5.0 (Windows NT 10.0; Win64; x64) AppleWebKit/537.36 (KHTML, like Gecko) Chrome/105.0.0.0 Safari/537.36"
111.67.29.221 - - [02/Jul/2024:13:50:16 +1000] "POST /wp-cron.php?doing_wp_cron=1719892216.7600378990173339843750 HTTP/1.1" 200 296 "-" "WordPress/6.5.5; https://www.pgkdistribution.com.au"
88.99.136.18 - - [02/Jul/2024:13:50:14 +1000] "GET / HTTP/1.1" 301 497 "-" "Mozilla/5.0 (Windows NT 10.0; Win64; x64) AppleWebKit/537.36 (KHTML, like Gecko) Chrome/105.0.0.0 Safari/537.36"
45.154.98.195 - - [02/Jul/2024:14:06:17 +1000] "GET /wp-ver.php HTTP/1.1" 301 979 "www.google.com" "Mozlila/5.0 (Linux; Android 7.0; SM-G892A Bulid/NRD90M; wv) AppleWebKit/537.36 (KHTML, like Gecko) Version/4.0 Chrome/60.0.3112.107 Moblie Safari/537.36"
45.154.98.195 - - [02/Jul/2024:14:06:19 +1000] "GET /wp-ver.php HTTP/1.1" 404 20195 "www.google.com" "Mozlila/5.0 (Linux; Android 7.0; SM-G892A Bulid/NRD90M; wv) AppleWebKit/537.36 (KHTML, like Gecko) Version/4.0 Chrome/60.0.3112.107 Moblie Safari/537.36"
34.215.205.201 - - [02/Jul/2024:14:10:33 +1000] "GET / HTTP/1.1" 301 460 "-" "Mozilla/5.0 (Windows NT 10.0; Win64; x64) AppleWebKit/537.36 (KHTML, like Gecko) Chrome/113.0.0.0 Safari/537.36"
104.45.211.239 - - [02/Jul/2024:14:10:41 +1000] "GET / HTTP/1.1" 301 460 "-" "Mozilla/5.0 (Windows NT 10.0; WOW64) AppleWebKit/537.36 (KHTML, like Gecko) Chrome/63.0.3239.84 Safari/537.36"
23.178.112.214 - - [02/Jul/2024:14:14:09 +1000] "GET /.well-known/acme-challenge/ACKUe4pcg_Fn5G6exdWAorhPR61EX5-McKVoldy_zMM HTTP/1.1" 301 1002 "-" "Mozilla/5.0 (compatible; Let's Encrypt validation server; +https://www.letsencrypt.org)"
23.178.112.214 - - [02/Jul/2024:14:14:10 +1000] "GET /.well-known/acme-challenge/ACKUe4pcg_Fn5G6exdWAorhPR61EX5-McKVoldy_zMM HTTP/1.1" 404 969 "http://pgkdistribution.com.au/.well-known/acme-challenge/ACKUe4pcg_Fn5G6exdWAorhPR61EX5-McKVoldy_zMM" "Mozilla/5.0 (compatible; Let's Encrypt validation server; +https://www.letsencrypt.org)"
88.198.164.219 - - [02/Jul/2024:14:25:21 +1000] "GET / HTTP/1.1" 301 969 "-" "-"
111.67.29.221 - - [02/Jul/2024:14:25:27 +1000] "POST /wp-cron.php?doing_wp_cron=1719894327.0733950138092041015625 HTTP/1.1" 200 296 "-" "WordPress/6.5.5; https://www.pgkdistribution.com.au"
88.198.164.219 - - [02/Jul/2024:14:25:22 +1000] "GET / HTTP/1.1" 301 497 "http://pgkdistribution.com.au/" "-"
88.198.164.219 - - [02/Jul/2024:14:25:21 +1000] "GET / HTTP/1.1" 301 497 "-" "-"
35.188.54.245 - - [02/Jul/2024:14:27:02 +1000] "GET / HTTP/1.1" 301 969 "-" "Mozilla/5.0 (Windows NT 10.0; Win64; x64) AppleWebKit/537.36 (KHTML, like Gecko) Chrome/78.0.3904.108 Safari/537.36"
111.67.29.221 - - [02/Jul/2024:14:27:08 +1000] "POST /wp-cron.php?doing_wp_cron=1719894428.4405128955841064453125 HTTP/1.1" 200 296 "-" "WordPress/6.5.5; https://www.pgkdistribution.com.au"
35.188.54.245 - - [02/Jul/2024:14:27:03 +1000] "GET / HTTP/1.1" 301 497 "-" "Mozilla/5.0 (Windows NT 10.0; Win64; x64) AppleWebKit/537.36 (KHTML, like Gecko) Chrome/78.0.3904.108 Safari/537.36"
101.47.4.10 - - [02/Jul/2024:14:27:09 +1000] "GET /wp-content/uploads/2017/12/Spec-Sheet.png HTTP/1.1" 301 1010 "-" "Mozilla/5.0 (Windows NT 10.0; WOW64) AppleWebKit/537.36 (KHTML, like Gecko) Chrome/68.0.3440.1805 Safari/537.36 OPR/54.0.2952.51"
101.47.4.10 - - [02/Jul/2024:14:27:09 +1000] "GET /wp-content/uploads/2017/12/Installation.png HTTP/1.1" 301 1012 "-" "Mozilla/5.0 (X11; Linux i686) AppleWebKit/537.36 (KHTML, like Gecko) Chrome/64.0.3282.140 Safari/537.36"
101.47.4.10 - - [02/Jul/2024:14:27:10 +1000] "GET /wp-content/uploads/2017/12/Spec-Sheet.png HTTP/1.1" 404 20160 "-" "Mozilla/5.0 (Windows NT 10.0; WOW64) AppleWebKit/537.36 (KHTML, like Gecko) Chrome/68.0.3440.1805 Safari/537.36 OPR/54.0.2952.51"
101.47.4.10 - - [02/Jul/2024:14:27:15 +1000] "GET /wp-content/uploads/2017/12/Installation.png HTTP/1.1" 301 1012 "https://google.com" "Mozilla/5.0 (Macintosh; Intel Mac OS X 10_12_2; rv:52.4.1) Gecko/20100101 Firefox/52.4.1"
101.47.4.10 - - [02/Jul/2024:14:27:10 +1000] "GET /wp-content/uploads/2017/12/Installation.png HTTP/1.1" 404 17376 "-" "Mozilla/5.0 (X11; Linux i686) AppleWebKit/537.36 (KHTML, like Gecko) Chrome/64.0.3282.140 Safari/537.36"
101.47.4.10 - - [02/Jul/2024:14:27:15 +1000] "GET /wp-content/uploads/2017/12/Installation.png HTTP/1.1" 404 20161 "https://google.com" "Mozilla/5.0 (Macintosh; Intel Mac OS X 10_12_2; rv:52.4.1) Gecko/20100101 Firefox/52.4.1"
66.249.66.85 - - [02/Jul/2024:14:27:56 +1000] "GET /product/cable-gland-3-hole/ HTTP/1.1" 301 996 "-" "Mozilla/5.0 (Linux; Android 6.0.1; Nexus 5X Build/MMB29P) AppleWebKit/537.36 (KHTML, like Gecko) Chrome/125.0.6422.175 Mobile Safari/537.36 (compatible; Googlebot/2.1; +http://www.google.com/bot.html)"
66.249.66.198 - - [02/Jul/2024:14:27:57 +1000] "GET /product/cable-gland-3-hole/ HTTP/1.1" 200 23360 "-" "Mozilla/5.0 (Linux; Android 6.0.1; Nexus 5X Build/MMB29P) AppleWebKit/537.36 (KHTML, like Gecko) Chrome/125.0.6422.175 Mobile Safari/537.36 (compatible; Googlebot/2.1; +http://www.google.com/bot.html)"
66.249.66.198 - - [02/Jul/2024:14:28:04 +1000] "POST /?wc-ajax=get_refreshed_fragments HTTP/1.1" 200 928 "http://www.pgkdistribution.com.au/product/cable-gland-3-hole/" "Mozilla/5.0 (Linux; Android 6.0.1; Nexus 5X Build/MMB29P) AppleWebKit/537.36 (KHTML, like Gecko) Chrome/125.0.6422.175 Mobile Safari/537.36 (compatible; Googlebot/2.1; +http://www.google.com/bot.html)"
101.47.4.10 - - [02/Jul/2024:14:34:47 +1000] "GET /wp-content/uploads/2017/12/Spec-Sheet.png HTTP/1.1" 301 1010 "-" "Mozilla/5.0 (Windows NT 10.0; Win64; x64; rv:52.4.1) Gecko/20100101 Firefox/52.4.1"
101.47.4.10 - - [02/Jul/2024:14:34:48 +1000] "GET /wp-content/uploads/2017/12/Installation.png HTTP/1.1" 301 1012 "-" "Mozilla/5.0 (Macintosh; Intel Mac OS X 10_11_4; rv:52.7.2) Gecko/20100101 Firefox/52.7.2"
101.47.4.10 - - [02/Jul/2024:14:34:48 +1000] "GET /wp-content/uploads/2017/12/Installation.png HTTP/1.1" 404 20161 "-" "Mozilla/5.0 (Macintosh; Intel Mac OS X 10_11_4; rv:52.7.2) Gecko/20100101 Firefox/52.7.2"
101.47.4.10 - - [02/Jul/2024:14:34:48 +1000] "GET /wp-content/uploads/2017/12/Spec-Sheet.png HTTP/1.1" 404 20160 "-" "Mozilla/5.0 (Windows NT 10.0; Win64; x64; rv:52.4.1) Gecko/20100101 Firefox/52.4.1"
20.191.45.212 - - [02/Jul/2024:15:06:40 +1000] "GET / HTTP/1.1" 301 497 "http://www.pgkdistribution.com.au/" "DuckDuckBot/1.1; (+http://duckduckgo.com/duckduckbot.html)"
51.222.253.12 - - [02/Jul/2024:15:20:07 +1000] "GET /wp-content/uploads/2021/06/PV-ezRack-Inter-Clamp-Standard-35mm_1.jpg HTTP/1.1" 200 23673 "-" "Mozilla/5.0 (compatible; AhrefsBot/7.0; +http://ahrefs.com/robot/)"
52.230.152.178 - - [02/Jul/2024:15:46:22 +1000] "GET /robots.txt HTTP/1.1" 301 942 "-" "Mozilla/5.0 AppleWebKit/537.36 (KHTML, like Gecko; compatible; GPTBot/1.0; +https://openai.com/gptbot)"
111.67.29.221 - - [02/Jul/2024:15:46:29 +1000] "POST /wp-cron.php?doing_wp_cron=1719899189.3084170818328857421875 HTTP/1.1" 200 296 "-" "WordPress/6.5.5; https://www.pgkdistribution.com.au"
52.230.152.178 - - [02/Jul/2024:15:46:23 +1000] "GET /robots.txt HTTP/1.1" 200 679 "http://pgkdistribution.com.au/robots.txt" "Mozilla/5.0 AppleWebKit/537.36 (KHTML, like Gecko; compatible; GPTBot/1.0; +https://openai.com/gptbot)"
45.154.98.195 - - [02/Jul/2024:16:00:21 +1000] "GET /wp-ver.php HTTP/1.1" 301 979 "www.google.com" "Mozlila/5.0 (Linux; Android 7.0; SM-G892A Bulid/NRD90M; wv) AppleWebKit/537.36 (KHTML, like Gecko) Version/4.0 Chrome/60.0.3112.107 Moblie Safari/537.36"
45.154.98.195 - - [02/Jul/2024:16:00:36 +1000] "GET /wp-ver.php HTTP/1.1" 404 20195 "www.google.com" "Mozlila/5.0 (Linux; Android 7.0; SM-G892A Bulid/NRD90M; wv) AppleWebKit/537.36 (KHTML, like Gecko) Version/4.0 Chrome/60.0.3112.107 Moblie Safari/537.36"
40.77.167.67 - - [02/Jul/2024:16:16:42 +1000] "GET /wp-content/uploads/2017/12/Twin-Solar-DC-Cable-2x4mm%C3%83%E2%80%9A%C3%82%C2%B2.pdf HTTP/1.1" 301 1034 "-" "Mozilla/5.0 AppleWebKit/537.36 (KHTML, like Gecko; compatible; bingbot/2.0; +http://www.bing.com/bingbot.htm) Chrome/116.0.1938.76 Safari/537.36"
52.167.144.174 - - [02/Jul/2024:16:25:06 +1000] "GET /sunrise-250w-poly-solar-panel.html HTTP/1.1" 301 1003 "-" "Mozilla/5.0 AppleWebKit/537.36 (KHTML, like Gecko; compatible; bingbot/2.0; +http://www.bing.com/bingbot.htm) Chrome/116.0.1938.76 Safari/537.36"
103.131.71.22 - - [02/Jul/2024:16:32:50 +1000] "GET /robots.txt HTTP/1.1" 301 942 "-" "Mozilla/5.0 (compatible; coccocbot-image/1.0; +http://help.coccoc.com/searchengine)"
103.131.71.22 - - [02/Jul/2024:16:32:52 +1000] "GET /robots.txt HTTP/1.1" 200 679 "-" "Mozilla/5.0 (compatible; coccocbot-image/1.0; +http://help.coccoc.com/searchengine)"
103.131.71.22 - - [02/Jul/2024:16:33:24 +1000] "GET /robots.txt HTTP/1.1" 200 679 "-" "Mozilla/5.0 (compatible; coccocbot-image/1.0; +http://help.coccoc.com/searchengine)"
10.179.80.146 - - [02/Jul/2024:16:51:06 +1000] "GET /robots.txt HTTP/1.1" 301 1010 "-" "Mozilla/5.0 (compatible;PetalBot;+https://webmaster.petalsearch.com/site/petalbot)"
111.67.29.221 - - [02/Jul/2024:16:51:14 +1000] "POST /wp-cron.php?doing_wp_cron=1719903074.4000880718231201171875 HTTP/1.1" 200 296 "-" "WordPress/6.5.5; https://www.pgkdistribution.com.au"
10.179.80.146 - - [02/Jul/2024:16:51:08 +1000] "GET /robots.txt HTTP/1.1" 200 747 "-" "Mozilla/5.0 (compatible;PetalBot;+https://webmaster.petalsearch.com/site/petalbot)"
199.168.112.175 - - [02/Jul/2024:17:13:05 +1000] "GET / HTTP/1.1" 301 969 "https://www.enf.com.cn/pgk-distribution?directory=seller&utm_source=ENF&utm_medium=Australia&utm_content=65947&utm_campaign=profiles_seller" "Mozilla/5.0 (Windows NT 10.0; Win64; x64) AppleWebKit/537.36 (KHTML, like Gecko) Chrome/125.0.0.0 Safari/537.36"
111.67.29.221 - - [02/Jul/2024:17:13:11 +1000] "POST /wp-cron.php?doing_wp_cron=1719904391.6312310695648193359375 HTTP/1.1" 200 296 "-" "WordPress/6.5.5; https://www.pgkdistribution.com.au"
199.168.112.175 - - [02/Jul/2024:17:13:09 +1000] "GET / HTTP/1.1" 301 497 "https://www.enf.com.cn/pgk-distribution?directory=seller&utm_source=ENF&utm_medium=Australia&utm_content=65947&utm_campaign=profiles_seller" "Mozilla/5.0 (Windows NT 10.0; Win64; x64) AppleWebKit/537.36 (KHTML, like Gecko) Chrome/125.0.0.0 Safari/537.36"
190.92.202.169 - - [02/Jul/2024:17:25:31 +1000] "GET /product/standard-pv-ezrack-grounding-clamp/ HTTP/1.1" 301 1012 "-" "Mozilla/5.0 (Windows NT 10.0; Win64; x64) AppleWebKit/537.36 (KHTML, like Gecko) Chrome/110.0.0.0 Safari/537.36"
111.67.29.221 - - [02/Jul/2024:17:25:38 +1000] "POST /wp-cron.php?doing_wp_cron=1719905138.3911550045013427734375 HTTP/1.1" 200 296 "-" "WordPress/6.5.5; https://www.pgkdistribution.com.au"
190.92.202.169 - - [02/Jul/2024:17:25:32 +1000] "GET /product/standard-pv-ezrack-grounding-clamp/ HTTP/1.1" 404 20264 "-" "Mozilla/5.0 (Windows NT 10.0; Win64; x64) AppleWebKit/537.36 (KHTML, like Gecko) Chrome/110.0.0.0 Safari/537.36"
103.131.71.67 - - [02/Jul/2024:18:32:26 +1000] "GET /robots.txt HTTP/1.1" 301 942 "-" "Mozilla/5.0 (compatible; coccocbot-web/1.0; +http://help.coccoc.com/searchengine)"
111.67.29.221 - - [02/Jul/2024:18:32:33 +1000] "POST /wp-cron.php?doing_wp_cron=1719909153.7874829769134521484375 HTTP/1.1" 200 296 "-" "WordPress/6.5.5; https://www.pgkdistribution.com.au"
103.131.71.67 - - [02/Jul/2024:18:32:28 +1000] "GET /robots.txt HTTP/1.1" 200 679 "-" "Mozilla/5.0 (compatible; coccocbot-web/1.0; +http://help.coccoc.com/searchengine)"
111.67.29.221 - - [02/Jul/2024:18:32:55 +1000] "POST /wp-cron.php?doing_wp_cron=1719909175.3021600246429443359375 HTTP/1.1" 200 296 "-" "WordPress/6.5.5; https://www.pgkdistribution.com.au"
103.131.71.159 - - [02/Jul/2024:18:32:54 +1000] "GET /robots.txt HTTP/1.1" 200 679 "-" "Mozilla/5.0 (compatible; coccocbot-web/1.0; +http://help.coccoc.com/searchengine)"
43.130.7.211 - - [02/Jul/2024:18:33:02 +1000] "GET / HTTP/1.1" 301 969 "-" "Mozilla/5.0 (iPhone; CPU iPhone OS 13_2_3 like Mac OS X) AppleWebKit/605.1.15 (KHTML, like Gecko) Version/13.0.3 Mobile/15E148 Safari/604.1"
66.249.66.86 - - [02/Jul/2024:18:35:16 +1000] "GET /product/crimping-tool/ HTTP/1.1" 301 991 "-" "Mozilla/5.0 (Linux; Android 6.0.1; Nexus 5X Build/MMB29P) AppleWebKit/537.36 (KHTML, like Gecko) Chrome/125.0.6422.175 Mobile Safari/537.36 (compatible; Googlebot/2.1; +http://www.google.com/bot.html)"
111.67.29.221 - - [02/Jul/2024:18:35:25 +1000] "POST /wp-cron.php?doing_wp_cron=1719909324.9760529994964599609375 HTTP/1.1" 200 296 "-" "WordPress/6.5.5; https://www.pgkdistribution.com.au"
66.249.66.198 - - [02/Jul/2024:18:35:17 +1000] "GET /product/crimping-tool/ HTTP/1.1" 301 651 "-" "Mozilla/5.0 (Linux; Android 6.0.1; Nexus 5X Build/MMB29P) AppleWebKit/537.36 (KHTML, like Gecko) Chrome/125.0.6422.175 Mobile Safari/537.36 (compatible; Googlebot/2.1; +http://www.google.com/bot.html)"
40.88.21.235 - - [02/Jul/2024:19:08:16 +1000] "GET / HTTP/1.1" 301 497 "http://www.pgkdistribution.com.au/" "DuckDuckBot/1.1; (+http://duckduckgo.com/duckduckbot.html)"
103.131.71.210 - - [02/Jul/2024:19:32:38 +1000] "GET /robots.txt HTTP/1.1" 200 679 "-" "Mozilla/5.0 (compatible; coccocbot-image/1.0; +http://help.coccoc.com/searchengine)"
13.60.57.188 - - [02/Jul/2024:20:07:31 +1000] "GET //c0.wp.com/c/6.5.5/wp-includes/js/dist/hooks.min.js HTTP/1.1" 200 0 "-" "Mozilla/5.0 (Windows NT 10.0; Win64; x64) AppleWebKit/537.36 (KHTML, like Gecko) Chrome/78.0.3887.0 Safari/537.36"
13.60.57.188 - - [02/Jul/2024:20:07:31 +1000] "GET //c0.wp.com/c/6.5.5/wp-includes/js/jquery/jquery-migrate.min.js HTTP/1.1" 200 0 "-" "Mozilla/5.0 (Windows NT 6.1; WOW64) AppleWebKit/537.36 (KHTML, like Gecko) Chrome/74.0.3729.108 Safari/537.36"
13.60.57.188 - - [02/Jul/2024:20:07:31 +1000] "GET //c0.wp.com/p/woocommerce/7.9.0/assets/js/js-cookie/js.cookie.min.js HTTP/1.1" 200 0 "-" "Mozilla/5.0 (Windows NT 6.1; Win64; x64) AppleWebKit/537.36 (KHTML, like Gecko) Chrome/76.0.3809.87 Safari/537.36"
13.60.57.188 - - [02/Jul/2024:20:07:31 +1000] "GET //stats.wp.com/e-202427.js HTTP/1.1" 200 0 "-" "Mozilla/5.0 (Linux; U; Android 3.0.1; fr-fr; A500 Build/HRI66) AppleWebKit/534.13 (KHTML, like Gecko) Version/4.0 Safari/534.13"
13.60.57.188 - - [02/Jul/2024:20:07:31 +1000] "GET //stats.wp.com/s-202427.js HTTP/1.1" 200 0 "-" "Mozilla/5.0 (iPhone; CPU iPhone OS 12_4 like Mac OS X) AppleWebKit/605.1.15 (KHTML, like Gecko) CriOS/76.0.3809.123 Mobile/15E148 Safari/605.1"
13.60.57.188 - - [02/Jul/2024:20:07:31 +1000] "GET //www.pgkdistribution.com.au/wp-content/plugins/advanced-product-fields-for-woocommerce/assets/js/frontend.min.js HTTP/1.1" 200 0 "-" "Mozilla/5.0 (X11; U; Linux x86_64; en-US; rv:1.9.1.5) Gecko/20091107 Firefox/3.5.5"
13.60.57.188 - - [02/Jul/2024:20:07:31 +1000] "GET //www.pgkdistribution.com.au/wp-content/plugins/contact-form-7/modules/recaptcha/index.js HTTP/1.1" 200 0 "-" "Mozilla/5.0 (Linux; Android 9; SM-G955N) AppleWebKit/537.36 (KHTML, like Gecko) Chrome/76.0.3809.111 Mobile Safari/537.36"
13.60.57.188 - - [02/Jul/2024:20:07:31 +1000] "GET //www.pgkdistribution.com.au/wp-content/plugins/contact-form-7/includes/js/index.js HTTP/1.1" 200 0 "-" "Mozilla/5.0 (Linux; Android 8.1.0; Redmi Y2) AppleWebKit/537.36 (KHTML, like Gecko) Chrome/76.0.3809.111 Mobile Safari/537.36"
13.60.57.188 - - [02/Jul/2024:20:07:31 +1000] "GET //www.pgkdistribution.com.au/wp-content/plugins/gutentor/assets/library/magnific-popup/jquery.magnific-popup.min.js HTTP/1.1" 200 0 "-" "Mozilla/5.0 (Windows NT 6.1; WOW64) AppleWebKit/537.36 (KHTML, like Gecko) Chrome/75.0.3770.143 YaBrowser/19.7.2.516 Yowser/2.5 Safari/537.36"
13.60.57.188 - - [02/Jul/2024:20:07:31 +1000] "GET //www.pgkdistribution.com.au/wp-content/plugins/gutentor/assets/library/slick/slick.min.js HTTP/1.1" 200 0 "-" "BlackBerry8330/4.3.0 Profile/MIDP-2.0 Configuration/CLDC-1.1 VendorID/105"
13.60.57.188 - - [02/Jul/2024:20:07:31 +1000] "GET //www.pgkdistribution.com.au/wp-content/plugins/hide-price-add-to-cart-button/front/../assets/js/afwhp_front.js HTTP/1.1" 200 0 "-" "Mozilla/5.0 (X11; Linux armv7l) AppleWebKit/537.36 (KHTML, like Gecko) Chrome/67.0.3396.87 Safari/537.36"
13.60.57.188 - - [02/Jul/2024:20:07:31 +1000] "GET //www.pgkdistribution.com.au/wp-content/plugins/mailchimp-for-woocommerce/public/js/mailchimp-woocommerce-public.min.js HTTP/1.1" 200 0 "-" "Mozilla/5.0 (X11; U; Linux i686; en-US; rv:1.8.0.7) Gecko/20060909 Firefox/1.5.0.7 MG(Novarra-Vision/6.9)"
13.60.57.188 - - [02/Jul/2024:20:07:31 +1000] "GET //www.pgkdistribution.com.au/wp-content/plugins/smart-slider-3/Public/SmartSlider3/Application/Frontend/Assets/dist/smartslider-frontend.min.js HTTP/1.1" 200 0 "-" "Mozilla/5.0 (Windows NT 10.0; Win64; x64) AppleWebKit/537.36 (KHTML, like Gecko) Chrome/73.0.3683.88 Safari/537.36 Vivaldi/2.4.1488.36"
13.60.57.188 - - [02/Jul/2024:20:07:31 +1000] "GET //www.pgkdistribution.com.au/wp-content/plugins/smart-slider-3/Public/SmartSlider3/Slider/SliderType/Simple/Assets/dist/ss-simple.min.js HTTP/1.1" 200 0 "-" "Wget/1.12 (freebsd8.1)"
13.60.57.188 - - [02/Jul/2024:20:07:31 +1000] "GET //www.pgkdistribution.com.au/wp-content/plugins/smart-slider-3/Public/SmartSlider3/Widget/Arrow/ArrowImage/Assets/dist/w-arrow-image.min.js HTTP/1.1" 200 0 "-" "Mozilla/5.0 (Windows NT 6.1; Win64; x64; rv:2.0.1) Gecko/20100101 Firefox/4.0.1"
13.60.57.188 - - [02/Jul/2024:20:07:31 +1000] "GET //www.pgkdistribution.com.au/wp-content/plugins/storefront-hamburger-menu/assets/js/frontend.min.js HTTP/1.1" 200 0 "-" "Mozilla/5.0 (Macintosh; Intel Mac OS X 10.6; rv:9.0) Gecko/20100101 Firefox/9.0"
13.60.57.188 - - [02/Jul/2024:20:07:31 +1000] "GET //www.pgkdistribution.com.au/wp-content/plugins/user-registration-plugin-for-woocommerce/front/js/afreg_color_spectrum.js HTTP/1.1" 200 0 "-" "Mozilla/5.0 (Linux; Android 8.1.0; LM-Q710.FG) AppleWebKit/537.36 (KHTML, like Gecko) Chrome/75.0.3770.101 Mobile Safari/537.36"
13.60.57.188 - - [02/Jul/2024:20:07:31 +1000] "GET //www.pgkdistribution.com.au/wp-content/plugins/tier-pricing-table/assets/frontend/product-tiered-pricing-table.min.js HTTP/1.1" 200 0 "-" "Mozilla/5.0 (X11; Linux i686; rv:32.0) Gecko/20100101 Firefox/32.0"
13.60.57.188 - - [02/Jul/2024:20:07:31 +1000] "GET //www.pgkdistribution.com.au/wp-content/plugins/user-registration-plugin-for-woocommerce/front/js/afreg_front.js HTTP/1.1" 200 0 "-" "Mozilla/5.0 (X11; Linux x86_64) AppleWebKit/537.4 (KHTML like Gecko) Chrome/22.0.1229.56 Safari/537.4"
13.60.57.188 - - [02/Jul/2024:20:07:31 +1000] "GET //www.pgkdistribution.com.au/wp-content/plugins/woocommerce-table-rate-shipping/assets/js/frontend-checkout.min.js HTTP/1.1" 200 0 "-" "Mozilla/5.0 (iPhone; CPU iPhone OS 8_3 like Mac OS X) AppleWebKit/600.1.4 (KHTML, like Gecko) Version/8.0 Mobile/12F70 Safari/600.1.4"
13.60.57.188 - - [02/Jul/2024:20:07:31 +1000] "GET //www.pgkdistribution.com.au/wp-content/themes/homestore/assets/js/homestore.min.js HTTP/1.1" 200 0 "-" "Mozilla/4.8 [en] (X11; U; SunOS; 5.7 sun4u)"
13.60.57.188 - - [02/Jul/2024:20:07:31 +1000] "GET //c0.wp.com/c/6.5.5/wp-includes/js/dist/vendor/regenerator-runtime.min.js HTTP/1.1" 200 0 "-" "Opera/9.80 (Macintosh; Intel Mac OS X 10.6.8; U; fr) Presto/2.9.168 Version/11.52"
13.60.57.188 - - [02/Jul/2024:20:07:31 +1000] "GET //c0.wp.com/c/6.5.5/wp-includes/js/dist/vendor/wp-polyfill-inert.min.js HTTP/1.1" 200 0 "-" "Mozilla/5.0 (Windows NT 10.0; Win64; x64) AppleWebKit/537.36 (KHTML, like Gecko) Chrome/71.0.3578.80 Safari/537.36"
13.60.57.188 - - [02/Jul/2024:20:07:31 +1000] "GET //c0.wp.com/c/6.5.5/wp-includes/js/jquery/jquery.min.js HTTP/1.1" 200 0 "-" "Mozilla/5.0 (SMART-TV; X11; Linux armv7l) AppleWebkit/537.42 (KHTML, like Gecko) Chromium/25.0.1349.2 Chrome/25.0.1349.2 Safari/537.42"
13.60.57.188 - - [02/Jul/2024:20:07:31 +1000] "GET //c0.wp.com/c/6.5.5/wp-includes/js/masonry.min.js HTTP/1.1" 200 0 "-" "Mozilla/4.0 (compatible; MSIE 6.0; Windows CE; IEMobile 7.11) XV6800"
13.60.57.188 - - [02/Jul/2024:20:07:31 +1000] "GET //c0.wp.com/p/woocommerce/7.9.0/assets/js/frontend/cart-fragments.min.js HTTP/1.1" 200 0 "-" "Mozilla/5.0 (Linux; U; Android 1.5; de-de; Galaxy Build/CUPCAKE) AppleWebKit/528.5 (KHTML, like Gecko) Version/3.1.2 Mobile Safari/525.20.1"
13.60.57.188 - - [02/Jul/2024:20:07:31 +1000] "GET //c0.wp.com/p/woocommerce/7.9.0/assets/js/jquery-blockui/jquery.blockUI.min.js HTTP/1.1" 200 0 "-" "Mozilla/5.0 (Windows NT 6.1; WOW64) AppleWebKit/537.36 (KHTML, like Gecko) Maxthon/4.4.6.1000 Chrome/30.0.1599.101 Safari/537.36"
13.60.57.188 - - [02/Jul/2024:20:07:31 +1000] "GET //c0.wp.com/p/woocommerce/7.9.0/assets/js/frontend/add-to-cart.min.js HTTP/1.1" 200 0 "-" "Mozilla/5.0 (X11; U; Linux x86_64; en-AU) AppleWebKit/534.35 (KHTML, like Gecko) Chrome/11.0.696.65 Safari/534.35 Puffin/3.9174IT"
13.60.57.188 - - [02/Jul/2024:20:07:31 +1000] "GET //c0.wp.com/c/6.5.5/wp-includes/js/dist/vendor/wp-polyfill.min.js HTTP/1.1" 200 0 "-" "Mozilla/5.0 (X11; U; FreeBSD i386; en-US; rv:1.6) Gecko/20040406 Galeon/1.3.15"
13.60.57.188 - - [02/Jul/2024:20:07:31 +1000] "GET //c0.wp.com/c/6.5.5/wp-includes/js/imagesloaded.min.js HTTP/1.1" 200 0 "-" "Mozilla/5.0 (X11; NetBSD amd64; rv:30.0) Gecko/20100101 Firefox/30.0"
13.60.57.188 - - [02/Jul/2024:20:07:31 +1000] "GET //c0.wp.com/p/woocommerce/7.9.0/assets/js/frontend/woocommerce.min.js HTTP/1.1" 200 0 "-" "Mozilla/5.0 (Macintosh; Intel Mac OS X 10_14_0) AppleWebKit/537.36 (KHTML, like Gecko) Chrome/77.0.3865.19 Safari/537.36 Edg/77.0.235.9"
13.60.57.188 - - [02/Jul/2024:20:07:31 +1000] "GET //chimpstatic.com/mcjs-connected/js/users/9b7fe3c505dee2fbdf75b6643/569abe02b559795efddaca3c6.js HTTP/1.1" 200 0 "-" "Mozilla/4.0 (compatible; Dillo 3.0)"
13.60.57.188 - - [02/Jul/2024:20:07:31 +1000] "GET //stats.wp.com/w.js HTTP/1.1" 200 0 "-" "Mozilla/5.0 (Windows NT 10.0; WOW64) AppleWebKit/537.36 (KHTML, like Gecko) coc_coc_browser/80.0.180 Chrome/74.0.3729.180 Safari/537.36"
13.60.57.188 - - [02/Jul/2024:20:07:31 +1000] "GET //www.google.com/recaptcha/api.js HTTP/1.1" 200 0 "-" "Mozilla/5.0 (Linux; Android 6.0; Nexus 5X Build/MDB08L) AppleWebKit/537.36 (KHTML, like Gecko) Chrome/53.0.2785.124 Mobile Safari/537.36"
13.60.57.188 - - [02/Jul/2024:20:07:31 +1000] "GET //www.pgkdistribution.com.au/wp-content/plugins/contact-form-7/includes/swv/js/index.js HTTP/1.1" 200 0 "-" "Mozilla/5.0 (X11; Linux i686) AppleWebKit/537.36 (KHTML, like Gecko) Ubuntu Chromium/65.0.3325.181 Chrome/65.0.3325.181 Safari/537.36"
13.60.57.188 - - [02/Jul/2024:20:07:31 +1000] "GET //www.pgkdistribution.com.au/wp-content/plugins/gutentor/assets/js/gutentor.js HTTP/1.1" 200 0 "-" "Mozilla/5.0 (iPad; CPU OS 9_3_5 like Mac OS X) AppleWebKit/601.1.46 (KHTML, like Gecko) Version/9.0 Mobile/13G36 Safari/601.1"
13.60.57.188 - - [02/Jul/2024:20:07:31 +1000] "GET //www.pgkdistribution.com.au/wp-content/plugins/gutentor/assets/library/wow/wow.min.js HTTP/1.1" 200 0 "-" "Mozilla/4.0 (compatible; MSIE 8.0; Windows NT 6.0; Trident/4.0)"
13.60.57.188 - - [02/Jul/2024:20:07:31 +1000] "GET //www.pgkdistribution.com.au/wp-content/plugins/hide-price-add-to-cart-button/front/../assets/js/jquery.popupoverlay.js HTTP/1.1" 200 0 "-" "Mozilla/5.0 (Windows NT 6.1; Win64; x64) AppleWebKit/537.36 (KHTML, like Gecko) Chrome/72.0.3626.81 Safari/537.36"
13.60.57.188 - - [02/Jul/2024:20:07:31 +1000] "GET //www.pgkdistribution.com.au/wp-content/plugins/smart-slider-3/Public/SmartSlider3/Application/Frontend/Assets/dist/n2.min.js HTTP/1.1" 200 0 "-" "Mozilla/5.0 (Windows NT 6.1; WOW64) AppleWebKit/537.36 (KHTML, like Gecko) Chrome/55.0.2883.87 UBrowser/6.2.4098.3 Safari/537.36"
13.60.57.188 - - [02/Jul/2024:20:07:31 +1000] "GET //www.pgkdistribution.com.au/wp-content/plugins/smart-slider-3/Public/SmartSlider3/Widget/Bullet/Assets/dist/w-bullet.min.js HTTP/1.1" 200 0 "-" "CSSCheck/1.2.2"
46.148.206.226 - - [02/Jul/2024:20:33:54 +1000] "GET /contact-us/ HTTP/1.0" 301 943 "http://pgkdistribution.com.au/contact-us/" "Mozilla/5.0 (Windows NT 10.0; Win64; x64) AppleWebKit/537.36 (KHTML, like Gecko) Chrome/117.0.0.0 Safari/537.36"
111.67.29.221 - - [02/Jul/2024:20:34:00 +1000] "POST /wp-cron.php?doing_wp_cron=1719916440.0460391044616699218750 HTTP/1.1" 200 296 "-" "WordPress/6.5.5; https://www.pgkdistribution.com.au"
46.148.206.226 - - [02/Jul/2024:20:33:55 +1000] "GET /contact-us/ HTTP/1.0" 200 87260 "http://www.pgkdistribution.com.au/contact-us/" "Mozilla/5.0 (Windows NT 10.0; Win64; x64) AppleWebKit/537.36 (KHTML, like Gecko) Chrome/117.0.0.0 Safari/537.36"
46.148.206.226 - - [02/Jul/2024:20:34:14 +1000] "GET /contact-us/ HTTP/1.0" 200 87077 "http://www.pgkdistribution.com.au/contact-us/" "Mozilla/5.0 (Windows NT 10.0; Win64; x64) AppleWebKit/537.36 (KHTML, like Gecko) Chrome/117.0.0.0 Safari/537.36"
66.249.66.199 - - [02/Jul/2024:20:43:52 +1000] "GET /wp-content/uploads/2021/06/Solar-Mount-Page-BG.png HTTP/1.1" 200 249688 "-" "Googlebot-Image/1.0"
50.87.253.23 - - [02/Jul/2024:20:53:58 +1000] "HEAD / HTTP/1.1" 301 216 "-" "-"
111.67.29.221 - - [02/Jul/2024:20:54:03 +1000] "POST /wp-cron.php?doing_wp_cron=1719917643.4141399860382080078125 HTTP/1.1" 200 296 "-" "WordPress/6.5.5; https://www.pgkdistribution.com.au"
50.87.253.23 - - [02/Jul/2024:20:53:59 +1000] "HEAD / HTTP/1.1" 301 478 "-" "-"
66.249.66.87 - - [02/Jul/2024:21:01:03 +1000] "GET /product/klip-lok-406/ HTTP/1.1" 301 990 "-" "Mozilla/5.0 (Linux; Android 6.0.1; Nexus 5X Build/MMB29P) AppleWebKit/537.36 (KHTML, like Gecko) Chrome/125.0.6422.175 Mobile Safari/537.36 (compatible; Googlebot/2.1; +http://www.google.com/bot.html)"
111.67.29.221 - - [02/Jul/2024:21:01:10 +1000] "POST /wp-cron.php?doing_wp_cron=1719918070.5819408893585205078125 HTTP/1.1" 200 296 "-" "WordPress/6.5.5; https://www.pgkdistribution.com.au"
66.249.66.201 - - [02/Jul/2024:21:01:04 +1000] "GET /product/klip-lok-406/ HTTP/1.1" 301 654 "-" "Mozilla/5.0 (Linux; Android 6.0.1; Nexus 5X Build/MMB29P) AppleWebKit/537.36 (KHTML, like Gecko) Chrome/125.0.6422.175 Mobile Safari/537.36 (compatible; Googlebot/2.1; +http://www.google.com/bot.html)"
194.38.23.16 - - [02/Jul/2024:21:07:54 +1000] "GET /admin/elfinder/connectors/php/connector.php HTTP/1.1" 301 1012 "-" "ALittle Client"
194.38.23.16 - - [02/Jul/2024:21:07:54 +1000] "GET /assets/elfinder/connectors/php/connector.php HTTP/1.1" 301 1013 "-" "ALittle Client"
194.38.23.16 - - [02/Jul/2024:21:07:56 +1000] "GET /admin/plugins/elfinder/connectors/php/connector.php HTTP/1.1" 301 1020 "-" "ALittle Client"
194.38.23.16 - - [02/Jul/2024:21:08:13 +1000] "GET /assets/elfinder/connectors/php/connector.php HTTP/1.1" 404 95094 "-" "ALittle Client"
194.38.23.16 - - [02/Jul/2024:21:08:14 +1000] "GET /admin/elfinder/connectors/php/connector.php HTTP/1.1" 404 95092 "-" "ALittle Client"
194.38.23.16 - - [02/Jul/2024:21:08:15 +1000] "GET /admin/plugins/elfinder/connectors/php/connector.php HTTP/1.1" 404 95111 "-" "ALittle Client"
194.104.11.24 - - [02/Jul/2024:21:14:57 +1000] "GET /wp-login.php HTTP/1.1" 301 981 "-" "Mozilla/5.0 (Windows; U; Windows NT 6.1; en-US) AppleWebKit/534.10 (KHTML, like Gecko) Chrome/8.0.552.224 Safari/534.10"
194.104.11.24 - - [02/Jul/2024:21:14:59 +1000] "GET /wp-login.php HTTP/1.1" 302 572 "-" "Mozilla/5.0 (Windows; U; Windows NT 6.1; en-US) AppleWebKit/534.10 (KHTML, like Gecko) Chrome/8.0.552.224 Safari/534.10"
194.104.11.24 - - [02/Jul/2024:21:15:26 +1000] "GET /wp-login.php HTTP/1.1" 301 981 "-" "Mozilla/5.0 (Windows; U; Windows NT 6.1; en-US) AppleWebKit/534.10 (KHTML, like Gecko) Chrome/8.0.552.224 Safari/534.10"
194.104.11.24 - - [02/Jul/2024:21:15:27 +1000] "GET /wp-login.php HTTP/1.1" 302 572 "-" "Mozilla/5.0 (Windows; U; Windows NT 6.1; en-US) AppleWebKit/534.10 (KHTML, like Gecko) Chrome/8.0.552.224 Safari/534.10"
194.104.11.24 - - [02/Jul/2024:21:15:35 +1000] "GET /wp-login.php HTTP/1.1" 301 981 "-" "Mozilla/5.0 (Windows; U; Windows NT 6.1; en-US) AppleWebKit/534.10 (KHTML, like Gecko) Chrome/8.0.552.224 Safari/534.10"
194.104.11.24 - - [02/Jul/2024:21:15:36 +1000] "GET /wp-login.php HTTP/1.1" 302 572 "-" "Mozilla/5.0 (Windows; U; Windows NT 6.1; en-US) AppleWebKit/534.10 (KHTML, like Gecko) Chrome/8.0.552.224 Safari/534.10"
66.249.66.85 - - [02/Jul/2024:21:32:13 +1000] "GET /sitemap_index.xml HTTP/1.1" 301 986 "-" "Mozilla/5.0 (compatible; Googlebot/2.1; +http://www.google.com/bot.html)"
66.249.66.199 - - [02/Jul/2024:21:32:14 +1000] "GET /sitemap_index.xml HTTP/1.1" 200 892 "-" "Mozilla/5.0 (compatible; Googlebot/2.1; +http://www.google.com/bot.html)"
66.249.66.87 - - [02/Jul/2024:22:11:40 +1000] "GET /sitemap.xml HTTP/1.1" 301 980 "-" "Mozilla/5.0 (compatible; Googlebot/2.1; +http://www.google.com/bot.html)"
111.67.29.221 - - [02/Jul/2024:22:11:47 +1000] "POST /wp-cron.php?doing_wp_cron=1719922307.1851611137390136718750 HTTP/1.1" 200 296 "-" "WordPress/6.5.5; https://www.pgkdistribution.com.au"
66.249.66.197 - - [02/Jul/2024:22:11:41 +1000] "GET /sitemap.xml HTTP/1.1" 404 18474 "-" "Mozilla/5.0 (compatible; Googlebot/2.1; +http://www.google.com/bot.html)"
209.141.61.161 - - [02/Jul/2024:22:24:18 +1000] "GET /wp-login.php HTTP/1.1" 200 5254 "http://www.google.com.hk" "Mozilla/5.0 (Windows NT 6.1; WOW64) AppleWebKit/537.36 (KHTML, like Gecko) Chrome/42.0.2311.90 Safari/537.36"
111.67.29.221 - - [02/Jul/2024:22:52:17 +1000] "POST /wp-cron.php?doing_wp_cron=1719924737.8100099563598632812500 HTTP/1.1" 200 296 "-" "WordPress/6.5.5; https://www.pgkdistribution.com.au"
42.236.101.249 - - [02/Jul/2024:22:52:12 +1000] "GET / HTTP/1.1" 301 497 "http://www.pgkdistribution.com.au/" "Mozilla/5.0 (Windows NT 6.1; WOW64) AppleWebKit/537.36 (KHTML, like Gecko) Chrome/50.0.2661.102 Safari/537.36; 360Spider"
111.67.29.221 - - [02/Jul/2024:22:56:12 +1000] "POST /wp-cron.php?doing_wp_cron=1719924972.7416379451751708984375 HTTP/1.1" 200 296 "-" "WordPress/6.5.5; https://www.pgkdistribution.com.au"
66.249.79.165 - - [02/Jul/2024:22:56:07 +1000] "GET /sitemap_index.xml HTTP/1.1" 200 892 "-" "Mozilla/5.0 (compatible; Googlebot/2.1; +http://www.google.com/bot.html)"
91.108.240.52 - - [02/Jul/2024:23:19:59 +1000] "GET / HTTP/1.1" 301 969 "-" "Mozilla/5.0 (Macintosh; Intel Mac OS X 10.11; rv:51.0) Gecko/20100101 Firefox/51.0"
111.67.29.221 - - [02/Jul/2024:23:20:09 +1000] "POST /wp-cron.php?doing_wp_cron=1719926409.5591919422149658203125 HTTP/1.1" 200 296 "-" "WordPress/6.5.5; https://www.pgkdistribution.com.au"
91.108.240.52 - - [02/Jul/2024:23:20:01 +1000] "GET / HTTP/1.1" 301 497 "-" "Mozilla/5.0 (Macintosh; Intel Mac OS X 10.11; rv:51.0) Gecko/20100101 Firefox/51.0"
91.108.240.52 - - [02/Jul/2024:23:20:15 +1000] "GET / HTTP/1.1" 301 969 "-" "Mozilla/5.0 (X11; Linux i686) AppleWebKit/537.36 (KHTML, like Gecko) Chrome/53.0.2808.51 Safari/537.36"
91.108.240.52 - - [02/Jul/2024:23:20:17 +1000] "GET / HTTP/1.1" 301 497 "-" "Mozilla/5.0 (X11; Linux i686) AppleWebKit/537.36 (KHTML, like Gecko) Chrome/53.0.2808.51 Safari/537.36"
40.77.167.55 - - [02/Jul/2024:23:22:14 +1000] "GET /electricals/isolators.html HTTP/1.1" 301 995 "-" "Mozilla/5.0 AppleWebKit/537.36 (KHTML, like Gecko; compatible; bingbot/2.0; +http://www.bing.com/bingbot.htm) Chrome/116.0.1938.76 Safari/537.36"
45.77.82.151 - - [02/Jul/2024:23:30:45 +1000] "HEAD /wordpress HTTP/1.1" 301 225 "-" "Mozilla/5.0 (Windows NT 10.0; Win64; x64) AppleWebKit/537.36 (KHTML, like Gecko) Chrome/74.0.3729.169 Safari/537.36"
111.67.29.221 - - [02/Jul/2024:23:30:51 +1000] "POST /wp-cron.php?doing_wp_cron=1719927051.9285089969635009765625 HTTP/1.1" 200 296 "-" "WordPress/6.5.5; https://www.pgkdistribution.com.au"
45.77.82.151 - - [02/Jul/2024:23:30:46 +1000] "HEAD /wordpress HTTP/1.1" 404 578 "http://pgkdistribution.com.au/wordpress" "Mozilla/5.0 (Windows NT 10.0; Win64; x64) AppleWebKit/537.36 (KHTML, like Gecko) Chrome/74.0.3729.169 Safari/537.36"
45.77.82.151 - - [02/Jul/2024:23:30:52 +1000] "HEAD / HTTP/1.1" 301 216 "-" "Mozilla/5.0 (Windows NT 10.0; Win64; x64) AppleWebKit/537.36 (KHTML, like Gecko) Chrome/74.0.3729.169 Safari/537.36"
45.77.82.151 - - [02/Jul/2024:23:30:52 +1000] "HEAD / HTTP/1.1" 301 478 "http://pgkdistribution.com.au/" "Mozilla/5.0 (Windows NT 10.0; Win64; x64) AppleWebKit/537.36 (KHTML, like Gecko) Chrome/74.0.3729.169 Safari/537.36"
45.77.82.151 - - [02/Jul/2024:23:30:57 +1000] "HEAD /wp HTTP/1.1" 301 218 "-" "Mozilla/5.0 (Windows NT 10.0; Win64; x64) AppleWebKit/537.36 (KHTML, like Gecko) Chrome/74.0.3729.169 Safari/537.36"
45.77.82.151 - - [02/Jul/2024:23:30:57 +1000] "HEAD /wp HTTP/1.1" 404 571 "http://pgkdistribution.com.au/wp" "Mozilla/5.0 (Windows NT 10.0; Win64; x64) AppleWebKit/537.36 (KHTML, like Gecko) Chrome/74.0.3729.169 Safari/537.36"
45.77.82.151 - - [02/Jul/2024:23:30:58 +1000] "HEAD /bc HTTP/1.1" 301 218 "-" "Mozilla/5.0 (Windows NT 10.0; Win64; x64) AppleWebKit/537.36 (KHTML, like Gecko) Chrome/74.0.3729.169 Safari/537.36"
45.77.82.151 - - [02/Jul/2024:23:30:59 +1000] "HEAD /bc HTTP/1.1" 404 571 "http://pgkdistribution.com.au/bc" "Mozilla/5.0 (Windows NT 10.0; Win64; x64) AppleWebKit/537.36 (KHTML, like Gecko) Chrome/74.0.3729.169 Safari/537.36"
