185.129.61.6 - - [02/Jul/2024:05:46:04 +1000] "GET /wp-config. HTTP/1.1" 301 608 "-" "Mozilla/5.0 (Windows NT 6.1) AppleWebKit/537.31 (KHTML, like Gecko) Chrome/26.0.1410.43 Safari/537.31"
185.129.61.6 - - [02/Jul/2024:05:46:06 +1000] "GET /wp-config HTTP/1.1" 404 94410 "-" "Mozilla/5.0 (Windows NT 6.1) AppleWebKit/537.31 (KHTML, like Gecko) Chrome/26.0.1410.43 Safari/537.31"
185.129.61.6 - - [02/Jul/2024:05:46:15 +1000] "GET /wp-config-backup.txt HTTP/1.1" 301 989 "-" "Mozilla/5.0 (Windows NT 6.1) AppleWebKit/537.31 (KHTML, like Gecko) Chrome/26.0.1410.43 Safari/537.31"
185.129.61.6 - - [02/Jul/2024:05:46:19 +1000] "GET /wp-config-backup.txt HTTP/1.1" 404 94432 "-" "Mozilla/5.0 (Windows NT 6.1) AppleWebKit/537.31 (KHTML, like Gecko) Chrome/26.0.1410.43 Safari/537.31"
185.129.61.6 - - [02/Jul/2024:05:46:27 +1000] "GET /wp-config-backup HTTP/1.1" 301 985 "-" "Mozilla/5.0 (Windows NT 6.1) AppleWebKit/537.31 (KHTML, like Gecko) Chrome/26.0.1410.43 Safari/537.31"
185.129.61.6 - - [02/Jul/2024:05:46:31 +1000] "GET /wp-config-backup HTTP/1.1" 404 94424 "-" "Mozilla/5.0 (Windows NT 6.1) AppleWebKit/537.31 (KHTML, like Gecko) Chrome/26.0.1410.43 Safari/537.31"
185.129.61.6 - - [02/Jul/2024:05:46:35 +1000] "GET /config.bak HTTP/1.1" 301 979 "-" "Mozilla/5.0 (Windows NT 6.1) AppleWebKit/537.31 (KHTML, like Gecko) Chrome/26.0.1410.43 Safari/537.31"
185.129.61.6 - - [02/Jul/2024:05:46:37 +1000] "GET /config.bak HTTP/1.1" 404 94412 "-" "Mozilla/5.0 (Windows NT 6.1) AppleWebKit/537.31 (KHTML, like Gecko) Chrome/26.0.1410.43 Safari/537.31"
185.129.61.6 - - [02/Jul/2024:05:46:43 +1000] "GET /config.old HTTP/1.1" 301 979 "-" "Mozilla/5.0 (Windows NT 6.1) AppleWebKit/537.31 (KHTML, like Gecko) Chrome/26.0.1410.43 Safari/537.31"
111.67.29.221 - - [02/Jul/2024:05:46:52 +1000] "POST /wp-cron.php?doing_wp_cron=1719863212.4774351119995117187500 HTTP/1.1" 200 296 "-" "WordPress/6.5.5; https://www.pgkdistribution.com.au"
185.129.61.6 - - [02/Jul/2024:05:46:47 +1000] "GET /config.old HTTP/1.1" 404 94412 "-" "Mozilla/5.0 (Windows NT 6.1) AppleWebKit/537.31 (KHTML, like Gecko) Chrome/26.0.1410.43 Safari/537.31"
185.220.101.138 - - [02/Jul/2024:05:47:04 +1000] "GET /wp-config.data HTTP/1.1" 301 983 "-" "Mozilla/5.0 (Windows NT 6.1) AppleWebKit/537.31 (KHTML, like Gecko) Chrome/26.0.1410.43 Safari/537.31"
185.220.101.33 - - [02/Jul/2024:05:47:06 +1000] "GET /wp-config.data HTTP/1.1" 404 94420 "-" "Mozilla/5.0 (Windows NT 6.1) AppleWebKit/537.31 (KHTML, like Gecko) Chrome/26.0.1410.43 Safari/537.31"
185.220.101.33 - - [02/Jul/2024:05:47:13 +1000] "GET /wp-config.backup HTTP/1.1" 301 985 "-" "Mozilla/5.0 (Windows NT 6.1) AppleWebKit/537.31 (KHTML, like Gecko) Chrome/26.0.1410.43 Safari/537.31"
185.220.101.33 - - [02/Jul/2024:05:47:15 +1000] "GET /wp-config.backup HTTP/1.1" 404 94424 "-" "Mozilla/5.0 (Windows NT 6.1) AppleWebKit/537.31 (KHTML, like Gecko) Chrome/26.0.1410.43 Safari/537.31"
185.220.101.33 - - [02/Jul/2024:05:47:23 +1000] "GET /wp-config.php~~ HTTP/1.1" 301 984 "-" "Mozilla/5.0 (Windows NT 6.1) AppleWebKit/537.31 (KHTML, like Gecko) Chrome/26.0.1410.43 Safari/537.31"
185.220.101.33 - - [02/Jul/2024:05:47:26 +1000] "GET /wp-config.php~~ HTTP/1.1" 404 94422 "-" "Mozilla/5.0 (Windows NT 6.1) AppleWebKit/537.31 (KHTML, like Gecko) Chrome/26.0.1410.43 Safari/537.31"
185.220.101.33 - - [02/Jul/2024:05:47:33 +1000] "GET /config. HTTP/1.1" 301 976 "-" "Mozilla/5.0 (Windows NT 6.1) AppleWebKit/537.31 (KHTML, like Gecko) Chrome/26.0.1410.43 Safari/537.31"
185.220.101.33 - - [02/Jul/2024:05:47:34 +1000] "GET /config. HTTP/1.1" 301 602 "-" "Mozilla/5.0 (Windows NT 6.1) AppleWebKit/537.31 (KHTML, like Gecko) Chrome/26.0.1410.43 Safari/537.31"
185.220.101.33 - - [02/Jul/2024:05:47:35 +1000] "GET /config HTTP/1.1" 404 94404 "-" "Mozilla/5.0 (Windows NT 6.1) AppleWebKit/537.31 (KHTML, like Gecko) Chrome/26.0.1410.43 Safari/537.31"
185.220.101.33 - - [02/Jul/2024:05:47:38 +1000] "GET /wp-config.phpold HTTP/1.1" 301 985 "-" "Mozilla/5.0 (Windows NT 6.1) AppleWebKit/537.31 (KHTML, like Gecko) Chrome/26.0.1410.43 Safari/537.31"
185.220.101.33 - - [02/Jul/2024:05:47:39 +1000] "GET /wp-config.phpold HTTP/1.1" 404 94424 "-" "Mozilla/5.0 (Windows NT 6.1) AppleWebKit/537.31 (KHTML, like Gecko) Chrome/26.0.1410.43 Safari/537.31"
185.220.101.33 - - [02/Jul/2024:05:47:43 +1000] "GET /wp-config.phpb HTTP/1.1" 301 983 "-" "Mozilla/5.0 (Windows NT 6.1) AppleWebKit/537.31 (KHTML, like Gecko) Chrome/26.0.1410.43 Safari/537.31"
185.220.101.33 - - [02/Jul/2024:05:47:48 +1000] "GET /wp-config.phpb HTTP/1.1" 404 94420 "-" "Mozilla/5.0 (Windows NT 6.1) AppleWebKit/537.31 (KHTML, like Gecko) Chrome/26.0.1410.43 Safari/537.31"
185.220.101.33 - - [02/Jul/2024:05:47:53 +1000] "GET /wp-config.phpc HTTP/1.1" 301 983 "-" "Mozilla/5.0 (Windows NT 6.1) AppleWebKit/537.31 (KHTML, like Gecko) Chrome/26.0.1410.43 Safari/537.31"
111.67.29.221 - - [02/Jul/2024:05:47:56 +1000] "POST /wp-cron.php?doing_wp_cron=1719863276.0723979473114013671875 HTTP/1.1" 200 296 "-" "WordPress/6.5.5; https://www.pgkdistribution.com.au"
185.220.101.33 - - [02/Jul/2024:05:47:54 +1000] "GET /wp-config.phpc HTTP/1.1" 404 94420 "-" "Mozilla/5.0 (Windows NT 6.1) AppleWebKit/537.31 (KHTML, like Gecko) Chrome/26.0.1410.43 Safari/537.31"
185.220.101.33 - - [02/Jul/2024:05:48:04 +1000] "GET /wp-config%20 HTTP/1.1" 301 981 "-" "Mozilla/5.0 (Windows NT 6.1) AppleWebKit/537.31 (KHTML, like Gecko) Chrome/26.0.1410.43 Safari/537.31"
185.220.101.33 - - [02/Jul/2024:05:48:07 +1000] "GET /wp-config%20 HTTP/1.1" 301 612 "-" "Mozilla/5.0 (Windows NT 6.1) AppleWebKit/537.31 (KHTML, like Gecko) Chrome/26.0.1410.43 Safari/537.31"
185.220.101.33 - - [02/Jul/2024:05:48:10 +1000] "GET /wp-config HTTP/1.1" 404 94410 "-" "Mozilla/5.0 (Windows NT 6.1) AppleWebKit/537.31 (KHTML, like Gecko) Chrome/26.0.1410.43 Safari/537.31"
185.220.101.33 - - [02/Jul/2024:05:48:16 +1000] "GET /wp-config.php-n HTTP/1.1" 301 984 "-" "Mozilla/5.0 (Windows NT 6.1) AppleWebKit/537.31 (KHTML, like Gecko) Chrome/26.0.1410.43 Safari/537.31"
185.220.101.33 - - [02/Jul/2024:05:48:20 +1000] "GET /wp-config.php-n HTTP/1.1" 404 94422 "-" "Mozilla/5.0 (Windows NT 6.1) AppleWebKit/537.31 (KHTML, like Gecko) Chrome/26.0.1410.43 Safari/537.31"
185.220.101.33 - - [02/Jul/2024:05:48:24 +1000] "GET /wp-config.phpnew HTTP/1.1" 301 985 "-" "Mozilla/5.0 (Windows NT 6.1) AppleWebKit/537.31 (KHTML, like Gecko) Chrome/26.0.1410.43 Safari/537.31"
185.220.101.33 - - [02/Jul/2024:05:48:25 +1000] "GET /wp-config.phpnew HTTP/1.1" 404 94424 "-" "Mozilla/5.0 (Windows NT 6.1) AppleWebKit/537.31 (KHTML, like Gecko) Chrome/26.0.1410.43 Safari/537.31"
185.220.101.33 - - [02/Jul/2024:05:48:28 +1000] "GET /wp-config.cfg HTTP/1.1" 301 982 "-" "Mozilla/5.0 (Windows NT 6.1) AppleWebKit/537.31 (KHTML, like Gecko) Chrome/26.0.1410.43 Safari/537.31"
185.220.101.33 - - [02/Jul/2024:05:48:30 +1000] "GET /wp-config.cfg HTTP/1.1" 404 94418 "-" "Mozilla/5.0 (Windows NT 6.1) AppleWebKit/537.31 (KHTML, like Gecko) Chrome/26.0.1410.43 Safari/537.31"
185.220.101.189 - - [02/Jul/2024:05:48:34 +1000] "GET /config.php~~ HTTP/1.1" 301 981 "-" "Mozilla/5.0 (Windows NT 6.1) AppleWebKit/537.31 (KHTML, like Gecko) Chrome/26.0.1410.43 Safari/537.31"
185.107.70.56 - - [02/Jul/2024:05:48:40 +1000] "GET /config.php~~ HTTP/1.1" 404 94431 "-" "Mozilla/5.0 (Windows NT 6.1) AppleWebKit/537.31 (KHTML, like Gecko) Chrome/26.0.1410.43 Safari/537.31"
185.107.70.56 - - [02/Jul/2024:05:48:48 +1000] "GET /wp-config.php~~~ HTTP/1.1" 301 985 "-" "Mozilla/5.0 (Windows NT 6.1) AppleWebKit/537.31 (KHTML, like Gecko) Chrome/26.0.1410.43 Safari/537.31"
111.67.29.221 - - [02/Jul/2024:05:48:50 +1000] "POST /wp-cron.php?doing_wp_cron=1719863330.1196739673614501953125 HTTP/1.1" 200 296 "-" "WordPress/6.5.5; https://www.pgkdistribution.com.au"
185.107.70.56 - - [02/Jul/2024:05:48:48 +1000] "GET /wp-config.php~~~ HTTP/1.1" 404 94424 "-" "Mozilla/5.0 (Windows NT 6.1) AppleWebKit/537.31 (KHTML, like Gecko) Chrome/26.0.1410.43 Safari/537.31"
185.107.70.56 - - [02/Jul/2024:05:48:59 +1000] "GET /wp-config.phptmp HTTP/1.1" 301 985 "-" "Mozilla/5.0 (Windows NT 6.1) AppleWebKit/537.31 (KHTML, like Gecko) Chrome/26.0.1410.43 Safari/537.31"
185.107.70.56 - - [02/Jul/2024:05:49:01 +1000] "GET /wp-config.phptmp HTTP/1.1" 404 94424 "-" "Mozilla/5.0 (Windows NT 6.1) AppleWebKit/537.31 (KHTML, like Gecko) Chrome/26.0.1410.43 Safari/537.31"
185.107.70.56 - - [02/Jul/2024:05:49:05 +1000] "GET /wp-config.php.bak HTTP/1.1" 301 986 "-" "Mozilla/5.0 (Windows NT 6.1) AppleWebKit/537.31 (KHTML, like Gecko) Chrome/26.0.1410.43 Safari/537.31"
185.107.70.56 - - [02/Jul/2024:05:49:06 +1000] "GET /wp-config.php.bak HTTP/1.1" 404 94426 "-" "Mozilla/5.0 (Windows NT 6.1) AppleWebKit/537.31 (KHTML, like Gecko) Chrome/26.0.1410.43 Safari/537.31"
77.91.87.79 - - [02/Jul/2024:05:49:11 +1000] "GET /wp-config-sample.php~ HTTP/1.1" 301 990 "-" "Mozilla/5.0 (Windows NT 6.1) AppleWebKit/537.31 (KHTML, like Gecko) Chrome/26.0.1410.43 Safari/537.31"
77.91.87.79 - - [02/Jul/2024:05:49:12 +1000] "GET /wp-config-sample.php~ HTTP/1.1" 404 94434 "-" "Mozilla/5.0 (Windows NT 6.1) AppleWebKit/537.31 (KHTML, like Gecko) Chrome/26.0.1410.43 Safari/537.31"
77.91.87.79 - - [02/Jul/2024:05:49:18 +1000] "GET /wp-config.phpbak HTTP/1.1" 301 985 "-" "Mozilla/5.0 (Windows NT 6.1) AppleWebKit/537.31 (KHTML, like Gecko) Chrome/26.0.1410.43 Safari/537.31"
51.222.253.6 - - [02/Jul/2024:05:49:18 +1000] "GET /robots.txt HTTP/1.1" 200 716 "-" "Mozilla/5.0 (compatible; AhrefsBot/7.0; +http://ahrefs.com/robot/)"
77.91.87.79 - - [02/Jul/2024:05:49:20 +1000] "GET /wp-config.phpbak HTTP/1.1" 404 94424 "-" "Mozilla/5.0 (Windows NT 6.1) AppleWebKit/537.31 (KHTML, like Gecko) Chrome/26.0.1410.43 Safari/537.31"
185.107.57.66 - - [02/Jul/2024:05:49:28 +1000] "GET /wp-config.prod.php.txt HTTP/1.1" 301 991 "-" "Mozilla/5.0 (Windows NT 6.1) AppleWebKit/537.31 (KHTML, like Gecko) Chrome/26.0.1410.43 Safari/537.31"
111.67.29.221 - - [02/Jul/2024:05:49:32 +1000] "POST /wp-cron.php?doing_wp_cron=1719863372.2215430736541748046875 HTTP/1.1" 200 296 "-" "WordPress/6.5.5; https://www.pgkdistribution.com.au"
185.107.57.66 - - [02/Jul/2024:05:49:30 +1000] "GET /wp-config.prod.php.txt HTTP/1.1" 404 94436 "-" "Mozilla/5.0 (Windows NT 6.1) AppleWebKit/537.31 (KHTML, like Gecko) Chrome/26.0.1410.43 Safari/537.31"
185.107.57.66 - - [02/Jul/2024:05:49:38 +1000] "GET /wp-config.php_old HTTP/1.1" 301 986 "-" "Mozilla/5.0 (Windows NT 6.1) AppleWebKit/537.31 (KHTML, like Gecko) Chrome/26.0.1410.43 Safari/537.31"
185.107.57.66 - - [02/Jul/2024:05:49:47 +1000] "GET /wp-config.php_ HTTP/1.1" 301 983 "-" "Mozilla/5.0 (Windows NT 6.1) AppleWebKit/537.31 (KHTML, like Gecko) Chrome/26.0.1410.43 Safari/537.31"
111.67.29.221 - - [02/Jul/2024:05:49:50 +1000] "POST /wp-cron.php?doing_wp_cron=1719863390.8136780261993408203125 HTTP/1.1" 200 296 "-" "WordPress/6.5.5; https://www.pgkdistribution.com.au"
185.107.57.66 - - [02/Jul/2024:05:49:49 +1000] "GET /wp-config.php_ HTTP/1.1" 404 94420 "-" "Mozilla/5.0 (Windows NT 6.1) AppleWebKit/537.31 (KHTML, like Gecko) Chrome/26.0.1410.43 Safari/537.31"
111.67.29.221 - - [02/Jul/2024:06:09:59 +1000] "POST /wp-cron.php?doing_wp_cron=1719864599.4381539821624755859375 HTTP/1.1" 200 296 "-" "WordPress/6.5.5; https://www.pgkdistribution.com.au"
103.230.15.48 - - [02/Jul/2024:06:09:54 +1000] "GET /manager/index.aspx HTTP/1.1" 404 20220 "-" "Mozilla/5.0 (Windows NT 10.0; WOW64; rv:48.0) Gecko/20100101 Firefox/48.0"
116.179.33.72 - - [02/Jul/2024:06:11:35 +1000] "GET /robots.txt HTTP/1.1" 200 679 "-" "Mozilla/5.0 (Windows NT 10.0; WOW64) AppleWebKit/537.36 (KHTML, like Gecko) Chrome/48.0.2564.116 Safari/537.36"
220.181.51.88 - - [02/Jul/2024:06:11:41 +1000] "GET /robots.txt HTTP/1.1" 200 679 "-" "Mozilla/5.0 (Windows NT 10.0; WOW64) AppleWebKit/537.36 (KHTML, like Gecko) Chrome/48.0.2564.116 Safari/537.36"
66.249.66.199 - - [02/Jul/2024:06:12:06 +1000] "GET /wp-content/uploads/2021/06/PV-ezRack-End-Clamp-Standard-35mm_1-1.jpg HTTP/1.1" 200 20916 "-" "Googlebot-Image/1.0"
111.67.29.221 - - [02/Jul/2024:06:36:58 +1000] "POST /wp-cron.php?doing_wp_cron=1719866218.4135029315948486328125 HTTP/1.1" 200 296 "-" "WordPress/6.5.5; https://www.pgkdistribution.com.au"
103.230.15.34 - - [02/Jul/2024:06:36:52 +1000] "GET /manager/index.aspx HTTP/1.1" 404 20220 "-" "Mozilla/5.0 (Windows NT 10.0; WOW64; rv:48.0) Gecko/20100101 Firefox/48.0"
66.249.66.87 - - [02/Jul/2024:06:38:51 +1000] "GET /contact-us/ HTTP/1.1" 301 980 "-" "Mozilla/5.0 (Linux; Android 6.0.1; Nexus 5X Build/MMB29P) AppleWebKit/537.36 (KHTML, like Gecko) Chrome/125.0.6422.175 Mobile Safari/537.36 (compatible; Googlebot/2.1; +http://www.google.com/bot.html)"
66.249.66.200 - - [02/Jul/2024:06:38:52 +1000] "GET /contact-us/ HTTP/1.1" 200 21112 "-" "Mozilla/5.0 (Linux; Android 6.0.1; Nexus 5X Build/MMB29P) AppleWebKit/537.36 (KHTML, like Gecko) Chrome/125.0.6422.175 Mobile Safari/537.36 (compatible; Googlebot/2.1; +http://www.google.com/bot.html)"
43.130.7.211 - - [02/Jul/2024:06:43:08 +1000] "GET / HTTP/1.1" 301 497 "-" "Mozilla/5.0 (iPhone; CPU iPhone OS 13_2_3 like Mac OS X) AppleWebKit/605.1.15 (KHTML, like Gecko) Version/13.0.3 Mobile/15E148 Safari/604.1"
66.249.66.200 - - [02/Jul/2024:06:43:40 +1000] "POST /?wc-ajax=get_refreshed_fragments HTTP/1.1" 200 928 "http://www.pgkdistribution.com.au/contact-us/" "Mozilla/5.0 (Linux; Android 6.0.1; Nexus 5X Build/MMB29P) AppleWebKit/537.36 (KHTML, like Gecko) Chrome/125.0.6422.175 Mobile Safari/537.36 (compatible; Googlebot/2.1; +http://www.google.com/bot.html)"
66.249.66.202 - - [02/Jul/2024:06:43:40 +1000] "GET /robots.txt HTTP/1.1" 200 716 "-" "Mozilla/5.0 (compatible; Googlebot/2.1; +http://www.google.com/bot.html)"
66.249.66.85 - - [02/Jul/2024:06:47:25 +1000] "GET /contact-us HTTP/1.1" 301 979 "-" "Mozilla/5.0 (Linux; Android 6.0.1; Nexus 5X Build/MMB29P) AppleWebKit/537.36 (KHTML, like Gecko) Chrome/125.0.6422.175 Mobile Safari/537.36 (compatible; Googlebot/2.1; +http://www.google.com/bot.html)"
111.67.29.221 - - [02/Jul/2024:06:47:31 +1000] "POST /wp-cron.php?doing_wp_cron=1719866851.1610291004180908203125 HTTP/1.1" 200 296 "-" "WordPress/6.5.5; https://www.pgkdistribution.com.au"
66.249.66.199 - - [02/Jul/2024:06:47:26 +1000] "GET /robots.txt HTTP/1.1" 200 716 "-" "Mozilla/5.0 (compatible; Googlebot/2.1; +http://www.google.com/bot.html)"
66.249.66.197 - - [02/Jul/2024:06:47:26 +1000] "GET /contact-us HTTP/1.1" 301 517 "-" "Mozilla/5.0 (Linux; Android 6.0.1; Nexus 5X Build/MMB29P) AppleWebKit/537.36 (KHTML, like Gecko) Chrome/125.0.6422.175 Mobile Safari/537.36 (compatible; Googlebot/2.1; +http://www.google.com/bot.html)"
66.249.66.197 - - [02/Jul/2024:06:47:36 +1000] "POST /?wc-ajax=get_refreshed_fragments HTTP/1.1" 200 928 "http://www.pgkdistribution.com.au/contact-us/" "Mozilla/5.0 (Linux; Android 6.0.1; Nexus 5X Build/MMB29P) AppleWebKit/537.36 (KHTML, like Gecko) Chrome/125.0.6422.175 Mobile Safari/537.36 (compatible; Googlebot/2.1; +http://www.google.com/bot.html)"
93.158.91.251 - - [02/Jul/2024:06:53:41 +1000] "GET /robots.txt HTTP/1.1" 301 942 "-" "Mozilla/5.0 (X11; CrOS x86_64 14541.0.0) AppleWebKit/537.36 (KHTML, like Gecko) Chrome/121.0.0.0 Safari/537.3"
93.158.91.242 - - [02/Jul/2024:06:53:42 +1000] "GET /robots.txt HTTP/1.1" 200 679 "http://pgkdistribution.com.au/robots.txt" "Mozilla/5.0 (X11; CrOS x86_64 14541.0.0) AppleWebKit/537.36 (KHTML, like Gecko) Chrome/121.0.0.0 Safari/537.3"
93.158.91.235 - - [02/Jul/2024:06:53:45 +1000] "GET / HTTP/1.1" 301 932 "-" "Mozilla/5.0 (X11; CrOS x86_64 14541.0.0) AppleWebKit/537.36 (KHTML, like Gecko) Chrome/121.0.0.0 Safari/537.3"
93.158.91.251 - - [02/Jul/2024:06:53:45 +1000] "GET / HTTP/1.1" 301 460 "http://pgkdistribution.com.au/" "Mozilla/5.0 (X11; CrOS x86_64 14541.0.0) AppleWebKit/537.36 (KHTML, like Gecko) Chrome/121.0.0.0 Safari/537.3"
94.156.69.122 - - [02/Jul/2024:06:58:59 +1000] "GET /wp-login.php HTTP/1.1" 301 981 "-" "Mozilla/5.0 (Windows NT 10.0; Win64; x64) AppleWebKit/537.36 (KHTML, like Gecko) Chrome/91.0.4472.124 Safari/537.36"
111.67.29.221 - - [02/Jul/2024:06:59:09 +1000] "POST /wp-cron.php?doing_wp_cron=1719867549.1666169166564941406250 HTTP/1.1" 200 296 "-" "WordPress/6.5.5; https://www.pgkdistribution.com.au"
94.156.69.122 - - [02/Jul/2024:06:59:01 +1000] "GET /wp-login.php HTTP/1.1" 302 572 "-" "Mozilla/5.0 (Windows NT 10.0; Win64; x64) AppleWebKit/537.36 (KHTML, like Gecko) Chrome/91.0.4472.124 Safari/537.36"
111.67.29.221 - - [02/Jul/2024:07:16:05 +1000] "POST /wp-cron.php?doing_wp_cron=1719868565.0995750427246093750000 HTTP/1.1" 200 296 "-" "WordPress/6.5.5; https://www.pgkdistribution.com.au"
23.27.120.213 - - [02/Jul/2024:07:16:00 +1000] "GET / HTTP/1.1" 301 497 "-" "Mozilla/5.0 (X11; Linux x86_64) AppleWebKit/537.36 (KHTML, like Gecko) HeadlessChrome/121.0.0.0 Safari/537.36"
52.70.240.171 - - [02/Jul/2024:07:20:35 +1000] "GET /robots.txt HTTP/1.1" 301 942 "-" "Mozilla/5.0 (Macintosh; Intel Mac OS X 10_10_1) AppleWebKit/600.2.5 (KHTML, like Gecko) Version/8.0.2 Safari/600.2.5 (Amazonbot/0.1; +https://developer.amazon.com/support/amazonbot)"
111.67.29.221 - - [02/Jul/2024:07:20:41 +1000] "POST /wp-cron.php?doing_wp_cron=1719868841.2048399448394775390625 HTTP/1.1" 200 296 "-" "WordPress/6.5.5; https://www.pgkdistribution.com.au"
52.70.240.171 - - [02/Jul/2024:07:20:35 +1000] "GET /robots.txt HTTP/1.1" 200 679 "-" "Mozilla/5.0 (Macintosh; Intel Mac OS X 10_10_1) AppleWebKit/600.2.5 (KHTML, like Gecko) Version/8.0.2 Safari/600.2.5 (Amazonbot/0.1; +https://developer.amazon.com/support/amazonbot)"
3.224.220.101 - - [02/Jul/2024:07:20:45 +1000] "GET / HTTP/1.1" 301 932 "-" "Mozilla/5.0 (Macintosh; Intel Mac OS X 10_10_1) AppleWebKit/600.2.5 (KHTML, like Gecko) Version/8.0.2 Safari/600.2.5 (Amazonbot/0.1; +https://developer.amazon.com/support/amazonbot)"
66.249.66.87 - - [02/Jul/2024:07:39:07 +1000] "GET /product/cable-gland-4-hole/ HTTP/1.1" 301 996 "-" "Mozilla/5.0 (Linux; Android 6.0.1; Nexus 5X Build/MMB29P) AppleWebKit/537.36 (KHTML, like Gecko) Chrome/125.0.6422.175 Mobile Safari/537.36 (compatible; Googlebot/2.1; +http://www.google.com/bot.html)"
111.67.29.221 - - [02/Jul/2024:07:39:10 +1000] "POST /wp-cron.php?doing_wp_cron=1719869950.5669560432434082031250 HTTP/1.1" 200 296 "-" "WordPress/6.5.5; https://www.pgkdistribution.com.au"
66.249.66.201 - - [02/Jul/2024:07:39:09 +1000] "GET /product/cable-gland-4-hole/ HTTP/1.1" 200 23298 "-" "Mozilla/5.0 (Linux; Android 6.0.1; Nexus 5X Build/MMB29P) AppleWebKit/537.36 (KHTML, like Gecko) Chrome/125.0.6422.175 Mobile Safari/537.36 (compatible; Googlebot/2.1; +http://www.google.com/bot.html)"
66.249.66.201 - - [02/Jul/2024:07:39:14 +1000] "GET /wp-content/plugins/woo-gutenberg-products-block/build/all-reviews.css?ver=10.8.1 HTTP/1.1" 200 2401 "http://www.pgkdistribution.com.au/product/cable-gland-4-hole/" "Mozilla/5.0 (Linux; Android 6.0.1; Nexus 5X Build/MMB29P) AppleWebKit/537.36 (KHTML, like Gecko) Chrome/125.0.6422.175 Mobile Safari/537.36 (compatible; Googlebot/2.1; +http://www.google.com/bot.html)"
66.249.66.200 - - [02/Jul/2024:07:39:15 +1000] "GET /wp-content/plugins/gutentor/assets/library/wow/wow.min.js?ver=1.2.1 HTTP/1.1" 200 3463 "http://www.pgkdistribution.com.au/product/cable-gland-4-hole/" "Mozilla/5.0 (Linux; Android 6.0.1; Nexus 5X Build/MMB29P) AppleWebKit/537.36 (KHTML, like Gecko) Chrome/125.0.6422.175 Mobile Safari/537.36 (compatible; Googlebot/2.1; +http://www.google.com/bot.html)"
66.249.66.201 - - [02/Jul/2024:07:39:16 +1000] "GET /wp-content/plugins/contact-form-7/modules/recaptcha/index.js?ver=5.7.7 HTTP/1.1" 200 883 "http://www.pgkdistribution.com.au/product/cable-gland-4-hole/" "Mozilla/5.0 (Linux; Android 6.0.1; Nexus 5X Build/MMB29P) AppleWebKit/537.36 (KHTML, like Gecko) Chrome/125.0.6422.175 Mobile Safari/537.36 (compatible; Googlebot/2.1; +http://www.google.com/bot.html)"
20.70.248.125 - - [02/Jul/2024:08:02:27 +1000] "GET / HTTP/1.1" 301 497 "-" "Mozilla/5.0 (Windows NT 10.0; Win64; x64) AppleWebKit/537.36 (KHTML, like Gecko) Chrome/81.0.4044.138 Safari/537.36"
51.89.55.199 - - [02/Jul/2024:08:06:13 +1000] "GET / HTTP/1.1" 301 969 "-" "Mozilla/5.0 (Windows NT 10.0; Win64; x64) AppleWebKit/537.36 (KHTML, like Gecko) Chrome/93.0.4577.63 Safari/537.36"
51.89.55.199 - - [02/Jul/2024:08:06:15 +1000] "GET / HTTP/1.1" 301 497 "-" "Mozilla/5.0 (Windows NT 10.0; Win64; x64) AppleWebKit/537.36 (KHTML, like Gecko) Chrome/93.0.4577.63 Safari/537.36"
52.70.240.171 - - [02/Jul/2024:08:10:51 +1000] "GET /robots.txt HTTP/1.1" 200 679 "-" "Mozilla/5.0 (Macintosh; Intel Mac OS X 10_10_1) AppleWebKit/600.2.5 (KHTML, like Gecko) Version/8.0.2 Safari/600.2.5 (Amazonbot/0.1; +https://developer.amazon.com/support/amazonbot)"
23.22.35.162 - - [02/Jul/2024:08:10:56 +1000] "GET /wp-content/uploads/2021/06/SE008A-2k-x-2k-e1699584012989.jpg HTTP/1.1" 200 14695 "-" "Mozilla/5.0 (Macintosh; Intel Mac OS X 10_10_1) AppleWebKit/600.2.5 (KHTML, like Gecko) Version/8.0.2 Safari/600.2.5 (Amazonbot/0.1; +https://developer.amazon.com/support/amazonbot)"
3.224.220.101 - - [02/Jul/2024:08:12:12 +1000] "GET /wp-content/uploads/2021/06/PV-ezRack-Inter-Clamp-Standard-35mm_1.jpg HTTP/1.1" 200 23636 "-" "Mozilla/5.0 (Macintosh; Intel Mac OS X 10_10_1) AppleWebKit/600.2.5 (KHTML, like Gecko) Version/8.0.2 Safari/600.2.5 (Amazonbot/0.1; +https://developer.amazon.com/support/amazonbot)"
52.70.240.171 - - [02/Jul/2024:08:13:57 +1000] "GET /wp-content/uploads/2021/05/SE030C-500x500-1.jpg HTTP/1.1" 200 17014 "-" "Mozilla/5.0 (Macintosh; Intel Mac OS X 10_10_1) AppleWebKit/600.2.5 (KHTML, like Gecko) Version/8.0.2 Safari/600.2.5 (Amazonbot/0.1; +https://developer.amazon.com/support/amazonbot)"
23.22.35.162 - - [02/Jul/2024:08:14:38 +1000] "GET /wp-content/uploads/2021/06/SE006-500x500-1.jpg HTTP/1.1" 200 39369 "-" "Mozilla/5.0 (Macintosh; Intel Mac OS X 10_10_1) AppleWebKit/600.2.5 (KHTML, like Gecko) Version/8.0.2 Safari/600.2.5 (Amazonbot/0.1; +https://developer.amazon.com/support/amazonbot)"
15.235.166.170 - - [02/Jul/2024:08:19:51 +1000] "GET / HTTP/1.1" 301 969 "-" "Mozilla/5.0 (Macintosh; Intel Mac OS X 10_15_7) AppleWebKit/537.36 (KHTML, like Gecko) Chrome/104.0.5112.79 Safari/537.36"
111.67.29.221 - - [02/Jul/2024:08:19:52 +1000] "POST /wp-cron.php?doing_wp_cron=1719872392.7175180912017822265625 HTTP/1.1" 200 296 "-" "WordPress/6.5.5; https://www.pgkdistribution.com.au"
15.235.166.170 - - [02/Jul/2024:08:19:51 +1000] "GET / HTTP/1.1" 301 497 "-" "Mozilla/5.0 (Macintosh; Intel Mac OS X 10_15_7) AppleWebKit/537.36 (KHTML, like Gecko) Chrome/104.0.5112.79 Safari/537.36"
111.67.29.221 - - [02/Jul/2024:08:22:36 +1000] "POST /wp-cron.php?doing_wp_cron=1719872556.9015951156616210937500 HTTP/1.1" 200 296 "-" "WordPress/6.5.5; https://www.pgkdistribution.com.au"
118.118.98.99 - - [02/Jul/2024:08:22:34 +1000] "HEAD / HTTP/1.1" 301 478 "http://www.pgkdistribution.com.au" "Mozilla/5.0 (compatible; Baiduspider/2.0; +http://www.baidu.com/search/spider.html"
14.65.234.187 - - [02/Jul/2024:08:22:42 +1000] "HEAD /admin/index.php?c=login HTTP/1.1" 301 644 "http://www.pgkdistribution.com.au/admin/index.php?c=login" "Mozilla/5.0 (compatible; Baiduspider/2.0; +http://www.baidu.com/search/spider.html"
14.65.234.187 - - [02/Jul/2024:08:22:43 +1000] "GET /admin/?c=login HTTP/1.1" 404 94269 "http://www.pgkdistribution.com.au/admin/index.php?c=login" "Mozilla/5.0 (compatible; Baiduspider/2.0; +http://www.baidu.com/search/spider.html"
5.69.215.69 - - [02/Jul/2024:08:22:45 +1000] "HEAD /cswl/index.php?c=login HTTP/1.1" 301 642 "http://www.pgkdistribution.com.au/cswl/index.php?c=login" "Mozilla/5.0 (compatible; Baiduspider/2.0; +http://www.baidu.com/search/spider.html"
5.69.215.69 - - [02/Jul/2024:08:22:46 +1000] "GET /cswl/?c=login HTTP/1.1" 404 94268 "http://www.pgkdistribution.com.au/cswl/index.php?c=login" "Mozilla/5.0 (compatible; Baiduspider/2.0; +http://www.baidu.com/search/spider.html"
111.67.29.221 - - [02/Jul/2024:08:22:50 +1000] "POST /wp-cron.php?doing_wp_cron=1719872570.7095980644226074218750 HTTP/1.1" 200 296 "-" "WordPress/6.5.5; https://www.pgkdistribution.com.au"
213.191.254.132 - - [02/Jul/2024:08:22:49 +1000] "HEAD /manage/login.php HTTP/1.1" 404 618 "http://www.pgkdistribution.com.au/manage/login.php" "Mozilla/5.0 (compatible; Baiduspider/2.0; +http://www.baidu.com/search/spider.html"
185.215.113.63 - - [02/Jul/2024:08:44:18 +1000] "GET /wp-admin/ HTTP/1.1" 301 978 "-" "Go-http-client/1.1"
111.67.29.221 - - [02/Jul/2024:08:44:27 +1000] "POST /wp-cron.php?doing_wp_cron=1719873866.9796121120452880859375 HTTP/1.1" 200 296 "-" "WordPress/6.5.5; https://www.pgkdistribution.com.au"
185.215.113.63 - - [02/Jul/2024:08:44:19 +1000] "GET /wp-admin/ HTTP/1.1" 302 608 "http://pgkdistribution.com.au/wp-admin/" "Go-http-client/1.1"
111.67.29.221 - - [02/Jul/2024:09:00:02 +1000] "POST /wp-cron.php?doing_wp_cron=1719874802.1924650669097900390625 HTTP/1.1" 200 296 "-" "WordPress/6.5.5; https://www.pgkdistribution.com.au"
207.46.13.126 - - [02/Jul/2024:08:59:58 +1000] "GET /wp-content/uploads/2017/11/New-Battery.pdf HTTP/1.1" 404 20382 "-" "Mozilla/5.0 AppleWebKit/537.36 (KHTML, like Gecko; compatible; bingbot/2.0; +http://www.bing.com/bingbot.htm) Chrome/116.0.1938.76 Safari/537.36"
103.131.71.46 - - [02/Jul/2024:09:06:06 +1000] "GET /robots.txt HTTP/1.1" 301 942 "-" "Mozilla/5.0 (compatible; coccocbot-image/1.0; +http://help.coccoc.com/searchengine)"
103.131.71.46 - - [02/Jul/2024:09:06:10 +1000] "GET /robots.txt HTTP/1.1" 200 679 "-" "Mozilla/5.0 (compatible; coccocbot-image/1.0; +http://help.coccoc.com/searchengine)"
176.124.198.21 - - [02/Jul/2024:09:06:41 +1000] "GET /contact-us/ HTTP/1.0" 301 943 "http://pgkdistribution.com.au/contact-us/" "Mozilla/5.0 (Windows NT 6.3; Win64; x64) AppleWebKit/537.36 (KHTML, like Gecko) Chrome/103.0.5060.53 Safari/537.36"
176.124.198.21 - - [02/Jul/2024:09:06:42 +1000] "GET /contact-us/ HTTP/1.0" 200 87259 "http://www.pgkdistribution.com.au/contact-us/" "Mozilla/5.0 (Windows NT 6.3; Win64; x64) AppleWebKit/537.36 (KHTML, like Gecko) Chrome/103.0.5060.53 Safari/537.36"
103.131.71.52 - - [02/Jul/2024:09:06:55 +1000] "GET /robots.txt HTTP/1.1" 200 679 "-" "Mozilla/5.0 (compatible; coccocbot-image/1.0; +http://help.coccoc.com/searchengine)"
118.118.98.99 - - [02/Jul/2024:09:12:00 +1000] "HEAD / HTTP/1.1" 301 216 "http://pgkdistribution.com.au" "Mozilla/5.0 (compatible; Baiduspider/2.0; +http://www.baidu.com/search/spider.html"
111.67.29.221 - - [02/Jul/2024:09:12:06 +1000] "POST /wp-cron.php?doing_wp_cron=1719875526.9108340740203857421875 HTTP/1.1" 200 296 "-" "WordPress/6.5.5; https://www.pgkdistribution.com.au"
118.118.98.99 - - [02/Jul/2024:09:12:02 +1000] "GET / HTTP/1.1" 301 497 "http://pgkdistribution.com.au" "Mozilla/5.0 (compatible; Baiduspider/2.0; +http://www.baidu.com/search/spider.html"
42.6.240.86 - - [02/Jul/2024:09:12:16 +1000] "HEAD /admin/index.php?c=login HTTP/1.1" 301 270 "http://pgkdistribution.com.au/admin/index.php?c=login" "Mozilla/5.0 (compatible; Baiduspider/2.0; +http://www.baidu.com/search/spider.html"
42.6.240.86 - - [02/Jul/2024:09:12:17 +1000] "GET /admin/index.php?c=login HTTP/1.1" 301 663 "http://pgkdistribution.com.au/admin/index.php?c=login" "Mozilla/5.0 (compatible; Baiduspider/2.0; +http://www.baidu.com/search/spider.html"
42.6.240.86 - - [02/Jul/2024:09:12:19 +1000] "GET /admin/?c=login HTTP/1.1" 404 94269 "http://pgkdistribution.com.au/admin/index.php?c=login" "Mozilla/5.0 (compatible; Baiduspider/2.0; +http://www.baidu.com/search/spider.html"
28.196.74.215 - - [02/Jul/2024:09:12:21 +1000] "HEAD /cswl/index.php?c=login HTTP/1.1" 301 269 "http://pgkdistribution.com.au/cswl/index.php?c=login" "Mozilla/5.0 (compatible; Baiduspider/2.0; +http://www.baidu.com/search/spider.html"
28.196.74.215 - - [02/Jul/2024:09:12:22 +1000] "GET /cswl/index.php?c=login HTTP/1.1" 301 661 "http://pgkdistribution.com.au/cswl/index.php?c=login" "Mozilla/5.0 (compatible; Baiduspider/2.0; +http://www.baidu.com/search/spider.html"
28.196.74.215 - - [02/Jul/2024:09:12:23 +1000] "GET /cswl/?c=login HTTP/1.1" 404 94268 "http://pgkdistribution.com.au/cswl/index.php?c=login" "Mozilla/5.0 (compatible; Baiduspider/2.0; +http://www.baidu.com/search/spider.html"
116.156.205.101 - - [02/Jul/2024:09:12:26 +1000] "HEAD /manage/login.php HTTP/1.1" 301 263 "http://pgkdistribution.com.au/manage/login.php" "Mozilla/5.0 (compatible; Baiduspider/2.0; +http://www.baidu.com/search/spider.html"
116.156.205.101 - - [02/Jul/2024:09:12:27 +1000] "GET /manage/login.php HTTP/1.1" 404 94458 "http://pgkdistribution.com.au/manage/login.php" "Mozilla/5.0 (compatible; Baiduspider/2.0; +http://www.baidu.com/search/spider.html"
103.131.71.135 - - [02/Jul/2024:09:14:28 +1000] "GET /robots.txt HTTP/1.1" 301 942 "-" "Mozilla/5.0 (compatible; coccocbot-web/1.0; +http://help.coccoc.com/searchengine)"
103.131.71.135 - - [02/Jul/2024:09:14:31 +1000] "GET /robots.txt HTTP/1.1" 200 679 "-" "Mozilla/5.0 (compatible; coccocbot-web/1.0; +http://help.coccoc.com/searchengine)"
103.131.71.107 - - [02/Jul/2024:09:14:39 +1000] "GET /robots.txt HTTP/1.1" 200 679 "-" "Mozilla/5.0 (compatible; coccocbot-web/1.0; +http://help.coccoc.com/searchengine)"
111.67.29.221 - - [02/Jul/2024:09:22:21 +1000] "POST /wp-cron.php?doing_wp_cron=1719876141.7387120723724365234375 HTTP/1.1" 200 296 "-" "WordPress/6.5.5; https://www.pgkdistribution.com.au"
34.217.81.17 - - [02/Jul/2024:09:22:20 +1000] "GET / HTTP/1.1" 301 460 "-" "Mozilla/5.0 (Windows NT 10.0; Win64; x64) AppleWebKit/537.36 (KHTML, like Gecko) Chrome/113.0.0.0 Safari/537.36"
111.67.29.221 - - [02/Jul/2024:09:23:23 +1000] "POST /wp-cron.php?doing_wp_cron=1719876203.6860120296478271484375 HTTP/1.1" 200 296 "-" "WordPress/6.5.5; https://www.pgkdistribution.com.au"
104.45.211.239 - - [02/Jul/2024:09:23:18 +1000] "GET / HTTP/1.1" 301 460 "-" "Mozilla/5.0 (Windows NT 10.0; WOW64) AppleWebKit/537.36 (KHTML, like Gecko) Chrome/63.0.3239.84 Safari/537.36"
208.91.64.33 - - [02/Jul/2024:09:26:44 +1000] "GET / HTTP/1.0" 301 932 "http://pgkdistribution.com.au/" "Mozilla/5.0 (Windows NT 10.0; Win64; x64) AppleWebKit/537.36 (KHTML, like Gecko) Chrome/103.0.5060.114 Safari/537.36"
111.67.29.221 - - [02/Jul/2024:09:26:52 +1000] "POST /wp-cron.php?doing_wp_cron=1719876411.9794440269470214843750 HTTP/1.1" 200 296 "-" "WordPress/6.5.5; https://www.pgkdistribution.com.au"
208.91.64.33 - - [02/Jul/2024:09:26:46 +1000] "GET / HTTP/1.0" 301 460 "http://www.pgkdistribution.com.au/" "Mozilla/5.0 (Windows NT 10.0; Win64; x64) AppleWebKit/537.36 (KHTML, like Gecko) Chrome/103.0.5060.114 Safari/537.36"
45.141.215.21 - - [02/Jul/2024:09:58:23 +1000] "GET /wp-config.php~ HTTP/1.1" 301 983 "-" "Mozilla/5.0 (Windows NT 6.1; WOW64) AppleWebKit/537.31 (KHTML, like Gecko) Chrome/26.0.1410.43 Safari/537.31"
111.67.29.221 - - [02/Jul/2024:09:58:29 +1000] "POST /wp-cron.php?doing_wp_cron=1719878309.3518900871276855468750 HTTP/1.1" 200 296 "-" "WordPress/6.5.5; https://www.pgkdistribution.com.au"
45.141.215.21 - - [02/Jul/2024:09:58:24 +1000] "GET /wp-config.php~ HTTP/1.1" 404 94420 "-" "Mozilla/5.0 (Windows NT 6.1; WOW64) AppleWebKit/537.31 (KHTML, like Gecko) Chrome/26.0.1410.43 Safari/537.31"
45.141.215.21 - - [02/Jul/2024:09:58:31 +1000] "GET /wp-config-backup1.txt HTTP/1.1" 301 990 "-" "Mozilla/5.0 (Windows NT 6.1; WOW64) AppleWebKit/537.31 (KHTML, like Gecko) Chrome/26.0.1410.43 Safari/537.31"
45.141.215.21 - - [02/Jul/2024:09:58:32 +1000] "GET /wp-config-backup1.txt HTTP/1.1" 404 94449 "-" "Mozilla/5.0 (Windows NT 6.1; WOW64) AppleWebKit/537.31 (KHTML, like Gecko) Chrome/26.0.1410.43 Safari/537.31"
45.141.215.21 - - [02/Jul/2024:09:58:35 +1000] "GET /wp-config%20fix.txt HTTP/1.1" 301 988 "-" "Mozilla/5.0 (Windows NT 6.1; WOW64) AppleWebKit/537.31 (KHTML, like Gecko) Chrome/26.0.1410.43 Safari/537.31"
45.141.215.21 - - [02/Jul/2024:09:58:37 +1000] "GET /wp-config%20fix.txt HTTP/1.1" 404 94432 "-" "Mozilla/5.0 (Windows NT 6.1; WOW64) AppleWebKit/537.31 (KHTML, like Gecko) Chrome/26.0.1410.43 Safari/537.31"
45.141.215.21 - - [02/Jul/2024:09:58:42 +1000] "GET /wp-config.bak HTTP/1.1" 301 982 "-" "Mozilla/5.0 (Windows NT 6.1; WOW64) AppleWebKit/537.31 (KHTML, like Gecko) Chrome/26.0.1410.43 Safari/537.31"
45.141.215.21 - - [02/Jul/2024:09:58:43 +1000] "GET /wp-config.bak HTTP/1.1" 404 94418 "-" "Mozilla/5.0 (Windows NT 6.1; WOW64) AppleWebKit/537.31 (KHTML, like Gecko) Chrome/26.0.1410.43 Safari/537.31"
45.141.215.21 - - [02/Jul/2024:09:58:46 +1000] "GET /wp-config HTTP/1.1" 301 978 "-" "Mozilla/5.0 (Windows NT 6.1; WOW64) AppleWebKit/537.31 (KHTML, like Gecko) Chrome/26.0.1410.43 Safari/537.31"
45.141.215.21 - - [02/Jul/2024:09:58:47 +1000] "GET /wp-config HTTP/1.1" 404 94410 "-" "Mozilla/5.0 (Windows NT 6.1; WOW64) AppleWebKit/537.31 (KHTML, like Gecko) Chrome/26.0.1410.43 Safari/537.31"
45.141.215.21 - - [02/Jul/2024:09:58:50 +1000] "GET /wp-config.phpOLD HTTP/1.1" 301 985 "-" "Mozilla/5.0 (Windows NT 6.1; WOW64) AppleWebKit/537.31 (KHTML, like Gecko) Chrome/26.0.1410.43 Safari/537.31"
111.67.29.221 - - [02/Jul/2024:09:58:52 +1000] "POST /wp-cron.php?doing_wp_cron=1719878332.6656510829925537109375 HTTP/1.1" 200 296 "-" "WordPress/6.5.5; https://www.pgkdistribution.com.au"
45.141.215.21 - - [02/Jul/2024:09:58:51 +1000] "GET /wp-config.phpOLD HTTP/1.1" 404 94424 "-" "Mozilla/5.0 (Windows NT 6.1; WOW64) AppleWebKit/537.31 (KHTML, like Gecko) Chrome/26.0.1410.43 Safari/537.31"
45.141.215.21 - - [02/Jul/2024:09:58:54 +1000] "GET /wp-config.txt HTTP/1.1" 301 982 "-" "Mozilla/5.0 (Windows NT 6.1; WOW64) AppleWebKit/537.31 (KHTML, like Gecko) Chrome/26.0.1410.43 Safari/537.31"
45.141.215.21 - - [02/Jul/2024:09:58:55 +1000] "GET /wp-config.txt HTTP/1.1" 404 94418 "-" "Mozilla/5.0 (Windows NT 6.1; WOW64) AppleWebKit/537.31 (KHTML, like Gecko) Chrome/26.0.1410.43 Safari/537.31"
45.141.215.21 - - [02/Jul/2024:09:58:58 +1000] "GET /wp-config.phpa HTTP/1.1" 301 983 "-" "Mozilla/5.0 (Windows NT 6.1; WOW64) AppleWebKit/537.31 (KHTML, like Gecko) Chrome/26.0.1410.43 Safari/537.31"
45.141.215.21 - - [02/Jul/2024:09:58:59 +1000] "GET /wp-config.phpa HTTP/1.1" 404 94420 "-" "Mozilla/5.0 (Windows NT 6.1; WOW64) AppleWebKit/537.31 (KHTML, like Gecko) Chrome/26.0.1410.43 Safari/537.31"
45.141.215.21 - - [02/Jul/2024:09:59:03 +1000] "GET /wp-config.old HTTP/1.1" 301 982 "-" "Mozilla/5.0 (Windows NT 6.1; WOW64) AppleWebKit/537.31 (KHTML, like Gecko) Chrome/26.0.1410.43 Safari/537.31"
45.141.215.21 - - [02/Jul/2024:09:59:05 +1000] "GET /wp-config.old HTTP/1.1" 404 94418 "-" "Mozilla/5.0 (Windows NT 6.1; WOW64) AppleWebKit/537.31 (KHTML, like Gecko) Chrome/26.0.1410.43 Safari/537.31"
45.141.215.21 - - [02/Jul/2024:09:59:09 +1000] "GET /wp-config.php.txt HTTP/1.1" 301 986 "-" "Mozilla/5.0 (Windows NT 6.1; WOW64) AppleWebKit/537.31 (KHTML, like Gecko) Chrome/26.0.1410.43 Safari/537.31"
45.141.215.21 - - [02/Jul/2024:09:59:10 +1000] "GET /wp-config.php.txt HTTP/1.1" 404 94441 "-" "Mozilla/5.0 (Windows NT 6.1; WOW64) AppleWebKit/537.31 (KHTML, like Gecko) Chrome/26.0.1410.43 Safari/537.31"
45.141.215.21 - - [02/Jul/2024:09:59:14 +1000] "GET /config HTTP/1.1" 301 975 "-" "Mozilla/5.0 (Windows NT 6.1; WOW64) AppleWebKit/537.31 (KHTML, like Gecko) Chrome/26.0.1410.43 Safari/537.31"
45.141.215.21 - - [02/Jul/2024:09:59:15 +1000] "GET /config HTTP/1.1" 404 94404 "-" "Mozilla/5.0 (Windows NT 6.1; WOW64) AppleWebKit/537.31 (KHTML, like Gecko) Chrome/26.0.1410.43 Safari/537.31"
45.141.215.21 - - [02/Jul/2024:09:59:18 +1000] "GET /wp-config. HTTP/1.1" 301 979 "-" "Mozilla/5.0 (Windows NT 6.1; WOW64) AppleWebKit/537.31 (KHTML, like Gecko) Chrome/26.0.1410.43 Safari/537.31"
45.141.215.21 - - [02/Jul/2024:09:59:19 +1000] "GET /wp-config. HTTP/1.1" 301 608 "-" "Mozilla/5.0 (Windows NT 6.1; WOW64) AppleWebKit/537.31 (KHTML, like Gecko) Chrome/26.0.1410.43 Safari/537.31"
45.141.215.21 - - [02/Jul/2024:09:59:21 +1000] "GET /wp-config HTTP/1.1" 404 94410 "-" "Mozilla/5.0 (Windows NT 6.1; WOW64) AppleWebKit/537.31 (KHTML, like Gecko) Chrome/26.0.1410.43 Safari/537.31"
45.141.215.21 - - [02/Jul/2024:09:59:24 +1000] "GET /wp-config-backup.txt HTTP/1.1" 301 989 "-" "Mozilla/5.0 (Windows NT 6.1; WOW64) AppleWebKit/537.31 (KHTML, like Gecko) Chrome/26.0.1410.43 Safari/537.31"
45.141.215.21 - - [02/Jul/2024:09:59:25 +1000] "GET /wp-config-backup.txt HTTP/1.1" 404 94432 "-" "Mozilla/5.0 (Windows NT 6.1; WOW64) AppleWebKit/537.31 (KHTML, like Gecko) Chrome/26.0.1410.43 Safari/537.31"
45.141.215.21 - - [02/Jul/2024:09:59:28 +1000] "GET /wp-config-backup HTTP/1.1" 301 985 "-" "Mozilla/5.0 (Windows NT 6.1; WOW64) AppleWebKit/537.31 (KHTML, like Gecko) Chrome/26.0.1410.43 Safari/537.31"
45.141.215.21 - - [02/Jul/2024:09:59:29 +1000] "GET /wp-config-backup HTTP/1.1" 404 94424 "-" "Mozilla/5.0 (Windows NT 6.1; WOW64) AppleWebKit/537.31 (KHTML, like Gecko) Chrome/26.0.1410.43 Safari/537.31"
45.141.215.21 - - [02/Jul/2024:09:59:33 +1000] "GET /config.bak HTTP/1.1" 301 979 "-" "Mozilla/5.0 (Windows NT 6.1; WOW64) AppleWebKit/537.31 (KHTML, like Gecko) Chrome/26.0.1410.43 Safari/537.31"
45.141.215.21 - - [02/Jul/2024:09:59:34 +1000] "GET /config.bak HTTP/1.1" 404 94412 "-" "Mozilla/5.0 (Windows NT 6.1; WOW64) AppleWebKit/537.31 (KHTML, like Gecko) Chrome/26.0.1410.43 Safari/537.31"
45.141.215.21 - - [02/Jul/2024:09:59:38 +1000] "GET /config.old HTTP/1.1" 301 979 "-" "Mozilla/5.0 (Windows NT 6.1; WOW64) AppleWebKit/537.31 (KHTML, like Gecko) Chrome/26.0.1410.43 Safari/537.31"
45.141.215.21 - - [02/Jul/2024:09:59:40 +1000] "GET /config.old HTTP/1.1" 404 94412 "-" "Mozilla/5.0 (Windows NT 6.1; WOW64) AppleWebKit/537.31 (KHTML, like Gecko) Chrome/26.0.1410.43 Safari/537.31"
45.141.215.21 - - [02/Jul/2024:09:59:43 +1000] "GET /config.php~ HTTP/1.1" 301 980 "-" "Mozilla/5.0 (Windows NT 6.1; WOW64) AppleWebKit/537.31 (KHTML, like Gecko) Chrome/26.0.1410.43 Safari/537.31"
45.141.215.21 - - [02/Jul/2024:09:59:44 +1000] "GET /config.php~ HTTP/1.1" 404 94414 "-" "Mozilla/5.0 (Windows NT 6.1; WOW64) AppleWebKit/537.31 (KHTML, like Gecko) Chrome/26.0.1410.43 Safari/537.31"
45.141.215.21 - - [02/Jul/2024:09:59:48 +1000] "GET /wp-config.data HTTP/1.1" 301 983 "-" "Mozilla/5.0 (Windows NT 6.1; WOW64) AppleWebKit/537.31 (KHTML, like Gecko) Chrome/26.0.1410.43 Safari/537.31"
111.67.29.221 - - [02/Jul/2024:09:59:50 +1000] "POST /wp-cron.php?doing_wp_cron=1719878390.1344790458679199218750 HTTP/1.1" 200 296 "-" "WordPress/6.5.5; https://www.pgkdistribution.com.au"
45.141.215.21 - - [02/Jul/2024:09:59:49 +1000] "GET /wp-config.data HTTP/1.1" 404 94420 "-" "Mozilla/5.0 (Windows NT 6.1; WOW64) AppleWebKit/537.31 (KHTML, like Gecko) Chrome/26.0.1410.43 Safari/537.31"
45.141.215.21 - - [02/Jul/2024:09:59:54 +1000] "GET /wp-config.backup HTTP/1.1" 301 985 "-" "Mozilla/5.0 (Windows NT 6.1; WOW64) AppleWebKit/537.31 (KHTML, like Gecko) Chrome/26.0.1410.43 Safari/537.31"
45.141.215.21 - - [02/Jul/2024:09:59:55 +1000] "GET /wp-config.backup HTTP/1.1" 404 94424 "-" "Mozilla/5.0 (Windows NT 6.1; WOW64) AppleWebKit/537.31 (KHTML, like Gecko) Chrome/26.0.1410.43 Safari/537.31"
45.141.215.21 - - [02/Jul/2024:09:59:58 +1000] "GET /wp-config.php~~ HTTP/1.1" 301 984 "-" "Mozilla/5.0 (Windows NT 6.1; WOW64) AppleWebKit/537.31 (KHTML, like Gecko) Chrome/26.0.1410.43 Safari/537.31"
111.67.29.221 - - [02/Jul/2024:10:00:01 +1000] "POST /wp-cron.php?doing_wp_cron=1719878401.5846879482269287109375 HTTP/1.1" 200 296 "-" "WordPress/6.5.5; https://www.pgkdistribution.com.au"
45.141.215.21 - - [02/Jul/2024:10:00:00 +1000] "GET /wp-config.php~~ HTTP/1.1" 404 94422 "-" "Mozilla/5.0 (Windows NT 6.1; WOW64) AppleWebKit/537.31 (KHTML, like Gecko) Chrome/26.0.1410.43 Safari/537.31"
45.141.215.21 - - [02/Jul/2024:10:00:04 +1000] "GET /config. HTTP/1.1" 301 976 "-" "Mozilla/5.0 (Windows NT 6.1; WOW64) AppleWebKit/537.31 (KHTML, like Gecko) Chrome/26.0.1410.43 Safari/537.31"
45.141.215.21 - - [02/Jul/2024:10:00:05 +1000] "GET /config. HTTP/1.1" 301 602 "-" "Mozilla/5.0 (Windows NT 6.1; WOW64) AppleWebKit/537.31 (KHTML, like Gecko) Chrome/26.0.1410.43 Safari/537.31"
45.141.215.21 - - [02/Jul/2024:10:00:09 +1000] "GET /config HTTP/1.1" 404 94404 "-" "Mozilla/5.0 (Windows NT 6.1; WOW64) AppleWebKit/537.31 (KHTML, like Gecko) Chrome/26.0.1410.43 Safari/537.31"
45.141.215.21 - - [02/Jul/2024:10:00:14 +1000] "GET /wp-config.phpold HTTP/1.1" 301 985 "-" "Mozilla/5.0 (Windows NT 6.1; WOW64) AppleWebKit/537.31 (KHTML, like Gecko) Chrome/26.0.1410.43 Safari/537.31"
45.141.215.21 - - [02/Jul/2024:10:00:15 +1000] "GET /wp-config.phpold HTTP/1.1" 404 94424 "-" "Mozilla/5.0 (Windows NT 6.1; WOW64) AppleWebKit/537.31 (KHTML, like Gecko) Chrome/26.0.1410.43 Safari/537.31"
45.141.215.21 - - [02/Jul/2024:10:00:19 +1000] "GET /wp-config.phpb HTTP/1.1" 301 983 "-" "Mozilla/5.0 (Windows NT 6.1; WOW64) AppleWebKit/537.31 (KHTML, like Gecko) Chrome/26.0.1410.43 Safari/537.31"
45.141.215.21 - - [02/Jul/2024:10:00:20 +1000] "GET /wp-config.phpb HTTP/1.1" 404 94420 "-" "Mozilla/5.0 (Windows NT 6.1; WOW64) AppleWebKit/537.31 (KHTML, like Gecko) Chrome/26.0.1410.43 Safari/537.31"
45.141.215.21 - - [02/Jul/2024:10:00:25 +1000] "GET /wp-config.phpc HTTP/1.1" 301 983 "-" "Mozilla/5.0 (Windows NT 6.1; WOW64) AppleWebKit/537.31 (KHTML, like Gecko) Chrome/26.0.1410.43 Safari/537.31"
45.12.3.80 - - [02/Jul/2024:10:00:34 +1000] "GET /wp-config%20 HTTP/1.1" 301 981 "-" "Mozilla/5.0 (Windows NT 6.1; WOW64) AppleWebKit/537.31 (KHTML, like Gecko) Chrome/26.0.1410.43 Safari/537.31"
45.12.3.80 - - [02/Jul/2024:10:00:35 +1000] "GET /wp-config%20 HTTP/1.1" 301 612 "-" "Mozilla/5.0 (Windows NT 6.1; WOW64) AppleWebKit/537.31 (KHTML, like Gecko) Chrome/26.0.1410.43 Safari/537.31"
45.12.3.80 - - [02/Jul/2024:10:00:38 +1000] "GET /wp-config HTTP/1.1" 404 94410 "-" "Mozilla/5.0 (Windows NT 6.1; WOW64) AppleWebKit/537.31 (KHTML, like Gecko) Chrome/26.0.1410.43 Safari/537.31"
192.42.116.199 - - [02/Jul/2024:10:00:46 +1000] "GET /wp-config.php-n HTTP/1.1" 301 984 "-" "Mozilla/5.0 (Windows NT 6.1; WOW64) AppleWebKit/537.31 (KHTML, like Gecko) Chrome/26.0.1410.43 Safari/537.31"
192.42.116.199 - - [02/Jul/2024:10:00:55 +1000] "GET /wp-config.phpnew HTTP/1.1" 301 985 "-" "Mozilla/5.0 (Windows NT 6.1; WOW64) AppleWebKit/537.31 (KHTML, like Gecko) Chrome/26.0.1410.43 Safari/537.31"
111.67.29.221 - - [02/Jul/2024:10:01:01 +1000] "POST /wp-cron.php?doing_wp_cron=1719878461.0902979373931884765625 HTTP/1.1" 200 296 "-" "WordPress/6.5.5; https://www.pgkdistribution.com.au"
192.42.116.199 - - [02/Jul/2024:10:00:59 +1000] "GET /wp-config.phpnew HTTP/1.1" 404 94424 "-" "Mozilla/5.0 (Windows NT 6.1; WOW64) AppleWebKit/537.31 (KHTML, like Gecko) Chrome/26.0.1410.43 Safari/537.31"
192.42.116.199 - - [02/Jul/2024:10:01:12 +1000] "GET /wp-config.cfg HTTP/1.1" 301 982 "-" "Mozilla/5.0 (Windows NT 6.1; WOW64) AppleWebKit/537.31 (KHTML, like Gecko) Chrome/26.0.1410.43 Safari/537.31"
192.42.116.199 - - [02/Jul/2024:10:01:14 +1000] "GET /wp-config.cfg HTTP/1.1" 404 94418 "-" "Mozilla/5.0 (Windows NT 6.1; WOW64) AppleWebKit/537.31 (KHTML, like Gecko) Chrome/26.0.1410.43 Safari/537.31"
192.42.116.199 - - [02/Jul/2024:10:01:26 +1000] "GET /config.php~~ HTTP/1.1" 301 981 "-" "Mozilla/5.0 (Windows NT 6.1; WOW64) AppleWebKit/537.31 (KHTML, like Gecko) Chrome/26.0.1410.43 Safari/537.31"
192.42.116.199 - - [02/Jul/2024:10:01:34 +1000] "GET /wp-config.php~~~ HTTP/1.1" 301 985 "-" "Mozilla/5.0 (Windows NT 6.1; WOW64) AppleWebKit/537.31 (KHTML, like Gecko) Chrome/26.0.1410.43 Safari/537.31"
192.42.116.199 - - [02/Jul/2024:10:01:34 +1000] "GET /wp-config.php~~~ HTTP/1.1" 404 94424 "-" "Mozilla/5.0 (Windows NT 6.1; WOW64) AppleWebKit/537.31 (KHTML, like Gecko) Chrome/26.0.1410.43 Safari/537.31"
192.42.116.199 - - [02/Jul/2024:10:01:50 +1000] "GET /wp-config.phptmp HTTP/1.1" 301 985 "-" "Mozilla/5.0 (Windows NT 6.1; WOW64) AppleWebKit/537.31 (KHTML, like Gecko) Chrome/26.0.1410.43 Safari/537.31"
111.67.29.221 - - [02/Jul/2024:10:01:53 +1000] "POST /wp-cron.php?doing_wp_cron=1719878513.4029669761657714843750 HTTP/1.1" 200 296 "-" "WordPress/6.5.5; https://www.pgkdistribution.com.au"
192.42.116.199 - - [02/Jul/2024:10:01:52 +1000] "GET /wp-config.phptmp HTTP/1.1" 404 94424 "-" "Mozilla/5.0 (Windows NT 6.1; WOW64) AppleWebKit/537.31 (KHTML, like Gecko) Chrome/26.0.1410.43 Safari/537.31"
192.42.116.199 - - [02/Jul/2024:10:02:04 +1000] "GET /wp-config.php.bak HTTP/1.1" 301 986 "-" "Mozilla/5.0 (Windows NT 6.1; WOW64) AppleWebKit/537.31 (KHTML, like Gecko) Chrome/26.0.1410.43 Safari/537.31"
192.42.116.199 - - [02/Jul/2024:10:02:05 +1000] "GET /wp-config.php.bak HTTP/1.1" 404 94426 "-" "Mozilla/5.0 (Windows NT 6.1; WOW64) AppleWebKit/537.31 (KHTML, like Gecko) Chrome/26.0.1410.43 Safari/537.31"
178.175.142.26 - - [02/Jul/2024:10:02:17 +1000] "GET /wp-config-sample.php~ HTTP/1.1" 301 990 "-" "Mozilla/5.0 (Windows NT 6.1; WOW64) AppleWebKit/537.31 (KHTML, like Gecko) Chrome/26.0.1410.43 Safari/537.31"
178.175.142.26 - - [02/Jul/2024:10:02:18 +1000] "GET /wp-config-sample.php~ HTTP/1.1" 404 94434 "-" "Mozilla/5.0 (Windows NT 6.1; WOW64) AppleWebKit/537.31 (KHTML, like Gecko) Chrome/26.0.1410.43 Safari/537.31"
45.141.215.61 - - [02/Jul/2024:10:02:25 +1000] "GET /wp-config.phpbak HTTP/1.1" 301 985 "-" "Mozilla/5.0 (Windows NT 6.1; WOW64) AppleWebKit/537.31 (KHTML, like Gecko) Chrome/26.0.1410.43 Safari/537.31"
45.141.215.61 - - [02/Jul/2024:10:02:28 +1000] "GET /wp-config.phpbak HTTP/1.1" 404 94439 "-" "Mozilla/5.0 (Windows NT 6.1; WOW64) AppleWebKit/537.31 (KHTML, like Gecko) Chrome/26.0.1410.43 Safari/537.31"
45.141.215.61 - - [02/Jul/2024:10:02:35 +1000] "GET /wp-config.prod.php.txt HTTP/1.1" 301 991 "-" "Mozilla/5.0 (Windows NT 6.1; WOW64) AppleWebKit/537.31 (KHTML, like Gecko) Chrome/26.0.1410.43 Safari/537.31"
45.141.215.61 - - [02/Jul/2024:10:02:37 +1000] "GET /wp-config.prod.php.txt HTTP/1.1" 404 94436 "-" "Mozilla/5.0 (Windows NT 6.1; WOW64) AppleWebKit/537.31 (KHTML, like Gecko) Chrome/26.0.1410.43 Safari/537.31"
185.220.100.255 - - [02/Jul/2024:10:02:49 +1000] "GET /wp-config.php_old HTTP/1.1" 301 986 "-" "Mozilla/5.0 (Windows NT 6.1; WOW64) AppleWebKit/537.31 (KHTML, like Gecko) Chrome/26.0.1410.43 Safari/537.31"
111.67.29.221 - - [02/Jul/2024:10:02:52 +1000] "POST /wp-cron.php?doing_wp_cron=1719878572.0056200027465820312500 HTTP/1.1" 200 296 "-" "WordPress/6.5.5; https://www.pgkdistribution.com.au"
185.183.159.40 - - [02/Jul/2024:10:02:50 +1000] "GET /wp-config.php_old HTTP/1.1" 404 94426 "-" "Mozilla/5.0 (Windows NT 6.1; WOW64) AppleWebKit/537.31 (KHTML, like Gecko) Chrome/26.0.1410.43 Safari/537.31"
45.141.215.110 - - [02/Jul/2024:10:02:55 +1000] "GET /wp-config.php_ HTTP/1.1" 301 983 "-" "Mozilla/5.0 (Windows NT 6.1; WOW64) AppleWebKit/537.31 (KHTML, like Gecko) Chrome/26.0.1410.43 Safari/537.31"
45.141.215.110 - - [02/Jul/2024:10:02:56 +1000] "GET /wp-config.php_ HTTP/1.1" 404 94420 "-" "Mozilla/5.0 (Windows NT 6.1; WOW64) AppleWebKit/537.31 (KHTML, like Gecko) Chrome/26.0.1410.43 Safari/537.31"
45.141.215.110 - - [02/Jul/2024:10:03:00 +1000] "GET /wp-config.php.in HTTP/1.1" 301 985 "-" "Mozilla/5.0 (Windows NT 6.1; WOW64) AppleWebKit/537.31 (KHTML, like Gecko) Chrome/26.0.1410.43 Safari/537.31"
45.141.215.110 - - [02/Jul/2024:10:03:02 +1000] "GET /wp-config.php.in HTTP/1.1" 404 94424 "-" "Mozilla/5.0 (Windows NT 6.1; WOW64) AppleWebKit/537.31 (KHTML, like Gecko) Chrome/26.0.1410.43 Safari/537.31"
45.141.215.110 - - [02/Jul/2024:10:03:05 +1000] "GET /wp-config.php.sample HTTP/1.1" 301 989 "-" "Mozilla/5.0 (Windows NT 6.1; WOW64) AppleWebKit/537.31 (KHTML, like Gecko) Chrome/26.0.1410.43 Safari/537.31"
45.141.215.110 - - [02/Jul/2024:10:03:06 +1000] "GET /wp-config.php.sample HTTP/1.1" 404 94432 "-" "Mozilla/5.0 (Windows NT 6.1; WOW64) AppleWebKit/537.31 (KHTML, like Gecko) Chrome/26.0.1410.43 Safari/537.31"
45.141.215.110 - - [02/Jul/2024:10:03:10 +1000] "GET /wp-config.local.php HTTP/1.1" 301 988 "-" "Mozilla/5.0 (Windows NT 6.1; WOW64) AppleWebKit/537.31 (KHTML, like Gecko) Chrome/26.0.1410.43 Safari/537.31"
45.141.215.110 - - [02/Jul/2024:10:03:11 +1000] "GET /wp-config.local.php HTTP/1.1" 404 94430 "-" "Mozilla/5.0 (Windows NT 6.1; WOW64) AppleWebKit/537.31 (KHTML, like Gecko) Chrome/26.0.1410.43 Safari/537.31"
185.246.188.74 - - [02/Jul/2024:10:03:16 +1000] "GET /wp-config.html HTTP/1.1" 301 983 "-" "Mozilla/5.0 (Windows NT 6.1; WOW64) AppleWebKit/537.31 (KHTML, like Gecko) Chrome/26.0.1410.43 Safari/537.31"
104.244.77.192 - - [02/Jul/2024:10:03:17 +1000] "GET /wp-config.html HTTP/1.1" 404 94420 "-" "Mozilla/5.0 (Windows NT 6.1; WOW64) AppleWebKit/537.31 (KHTML, like Gecko) Chrome/26.0.1410.43 Safari/537.31"
185.220.101.128 - - [02/Jul/2024:10:03:21 +1000] "GET /wp-config.htm HTTP/1.1" 301 982 "-" "Mozilla/5.0 (Windows NT 6.1; WOW64) AppleWebKit/537.31 (KHTML, like Gecko) Chrome/26.0.1410.43 Safari/537.31"
185.220.100.242 - - [02/Jul/2024:10:03:22 +1000] "GET /wp-config.htm HTTP/1.1" 404 94418 "-" "Mozilla/5.0 (Windows NT 6.1; WOW64) AppleWebKit/537.31 (KHTML, like Gecko) Chrome/26.0.1410.43 Safari/537.31"
185.220.101.150 - - [02/Jul/2024:10:03:27 +1000] "GET /wp-config.phpn HTTP/1.1" 301 983 "-" "Mozilla/5.0 (Windows NT 6.1; WOW64) AppleWebKit/537.31 (KHTML, like Gecko) Chrome/26.0.1410.43 Safari/537.31"
185.220.101.82 - - [02/Jul/2024:10:03:29 +1000] "GET /wp-config.phpn HTTP/1.1" 404 94420 "-" "Mozilla/5.0 (Windows NT 6.1; WOW64) AppleWebKit/537.31 (KHTML, like Gecko) Chrome/26.0.1410.43 Safari/537.31"
109.70.100.4 - - [02/Jul/2024:10:03:34 +1000] "GET /wp-config.php~~~~ HTTP/1.1" 301 986 "-" "Mozilla/5.0 (Windows NT 6.1; WOW64) AppleWebKit/537.31 (KHTML, like Gecko) Chrome/26.0.1410.43 Safari/537.31"
103.251.167.20 - - [02/Jul/2024:10:03:39 +1000] "GET /wp-config.php~~~~ HTTP/1.1" 404 94426 "-" "Mozilla/5.0 (Windows NT 6.1; WOW64) AppleWebKit/537.31 (KHTML, like Gecko) Chrome/26.0.1410.43 Safari/537.31"
185.220.101.38 - - [02/Jul/2024:10:03:45 +1000] "GET /wp-config-sample.php.bak HTTP/1.1" 301 993 "-" "Mozilla/5.0 (Windows NT 6.1; WOW64) AppleWebKit/537.31 (KHTML, like Gecko) Chrome/26.0.1410.43 Safari/537.31"
