66.249.66.198 - - [01/Jul/2024:09:58:53 +1000] "GET /wp-content/uploads/2021/06/Tin-Feet.jpg HTTP/1.1" 200 37207 "-" "Googlebot-Image/1.0"
66.249.66.85 - - [01/Jul/2024:10:38:47 +1000] "GET /product/klip-lok-305/ HTTP/1.1" 301 990 "-" "Mozilla/5.0 (Linux; Android 6.0.1; Nexus 5X Build/MMB29P) AppleWebKit/537.36 (KHTML, like Gecko) Chrome/125.0.6422.175 Mobile Safari/537.36 (compatible; Googlebot/2.1; +http://www.google.com/bot.html)"
4.247.136.71 - - [01/Jul/2024:10:47:05 +1000] "GET / HTTP/1.1" 301 969 "-" "Mozilla/5.0 (Windows NT 10.0; Win64; x64) AppleWebKit/537.36 (KHTML, like Gecko) Chrome/89.0.4389.114 Safari/537.36"
111.67.29.221 - - [01/Jul/2024:10:47:15 +1000] "POST /wp-cron.php?doing_wp_cron=1719794835.3582499027252197265625 HTTP/1.1" 200 296 "-" "WordPress/6.5.5; https://www.pgkdistribution.com.au"
4.247.136.71 - - [01/Jul/2024:10:47:10 +1000] "GET / HTTP/1.1" 301 497 "-" "Mozilla/5.0 (Windows NT 10.0; Win64; x64) AppleWebKit/537.36 (KHTML, like Gecko) Chrome/89.0.4389.114 Safari/537.36"
111.67.29.221 - - [01/Jul/2024:10:51:16 +1000] "POST /wp-cron.php?doing_wp_cron=1719795076.8602530956268310546875 HTTP/1.1" 200 296 "-" "WordPress/6.5.5; https://www.pgkdistribution.com.au"
35.90.118.9 - - [01/Jul/2024:10:51:11 +1000] "GET / HTTP/1.1" 301 460 "-" "Mozilla/5.0 (Windows NT 10.0; Win64; x64) AppleWebKit/537.36 (KHTML, like Gecko) Chrome/113.0.0.0 Safari/537.36"
111.67.29.221 - - [01/Jul/2024:10:54:30 +1000] "POST /wp-cron.php?doing_wp_cron=1719795270.9188039302825927734375 HTTP/1.1" 200 296 "-" "WordPress/6.5.5; https://www.pgkdistribution.com.au"
104.45.211.239 - - [01/Jul/2024:10:54:26 +1000] "GET / HTTP/1.1" 301 460 "-" "Mozilla/5.0 (Windows NT 10.0; WOW64) AppleWebKit/537.36 (KHTML, like Gecko) Chrome/63.0.3239.84 Safari/537.36"
66.249.66.86 - - [01/Jul/2024:11:14:47 +1000] "GET /product/pgk-8p-wp-enclosures-ip65/ HTTP/1.1" 301 1003 "-" "Mozilla/5.0 (Linux; Android 6.0.1; Nexus 5X Build/MMB29P) AppleWebKit/537.36 (KHTML, like Gecko) Chrome/125.0.6422.175 Mobile Safari/537.36 (compatible; Googlebot/2.1; +http://www.google.com/bot.html)"
111.67.29.221 - - [01/Jul/2024:11:14:50 +1000] "POST /wp-cron.php?doing_wp_cron=1719796490.4019629955291748046875 HTTP/1.1" 200 296 "-" "WordPress/6.5.5; https://www.pgkdistribution.com.au"
66.249.66.198 - - [01/Jul/2024:11:14:49 +1000] "GET /product/pgk-8p-wp-enclosures-ip65/ HTTP/1.1" 200 23093 "-" "Mozilla/5.0 (Linux; Android 6.0.1; Nexus 5X Build/MMB29P) AppleWebKit/537.36 (KHTML, like Gecko) Chrome/125.0.6422.175 Mobile Safari/537.36 (compatible; Googlebot/2.1; +http://www.google.com/bot.html)"
66.249.66.197 - - [01/Jul/2024:11:14:53 +1000] "POST /?wc-ajax=get_refreshed_fragments HTTP/1.1" 200 928 "http://www.pgkdistribution.com.au/product/pgk-8p-wp-enclosures-ip65/" "Mozilla/5.0 (Linux; Android 6.0.1; Nexus 5X Build/MMB29P) AppleWebKit/537.36 (KHTML, like Gecko) Chrome/125.0.6422.175 Mobile Safari/537.36 (compatible; Googlebot/2.1; +http://www.google.com/bot.html)"
94.156.69.228 - - [01/Jul/2024:11:19:53 +1000] "GET //wp-content/plugins/fix/up.php HTTP/1.1" 301 998 "-" "Mozilla/5.0 (Windows NT 10.0; Win64; x64) AppleWebKit/537.36 (KHTML, like Gecko) Chrome/85.0.4183.102 Safari/537.36"
111.67.29.221 - - [01/Jul/2024:11:20:00 +1000] "POST /wp-cron.php?doing_wp_cron=1719796800.2723999023437500000000 HTTP/1.1" 200 296 "-" "WordPress/6.5.5; https://www.pgkdistribution.com.au"
94.156.69.228 - - [01/Jul/2024:11:19:55 +1000] "GET /wp-content/plugins/fix/up.php HTTP/1.1" 404 17520 "-" "Mozilla/5.0 (Windows NT 10.0; Win64; x64) AppleWebKit/537.36 (KHTML, like Gecko) Chrome/85.0.4183.102 Safari/537.36"
137.184.49.3 - - [01/Jul/2024:11:48:20 +1000] "GET / HTTP/1.1" 301 497 "-" "Mozilla/5.0 (Macintosh; Intel Mac OS X 10_15_7) AppleWebKit/537.36 (KHTML, like Gecko) Chrome/121.0.0.0 Safari/537.36"
66.249.66.87 - - [01/Jul/2024:11:54:05 +1000] "GET / HTTP/1.1" 301 969 "-" "Mozilla/5.0 (compatible; Googlebot/2.1; +http://www.google.com/bot.html)"
111.67.29.221 - - [01/Jul/2024:11:54:10 +1000] "POST /wp-cron.php?doing_wp_cron=1719798850.8940830230712890625000 HTTP/1.1" 200 296 "-" "WordPress/6.5.5; https://www.pgkdistribution.com.au"
66.249.66.198 - - [01/Jul/2024:11:54:06 +1000] "GET / HTTP/1.1" 301 497 "-" "Mozilla/5.0 (compatible; Googlebot/2.1; +http://www.google.com/bot.html)"
127.0.0.1 - - [01/Jul/2024:12:11:07 +1000] "GET /wp-content/plugins/include.php HTTP/1.1" 301 1030 "www.google.com" "Mozilla/5.0 (Linux; Android 7.0; SM-G892A Build/NRD90M; wv) AppleWebKit/537.36 (KHTML, like Gecko) Version/4.0 Chrome/60.0.3112.107 Mobile Safari/537.36"
111.67.29.221 - - [01/Jul/2024:12:11:34 +1000] "POST /wp-cron.php?doing_wp_cron=1719799894.1755669116973876953125 HTTP/1.1" 200 296 "-" "WordPress/6.5.5; https://www.pgkdistribution.com.au"
127.0.0.1 - - [01/Jul/2024:12:11:29 +1000] "GET /wp-content/plugins/include.php HTTP/1.1" 404 20383 "www.google.com" "Mozilla/5.0 (Linux; Android 7.0; SM-G892A Build/NRD90M; wv) AppleWebKit/537.36 (KHTML, like Gecko) Version/4.0 Chrome/60.0.3112.107 Mobile Safari/537.36"
127.0.0.1 - - [01/Jul/2024:12:12:37 +1000] "GET /wp-includes/images/include.php HTTP/1.1" 301 1030 "www.google.com" "Mozilla/5.0 (Linux; Android 7.0; SM-G892A Build/NRD90M; wv) AppleWebKit/537.36 (KHTML, like Gecko) Version/4.0 Chrome/60.0.3112.107 Mobile Safari/537.36"
111.67.29.221 - - [01/Jul/2024:12:13:09 +1000] "POST /wp-cron.php?doing_wp_cron=1719799989.2914249897003173828125 HTTP/1.1" 200 296 "-" "WordPress/6.5.5; https://www.pgkdistribution.com.au"
127.0.0.1 - - [01/Jul/2024:12:13:05 +1000] "GET /wp-includes/images/include.php HTTP/1.1" 404 20380 "www.google.com" "Mozilla/5.0 (Linux; Android 7.0; SM-G892A Build/NRD90M; wv) AppleWebKit/537.36 (KHTML, like Gecko) Version/4.0 Chrome/60.0.3112.107 Mobile Safari/537.36"
111.67.29.221 - - [01/Jul/2024:12:25:18 +1000] "POST /wp-cron.php?doing_wp_cron=1719800718.9235908985137939453125 HTTP/1.1" 200 296 "-" "WordPress/6.5.5; https://www.pgkdistribution.com.au"
66.249.66.197 - - [01/Jul/2024:12:25:13 +1000] "GET /product/end-clamp-35mm-black/ HTTP/1.1" 200 23233 "-" "Mozilla/5.0 (Linux; Android 6.0.1; Nexus 5X Build/MMB29P) AppleWebKit/537.36 (KHTML, like Gecko) Chrome/125.0.6422.175 Mobile Safari/537.36 (compatible; Googlebot/2.1; +http://www.google.com/bot.html)"
52.230.152.174 - - [01/Jul/2024:12:38:02 +1000] "GET /robots.txt HTTP/1.1" 301 942 "-" "Mozilla/5.0 AppleWebKit/537.36 (KHTML, like Gecko; compatible; GPTBot/1.0; +https://openai.com/gptbot)"
111.67.29.221 - - [01/Jul/2024:12:38:08 +1000] "POST /wp-cron.php?doing_wp_cron=1719801488.1431210041046142578125 HTTP/1.1" 200 296 "-" "WordPress/6.5.5; https://www.pgkdistribution.com.au"
52.230.152.174 - - [01/Jul/2024:12:38:03 +1000] "GET /robots.txt HTTP/1.1" 200 679 "http://pgkdistribution.com.au/robots.txt" "Mozilla/5.0 AppleWebKit/537.36 (KHTML, like Gecko; compatible; GPTBot/1.0; +https://openai.com/gptbot)"
66.249.66.87 - - [01/Jul/2024:12:50:47 +1000] "GET /product/pgk-8p-wp-enclosures-ip65/ HTTP/1.1" 301 1003 "-" "Mozilla/5.0 (Linux; Android 6.0.1; Nexus 5X Build/MMB29P) AppleWebKit/537.36 (KHTML, like Gecko) Chrome/125.0.6422.175 Mobile Safari/537.36 (compatible; Googlebot/2.1; +http://www.google.com/bot.html)"
45.61.88.254 - - [01/Jul/2024:13:06:21 +1000] "GET /wp-content/uploads/2021/06/SE008A-2k-x-2k-e1699584012989.jpg HTTP/1.1" 200 14732 "-" "python-httpx/0.26.0"
188.138.129.64 - - [01/Jul/2024:13:14:39 +1000] "GET /contact-us/ HTTP/1.0" 301 943 "http://pgkdistribution.com.au/contact-us/" "Mozilla/5.0 (Windows NT 10.0; Win64; x64) AppleWebKit/537.36 (KHTML, like Gecko) Chrome/113.0.0.0 Safari/537.36"
111.67.29.221 - - [01/Jul/2024:13:14:46 +1000] "POST /wp-cron.php?doing_wp_cron=1719803686.2370860576629638671875 HTTP/1.1" 200 296 "-" "WordPress/6.5.5; https://www.pgkdistribution.com.au"
188.138.129.64 - - [01/Jul/2024:13:14:41 +1000] "GET /contact-us/ HTTP/1.0" 200 87260 "http://www.pgkdistribution.com.au/contact-us/" "Mozilla/5.0 (Windows NT 10.0; Win64; x64) AppleWebKit/537.36 (KHTML, like Gecko) Chrome/113.0.0.0 Safari/537.36"
111.67.29.221 - - [01/Jul/2024:13:27:28 +1000] "POST /wp-cron.php?doing_wp_cron=1719804448.4535050392150878906250 HTTP/1.1" 200 296 "-" "WordPress/6.5.5; https://www.pgkdistribution.com.au"
89.184.222.138 - - [01/Jul/2024:13:27:23 +1000] "GET / HTTP/1.1" 301 460 "-" "Mozilla/5.0 (iPhone; CPU iPhone OS 17_5_1 like Mac OS X) AppleWebKit/605.1.15 (KHTML, like Gecko) Version/17.5 Mobile/15E148 Safari/604.1"
195.191.219.132 - - [01/Jul/2024:13:33:53 +1000] "GET /robots.txt HTTP/1.1" 301 979 "-" "Mozilla/5.0 (compatible; MJ12bot/v1.4.8; http://mj12bot.com/)"
111.67.29.221 - - [01/Jul/2024:13:33:59 +1000] "POST /wp-cron.php?doing_wp_cron=1719804839.4661519527435302734375 HTTP/1.1" 200 296 "-" "WordPress/6.5.5; https://www.pgkdistribution.com.au"
195.191.219.132 - - [01/Jul/2024:13:33:54 +1000] "GET /robots.txt HTTP/1.1" 200 716 "-" "Mozilla/5.0 (compatible; MJ12bot/v1.4.8; http://mj12bot.com/)"
195.191.219.132 - - [01/Jul/2024:13:34:02 +1000] "GET / HTTP/1.1" 301 969 "-" "Mozilla/5.0 (compatible; MJ12bot/v1.4.8; http://mj12bot.com/)"
195.191.219.132 - - [01/Jul/2024:13:34:05 +1000] "GET / HTTP/1.1" 301 497 "-" "Mozilla/5.0 (compatible; MJ12bot/v1.4.8; http://mj12bot.com/)"
111.67.29.221 - - [01/Jul/2024:13:43:51 +1000] "POST /wp-cron.php?doing_wp_cron=1719805431.8044569492340087890625 HTTP/1.1" 200 296 "-" "WordPress/6.5.5; https://www.pgkdistribution.com.au"
87.236.176.143 - - [01/Jul/2024:13:43:46 +1000] "GET / HTTP/1.1" 301 460 "-" "Mozilla/5.0 (compatible; InternetMeasurement/1.0; +https://internet-measurement.com/)"
66.249.66.85 - - [01/Jul/2024:14:13:22 +1000] "GET /home HTTP/1.1" 301 973 "-" "Mozilla/5.0 (Linux; Android 6.0.1; Nexus 5X Build/MMB29P) AppleWebKit/537.36 (KHTML, like Gecko) Chrome/125.0.6422.175 Mobile Safari/537.36 (compatible; Googlebot/2.1; +http://www.google.com/bot.html)"
111.67.29.221 - - [01/Jul/2024:14:13:29 +1000] "POST /wp-cron.php?doing_wp_cron=1719807209.6544299125671386718750 HTTP/1.1" 200 296 "-" "WordPress/6.5.5; https://www.pgkdistribution.com.au"
66.249.66.199 - - [01/Jul/2024:14:13:23 +1000] "GET /home HTTP/1.1" 301 501 "-" "Mozilla/5.0 (Linux; Android 6.0.1; Nexus 5X Build/MMB29P) AppleWebKit/537.36 (KHTML, like Gecko) Chrome/125.0.6422.175 Mobile Safari/537.36 (compatible; Googlebot/2.1; +http://www.google.com/bot.html)"
157.55.39.223 - - [01/Jul/2024:14:22:48 +1000] "GET /robots.txt HTTP/1.1" 200 716 "-" "Mozilla/5.0 AppleWebKit/537.36 (KHTML, like Gecko; compatible; bingbot/2.0; +http://www.bing.com/bingbot.htm) Chrome/116.0.1938.76 Safari/537.36"
111.67.29.221 - - [01/Jul/2024:14:23:05 +1000] "POST /wp-cron.php?doing_wp_cron=1719807785.7963869571685791015625 HTTP/1.1" 200 296 "-" "WordPress/6.5.5; https://www.pgkdistribution.com.au"
40.77.167.14 - - [01/Jul/2024:14:23:00 +1000] "GET /product/pgk-1p-indoor-enclosure/ HTTP/1.1" 200 23119 "-" "Mozilla/5.0 AppleWebKit/537.36 (KHTML, like Gecko; compatible; bingbot/2.0; +http://www.bing.com/bingbot.htm) Chrome/116.0.1938.76 Safari/537.36"
128.199.152.116 - - [01/Jul/2024:14:23:58 +1000] "GET //wp-admin/setup-config.php?step=1 HTTP/1.1" 301 1001 "www.google.com" "Mozlila/5.0 (Linux; Android 7.0; SM-G892A Bulid/NRD90M; wv) AppleWebKit/537.36 (KHTML, like Gecko) Version/4.0 Chrome/60.0.3112.107 Moblie Safari/537.36"
128.199.152.116 - - [01/Jul/2024:14:23:58 +1000] "GET /wp-admin/setup-config.php?step=1 HTTP/1.1" 409 1597 "www.google.com" "Mozlila/5.0 (Linux; Android 7.0; SM-G892A Bulid/NRD90M; wv) AppleWebKit/537.36 (KHTML, like Gecko) Version/4.0 Chrome/60.0.3112.107 Moblie Safari/537.36"
128.199.152.116 - - [01/Jul/2024:14:23:59 +1000] "GET //wordpress/wp-admin/setup-config.php?step=1 HTTP/1.1" 301 1011 "www.google.com" "Mozlila/5.0 (Linux; Android 7.0; SM-G892A Bulid/NRD90M; wv) AppleWebKit/537.36 (KHTML, like Gecko) Version/4.0 Chrome/60.0.3112.107 Moblie Safari/537.36"
111.67.29.221 - - [01/Jul/2024:14:24:00 +1000] "POST /wp-cron.php?doing_wp_cron=1719807840.3925480842590332031250 HTTP/1.1" 200 296 "-" "WordPress/6.5.5; https://www.pgkdistribution.com.au"
128.199.152.116 - - [01/Jul/2024:14:23:59 +1000] "GET /wordpress/wp-admin/setup-config.php?step=1 HTTP/1.1" 404 20377 "www.google.com" "Mozlila/5.0 (Linux; Android 7.0; SM-G892A Bulid/NRD90M; wv) AppleWebKit/537.36 (KHTML, like Gecko) Version/4.0 Chrome/60.0.3112.107 Moblie Safari/537.36"
1.55.69.118 - - [01/Jul/2024:14:26:45 +1000] "GET /contact-us/ HTTP/1.0" 301 943 "http://pgkdistribution.com.au/contact-us/" "Mozilla/5.0 (Windows NT 10.0; Win64; x64) AppleWebKit/537.36 (KHTML, like Gecko) Chrome/122.0.0.0 Safari/537.36"
111.67.29.221 - - [01/Jul/2024:14:26:50 +1000] "POST /wp-cron.php?doing_wp_cron=1719808010.4291589260101318359375 HTTP/1.1" 200 296 "-" "WordPress/6.5.5; https://www.pgkdistribution.com.au"
1.55.69.118 - - [01/Jul/2024:14:26:45 +1000] "GET /contact-us/ HTTP/1.0" 200 87259 "http://www.pgkdistribution.com.au/contact-us/" "Mozilla/5.0 (Windows NT 10.0; Win64; x64) AppleWebKit/537.36 (KHTML, like Gecko) Chrome/122.0.0.0 Safari/537.36"
128.199.152.116 - - [01/Jul/2024:14:28:35 +1000] "GET //old/wp-admin/setup-config.php?step=1 HTTP/1.1" 301 1005 "www.google.com" "Mozlila/5.0 (Linux; Android 7.0; SM-G892A Bulid/NRD90M; wv) AppleWebKit/537.36 (KHTML, like Gecko) Version/4.0 Chrome/60.0.3112.107 Moblie Safari/537.36"
111.67.29.221 - - [01/Jul/2024:14:28:40 +1000] "POST /wp-cron.php?doing_wp_cron=1719808120.1875209808349609375000 HTTP/1.1" 200 296 "-" "WordPress/6.5.5; https://www.pgkdistribution.com.au"
128.199.152.116 - - [01/Jul/2024:14:28:35 +1000] "GET /old/wp-admin/setup-config.php?step=1 HTTP/1.1" 404 20366 "www.google.com" "Mozlila/5.0 (Linux; Android 7.0; SM-G892A Bulid/NRD90M; wv) AppleWebKit/537.36 (KHTML, like Gecko) Version/4.0 Chrome/60.0.3112.107 Moblie Safari/537.36"
128.199.152.116 - - [01/Jul/2024:14:28:41 +1000] "GET //OLD/wp-admin/setup-config.php?step=1 HTTP/1.1" 301 1005 "www.google.com" "Mozlila/5.0 (Linux; Android 7.0; SM-G892A Bulid/NRD90M; wv) AppleWebKit/537.36 (KHTML, like Gecko) Version/4.0 Chrome/60.0.3112.107 Moblie Safari/537.36"
128.199.152.116 - - [01/Jul/2024:14:28:41 +1000] "GET /OLD/wp-admin/setup-config.php?step=1 HTTP/1.1" 404 20368 "www.google.com" "Mozlila/5.0 (Linux; Android 7.0; SM-G892A Bulid/NRD90M; wv) AppleWebKit/537.36 (KHTML, like Gecko) Version/4.0 Chrome/60.0.3112.107 Moblie Safari/537.36"
35.90.177.150 - - [01/Jul/2024:14:37:13 +1000] "GET / HTTP/1.1" 301 969 "-" "Mozilla/5.0 (Macintosh; Intel Mac OS X 10.15; rv:109.0) Gecko/20100101 Firefox/118.0"
111.67.29.221 - - [01/Jul/2024:14:37:23 +1000] "POST /wp-cron.php?doing_wp_cron=1719808643.8540990352630615234375 HTTP/1.1" 200 296 "-" "WordPress/6.5.5; https://www.pgkdistribution.com.au"
35.90.177.150 - - [01/Jul/2024:14:37:19 +1000] "GET / HTTP/1.1" 301 497 "-" "Mozilla/5.0 (Macintosh; Intel Mac OS X 10.15; rv:109.0) Gecko/20100101 Firefox/118.0"
40.77.167.9 - - [01/Jul/2024:14:53:03 +1000] "GET /product/pgk-1000v-dc-20amp-4p-np-breaker/ HTTP/1.1" 301 1010 "-" "Mozilla/5.0 AppleWebKit/537.36 (KHTML, like Gecko; compatible; bingbot/2.0; +http://www.bing.com/bingbot.htm) Chrome/116.0.1938.76 Safari/537.36"
66.249.66.85 - - [01/Jul/2024:15:06:21 +1000] "GET /product/end-clamp-35mm-black/ HTTP/1.1" 301 998 "-" "Mozilla/5.0 (Linux; Android 6.0.1; Nexus 5X Build/MMB29P) AppleWebKit/537.36 (KHTML, like Gecko) Chrome/125.0.6422.175 Mobile Safari/537.36 (compatible; Googlebot/2.1; +http://www.google.com/bot.html)"
66.249.66.198 - - [01/Jul/2024:15:21:06 +1000] "GET / HTTP/1.1" 301 497 "-" "Mozilla/5.0 (Linux; Android 6.0.1; Nexus 5X Build/MMB29P) AppleWebKit/537.36 (KHTML, like Gecko) Chrome/125.0.6422.175 Mobile Safari/537.36 (compatible; Googlebot/2.1; +http://www.google.com/bot.html)"
137.184.197.200 - - [01/Jul/2024:15:30:47 +1000] "HEAD /wordpress/ HTTP/1.1" 301 226 "-" "-"
111.67.29.221 - - [01/Jul/2024:15:30:53 +1000] "POST /wp-cron.php?doing_wp_cron=1719811853.7796170711517333984375 HTTP/1.1" 200 296 "-" "WordPress/6.5.5; https://www.pgkdistribution.com.au"
137.184.197.200 - - [01/Jul/2024:15:30:48 +1000] "HEAD /wordpress/ HTTP/1.1" 404 581 "-" "-"
113.200.75.89 - - [01/Jul/2024:15:36:06 +1000] "HEAD / HTTP/1.1" 301 216 "http://pgkdistribution.com.au" "Mozilla/5.0 (Windows NT 10.0; Win64; x64) AppleWebKit/537.36 (KHTML, like Gecko) Chrome/46.0.2486.0 Safari/537.36 Edge/13.10586"
111.67.29.221 - - [01/Jul/2024:15:36:14 +1000] "POST /wp-cron.php?doing_wp_cron=1719812174.8184111118316650390625 HTTP/1.1" 200 296 "-" "WordPress/6.5.5; https://www.pgkdistribution.com.au"
113.200.75.89 - - [01/Jul/2024:15:36:08 +1000] "HEAD / HTTP/1.1" 301 478 "http://pgkdistribution.com.au" "Mozilla/5.0 (Windows NT 10.0; Win64; x64) AppleWebKit/537.36 (KHTML, like Gecko) Chrome/46.0.2486.0 Safari/537.36 Edge/13.10586"
113.200.75.89 - - [01/Jul/2024:15:36:18 +1000] "GET / HTTP/1.1" 301 969 "http://pgkdistribution.com.au" "Mozilla/5.0 (Windows NT 10.0; Win64; x64) AppleWebKit/537.36 (KHTML, like Gecko) Chrome/46.0.2486.0 Safari/537.36 Edge/13.10586"
113.200.75.89 - - [01/Jul/2024:15:36:19 +1000] "GET / HTTP/1.1" 301 497 "http://pgkdistribution.com.au" "Mozilla/5.0 (Windows NT 10.0; Win64; x64) AppleWebKit/537.36 (KHTML, like Gecko) Chrome/46.0.2486.0 Safari/537.36 Edge/13.10586"
113.200.75.89 - - [01/Jul/2024:15:37:29 +1000] "HEAD / HTTP/1.1" 301 216 "http://pgkdistribution.com.au" "Mozilla/5.0 (Windows NT 10.0; Win64; x64) AppleWebKit/537.36 (KHTML, like Gecko) Chrome/46.0.2486.0 Safari/537.36 Edge/13.10586"
113.200.75.89 - - [01/Jul/2024:15:37:30 +1000] "HEAD / HTTP/1.1" 301 478 "http://pgkdistribution.com.au" "Mozilla/5.0 (Windows NT 10.0; Win64; x64) AppleWebKit/537.36 (KHTML, like Gecko) Chrome/46.0.2486.0 Safari/537.36 Edge/13.10586"
113.200.75.89 - - [01/Jul/2024:15:37:34 +1000] "GET / HTTP/1.1" 301 969 "http://pgkdistribution.com.au" "Mozilla/5.0 (Windows NT 10.0; Win64; x64) AppleWebKit/537.36 (KHTML, like Gecko) Chrome/46.0.2486.0 Safari/537.36 Edge/13.10586"
113.200.75.89 - - [01/Jul/2024:15:37:35 +1000] "GET / HTTP/1.1" 301 497 "http://pgkdistribution.com.au" "Mozilla/5.0 (Windows NT 10.0; Win64; x64) AppleWebKit/537.36 (KHTML, like Gecko) Chrome/46.0.2486.0 Safari/537.36 Edge/13.10586"
111.67.29.221 - - [01/Jul/2024:15:52:32 +1000] "POST /wp-cron.php?doing_wp_cron=1719813152.4666519165039062500000 HTTP/1.1" 200 296 "-" "WordPress/6.5.5; https://www.pgkdistribution.com.au"
35.91.143.147 - - [01/Jul/2024:15:52:26 +1000] "GET / HTTP/1.1" 301 460 "-" "Mozilla/5.0 (Windows NT 10.0; Win64; x64) AppleWebKit/537.36 (KHTML, like Gecko) Chrome/113.0.0.0 Safari/537.36"
104.45.211.239 - - [01/Jul/2024:15:52:36 +1000] "GET / HTTP/1.1" 301 460 "-" "Mozilla/5.0 (Windows NT 10.0; WOW64) AppleWebKit/537.36 (KHTML, like Gecko) Chrome/63.0.3239.84 Safari/537.36"
157.90.182.29 - - [01/Jul/2024:16:32:48 +1000] "GET /robots.txt HTTP/1.1" 301 979 "-" "Mozilla/5.0 (compatible; BLEXBot/1.0; +http://webmeup-crawler.com/)"
111.67.29.221 - - [01/Jul/2024:16:32:54 +1000] "POST /wp-cron.php?doing_wp_cron=1719815574.4404211044311523437500 HTTP/1.1" 200 296 "-" "WordPress/6.5.5; https://www.pgkdistribution.com.au"
157.90.182.29 - - [01/Jul/2024:16:32:49 +1000] "GET /robots.txt HTTP/1.1" 200 716 "-" "Mozilla/5.0 (compatible; BLEXBot/1.0; +http://webmeup-crawler.com/)"
157.90.182.29 - - [01/Jul/2024:16:32:55 +1000] "GET / HTTP/1.1" 301 969 "-" "Mozilla/5.0 (compatible; BLEXBot/1.0; +http://webmeup-crawler.com/)"
157.90.182.29 - - [01/Jul/2024:16:32:55 +1000] "GET /robots.txt HTTP/1.1" 200 716 "-" "Mozilla/5.0 (compatible; BLEXBot/1.0; +http://webmeup-crawler.com/)"
157.90.182.29 - - [01/Jul/2024:16:32:57 +1000] "GET / HTTP/1.1" 301 497 "-" "Mozilla/5.0 (compatible; BLEXBot/1.0; +http://webmeup-crawler.com/)"
111.67.29.221 - - [01/Jul/2024:16:39:36 +1000] "POST /wp-cron.php?doing_wp_cron=1719815976.6381540298461914062500 HTTP/1.1" 200 296 "-" "WordPress/6.5.5; https://www.pgkdistribution.com.au"
20.70.248.125 - - [01/Jul/2024:16:39:31 +1000] "GET / HTTP/1.1" 301 497 "-" "Mozilla/5.0 (Windows NT 10.0; Win64; x64) AppleWebKit/537.36 (KHTML, like Gecko) Chrome/81.0.4044.138 Safari/537.36"
20.70.248.125 - - [01/Jul/2024:16:39:31 +1000] "GET /__; HTTP/1.1" 301 596 "-" "Mozilla/5.0 (Windows NT 10.0; Win64; x64) AppleWebKit/537.36 (KHTML, like Gecko) Chrome/81.0.4044.138 Safari/537.36"
20.70.248.125 - - [01/Jul/2024:16:39:31 +1000] "GET / HTTP/1.1" 301 497 "-" "Mozilla/5.0 (Windows NT 10.0; Win64; x64) AppleWebKit/537.36 (KHTML, like Gecko) Chrome/81.0.4044.138 Safari/537.36"
20.70.248.125 - - [01/Jul/2024:16:39:38 +1000] "GET /wp-content/plugins/gutentor/assets/library/magnific-popup/magnific-popup.min.css?ver=1.8.0 HTTP/1.1" 200 2183 "http://www.pgkdistribution.com.au/__" "Mozilla/5.0 (Windows NT 10.0; Win64; x64) AppleWebKit/537.36 (KHTML, like Gecko) Chrome/81.0.4044.138 Safari/537.36"
20.70.248.125 - - [01/Jul/2024:16:39:38 +1000] "GET /wp-content/plugins/user-registration-plugin-for-woocommerce/front/css/afreg_color_spectrum.css?ver=1.0 HTTP/1.1" 200 4952 "http://www.pgkdistribution.com.au/__" "Mozilla/5.0 (Windows NT 10.0; Win64; x64) AppleWebKit/537.36 (KHTML, like Gecko) Chrome/81.0.4044.138 Safari/537.36"
20.70.248.125 - - [01/Jul/2024:16:39:38 +1000] "GET /wp-content/plugins/user-registration-plugin-for-woocommerce/front/css/afreg_front.css?ver=1.0 HTTP/1.1" 200 1127 "http://www.pgkdistribution.com.au/__" "Mozilla/5.0 (Windows NT 10.0; Win64; x64) AppleWebKit/537.36 (KHTML, like Gecko) Chrome/81.0.4044.138 Safari/537.36"
20.70.248.125 - - [01/Jul/2024:16:39:38 +1000] "GET /wp-content/plugins/gutentor/assets/library/slick/slick.min.css?ver=1.8.1 HTTP/1.1" 200 950 "http://www.pgkdistribution.com.au/__" "Mozilla/5.0 (Windows NT 10.0; Win64; x64) AppleWebKit/537.36 (KHTML, like Gecko) Chrome/81.0.4044.138 Safari/537.36"
20.70.248.125 - - [01/Jul/2024:16:39:38 +1000] "GET /wp-content/plugins/woo-gutenberg-products-block/build/wc-blocks.css?ver=10.8.1 HTTP/1.1" 200 3311 "http://www.pgkdistribution.com.au/__" "Mozilla/5.0 (Windows NT 10.0; Win64; x64) AppleWebKit/537.36 (KHTML, like Gecko) Chrome/81.0.4044.138 Safari/537.36"
20.70.248.125 - - [01/Jul/2024:16:39:37 +1000] "GET /__ HTTP/1.1" 404 20186 "-" "Mozilla/5.0 (Windows NT 10.0; Win64; x64) AppleWebKit/537.36 (KHTML, like Gecko) Chrome/81.0.4044.138 Safari/537.36"
20.70.248.125 - - [01/Jul/2024:16:39:38 +1000] "GET /wp-content/plugins/woo-gutenberg-products-block/build/packages-style.css?ver=10.8.1 HTTP/1.1" 200 4745 "http://www.pgkdistribution.com.au/__" "Mozilla/5.0 (Windows NT 10.0; Win64; x64) AppleWebKit/537.36 (KHTML, like Gecko) Chrome/81.0.4044.138 Safari/537.36"
20.70.248.125 - - [01/Jul/2024:16:39:38 +1000] "GET /wp-content/plugins/woo-gutenberg-products-block/build/all-reviews.css?ver=10.8.1 HTTP/1.1" 200 2401 "http://www.pgkdistribution.com.au/__" "Mozilla/5.0 (Windows NT 10.0; Win64; x64) AppleWebKit/537.36 (KHTML, like Gecko) Chrome/81.0.4044.138 Safari/537.36"
20.70.248.125 - - [01/Jul/2024:16:39:38 +1000] "GET /wp-content/plugins/woo-gutenberg-products-block/build/active-filters.css?ver=10.8.1 HTTP/1.1" 200 2749 "http://www.pgkdistribution.com.au/__" "Mozilla/5.0 (Windows NT 10.0; Win64; x64) AppleWebKit/537.36 (KHTML, like Gecko) Chrome/81.0.4044.138 Safari/537.36"
20.70.248.125 - - [01/Jul/2024:16:39:38 +1000] "GET /wp-content/plugins/woo-gutenberg-products-block/build/add-to-cart-form.css?ver=10.8.1 HTTP/1.1" 200 793 "http://www.pgkdistribution.com.au/__" "Mozilla/5.0 (Windows NT 10.0; Win64; x64) AppleWebKit/537.36 (KHTML, like Gecko) Chrome/81.0.4044.138 Safari/537.36"
20.70.248.125 - - [01/Jul/2024:16:39:38 +1000] "GET /wp-content/plugins/woo-gutenberg-products-block/build/all-products.css?ver=10.8.1 HTTP/1.1" 200 5625 "http://www.pgkdistribution.com.au/__" "Mozilla/5.0 (Windows NT 10.0; Win64; x64) AppleWebKit/537.36 (KHTML, like Gecko) Chrome/81.0.4044.138 Safari/537.36"
20.70.248.125 - - [01/Jul/2024:16:39:38 +1000] "GET /wp-content/plugins/woo-gutenberg-products-block/build/attribute-filter.css?ver=10.8.1 HTTP/1.1" 200 5613 "http://www.pgkdistribution.com.au/__" "Mozilla/5.0 (Windows NT 10.0; Win64; x64) AppleWebKit/537.36 (KHTML, like Gecko) Chrome/81.0.4044.138 Safari/537.36"
20.70.248.125 - - [01/Jul/2024:16:39:38 +1000] "GET /wp-content/plugins/woo-gutenberg-products-block/build/breadcrumbs.css?ver=10.8.1 HTTP/1.1" 200 670 "http://www.pgkdistribution.com.au/__" "Mozilla/5.0 (Windows NT 10.0; Win64; x64) AppleWebKit/537.36 (KHTML, like Gecko) Chrome/81.0.4044.138 Safari/537.36"
20.70.248.125 - - [01/Jul/2024:16:39:38 +1000] "GET /wp-content/plugins/woo-gutenberg-products-block/build/featured-category.css?ver=10.8.1 HTTP/1.1" 200 1475 "http://www.pgkdistribution.com.au/__" "Mozilla/5.0 (Windows NT 10.0; Win64; x64) AppleWebKit/537.36 (KHTML, like Gecko) Chrome/81.0.4044.138 Safari/537.36"
20.70.248.125 - - [01/Jul/2024:16:39:38 +1000] "GET /wp-content/plugins/woo-gutenberg-products-block/build/catalog-sorting.css?ver=10.8.1 HTTP/1.1" 200 695 "http://www.pgkdistribution.com.au/__" "Mozilla/5.0 (Windows NT 10.0; Win64; x64) AppleWebKit/537.36 (KHTML, like Gecko) Chrome/81.0.4044.138 Safari/537.36"
20.70.248.125 - - [01/Jul/2024:16:39:38 +1000] "GET /wp-content/plugins/woo-gutenberg-products-block/build/customer-account.css?ver=10.8.1 HTTP/1.1" 200 831 "http://www.pgkdistribution.com.au/__" "Mozilla/5.0 (Windows NT 10.0; Win64; x64) AppleWebKit/537.36 (KHTML, like Gecko) Chrome/81.0.4044.138 Safari/537.36"
20.70.248.125 - - [01/Jul/2024:16:39:38 +1000] "GET /wp-content/plugins/woo-gutenberg-products-block/build/mini-cart.css?ver=10.8.1 HTTP/1.1" 200 3394 "http://www.pgkdistribution.com.au/__" "Mozilla/5.0 (Windows NT 10.0; Win64; x64) AppleWebKit/537.36 (KHTML, like Gecko) Chrome/81.0.4044.138 Safari/537.36"
20.70.248.125 - - [01/Jul/2024:16:39:38 +1000] "GET /wp-content/plugins/woo-gutenberg-products-block/build/featured-product.css?ver=10.8.1 HTTP/1.1" 200 1536 "http://www.pgkdistribution.com.au/__" "Mozilla/5.0 (Windows NT 10.0; Win64; x64) AppleWebKit/537.36 (KHTML, like Gecko) Chrome/81.0.4044.138 Safari/537.36"
20.70.248.125 - - [01/Jul/2024:16:39:38 +1000] "GET /wp-content/plugins/woo-gutenberg-products-block/build/price-filter.css?ver=10.8.1 HTTP/1.1" 200 3790 "http://www.pgkdistribution.com.au/__" "Mozilla/5.0 (Windows NT 10.0; Win64; x64) AppleWebKit/537.36 (KHTML, like Gecko) Chrome/81.0.4044.138 Safari/537.36"
20.70.248.125 - - [01/Jul/2024:16:39:38 +1000] "GET /wp-content/plugins/woo-gutenberg-products-block/build/product-add-to-cart.css?ver=10.8.1 HTTP/1.1" 200 1949 "http://www.pgkdistribution.com.au/__" "Mozilla/5.0 (Windows NT 10.0; Win64; x64) AppleWebKit/537.36 (KHTML, like Gecko) Chrome/81.0.4044.138 Safari/537.36"
20.70.248.125 - - [01/Jul/2024:16:39:38 +1000] "GET /wp-content/plugins/woo-gutenberg-products-block/build/product-button.css?ver=10.8.1 HTTP/1.1" 200 1357 "http://www.pgkdistribution.com.au/__" "Mozilla/5.0 (Windows NT 10.0; Win64; x64) AppleWebKit/537.36 (KHTML, like Gecko) Chrome/81.0.4044.138 Safari/537.36"
20.70.248.125 - - [01/Jul/2024:16:39:38 +1000] "GET /wp-content/plugins/woo-gutenberg-products-block/build/product-categories.css?ver=10.8.1 HTTP/1.1" 200 1110 "http://www.pgkdistribution.com.au/__" "Mozilla/5.0 (Windows NT 10.0; Win64; x64) AppleWebKit/537.36 (KHTML, like Gecko) Chrome/81.0.4044.138 Safari/537.36"
20.70.248.125 - - [01/Jul/2024:16:39:38 +1000] "GET /wp-content/plugins/woo-gutenberg-products-block/build/product-image.css?ver=10.8.1 HTTP/1.1" 200 1422 "http://www.pgkdistribution.com.au/__" "Mozilla/5.0 (Windows NT 10.0; Win64; x64) AppleWebKit/537.36 (KHTML, like Gecko) Chrome/81.0.4044.138 Safari/537.36"
20.70.248.125 - - [01/Jul/2024:16:39:38 +1000] "GET /wp-content/plugins/woo-gutenberg-products-block/build/product-image-gallery.css?ver=10.8.1 HTTP/1.1" 200 743 "http://www.pgkdistribution.com.au/__" "Mozilla/5.0 (Windows NT 10.0; Win64; x64) AppleWebKit/537.36 (KHTML, like Gecko) Chrome/81.0.4044.138 Safari/537.36"
20.70.248.125 - - [01/Jul/2024:16:39:38 +1000] "GET /wp-content/plugins/woo-gutenberg-products-block/build/product-query.css?ver=10.8.1 HTTP/1.1" 200 785 "http://www.pgkdistribution.com.au/__" "Mozilla/5.0 (Windows NT 10.0; Win64; x64) AppleWebKit/537.36 (KHTML, like Gecko) Chrome/81.0.4044.138 Safari/537.36"
20.70.248.125 - - [01/Jul/2024:16:39:38 +1000] "GET /wp-content/plugins/woo-gutenberg-products-block/build/product-rating.css?ver=10.8.1 HTTP/1.1" 200 679 "http://www.pgkdistribution.com.au/__" "Mozilla/5.0 (Windows NT 10.0; Win64; x64) AppleWebKit/537.36 (KHTML, like Gecko) Chrome/81.0.4044.138 Safari/537.36"
20.70.248.125 - - [01/Jul/2024:16:39:38 +1000] "GET /wp-content/plugins/woo-gutenberg-products-block/build/product-results-count.css?ver=10.8.1 HTTP/1.1" 200 663 "http://www.pgkdistribution.com.au/__" "Mozilla/5.0 (Windows NT 10.0; Win64; x64) AppleWebKit/537.36 (KHTML, like Gecko) Chrome/81.0.4044.138 Safari/537.36"
20.70.248.125 - - [01/Jul/2024:16:39:38 +1000] "GET /wp-content/plugins/woo-gutenberg-products-block/build/product-rating-stars.css?ver=10.8.1 HTTP/1.1" 200 1395 "http://www.pgkdistribution.com.au/__" "Mozilla/5.0 (Windows NT 10.0; Win64; x64) AppleWebKit/537.36 (KHTML, like Gecko) Chrome/81.0.4044.138 Safari/537.36"
20.70.248.125 - - [01/Jul/2024:16:39:38 +1000] "GET /wp-content/plugins/woo-gutenberg-products-block/build/product-sale-badge.css?ver=10.8.1 HTTP/1.1" 200 810 "http://www.pgkdistribution.com.au/__" "Mozilla/5.0 (Windows NT 10.0; Win64; x64) AppleWebKit/537.36 (KHTML, like Gecko) Chrome/81.0.4044.138 Safari/537.36"
20.70.248.125 - - [01/Jul/2024:16:39:38 +1000] "GET /wp-content/plugins/woo-gutenberg-products-block/build/product-reviews.css?ver=10.8.1 HTTP/1.1" 200 900 "http://www.pgkdistribution.com.au/__" "Mozilla/5.0 (Windows NT 10.0; Win64; x64) AppleWebKit/537.36 (KHTML, like Gecko) Chrome/81.0.4044.138 Safari/537.36"
20.70.248.125 - - [01/Jul/2024:16:39:38 +1000] "GET /wp-content/plugins/woo-gutenberg-products-block/build/product-search.css?ver=10.8.1 HTTP/1.1" 200 862 "http://www.pgkdistribution.com.au/__" "Mozilla/5.0 (Windows NT 10.0; Win64; x64) AppleWebKit/537.36 (KHTML, like Gecko) Chrome/81.0.4044.138 Safari/537.36"
20.70.248.125 - - [01/Jul/2024:16:39:38 +1000] "GET /wp-content/plugins/woo-gutenberg-products-block/build/product-stock-indicator.css?ver=10.8.1 HTTP/1.1" 200 664 "http://www.pgkdistribution.com.au/__" "Mozilla/5.0 (Windows NT 10.0; Win64; x64) AppleWebKit/537.36 (KHTML, like Gecko) Chrome/81.0.4044.138 Safari/537.36"
20.70.248.125 - - [01/Jul/2024:16:39:38 +1000] "GET /wp-content/plugins/woo-gutenberg-products-block/build/product-sku.css?ver=10.8.1 HTTP/1.1" 200 674 "http://www.pgkdistribution.com.au/__" "Mozilla/5.0 (Windows NT 10.0; Win64; x64) AppleWebKit/537.36 (KHTML, like Gecko) Chrome/81.0.4044.138 Safari/537.36"
20.70.248.125 - - [01/Jul/2024:16:39:38 +1000] "GET /wp-content/plugins/woo-gutenberg-products-block/build/product-summary.css?ver=10.8.1 HTTP/1.1" 200 992 "http://www.pgkdistribution.com.au/__" "Mozilla/5.0 (Windows NT 10.0; Win64; x64) AppleWebKit/537.36 (KHTML, like Gecko) Chrome/81.0.4044.138 Safari/537.36"
20.70.248.125 - - [01/Jul/2024:16:39:38 +1000] "GET /wp-content/plugins/woo-gutenberg-products-block/build/product-title.css?ver=10.8.1 HTTP/1.1" 200 1140 "http://www.pgkdistribution.com.au/__" "Mozilla/5.0 (Windows NT 10.0; Win64; x64) AppleWebKit/537.36 (KHTML, like Gecko) Chrome/81.0.4044.138 Safari/537.36"
20.70.248.125 - - [01/Jul/2024:16:39:38 +1000] "GET /wp-content/plugins/woo-gutenberg-products-block/build/rating-filter.css?ver=10.8.1 HTTP/1.1" 200 5716 "http://www.pgkdistribution.com.au/__" "Mozilla/5.0 (Windows NT 10.0; Win64; x64) AppleWebKit/537.36 (KHTML, like Gecko) Chrome/81.0.4044.138 Safari/537.36"
20.70.248.125 - - [01/Jul/2024:16:39:38 +1000] "GET /wp-content/plugins/woo-gutenberg-products-block/build/reviews-by-category.css?ver=10.8.1 HTTP/1.1" 200 2401 "http://www.pgkdistribution.com.au/__" "Mozilla/5.0 (Windows NT 10.0; Win64; x64) AppleWebKit/537.36 (KHTML, like Gecko) Chrome/81.0.4044.138 Safari/537.36"
20.70.248.125 - - [01/Jul/2024:16:39:38 +1000] "GET /wp-content/plugins/woo-gutenberg-products-block/build/single-product.css?ver=10.8.1 HTTP/1.1" 200 819 "http://www.pgkdistribution.com.au/__" "Mozilla/5.0 (Windows NT 10.0; Win64; x64) AppleWebKit/537.36 (KHTML, like Gecko) Chrome/81.0.4044.138 Safari/537.36"
20.70.248.125 - - [01/Jul/2024:16:39:38 +1000] "GET /wp-content/plugins/woo-gutenberg-products-block/build/stock-filter.css?ver=10.8.1 HTTP/1.1" 200 5460 "http://www.pgkdistribution.com.au/__" "Mozilla/5.0 (Windows NT 10.0; Win64; x64) AppleWebKit/537.36 (KHTML, like Gecko) Chrome/81.0.4044.138 Safari/537.36"
20.70.248.125 - - [01/Jul/2024:16:39:38 +1000] "GET /wp-content/plugins/woo-gutenberg-products-block/build/checkout.css?ver=10.8.1 HTTP/1.1" 200 12675 "http://www.pgkdistribution.com.au/__" "Mozilla/5.0 (Windows NT 10.0; Win64; x64) AppleWebKit/537.36 (KHTML, like Gecko) Chrome/81.0.4044.138 Safari/537.36"
20.70.248.125 - - [01/Jul/2024:16:39:38 +1000] "GET /wp-content/plugins/woo-gutenberg-products-block/build/product-details.css?ver=10.8.1 HTTP/1.1" 200 830 "http://www.pgkdistribution.com.au/__" "Mozilla/5.0 (Windows NT 10.0; Win64; x64) AppleWebKit/537.36 (KHTML, like Gecko) Chrome/81.0.4044.138 Safari/537.36"
20.70.248.125 - - [01/Jul/2024:16:39:38 +1000] "GET /wp-content/plugins/woo-gutenberg-products-block/build/reviews-by-product.css?ver=10.8.1 HTTP/1.1" 200 2401 "http://www.pgkdistribution.com.au/__" "Mozilla/5.0 (Windows NT 10.0; Win64; x64) AppleWebKit/537.36 (KHTML, like Gecko) Chrome/81.0.4044.138 Safari/537.36"
20.70.248.125 - - [01/Jul/2024:16:39:38 +1000] "GET /wp-content/plugins/woo-gutenberg-products-block/build/cart.css?ver=10.8.1 HTTP/1.1" 200 12915 "http://www.pgkdistribution.com.au/__" "Mozilla/5.0 (Windows NT 10.0; Win64; x64) AppleWebKit/537.36 (KHTML, like Gecko) Chrome/81.0.4044.138 Safari/537.36"
20.70.248.125 - - [01/Jul/2024:16:39:38 +1000] "GET /wp-content/plugins/woo-gutenberg-products-block/build/mini-cart-contents.css?ver=10.8.1 HTTP/1.1" 200 3550 "http://www.pgkdistribution.com.au/__" "Mozilla/5.0 (Windows NT 10.0; Win64; x64) AppleWebKit/537.36 (KHTML, like Gecko) Chrome/81.0.4044.138 Safari/537.36"
20.70.248.125 - - [01/Jul/2024:16:39:38 +1000] "GET /wp-content/plugins/gutentor/assets/library/wpness-grid/wpness-grid.css?ver=1.0.0 HTTP/1.1" 200 4968 "http://www.pgkdistribution.com.au/__" "Mozilla/5.0 (Windows NT 10.0; Win64; x64) AppleWebKit/537.36 (KHTML, like Gecko) Chrome/81.0.4044.138 Safari/537.36"
20.70.248.125 - - [01/Jul/2024:16:39:38 +1000] "GET /wp-content/plugins/gutentor/assets/library/fontawesome/css/all.min.css?ver=5.12.0 HTTP/1.1" 200 14604 "http://www.pgkdistribution.com.au/__" "Mozilla/5.0 (Windows NT 10.0; Win64; x64) AppleWebKit/537.36 (KHTML, like Gecko) Chrome/81.0.4044.138 Safari/537.36"
20.70.248.125 - - [01/Jul/2024:16:39:38 +1000] "GET /wp-content/themes/storefront/assets/css/base/gutenberg-blocks.css?ver=3.9.1 HTTP/1.1" 200 5055 "http://www.pgkdistribution.com.au/__" "Mozilla/5.0 (Windows NT 10.0; Win64; x64) AppleWebKit/537.36 (KHTML, like Gecko) Chrome/81.0.4044.138 Safari/537.36"
20.70.248.125 - - [01/Jul/2024:16:39:38 +1000] "GET /wp-content/plugins/gutentor/assets/library/animatecss/animate.min.css?ver=3.7.2 HTTP/1.1" 200 6283 "http://www.pgkdistribution.com.au/__" "Mozilla/5.0 (Windows NT 10.0; Win64; x64) AppleWebKit/537.36 (KHTML, like Gecko) Chrome/81.0.4044.138 Safari/537.36"
20.70.248.125 - - [01/Jul/2024:16:39:38 +1000] "GET /wp-content/plugins/advanced-product-fields-for-woocommerce/assets/css/frontend.min.css?ver=1.6.6 HTTP/1.1" 200 954 "http://www.pgkdistribution.com.au/__" "Mozilla/5.0 (Windows NT 10.0; Win64; x64) AppleWebKit/537.36 (KHTML, like Gecko) Chrome/81.0.4044.138 Safari/537.36"
20.70.248.125 - - [01/Jul/2024:16:39:38 +1000] "GET /wp-content/plugins/contact-form-7/includes/css/styles.css?ver=5.7.7 HTTP/1.1" 200 1522 "http://www.pgkdistribution.com.au/__" "Mozilla/5.0 (Windows NT 10.0; Win64; x64) AppleWebKit/537.36 (KHTML, like Gecko) Chrome/81.0.4044.138 Safari/537.36"
20.70.248.125 - - [01/Jul/2024:16:39:38 +1000] "GET /wp-content/plugins/tier-pricing-table/assets/frontend/main.css?ver=6.3.0 HTTP/1.1" 200 2013 "http://www.pgkdistribution.com.au/__" "Mozilla/5.0 (Windows NT 10.0; Win64; x64) AppleWebKit/537.36 (KHTML, like Gecko) Chrome/81.0.4044.138 Safari/537.36"
20.70.248.125 - - [01/Jul/2024:16:39:38 +1000] "GET /wp-content/themes/storefront/style.css?ver=3.9.1 HTTP/1.1" 200 10987 "http://www.pgkdistribution.com.au/__" "Mozilla/5.0 (Windows NT 10.0; Win64; x64) AppleWebKit/537.36 (KHTML, like Gecko) Chrome/81.0.4044.138 Safari/537.36"
20.70.248.125 - - [01/Jul/2024:16:39:38 +1000] "GET /wp-content/plugins/hide-price-add-to-cart-button/assets/css/afwhp_front.css?ver=1.0 HTTP/1.1" 200 744 "http://www.pgkdistribution.com.au/__" "Mozilla/5.0 (Windows NT 10.0; Win64; x64) AppleWebKit/537.36 (KHTML, like Gecko) Chrome/81.0.4044.138 Safari/537.36"
20.70.248.125 - - [01/Jul/2024:16:39:38 +1000] "GET /wp-content/plugins/if-menu/assets/if-menu-site.css?ver=6.5.5 HTTP/1.1" 200 933 "http://www.pgkdistribution.com.au/__" "Mozilla/5.0 (Windows NT 10.0; Win64; x64) AppleWebKit/537.36 (KHTML, like Gecko) Chrome/81.0.4044.138 Safari/537.36"
20.70.248.125 - - [01/Jul/2024:16:39:38 +1000] "GET /wp-content/themes/storefront/assets/css/jetpack/widgets.css?ver=3.9.1 HTTP/1.1" 200 613 "http://www.pgkdistribution.com.au/__" "Mozilla/5.0 (Windows NT 10.0; Win64; x64) AppleWebKit/537.36 (KHTML, like Gecko) Chrome/81.0.4044.138 Safari/537.36"
20.70.248.125 - - [01/Jul/2024:16:39:38 +1000] "GET /wp-content/themes/storefront/assets/css/woocommerce/woocommerce.css?ver=3.9.1 HTTP/1.1" 200 11999 "http://www.pgkdistribution.com.au/__" "Mozilla/5.0 (Windows NT 10.0; Win64; x64) AppleWebKit/537.36 (KHTML, like Gecko) Chrome/81.0.4044.138 Safari/537.36"
20.70.248.125 - - [01/Jul/2024:16:39:38 +1000] "GET /wp-content/plugins/storefront-hamburger-menu/assets/css/style.css?ver=1.2.2 HTTP/1.1" 200 1190 "http://www.pgkdistribution.com.au/__" "Mozilla/5.0 (Windows NT 10.0; Win64; x64) AppleWebKit/537.36 (KHTML, like Gecko) Chrome/81.0.4044.138 Safari/537.36"
20.70.248.125 - - [01/Jul/2024:16:39:38 +1000] "GET /wp-content/themes/storefront/assets/css/base/icons.css?ver=3.9.1 HTTP/1.1" 200 18547 "http://www.pgkdistribution.com.au/__" "Mozilla/5.0 (Windows NT 10.0; Win64; x64) AppleWebKit/537.36 (KHTML, like Gecko) Chrome/81.0.4044.138 Safari/537.36"
20.70.248.125 - - [01/Jul/2024:16:39:38 +1000] "GET /wp-content/themes/homestore/style.css?ver=2.0.33 HTTP/1.1" 200 15977 "http://www.pgkdistribution.com.au/__" "Mozilla/5.0 (Windows NT 10.0; Win64; x64) AppleWebKit/537.36 (KHTML, like Gecko) Chrome/81.0.4044.138 Safari/537.36"
20.70.248.125 - - [01/Jul/2024:16:39:38 +1000] "GET /wp-content/plugins/storefront-homepage-contact-section/assets/css/style.css?ver=6.5.5 HTTP/1.1" 200 1156 "http://www.pgkdistribution.com.au/__" "Mozilla/5.0 (Windows NT 10.0; Win64; x64) AppleWebKit/537.36 (KHTML, like Gecko) Chrome/81.0.4044.138 Safari/537.36"
20.70.248.125 - - [01/Jul/2024:16:39:38 +1000] "GET /wp-content/plugins/storefront-footer-bar/assets/css/style.css?ver=6.5.5 HTTP/1.1" 200 652 "http://www.pgkdistribution.com.au/__" "Mozilla/5.0 (Windows NT 10.0; Win64; x64) AppleWebKit/537.36 (KHTML, like Gecko) Chrome/81.0.4044.138 Safari/537.36"
20.70.248.125 - - [01/Jul/2024:16:39:38 +1000] "GET /wp-content/plugins/user-registration-plugin-for-woocommerce/front/js/afreg_color_spectrum.js?ver=1.0 HTTP/1.1" 200 21591 "http://www.pgkdistribution.com.au/__" "Mozilla/5.0 (Windows NT 10.0; Win64; x64) AppleWebKit/537.36 (KHTML, like Gecko) Chrome/81.0.4044.138 Safari/537.36"
20.70.248.125 - - [01/Jul/2024:16:39:39 +1000] "GET /wp-content/plugins/user-registration-plugin-for-woocommerce/front/js/afreg_front.js?ver=1.0 HTTP/1.1" 200 2417 "http://www.pgkdistribution.com.au/__" "Mozilla/5.0 (Windows NT 10.0; Win64; x64) AppleWebKit/537.36 (KHTML, like Gecko) Chrome/81.0.4044.138 Safari/537.36"
20.70.248.125 - - [01/Jul/2024:16:39:39 +1000] "GET /wp-content/plugins/hide-price-add-to-cart-button/assets/js/afwhp_front.js?ver=1.0 HTTP/1.1" 200 382 "http://www.pgkdistribution.com.au/__" "Mozilla/5.0 (Windows NT 10.0; Win64; x64) AppleWebKit/537.36 (KHTML, like Gecko) Chrome/81.0.4044.138 Safari/537.36"
20.70.248.125 - - [01/Jul/2024:16:39:39 +1000] "GET /wp-content/plugins/hide-price-add-to-cart-button/assets/js/jquery.popupoverlay.js?ver=1.0 HTTP/1.1" 200 7271 "http://www.pgkdistribution.com.au/__" "Mozilla/5.0 (Windows NT 10.0; Win64; x64) AppleWebKit/537.36 (KHTML, like Gecko) Chrome/81.0.4044.138 Safari/537.36"
20.70.248.125 - - [01/Jul/2024:16:39:39 +1000] "GET /wp-content/uploads/2021/06/EA1601A-500x500-1-356x356.jpg HTTP/1.1" 200 10629 "http://www.pgkdistribution.com.au/__" "Mozilla/5.0 (Windows NT 10.0; Win64; x64) AppleWebKit/537.36 (KHTML, like Gecko) Chrome/81.0.4044.138 Safari/537.36"
20.70.248.125 - - [01/Jul/2024:16:39:39 +1000] "GET /wp-content/uploads/2021/05/SE042E-500x500-1-356x356.jpg HTTP/1.1" 200 4303 "http://www.pgkdistribution.com.au/__" "Mozilla/5.0 (Windows NT 10.0; Win64; x64) AppleWebKit/537.36 (KHTML, like Gecko) Chrome/81.0.4044.138 Safari/537.36"
20.70.248.125 - - [01/Jul/2024:16:39:39 +1000] "GET /wp-content/plugins/tier-pricing-table/assets/frontend/product-tiered-pricing-table.min.js?ver=6.3.0 HTTP/1.1" 200 5133 "http://www.pgkdistribution.com.au/__" "Mozilla/5.0 (Windows NT 10.0; Win64; x64) AppleWebKit/537.36 (KHTML, like Gecko) Chrome/81.0.4044.138 Safari/537.36"
20.70.248.125 - - [01/Jul/2024:16:39:39 +1000] "GET /wp-content/uploads/2021/06/SE008A-2k-x-2k-356x356.jpg HTTP/1.1" 200 9038 "http://www.pgkdistribution.com.au/__" "Mozilla/5.0 (Windows NT 10.0; Win64; x64) AppleWebKit/537.36 (KHTML, like Gecko) Chrome/81.0.4044.138 Safari/537.36"
20.70.248.125 - - [01/Jul/2024:16:39:39 +1000] "GET /wp-content/plugins/gutentor/dist/blocks.style.build.css?ver=3.2.7 HTTP/1.1" 200 36975 "http://www.pgkdistribution.com.au/__" "Mozilla/5.0 (Windows NT 10.0; Win64; x64) AppleWebKit/537.36 (KHTML, like Gecko) Chrome/81.0.4044.138 Safari/537.36"
20.70.248.125 - - [01/Jul/2024:16:39:39 +1000] "GET /wp-content/plugins/gutentor/dist/gutentor-woocommerce.css?ver=3.2.7 HTTP/1.1" 200 1171 "http://www.pgkdistribution.com.au/__" "Mozilla/5.0 (Windows NT 10.0; Win64; x64) AppleWebKit/537.36 (KHTML, like Gecko) Chrome/81.0.4044.138 Safari/537.36"
20.70.248.125 - - [01/Jul/2024:16:39:39 +1000] "GET /wp-content/plugins/gutentor/assets/library/wow/wow.min.js?ver=1.2.1 HTTP/1.1" 200 3463 "http://www.pgkdistribution.com.au/__" "Mozilla/5.0 (Windows NT 10.0; Win64; x64) AppleWebKit/537.36 (KHTML, like Gecko) Chrome/81.0.4044.138 Safari/537.36"
20.70.248.125 - - [01/Jul/2024:16:39:39 +1000] "GET /wp-content/plugins/advanced-product-fields-for-woocommerce/assets/js/frontend.min.js?ver=1.6.6 HTTP/1.1" 200 2784 "http://www.pgkdistribution.com.au/__" "Mozilla/5.0 (Windows NT 10.0; Win64; x64) AppleWebKit/537.36 (KHTML, like Gecko) Chrome/81.0.4044.138 Safari/537.36"
20.70.248.125 - - [01/Jul/2024:16:39:39 +1000] "GET /wp-content/plugins/contact-form-7/includes/swv/js/index.js?ver=5.7.7 HTTP/1.1" 200 3675 "http://www.pgkdistribution.com.au/__" "Mozilla/5.0 (Windows NT 10.0; Win64; x64) AppleWebKit/537.36 (KHTML, like Gecko) Chrome/81.0.4044.138 Safari/537.36"
20.70.248.125 - - [01/Jul/2024:16:39:39 +1000] "GET /wp-content/plugins/contact-form-7/includes/js/index.js?ver=5.7.7 HTTP/1.1" 200 5037 "http://www.pgkdistribution.com.au/__" "Mozilla/5.0 (Windows NT 10.0; Win64; x64) AppleWebKit/537.36 (KHTML, like Gecko) Chrome/81.0.4044.138 Safari/537.36"
20.70.248.125 - - [01/Jul/2024:16:39:39 +1000] "GET /wp-content/plugins/woocommerce-table-rate-shipping/assets/js/frontend-checkout.min.js?ver=3.1.4 HTTP/1.1" 200 608 "http://www.pgkdistribution.com.au/__" "Mozilla/5.0 (Windows NT 10.0; Win64; x64) AppleWebKit/537.36 (KHTML, like Gecko) Chrome/81.0.4044.138 Safari/537.36"
20.70.248.125 - - [01/Jul/2024:16:39:39 +1000] "GET /wp-content/plugins/mailchimp-for-woocommerce/public/js/mailchimp-woocommerce-public.min.js?ver=2.7.2.01 HTTP/1.1" 200 2736 "http://www.pgkdistribution.com.au/__" "Mozilla/5.0 (Windows NT 10.0; Win64; x64) AppleWebKit/537.36 (KHTML, like Gecko) Chrome/81.0.4044.138 Safari/537.36"
20.70.248.125 - - [01/Jul/2024:16:39:39 +1000] "GET /wp-content/themes/storefront/assets/js/navigation.min.js?ver=3.9.1 HTTP/1.1" 200 1410 "http://www.pgkdistribution.com.au/__" "Mozilla/5.0 (Windows NT 10.0; Win64; x64) AppleWebKit/537.36 (KHTML, like Gecko) Chrome/81.0.4044.138 Safari/537.36"
20.70.248.125 - - [01/Jul/2024:16:39:39 +1000] "GET /wp-content/plugins/storefront-hamburger-menu/assets/js/frontend.min.js?ver=1.2.2 HTTP/1.1" 200 638 "http://www.pgkdistribution.com.au/__" "Mozilla/5.0 (Windows NT 10.0; Win64; x64) AppleWebKit/537.36 (KHTML, like Gecko) Chrome/81.0.4044.138 Safari/537.36"
20.70.248.125 - - [01/Jul/2024:16:39:39 +1000] "GET /wp-content/plugins/contact-form-7/modules/recaptcha/index.js?ver=5.7.7 HTTP/1.1" 200 883 "http://www.pgkdistribution.com.au/__" "Mozilla/5.0 (Windows NT 10.0; Win64; x64) AppleWebKit/537.36 (KHTML, like Gecko) Chrome/81.0.4044.138 Safari/537.36"
20.70.248.125 - - [01/Jul/2024:16:39:39 +1000] "GET /wp-content/themes/storefront/assets/js/footer.min.js?ver=3.9.1 HTTP/1.1" 200 758 "http://www.pgkdistribution.com.au/__" "Mozilla/5.0 (Windows NT 10.0; Win64; x64) AppleWebKit/537.36 (KHTML, like Gecko) Chrome/81.0.4044.138 Safari/537.36"
20.70.248.125 - - [01/Jul/2024:16:39:39 +1000] "GET /wp-content/themes/storefront/assets/js/woocommerce/header-cart.min.js?ver=3.9.1 HTTP/1.1" 200 678 "http://www.pgkdistribution.com.au/__" "Mozilla/5.0 (Windows NT 10.0; Win64; x64) AppleWebKit/537.36 (KHTML, like Gecko) Chrome/81.0.4044.138 Safari/537.36"
20.70.248.125 - - [01/Jul/2024:16:39:39 +1000] "GET /wp-content/uploads/2021/05/PGK-Grey-font.png HTTP/1.1" 200 295284 "http://www.pgkdistribution.com.au/__" "Mozilla/5.0 (Windows NT 10.0; Win64; x64) AppleWebKit/537.36 (KHTML, like Gecko) Chrome/81.0.4044.138 Safari/537.36"
20.70.248.125 - - [01/Jul/2024:16:39:39 +1000] "GET /wp-content/themes/homestore/assets/js/homestore.min.js?ver=2.0.33 HTTP/1.1" 200 1468 "http://www.pgkdistribution.com.au/__" "Mozilla/5.0 (Windows NT 10.0; Win64; x64) AppleWebKit/537.36 (KHTML, like Gecko) Chrome/81.0.4044.138 Safari/537.36"
20.70.248.125 - - [01/Jul/2024:16:39:39 +1000] "GET /wp-content/plugins/gutentor/assets/js/gutentor.js?ver=3.2.7 HTTP/1.1" 200 14975 "http://www.pgkdistribution.com.au/__" "Mozilla/5.0 (Windows NT 10.0; Win64; x64) AppleWebKit/537.36 (KHTML, like Gecko) Chrome/81.0.4044.138 Safari/537.36"
20.70.248.125 - - [01/Jul/2024:16:39:39 +1000] "GET /wp-content/uploads/2021/05/SE030M-500x500-1-356x356.jpg HTTP/1.1" 200 6984 "http://www.pgkdistribution.com.au/__" "Mozilla/5.0 (Windows NT 10.0; Win64; x64) AppleWebKit/537.36 (KHTML, like Gecko) Chrome/81.0.4044.138 Safari/537.36"
20.70.248.125 - - [01/Jul/2024:16:39:39 +1000] "GET /wp-content/uploads/2021/06/SE024A-2k-x-2k-356x356.png HTTP/1.1" 200 64059 "http://www.pgkdistribution.com.au/__" "Mozilla/5.0 (Windows NT 10.0; Win64; x64) AppleWebKit/537.36 (KHTML, like Gecko) Chrome/81.0.4044.138 Safari/537.36"
20.70.248.125 - - [01/Jul/2024:16:39:39 +1000] "GET /wp-content/themes/storefront/assets/fonts/fa-solid-900.woff2 HTTP/1.1" 200 79760 "http://www.pgkdistribution.com.au/wp-content/themes/storefront/assets/css/base/icons.css?ver=3.9.1" "Mozilla/5.0 (Windows NT 10.0; Win64; x64) AppleWebKit/537.36 (KHTML, like Gecko) Chrome/81.0.4044.138 Safari/537.36"
20.70.248.125 - - [01/Jul/2024:16:39:39 +1000] "GET /wp-includes/js/wp-emoji-release.min.js?ver=6.5.5 HTTP/1.1" 200 6223 "http://www.pgkdistribution.com.au/__" "Mozilla/5.0 (Windows NT 10.0; Win64; x64) AppleWebKit/537.36 (KHTML, like Gecko) Chrome/81.0.4044.138 Safari/537.36"
20.70.248.125 - - [01/Jul/2024:16:39:39 +1000] "POST /?wc-ajax=get_refreshed_fragments HTTP/1.1" 200 928 "http://www.pgkdistribution.com.au/__" "Mozilla/5.0 (Windows NT 10.0; Win64; x64) AppleWebKit/537.36 (KHTML, like Gecko) Chrome/81.0.4044.138 Safari/537.36"
20.70.248.125 - - [01/Jul/2024:16:39:40 +1000] "GET /__; HTTP/1.1" 301 596 "-" "Mozilla/5.0 (Windows NT 10.0; Win64; x64) AppleWebKit/537.36 (KHTML, like Gecko) Chrome/81.0.4044.138 Safari/537.36"
20.70.248.125 - - [01/Jul/2024:16:39:42 +1000] "GET /__ HTTP/1.1" 404 20186 "-" "Mozilla/5.0 (Windows NT 10.0; Win64; x64) AppleWebKit/537.36 (KHTML, like Gecko) Chrome/81.0.4044.138 Safari/537.36"
20.70.248.125 - - [01/Jul/2024:16:39:44 +1000] "POST /?wc-ajax=get_refreshed_fragments HTTP/1.1" 200 928 "http://www.pgkdistribution.com.au/__" "Mozilla/5.0 (Windows NT 10.0; Win64; x64) AppleWebKit/537.36 (KHTML, like Gecko) Chrome/81.0.4044.138 Safari/537.36"
20.70.248.125 - - [01/Jul/2024:16:39:47 +1000] "GET /wp-content/uploads/2021/05/cropped-PGK-Grey-font-32x32.png HTTP/1.1" 200 2061 "-" "Mozilla/5.0 (Windows NT 10.0; Win64; x64) AppleWebKit/537.36 (KHTML, like Gecko) Chrome/81.0.4044.138 Safari/537.36"
20.70.248.125 - - [01/Jul/2024:16:39:47 +1000] "GET /wp-content/uploads/2021/05/cropped-PGK-Grey-font-192x192.png HTTP/1.1" 200 15777 "-" "Mozilla/5.0 (Windows NT 10.0; Win64; x64) AppleWebKit/537.36 (KHTML, like Gecko) Chrome/81.0.4044.138 Safari/537.36"
20.70.248.125 - - [01/Jul/2024:16:39:47 +1000] "GET /wp-content/uploads/2021/05/cropped-PGK-Grey-font-180x180.png HTTP/1.1" 200 14798 "-" "Mozilla/5.0 (Windows NT 10.0; Win64; x64) AppleWebKit/537.36 (KHTML, like Gecko) Chrome/81.0.4044.138 Safari/537.36"
205.169.39.17 - - [01/Jul/2024:17:01:38 +1000] "GET / HTTP/1.1" 301 969 "-" "Mozilla/5.0 (Windows NT 10.0) AppleWebKit/537.36 (KHTML, like Gecko) Chrome/106.0.0.0 Safari/537.36"
205.169.39.17 - - [01/Jul/2024:17:01:41 +1000] "GET / HTTP/1.1" 301 497 "http://pgkdistribution.com.au" "Mozilla/5.0 (Windows NT 10.0) AppleWebKit/537.36 (KHTML, like Gecko) Chrome/106.0.0.0 Safari/537.36"
