File: /var/www/vhosts/pgkdistribution.com.au/logs/access_log.processed
134.209.165.63 - - [28/Jun/2024:17:35:12 +1000] "GET / HTTP/1.1" 301 969 "-" "Mozilla/5.0 (Macintosh; Intel Mac OS X 10_13_6) AppleWebKit/537.36 (KHTML, like Gecko) Chrome/68.0.3440.106 Safari/537.36"
134.209.165.63 - - [28/Jun/2024:17:35:12 +1000] "GET / HTTP/1.1" 301 324 "-" "Mozilla/5.0 (Macintosh; Intel Mac OS X 10_13_6) AppleWebKit/537.36 (KHTML, like Gecko) Chrome/68.0.3440.106 Safari/537.36"
134.209.165.63 - - [28/Jun/2024:17:35:18 +1000] "GET / HTTP/1.1" 301 969 "-" "Mozilla/5.0 (Macintosh; Intel Mac OS X 10_13_6) AppleWebKit/537.36 (KHTML, like Gecko) Chrome/68.0.3440.106 Safari/537.36"
134.209.165.63 - - [28/Jun/2024:17:35:19 +1000] "GET / HTTP/1.1" 301 324 "-" "Mozilla/5.0 (Macintosh; Intel Mac OS X 10_13_6) AppleWebKit/537.36 (KHTML, like Gecko) Chrome/68.0.3440.106 Safari/537.36"
110.172.98.2 - - [28/Jun/2024:17:35:55 +1000] "GET / HTTP/1.1" 301 324 "-" "Mozilla/5.0 (Windows NT 10.0; Win64; x64) AppleWebKit/537.36 (KHTML, like Gecko) Chrome/79.0.3945.130 Safari/537.36"
216.244.66.241 - - [28/Jun/2024:18:05:52 +1000] "GET /robots.txt HTTP/1.1" 301 979 "-" "Mozilla/5.0 (compatible; DotBot/1.2; +https://opensiteexplorer.org/dotbot; help@moz.com)"
216.244.66.241 - - [28/Jun/2024:18:05:52 +1000] "GET /robots.txt HTTP/1.1" 200 716 "-" "Mozilla/5.0 (compatible; DotBot/1.2; +https://opensiteexplorer.org/dotbot; help@moz.com)"
111.67.29.221 - - [28/Jun/2024:18:05:57 +1000] "POST /wp-cron.php?doing_wp_cron=1719561957.2920720577239990234375 HTTP/1.1" 200 296 "-" "WordPress/6.5.5; https://www.pgkdistribution.com.au"
216.244.66.241 - - [28/Jun/2024:18:05:52 +1000] "GET /robots.txt HTTP/1.1" 200 716 "-" "Mozilla/5.0 (compatible; DotBot/1.2; +https://opensiteexplorer.org/dotbot; help@moz.com)"
103.131.71.31 - - [28/Jun/2024:18:08:19 +1000] "GET /robots.txt HTTP/1.1" 301 942 "-" "Mozilla/5.0 (compatible; coccocbot-image/1.0; +http://help.coccoc.com/searchengine)"
111.67.29.221 - - [28/Jun/2024:18:08:25 +1000] "POST /wp-cron.php?doing_wp_cron=1719562105.4648029804229736328125 HTTP/1.1" 200 296 "-" "WordPress/6.5.5; https://www.pgkdistribution.com.au"
103.131.71.31 - - [28/Jun/2024:18:08:21 +1000] "GET /robots.txt HTTP/1.1" 200 679 "-" "Mozilla/5.0 (compatible; coccocbot-image/1.0; +http://help.coccoc.com/searchengine)"
111.67.29.221 - - [28/Jun/2024:18:08:51 +1000] "POST /wp-cron.php?doing_wp_cron=1719562131.7890250682830810546875 HTTP/1.1" 200 296 "-" "WordPress/6.5.5; https://www.pgkdistribution.com.au"
103.131.71.35 - - [28/Jun/2024:18:08:47 +1000] "GET /robots.txt HTTP/1.1" 200 679 "-" "Mozilla/5.0 (compatible; coccocbot-image/1.0; +http://help.coccoc.com/searchengine)"
207.46.13.102 - - [28/Jun/2024:18:17:46 +1000] "GET /wp-content/uploads/2017/12/Genuine-MC4-Connectors-Pairs.pdf HTTP/1.1" 301 1028 "-" "Mozilla/5.0 AppleWebKit/537.36 (KHTML, like Gecko; compatible; bingbot/2.0; +http://www.bing.com/bingbot.htm) Chrome/116.0.1938.76 Safari/537.36"
111.67.29.221 - - [28/Jun/2024:18:22:09 +1000] "POST /wp-cron.php?doing_wp_cron=1719562929.0649240016937255859375 HTTP/1.1" 200 296 "-" "WordPress/6.5.5; https://www.pgkdistribution.com.au"
66.249.66.198 - - [28/Jun/2024:18:22:04 +1000] "GET /product/end-clamp-35mm-black/ HTTP/1.1" 200 23310 "-" "Mozilla/5.0 (Linux; Android 6.0.1; Nexus 5X Build/MMB29P) AppleWebKit/537.36 (KHTML, like Gecko) Chrome/125.0.6422.175 Mobile Safari/537.36 (compatible; Googlebot/2.1; +http://www.google.com/bot.html)"
66.249.66.197 - - [28/Jun/2024:18:22:12 +1000] "GET /wp-content/plugins/woo-gutenberg-products-block/build/featured-product.css?ver=10.8.1 HTTP/1.1" 200 1536 "http://www.pgkdistribution.com.au/product/end-clamp-35mm-black/" "Mozilla/5.0 (Linux; Android 6.0.1; Nexus 5X Build/MMB29P) AppleWebKit/537.36 (KHTML, like Gecko) Chrome/125.0.6422.175 Mobile Safari/537.36 (compatible; Googlebot/2.1; +http://www.google.com/bot.html)"
66.249.66.197 - - [28/Jun/2024:18:22:16 +1000] "GET /wp-content/plugins/tier-pricing-table/assets/frontend/main.css?ver=6.3.0 HTTP/1.1" 200 2013 "http://www.pgkdistribution.com.au/product/end-clamp-35mm-black/" "Mozilla/5.0 (Linux; Android 6.0.1; Nexus 5X Build/MMB29P) AppleWebKit/537.36 (KHTML, like Gecko) Chrome/125.0.6422.175 Mobile Safari/537.36 (compatible; Googlebot/2.1; +http://www.google.com/bot.html)"
66.249.66.197 - - [28/Jun/2024:18:22:21 +1000] "GET /wp-content/plugins/woo-gutenberg-products-block/build/product-button.css?ver=10.8.1 HTTP/1.1" 200 1357 "http://www.pgkdistribution.com.au/product/end-clamp-35mm-black/" "Mozilla/5.0 (Linux; Android 6.0.1; Nexus 5X Build/MMB29P) AppleWebKit/537.36 (KHTML, like Gecko) Chrome/125.0.6422.175 Mobile Safari/537.36 (compatible; Googlebot/2.1; +http://www.google.com/bot.html)"
66.249.66.197 - - [28/Jun/2024:18:22:25 +1000] "GET /wp-content/plugins/woo-gutenberg-products-block/build/attribute-filter.css?ver=10.8.1 HTTP/1.1" 200 5613 "http://www.pgkdistribution.com.au/product/end-clamp-35mm-black/" "Mozilla/5.0 (Linux; Android 6.0.1; Nexus 5X Build/MMB29P) AppleWebKit/537.36 (KHTML, like Gecko) Chrome/125.0.6422.175 Mobile Safari/537.36 (compatible; Googlebot/2.1; +http://www.google.com/bot.html)"
66.249.66.197 - - [28/Jun/2024:18:22:29 +1000] "GET /wp-content/plugins/gutentor/assets/library/wow/wow.min.js?ver=1.2.1 HTTP/1.1" 200 3463 "http://www.pgkdistribution.com.au/product/end-clamp-35mm-black/" "Mozilla/5.0 (Linux; Android 6.0.1; Nexus 5X Build/MMB29P) AppleWebKit/537.36 (KHTML, like Gecko) Chrome/125.0.6422.175 Mobile Safari/537.36 (compatible; Googlebot/2.1; +http://www.google.com/bot.html)"
66.249.66.197 - - [28/Jun/2024:18:22:35 +1000] "GET /wp-content/plugins/advanced-product-fields-for-woocommerce/assets/js/frontend.min.js?ver=1.6.6 HTTP/1.1" 200 2784 "http://www.pgkdistribution.com.au/product/end-clamp-35mm-black/" "Mozilla/5.0 (Linux; Android 6.0.1; Nexus 5X Build/MMB29P) AppleWebKit/537.36 (KHTML, like Gecko) Chrome/125.0.6422.175 Mobile Safari/537.36 (compatible; Googlebot/2.1; +http://www.google.com/bot.html)"
66.249.66.197 - - [28/Jun/2024:18:22:41 +1000] "GET /wp-content/themes/storefront/assets/js/navigation.min.js?ver=3.9.1 HTTP/1.1" 200 1410 "http://www.pgkdistribution.com.au/product/end-clamp-35mm-black/" "Mozilla/5.0 (Linux; Android 6.0.1; Nexus 5X Build/MMB29P) AppleWebKit/537.36 (KHTML, like Gecko) Chrome/125.0.6422.175 Mobile Safari/537.36 (compatible; Googlebot/2.1; +http://www.google.com/bot.html)"
111.67.29.221 - - [28/Jun/2024:18:22:51 +1000] "POST /wp-cron.php?doing_wp_cron=1719562971.0302920341491699218750 HTTP/1.1" 200 296 "-" "WordPress/6.5.5; https://www.pgkdistribution.com.au"
66.249.66.197 - - [28/Jun/2024:18:22:46 +1000] "POST /?wc-ajax=get_refreshed_fragments HTTP/1.1" 200 928 "http://www.pgkdistribution.com.au/product/end-clamp-35mm-black/" "Mozilla/5.0 (Linux; Android 6.0.1; Nexus 5X Build/MMB29P) AppleWebKit/537.36 (KHTML, like Gecko) Chrome/125.0.6422.175 Mobile Safari/537.36 (compatible; Googlebot/2.1; +http://www.google.com/bot.html)"
216.244.66.241 - - [28/Jun/2024:18:28:49 +1000] "GET /index.php/catalog/product_compare/add/product/70/uenc/aHR0cDovL3Bna2Rpc3RyaWJ1dGlvbi5jb20uYXUvaW5kZXgucGhwL2VsZWN0cmljYWxzL2NpcmN1aXQtYnJlYWtlcnMuaHRtbD9kaXI9YXNjJmxpbWl0PTkmbW9kZT1saXN0Jm9yZGVyPW5hbWU,/ HTTP/1.1" 301 1172 "-" "Mozilla/5.0 (compatible; DotBot/1.2; +https://opensiteexplorer.org/dotbot; help@moz.com)"
216.244.66.241 - - [28/Jun/2024:18:28:54 +1000] "GET /index.php/catalog/product_compare/add/product/79/uenc/aHR0cDovL3Bna2Rpc3RyaWJ1dGlvbi5jb20uYXUvaW5kZXgucGhwL2VsZWN0cmljYWxzL2VuY2xvc3VyZXMuaHRtbD9kaXI9YXNjJmxpbWl0PTE1Jm1vZGU9Z3JpZCZvcmRlcj1uYW1l/ HTTP/1.1" 301 1164 "-" "Mozilla/5.0 (compatible; DotBot/1.2; +https://opensiteexplorer.org/dotbot; help@moz.com)"
216.244.66.241 - - [28/Jun/2024:18:28:59 +1000] "GET /index.php/catalog/product_compare/add/product/79/uenc/aHR0cDovL3Bna2Rpc3RyaWJ1dGlvbi5jb20uYXUvaW5kZXgucGhwL2VsZWN0cmljYWxzL2VuY2xvc3VyZXMuaHRtbD9kaXI9ZGVzYyZsaW1pdD0xMCZtb2RlPWxpc3Qmb3JkZXI9cG9zaXRpb24,/ HTTP/1.1" 301 1172 "-" "Mozilla/5.0 (compatible; DotBot/1.2; +https://opensiteexplorer.org/dotbot; help@moz.com)"
216.244.66.241 - - [28/Jun/2024:18:29:02 +1000] "GET /index.php/catalog/product_compare/add/product/80/uenc/aHR0cDovL3Bna2Rpc3RyaWJ1dGlvbi5jb20uYXUvaW5kZXgucGhwL2VsZWN0cmljYWxzL2VuY2xvc3VyZXMuaHRtbD9kaXI9ZGVzYyZsaW1pdD0yMCZtb2RlPWxpc3Qmb3JkZXI9cG9zaXRpb24,/ HTTP/1.1" 301 1172 "-" "Mozilla/5.0 (compatible; DotBot/1.2; +https://opensiteexplorer.org/dotbot; help@moz.com)"
216.244.66.241 - - [28/Jun/2024:18:29:05 +1000] "GET /index.php/catalog/product_compare/add/product/80/uenc/aHR0cDovL3Bna2Rpc3RyaWJ1dGlvbi5jb20uYXUvaW5kZXgucGhwL2VsZWN0cmljYWxzLmh0bWw_ZGlyPWRlc2MmbGltaXQ9MTUmbW9kZT1saXN0Jm9yZGVyPW1hbnVmYWN0dXJlcg,,/ HTTP/1.1" 301 1164 "-" "Mozilla/5.0 (compatible; DotBot/1.2; +https://opensiteexplorer.org/dotbot; help@moz.com)"
216.244.66.241 - - [28/Jun/2024:18:29:07 +1000] "GET /index.php/catalog/product_compare/add/product/81/uenc/aHR0cDovL3Bna2Rpc3RyaWJ1dGlvbi5jb20uYXUvaW5kZXgucGhwL2VsZWN0cmljYWxzL2VuY2xvc3VyZXMuaHRtbD9kaXI9YXNjJmxpbWl0PTkmbW9kZT1ncmlkJm9yZGVyPXByaWNl/ HTTP/1.1" 301 1164 "-" "Mozilla/5.0 (compatible; DotBot/1.2; +https://opensiteexplorer.org/dotbot; help@moz.com)"
216.244.66.241 - - [28/Jun/2024:18:29:10 +1000] "GET /index.php/catalog/product_compare/add/product/82/uenc/aHR0cDovL3Bna2Rpc3RyaWJ1dGlvbi5jb20uYXUvaW5kZXgucGhwL2VsZWN0cmljYWxzL2VuY2xvc3VyZXMuaHRtbD9kaXI9YXNjJmxpbWl0PTkmbW9kZT1saXN0Jm9yZGVyPXByaWNl/ HTTP/1.1" 301 1164 "-" "Mozilla/5.0 (compatible; DotBot/1.2; +https://opensiteexplorer.org/dotbot; help@moz.com)"
216.244.66.241 - - [28/Jun/2024:18:29:12 +1000] "GET /index.php/catalog/product_compare/add/product/91/uenc/aHR0cDovL3Bna2Rpc3RyaWJ1dGlvbi5jb20uYXUvaW5kZXgucGhwL2VsZWN0cmljYWxzLmh0bWw_ZGlyPWRlc2MmbGltaXQ9MTAmbW9kZT1saXN0Jm9yZGVyPW1hbnVmYWN0dXJlcg,,/ HTTP/1.1" 301 1164 "-" "Mozilla/5.0 (compatible; DotBot/1.2; +https://opensiteexplorer.org/dotbot; help@moz.com)"
216.244.66.241 - - [28/Jun/2024:18:29:13 +1000] "GET /index.php/catalog/product_compare/add/product/93/uenc/aHR0cDovL3Bna2Rpc3RyaWJ1dGlvbi5jb20uYXUvaW5kZXgucGhwL2VsZWN0cmljYWxzL2RjLXNvbGFyLWNhYmxlLmh0bWw_ZGlyPWFzYyZsaW1pdD0zMCZtb2RlPWdyaWQmb3JkZXI9bmFtZQ,,/ HTTP/1.1" 301 1172 "-" "Mozilla/5.0 (compatible; DotBot/1.2; +https://opensiteexplorer.org/dotbot; help@moz.com)"
216.244.66.241 - - [28/Jun/2024:18:29:15 +1000] "GET /index.php/catalog/product_compare/add/product/96/uenc/aHR0cDovL3Bna2Rpc3RyaWJ1dGlvbi5jb20uYXUvaW5kZXgucGhwL2VsZWN0cmljYWxzL3NvbGFyLWFjY2Vzc29yaWVzLmh0bWw_ZGlyPWRlc2MmbGltaXQ9MTUmb3JkZXI9bmFtZQ,,/ HTTP/1.1" 301 1164 "-" "Mozilla/5.0 (compatible; DotBot/1.2; +https://opensiteexplorer.org/dotbot; help@moz.com)"
216.244.66.241 - - [28/Jun/2024:18:30:07 +1000] "GET /index.php/catalog/product_compare/add/product/70/uenc/aHR0cDovL3Bna2Rpc3RyaWJ1dGlvbi5jb20uYXUvaW5kZXgucGhwL2VsZWN0cmljYWxzL2NpcmN1aXQtYnJlYWtlcnMuaHRtbD9kaXI9YXNjJmxpbWl0PTE1Jm1vZGU9Z3JpZCZvcmRlcj1wb3NpdGlvbg,,/ HTTP/1.1" 301 1180 "-" "Mozilla/5.0 (compatible; DotBot/1.2; +https://opensiteexplorer.org/dotbot; help@moz.com)"
216.244.66.241 - - [28/Jun/2024:18:30:08 +1000] "GET /index.php/catalog/product_compare/add/product/79/uenc/aHR0cDovL3Bna2Rpc3RyaWJ1dGlvbi5jb20uYXUvaW5kZXgucGhwL2VsZWN0cmljYWxzL2VuY2xvc3VyZXMuaHRtbD9kaXI9YXNjJmxpbWl0PTkmbW9kZT1ncmlkJm9yZGVyPW1hbnVmYWN0dXJlcg,,/ HTTP/1.1" 301 1176 "-" "Mozilla/5.0 (compatible; DotBot/1.2; +https://opensiteexplorer.org/dotbot; help@moz.com)"
216.244.66.241 - - [28/Jun/2024:18:30:10 +1000] "GET /index.php/catalog/product_compare/add/product/8/uenc/aHR0cDovL3Bna2Rpc3RyaWJ1dGlvbi5jb20uYXUvaW5kZXgucGhwL2VsZWN0cmljYWxzL2NpcmN1aXQtYnJlYWtlcnMuaHRtbD9kaXI9YXNjJmxpbWl0PTE1Jm1vZGU9bGlzdCZvcmRlcj1tYW51ZmFjdHVyZXI,/ HTTP/1.1" 301 1183 "-" "Mozilla/5.0 (compatible; DotBot/1.2; +https://opensiteexplorer.org/dotbot; help@moz.com)"
216.244.66.241 - - [28/Jun/2024:18:30:11 +1000] "GET /index.php/catalog/product_compare/add/product/91/uenc/aHR0cDovL3Bna2Rpc3RyaWJ1dGlvbi5jb20uYXUvaW5kZXgucGhwL2VsZWN0cmljYWxzL2RjLXNvbGFyLWNhYmxlLmh0bWw_ZGlyPWRlc2MmbGltaXQ9MjUmbW9kZT1ncmlkJm9yZGVyPW1hbnVmYWN0dXJlcg,,/ HTTP/1.1" 301 1184 "-" "Mozilla/5.0 (compatible; DotBot/1.2; +https://opensiteexplorer.org/dotbot; help@moz.com)"
216.244.66.241 - - [28/Jun/2024:18:30:13 +1000] "GET /index.php/catalog/product_compare/add/product/96/uenc/aHR0cDovL3Bna2Rpc3RyaWJ1dGlvbi5jb20uYXUvaW5kZXgucGhwL2VsZWN0cmljYWxzL3NvbGFyLWFjY2Vzc29yaWVzLmh0bWw_ZGlyPWRlc2MmbGltaXQ9MjUmbW9kZT1saXN0Jm9yZGVyPW1hbnVmYWN0dXJlcg,,/ HTTP/1.1" 301 1188 "-" "Mozilla/5.0 (compatible; DotBot/1.2; +https://opensiteexplorer.org/dotbot; help@moz.com)"
216.244.66.241 - - [28/Jun/2024:18:30:15 +1000] "GET /index.php/catalog/product_compare/add/product/99/uenc/aHR0cDovL3Bna2Rpc3RyaWJ1dGlvbi5jb20uYXUvaW5kZXgucGhwL2VsZWN0cmljYWxzL3NvbGFyLWFjY2Vzc29yaWVzLmh0bWw_ZGlyPWRlc2MmbGltaXQ9MTUmbW9kZT1ncmlkJm9yZGVyPW1hbnVmYWN0dXJlcg,,/ HTTP/1.1" 301 1188 "-" "Mozilla/5.0 (compatible; DotBot/1.2; +https://opensiteexplorer.org/dotbot; help@moz.com)"
111.67.29.221 - - [28/Jun/2024:18:32:05 +1000] "POST /wp-cron.php?doing_wp_cron=1719563525.1170949935913085937500 HTTP/1.1" 200 296 "-" "WordPress/6.5.5; https://www.pgkdistribution.com.au"
216.244.66.241 - - [28/Jun/2024:18:31:59 +1000] "GET /catalog/product_compare/add/product/112/uenc/aHR0cDovL3d3dy5wZ2tkaXN0cmlidXRpb24uY29tLmF1L3NvbGFyLWludmVydGVycy5odG1sP2Rpcj1hc2MmbGltaXQ9OSZvcmRlcj1uYW1l/ HTTP/1.1" 404 95108 "-" "Mozilla/5.0 (compatible; DotBot/1.2; +https://opensiteexplorer.org/dotbot; help@moz.com)"
216.244.66.241 - - [28/Jun/2024:18:32:39 +1000] "GET /catalog/product_compare/add/product/114/uenc/aHR0cDovL3d3dy5wZ2tkaXN0cmlidXRpb24uY29tLmF1L3NvbGFyLWludmVydGVycy5odG1sP2xpbWl0PTMw/ HTTP/1.1" 404 95067 "-" "Mozilla/5.0 (compatible; DotBot/1.2; +https://opensiteexplorer.org/dotbot; help@moz.com)"
216.244.66.241 - - [28/Jun/2024:18:33:21 +1000] "GET /catalog/product_compare/add/product/14/uenc/aHR0cDovL3d3dy5wZ2tkaXN0cmlidXRpb24uY29tLmF1L3NvbGFyLXJhaWwuaHRtbD9kaXI9YXNjJmxpbWl0PTMwJm9yZGVyPXByaWNl/ HTTP/1.1" 404 95098 "-" "Mozilla/5.0 (compatible; DotBot/1.2; +https://opensiteexplorer.org/dotbot; help@moz.com)"
111.67.29.221 - - [28/Jun/2024:18:33:58 +1000] "POST /wp-cron.php?doing_wp_cron=1719563638.9373409748077392578125 HTTP/1.1" 200 296 "-" "WordPress/6.5.5; https://www.pgkdistribution.com.au"
216.244.66.241 - - [28/Jun/2024:18:33:54 +1000] "GET /catalog/product_compare/add/product/15/uenc/aHR0cDovL3d3dy5wZ2tkaXN0cmlidXRpb24uY29tLmF1L3NvbGFyLXJhaWwuaHRtbD9kaXI9YXNjJm1vZGU9bGlzdCZvcmRlcj1wcmljZQ,,/ HTTP/1.1" 404 95110 "-" "Mozilla/5.0 (compatible; DotBot/1.2; +https://opensiteexplorer.org/dotbot; help@moz.com)"
216.244.66.241 - - [28/Jun/2024:18:34:33 +1000] "GET /catalog/product_compare/add/product/41/uenc/aHR0cDovL3d3dy5wZ2tkaXN0cmlidXRpb24uY29tLmF1L3NvbGFyLWludmVydGVycy5odG1sP21vZGU9bGlzdA,,/ HTTP/1.1" 404 95070 "-" "Mozilla/5.0 (compatible; DotBot/1.2; +https://opensiteexplorer.org/dotbot; help@moz.com)"
111.67.29.221 - - [28/Jun/2024:18:35:08 +1000] "POST /wp-cron.php?doing_wp_cron=1719563708.6081581115722656250000 HTTP/1.1" 200 296 "-" "WordPress/6.5.5; https://www.pgkdistribution.com.au"
216.244.66.241 - - [28/Jun/2024:18:35:06 +1000] "GET /catalog/product_compare/add/product/79/uenc/aHR0cDovL3d3dy5wZ2tkaXN0cmlidXRpb24uY29tLmF1L2VsZWN0cmljYWxzLmh0bWw_cD0z/ HTTP/1.1" 404 95034 "-" "Mozilla/5.0 (compatible; DotBot/1.2; +https://opensiteexplorer.org/dotbot; help@moz.com)"
216.244.66.241 - - [28/Jun/2024:18:35:45 +1000] "GET /catalog/product_compare/add/product/8/uenc/aHR0cDovL3d3dy5wZ2tkaXN0cmlidXRpb24uY29tLmF1L2VsZWN0cmljYWxzLmh0bWw_ZGlyPWFzYyZsaW1pdD0zMCZvcmRlcj1uYW1l/ HTTP/1.1" 404 95096 "-" "Mozilla/5.0 (compatible; DotBot/1.2; +https://opensiteexplorer.org/dotbot; help@moz.com)"
111.67.29.221 - - [28/Jun/2024:18:36:21 +1000] "POST /wp-cron.php?doing_wp_cron=1719563781.4414560794830322265625 HTTP/1.1" 200 296 "-" "WordPress/6.5.5; https://www.pgkdistribution.com.au"
216.244.66.241 - - [28/Jun/2024:18:36:20 +1000] "GET /catalog/product_compare/add/product/91/uenc/aHR0cDovL3d3dy5wZ2tkaXN0cmlidXRpb24uY29tLmF1L2VsZWN0cmljYWxzLmh0bWw_bGltaXQ9MTU,/ HTTP/1.1" 404 95052 "-" "Mozilla/5.0 (compatible; DotBot/1.2; +https://opensiteexplorer.org/dotbot; help@moz.com)"
111.67.29.221 - - [28/Jun/2024:18:36:56 +1000] "POST /wp-cron.php?doing_wp_cron=1719563816.3344399929046630859375 HTTP/1.1" 200 296 "-" "WordPress/6.5.5; https://www.pgkdistribution.com.au"
216.244.66.241 - - [28/Jun/2024:18:36:55 +1000] "GET /solar-inverters/soltaro/soltaro-3-phase-inverter.html?limit=15 HTTP/1.1" 404 94913 "-" "Mozilla/5.0 (compatible; DotBot/1.2; +https://opensiteexplorer.org/dotbot; help@moz.com)"
216.244.66.241 - - [28/Jun/2024:18:37:27 +1000] "GET /solar-panels.html?cat=28&dir=desc&order=position HTTP/1.1" 404 94476 "-" "Mozilla/5.0 (compatible; DotBot/1.2; +https://opensiteexplorer.org/dotbot; help@moz.com)"
216.244.66.241 - - [28/Jun/2024:18:38:09 +1000] "GET /index.php/solar-inverters/solax-inverters.html?dir=asc&order=price HTTP/1.1" 301 1035 "-" "Mozilla/5.0 (compatible; DotBot/1.2; +https://opensiteexplorer.org/dotbot; help@moz.com)"
216.244.66.241 - - [28/Jun/2024:18:38:40 +1000] "GET /index.php/solar-inverters/soltaro.html?limit=10&mode=grid HTTP/1.1" 301 1026 "-" "Mozilla/5.0 (compatible; DotBot/1.2; +https://opensiteexplorer.org/dotbot; help@moz.com)"
111.67.29.221 - - [28/Jun/2024:18:39:13 +1000] "POST /wp-cron.php?doing_wp_cron=1719563953.2427370548248291015625 HTTP/1.1" 200 296 "-" "WordPress/6.5.5; https://www.pgkdistribution.com.au"
216.244.66.241 - - [28/Jun/2024:18:39:08 +1000] "GET /catalog/product_compare/add/product/1/uenc/aHR0cDovL3d3dy5wZ2tkaXN0cmlidXRpb24uY29tLmF1L3NvbGFyLXBhbmVscy5odG1sP2Rpcj1kZXNjJm1vZGU9bGlzdCZvcmRlcj1wb3NpdGlvbiZwcmljZT0zMDAt/ HTTP/1.1" 404 95144 "-" "Mozilla/5.0 (compatible; DotBot/1.2; +https://opensiteexplorer.org/dotbot; help@moz.com)"
66.249.66.87 - - [28/Jun/2024:18:39:30 +1000] "GET /sitemap_index.xml HTTP/1.1" 301 986 "-" "Mozilla/5.0 (compatible; Googlebot/2.1; +http://www.google.com/bot.html)"
66.249.66.198 - - [28/Jun/2024:18:39:37 +1000] "GET /sitemap_index.xml HTTP/1.1" 200 896 "-" "Mozilla/5.0 (compatible; Googlebot/2.1; +http://www.google.com/bot.html)"
111.67.29.221 - - [28/Jun/2024:18:39:52 +1000] "POST /wp-cron.php?doing_wp_cron=1719563992.6115729808807373046875 HTTP/1.1" 200 296 "-" "WordPress/6.5.5; https://www.pgkdistribution.com.au"
216.244.66.241 - - [28/Jun/2024:18:39:48 +1000] "GET /catalog/product_compare/add/product/10/uenc/aHR0cDovL3d3dy5wZ2tkaXN0cmlidXRpb24uY29tLmF1L3NvbGFyLXBhbmVscy5odG1sP2Rpcj1kZXNjJm1vZGU9bGlzdCZvcmRlcj1wb3NpdGlvbg,,/ HTTP/1.1" 404 95126 "-" "Mozilla/5.0 (compatible; DotBot/1.2; +https://opensiteexplorer.org/dotbot; help@moz.com)"
216.244.66.241 - - [28/Jun/2024:18:40:27 +1000] "GET /catalog/product_compare/add/product/10/uenc/aHR0cDovL3d3dy5wZ2tkaXN0cmlidXRpb24uY29tLmF1L3NvbGFyLXBhbmVscy5odG1sP2Rpcj1kZXNjJmxpbWl0PTEwJm1vZGU9bGlzdCZvcmRlcj1wb3NpdGlvbg,,/ HTTP/1.1" 404 95150 "-" "Mozilla/5.0 (compatible; DotBot/1.2; +https://opensiteexplorer.org/dotbot; help@moz.com)"
111.67.29.221 - - [28/Jun/2024:18:41:07 +1000] "POST /wp-cron.php?doing_wp_cron=1719564067.3379900455474853515625 HTTP/1.1" 200 296 "-" "WordPress/6.5.5; https://www.pgkdistribution.com.au"
216.244.66.241 - - [28/Jun/2024:18:41:01 +1000] "GET /catalog/product_compare/add/product/110/uenc/aHR0cDovL3d3dy5wZ2tkaXN0cmlidXRpb24uY29tLmF1L3NvbGFyLWludmVydGVycy9ib3NjaC1pbnZlcnRlcnMuaHRtbD9kaXI9YXNjJmxpbWl0PTE1Jm9yZGVyPW1hbnVmYWN0dXJlcg,,/ HTTP/1.1" 404 95184 "-" "Mozilla/5.0 (compatible; DotBot/1.2; +https://opensiteexplorer.org/dotbot; help@moz.com)"
216.244.66.241 - - [28/Jun/2024:18:41:41 +1000] "GET /catalog/product_compare/add/product/112/uenc/aHR0cDovL3d3dy5wZ2tkaXN0cmlidXRpb24uY29tLmF1L3NvbGFyLWludmVydGVycy9ib3NjaC1pbnZlcnRlcnMuaHRtbD9kaXI9YXNjJmxpbWl0PTI1Jm1vZGU9bGlzdCZvcmRlcj1wcmljZQ,,/ HTTP/1.1" 404 95192 "-" "Mozilla/5.0 (compatible; DotBot/1.2; +https://opensiteexplorer.org/dotbot; help@moz.com)"
216.244.66.241 - - [28/Jun/2024:18:42:15 +1000] "GET /catalog/product_compare/add/product/116/uenc/aHR0cDovL3d3dy5wZ2tkaXN0cmlidXRpb24uY29tLmF1L3NvbGFyLWludmVydGVycy9zb2xheC1pbnZlcnRlcnMuaHRtbD9kaXI9YXNjJmxpbWl0PTkmb3JkZXI9bWFudWZhY3R1cmVy/ HTTP/1.1" 404 95172 "-" "Mozilla/5.0 (compatible; DotBot/1.2; +https://opensiteexplorer.org/dotbot; help@moz.com)"
111.67.29.221 - - [28/Jun/2024:18:43:01 +1000] "POST /wp-cron.php?doing_wp_cron=1719564181.5050609111785888671875 HTTP/1.1" 200 296 "-" "WordPress/6.5.5; https://www.pgkdistribution.com.au"
216.244.66.241 - - [28/Jun/2024:18:42:56 +1000] "GET /catalog/product_compare/add/product/118/uenc/aHR0cDovL3d3dy5wZ2tkaXN0cmlidXRpb24uY29tLmF1L3NvbGFyLXBhbmVscy5odG1sP2NhdD0yOCZkaXI9YXNjJmxpbWl0PTE1Jm9yZGVyPXBvc2l0aW9u/ HTTP/1.1" 404 95132 "-" "Mozilla/5.0 (compatible; DotBot/1.2; +https://opensiteexplorer.org/dotbot; help@moz.com)"
216.244.66.241 - - [28/Jun/2024:18:43:36 +1000] "GET /catalog/product_compare/add/product/118/uenc/aHR0cDovL3d3dy5wZ2tkaXN0cmlidXRpb24uY29tLmF1L3NvbGFyLXBhbmVscy9zdW5yaXNlLXNvbGFyLXBhbmVscy5odG1sP2Rpcj1hc2Mmb3JkZXI9bmFtZQ,,/ HTTP/1.1" 404 95144 "-" "Mozilla/5.0 (compatible; DotBot/1.2; +https://opensiteexplorer.org/dotbot; help@moz.com)"
216.244.66.241 - - [28/Jun/2024:18:44:16 +1000] "GET /catalog/product_compare/add/product/118/uenc/aHR0cDovL3d3dy5wZ2tkaXN0cmlidXRpb24uY29tLmF1L3NvbGFyLXBhbmVscy9zdW5yaXNlLXNvbGFyLXBhbmVscy5odG1sP2Rpcj1hc2MmbGltaXQ9OSZvcmRlcj1tYW51ZmFjdHVyZXI,/ HTTP/1.1" 404 95182 "-" "Mozilla/5.0 (compatible; DotBot/1.2; +https://opensiteexplorer.org/dotbot; help@moz.com)"
111.67.29.221 - - [28/Jun/2024:18:44:51 +1000] "POST /wp-cron.php?doing_wp_cron=1719564291.7500269412994384765625 HTTP/1.1" 200 296 "-" "WordPress/6.5.5; https://www.pgkdistribution.com.au"
216.244.66.241 - - [28/Jun/2024:18:44:50 +1000] "GET /catalog/product_compare/add/product/127/uenc/aHR0cDovL3d3dy5wZ2tkaXN0cmlidXRpb24uY29tLmF1L3NvbGFyLXJhaWwuaHRtbD9kaXI9YXNjJmxpbWl0PTEwJm1vZGU9bGlzdCZvcmRlcj1wcmljZQ,,/ HTTP/1.1" 404 95136 "-" "Mozilla/5.0 (compatible; DotBot/1.2; +https://opensiteexplorer.org/dotbot; help@moz.com)"
216.244.66.241 - - [28/Jun/2024:18:45:22 +1000] "GET /catalog/product_compare/add/product/128/uenc/aHR0cDovL3d3dy5wZ2tkaXN0cmlidXRpb24uY29tLmF1L3NvbGFyLXJhaWwuaHRtbD9kaXI9YXNjJmxpbWl0PTE1Jm1vZGU9bGlzdCZvcmRlcj1tYW51ZmFjdHVyZXI,/ HTTP/1.1" 404 95150 "-" "Mozilla/5.0 (compatible; DotBot/1.2; +https://opensiteexplorer.org/dotbot; help@moz.com)"
111.67.29.221 - - [28/Jun/2024:18:45:58 +1000] "POST /wp-cron.php?doing_wp_cron=1719564358.2946240901947021484375 HTTP/1.1" 200 296 "-" "WordPress/6.5.5; https://www.pgkdistribution.com.au"
216.244.66.241 - - [28/Jun/2024:18:45:53 +1000] "GET /catalog/product_compare/add/product/131/uenc/aHR0cDovL3d3dy5wZ2tkaXN0cmlidXRpb24uY29tLmF1L3NvbGFyLXJhaWwuaHRtbD9kaXI9YXNjJmxpbWl0PTI1Jm1vZGU9bGlzdCZvcmRlcj1tYW51ZmFjdHVyZXI,/ HTTP/1.1" 404 95150 "-" "Mozilla/5.0 (compatible; DotBot/1.2; +https://opensiteexplorer.org/dotbot; help@moz.com)"
216.244.66.241 - - [28/Jun/2024:18:46:33 +1000] "GET /catalog/product_compare/add/product/25/uenc/aHR0cDovL3d3dy5wZ2tkaXN0cmlidXRpb24uY29tLmF1L3NvbGFyLWludmVydGVycy5odG1sP2Rpcj1hc2MmbGltaXQ9MjAmbW9kZT1saXN0Jm9yZGVyPW1hbnVmYWN0dXJlcg,,/ HTTP/1.1" 404 95166 "-" "Mozilla/5.0 (compatible; DotBot/1.2; +https://opensiteexplorer.org/dotbot; help@moz.com)"
111.67.29.221 - - [28/Jun/2024:18:47:11 +1000] "POST /wp-cron.php?doing_wp_cron=1719564431.5098669528961181640625 HTTP/1.1" 200 296 "-" "WordPress/6.5.5; https://www.pgkdistribution.com.au"
216.244.66.241 - - [28/Jun/2024:18:47:07 +1000] "GET /catalog/product_compare/add/product/26/uenc/aHR0cDovL3d3dy5wZ2tkaXN0cmlidXRpb24uY29tLmF1L3NvbGFyLWludmVydGVycy5odG1sP2Rpcj1kZXNjJmxpbWl0PTIwJm1vZGU9bGlzdCZvcmRlcj1wb3NpdGlvbg,,/ HTTP/1.1" 404 95158 "-" "Mozilla/5.0 (compatible; DotBot/1.2; +https://opensiteexplorer.org/dotbot; help@moz.com)"
216.244.66.241 - - [28/Jun/2024:18:47:46 +1000] "GET /catalog/product_compare/add/product/40/uenc/aHR0cDovL3d3dy5wZ2tkaXN0cmlidXRpb24uY29tLmF1L3NvbGFyLWludmVydGVycy5odG1sP2Rpcj1hc2MmbGltaXQ9MTUmb3JkZXI9bWFudWZhY3R1cmVy/ HTTP/1.1" 404 95130 "-" "Mozilla/5.0 (compatible; DotBot/1.2; +https://opensiteexplorer.org/dotbot; help@moz.com)"
111.67.29.221 - - [28/Jun/2024:18:48:23 +1000] "POST /wp-cron.php?doing_wp_cron=1719564503.7963690757751464843750 HTTP/1.1" 200 296 "-" "WordPress/6.5.5; https://www.pgkdistribution.com.au"
216.244.66.241 - - [28/Jun/2024:18:48:19 +1000] "GET /catalog/product_compare/add/product/5/uenc/aHR0cDovL3d3dy5wZ2tkaXN0cmlidXRpb24uY29tLmF1L2VsZWN0cmljYWxzLmh0bWw_ZGlyPWFzYyZsaW1pdD05Jm9yZGVyPW1hbnVmYWN0dXJlcg,,/ HTTP/1.1" 404 95124 "-" "Mozilla/5.0 (compatible; DotBot/1.2; +https://opensiteexplorer.org/dotbot; help@moz.com)"
111.67.29.221 - - [28/Jun/2024:18:48:55 +1000] "POST /wp-cron.php?doing_wp_cron=1719564535.3099439144134521484375 HTTP/1.1" 200 296 "-" "WordPress/6.5.5; https://www.pgkdistribution.com.au"
216.244.66.241 - - [28/Jun/2024:18:48:54 +1000] "GET /catalog/product_compare/add/product/68/uenc/aHR0cDovL3d3dy5wZ2tkaXN0cmlidXRpb24uY29tLmF1L2VsZWN0cmljYWxzLmh0bWw_ZGlyPWFzYyZtb2RlPWxpc3Qmb3JkZXI9bWFudWZhY3R1cmVy/ HTTP/1.1" 404 95122 "-" "Mozilla/5.0 (compatible; DotBot/1.2; +https://opensiteexplorer.org/dotbot; help@moz.com)"
216.244.66.241 - - [28/Jun/2024:18:55:53 +1000] "GET /robots.txt HTTP/1.1" 301 979 "-" "Mozilla/5.0 (compatible; DotBot/1.2; +https://opensiteexplorer.org/dotbot; help@moz.com)"
111.67.29.221 - - [28/Jun/2024:18:56:00 +1000] "POST /wp-cron.php?doing_wp_cron=1719564960.4763700962066650390625 HTTP/1.1" 200 296 "-" "WordPress/6.5.5; https://www.pgkdistribution.com.au"
216.244.66.241 - - [28/Jun/2024:18:55:53 +1000] "GET /robots.txt HTTP/1.1" 200 716 "-" "Mozilla/5.0 (compatible; DotBot/1.2; +https://opensiteexplorer.org/dotbot; help@moz.com)"
216.244.66.241 - - [28/Jun/2024:18:55:53 +1000] "GET /robots.txt HTTP/1.1" 200 716 "-" "Mozilla/5.0 (compatible; DotBot/1.2; +https://opensiteexplorer.org/dotbot; help@moz.com)"
66.249.66.85 - - [28/Jun/2024:18:59:53 +1000] "GET /product/cable-gland-4-hole/ HTTP/1.1" 301 996 "-" "Mozilla/5.0 (Linux; Android 6.0.1; Nexus 5X Build/MMB29P) AppleWebKit/537.36 (KHTML, like Gecko) Chrome/125.0.6422.175 Mobile Safari/537.36 (compatible; Googlebot/2.1; +http://www.google.com/bot.html)"
111.67.29.221 - - [28/Jun/2024:18:59:59 +1000] "POST /wp-cron.php?doing_wp_cron=1719565199.1389129161834716796875 HTTP/1.1" 200 296 "-" "WordPress/6.5.5; https://www.pgkdistribution.com.au"
66.249.66.199 - - [28/Jun/2024:18:59:54 +1000] "GET /product/cable-gland-4-hole/ HTTP/1.1" 200 23368 "-" "Mozilla/5.0 (Linux; Android 6.0.1; Nexus 5X Build/MMB29P) AppleWebKit/537.36 (KHTML, like Gecko) Chrome/125.0.6422.175 Mobile Safari/537.36 (compatible; Googlebot/2.1; +http://www.google.com/bot.html)"
66.249.66.197 - - [28/Jun/2024:19:01:13 +1000] "GET /wp-content/plugins/tier-pricing-table/assets/frontend/main.css?ver=6.3.0 HTTP/1.1" 200 2013 "http://www.pgkdistribution.com.au/product/cable-gland-4-hole/" "Mozilla/5.0 (Linux; Android 6.0.1; Nexus 5X Build/MMB29P) AppleWebKit/537.36 (KHTML, like Gecko) Chrome/125.0.6422.175 Mobile Safari/537.36 (compatible; Googlebot/2.1; +http://www.google.com/bot.html)"
66.249.66.198 - - [28/Jun/2024:19:01:15 +1000] "GET /wp-content/themes/homestore/style.css?ver=2.0.33 HTTP/1.1" 200 15977 "http://www.pgkdistribution.com.au/product/cable-gland-4-hole/" "Mozilla/5.0 (Linux; Android 6.0.1; Nexus 5X Build/MMB29P) AppleWebKit/537.36 (KHTML, like Gecko) Chrome/125.0.6422.175 Mobile Safari/537.36 (compatible; Googlebot/2.1; +http://www.google.com/bot.html)"
66.249.66.199 - - [28/Jun/2024:19:01:17 +1000] "GET /wp-content/plugins/woo-gutenberg-products-block/build/product-title.css?ver=10.8.1 HTTP/1.1" 200 1140 "http://www.pgkdistribution.com.au/product/cable-gland-4-hole/" "Mozilla/5.0 (Linux; Android 6.0.1; Nexus 5X Build/MMB29P) AppleWebKit/537.36 (KHTML, like Gecko) Chrome/125.0.6422.175 Mobile Safari/537.36 (compatible; Googlebot/2.1; +http://www.google.com/bot.html)"
66.249.66.197 - - [28/Jun/2024:19:01:18 +1000] "GET /wp-content/themes/storefront/style.css?ver=3.9.1 HTTP/1.1" 200 10987 "http://www.pgkdistribution.com.au/product/cable-gland-4-hole/" "Mozilla/5.0 (Linux; Android 6.0.1; Nexus 5X Build/MMB29P) AppleWebKit/537.36 (KHTML, like Gecko) Chrome/125.0.6422.175 Mobile Safari/537.36 (compatible; Googlebot/2.1; +http://www.google.com/bot.html)"
66.249.66.198 - - [28/Jun/2024:19:01:20 +1000] "GET /wp-content/plugins/woo-gutenberg-products-block/build/product-image-gallery.css?ver=10.8.1 HTTP/1.1" 200 743 "http://www.pgkdistribution.com.au/product/cable-gland-4-hole/" "Mozilla/5.0 (Linux; Android 6.0.1; Nexus 5X Build/MMB29P) AppleWebKit/537.36 (KHTML, like Gecko) Chrome/125.0.6422.175 Mobile Safari/537.36 (compatible; Googlebot/2.1; +http://www.google.com/bot.html)"
66.249.66.197 - - [28/Jun/2024:19:01:21 +1000] "GET /wp-content/plugins/gutentor/assets/library/animatecss/animate.min.css?ver=3.7.2 HTTP/1.1" 200 6283 "http://www.pgkdistribution.com.au/product/cable-gland-4-hole/" "Mozilla/5.0 (Linux; Android 6.0.1; Nexus 5X Build/MMB29P) AppleWebKit/537.36 (KHTML, like Gecko) Chrome/125.0.6422.175 Mobile Safari/537.36 (compatible; Googlebot/2.1; +http://www.google.com/bot.html)"
66.249.66.197 - - [28/Jun/2024:19:01:22 +1000] "GET /wp-content/plugins/storefront-homepage-contact-section/assets/css/style.css?ver=6.5.5 HTTP/1.1" 200 1156 "http://www.pgkdistribution.com.au/product/cable-gland-4-hole/" "Mozilla/5.0 (Linux; Android 6.0.1; Nexus 5X Build/MMB29P) AppleWebKit/537.36 (KHTML, like Gecko) Chrome/125.0.6422.175 Mobile Safari/537.36 (compatible; Googlebot/2.1; +http://www.google.com/bot.html)"
66.249.66.197 - - [28/Jun/2024:19:01:23 +1000] "GET /wp-content/plugins/user-registration-plugin-for-woocommerce/front/css/afreg_color_spectrum.css?ver=1.0 HTTP/1.1" 200 4952 "http://www.pgkdistribution.com.au/product/cable-gland-4-hole/" "Mozilla/5.0 (Linux; Android 6.0.1; Nexus 5X Build/MMB29P) AppleWebKit/537.36 (KHTML, like Gecko) Chrome/125.0.6422.175 Mobile Safari/537.36 (compatible; Googlebot/2.1; +http://www.google.com/bot.html)"
66.249.66.197 - - [28/Jun/2024:19:01:25 +1000] "GET /wp-content/plugins/woo-gutenberg-products-block/build/product-results-count.css?ver=10.8.1 HTTP/1.1" 200 663 "http://www.pgkdistribution.com.au/product/cable-gland-4-hole/" "Mozilla/5.0 (Linux; Android 6.0.1; Nexus 5X Build/MMB29P) AppleWebKit/537.36 (KHTML, like Gecko) Chrome/125.0.6422.175 Mobile Safari/537.36 (compatible; Googlebot/2.1; +http://www.google.com/bot.html)"
66.249.66.197 - - [28/Jun/2024:19:01:26 +1000] "GET /wp-content/plugins/woo-gutenberg-products-block/build/featured-product.css?ver=10.8.1 HTTP/1.1" 200 1536 "http://www.pgkdistribution.com.au/product/cable-gland-4-hole/" "Mozilla/5.0 (Linux; Android 6.0.1; Nexus 5X Build/MMB29P) AppleWebKit/537.36 (KHTML, like Gecko) Chrome/125.0.6422.175 Mobile Safari/537.36 (compatible; Googlebot/2.1; +http://www.google.com/bot.html)"
66.249.66.197 - - [28/Jun/2024:19:01:28 +1000] "GET /wp-content/themes/storefront/assets/js/navigation.min.js?ver=3.9.1 HTTP/1.1" 200 1410 "http://www.pgkdistribution.com.au/product/cable-gland-4-hole/" "Mozilla/5.0 (Linux; Android 6.0.1; Nexus 5X Build/MMB29P) AppleWebKit/537.36 (KHTML, like Gecko) Chrome/125.0.6422.175 Mobile Safari/537.36 (compatible; Googlebot/2.1; +http://www.google.com/bot.html)"
66.249.66.197 - - [28/Jun/2024:19:01:30 +1000] "GET /wp-content/themes/homestore/assets/js/homestore.min.js?ver=2.0.33 HTTP/1.1" 200 1468 "http://www.pgkdistribution.com.au/product/cable-gland-4-hole/" "Mozilla/5.0 (Linux; Android 6.0.1; Nexus 5X Build/MMB29P) AppleWebKit/537.36 (KHTML, like Gecko) Chrome/125.0.6422.175 Mobile Safari/537.36 (compatible; Googlebot/2.1; +http://www.google.com/bot.html)"
66.249.66.197 - - [28/Jun/2024:19:01:31 +1000] "GET /wp-content/plugins/contact-form-7/includes/swv/js/index.js?ver=5.7.7 HTTP/1.1" 200 3675 "http://www.pgkdistribution.com.au/product/cable-gland-4-hole/" "Mozilla/5.0 (Linux; Android 6.0.1; Nexus 5X Build/MMB29P) AppleWebKit/537.36 (KHTML, like Gecko) Chrome/125.0.6422.175 Mobile Safari/537.36 (compatible; Googlebot/2.1; +http://www.google.com/bot.html)"
66.249.66.197 - - [28/Jun/2024:19:01:33 +1000] "GET /wp-content/themes/storefront/assets/js/footer.min.js?ver=3.9.1 HTTP/1.1" 200 758 "http://www.pgkdistribution.com.au/product/cable-gland-4-hole/" "Mozilla/5.0 (Linux; Android 6.0.1; Nexus 5X Build/MMB29P) AppleWebKit/537.36 (KHTML, like Gecko) Chrome/125.0.6422.175 Mobile Safari/537.36 (compatible; Googlebot/2.1; +http://www.google.com/bot.html)"
66.249.66.197 - - [28/Jun/2024:19:01:34 +1000] "GET /wp-content/plugins/gutentor/assets/js/gutentor.js?ver=3.2.7 HTTP/1.1" 200 14975 "http://www.pgkdistribution.com.au/product/cable-gland-4-hole/" "Mozilla/5.0 (Linux; Android 6.0.1; Nexus 5X Build/MMB29P) AppleWebKit/537.36 (KHTML, like Gecko) Chrome/125.0.6422.175 Mobile Safari/537.36 (compatible; Googlebot/2.1; +http://www.google.com/bot.html)"
66.249.66.197 - - [28/Jun/2024:19:01:36 +1000] "GET /wp-content/plugins/woocommerce-table-rate-shipping/assets/js/frontend-checkout.min.js?ver=3.1.4 HTTP/1.1" 200 608 "http://www.pgkdistribution.com.au/product/cable-gland-4-hole/" "Mozilla/5.0 (Linux; Android 6.0.1; Nexus 5X Build/MMB29P) AppleWebKit/537.36 (KHTML, like Gecko) Chrome/125.0.6422.175 Mobile Safari/537.36 (compatible; Googlebot/2.1; +http://www.google.com/bot.html)"
66.249.66.197 - - [28/Jun/2024:19:01:37 +1000] "GET /wp-content/plugins/contact-form-7/includes/js/index.js?ver=5.7.7 HTTP/1.1" 200 5037 "http://www.pgkdistribution.com.au/product/cable-gland-4-hole/" "Mozilla/5.0 (Linux; Android 6.0.1; Nexus 5X Build/MMB29P) AppleWebKit/537.36 (KHTML, like Gecko) Chrome/125.0.6422.175 Mobile Safari/537.36 (compatible; Googlebot/2.1; +http://www.google.com/bot.html)"
66.249.66.197 - - [28/Jun/2024:19:01:39 +1000] "GET /wp-content/themes/storefront/assets/js/woocommerce/header-cart.min.js?ver=3.9.1 HTTP/1.1" 200 678 "http://www.pgkdistribution.com.au/product/cable-gland-4-hole/" "Mozilla/5.0 (Linux; Android 6.0.1; Nexus 5X Build/MMB29P) AppleWebKit/537.36 (KHTML, like Gecko) Chrome/125.0.6422.175 Mobile Safari/537.36 (compatible; Googlebot/2.1; +http://www.google.com/bot.html)"
66.249.66.197 - - [28/Jun/2024:19:01:40 +1000] "GET /wp-content/plugins/mailchimp-for-woocommerce/public/js/mailchimp-woocommerce-public.min.js?ver=2.7.2.01 HTTP/1.1" 200 2736 "http://www.pgkdistribution.com.au/product/cable-gland-4-hole/" "Mozilla/5.0 (Linux; Android 6.0.1; Nexus 5X Build/MMB29P) AppleWebKit/537.36 (KHTML, like Gecko) Chrome/125.0.6422.175 Mobile Safari/537.36 (compatible; Googlebot/2.1; +http://www.google.com/bot.html)"
66.249.66.197 - - [28/Jun/2024:19:01:42 +1000] "GET /wp-content/plugins/contact-form-7/modules/recaptcha/index.js?ver=5.7.7 HTTP/1.1" 200 883 "http://www.pgkdistribution.com.au/product/cable-gland-4-hole/" "Mozilla/5.0 (Linux; Android 6.0.1; Nexus 5X Build/MMB29P) AppleWebKit/537.36 (KHTML, like Gecko) Chrome/125.0.6422.175 Mobile Safari/537.36 (compatible; Googlebot/2.1; +http://www.google.com/bot.html)"
111.67.29.221 - - [28/Jun/2024:19:01:51 +1000] "POST /wp-cron.php?doing_wp_cron=1719565311.0982310771942138671875 HTTP/1.1" 200 296 "-" "WordPress/6.5.5; https://www.pgkdistribution.com.au"
66.249.66.197 - - [28/Jun/2024:19:01:45 +1000] "POST /?wc-ajax=get_refreshed_fragments HTTP/1.1" 200 928 "http://www.pgkdistribution.com.au/product/cable-gland-4-hole/" "Mozilla/5.0 (Linux; Android 6.0.1; Nexus 5X Build/MMB29P) AppleWebKit/537.36 (KHTML, like Gecko) Chrome/125.0.6422.175 Mobile Safari/537.36 (compatible; Googlebot/2.1; +http://www.google.com/bot.html)"
111.67.29.221 - - [28/Jun/2024:19:11:28 +1000] "POST /wp-cron.php?doing_wp_cron=1719565888.8489179611206054687500 HTTP/1.1" 200 296 "-" "WordPress/6.5.5; https://www.pgkdistribution.com.au"
64.225.22.191 - - [28/Jun/2024:19:11:23 +1000] "GET / HTTP/1.1" 301 497 "-" "Mozilla/5.0 (Macintosh; Intel Mac OS X 10_13_6) AppleWebKit/537.36 (KHTML, like Gecko) Chrome/68.0.3440.106 Safari/537.36"
64.225.22.191 - - [28/Jun/2024:19:11:29 +1000] "GET / HTTP/1.1" 301 497 "-" "Mozilla/5.0 (Macintosh; Intel Mac OS X 10_13_6) AppleWebKit/537.36 (KHTML, like Gecko) Chrome/68.0.3440.106 Safari/537.36"
64.225.22.191 - - [28/Jun/2024:19:11:36 +1000] "GET / HTTP/1.1" 301 497 "-" "Mozilla/5.0 (Macintosh; Intel Mac OS X 10_13_6) AppleWebKit/537.36 (KHTML, like Gecko) Chrome/68.0.3440.106 Safari/537.36"
103.131.71.62 - - [28/Jun/2024:19:16:52 +1000] "GET /robots.txt HTTP/1.1" 301 942 "-" "Mozilla/5.0 (compatible; coccocbot-web/1.0; +http://help.coccoc.com/searchengine)"
111.67.29.221 - - [28/Jun/2024:19:16:59 +1000] "POST /wp-cron.php?doing_wp_cron=1719566219.3458418846130371093750 HTTP/1.1" 200 296 "-" "WordPress/6.5.5; https://www.pgkdistribution.com.au"
103.131.71.62 - - [28/Jun/2024:19:16:55 +1000] "GET /robots.txt HTTP/1.1" 200 679 "-" "Mozilla/5.0 (compatible; coccocbot-web/1.0; +http://help.coccoc.com/searchengine)"
103.131.71.102 - - [28/Jun/2024:19:17:16 +1000] "GET /robots.txt HTTP/1.1" 200 679 "-" "Mozilla/5.0 (compatible; coccocbot-web/1.0; +http://help.coccoc.com/searchengine)"
194.38.23.16 - - [28/Jun/2024:19:27:01 +1000] "GET /assets/plugins/elfinder/connectors/php/connector.php HTTP/1.1" 301 1021 "-" "ALittle Client"
111.67.29.221 - - [28/Jun/2024:19:27:27 +1000] "POST /wp-cron.php?doing_wp_cron=1719566847.1465768814086914062500 HTTP/1.1" 200 296 "-" "WordPress/6.5.5; https://www.pgkdistribution.com.au"
194.38.23.16 - - [28/Jun/2024:19:27:22 +1000] "GET /assets/plugins/elfinder/connectors/php/connector.php HTTP/1.1" 404 95081 "-" "ALittle Client"
216.244.66.241 - - [28/Jun/2024:19:27:34 +1000] "GET /index.php/solar-panels.html?cat=27&dir=asc&order=name HTTP/1.1" 301 1022 "-" "Mozilla/5.0 (compatible; DotBot/1.2; +https://opensiteexplorer.org/dotbot; help@moz.com)"
216.244.66.241 - - [28/Jun/2024:19:27:40 +1000] "GET /index.php/solar-panels.html?cat=27&mode=list&price=300- HTTP/1.1" 301 1024 "-" "Mozilla/5.0 (compatible; DotBot/1.2; +https://opensiteexplorer.org/dotbot; help@moz.com)"
216.244.66.241 - - [28/Jun/2024:19:27:45 +1000] "GET /index.php/solar-panels.html?limit=25&mode=list&price=300- HTTP/1.1" 301 1026 "-" "Mozilla/5.0 (compatible; DotBot/1.2; +https://opensiteexplorer.org/dotbot; help@moz.com)"
111.67.29.221 - - [28/Jun/2024:19:31:03 +1000] "POST /wp-cron.php?doing_wp_cron=1719567063.7431740760803222656250 HTTP/1.1" 200 296 "-" "WordPress/6.5.5; https://www.pgkdistribution.com.au"
216.244.66.241 - - [28/Jun/2024:19:30:58 +1000] "GET /media/catalog/product/cache/1/image/9df78eab33525d08d6e5fb8d27136e95/e/c/eco_future_250w_mono_black_low_res_.jpg HTTP/1.1" 404 94731 "-" "Mozilla/5.0 (compatible; DotBot/1.2; +https://opensiteexplorer.org/dotbot; help@moz.com)"
216.244.66.241 - - [28/Jun/2024:19:33:40 +1000] "GET /index.php/solar-inverters/solax-inverters/solax-box.html?limit=10&mode=grid HTTP/1.1" 301 1044 "-" "Mozilla/5.0 (compatible; DotBot/1.2; +https://opensiteexplorer.org/dotbot; help@moz.com)"
216.244.66.241 - - [28/Jun/2024:19:34:10 +1000] "GET /index.php/solar-panels.html?limit=10&manufacturer=7&mode=list HTTP/1.1" 301 1030 "-" "Mozilla/5.0 (compatible; DotBot/1.2; +https://opensiteexplorer.org/dotbot; help@moz.com)"
216.244.66.241 - - [28/Jun/2024:19:44:21 +1000] "GET /robots.txt HTTP/1.1" 301 979 "-" "Mozilla/5.0 (compatible; DotBot/1.2; +https://opensiteexplorer.org/dotbot; help@moz.com)"
111.67.29.221 - - [28/Jun/2024:19:44:26 +1000] "POST /wp-cron.php?doing_wp_cron=1719567866.7847480773925781250000 HTTP/1.1" 200 296 "-" "WordPress/6.5.5; https://www.pgkdistribution.com.au"
216.244.66.241 - - [28/Jun/2024:19:44:21 +1000] "GET /robots.txt HTTP/1.1" 200 716 "-" "Mozilla/5.0 (compatible; DotBot/1.2; +https://opensiteexplorer.org/dotbot; help@moz.com)"
52.212.17.215 - - [28/Jun/2024:19:59:18 +1000] "GET / HTTP/1.1" 301 969 "-" "Plesk screenshot bot https://support.plesk.com/hc/en-us/articles/10301006946066"
66.249.66.87 - - [28/Jun/2024:20:09:11 +1000] "GET /sitemap.xml HTTP/1.1" 301 980 "-" "Mozilla/5.0 (compatible; Googlebot/2.1; +http://www.google.com/bot.html)"
111.67.29.221 - - [28/Jun/2024:20:09:17 +1000] "POST /wp-cron.php?doing_wp_cron=1719569357.5574259757995605468750 HTTP/1.1" 200 296 "-" "WordPress/6.5.5; https://www.pgkdistribution.com.au"
66.249.66.197 - - [28/Jun/2024:20:09:12 +1000] "GET /sitemap.xml HTTP/1.1" 404 18475 "-" "Mozilla/5.0 (compatible; Googlebot/2.1; +http://www.google.com/bot.html)"
183.82.241.102 - - [28/Jun/2024:20:17:28 +1000] "GET / HTTP/1.1" 301 969 "-" "Mozilla/5.0 (Windows NT 10.0; Win64; x64) AppleWebKit/537.36 (KHTML, like Gecko) Chrome/91.0.4472.124 Safari/537.36"
111.67.29.221 - - [28/Jun/2024:20:17:35 +1000] "POST /wp-cron.php?doing_wp_cron=1719569855.2527029514312744140625 HTTP/1.1" 200 296 "-" "WordPress/6.5.5; https://www.pgkdistribution.com.au"
183.82.241.102 - - [28/Jun/2024:20:17:30 +1000] "GET / HTTP/1.1" 301 497 "-" "Mozilla/5.0 (Windows NT 10.0; Win64; x64) AppleWebKit/537.36 (KHTML, like Gecko) Chrome/91.0.4472.124 Safari/537.36"
216.244.66.241 - - [28/Jun/2024:20:18:23 +1000] "GET /index.php/wishlist/ HTTP/1.1" 301 988 "-" "Mozilla/5.0 (compatible; DotBot/1.2; +https://opensiteexplorer.org/dotbot; help@moz.com)"
216.244.66.241 - - [28/Jun/2024:20:34:11 +1000] "GET /robots.txt HTTP/1.1" 301 979 "-" "Mozilla/5.0 (compatible; DotBot/1.2; +https://opensiteexplorer.org/dotbot; help@moz.com)"
111.67.29.221 - - [28/Jun/2024:20:34:16 +1000] "POST /wp-cron.php?doing_wp_cron=1719570856.5338768959045410156250 HTTP/1.1" 200 296 "-" "WordPress/6.5.5; https://www.pgkdistribution.com.au"
216.244.66.241 - - [28/Jun/2024:20:34:11 +1000] "GET /robots.txt HTTP/1.1" 200 716 "-" "Mozilla/5.0 (compatible; DotBot/1.2; +https://opensiteexplorer.org/dotbot; help@moz.com)"
216.244.66.241 - - [28/Jun/2024:20:34:11 +1000] "GET /robots.txt HTTP/1.1" 200 716 "-" "Mozilla/5.0 (compatible; DotBot/1.2; +https://opensiteexplorer.org/dotbot; help@moz.com)"
111.67.29.221 - - [28/Jun/2024:20:49:57 +1000] "POST /wp-cron.php?doing_wp_cron=1719571797.2898390293121337890625 HTTP/1.1" 200 296 "-" "WordPress/6.5.5; https://www.pgkdistribution.com.au"
216.244.66.241 - - [28/Jun/2024:20:49:52 +1000] "GET /electricals/pgk-1200v-32a-dc-isolator-with-genuine-mc4-connectors.html HTTP/1.1" 404 94503 "-" "Mozilla/5.0 (compatible; DotBot/1.2; +https://opensiteexplorer.org/dotbot; help@moz.com)"
216.244.66.241 - - [28/Jun/2024:20:50:25 +1000] "GET /solar-inverters/solax-x1-sl-tl3300-dual-mppt-string-inverter.html HTTP/1.1" 404 94493 "-" "Mozilla/5.0 (compatible; DotBot/1.2; +https://opensiteexplorer.org/dotbot; help@moz.com)"
183.82.241.102 - - [28/Jun/2024:20:50:52 +1000] "GET / HTTP/1.1" 301 969 "-" "Mozilla/5.0 (Windows NT 10.0; Win64; x64) AppleWebKit/537.36 (KHTML, like Gecko) Chrome/91.0.4472.124 Safari/537.36"
111.67.29.221 - - [28/Jun/2024:20:50:58 +1000] "POST /wp-cron.php?doing_wp_cron=1719571858.7795910835266113281250 HTTP/1.1" 200 296 "-" "WordPress/6.5.5; https://www.pgkdistribution.com.au"
183.82.241.102 - - [28/Jun/2024:20:50:57 +1000] "GET / HTTP/1.1" 301 497 "-" "Mozilla/5.0 (Windows NT 10.0; Win64; x64) AppleWebKit/537.36 (KHTML, like Gecko) Chrome/91.0.4472.124 Safari/537.36"
216.244.66.241 - - [28/Jun/2024:20:51:05 +1000] "GET /index.php/electricals/pgk-1000v-dc-32a-isolator-with-genuine-mc4-connectors.html HTTP/1.1" 301 1049 "-" "Mozilla/5.0 (compatible; DotBot/1.2; +https://opensiteexplorer.org/dotbot; help@moz.com)"
216.244.66.241 - - [28/Jun/2024:20:51:37 +1000] "GET /index.php/solar-inverters/bosch-solar-inverter-bpt-s-4kw.html HTTP/1.1" 301 1030 "-" "Mozilla/5.0 (compatible; DotBot/1.2; +https://opensiteexplorer.org/dotbot; help@moz.com)"
66.249.66.198 - - [28/Jun/2024:21:00:25 +1000] "GET /wp-content/uploads/2021/06/mClBl35EC.jpg HTTP/1.1" 200 5382 "-" "Googlebot-Image/1.0"
216.244.66.241 - - [28/Jun/2024:21:03:16 +1000] "GET /index.php/catalog/product_compare/add/product/1/uenc/aHR0cDovL3Bna2Rpc3RyaWJ1dGlvbi5jb20uYXUvaW5kZXgucGhwL3NvbGFyLXBhbmVscy5odG1sP2NhdD0xMSZkaXI9YXNjJmxpbWl0PTE1Jm9yZGVyPXByaWNlJnByaWNlPTIzMC0,/ HTTP/1.1" 301 1163 "-" "Mozilla/5.0 (compatible; DotBot/1.2; +https://opensiteexplorer.org/dotbot; help@moz.com)"
216.244.66.241 - - [28/Jun/2024:21:03:44 +1000] "GET /index.php/catalog/product_compare/add/product/1/uenc/aHR0cDovL3Bna2Rpc3RyaWJ1dGlvbi5jb20uYXUvaW5kZXgucGhwL3NvbGFyLXBhbmVscy5odG1sP2NhdD0xMSZkaXI9YXNjJmxpbWl0PTI1Jm1vZGU9bGlzdCZvcmRlcj1uYW1l/ HTTP/1.1" 301 1159 "-" "Mozilla/5.0 (compatible; DotBot/1.2; +https://opensiteexplorer.org/dotbot; help@moz.com)"
216.244.66.241 - - [28/Jun/2024:21:04:10 +1000] "GET /index.php/catalog/product_compare/add/product/1/uenc/aHR0cDovL3Bna2Rpc3RyaWJ1dGlvbi5jb20uYXUvaW5kZXgucGhwL3NvbGFyLXBhbmVscy5odG1sP2NhdD0xMSZkaXI9ZGVzYyZsaW1pdD05Jm1vZGU9bGlzdCZvcmRlcj1wcmljZQ,,/ HTTP/1.1" 301 1163 "-" "Mozilla/5.0 (compatible; DotBot/1.2; +https://opensiteexplorer.org/dotbot; help@moz.com)"
216.244.66.241 - - [28/Jun/2024:21:04:36 +1000] "GET /index.php/catalog/product_compare/add/product/1/uenc/aHR0cDovL3Bna2Rpc3RyaWJ1dGlvbi5jb20uYXUvaW5kZXgucGhwL3NvbGFyLXBhbmVscy5odG1sP2NhdD0xMSZkaXI9ZGVzYyZsaW1pdD05Jm9yZGVyPXBvc2l0aW9uJnByaWNlPTE3MC0,/ HTTP/1.1" 301 1167 "-" "Mozilla/5.0 (compatible; DotBot/1.2; +https://opensiteexplorer.org/dotbot; help@moz.com)"
216.244.66.241 - - [28/Jun/2024:21:05:00 +1000] "GET /index.php/catalog/product_compare/add/product/1/uenc/aHR0cDovL3Bna2Rpc3RyaWJ1dGlvbi5jb20uYXUvaW5kZXgucGhwL3NvbGFyLXBhbmVscy5odG1sP2NhdD0xMSZkaXI9ZGVzYyZtb2RlPWxpc3Qmb3JkZXI9cHJpY2U,/ HTTP/1.1" 301 1151 "-" "Mozilla/5.0 (compatible; DotBot/1.2; +https://opensiteexplorer.org/dotbot; help@moz.com)"
216.244.66.241 - - [28/Jun/2024:21:05:25 +1000] "GET /index.php/catalog/product_compare/add/product/1/uenc/aHR0cDovL3Bna2Rpc3RyaWJ1dGlvbi5jb20uYXUvaW5kZXgucGhwL3NvbGFyLXBhbmVscy5odG1sP2NhdD0xMSZsaW1pdD0yNSZtb2RlPWxpc3Q,/ HTTP/1.1" 301 1135 "-" "Mozilla/5.0 (compatible; DotBot/1.2; +https://opensiteexplorer.org/dotbot; help@moz.com)"
216.244.66.241 - - [28/Jun/2024:21:05:48 +1000] "GET /index.php/catalog/product_compare/add/product/1/uenc/aHR0cDovL3Bna2Rpc3RyaWJ1dGlvbi5jb20uYXUvaW5kZXgucGhwL3NvbGFyLXBhbmVscy5odG1sP2Rpcj1hc2MmbGltaXQ9MTAmbW9kZT1saXN0Jm9yZGVyPW5hbWUmcHJpY2U9MzQwLTM1MA,,/ HTTP/1.1" 301 1171 "-" "Mozilla/5.0 (compatible; DotBot/1.2; +https://opensiteexplorer.org/dotbot; help@moz.com)"
216.244.66.241 - - [28/Jun/2024:21:06:09 +1000] "GET /index.php/catalog/product_compare/add/product/1/uenc/aHR0cDovL3Bna2Rpc3RyaWJ1dGlvbi5jb20uYXUvaW5kZXgucGhwL3NvbGFyLXBhbmVscy5odG1sP2Rpcj1hc2MmbGltaXQ9MjAmbW9kZT1ncmlkJm9yZGVyPW5hbWUmcHJpY2U9MzQwLTM1MA,,/ HTTP/1.1" 301 1171 "-" "Mozilla/5.0 (compatible; DotBot/1.2; +https://opensiteexplorer.org/dotbot; help@moz.com)"
216.244.66.241 - - [28/Jun/2024:21:06:29 +1000] "GET /index.php/catalog/product_compare/add/product/1/uenc/aHR0cDovL3Bna2Rpc3RyaWJ1dGlvbi5jb20uYXUvaW5kZXgucGhwL3NvbGFyLXBhbmVscy5odG1sP2Rpcj1hc2MmbGltaXQ9MzAmbWFudWZhY3R1cmVyPTcmbW9kZT1ncmlkJm9yZGVyPW5hbWU,/ HTTP/1.1" 301 1171 "-" "Mozilla/5.0 (compatible; DotBot/1.2; +https://opensiteexplorer.org/dotbot; help@moz.com)"
216.244.66.241 - - [28/Jun/2024:21:06:50 +1000] "GET /index.php/catalog/product_compare/add/product/1/uenc/aHR0cDovL3Bna2Rpc3RyaWJ1dGlvbi5jb20uYXUvaW5kZXgucGhwL3NvbGFyLXBhbmVscy5odG1sP2Rpcj1hc2MmbGltaXQ9OSZvcmRlcj1wb3NpdGlvbiZwcmljZT0zMDAt/ HTTP/1.1" 301 1155 "-" "Mozilla/5.0 (compatible; DotBot/1.2; +https://opensiteexplorer.org/dotbot; help@moz.com)"
216.244.66.241 - - [28/Jun/2024:21:07:09 +1000] "GET /index.php/catalog/product_compare/add/product/1/uenc/aHR0cDovL3Bna2Rpc3RyaWJ1dGlvbi5jb20uYXUvaW5kZXgucGhwL3NvbGFyLXBhbmVscy5odG1sP2Rpcj1kZXNjJm1vZGU9Z3JpZCZvcmRlcj1wb3NpdGlvbiZwcmljZT0zNDAtMzUw/ HTTP/1.1" 301 1163 "-" "Mozilla/5.0 (compatible; DotBot/1.2; +https://opensiteexplorer.org/dotbot; help@moz.com)"
216.244.66.241 - - [28/Jun/2024:21:07:26 +1000] "GET /index.php/catalog/product_compare/add/product/1/uenc/aHR0cDovL3Bna2Rpc3RyaWJ1dGlvbi5jb20uYXUvaW5kZXgucGhwL3NvbGFyLXBhbmVscy5odG1sP2Rpcj1kZXNjJmxpbWl0PTMwJm1vZGU9Z3JpZCZvcmRlcj1wcmljZSZwcmljZT0xNzAt/ HTTP/1.1" 301 1167 "-" "Mozilla/5.0 (compatible; DotBot/1.2; +https://opensiteexplorer.org/dotbot; help@moz.com)"
216.244.66.241 - - [28/Jun/2024:21:07:43 +1000] "GET /index.php/catalog/product_compare/add/product/1/uenc/aHR0cDovL3Bna2Rpc3RyaWJ1dGlvbi5jb20uYXUvc29sYXItcGFuZWxzLmh0bWw_ZGlyPWFzYyZtYW51ZmFjdHVyZXI9NyZvcmRlcj1tYW51ZmFjdHVyZXImcHJpY2U9MzQwLTM1MA,,/ HTTP/1.1" 301 1163 "-" "Mozilla/5.0 (compatible; DotBot/1.2; +https://opensiteexplorer.org/dotbot; help@moz.com)"
216.244.66.241 - - [28/Jun/2024:21:07:59 +1000] "GET /index.php/catalog/product_compare/add/product/1/uenc/aHR0cDovL3Bna2Rpc3RyaWJ1dGlvbi5jb20uYXUvc29sYXItcGFuZWxzLmh0bWw_bGltaXQ9OSZtb2RlPWxpc3Q,/ HTTP/1.1" 301 1111 "-" "Mozilla/5.0 (compatible; DotBot/1.2; +https://opensiteexplorer.org/dotbot; help@moz.com)"
216.244.66.241 - - [28/Jun/2024:21:08:13 +1000] "GET /index.php/catalog/product_compare/add/product/10/uenc/aHR0cDovL3Bna2Rpc3RyaWJ1dGlvbi5jb20uYXUvaW5kZXgucGhwL3NvbGFyLXBhbmVscy5odG1sP2Rpcj1hc2Mmb3JkZXI9cHJpY2UmcHJpY2U9MjAwLTIxMA,,/ HTTP/1.1" 301 1148 "-" "Mozilla/5.0 (compatible; DotBot/1.2; +https://opensiteexplorer.org/dotbot; help@moz.com)"
216.244.66.241 - - [28/Jun/2024:21:08:27 +1000] "GET /index.php/catalog/product_compare/add/product/10/uenc/aHR0cDovL3Bna2Rpc3RyaWJ1dGlvbi5jb20uYXUvaW5kZXgucGhwL3NvbGFyLXBhbmVscy5odG1sP2Rpcj1kZXNjJmxpbWl0PTE1Jm1vZGU9bGlzdCZvcmRlcj1wb3NpdGlvbiZwcmljZT0xNzAt/ HTTP/1.1" 301 1172 "-" "Mozilla/5.0 (compatible; DotBot/1.2; +https://opensiteexplorer.org/dotbot; help@moz.com)"
216.244.66.241 - - [28/Jun/2024:21:08:39 +1000] "GET /index.php/catalog/product_compare/add/product/10/uenc/aHR0cDovL3Bna2Rpc3RyaWJ1dGlvbi5jb20uYXUvaW5kZXgucGhwL3NvbGFyLXBhbmVscy5odG1sP2Rpcj1kZXNjJmxpbWl0PTEwJm1vZGU9Z3JpZCZvcmRlcj1uYW1lJnByaWNlPTIwMC0yMTA,/ HTTP/1.1" 301 1172 "-" "Mozilla/5.0 (compatible; DotBot/1.2; +https://opensiteexplorer.org/dotbot; help@moz.com)"
