192.42.116.195 - - [04/Jul/2024:07:37:33 +1000] "GET /wp-config.phpb HTTP/1.1" 404 94435 "-" "Mozilla/5.0 (Linux; Android 4.1.2; SGH-I727R Build/JZO54K) AppleWebKit/537.22 (KHTML, like Gecko) Chrome/25.0.1364.169 Mobile Safari/537.22"
192.42.116.195 - - [04/Jul/2024:07:37:36 +1000] "GET /wp-config.phpc HTTP/1.1" 301 983 "-" "Mozilla/5.0 (Linux; Android 4.1.2; SGH-I727R Build/JZO54K) AppleWebKit/537.22 (KHTML, like Gecko) Chrome/25.0.1364.169 Mobile Safari/537.22"
192.42.116.195 - - [04/Jul/2024:07:37:37 +1000] "GET /wp-config.phpc HTTP/1.1" 404 94420 "-" "Mozilla/5.0 (Linux; Android 4.1.2; SGH-I727R Build/JZO54K) AppleWebKit/537.22 (KHTML, like Gecko) Chrome/25.0.1364.169 Mobile Safari/537.22"
149.28.192.226 - - [04/Jul/2024:07:37:43 +1000] "HEAD /wordpress HTTP/1.1" 301 225 "-" "Mozilla/5.0 (Windows NT 10.0; Win64; x64) AppleWebKit/537.36 (KHTML, like Gecko) Chrome/74.0.3729.169 Safari/537.36"
192.42.116.195 - - [04/Jul/2024:07:37:44 +1000] "GET /wp-config%20 HTTP/1.1" 301 981 "-" "Mozilla/5.0 (Linux; Android 4.1.2; SGH-I727R Build/JZO54K) AppleWebKit/537.22 (KHTML, like Gecko) Chrome/25.0.1364.169 Mobile Safari/537.22"
149.28.192.226 - - [04/Jul/2024:07:37:43 +1000] "HEAD /wordpress HTTP/1.1" 404 578 "http://pgkdistribution.com.au/wordpress" "Mozilla/5.0 (Windows NT 10.0; Win64; x64) AppleWebKit/537.36 (KHTML, like Gecko) Chrome/74.0.3729.169 Safari/537.36"
149.28.192.226 - - [04/Jul/2024:07:37:45 +1000] "HEAD / HTTP/1.1" 301 216 "-" "Mozilla/5.0 (Windows NT 10.0; Win64; x64) AppleWebKit/537.36 (KHTML, like Gecko) Chrome/74.0.3729.169 Safari/537.36"
149.28.192.226 - - [04/Jul/2024:07:37:45 +1000] "HEAD / HTTP/1.1" 301 478 "http://pgkdistribution.com.au/" "Mozilla/5.0 (Windows NT 10.0; Win64; x64) AppleWebKit/537.36 (KHTML, like Gecko) Chrome/74.0.3729.169 Safari/537.36"
192.42.116.195 - - [04/Jul/2024:07:37:45 +1000] "GET /wp-config%20 HTTP/1.1" 301 612 "-" "Mozilla/5.0 (Linux; Android 4.1.2; SGH-I727R Build/JZO54K) AppleWebKit/537.22 (KHTML, like Gecko) Chrome/25.0.1364.169 Mobile Safari/537.22"
149.28.192.226 - - [04/Jul/2024:07:37:49 +1000] "HEAD /wp HTTP/1.1" 301 218 "-" "Mozilla/5.0 (Windows NT 10.0; Win64; x64) AppleWebKit/537.36 (KHTML, like Gecko) Chrome/74.0.3729.169 Safari/537.36"
192.42.116.195 - - [04/Jul/2024:07:37:47 +1000] "GET /wp-config HTTP/1.1" 404 94410 "-" "Mozilla/5.0 (Linux; Android 4.1.2; SGH-I727R Build/JZO54K) AppleWebKit/537.22 (KHTML, like Gecko) Chrome/25.0.1364.169 Mobile Safari/537.22"
111.67.29.221 - - [04/Jul/2024:07:37:50 +1000] "POST /wp-cron.php?doing_wp_cron=1720042670.3268001079559326171875 HTTP/1.1" 200 296 "-" "WordPress/6.5.5; https://www.pgkdistribution.com.au"
192.42.116.195 - - [04/Jul/2024:07:37:50 +1000] "GET /wp-config.php-n HTTP/1.1" 301 984 "-" "Mozilla/5.0 (Linux; Android 4.1.2; SGH-I727R Build/JZO54K) AppleWebKit/537.22 (KHTML, like Gecko) Chrome/25.0.1364.169 Mobile Safari/537.22"
149.28.192.226 - - [04/Jul/2024:07:37:49 +1000] "HEAD /wp HTTP/1.1" 404 571 "http://pgkdistribution.com.au/wp" "Mozilla/5.0 (Windows NT 10.0; Win64; x64) AppleWebKit/537.36 (KHTML, like Gecko) Chrome/74.0.3729.169 Safari/537.36"
149.28.192.226 - - [04/Jul/2024:07:37:50 +1000] "HEAD /bc HTTP/1.1" 301 218 "-" "Mozilla/5.0 (Windows NT 10.0; Win64; x64) AppleWebKit/537.36 (KHTML, like Gecko) Chrome/74.0.3729.169 Safari/537.36"
149.28.192.226 - - [04/Jul/2024:07:37:50 +1000] "HEAD /bc HTTP/1.1" 404 571 "http://pgkdistribution.com.au/bc" "Mozilla/5.0 (Windows NT 10.0; Win64; x64) AppleWebKit/537.36 (KHTML, like Gecko) Chrome/74.0.3729.169 Safari/537.36"
149.28.192.226 - - [04/Jul/2024:07:37:52 +1000] "HEAD /bk HTTP/1.1" 301 218 "-" "Mozilla/5.0 (Windows NT 10.0; Win64; x64) AppleWebKit/537.36 (KHTML, like Gecko) Chrome/74.0.3729.169 Safari/537.36"
192.42.116.195 - - [04/Jul/2024:07:37:51 +1000] "GET /wp-config.php-n HTTP/1.1" 404 94422 "-" "Mozilla/5.0 (Linux; Android 4.1.2; SGH-I727R Build/JZO54K) AppleWebKit/537.22 (KHTML, like Gecko) Chrome/25.0.1364.169 Mobile Safari/537.22"
149.28.192.226 - - [04/Jul/2024:07:37:52 +1000] "HEAD /bk HTTP/1.1" 404 571 "http://pgkdistribution.com.au/bk" "Mozilla/5.0 (Windows NT 10.0; Win64; x64) AppleWebKit/537.36 (KHTML, like Gecko) Chrome/74.0.3729.169 Safari/537.36"
149.28.192.226 - - [04/Jul/2024:07:37:53 +1000] "HEAD /backup HTTP/1.1" 301 222 "-" "Mozilla/5.0 (Windows NT 10.0; Win64; x64) AppleWebKit/537.36 (KHTML, like Gecko) Chrome/74.0.3729.169 Safari/537.36"
192.42.116.195 - - [04/Jul/2024:07:37:54 +1000] "GET /wp-config.phpnew HTTP/1.1" 301 985 "-" "Mozilla/5.0 (Linux; Android 4.1.2; SGH-I727R Build/JZO54K) AppleWebKit/537.22 (KHTML, like Gecko) Chrome/25.0.1364.169 Mobile Safari/537.22"
149.28.192.226 - - [04/Jul/2024:07:37:54 +1000] "HEAD /backup HTTP/1.1" 404 575 "http://pgkdistribution.com.au/backup" "Mozilla/5.0 (Windows NT 10.0; Win64; x64) AppleWebKit/537.36 (KHTML, like Gecko) Chrome/74.0.3729.169 Safari/537.36"
149.28.192.226 - - [04/Jul/2024:07:37:55 +1000] "HEAD /old HTTP/1.1" 301 219 "-" "Mozilla/5.0 (Windows NT 10.0; Win64; x64) AppleWebKit/537.36 (KHTML, like Gecko) Chrome/74.0.3729.169 Safari/537.36"
149.28.192.226 - - [04/Jul/2024:07:37:55 +1000] "HEAD /old HTTP/1.1" 404 572 "http://pgkdistribution.com.au/old" "Mozilla/5.0 (Windows NT 10.0; Win64; x64) AppleWebKit/537.36 (KHTML, like Gecko) Chrome/74.0.3729.169 Safari/537.36"
149.28.192.226 - - [04/Jul/2024:07:37:57 +1000] "HEAD /new HTTP/1.1" 301 219 "-" "Mozilla/5.0 (Windows NT 10.0; Win64; x64) AppleWebKit/537.36 (KHTML, like Gecko) Chrome/74.0.3729.169 Safari/537.36"
192.42.116.195 - - [04/Jul/2024:07:37:55 +1000] "GET /wp-config.phpnew HTTP/1.1" 404 94424 "-" "Mozilla/5.0 (Linux; Android 4.1.2; SGH-I727R Build/JZO54K) AppleWebKit/537.22 (KHTML, like Gecko) Chrome/25.0.1364.169 Mobile Safari/537.22"
149.28.192.226 - - [04/Jul/2024:07:37:57 +1000] "HEAD /new HTTP/1.1" 404 572 "http://pgkdistribution.com.au/new" "Mozilla/5.0 (Windows NT 10.0; Win64; x64) AppleWebKit/537.36 (KHTML, like Gecko) Chrome/74.0.3729.169 Safari/537.36"
192.42.116.195 - - [04/Jul/2024:07:37:58 +1000] "GET /wp-config.cfg HTTP/1.1" 301 982 "-" "Mozilla/5.0 (Linux; Android 4.1.2; SGH-I727R Build/JZO54K) AppleWebKit/537.22 (KHTML, like Gecko) Chrome/25.0.1364.169 Mobile Safari/537.22"
149.28.192.226 - - [04/Jul/2024:07:37:58 +1000] "HEAD /main HTTP/1.1" 301 220 "-" "Mozilla/5.0 (Windows NT 10.0; Win64; x64) AppleWebKit/537.36 (KHTML, like Gecko) Chrome/74.0.3729.169 Safari/537.36"
149.28.192.226 - - [04/Jul/2024:07:37:58 +1000] "HEAD /main HTTP/1.1" 404 573 "http://pgkdistribution.com.au/main" "Mozilla/5.0 (Windows NT 10.0; Win64; x64) AppleWebKit/537.36 (KHTML, like Gecko) Chrome/74.0.3729.169 Safari/537.36"
149.28.192.226 - - [04/Jul/2024:07:38:00 +1000] "HEAD /home HTTP/1.1" 301 220 "-" "Mozilla/5.0 (Windows NT 10.0; Win64; x64) AppleWebKit/537.36 (KHTML, like Gecko) Chrome/74.0.3729.169 Safari/537.36"
192.42.116.195 - - [04/Jul/2024:07:37:59 +1000] "GET /wp-config.cfg HTTP/1.1" 404 94418 "-" "Mozilla/5.0 (Linux; Android 4.1.2; SGH-I727R Build/JZO54K) AppleWebKit/537.22 (KHTML, like Gecko) Chrome/25.0.1364.169 Mobile Safari/537.22"
149.28.192.226 - - [04/Jul/2024:07:38:00 +1000] "HEAD /home HTTP/1.1" 301 482 "http://pgkdistribution.com.au/home" "Mozilla/5.0 (Windows NT 10.0; Win64; x64) AppleWebKit/537.36 (KHTML, like Gecko) Chrome/74.0.3729.169 Safari/537.36"
192.42.116.195 - - [04/Jul/2024:07:38:02 +1000] "GET /config.php~~ HTTP/1.1" 301 981 "-" "Mozilla/5.0 (Linux; Android 4.1.2; SGH-I727R Build/JZO54K) AppleWebKit/537.22 (KHTML, like Gecko) Chrome/25.0.1364.169 Mobile Safari/537.22"
192.42.116.195 - - [04/Jul/2024:07:38:03 +1000] "GET /config.php~~ HTTP/1.1" 404 94416 "-" "Mozilla/5.0 (Linux; Android 4.1.2; SGH-I727R Build/JZO54K) AppleWebKit/537.22 (KHTML, like Gecko) Chrome/25.0.1364.169 Mobile Safari/537.22"
192.42.116.195 - - [04/Jul/2024:07:38:06 +1000] "GET /wp-config.php~~~ HTTP/1.1" 301 985 "-" "Mozilla/5.0 (Linux; Android 4.1.2; SGH-I727R Build/JZO54K) AppleWebKit/537.22 (KHTML, like Gecko) Chrome/25.0.1364.169 Mobile Safari/537.22"
192.42.116.195 - - [04/Jul/2024:07:38:07 +1000] "GET /wp-config.php~~~ HTTP/1.1" 404 94424 "-" "Mozilla/5.0 (Linux; Android 4.1.2; SGH-I727R Build/JZO54K) AppleWebKit/537.22 (KHTML, like Gecko) Chrome/25.0.1364.169 Mobile Safari/537.22"
192.42.116.195 - - [04/Jul/2024:07:38:13 +1000] "GET /wp-config.phptmp HTTP/1.1" 301 985 "-" "Mozilla/5.0 (Linux; Android 4.1.2; SGH-I727R Build/JZO54K) AppleWebKit/537.22 (KHTML, like Gecko) Chrome/25.0.1364.169 Mobile Safari/537.22"
192.42.116.195 - - [04/Jul/2024:07:38:14 +1000] "GET /wp-config.phptmp HTTP/1.1" 404 94424 "-" "Mozilla/5.0 (Linux; Android 4.1.2; SGH-I727R Build/JZO54K) AppleWebKit/537.22 (KHTML, like Gecko) Chrome/25.0.1364.169 Mobile Safari/537.22"
192.42.116.195 - - [04/Jul/2024:07:38:18 +1000] "GET /wp-config.php.bak HTTP/1.1" 301 986 "-" "Mozilla/5.0 (Linux; Android 4.1.2; SGH-I727R Build/JZO54K) AppleWebKit/537.22 (KHTML, like Gecko) Chrome/25.0.1364.169 Mobile Safari/537.22"
192.42.116.195 - - [04/Jul/2024:07:38:18 +1000] "GET /wp-config.php.bak HTTP/1.1" 404 94426 "-" "Mozilla/5.0 (Linux; Android 4.1.2; SGH-I727R Build/JZO54K) AppleWebKit/537.22 (KHTML, like Gecko) Chrome/25.0.1364.169 Mobile Safari/537.22"
192.42.116.195 - - [04/Jul/2024:07:38:22 +1000] "GET /wp-config-sample.php~ HTTP/1.1" 301 990 "-" "Mozilla/5.0 (Linux; Android 4.1.2; SGH-I727R Build/JZO54K) AppleWebKit/537.22 (KHTML, like Gecko) Chrome/25.0.1364.169 Mobile Safari/537.22"
192.42.116.195 - - [04/Jul/2024:07:38:23 +1000] "GET /wp-config-sample.php~ HTTP/1.1" 404 94434 "-" "Mozilla/5.0 (Linux; Android 4.1.2; SGH-I727R Build/JZO54K) AppleWebKit/537.22 (KHTML, like Gecko) Chrome/25.0.1364.169 Mobile Safari/537.22"
192.42.116.195 - - [04/Jul/2024:07:38:26 +1000] "GET /wp-config.phpbak HTTP/1.1" 301 985 "-" "Mozilla/5.0 (Linux; Android 4.1.2; SGH-I727R Build/JZO54K) AppleWebKit/537.22 (KHTML, like Gecko) Chrome/25.0.1364.169 Mobile Safari/537.22"
192.42.116.195 - - [04/Jul/2024:07:38:26 +1000] "GET /wp-config.phpbak HTTP/1.1" 404 94424 "-" "Mozilla/5.0 (Linux; Android 4.1.2; SGH-I727R Build/JZO54K) AppleWebKit/537.22 (KHTML, like Gecko) Chrome/25.0.1364.169 Mobile Safari/537.22"
192.42.116.195 - - [04/Jul/2024:07:38:29 +1000] "GET /wp-config.prod.php.txt HTTP/1.1" 301 991 "-" "Mozilla/5.0 (Linux; Android 4.1.2; SGH-I727R Build/JZO54K) AppleWebKit/537.22 (KHTML, like Gecko) Chrome/25.0.1364.169 Mobile Safari/537.22"
192.42.116.195 - - [04/Jul/2024:07:38:31 +1000] "GET /wp-config.prod.php.txt HTTP/1.1" 404 94436 "-" "Mozilla/5.0 (Linux; Android 4.1.2; SGH-I727R Build/JZO54K) AppleWebKit/537.22 (KHTML, like Gecko) Chrome/25.0.1364.169 Mobile Safari/537.22"
192.42.116.195 - - [04/Jul/2024:07:38:34 +1000] "GET /wp-config.php_old HTTP/1.1" 301 986 "-" "Mozilla/5.0 (Linux; Android 4.1.2; SGH-I727R Build/JZO54K) AppleWebKit/537.22 (KHTML, like Gecko) Chrome/25.0.1364.169 Mobile Safari/537.22"
192.42.116.195 - - [04/Jul/2024:07:38:34 +1000] "GET /wp-config.php_old HTTP/1.1" 404 94441 "-" "Mozilla/5.0 (Linux; Android 4.1.2; SGH-I727R Build/JZO54K) AppleWebKit/537.22 (KHTML, like Gecko) Chrome/25.0.1364.169 Mobile Safari/537.22"
192.42.116.195 - - [04/Jul/2024:07:38:38 +1000] "GET /wp-config.php_ HTTP/1.1" 301 983 "-" "Mozilla/5.0 (Linux; Android 4.1.2; SGH-I727R Build/JZO54K) AppleWebKit/537.22 (KHTML, like Gecko) Chrome/25.0.1364.169 Mobile Safari/537.22"
192.42.116.195 - - [04/Jul/2024:07:38:39 +1000] "GET /wp-config.php_ HTTP/1.1" 404 94435 "-" "Mozilla/5.0 (Linux; Android 4.1.2; SGH-I727R Build/JZO54K) AppleWebKit/537.22 (KHTML, like Gecko) Chrome/25.0.1364.169 Mobile Safari/537.22"
192.42.116.195 - - [04/Jul/2024:07:38:50 +1000] "GET /wp-config.php.in HTTP/1.1" 301 985 "-" "Mozilla/5.0 (Linux; Android 4.1.2; SGH-I727R Build/JZO54K) AppleWebKit/537.22 (KHTML, like Gecko) Chrome/25.0.1364.169 Mobile Safari/537.22"
111.67.29.221 - - [04/Jul/2024:07:38:53 +1000] "POST /wp-cron.php?doing_wp_cron=1720042733.0158200263977050781250 HTTP/1.1" 200 296 "-" "WordPress/6.5.5; https://www.pgkdistribution.com.au"
192.42.116.195 - - [04/Jul/2024:07:38:52 +1000] "GET /wp-config.php.in HTTP/1.1" 404 94424 "-" "Mozilla/5.0 (Linux; Android 4.1.2; SGH-I727R Build/JZO54K) AppleWebKit/537.22 (KHTML, like Gecko) Chrome/25.0.1364.169 Mobile Safari/537.22"
192.42.116.195 - - [04/Jul/2024:07:38:55 +1000] "GET /wp-config.php.sample HTTP/1.1" 301 989 "-" "Mozilla/5.0 (Linux; Android 4.1.2; SGH-I727R Build/JZO54K) AppleWebKit/537.22 (KHTML, like Gecko) Chrome/25.0.1364.169 Mobile Safari/537.22"
192.42.116.195 - - [04/Jul/2024:07:38:56 +1000] "GET /wp-config.php.sample HTTP/1.1" 404 94439 "-" "Mozilla/5.0 (Linux; Android 4.1.2; SGH-I727R Build/JZO54K) AppleWebKit/537.22 (KHTML, like Gecko) Chrome/25.0.1364.169 Mobile Safari/537.22"
192.42.116.195 - - [04/Jul/2024:07:39:00 +1000] "GET /wp-config.local.php HTTP/1.1" 301 988 "-" "Mozilla/5.0 (Linux; Android 4.1.2; SGH-I727R Build/JZO54K) AppleWebKit/537.22 (KHTML, like Gecko) Chrome/25.0.1364.169 Mobile Safari/537.22"
192.42.116.195 - - [04/Jul/2024:07:39:01 +1000] "GET /wp-config.local.php HTTP/1.1" 404 94430 "-" "Mozilla/5.0 (Linux; Android 4.1.2; SGH-I727R Build/JZO54K) AppleWebKit/537.22 (KHTML, like Gecko) Chrome/25.0.1364.169 Mobile Safari/537.22"
192.42.116.195 - - [04/Jul/2024:07:39:04 +1000] "GET /wp-config.html HTTP/1.1" 301 983 "-" "Mozilla/5.0 (Linux; Android 4.1.2; SGH-I727R Build/JZO54K) AppleWebKit/537.22 (KHTML, like Gecko) Chrome/25.0.1364.169 Mobile Safari/537.22"
192.42.116.195 - - [04/Jul/2024:07:39:05 +1000] "GET /wp-config.html HTTP/1.1" 404 94420 "-" "Mozilla/5.0 (Linux; Android 4.1.2; SGH-I727R Build/JZO54K) AppleWebKit/537.22 (KHTML, like Gecko) Chrome/25.0.1364.169 Mobile Safari/537.22"
192.42.116.195 - - [04/Jul/2024:07:39:09 +1000] "GET /wp-config.htm HTTP/1.1" 301 982 "-" "Mozilla/5.0 (Linux; Android 4.1.2; SGH-I727R Build/JZO54K) AppleWebKit/537.22 (KHTML, like Gecko) Chrome/25.0.1364.169 Mobile Safari/537.22"
192.42.116.195 - - [04/Jul/2024:07:39:10 +1000] "GET /wp-config.htm HTTP/1.1" 404 94418 "-" "Mozilla/5.0 (Linux; Android 4.1.2; SGH-I727R Build/JZO54K) AppleWebKit/537.22 (KHTML, like Gecko) Chrome/25.0.1364.169 Mobile Safari/537.22"
192.42.116.195 - - [04/Jul/2024:07:39:17 +1000] "GET /wp-config.phpn HTTP/1.1" 301 983 "-" "Mozilla/5.0 (Linux; Android 4.1.2; SGH-I727R Build/JZO54K) AppleWebKit/537.22 (KHTML, like Gecko) Chrome/25.0.1364.169 Mobile Safari/537.22"
192.42.116.195 - - [04/Jul/2024:07:39:18 +1000] "GET /wp-config.phpn HTTP/1.1" 404 94420 "-" "Mozilla/5.0 (Linux; Android 4.1.2; SGH-I727R Build/JZO54K) AppleWebKit/537.22 (KHTML, like Gecko) Chrome/25.0.1364.169 Mobile Safari/537.22"
103.251.167.20 - - [04/Jul/2024:07:39:21 +1000] "GET /wp-config.php~~~~ HTTP/1.1" 301 986 "-" "Mozilla/5.0 (Linux; Android 4.1.2; SGH-I727R Build/JZO54K) AppleWebKit/537.22 (KHTML, like Gecko) Chrome/25.0.1364.169 Mobile Safari/537.22"
103.251.167.20 - - [04/Jul/2024:07:39:22 +1000] "GET /wp-config.php~~~~ HTTP/1.1" 404 94426 "-" "Mozilla/5.0 (Linux; Android 4.1.2; SGH-I727R Build/JZO54K) AppleWebKit/537.22 (KHTML, like Gecko) Chrome/25.0.1364.169 Mobile Safari/537.22"
185.220.101.175 - - [04/Jul/2024:07:39:27 +1000] "GET /wp-config-sample.php.bak HTTP/1.1" 301 993 "-" "Mozilla/5.0 (Linux; Android 4.1.2; SGH-I727R Build/JZO54K) AppleWebKit/537.22 (KHTML, like Gecko) Chrome/25.0.1364.169 Mobile Safari/537.22"
109.70.100.70 - - [04/Jul/2024:07:39:30 +1000] "GET /wp-config-sample.php.bak HTTP/1.1" 404 94440 "-" "Mozilla/5.0 (Linux; Android 4.1.2; SGH-I727R Build/JZO54K) AppleWebKit/537.22 (KHTML, like Gecko) Chrome/25.0.1364.169 Mobile Safari/537.22"
107.189.3.148 - - [04/Jul/2024:07:39:38 +1000] "GET /wp-config.php.backup.txt HTTP/1.1" 301 993 "-" "Mozilla/5.0 (Linux; Android 4.1.2; SGH-I727R Build/JZO54K) AppleWebKit/537.22 (KHTML, like Gecko) Chrome/25.0.1364.169 Mobile Safari/537.22"
109.110.184.73 - - [04/Jul/2024:07:45:14 +1000] "GET / HTTP/1.1" 301 969 "-" "Mozilla/5.0 (Macintosh; Intel Mac OS X 10.15; rv:77.0) Gecko/20100101 Firefox/77.0"
109.110.184.73 - - [04/Jul/2024:07:45:15 +1000] "GET / HTTP/1.1" 301 497 "-" "Mozilla/5.0 (Macintosh; Intel Mac OS X 10.15; rv:77.0) Gecko/20100101 Firefox/77.0"
52.142.24.149 - - [04/Jul/2024:07:52:43 +1000] "GET /robots.txt HTTP/1.1" 301 942 "http://comune.barge.cn.it/" "DuckDuckBot-Https/1.1; (+https://duckduckgo.com/duckduckbot)"
111.67.29.221 - - [04/Jul/2024:07:52:48 +1000] "POST /wp-cron.php?doing_wp_cron=1720043568.6400139331817626953125 HTTP/1.1" 200 296 "-" "WordPress/6.5.5; https://www.pgkdistribution.com.au"
52.142.24.149 - - [04/Jul/2024:07:52:43 +1000] "GET /robots.txt HTTP/1.1" 200 679 "http://comune.barge.cn.it/" "DuckDuckBot-Https/1.1; (+https://duckduckgo.com/duckduckbot)"
52.142.24.149 - - [04/Jul/2024:07:52:49 +1000] "GET / HTTP/1.1" 301 932 "http://pgkdistribution.com.au/robots.txt" "DuckDuckBot-Https/1.1; (+https://duckduckgo.com/duckduckbot)"
52.142.24.149 - - [04/Jul/2024:07:52:49 +1000] "GET / HTTP/1.1" 301 460 "http://pgkdistribution.com.au/robots.txt" "DuckDuckBot-Https/1.1; (+https://duckduckgo.com/duckduckbot)"
52.142.24.149 - - [04/Jul/2024:07:53:19 +1000] "GET /wp-content/plugins/user-registration-plugin-for-woocommerce/front/css/afreg_front.css?ver=1.0 HTTP/1.1" 200 1127 "-" "'DuckDuckBot-Https/1.1; (+https://duckduckgo.com/duckduckbot)'"
111.67.29.221 - - [04/Jul/2024:07:53:51 +1000] "POST /wp-cron.php?doing_wp_cron=1720043631.2200279235839843750000 HTTP/1.1" 200 296 "-" "WordPress/6.5.5; https://www.pgkdistribution.com.au"
52.142.24.149 - - [04/Jul/2024:07:53:46 +1000] "GET /product/22kw-three-phase-with-solar-optimiser/ HTTP/1.1" 200 23145 "-" "'DuckDuckBot-Https/1.1; (+https://duckduckgo.com/duckduckbot)'"
52.142.24.149 - - [04/Jul/2024:07:53:52 +1000] "GET /wp-content/plugins/user-registration-plugin-for-woocommerce/front/css/afreg_color_spectrum.css?ver=1.0 HTTP/1.1" 200 4952 "http://www.pgkdistribution.com.au/product/22kw-three-phase-with-solar-optimiser/" "'DuckDuckBot-Https/1.1; (+https://duckduckgo.com/duckduckbot)'"
52.142.24.149 - - [04/Jul/2024:07:53:52 +1000] "GET /wp-content/plugins/gutentor/assets/library/slick/slick.min.css?ver=1.8.1 HTTP/1.1" 200 950 "http://www.pgkdistribution.com.au/product/22kw-three-phase-with-solar-optimiser/" "'DuckDuckBot-Https/1.1; (+https://duckduckgo.com/duckduckbot)'"
52.142.24.149 - - [04/Jul/2024:07:53:52 +1000] "GET /wp-content/plugins/woo-gutenberg-products-block/build/active-filters.css?ver=10.8.1 HTTP/1.1" 200 2749 "http://www.pgkdistribution.com.au/product/22kw-three-phase-with-solar-optimiser/" "'DuckDuckBot-Https/1.1; (+https://duckduckgo.com/duckduckbot)'"
52.142.24.149 - - [04/Jul/2024:07:53:52 +1000] "GET /wp-content/plugins/user-registration-plugin-for-woocommerce/front/css/afreg_front.css?ver=1.0 HTTP/1.1" 200 1127 "http://www.pgkdistribution.com.au/product/22kw-three-phase-with-solar-optimiser/" "'DuckDuckBot-Https/1.1; (+https://duckduckgo.com/duckduckbot)'"
52.142.24.149 - - [04/Jul/2024:07:53:52 +1000] "GET /wp-content/plugins/gutentor/assets/library/magnific-popup/magnific-popup.min.css?ver=1.8.0 HTTP/1.1" 200 2183 "http://www.pgkdistribution.com.au/product/22kw-three-phase-with-solar-optimiser/" "'DuckDuckBot-Https/1.1; (+https://duckduckgo.com/duckduckbot)'"
52.142.24.149 - - [04/Jul/2024:07:53:52 +1000] "GET /wp-content/plugins/woo-gutenberg-products-block/build/wc-blocks.css?ver=10.8.1 HTTP/1.1" 200 3311 "http://www.pgkdistribution.com.au/product/22kw-three-phase-with-solar-optimiser/" "'DuckDuckBot-Https/1.1; (+https://duckduckgo.com/duckduckbot)'"
52.142.24.149 - - [04/Jul/2024:07:53:52 +1000] "GET /wp-content/plugins/woo-gutenberg-products-block/build/all-products.css?ver=10.8.1 HTTP/1.1" 200 5625 "http://www.pgkdistribution.com.au/product/22kw-three-phase-with-solar-optimiser/" "'DuckDuckBot-Https/1.1; (+https://duckduckgo.com/duckduckbot)'"
52.142.24.149 - - [04/Jul/2024:07:53:52 +1000] "GET /wp-content/plugins/woo-gutenberg-products-block/build/packages-style.css?ver=10.8.1 HTTP/1.1" 200 4745 "http://www.pgkdistribution.com.au/product/22kw-three-phase-with-solar-optimiser/" "'DuckDuckBot-Https/1.1; (+https://duckduckgo.com/duckduckbot)'"
52.142.24.149 - - [04/Jul/2024:07:53:52 +1000] "GET /wp-content/plugins/woo-gutenberg-products-block/build/all-reviews.css?ver=10.8.1 HTTP/1.1" 200 2401 "http://www.pgkdistribution.com.au/product/22kw-three-phase-with-solar-optimiser/" "'DuckDuckBot-Https/1.1; (+https://duckduckgo.com/duckduckbot)'"
52.142.24.149 - - [04/Jul/2024:07:53:52 +1000] "GET /wp-content/plugins/woo-gutenberg-products-block/build/add-to-cart-form.css?ver=10.8.1 HTTP/1.1" 200 793 "http://www.pgkdistribution.com.au/product/22kw-three-phase-with-solar-optimiser/" "'DuckDuckBot-Https/1.1; (+https://duckduckgo.com/duckduckbot)'"
52.142.24.149 - - [04/Jul/2024:07:53:52 +1000] "GET /wp-content/plugins/woo-gutenberg-products-block/build/breadcrumbs.css?ver=10.8.1 HTTP/1.1" 200 670 "http://www.pgkdistribution.com.au/product/22kw-three-phase-with-solar-optimiser/" "'DuckDuckBot-Https/1.1; (+https://duckduckgo.com/duckduckbot)'"
52.142.24.149 - - [04/Jul/2024:07:53:52 +1000] "GET /wp-content/plugins/woo-gutenberg-products-block/build/attribute-filter.css?ver=10.8.1 HTTP/1.1" 200 5613 "http://www.pgkdistribution.com.au/product/22kw-three-phase-with-solar-optimiser/" "'DuckDuckBot-Https/1.1; (+https://duckduckgo.com/duckduckbot)'"
52.142.24.149 - - [04/Jul/2024:07:53:52 +1000] "GET /wp-content/plugins/woo-gutenberg-products-block/build/featured-category.css?ver=10.8.1 HTTP/1.1" 200 1475 "http://www.pgkdistribution.com.au/product/22kw-three-phase-with-solar-optimiser/" "'DuckDuckBot-Https/1.1; (+https://duckduckgo.com/duckduckbot)'"
52.142.24.149 - - [04/Jul/2024:07:53:52 +1000] "GET /wp-content/plugins/woo-gutenberg-products-block/build/featured-product.css?ver=10.8.1 HTTP/1.1" 200 1536 "http://www.pgkdistribution.com.au/product/22kw-three-phase-with-solar-optimiser/" "'DuckDuckBot-Https/1.1; (+https://duckduckgo.com/duckduckbot)'"
52.142.24.149 - - [04/Jul/2024:07:53:52 +1000] "GET /wp-content/plugins/woo-gutenberg-products-block/build/customer-account.css?ver=10.8.1 HTTP/1.1" 200 831 "http://www.pgkdistribution.com.au/product/22kw-three-phase-with-solar-optimiser/" "'DuckDuckBot-Https/1.1; (+https://duckduckgo.com/duckduckbot)'"
52.142.24.149 - - [04/Jul/2024:07:53:52 +1000] "GET /wp-content/plugins/woo-gutenberg-products-block/build/catalog-sorting.css?ver=10.8.1 HTTP/1.1" 200 695 "http://www.pgkdistribution.com.au/product/22kw-three-phase-with-solar-optimiser/" "'DuckDuckBot-Https/1.1; (+https://duckduckgo.com/duckduckbot)'"
52.142.24.149 - - [04/Jul/2024:07:53:52 +1000] "GET /wp-content/plugins/woo-gutenberg-products-block/build/mini-cart.css?ver=10.8.1 HTTP/1.1" 200 3394 "http://www.pgkdistribution.com.au/product/22kw-three-phase-with-solar-optimiser/" "'DuckDuckBot-Https/1.1; (+https://duckduckgo.com/duckduckbot)'"
52.142.24.149 - - [04/Jul/2024:07:53:52 +1000] "GET /wp-content/plugins/woo-gutenberg-products-block/build/price-filter.css?ver=10.8.1 HTTP/1.1" 200 3790 "http://www.pgkdistribution.com.au/product/22kw-three-phase-with-solar-optimiser/" "'DuckDuckBot-Https/1.1; (+https://duckduckgo.com/duckduckbot)'"
52.142.24.149 - - [04/Jul/2024:07:53:52 +1000] "GET /wp-content/plugins/woo-gutenberg-products-block/build/product-image.css?ver=10.8.1 HTTP/1.1" 200 1422 "http://www.pgkdistribution.com.au/product/22kw-three-phase-with-solar-optimiser/" "'DuckDuckBot-Https/1.1; (+https://duckduckgo.com/duckduckbot)'"
52.142.24.149 - - [04/Jul/2024:07:53:52 +1000] "GET /wp-content/plugins/woo-gutenberg-products-block/build/product-categories.css?ver=10.8.1 HTTP/1.1" 200 1110 "http://www.pgkdistribution.com.au/product/22kw-three-phase-with-solar-optimiser/" "'DuckDuckBot-Https/1.1; (+https://duckduckgo.com/duckduckbot)'"
52.142.24.149 - - [04/Jul/2024:07:53:52 +1000] "GET /wp-content/plugins/woo-gutenberg-products-block/build/product-button.css?ver=10.8.1 HTTP/1.1" 200 1357 "http://www.pgkdistribution.com.au/product/22kw-three-phase-with-solar-optimiser/" "'DuckDuckBot-Https/1.1; (+https://duckduckgo.com/duckduckbot)'"
52.142.24.149 - - [04/Jul/2024:07:53:52 +1000] "GET /wp-content/plugins/woo-gutenberg-products-block/build/product-add-to-cart.css?ver=10.8.1 HTTP/1.1" 200 1949 "http://www.pgkdistribution.com.au/product/22kw-three-phase-with-solar-optimiser/" "'DuckDuckBot-Https/1.1; (+https://duckduckgo.com/duckduckbot)'"
52.142.24.149 - - [04/Jul/2024:07:53:52 +1000] "GET /wp-content/plugins/woo-gutenberg-products-block/build/product-image-gallery.css?ver=10.8.1 HTTP/1.1" 200 743 "http://www.pgkdistribution.com.au/product/22kw-three-phase-with-solar-optimiser/" "'DuckDuckBot-Https/1.1; (+https://duckduckgo.com/duckduckbot)'"
52.142.24.149 - - [04/Jul/2024:07:53:52 +1000] "GET /wp-content/plugins/woo-gutenberg-products-block/build/product-query.css?ver=10.8.1 HTTP/1.1" 200 785 "http://www.pgkdistribution.com.au/product/22kw-three-phase-with-solar-optimiser/" "'DuckDuckBot-Https/1.1; (+https://duckduckgo.com/duckduckbot)'"
52.142.24.149 - - [04/Jul/2024:07:53:52 +1000] "GET /wp-content/plugins/woo-gutenberg-products-block/build/product-results-count.css?ver=10.8.1 HTTP/1.1" 200 663 "http://www.pgkdistribution.com.au/product/22kw-three-phase-with-solar-optimiser/" "'DuckDuckBot-Https/1.1; (+https://duckduckgo.com/duckduckbot)'"
52.142.24.149 - - [04/Jul/2024:07:53:53 +1000] "GET /wp-content/plugins/woo-gutenberg-products-block/build/product-rating.css?ver=10.8.1 HTTP/1.1" 200 679 "http://www.pgkdistribution.com.au/product/22kw-three-phase-with-solar-optimiser/" "'DuckDuckBot-Https/1.1; (+https://duckduckgo.com/duckduckbot)'"
52.142.24.149 - - [04/Jul/2024:07:53:53 +1000] "GET /wp-content/plugins/woo-gutenberg-products-block/build/product-reviews.css?ver=10.8.1 HTTP/1.1" 200 900 "http://www.pgkdistribution.com.au/product/22kw-three-phase-with-solar-optimiser/" "'DuckDuckBot-Https/1.1; (+https://duckduckgo.com/duckduckbot)'"
52.142.24.149 - - [04/Jul/2024:07:53:53 +1000] "GET /wp-content/plugins/woo-gutenberg-products-block/build/product-rating-stars.css?ver=10.8.1 HTTP/1.1" 200 1395 "http://www.pgkdistribution.com.au/product/22kw-three-phase-with-solar-optimiser/" "'DuckDuckBot-Https/1.1; (+https://duckduckgo.com/duckduckbot)'"
52.142.24.149 - - [04/Jul/2024:07:53:53 +1000] "GET /wp-content/plugins/woo-gutenberg-products-block/build/product-sale-badge.css?ver=10.8.1 HTTP/1.1" 200 810 "http://www.pgkdistribution.com.au/product/22kw-three-phase-with-solar-optimiser/" "'DuckDuckBot-Https/1.1; (+https://duckduckgo.com/duckduckbot)'"
52.142.24.149 - - [04/Jul/2024:07:53:53 +1000] "GET /wp-content/plugins/woo-gutenberg-products-block/build/product-search.css?ver=10.8.1 HTTP/1.1" 200 862 "http://www.pgkdistribution.com.au/product/22kw-three-phase-with-solar-optimiser/" "'DuckDuckBot-Https/1.1; (+https://duckduckgo.com/duckduckbot)'"
52.142.24.149 - - [04/Jul/2024:07:53:53 +1000] "GET /wp-content/plugins/woo-gutenberg-products-block/build/product-sku.css?ver=10.8.1 HTTP/1.1" 200 674 "http://www.pgkdistribution.com.au/product/22kw-three-phase-with-solar-optimiser/" "'DuckDuckBot-Https/1.1; (+https://duckduckgo.com/duckduckbot)'"
52.142.24.149 - - [04/Jul/2024:07:53:53 +1000] "GET /wp-content/plugins/woo-gutenberg-products-block/build/product-title.css?ver=10.8.1 HTTP/1.1" 200 1140 "http://www.pgkdistribution.com.au/product/22kw-three-phase-with-solar-optimiser/" "'DuckDuckBot-Https/1.1; (+https://duckduckgo.com/duckduckbot)'"
52.142.24.149 - - [04/Jul/2024:07:53:53 +1000] "GET /wp-content/plugins/woo-gutenberg-products-block/build/product-summary.css?ver=10.8.1 HTTP/1.1" 200 992 "http://www.pgkdistribution.com.au/product/22kw-three-phase-with-solar-optimiser/" "'DuckDuckBot-Https/1.1; (+https://duckduckgo.com/duckduckbot)'"
52.142.24.149 - - [04/Jul/2024:07:53:53 +1000] "GET /wp-content/plugins/woo-gutenberg-products-block/build/product-stock-indicator.css?ver=10.8.1 HTTP/1.1" 200 664 "http://www.pgkdistribution.com.au/product/22kw-three-phase-with-solar-optimiser/" "'DuckDuckBot-Https/1.1; (+https://duckduckgo.com/duckduckbot)'"
52.142.24.149 - - [04/Jul/2024:07:53:53 +1000] "GET /wp-content/plugins/woo-gutenberg-products-block/build/rating-filter.css?ver=10.8.1 HTTP/1.1" 200 5716 "http://www.pgkdistribution.com.au/product/22kw-three-phase-with-solar-optimiser/" "'DuckDuckBot-Https/1.1; (+https://duckduckgo.com/duckduckbot)'"
52.142.24.149 - - [04/Jul/2024:07:53:53 +1000] "GET /wp-content/plugins/woo-gutenberg-products-block/build/reviews-by-category.css?ver=10.8.1 HTTP/1.1" 200 2401 "http://www.pgkdistribution.com.au/product/22kw-three-phase-with-solar-optimiser/" "'DuckDuckBot-Https/1.1; (+https://duckduckgo.com/duckduckbot)'"
52.142.24.149 - - [04/Jul/2024:07:53:53 +1000] "GET /wp-content/plugins/woo-gutenberg-products-block/build/reviews-by-product.css?ver=10.8.1 HTTP/1.1" 200 2401 "http://www.pgkdistribution.com.au/product/22kw-three-phase-with-solar-optimiser/" "'DuckDuckBot-Https/1.1; (+https://duckduckgo.com/duckduckbot)'"
52.142.24.149 - - [04/Jul/2024:07:53:53 +1000] "GET /wp-content/plugins/woo-gutenberg-products-block/build/single-product.css?ver=10.8.1 HTTP/1.1" 200 819 "http://www.pgkdistribution.com.au/product/22kw-three-phase-with-solar-optimiser/" "'DuckDuckBot-Https/1.1; (+https://duckduckgo.com/duckduckbot)'"
52.142.24.149 - - [04/Jul/2024:07:53:53 +1000] "GET /wp-content/plugins/woo-gutenberg-products-block/build/stock-filter.css?ver=10.8.1 HTTP/1.1" 200 5460 "http://www.pgkdistribution.com.au/product/22kw-three-phase-with-solar-optimiser/" "'DuckDuckBot-Https/1.1; (+https://duckduckgo.com/duckduckbot)'"
52.142.24.149 - - [04/Jul/2024:07:53:53 +1000] "GET /wp-content/plugins/woo-gutenberg-products-block/build/product-details.css?ver=10.8.1 HTTP/1.1" 200 830 "http://www.pgkdistribution.com.au/product/22kw-three-phase-with-solar-optimiser/" "'DuckDuckBot-Https/1.1; (+https://duckduckgo.com/duckduckbot)'"
52.142.24.149 - - [04/Jul/2024:07:53:53 +1000] "GET /wp-content/plugins/woo-gutenberg-products-block/build/cart.css?ver=10.8.1 HTTP/1.1" 200 12915 "http://www.pgkdistribution.com.au/product/22kw-three-phase-with-solar-optimiser/" "'DuckDuckBot-Https/1.1; (+https://duckduckgo.com/duckduckbot)'"
52.142.24.149 - - [04/Jul/2024:07:53:53 +1000] "GET /wp-content/plugins/woo-gutenberg-products-block/build/checkout.css?ver=10.8.1 HTTP/1.1" 200 12675 "http://www.pgkdistribution.com.au/product/22kw-three-phase-with-solar-optimiser/" "'DuckDuckBot-Https/1.1; (+https://duckduckgo.com/duckduckbot)'"
52.142.24.149 - - [04/Jul/2024:07:53:53 +1000] "GET /wp-content/plugins/woo-gutenberg-products-block/build/mini-cart-contents.css?ver=10.8.1 HTTP/1.1" 200 3550 "http://www.pgkdistribution.com.au/product/22kw-three-phase-with-solar-optimiser/" "'DuckDuckBot-Https/1.1; (+https://duckduckgo.com/duckduckbot)'"
52.142.24.149 - - [04/Jul/2024:07:53:53 +1000] "GET /wp-content/plugins/gutentor/assets/library/fontawesome/css/all.min.css?ver=5.12.0 HTTP/1.1" 200 14604 "http://www.pgkdistribution.com.au/product/22kw-three-phase-with-solar-optimiser/" "'DuckDuckBot-Https/1.1; (+https://duckduckgo.com/duckduckbot)'"
52.142.24.149 - - [04/Jul/2024:07:53:53 +1000] "GET /wp-content/plugins/gutentor/assets/library/animatecss/animate.min.css?ver=3.7.2 HTTP/1.1" 200 6283 "http://www.pgkdistribution.com.au/product/22kw-three-phase-with-solar-optimiser/" "'DuckDuckBot-Https/1.1; (+https://duckduckgo.com/duckduckbot)'"
52.142.24.149 - - [04/Jul/2024:07:53:53 +1000] "GET /wp-content/plugins/gutentor/assets/library/wpness-grid/wpness-grid.css?ver=1.0.0 HTTP/1.1" 200 4968 "http://www.pgkdistribution.com.au/product/22kw-three-phase-with-solar-optimiser/" "'DuckDuckBot-Https/1.1; (+https://duckduckgo.com/duckduckbot)'"
52.142.24.149 - - [04/Jul/2024:07:53:53 +1000] "GET /wp-content/themes/storefront/assets/css/base/gutenberg-blocks.css?ver=3.9.1 HTTP/1.1" 200 5055 "http://www.pgkdistribution.com.au/product/22kw-three-phase-with-solar-optimiser/" "'DuckDuckBot-Https/1.1; (+https://duckduckgo.com/duckduckbot)'"
52.142.24.149 - - [04/Jul/2024:07:53:53 +1000] "GET /wp-content/plugins/advanced-product-fields-for-woocommerce/assets/css/frontend.min.css?ver=1.6.6 HTTP/1.1" 200 954 "http://www.pgkdistribution.com.au/product/22kw-three-phase-with-solar-optimiser/" "'DuckDuckBot-Https/1.1; (+https://duckduckgo.com/duckduckbot)'"
52.142.24.149 - - [04/Jul/2024:07:53:53 +1000] "GET /wp-content/plugins/contact-form-7/includes/css/styles.css?ver=5.7.7 HTTP/1.1" 200 1522 "http://www.pgkdistribution.com.au/product/22kw-three-phase-with-solar-optimiser/" "'DuckDuckBot-Https/1.1; (+https://duckduckgo.com/duckduckbot)'"
52.142.24.149 - - [04/Jul/2024:07:53:53 +1000] "GET /wp-content/plugins/tier-pricing-table/assets/frontend/main.css?ver=6.3.0 HTTP/1.1" 200 2013 "http://www.pgkdistribution.com.au/product/22kw-three-phase-with-solar-optimiser/" "'DuckDuckBot-Https/1.1; (+https://duckduckgo.com/duckduckbot)'"
52.142.24.149 - - [04/Jul/2024:07:53:53 +1000] "GET /wp-content/plugins/hide-price-add-to-cart-button/assets/css/afwhp_front.css?ver=1.0 HTTP/1.1" 200 744 "http://www.pgkdistribution.com.au/product/22kw-three-phase-with-solar-optimiser/" "'DuckDuckBot-Https/1.1; (+https://duckduckgo.com/duckduckbot)'"
52.142.24.149 - - [04/Jul/2024:07:53:53 +1000] "GET /wp-content/plugins/if-menu/assets/if-menu-site.css?ver=6.5.5 HTTP/1.1" 200 933 "http://www.pgkdistribution.com.au/product/22kw-three-phase-with-solar-optimiser/" "'DuckDuckBot-Https/1.1; (+https://duckduckgo.com/duckduckbot)'"
52.142.24.149 - - [04/Jul/2024:07:53:53 +1000] "GET /wp-content/themes/storefront/style.css?ver=3.9.1 HTTP/1.1" 200 10987 "http://www.pgkdistribution.com.au/product/22kw-three-phase-with-solar-optimiser/" "'DuckDuckBot-Https/1.1; (+https://duckduckgo.com/duckduckbot)'"
52.142.24.149 - - [04/Jul/2024:07:53:54 +1000] "GET /wp-content/themes/storefront/assets/css/jetpack/widgets.css?ver=3.9.1 HTTP/1.1" 200 613 "http://www.pgkdistribution.com.au/product/22kw-three-phase-with-solar-optimiser/" "'DuckDuckBot-Https/1.1; (+https://duckduckgo.com/duckduckbot)'"
52.142.24.149 - - [04/Jul/2024:07:53:54 +1000] "GET /wp-content/themes/storefront/assets/css/woocommerce/woocommerce.css?ver=3.9.1 HTTP/1.1" 200 11999 "http://www.pgkdistribution.com.au/product/22kw-three-phase-with-solar-optimiser/" "'DuckDuckBot-Https/1.1; (+https://duckduckgo.com/duckduckbot)'"
52.142.24.149 - - [04/Jul/2024:07:53:54 +1000] "GET /wp-content/plugins/storefront-hamburger-menu/assets/css/style.css?ver=1.2.2 HTTP/1.1" 200 1190 "http://www.pgkdistribution.com.au/product/22kw-three-phase-with-solar-optimiser/" "'DuckDuckBot-Https/1.1; (+https://duckduckgo.com/duckduckbot)'"
52.142.24.149 - - [04/Jul/2024:07:53:54 +1000] "GET /wp-content/themes/homestore/style.css?ver=2.0.33 HTTP/1.1" 200 15977 "http://www.pgkdistribution.com.au/product/22kw-three-phase-with-solar-optimiser/" "'DuckDuckBot-Https/1.1; (+https://duckduckgo.com/duckduckbot)'"
52.142.24.149 - - [04/Jul/2024:07:53:54 +1000] "GET /wp-content/plugins/storefront-footer-bar/assets/css/style.css?ver=6.5.5 HTTP/1.1" 200 652 "http://www.pgkdistribution.com.au/product/22kw-three-phase-with-solar-optimiser/" "'DuckDuckBot-Https/1.1; (+https://duckduckgo.com/duckduckbot)'"
52.142.24.149 - - [04/Jul/2024:07:53:54 +1000] "GET /wp-content/themes/storefront/assets/css/base/icons.css?ver=3.9.1 HTTP/1.1" 200 18547 "http://www.pgkdistribution.com.au/product/22kw-three-phase-with-solar-optimiser/" "'DuckDuckBot-Https/1.1; (+https://duckduckgo.com/duckduckbot)'"
52.142.24.149 - - [04/Jul/2024:07:53:54 +1000] "GET /wp-content/plugins/storefront-homepage-contact-section/assets/css/style.css?ver=6.5.5 HTTP/1.1" 200 1156 "http://www.pgkdistribution.com.au/product/22kw-three-phase-with-solar-optimiser/" "'DuckDuckBot-Https/1.1; (+https://duckduckgo.com/duckduckbot)'"
52.142.24.149 - - [04/Jul/2024:07:53:54 +1000] "GET /wp-content/plugins/gutentor/dist/gutentor-woocommerce.css?ver=3.2.7 HTTP/1.1" 200 1171 "http://www.pgkdistribution.com.au/product/22kw-three-phase-with-solar-optimiser/" "'DuckDuckBot-Https/1.1; (+https://duckduckgo.com/duckduckbot)'"
52.142.24.149 - - [04/Jul/2024:07:53:54 +1000] "GET /wp-content/plugins/user-registration-plugin-for-woocommerce/front/js/afreg_front.js?ver=1.0 HTTP/1.1" 200 2417 "http://www.pgkdistribution.com.au/product/22kw-three-phase-with-solar-optimiser/" "'DuckDuckBot-Https/1.1; (+https://duckduckgo.com/duckduckbot)'"
52.142.24.149 - - [04/Jul/2024:07:53:54 +1000] "GET /wp-content/plugins/user-registration-plugin-for-woocommerce/front/js/afreg_color_spectrum.js?ver=1.0 HTTP/1.1" 200 21591 "http://www.pgkdistribution.com.au/product/22kw-three-phase-with-solar-optimiser/" "'DuckDuckBot-Https/1.1; (+https://duckduckgo.com/duckduckbot)'"
52.142.24.149 - - [04/Jul/2024:07:53:54 +1000] "GET /wp-content/plugins/hide-price-add-to-cart-button/assets/js/afwhp_front.js?ver=1.0 HTTP/1.1" 200 382 "http://www.pgkdistribution.com.au/product/22kw-three-phase-with-solar-optimiser/" "'DuckDuckBot-Https/1.1; (+https://duckduckgo.com/duckduckbot)'"
52.142.24.149 - - [04/Jul/2024:07:53:54 +1000] "GET /wp-content/plugins/hide-price-add-to-cart-button/assets/js/jquery.popupoverlay.js?ver=1.0 HTTP/1.1" 200 7271 "http://www.pgkdistribution.com.au/product/22kw-three-phase-with-solar-optimiser/" "'DuckDuckBot-Https/1.1; (+https://duckduckgo.com/duckduckbot)'"
52.142.24.149 - - [04/Jul/2024:07:53:54 +1000] "GET /wp-content/plugins/gutentor/dist/blocks.style.build.css?ver=3.2.7 HTTP/1.1" 200 36975 "http://www.pgkdistribution.com.au/product/22kw-three-phase-with-solar-optimiser/" "'DuckDuckBot-Https/1.1; (+https://duckduckgo.com/duckduckbot)'"
52.142.24.149 - - [04/Jul/2024:07:53:54 +1000] "GET /wp-content/plugins/tier-pricing-table/assets/frontend/product-tiered-pricing-table.min.js?ver=6.3.0 HTTP/1.1" 200 5133 "http://www.pgkdistribution.com.au/product/22kw-three-phase-with-solar-optimiser/" "'DuckDuckBot-Https/1.1; (+https://duckduckgo.com/duckduckbot)'"
52.142.24.149 - - [04/Jul/2024:07:53:54 +1000] "GET /wp-content/plugins/gutentor/assets/library/wow/wow.min.js?ver=1.2.1 HTTP/1.1" 200 3463 "http://www.pgkdistribution.com.au/product/22kw-three-phase-with-solar-optimiser/" "'DuckDuckBot-Https/1.1; (+https://duckduckgo.com/duckduckbot)'"
52.142.24.149 - - [04/Jul/2024:07:53:54 +1000] "GET /wp-content/plugins/advanced-product-fields-for-woocommerce/assets/js/frontend.min.js?ver=1.6.6 HTTP/1.1" 200 2784 "http://www.pgkdistribution.com.au/product/22kw-three-phase-with-solar-optimiser/" "'DuckDuckBot-Https/1.1; (+https://duckduckgo.com/duckduckbot)'"
52.142.24.149 - - [04/Jul/2024:07:53:54 +1000] "GET /wp-content/plugins/contact-form-7/includes/swv/js/index.js?ver=5.7.7 HTTP/1.1" 200 3675 "http://www.pgkdistribution.com.au/product/22kw-three-phase-with-solar-optimiser/" "'DuckDuckBot-Https/1.1; (+https://duckduckgo.com/duckduckbot)'"
52.142.24.149 - - [04/Jul/2024:07:53:54 +1000] "GET /wp-content/plugins/contact-form-7/includes/js/index.js?ver=5.7.7 HTTP/1.1" 200 5037 "http://www.pgkdistribution.com.au/product/22kw-three-phase-with-solar-optimiser/" "'DuckDuckBot-Https/1.1; (+https://duckduckgo.com/duckduckbot)'"
52.142.24.149 - - [04/Jul/2024:07:53:54 +1000] "GET /wp-content/plugins/woocommerce-table-rate-shipping/assets/js/frontend-checkout.min.js?ver=3.1.4 HTTP/1.1" 200 608 "http://www.pgkdistribution.com.au/product/22kw-three-phase-with-solar-optimiser/" "'DuckDuckBot-Https/1.1; (+https://duckduckgo.com/duckduckbot)'"
52.142.24.149 - - [04/Jul/2024:07:53:54 +1000] "GET /wp-content/plugins/mailchimp-for-woocommerce/public/js/mailchimp-woocommerce-public.min.js?ver=2.7.2.01 HTTP/1.1" 200 2736 "http://www.pgkdistribution.com.au/product/22kw-three-phase-with-solar-optimiser/" "'DuckDuckBot-Https/1.1; (+https://duckduckgo.com/duckduckbot)'"
52.142.24.149 - - [04/Jul/2024:07:53:54 +1000] "GET /wp-content/themes/storefront/assets/js/navigation.min.js?ver=3.9.1 HTTP/1.1" 200 1410 "http://www.pgkdistribution.com.au/product/22kw-three-phase-with-solar-optimiser/" "'DuckDuckBot-Https/1.1; (+https://duckduckgo.com/duckduckbot)'"
52.142.24.149 - - [04/Jul/2024:07:53:54 +1000] "GET /wp-content/plugins/storefront-hamburger-menu/assets/js/frontend.min.js?ver=1.2.2 HTTP/1.1" 200 638 "http://www.pgkdistribution.com.au/product/22kw-three-phase-with-solar-optimiser/" "'DuckDuckBot-Https/1.1; (+https://duckduckgo.com/duckduckbot)'"
52.142.24.149 - - [04/Jul/2024:07:53:54 +1000] "GET /wp-content/plugins/contact-form-7/modules/recaptcha/index.js?ver=5.7.7 HTTP/1.1" 200 883 "http://www.pgkdistribution.com.au/product/22kw-three-phase-with-solar-optimiser/" "'DuckDuckBot-Https/1.1; (+https://duckduckgo.com/duckduckbot)'"
52.142.24.149 - - [04/Jul/2024:07:53:54 +1000] "GET /wp-content/themes/storefront/assets/js/woocommerce/header-cart.min.js?ver=3.9.1 HTTP/1.1" 200 678 "http://www.pgkdistribution.com.au/product/22kw-three-phase-with-solar-optimiser/" "'DuckDuckBot-Https/1.1; (+https://duckduckgo.com/duckduckbot)'"
52.142.24.149 - - [04/Jul/2024:07:53:55 +1000] "GET /wp-content/themes/storefront/assets/js/footer.min.js?ver=3.9.1 HTTP/1.1" 200 758 "http://www.pgkdistribution.com.au/product/22kw-three-phase-with-solar-optimiser/" "'DuckDuckBot-Https/1.1; (+https://duckduckgo.com/duckduckbot)'"
52.142.24.149 - - [04/Jul/2024:07:53:55 +1000] "GET /wp-content/plugins/gutentor/assets/js/gutentor.js?ver=3.2.7 HTTP/1.1" 200 14975 "http://www.pgkdistribution.com.au/product/22kw-three-phase-with-solar-optimiser/" "'DuckDuckBot-Https/1.1; (+https://duckduckgo.com/duckduckbot)'"
52.142.24.149 - - [04/Jul/2024:07:53:55 +1000] "GET /wp-content/themes/homestore/assets/js/homestore.min.js?ver=2.0.33 HTTP/1.1" 200 1468 "http://www.pgkdistribution.com.au/product/22kw-three-phase-with-solar-optimiser/" "'DuckDuckBot-Https/1.1; (+https://duckduckgo.com/duckduckbot)'"
52.142.24.149 - - [04/Jul/2024:07:53:55 +1000] "GET /wp-content/uploads/2023/01/Soltaro-EV-Charger-457x484.jpg HTTP/1.1" 200 11641 "http://www.pgkdistribution.com.au/product/22kw-three-phase-with-solar-optimiser/" "'DuckDuckBot-Https/1.1; (+https://duckduckgo.com/duckduckbot)'"
52.142.24.149 - - [04/Jul/2024:07:53:55 +1000] "GET /wp-content/themes/storefront/assets/js/sticky-add-to-cart.min.js?ver=3.9.1 HTTP/1.1" 200 889 "http://www.pgkdistribution.com.au/product/22kw-three-phase-with-solar-optimiser/" "'DuckDuckBot-Https/1.1; (+https://duckduckgo.com/duckduckbot)'"
52.142.24.149 - - [04/Jul/2024:07:53:55 +1000] "GET /wp-content/uploads/2021/10/Winch-Solar-Battery-Lifter-356x356.jpg HTTP/1.1" 200 11302 "http://www.pgkdistribution.com.au/product/22kw-three-phase-with-solar-optimiser/" "'DuckDuckBot-Https/1.1; (+https://duckduckgo.com/duckduckbot)'"
52.142.24.149 - - [04/Jul/2024:07:53:55 +1000] "GET /wp-content/uploads/2023/01/AP001-500x500-1-356x356.jpg HTTP/1.1" 200 5026 "http://www.pgkdistribution.com.au/product/22kw-three-phase-with-solar-optimiser/" "'DuckDuckBot-Https/1.1; (+https://duckduckgo.com/duckduckbot)'"
52.142.24.149 - - [04/Jul/2024:07:53:55 +1000] "GET /wp-content/uploads/2023/01/Soltaro-EV-Charger-356x356.jpg HTTP/1.1" 200 8378 "http://www.pgkdistribution.com.au/product/22kw-three-phase-with-solar-optimiser/" "'DuckDuckBot-Https/1.1; (+https://duckduckgo.com/duckduckbot)'"
52.142.24.149 - - [04/Jul/2024:07:53:55 +1000] "GET /wp-content/uploads/2021/06/AAA-USB-Rechargeable-Battery-2-Pack-with-Charging-Cable-356x356.jpg HTTP/1.1" 200 16194 "http://www.pgkdistribution.com.au/product/22kw-three-phase-with-solar-optimiser/" "'DuckDuckBot-Https/1.1; (+https://duckduckgo.com/duckduckbot)'"
52.142.24.149 - - [04/Jul/2024:07:53:55 +1000] "GET /wp-content/uploads/2023/01/Soltaro-AC-356x356.jpg HTTP/1.1" 200 3421 "http://www.pgkdistribution.com.au/product/22kw-three-phase-with-solar-optimiser/" "'DuckDuckBot-Https/1.1; (+https://duckduckgo.com/duckduckbot)'"
52.142.24.149 - - [04/Jul/2024:07:53:55 +1000] "GET /wp-content/plugins/gutentor/assets/library/fontawesome/webfonts/fa-regular-400.woff HTTP/1.1" 200 17126 "http://www.pgkdistribution.com.au/product/22kw-three-phase-with-solar-optimiser/" "'DuckDuckBot-Https/1.1; (+https://duckduckgo.com/duckduckbot)'"
52.142.24.149 - - [04/Jul/2024:07:53:55 +1000] "GET /wp-content/uploads/2023/01/Soltaro-EV-Charger.jpg HTTP/1.1" 200 26895 "http://www.pgkdistribution.com.au/product/22kw-three-phase-with-solar-optimiser/" "'DuckDuckBot-Https/1.1; (+https://duckduckgo.com/duckduckbot)'"
52.142.24.149 - - [04/Jul/2024:07:53:55 +1000] "GET /wp-content/themes/storefront/assets/fonts/fa-solid-900.woff HTTP/1.1" 200 103628 "http://www.pgkdistribution.com.au/product/22kw-three-phase-with-solar-optimiser/" "'DuckDuckBot-Https/1.1; (+https://duckduckgo.com/duckduckbot)'"
52.142.24.149 - - [04/Jul/2024:07:53:55 +1000] "GET /wp-content/plugins/gutentor/assets/library/fontawesome/webfonts/fa-solid-900.woff HTTP/1.1" 200 99323 "http://www.pgkdistribution.com.au/product/22kw-three-phase-with-solar-optimiser/" "'DuckDuckBot-Https/1.1; (+https://duckduckgo.com/duckduckbot)'"
52.142.24.149 - - [04/Jul/2024:07:53:55 +1000] "GET /wp-content/uploads/2021/05/PGK-Grey-font.png HTTP/1.1" 200 295284 "http://www.pgkdistribution.com.au/product/22kw-three-phase-with-solar-optimiser/" "'DuckDuckBot-Https/1.1; (+https://duckduckgo.com/duckduckbot)'"
52.142.24.149 - - [04/Jul/2024:07:53:55 +1000] "POST /?wc-ajax=get_refreshed_fragments HTTP/1.1" 200 928 "http://www.pgkdistribution.com.au/product/22kw-three-phase-with-solar-optimiser/" "'DuckDuckBot-Https/1.1; (+https://duckduckgo.com/duckduckbot)'"
170.106.159.160 - - [04/Jul/2024:07:54:12 +1000] "GET / HTTP/1.1" 301 497 "-" "Mozilla/5.0 (iPhone; CPU iPhone OS 13_2_3 like Mac OS X) AppleWebKit/605.1.15 (KHTML, like Gecko) Version/13.0.3 Mobile/15E148 Safari/604.1"
111.67.29.221 - - [04/Jul/2024:07:54:28 +1000] "POST /wp-cron.php?doing_wp_cron=1720043668.4570899009704589843750 HTTP/1.1" 200 296 "-" "WordPress/6.5.5; https://www.pgkdistribution.com.au"
52.142.24.149 - - [04/Jul/2024:07:54:27 +1000] "GET / HTTP/1.1" 301 497 "-" "'DuckDuckBot-Https/1.1; (+https://duckduckgo.com/duckduckbot)'"
111.67.29.221 - - [04/Jul/2024:07:55:19 +1000] "POST /wp-cron.php?doing_wp_cron=1720043719.0761120319366455078125 HTTP/1.1" 200 296 "-" "WordPress/6.5.5; https://www.pgkdistribution.com.au"
52.142.24.149 - - [04/Jul/2024:07:55:13 +1000] "GET /wp-json/ HTTP/1.1" 200 162668 "-" "'DuckDuckBot-Https/1.1; (+https://duckduckgo.com/duckduckbot)'"
52.142.24.149 - - [04/Jul/2024:07:55:47 +1000] "GET /product-tag/new/ HTTP/1.1" 200 19967 "-" "'DuckDuckBot-Https/1.1; (+https://duckduckgo.com/duckduckbot)'"
52.142.24.149 - - [04/Jul/2024:07:55:49 +1000] "GET /wp-content/plugins/user-registration-plugin-for-woocommerce/front/css/afreg_front.css?ver=1.0 HTTP/1.1" 200 1127 "http://www.pgkdistribution.com.au/product-tag/new/" "'DuckDuckBot-Https/1.1; (+https://duckduckgo.com/duckduckbot)'"
52.142.24.149 - - [04/Jul/2024:07:55:49 +1000] "GET /wp-content/plugins/gutentor/assets/library/magnific-popup/magnific-popup.min.css?ver=1.8.0 HTTP/1.1" 200 2183 "http://www.pgkdistribution.com.au/product-tag/new/" "'DuckDuckBot-Https/1.1; (+https://duckduckgo.com/duckduckbot)'"
52.142.24.149 - - [04/Jul/2024:07:55:49 +1000] "GET /wp-content/plugins/gutentor/assets/library/slick/slick.min.css?ver=1.8.1 HTTP/1.1" 200 950 "http://www.pgkdistribution.com.au/product-tag/new/" "'DuckDuckBot-Https/1.1; (+https://duckduckgo.com/duckduckbot)'"
52.142.24.149 - - [04/Jul/2024:07:55:49 +1000] "GET /wp-content/plugins/user-registration-plugin-for-woocommerce/front/css/afreg_color_spectrum.css?ver=1.0 HTTP/1.1" 200 4952 "http://www.pgkdistribution.com.au/product-tag/new/" "'DuckDuckBot-Https/1.1; (+https://duckduckgo.com/duckduckbot)'"
52.142.24.149 - - [04/Jul/2024:07:55:49 +1000] "GET /wp-content/plugins/woo-gutenberg-products-block/build/wc-blocks.css?ver=10.8.1 HTTP/1.1" 200 3311 "http://www.pgkdistribution.com.au/product-tag/new/" "'DuckDuckBot-Https/1.1; (+https://duckduckgo.com/duckduckbot)'"
52.142.24.149 - - [04/Jul/2024:07:55:49 +1000] "GET /wp-content/plugins/woo-gutenberg-products-block/build/active-filters.css?ver=10.8.1 HTTP/1.1" 200 2749 "http://www.pgkdistribution.com.au/product-tag/new/" "'DuckDuckBot-Https/1.1; (+https://duckduckgo.com/duckduckbot)'"
52.142.24.149 - - [04/Jul/2024:07:55:49 +1000] "GET /wp-content/plugins/woo-gutenberg-products-block/build/add-to-cart-form.css?ver=10.8.1 HTTP/1.1" 200 793 "http://www.pgkdistribution.com.au/product-tag/new/" "'DuckDuckBot-Https/1.1; (+https://duckduckgo.com/duckduckbot)'"
52.142.24.149 - - [04/Jul/2024:07:55:49 +1000] "GET /wp-content/plugins/woo-gutenberg-products-block/build/packages-style.css?ver=10.8.1 HTTP/1.1" 200 4745 "http://www.pgkdistribution.com.au/product-tag/new/" "'DuckDuckBot-Https/1.1; (+https://duckduckgo.com/duckduckbot)'"
52.142.24.149 - - [04/Jul/2024:07:55:49 +1000] "GET /wp-content/plugins/woo-gutenberg-products-block/build/all-products.css?ver=10.8.1 HTTP/1.1" 200 5625 "http://www.pgkdistribution.com.au/product-tag/new/" "'DuckDuckBot-Https/1.1; (+https://duckduckgo.com/duckduckbot)'"
52.142.24.149 - - [04/Jul/2024:07:55:49 +1000] "GET /wp-content/plugins/woo-gutenberg-products-block/build/all-reviews.css?ver=10.8.1 HTTP/1.1" 200 2401 "http://www.pgkdistribution.com.au/product-tag/new/" "'DuckDuckBot-Https/1.1; (+https://duckduckgo.com/duckduckbot)'"
52.142.24.149 - - [04/Jul/2024:07:55:49 +1000] "GET /wp-content/plugins/woo-gutenberg-products-block/build/attribute-filter.css?ver=10.8.1 HTTP/1.1" 200 5613 "http://www.pgkdistribution.com.au/product-tag/new/" "'DuckDuckBot-Https/1.1; (+https://duckduckgo.com/duckduckbot)'"
52.142.24.149 - - [04/Jul/2024:07:55:49 +1000] "GET /wp-content/plugins/woo-gutenberg-products-block/build/breadcrumbs.css?ver=10.8.1 HTTP/1.1" 200 670 "http://www.pgkdistribution.com.au/product-tag/new/" "'DuckDuckBot-Https/1.1; (+https://duckduckgo.com/duckduckbot)'"
