111.67.29.221 - - [04/Jul/2024:08:08:35 +1000] "POST /wp-cron.php?doing_wp_cron=1720044515.6521840095520019531250 HTTP/1.1" 200 296 "-" "WordPress/6.5.5; https://www.pgkdistribution.com.au"
188.23.46.228 - - [04/Jul/2024:08:08:31 +1000] "GET /contact-us/ HTTP/1.0" 200 87260 "http://www.pgkdistribution.com.au/contact-us/" "Mozilla/5.0 (Windows NT 10.0; Win64; x64) AppleWebKit/537.36 (KHTML, like Gecko) Chrome/120.0.6099.71 Safari/537.36"
23.178.112.100 - - [04/Jul/2024:08:14:06 +1000] "GET /.well-known/acme-challenge/OebD-LuIOetPitVPx_cCLAL5F2XKM7Cad0z9rtVdjF8 HTTP/1.1" 301 1002 "-" "Mozilla/5.0 (compatible; Let's Encrypt validation server; +https://www.letsencrypt.org)"
23.178.112.100 - - [04/Jul/2024:08:14:07 +1000] "GET /.well-known/acme-challenge/OebD-LuIOetPitVPx_cCLAL5F2XKM7Cad0z9rtVdjF8 HTTP/1.1" 404 969 "http://pgkdistribution.com.au/.well-known/acme-challenge/OebD-LuIOetPitVPx_cCLAL5F2XKM7Cad0z9rtVdjF8" "Mozilla/5.0 (compatible; Let's Encrypt validation server; +https://www.letsencrypt.org)"
14.116.236.91 - - [04/Jul/2024:08:26:44 +1000] "GET / HTTP/1.1" 301 969 "-" "Mozilla/5.0 (Linux; U; Android 2.3.7; en-us; Nexus One Build/FRF91) AppleWebKit/533.1 (KHTML, like Gecko) Version/4.0 Mobile Safari/533.1"
111.67.29.221 - - [04/Jul/2024:08:26:52 +1000] "POST /wp-cron.php?doing_wp_cron=1720045612.0895709991455078125000 HTTP/1.1" 200 296 "-" "WordPress/6.5.5; https://www.pgkdistribution.com.au"
106.55.200.246 - - [04/Jul/2024:08:26:46 +1000] "GET / HTTP/1.1" 301 497 "-" "Mozilla/5.0 (Linux; U; Android 2.3.7; en-us; Nexus One Build/FRF91) AppleWebKit/533.1 (KHTML, like Gecko) Version/4.0 Mobile Safari/533.1"
114.116.30.199 - - [04/Jul/2024:08:34:45 +1000] "GET / HTTP/1.1" 301 932 "-" "Mozilla/4.0 (compatible; MSIE 7.0; Windows NT 5.1; TencentTraveler ; EmbeddedWB 14.52 from: http://www.bsalsa.com/ EmbeddedWB 14.52; .NET CLR 2.0.50727; InfoPath.2; .NET CLR 3.0.04506.30; .NET CLR 3.0.04506.590; .NET CLR 3.0.04506.648; .NET CLR 3.5.21022)"
111.67.29.221 - - [04/Jul/2024:08:34:52 +1000] "POST /wp-cron.php?doing_wp_cron=1720046092.1297130584716796875000 HTTP/1.1" 200 296 "-" "WordPress/6.5.5; https://www.pgkdistribution.com.au"
114.116.30.199 - - [04/Jul/2024:08:34:46 +1000] "GET / HTTP/1.1" 301 460 "-" "Mozilla/4.0 (compatible; MSIE 7.0; Windows NT 5.1; TencentTraveler ; EmbeddedWB 14.52 from: http://www.bsalsa.com/ EmbeddedWB 14.52; .NET CLR 2.0.50727; InfoPath.2; .NET CLR 3.0.04506.30; .NET CLR 3.0.04506.590; .NET CLR 3.0.04506.648; .NET CLR 3.5.21022)"
66.249.65.69 - - [04/Jul/2024:08:43:30 +1000] "GET /product/klip-lok-406/ HTTP/1.1" 301 990 "-" "Mozilla/5.0 (Linux; Android 6.0.1; Nexus 5X Build/MMB29P) AppleWebKit/537.36 (KHTML, like Gecko) Chrome/125.0.6422.175 Mobile Safari/537.36 (compatible; Googlebot/2.1; +http://www.google.com/bot.html)"
66.249.73.196 - - [04/Jul/2024:08:43:31 +1000] "GET /robots.txt HTTP/1.1" 200 716 "-" "Mozilla/5.0 (compatible; Googlebot/2.1; +http://www.google.com/bot.html)"
66.249.73.196 - - [04/Jul/2024:08:43:36 +1000] "GET /product/klip-lok-406/ HTTP/1.1" 301 654 "-" "Mozilla/5.0 (Linux; Android 6.0.1; Nexus 5X Build/MMB29P) AppleWebKit/537.36 (KHTML, like Gecko) Chrome/125.0.6422.175 Mobile Safari/537.36 (compatible; Googlebot/2.1; +http://www.google.com/bot.html)"
40.77.167.241 - - [04/Jul/2024:09:13:36 +1000] "GET /product/clenergy-isolator-cover/ HTTP/1.1" 301 1001 "-" "Mozilla/5.0 AppleWebKit/537.36 (KHTML, like Gecko; compatible; bingbot/2.0; +http://www.bing.com/bingbot.htm) Chrome/116.0.1938.76 Safari/537.36"
66.249.65.68 - - [04/Jul/2024:09:28:30 +1000] "GET /product/klip-lok-406/ HTTP/1.1" 301 990 "-" "Mozilla/5.0 (Linux; Android 6.0.1; Nexus 5X Build/MMB29P) AppleWebKit/537.36 (KHTML, like Gecko) Chrome/125.0.6422.175 Mobile Safari/537.36 (compatible; Googlebot/2.1; +http://www.google.com/bot.html)"
100.29.38.78 - - [04/Jul/2024:10:13:14 +1000] "GET / HTTP/1.1" 301 969 "-" "Mozilla/5.0 (Windows NT 10.0; Win64; x64) AppleWebKit/537.36 (KHTML, like Gecko) Chrome/86.0.4240.75 Safari/537.36"
111.67.29.221 - - [04/Jul/2024:10:13:20 +1000] "POST /wp-cron.php?doing_wp_cron=1720052000.0617139339447021484375 HTTP/1.1" 200 296 "-" "WordPress/6.5.5; https://www.pgkdistribution.com.au"
100.29.38.78 - - [04/Jul/2024:10:13:15 +1000] "GET / HTTP/1.1" 301 497 "-" "Mozilla/5.0 (Windows NT 10.0; Win64; x64) AppleWebKit/537.36 (KHTML, like Gecko) Chrome/86.0.4240.75 Safari/537.36"
40.77.167.13 - - [04/Jul/2024:10:32:51 +1000] "GET /product/1200v-dc-isolator-genuine-mc4/ HTTP/1.1" 301 1007 "-" "Mozilla/5.0 AppleWebKit/537.36 (KHTML, like Gecko; compatible; bingbot/2.0; +http://www.bing.com/bingbot.htm) Chrome/116.0.1938.76 Safari/537.36"
66.249.65.68 - - [04/Jul/2024:11:20:37 +1000] "GET / HTTP/1.1" 301 969 "-" "Mozilla/5.0 (compatible; Googlebot/2.1; +http://www.google.com/bot.html)"
111.67.29.221 - - [04/Jul/2024:11:20:43 +1000] "POST /wp-cron.php?doing_wp_cron=1720056043.8912940025329589843750 HTTP/1.1" 200 296 "-" "WordPress/6.5.5; https://www.pgkdistribution.com.au"
66.249.73.198 - - [04/Jul/2024:11:20:38 +1000] "GET / HTTP/1.1" 301 497 "-" "Mozilla/5.0 (compatible; Googlebot/2.1; +http://www.google.com/bot.html)"
141.98.11.166 - - [04/Jul/2024:11:36:57 +1000] "GET /administrator/fileman/php/upload.php HTTP/1.0" 301 968 "-" "Mozilla/5.0 (Windows NT 6.3; Win64; x64) AppleWebKit/537.36 (KHTML, like Gecko) Chrome/75.0.3770.100 Safari/537.36"
83.99.151.66 - - [04/Jul/2024:11:59:43 +1000] "GET /robots.txt HTTP/1.1" 301 979 "-" "Mozilla/5.0 AppleWebKit/537.36 (KHTML, like Gecko; compatible; GeedoProductSearch; +http://www.geedo.com/product-search.html) Chrome/79.0.3945.88 Safari/537.36"
111.67.29.221 - - [04/Jul/2024:11:59:49 +1000] "POST /wp-cron.php?doing_wp_cron=1720058389.7840120792388916015625 HTTP/1.1" 200 296 "-" "WordPress/6.5.5; https://www.pgkdistribution.com.au"
83.99.151.64 - - [04/Jul/2024:11:59:44 +1000] "GET /robots.txt HTTP/1.1" 200 716 "-" "Mozilla/5.0 AppleWebKit/537.36 (KHTML, like Gecko; compatible; GeedoProductSearch; +http://www.geedo.com/product-search.html) Chrome/79.0.3945.88 Safari/537.36"
83.99.151.64 - - [04/Jul/2024:11:59:50 +1000] "GET /robots.txt HTTP/1.1" 301 979 "-" "Mozilla/5.0 AppleWebKit/537.36 (KHTML, like Gecko; compatible; GeedoProductSearch; +http://www.geedo.com/product-search.html) Chrome/79.0.3945.88 Safari/537.36"
83.99.151.64 - - [04/Jul/2024:11:59:51 +1000] "GET /robots.txt HTTP/1.1" 200 716 "-" "Mozilla/5.0 AppleWebKit/537.36 (KHTML, like Gecko; compatible; GeedoProductSearch; +http://www.geedo.com/product-search.html) Chrome/79.0.3945.88 Safari/537.36"
83.99.151.64 - - [04/Jul/2024:11:59:53 +1000] "GET / HTTP/1.1" 301 969 "-" "Mozilla/5.0 AppleWebKit/537.36 (KHTML, like Gecko; compatible; GeedoProductSearch; +http://www.geedo.com/product-search.html) Chrome/79.0.3945.88 Safari/537.36"
83.99.151.64 - - [04/Jul/2024:11:59:53 +1000] "GET / HTTP/1.1" 301 497 "-" "Mozilla/5.0 AppleWebKit/537.36 (KHTML, like Gecko; compatible; GeedoProductSearch; +http://www.geedo.com/product-search.html) Chrome/79.0.3945.88 Safari/537.36"
83.99.151.71 - - [04/Jul/2024:12:00:03 +1000] "GET /robots.txt HTTP/1.1" 200 716 "-" "Mozilla/5.0 AppleWebKit/537.36 (KHTML, like Gecko; compatible; GeedoProductSearch; +http://www.geedo.com/product-search.html) Chrome/79.0.3945.88 Safari/537.36"
193.3.19.208 - - [04/Jul/2024:13:05:26 +1000] "GET / HTTP/1.1" 301 969 "-" "Mozilla/5.0 (Windows NT 5.1; rv:5.0) Gecko/20100101 Firefox/5.0"
111.67.29.221 - - [04/Jul/2024:13:05:33 +1000] "POST /wp-cron.php?doing_wp_cron=1720062333.7736170291900634765625 HTTP/1.1" 200 296 "-" "WordPress/6.5.5; https://www.pgkdistribution.com.au"
193.3.19.208 - - [04/Jul/2024:13:05:27 +1000] "GET / HTTP/1.1" 301 497 "-" "Mozilla/5.0 (Windows NT 5.1; rv:5.0) Gecko/20100101 Firefox/5.0"
54.36.148.218 - - [04/Jul/2024:13:16:16 +1000] "GET /robots.txt HTTP/1.1" 200 716 "-" "Mozilla/5.0 (compatible; AhrefsBot/7.0; +http://ahrefs.com/robot/)"
91.92.244.113 - - [04/Jul/2024:13:17:48 +1000] "GET /wp-includes/Requests/about.php HTTP/1.1" 301 999 "-" "Mozlila/5.0 (Linux; Android 7.0; SM-G892A Bulid/NRD90M; wv) AppleWebKit/537.36 (KHTML, like Gecko) Version/4.0 Chrome/60.0.3112.107 Moblie Safari/537.36"
111.67.29.221 - - [04/Jul/2024:13:17:58 +1000] "POST /wp-cron.php?doing_wp_cron=1720063077.9915900230407714843750 HTTP/1.1" 200 296 "-" "WordPress/6.5.5; https://www.pgkdistribution.com.au"
91.92.244.113 - - [04/Jul/2024:13:17:56 +1000] "GET /wp-includes/Requests/about.php HTTP/1.1" 404 20349 "-" "Mozlila/5.0 (Linux; Android 7.0; SM-G892A Bulid/NRD90M; wv) AppleWebKit/537.36 (KHTML, like Gecko) Version/4.0 Chrome/60.0.3112.107 Moblie Safari/537.36"
91.92.244.113 - - [04/Jul/2024:13:18:05 +1000] "GET /wp-includes/ID3/getid3.php HTTP/1.1" 301 995 "-" "Mozlila/5.0 (Linux; Android 7.0; SM-G892A Bulid/NRD90M; wv) AppleWebKit/537.36 (KHTML, like Gecko) Version/4.0 Chrome/60.0.3112.107 Moblie Safari/537.36"
91.92.244.113 - - [04/Jul/2024:13:18:12 +1000] "GET /wp-includes/ID3/getid3.php HTTP/1.1" 200 240 "-" "Mozlila/5.0 (Linux; Android 7.0; SM-G892A Bulid/NRD90M; wv) AppleWebKit/537.36 (KHTML, like Gecko) Version/4.0 Chrome/60.0.3112.107 Moblie Safari/537.36"
91.92.244.113 - - [04/Jul/2024:13:18:19 +1000] "GET /wp-content/plugins/elp.php HTTP/1.1" 301 995 "-" "Mozlila/5.0 (Linux; Android 7.0; SM-G892A Bulid/NRD90M; wv) AppleWebKit/537.36 (KHTML, like Gecko) Version/4.0 Chrome/60.0.3112.107 Moblie Safari/537.36"
91.92.244.113 - - [04/Jul/2024:13:18:28 +1000] "GET /wp-content/plugins/elp.php HTTP/1.1" 404 20347 "-" "Mozlila/5.0 (Linux; Android 7.0; SM-G892A Bulid/NRD90M; wv) AppleWebKit/537.36 (KHTML, like Gecko) Version/4.0 Chrome/60.0.3112.107 Moblie Safari/537.36"
91.92.244.113 - - [04/Jul/2024:13:18:38 +1000] "GET /wp-blog-header.php HTTP/1.1" 301 987 "-" "Mozlila/5.0 (Linux; Android 7.0; SM-G892A Bulid/NRD90M; wv) AppleWebKit/537.36 (KHTML, like Gecko) Version/4.0 Chrome/60.0.3112.107 Moblie Safari/537.36"
111.67.29.221 - - [04/Jul/2024:13:18:50 +1000] "POST /wp-cron.php?doing_wp_cron=1720063130.1589369773864746093750 HTTP/1.1" 200 296 "-" "WordPress/6.5.5; https://www.pgkdistribution.com.au"
91.92.244.113 - - [04/Jul/2024:13:18:45 +1000] "GET /wp-blog-header.php HTTP/1.1" 404 527 "-" "Mozlila/5.0 (Linux; Android 7.0; SM-G892A Bulid/NRD90M; wv) AppleWebKit/537.36 (KHTML, like Gecko) Version/4.0 Chrome/60.0.3112.107 Moblie Safari/537.36"
91.92.244.113 - - [04/Jul/2024:13:18:55 +1000] "GET /wp-admin/network/about.php HTTP/1.1" 301 995 "-" "Mozlila/5.0 (Linux; Android 7.0; SM-G892A Bulid/NRD90M; wv) AppleWebKit/537.36 (KHTML, like Gecko) Version/4.0 Chrome/60.0.3112.107 Moblie Safari/537.36"
91.92.244.113 - - [04/Jul/2024:13:19:03 +1000] "GET /wp-admin/network/about.php HTTP/1.1" 302 644 "-" "Mozlila/5.0 (Linux; Android 7.0; SM-G892A Bulid/NRD90M; wv) AppleWebKit/537.36 (KHTML, like Gecko) Version/4.0 Chrome/60.0.3112.107 Moblie Safari/537.36"
91.92.244.113 - - [04/Jul/2024:13:19:30 +1000] "GET /wp-includes/PHPMailer/Exception.php HTTP/1.1" 301 1004 "-" "Mozlila/5.0 (Linux; Android 7.0; SM-G892A Bulid/NRD90M; wv) AppleWebKit/537.36 (KHTML, like Gecko) Version/4.0 Chrome/60.0.3112.107 Moblie Safari/537.36"
91.92.244.113 - - [04/Jul/2024:13:19:35 +1000] "GET /wp-includes/PHPMailer/Exception.php HTTP/1.1" 200 240 "-" "Mozlila/5.0 (Linux; Android 7.0; SM-G892A Bulid/NRD90M; wv) AppleWebKit/537.36 (KHTML, like Gecko) Version/4.0 Chrome/60.0.3112.107 Moblie Safari/537.36"
91.92.244.113 - - [04/Jul/2024:13:19:40 +1000] "GET /wp-includes/PHPMailer/PHPMailer.php HTTP/1.1" 301 1004 "-" "Mozlila/5.0 (Linux; Android 7.0; SM-G892A Bulid/NRD90M; wv) AppleWebKit/537.36 (KHTML, like Gecko) Version/4.0 Chrome/60.0.3112.107 Moblie Safari/537.36"
91.92.244.113 - - [04/Jul/2024:13:19:45 +1000] "GET /wp-includes/PHPMailer/PHPMailer.php HTTP/1.1" 200 240 "-" "Mozlila/5.0 (Linux; Android 7.0; SM-G892A Bulid/NRD90M; wv) AppleWebKit/537.36 (KHTML, like Gecko) Version/4.0 Chrome/60.0.3112.107 Moblie Safari/537.36"
91.92.244.113 - - [04/Jul/2024:13:19:50 +1000] "GET /wp-includes/PHPMailer/SMTP.php HTTP/1.1" 301 999 "-" "Mozlila/5.0 (Linux; Android 7.0; SM-G892A Bulid/NRD90M; wv) AppleWebKit/537.36 (KHTML, like Gecko) Version/4.0 Chrome/60.0.3112.107 Moblie Safari/537.36"
91.92.244.113 - - [04/Jul/2024:13:19:54 +1000] "GET /wp-includes/PHPMailer/SMTP.php HTTP/1.1" 200 240 "-" "Mozlila/5.0 (Linux; Android 7.0; SM-G892A Bulid/NRD90M; wv) AppleWebKit/537.36 (KHTML, like Gecko) Version/4.0 Chrome/60.0.3112.107 Moblie Safari/537.36"
91.92.244.113 - - [04/Jul/2024:13:20:00 +1000] "GET /wp-includes/Requests/input.php HTTP/1.1" 301 999 "-" "Mozlila/5.0 (Linux; Android 7.0; SM-G892A Bulid/NRD90M; wv) AppleWebKit/537.36 (KHTML, like Gecko) Version/4.0 Chrome/60.0.3112.107 Moblie Safari/537.36"
91.92.244.113 - - [04/Jul/2024:13:20:04 +1000] "GET /wp-includes/Requests/input.php HTTP/1.1" 404 20349 "-" "Mozlila/5.0 (Linux; Android 7.0; SM-G892A Bulid/NRD90M; wv) AppleWebKit/537.36 (KHTML, like Gecko) Version/4.0 Chrome/60.0.3112.107 Moblie Safari/537.36"
91.92.244.113 - - [04/Jul/2024:13:20:13 +1000] "GET /wp-includes/Requests/library/Requests.php HTTP/1.1" 301 1010 "-" "Mozlila/5.0 (Linux; Android 7.0; SM-G892A Bulid/NRD90M; wv) AppleWebKit/537.36 (KHTML, like Gecko) Version/4.0 Chrome/60.0.3112.107 Moblie Safari/537.36"
91.92.244.113 - - [04/Jul/2024:13:20:18 +1000] "GET /wp-includes/Requests/library/Requests.php HTTP/1.1" 500 259 "-" "Mozlila/5.0 (Linux; Android 7.0; SM-G892A Bulid/NRD90M; wv) AppleWebKit/537.36 (KHTML, like Gecko) Version/4.0 Chrome/60.0.3112.107 Moblie Safari/537.36"
91.92.244.113 - - [04/Jul/2024:13:20:24 +1000] "GET /wp-includes/widgets/wp-login.php HTTP/1.1" 301 1001 "-" "Mozlila/5.0 (Linux; Android 7.0; SM-G892A Bulid/NRD90M; wv) AppleWebKit/537.36 (KHTML, like Gecko) Version/4.0 Chrome/60.0.3112.107 Moblie Safari/537.36"
91.92.244.113 - - [04/Jul/2024:13:20:27 +1000] "GET /wp-includes/widgets/wp-login.php HTTP/1.1" 404 20348 "-" "Mozlila/5.0 (Linux; Android 7.0; SM-G892A Bulid/NRD90M; wv) AppleWebKit/537.36 (KHTML, like Gecko) Version/4.0 Chrome/60.0.3112.107 Moblie Safari/537.36"
91.92.244.113 - - [04/Jul/2024:13:20:38 +1000] "GET /wp-admin/css/index.php HTTP/1.1" 301 991 "-" "Mozlila/5.0 (Linux; Android 7.0; SM-G892A Bulid/NRD90M; wv) AppleWebKit/537.36 (KHTML, like Gecko) Version/4.0 Chrome/60.0.3112.107 Moblie Safari/537.36"
91.92.244.113 - - [04/Jul/2024:13:20:42 +1000] "GET /wp-admin/css/index.php HTTP/1.1" 301 628 "-" "Mozlila/5.0 (Linux; Android 7.0; SM-G892A Bulid/NRD90M; wv) AppleWebKit/537.36 (KHTML, like Gecko) Version/4.0 Chrome/60.0.3112.107 Moblie Safari/537.36"
91.92.244.113 - - [04/Jul/2024:13:20:45 +1000] "GET /wp-admin/css/ HTTP/1.1" 404 931 "-" "Mozlila/5.0 (Linux; Android 7.0; SM-G892A Bulid/NRD90M; wv) AppleWebKit/537.36 (KHTML, like Gecko) Version/4.0 Chrome/60.0.3112.107 Moblie Safari/537.36"
91.92.244.113 - - [04/Jul/2024:13:20:51 +1000] "GET /wp-admin/images/index.php HTTP/1.1" 301 994 "-" "Mozlila/5.0 (Linux; Android 7.0; SM-G892A Bulid/NRD90M; wv) AppleWebKit/537.36 (KHTML, like Gecko) Version/4.0 Chrome/60.0.3112.107 Moblie Safari/537.36"
111.67.29.221 - - [04/Jul/2024:13:20:57 +1000] "POST /wp-cron.php?doing_wp_cron=1720063257.0297949314117431640625 HTTP/1.1" 200 296 "-" "WordPress/6.5.5; https://www.pgkdistribution.com.au"
91.92.244.113 - - [04/Jul/2024:13:20:55 +1000] "GET /wp-admin/images/index.php HTTP/1.1" 301 634 "-" "Mozlila/5.0 (Linux; Android 7.0; SM-G892A Bulid/NRD90M; wv) AppleWebKit/537.36 (KHTML, like Gecko) Version/4.0 Chrome/60.0.3112.107 Moblie Safari/537.36"
91.92.244.113 - - [04/Jul/2024:13:20:57 +1000] "GET /wp-admin/images/ HTTP/1.1" 404 931 "-" "Mozlila/5.0 (Linux; Android 7.0; SM-G892A Bulid/NRD90M; wv) AppleWebKit/537.36 (KHTML, like Gecko) Version/4.0 Chrome/60.0.3112.107 Moblie Safari/537.36"
91.92.244.113 - - [04/Jul/2024:13:21:01 +1000] "GET /wp-admin/maint/index.php HTTP/1.1" 301 993 "-" "Mozlila/5.0 (Linux; Android 7.0; SM-G892A Bulid/NRD90M; wv) AppleWebKit/537.36 (KHTML, like Gecko) Version/4.0 Chrome/60.0.3112.107 Moblie Safari/537.36"
91.92.244.113 - - [04/Jul/2024:13:21:05 +1000] "GET /wp-admin/maint/index.php HTTP/1.1" 301 632 "-" "Mozlila/5.0 (Linux; Android 7.0; SM-G892A Bulid/NRD90M; wv) AppleWebKit/537.36 (KHTML, like Gecko) Version/4.0 Chrome/60.0.3112.107 Moblie Safari/537.36"
91.92.244.113 - - [04/Jul/2024:13:21:08 +1000] "GET /wp-admin/maint/ HTTP/1.1" 404 931 "-" "Mozlila/5.0 (Linux; Android 7.0; SM-G892A Bulid/NRD90M; wv) AppleWebKit/537.36 (KHTML, like Gecko) Version/4.0 Chrome/60.0.3112.107 Moblie Safari/537.36"
91.92.244.113 - - [04/Jul/2024:13:21:17 +1000] "GET /wp-admin/meta/index.php HTTP/1.1" 301 992 "-" "Mozlila/5.0 (Linux; Android 7.0; SM-G892A Bulid/NRD90M; wv) AppleWebKit/537.36 (KHTML, like Gecko) Version/4.0 Chrome/60.0.3112.107 Moblie Safari/537.36"
91.92.244.113 - - [04/Jul/2024:13:21:24 +1000] "GET /wp-admin/meta/index.php HTTP/1.1" 301 630 "-" "Mozlila/5.0 (Linux; Android 7.0; SM-G892A Bulid/NRD90M; wv) AppleWebKit/537.36 (KHTML, like Gecko) Version/4.0 Chrome/60.0.3112.107 Moblie Safari/537.36"
91.92.244.113 - - [04/Jul/2024:13:21:26 +1000] "GET /wp-admin/meta/ HTTP/1.1" 404 20206 "-" "Mozlila/5.0 (Linux; Android 7.0; SM-G892A Bulid/NRD90M; wv) AppleWebKit/537.36 (KHTML, like Gecko) Version/4.0 Chrome/60.0.3112.107 Moblie Safari/537.36"
91.92.244.113 - - [04/Jul/2024:13:21:34 +1000] "GET /wp-admin/network/index.php HTTP/1.1" 301 995 "-" "Mozlila/5.0 (Linux; Android 7.0; SM-G892A Bulid/NRD90M; wv) AppleWebKit/537.36 (KHTML, like Gecko) Version/4.0 Chrome/60.0.3112.107 Moblie Safari/537.36"
91.92.244.113 - - [04/Jul/2024:13:21:40 +1000] "GET /wp-admin/network/index.php HTTP/1.1" 302 644 "-" "Mozlila/5.0 (Linux; Android 7.0; SM-G892A Bulid/NRD90M; wv) AppleWebKit/537.36 (KHTML, like Gecko) Version/4.0 Chrome/60.0.3112.107 Moblie Safari/537.36"
91.92.244.113 - - [04/Jul/2024:13:21:56 +1000] "GET /wp-admin/user/index.php HTTP/1.1" 301 992 "-" "Mozlila/5.0 (Linux; Android 7.0; SM-G892A Bulid/NRD90M; wv) AppleWebKit/537.36 (KHTML, like Gecko) Version/4.0 Chrome/60.0.3112.107 Moblie Safari/537.36"
91.92.244.113 - - [04/Jul/2024:13:22:02 +1000] "GET /wp-admin/user/index.php HTTP/1.1" 302 638 "-" "Mozlila/5.0 (Linux; Android 7.0; SM-G892A Bulid/NRD90M; wv) AppleWebKit/537.36 (KHTML, like Gecko) Version/4.0 Chrome/60.0.3112.107 Moblie Safari/537.36"
91.92.244.113 - - [04/Jul/2024:13:22:23 +1000] "GET /wp-content/plugins/index.php HTTP/1.1" 301 997 "-" "Mozlila/5.0 (Linux; Android 7.0; SM-G892A Bulid/NRD90M; wv) AppleWebKit/537.36 (KHTML, like Gecko) Version/4.0 Chrome/60.0.3112.107 Moblie Safari/537.36"
91.92.244.113 - - [04/Jul/2024:13:22:29 +1000] "GET /wp-content/plugins/index.php HTTP/1.1" 200 240 "-" "Mozlila/5.0 (Linux; Android 7.0; SM-G892A Bulid/NRD90M; wv) AppleWebKit/537.36 (KHTML, like Gecko) Version/4.0 Chrome/60.0.3112.107 Moblie Safari/537.36"
91.92.244.113 - - [04/Jul/2024:13:22:37 +1000] "GET /wp-content/themes/index.php HTTP/1.1" 301 996 "-" "Mozlila/5.0 (Linux; Android 7.0; SM-G892A Bulid/NRD90M; wv) AppleWebKit/537.36 (KHTML, like Gecko) Version/4.0 Chrome/60.0.3112.107 Moblie Safari/537.36"
91.92.244.113 - - [04/Jul/2024:13:22:45 +1000] "GET /wp-content/themes/index.php HTTP/1.1" 200 240 "-" "Mozlila/5.0 (Linux; Android 7.0; SM-G892A Bulid/NRD90M; wv) AppleWebKit/537.36 (KHTML, like Gecko) Version/4.0 Chrome/60.0.3112.107 Moblie Safari/537.36"
91.92.244.113 - - [04/Jul/2024:13:22:51 +1000] "GET /wp-admin/includes/index.php HTTP/1.1" 301 996 "-" "Mozlila/5.0 (Linux; Android 7.0; SM-G892A Bulid/NRD90M; wv) AppleWebKit/537.36 (KHTML, like Gecko) Version/4.0 Chrome/60.0.3112.107 Moblie Safari/537.36"
91.92.244.113 - - [04/Jul/2024:13:22:57 +1000] "GET /wp-admin/includes/index.php HTTP/1.1" 301 638 "-" "Mozlila/5.0 (Linux; Android 7.0; SM-G892A Bulid/NRD90M; wv) AppleWebKit/537.36 (KHTML, like Gecko) Version/4.0 Chrome/60.0.3112.107 Moblie Safari/537.36"
91.92.244.113 - - [04/Jul/2024:13:22:59 +1000] "GET /wp-admin/includes/ HTTP/1.1" 404 931 "-" "Mozlila/5.0 (Linux; Android 7.0; SM-G892A Bulid/NRD90M; wv) AppleWebKit/537.36 (KHTML, like Gecko) Version/4.0 Chrome/60.0.3112.107 Moblie Safari/537.36"
91.92.244.113 - - [04/Jul/2024:13:23:03 +1000] "GET /wp-admin/index.php HTTP/1.1" 301 987 "-" "Mozlila/5.0 (Linux; Android 7.0; SM-G892A Bulid/NRD90M; wv) AppleWebKit/537.36 (KHTML, like Gecko) Version/4.0 Chrome/60.0.3112.107 Moblie Safari/537.36"
91.92.244.113 - - [04/Jul/2024:13:23:07 +1000] "GET /wp-admin/index.php HTTP/1.1" 302 626 "-" "Mozlila/5.0 (Linux; Android 7.0; SM-G892A Bulid/NRD90M; wv) AppleWebKit/537.36 (KHTML, like Gecko) Version/4.0 Chrome/60.0.3112.107 Moblie Safari/537.36"
91.92.244.113 - - [04/Jul/2024:13:23:32 +1000] "GET /wp-admin/css/colors/ectoplasm/index.php HTTP/1.1" 301 1008 "-" "Mozlila/5.0 (Linux; Android 7.0; SM-G892A Bulid/NRD90M; wv) AppleWebKit/537.36 (KHTML, like Gecko) Version/4.0 Chrome/60.0.3112.107 Moblie Safari/537.36"
91.92.244.113 - - [04/Jul/2024:13:23:38 +1000] "GET /wp-admin/css/colors/ectoplasm/index.php HTTP/1.1" 301 666 "-" "Mozlila/5.0 (Linux; Android 7.0; SM-G892A Bulid/NRD90M; wv) AppleWebKit/537.36 (KHTML, like Gecko) Version/4.0 Chrome/60.0.3112.107 Moblie Safari/537.36"
91.92.244.113 - - [04/Jul/2024:13:23:40 +1000] "GET /wp-admin/css/colors/ectoplasm/ HTTP/1.1" 404 931 "-" "Mozlila/5.0 (Linux; Android 7.0; SM-G892A Bulid/NRD90M; wv) AppleWebKit/537.36 (KHTML, like Gecko) Version/4.0 Chrome/60.0.3112.107 Moblie Safari/537.36"
91.92.244.113 - - [04/Jul/2024:13:23:44 +1000] "GET /wp-admin/css/colors/index.php HTTP/1.1" 301 998 "-" "Mozlila/5.0 (Linux; Android 7.0; SM-G892A Bulid/NRD90M; wv) AppleWebKit/537.36 (KHTML, like Gecko) Version/4.0 Chrome/60.0.3112.107 Moblie Safari/537.36"
111.67.29.221 - - [04/Jul/2024:13:23:50 +1000] "POST /wp-cron.php?doing_wp_cron=1720063430.9538838863372802734375 HTTP/1.1" 200 296 "-" "WordPress/6.5.5; https://www.pgkdistribution.com.au"
91.92.244.113 - - [04/Jul/2024:13:23:49 +1000] "GET /wp-admin/css/colors/index.php HTTP/1.1" 301 644 "-" "Mozlila/5.0 (Linux; Android 7.0; SM-G892A Bulid/NRD90M; wv) AppleWebKit/537.36 (KHTML, like Gecko) Version/4.0 Chrome/60.0.3112.107 Moblie Safari/537.36"
91.92.244.113 - - [04/Jul/2024:13:23:51 +1000] "GET /wp-admin/css/colors/ HTTP/1.1" 404 931 "-" "Mozlila/5.0 (Linux; Android 7.0; SM-G892A Bulid/NRD90M; wv) AppleWebKit/537.36 (KHTML, like Gecko) Version/4.0 Chrome/60.0.3112.107 Moblie Safari/537.36"
91.92.244.113 - - [04/Jul/2024:13:23:56 +1000] "GET /elp.php HTTP/1.1" 301 976 "-" "Mozlila/5.0 (Linux; Android 7.0; SM-G892A Bulid/NRD90M; wv) AppleWebKit/537.36 (KHTML, like Gecko) Version/4.0 Chrome/60.0.3112.107 Moblie Safari/537.36"
91.92.244.113 - - [04/Jul/2024:13:24:02 +1000] "GET /elp.php HTTP/1.1" 404 20193 "-" "Mozlila/5.0 (Linux; Android 7.0; SM-G892A Bulid/NRD90M; wv) AppleWebKit/537.36 (KHTML, like Gecko) Version/4.0 Chrome/60.0.3112.107 Moblie Safari/537.36"
91.92.244.113 - - [04/Jul/2024:13:24:20 +1000] "GET /moon.php HTTP/1.1" 301 977 "-" "Mozlila/5.0 (Linux; Android 7.0; SM-G892A Bulid/NRD90M; wv) AppleWebKit/537.36 (KHTML, like Gecko) Version/4.0 Chrome/60.0.3112.107 Moblie Safari/537.36"
111.67.29.221 - - [04/Jul/2024:13:24:27 +1000] "POST /wp-cron.php?doing_wp_cron=1720063467.3938388824462890625000 HTTP/1.1" 200 296 "-" "WordPress/6.5.5; https://www.pgkdistribution.com.au"
91.92.244.113 - - [04/Jul/2024:13:24:26 +1000] "GET /moon.php HTTP/1.1" 404 20196 "-" "Mozlila/5.0 (Linux; Android 7.0; SM-G892A Bulid/NRD90M; wv) AppleWebKit/537.36 (KHTML, like Gecko) Version/4.0 Chrome/60.0.3112.107 Moblie Safari/537.36"
91.92.244.113 - - [04/Jul/2024:13:24:32 +1000] "GET /wp-info.php HTTP/1.1" 301 980 "-" "Mozlila/5.0 (Linux; Android 7.0; SM-G892A Bulid/NRD90M; wv) AppleWebKit/537.36 (KHTML, like Gecko) Version/4.0 Chrome/60.0.3112.107 Moblie Safari/537.36"
91.92.244.113 - - [04/Jul/2024:13:24:36 +1000] "GET /wp-info.php HTTP/1.1" 404 20198 "-" "Mozlila/5.0 (Linux; Android 7.0; SM-G892A Bulid/NRD90M; wv) AppleWebKit/537.36 (KHTML, like Gecko) Version/4.0 Chrome/60.0.3112.107 Moblie Safari/537.36"
91.92.244.113 - - [04/Jul/2024:13:24:46 +1000] "GET /wp-admin.php HTTP/1.1" 301 981 "-" "Mozlila/5.0 (Linux; Android 7.0; SM-G892A Bulid/NRD90M; wv) AppleWebKit/537.36 (KHTML, like Gecko) Version/4.0 Chrome/60.0.3112.107 Moblie Safari/537.36"
111.67.29.221 - - [04/Jul/2024:13:24:53 +1000] "POST /wp-cron.php?doing_wp_cron=1720063493.3280649185180664062500 HTTP/1.1" 200 296 "-" "WordPress/6.5.5; https://www.pgkdistribution.com.au"
91.92.244.113 - - [04/Jul/2024:13:24:52 +1000] "GET /wp-admin.php HTTP/1.1" 404 20199 "-" "Mozlila/5.0 (Linux; Android 7.0; SM-G892A Bulid/NRD90M; wv) AppleWebKit/537.36 (KHTML, like Gecko) Version/4.0 Chrome/60.0.3112.107 Moblie Safari/537.36"
91.92.244.113 - - [04/Jul/2024:13:25:00 +1000] "GET /checkbex.php HTTP/1.1" 301 981 "-" "Mozlila/5.0 (Linux; Android 7.0; SM-G892A Bulid/NRD90M; wv) AppleWebKit/537.36 (KHTML, like Gecko) Version/4.0 Chrome/60.0.3112.107 Moblie Safari/537.36"
91.92.244.113 - - [04/Jul/2024:13:25:03 +1000] "GET /checkbex.php HTTP/1.1" 404 20203 "-" "Mozlila/5.0 (Linux; Android 7.0; SM-G892A Bulid/NRD90M; wv) AppleWebKit/537.36 (KHTML, like Gecko) Version/4.0 Chrome/60.0.3112.107 Moblie Safari/537.36"
91.92.244.113 - - [04/Jul/2024:13:25:13 +1000] "GET /mari.php HTTP/1.1" 301 977 "-" "Mozlila/5.0 (Linux; Android 7.0; SM-G892A Bulid/NRD90M; wv) AppleWebKit/537.36 (KHTML, like Gecko) Version/4.0 Chrome/60.0.3112.107 Moblie Safari/537.36"
91.92.244.113 - - [04/Jul/2024:13:25:16 +1000] "GET /mari.php HTTP/1.1" 404 20195 "-" "Mozlila/5.0 (Linux; Android 7.0; SM-G892A Bulid/NRD90M; wv) AppleWebKit/537.36 (KHTML, like Gecko) Version/4.0 Chrome/60.0.3112.107 Moblie Safari/537.36"
91.92.244.113 - - [04/Jul/2024:13:25:28 +1000] "GET /woh.php HTTP/1.1" 301 976 "-" "Mozlila/5.0 (Linux; Android 7.0; SM-G892A Bulid/NRD90M; wv) AppleWebKit/537.36 (KHTML, like Gecko) Version/4.0 Chrome/60.0.3112.107 Moblie Safari/537.36"
91.92.244.113 - - [04/Jul/2024:13:25:31 +1000] "GET /woh.php HTTP/1.1" 404 20194 "-" "Mozlila/5.0 (Linux; Android 7.0; SM-G892A Bulid/NRD90M; wv) AppleWebKit/537.36 (KHTML, like Gecko) Version/4.0 Chrome/60.0.3112.107 Moblie Safari/537.36"
91.92.244.113 - - [04/Jul/2024:13:25:46 +1000] "GET /cong.php HTTP/1.1" 301 977 "-" "Mozlila/5.0 (Linux; Android 7.0; SM-G892A Bulid/NRD90M; wv) AppleWebKit/537.36 (KHTML, like Gecko) Version/4.0 Chrome/60.0.3112.107 Moblie Safari/537.36"
111.67.29.221 - - [04/Jul/2024:13:25:51 +1000] "POST /wp-cron.php?doing_wp_cron=1720063550.9997289180755615234375 HTTP/1.1" 200 296 "-" "WordPress/6.5.5; https://www.pgkdistribution.com.au"
91.92.244.113 - - [04/Jul/2024:13:25:49 +1000] "GET /cong.php HTTP/1.1" 404 20196 "-" "Mozlila/5.0 (Linux; Android 7.0; SM-G892A Bulid/NRD90M; wv) AppleWebKit/537.36 (KHTML, like Gecko) Version/4.0 Chrome/60.0.3112.107 Moblie Safari/537.36"
91.92.244.113 - - [04/Jul/2024:13:26:00 +1000] "GET /wp-content/upgrade.php HTTP/1.1" 301 991 "-" "Mozlila/5.0 (Linux; Android 7.0; SM-G892A Bulid/NRD90M; wv) AppleWebKit/537.36 (KHTML, like Gecko) Version/4.0 Chrome/60.0.3112.107 Moblie Safari/537.36"
91.92.244.113 - - [04/Jul/2024:13:26:05 +1000] "GET /wp-content/upgrade.php HTTP/1.1" 404 20218 "-" "Mozlila/5.0 (Linux; Android 7.0; SM-G892A Bulid/NRD90M; wv) AppleWebKit/537.36 (KHTML, like Gecko) Version/4.0 Chrome/60.0.3112.107 Moblie Safari/537.36"
91.92.244.113 - - [04/Jul/2024:13:26:13 +1000] "GET /wp-content/content.php HTTP/1.1" 301 991 "-" "Mozlila/5.0 (Linux; Android 7.0; SM-G892A Bulid/NRD90M; wv) AppleWebKit/537.36 (KHTML, like Gecko) Version/4.0 Chrome/60.0.3112.107 Moblie Safari/537.36"
91.92.244.113 - - [04/Jul/2024:13:26:16 +1000] "GET /wp-content/content.php HTTP/1.1" 404 20214 "-" "Mozlila/5.0 (Linux; Android 7.0; SM-G892A Bulid/NRD90M; wv) AppleWebKit/537.36 (KHTML, like Gecko) Version/4.0 Chrome/60.0.3112.107 Moblie Safari/537.36"
91.92.244.113 - - [04/Jul/2024:13:26:27 +1000] "GET /content.php HTTP/1.1" 301 980 "-" "Mozlila/5.0 (Linux; Android 7.0; SM-G892A Bulid/NRD90M; wv) AppleWebKit/537.36 (KHTML, like Gecko) Version/4.0 Chrome/60.0.3112.107 Moblie Safari/537.36"
91.92.244.113 - - [04/Jul/2024:13:26:31 +1000] "GET /content.php HTTP/1.1" 404 20200 "-" "Mozlila/5.0 (Linux; Android 7.0; SM-G892A Bulid/NRD90M; wv) AppleWebKit/537.36 (KHTML, like Gecko) Version/4.0 Chrome/60.0.3112.107 Moblie Safari/537.36"
91.92.244.113 - - [04/Jul/2024:13:26:44 +1000] "GET /wp-admin/css/colors/blue/atomlib.php HTTP/1.1" 301 1005 "-" "Mozlila/5.0 (Linux; Android 7.0; SM-G892A Bulid/NRD90M; wv) AppleWebKit/537.36 (KHTML, like Gecko) Version/4.0 Chrome/60.0.3112.107 Moblie Safari/537.36"
91.92.244.113 - - [04/Jul/2024:13:26:51 +1000] "GET /wp-admin/css/colors/blue/atomlib.php HTTP/1.1" 404 20368 "-" "Mozlila/5.0 (Linux; Android 7.0; SM-G892A Bulid/NRD90M; wv) AppleWebKit/537.36 (KHTML, like Gecko) Version/4.0 Chrome/60.0.3112.107 Moblie Safari/537.36"
91.92.244.113 - - [04/Jul/2024:13:26:58 +1000] "GET /wp-includes/Requests/chosen.php HTTP/1.1" 301 1000 "-" "Mozlila/5.0 (Linux; Android 7.0; SM-G892A Bulid/NRD90M; wv) AppleWebKit/537.36 (KHTML, like Gecko) Version/4.0 Chrome/60.0.3112.107 Moblie Safari/537.36"
91.92.244.113 - - [04/Jul/2024:13:27:02 +1000] "GET /wp-includes/Requests/chosen.php HTTP/1.1" 404 20337 "-" "Mozlila/5.0 (Linux; Android 7.0; SM-G892A Bulid/NRD90M; wv) AppleWebKit/537.36 (KHTML, like Gecko) Version/4.0 Chrome/60.0.3112.107 Moblie Safari/537.36"
91.92.244.113 - - [04/Jul/2024:13:27:11 +1000] "GET /.well-known/acme-challenge/admin.php HTTP/1.1" 301 1005 "-" "Mozlila/5.0 (Linux; Android 7.0; SM-G892A Bulid/NRD90M; wv) AppleWebKit/537.36 (KHTML, like Gecko) Version/4.0 Chrome/60.0.3112.107 Moblie Safari/537.36"
91.92.244.113 - - [04/Jul/2024:13:27:16 +1000] "GET /.well-known/acme-challenge/admin.php HTTP/1.1" 404 1006 "-" "Mozlila/5.0 (Linux; Android 7.0; SM-G892A Bulid/NRD90M; wv) AppleWebKit/537.36 (KHTML, like Gecko) Version/4.0 Chrome/60.0.3112.107 Moblie Safari/537.36"
91.92.244.113 - - [04/Jul/2024:13:27:21 +1000] "GET /.well-known/admin.php HTTP/1.1" 301 990 "-" "Mozlila/5.0 (Linux; Android 7.0; SM-G892A Bulid/NRD90M; wv) AppleWebKit/537.36 (KHTML, like Gecko) Version/4.0 Chrome/60.0.3112.107 Moblie Safari/537.36"
91.92.244.113 - - [04/Jul/2024:13:27:27 +1000] "GET /.well-known/admin.php HTTP/1.1" 404 20224 "-" "Mozlila/5.0 (Linux; Android 7.0; SM-G892A Bulid/NRD90M; wv) AppleWebKit/537.36 (KHTML, like Gecko) Version/4.0 Chrome/60.0.3112.107 Moblie Safari/537.36"
91.92.244.113 - - [04/Jul/2024:13:27:34 +1000] "GET /wp-includes/dir/wp-login.php HTTP/1.1" 301 997 "-" "Mozlila/5.0 (Linux; Android 7.0; SM-G892A Bulid/NRD90M; wv) AppleWebKit/537.36 (KHTML, like Gecko) Version/4.0 Chrome/60.0.3112.107 Moblie Safari/537.36"
91.92.244.113 - - [04/Jul/2024:13:27:38 +1000] "GET /wp-includes/dir/wp-login.php HTTP/1.1" 404 20438 "-" "Mozlila/5.0 (Linux; Android 7.0; SM-G892A Bulid/NRD90M; wv) AppleWebKit/537.36 (KHTML, like Gecko) Version/4.0 Chrome/60.0.3112.107 Moblie Safari/537.36"
66.249.73.197 - - [04/Jul/2024:13:27:40 +1000] "GET /wp-content/uploads/2021/06/ER-I-01.jpg HTTP/1.1" 200 36945 "-" "Googlebot-Image/1.0"
91.92.244.113 - - [04/Jul/2024:13:27:52 +1000] "GET /wp-includes/fonts/wp-login.php HTTP/1.1" 301 999 "-" "Mozlila/5.0 (Linux; Android 7.0; SM-G892A Bulid/NRD90M; wv) AppleWebKit/537.36 (KHTML, like Gecko) Version/4.0 Chrome/60.0.3112.107 Moblie Safari/537.36"
111.67.29.221 - - [04/Jul/2024:13:27:57 +1000] "POST /wp-cron.php?doing_wp_cron=1720063677.3241739273071289062500 HTTP/1.1" 200 296 "-" "WordPress/6.5.5; https://www.pgkdistribution.com.au"
91.92.244.113 - - [04/Jul/2024:13:27:56 +1000] "GET /wp-includes/fonts/wp-login.php HTTP/1.1" 404 20347 "-" "Mozlila/5.0 (Linux; Android 7.0; SM-G892A Bulid/NRD90M; wv) AppleWebKit/537.36 (KHTML, like Gecko) Version/4.0 Chrome/60.0.3112.107 Moblie Safari/537.36"
91.92.244.113 - - [04/Jul/2024:13:28:05 +1000] "GET /about/function.php HTTP/1.1" 301 987 "-" "Mozlila/5.0 (Linux; Android 7.0; SM-G892A Bulid/NRD90M; wv) AppleWebKit/537.36 (KHTML, like Gecko) Version/4.0 Chrome/60.0.3112.107 Moblie Safari/537.36"
91.92.244.113 - - [04/Jul/2024:13:28:10 +1000] "GET /about/function.php HTTP/1.1" 404 20211 "-" "Mozlila/5.0 (Linux; Android 7.0; SM-G892A Bulid/NRD90M; wv) AppleWebKit/537.36 (KHTML, like Gecko) Version/4.0 Chrome/60.0.3112.107 Moblie Safari/537.36"
91.92.244.113 - - [04/Jul/2024:13:28:18 +1000] "GET /.well-known/about.php HTTP/1.1" 301 990 "-" "Mozlila/5.0 (Linux; Android 7.0; SM-G892A Bulid/NRD90M; wv) AppleWebKit/537.36 (KHTML, like Gecko) Version/4.0 Chrome/60.0.3112.107 Moblie Safari/537.36"
91.92.244.113 - - [04/Jul/2024:13:28:25 +1000] "GET /.well-known/about.php HTTP/1.1" 404 20224 "-" "Mozlila/5.0 (Linux; Android 7.0; SM-G892A Bulid/NRD90M; wv) AppleWebKit/537.36 (KHTML, like Gecko) Version/4.0 Chrome/60.0.3112.107 Moblie Safari/537.36"
91.92.244.113 - - [04/Jul/2024:13:28:32 +1000] "GET /.well-known/acme-challenge/about.php HTTP/1.1" 301 1005 "-" "Mozlila/5.0 (Linux; Android 7.0; SM-G892A Bulid/NRD90M; wv) AppleWebKit/537.36 (KHTML, like Gecko) Version/4.0 Chrome/60.0.3112.107 Moblie Safari/537.36"
91.92.244.113 - - [04/Jul/2024:13:28:36 +1000] "GET /.well-known/acme-challenge/about.php HTTP/1.1" 404 1006 "-" "Mozlila/5.0 (Linux; Android 7.0; SM-G892A Bulid/NRD90M; wv) AppleWebKit/537.36 (KHTML, like Gecko) Version/4.0 Chrome/60.0.3112.107 Moblie Safari/537.36"
91.92.244.113 - - [04/Jul/2024:13:28:41 +1000] "GET /lv.php HTTP/1.1" 301 975 "-" "Mozlila/5.0 (Linux; Android 7.0; SM-G892A Bulid/NRD90M; wv) AppleWebKit/537.36 (KHTML, like Gecko) Version/4.0 Chrome/60.0.3112.107 Moblie Safari/537.36"
91.92.244.113 - - [04/Jul/2024:13:28:45 +1000] "GET /lv.php HTTP/1.1" 404 20192 "-" "Mozlila/5.0 (Linux; Android 7.0; SM-G892A Bulid/NRD90M; wv) AppleWebKit/537.36 (KHTML, like Gecko) Version/4.0 Chrome/60.0.3112.107 Moblie Safari/537.36"
91.92.244.113 - - [04/Jul/2024:13:28:53 +1000] "GET /wp-admin/admin.php HTTP/1.1" 301 987 "-" "Mozlila/5.0 (Linux; Android 7.0; SM-G892A Bulid/NRD90M; wv) AppleWebKit/537.36 (KHTML, like Gecko) Version/4.0 Chrome/60.0.3112.107 Moblie Safari/537.36"
91.92.244.113 - - [04/Jul/2024:13:28:57 +1000] "GET /wp-admin/admin.php HTTP/1.1" 302 626 "-" "Mozlila/5.0 (Linux; Android 7.0; SM-G892A Bulid/NRD90M; wv) AppleWebKit/537.36 (KHTML, like Gecko) Version/4.0 Chrome/60.0.3112.107 Moblie Safari/537.36"
91.92.244.113 - - [04/Jul/2024:13:29:16 +1000] "GET /lock.php HTTP/1.1" 301 977 "-" "Mozlila/5.0 (Linux; Android 7.0; SM-G892A Bulid/NRD90M; wv) AppleWebKit/537.36 (KHTML, like Gecko) Version/4.0 Chrome/60.0.3112.107 Moblie Safari/537.36"
91.92.244.113 - - [04/Jul/2024:13:29:22 +1000] "GET /lock.php HTTP/1.1" 404 20195 "-" "Mozlila/5.0 (Linux; Android 7.0; SM-G892A Bulid/NRD90M; wv) AppleWebKit/537.36 (KHTML, like Gecko) Version/4.0 Chrome/60.0.3112.107 Moblie Safari/537.36"
91.92.244.113 - - [04/Jul/2024:13:29:30 +1000] "GET /.well-known/pki-validation/wp-login.php HTTP/1.1" 301 1008 "-" "Mozlila/5.0 (Linux; Android 7.0; SM-G892A Bulid/NRD90M; wv) AppleWebKit/537.36 (KHTML, like Gecko) Version/4.0 Chrome/60.0.3112.107 Moblie Safari/537.36"
91.92.244.113 - - [04/Jul/2024:13:29:35 +1000] "GET /.well-known/pki-validation/wp-login.php HTTP/1.1" 404 20371 "-" "Mozlila/5.0 (Linux; Android 7.0; SM-G892A Bulid/NRD90M; wv) AppleWebKit/537.36 (KHTML, like Gecko) Version/4.0 Chrome/60.0.3112.107 Moblie Safari/537.36"
91.92.244.113 - - [04/Jul/2024:13:29:42 +1000] "GET /mah.php HTTP/1.1" 301 976 "-" "Mozlila/5.0 (Linux; Android 7.0; SM-G892A Bulid/NRD90M; wv) AppleWebKit/537.36 (KHTML, like Gecko) Version/4.0 Chrome/60.0.3112.107 Moblie Safari/537.36"
111.67.29.221 - - [04/Jul/2024:13:29:50 +1000] "POST /wp-cron.php?doing_wp_cron=1720063790.6932919025421142578125 HTTP/1.1" 200 296 "-" "WordPress/6.5.5; https://www.pgkdistribution.com.au"
91.92.244.113 - - [04/Jul/2024:13:29:49 +1000] "GET /mah.php HTTP/1.1" 404 20194 "-" "Mozlila/5.0 (Linux; Android 7.0; SM-G892A Bulid/NRD90M; wv) AppleWebKit/537.36 (KHTML, like Gecko) Version/4.0 Chrome/60.0.3112.107 Moblie Safari/537.36"
91.92.244.113 - - [04/Jul/2024:13:29:56 +1000] "GET /xmlrpc.php HTTP/1.1" 301 979 "-" "Mozlila/5.0 (Linux; Android 7.0; SM-G892A Bulid/NRD90M; wv) AppleWebKit/537.36 (KHTML, like Gecko) Version/4.0 Chrome/60.0.3112.107 Moblie Safari/537.36"
91.92.244.113 - - [04/Jul/2024:13:30:01 +1000] "GET /xmlrpc.php HTTP/1.1" 405 522 "-" "Mozlila/5.0 (Linux; Android 7.0; SM-G892A Bulid/NRD90M; wv) AppleWebKit/537.36 (KHTML, like Gecko) Version/4.0 Chrome/60.0.3112.107 Moblie Safari/537.36"
91.92.244.113 - - [04/Jul/2024:13:30:08 +1000] "GET /wp-content/mah.php HTTP/1.1" 301 987 "-" "Mozlila/5.0 (Linux; Android 7.0; SM-G892A Bulid/NRD90M; wv) AppleWebKit/537.36 (KHTML, like Gecko) Version/4.0 Chrome/60.0.3112.107 Moblie Safari/537.36"
91.92.244.113 - - [04/Jul/2024:13:30:12 +1000] "GET /wp-content/mah.php HTTP/1.1" 404 20211 "-" "Mozlila/5.0 (Linux; Android 7.0; SM-G892A Bulid/NRD90M; wv) AppleWebKit/537.36 (KHTML, like Gecko) Version/4.0 Chrome/60.0.3112.107 Moblie Safari/537.36"
91.92.244.113 - - [04/Jul/2024:13:30:25 +1000] "GET /wp-content/themes/index.php HTTP/1.1" 301 996 "-" "Mozlila/5.0 (Linux; Android 7.0; SM-G892A Bulid/NRD90M; wv) AppleWebKit/537.36 (KHTML, like Gecko) Version/4.0 Chrome/60.0.3112.107 Moblie Safari/537.36"
91.92.244.113 - - [04/Jul/2024:13:30:29 +1000] "GET /wp-content/themes/index.php HTTP/1.1" 200 240 "-" "Mozlila/5.0 (Linux; Android 7.0; SM-G892A Bulid/NRD90M; wv) AppleWebKit/537.36 (KHTML, like Gecko) Version/4.0 Chrome/60.0.3112.107 Moblie Safari/537.36"
91.92.244.113 - - [04/Jul/2024:13:30:35 +1000] "GET /wp-admin/images/admin.php HTTP/1.1" 301 994 "-" "Mozlila/5.0 (Linux; Android 7.0; SM-G892A Bulid/NRD90M; wv) AppleWebKit/537.36 (KHTML, like Gecko) Version/4.0 Chrome/60.0.3112.107 Moblie Safari/537.36"
91.92.244.113 - - [04/Jul/2024:13:30:40 +1000] "GET /wp-admin/images/admin.php HTTP/1.1" 404 20344 "-" "Mozlila/5.0 (Linux; Android 7.0; SM-G892A Bulid/NRD90M; wv) AppleWebKit/537.36 (KHTML, like Gecko) Version/4.0 Chrome/60.0.3112.107 Moblie Safari/537.36"
91.92.244.113 - - [04/Jul/2024:13:30:49 +1000] "GET /wp-admin/install.php HTTP/1.1" 301 989 "-" "Mozlila/5.0 (Linux; Android 7.0; SM-G892A Bulid/NRD90M; wv) AppleWebKit/537.36 (KHTML, like Gecko) Version/4.0 Chrome/60.0.3112.107 Moblie Safari/537.36"
111.67.29.221 - - [04/Jul/2024:13:30:55 +1000] "POST /wp-cron.php?doing_wp_cron=1720063855.1916260719299316406250 HTTP/1.1" 200 296 "-" "WordPress/6.5.5; https://www.pgkdistribution.com.au"
91.92.244.113 - - [04/Jul/2024:13:30:55 +1000] "GET /wp-admin/install.php HTTP/1.1" 200 897 "-" "Mozlila/5.0 (Linux; Android 7.0; SM-G892A Bulid/NRD90M; wv) AppleWebKit/537.36 (KHTML, like Gecko) Version/4.0 Chrome/60.0.3112.107 Moblie Safari/537.36"
91.92.244.113 - - [04/Jul/2024:13:30:59 +1000] "GET /wp-includes/install.php HTTP/1.1" 301 992 "-" "Mozlila/5.0 (Linux; Android 7.0; SM-G892A Bulid/NRD90M; wv) AppleWebKit/537.36 (KHTML, like Gecko) Version/4.0 Chrome/60.0.3112.107 Moblie Safari/537.36"
111.67.29.221 - - [04/Jul/2024:13:31:04 +1000] "POST /wp-cron.php?doing_wp_cron=1720063864.4982140064239501953125 HTTP/1.1" 200 296 "-" "WordPress/6.5.5; https://www.pgkdistribution.com.au"
91.92.244.113 - - [04/Jul/2024:13:31:03 +1000] "GET /wp-includes/install.php HTTP/1.1" 404 20217 "-" "Mozlila/5.0 (Linux; Android 7.0; SM-G892A Bulid/NRD90M; wv) AppleWebKit/537.36 (KHTML, like Gecko) Version/4.0 Chrome/60.0.3112.107 Moblie Safari/537.36"
91.92.244.113 - - [04/Jul/2024:13:31:10 +1000] "GET /wp-content/install.php HTTP/1.1" 301 991 "-" "Mozlila/5.0 (Linux; Android 7.0; SM-G892A Bulid/NRD90M; wv) AppleWebKit/537.36 (KHTML, like Gecko) Version/4.0 Chrome/60.0.3112.107 Moblie Safari/537.36"
91.92.244.113 - - [04/Jul/2024:13:31:15 +1000] "GET /wp-content/install.php HTTP/1.1" 404 20219 "-" "Mozlila/5.0 (Linux; Android 7.0; SM-G892A Bulid/NRD90M; wv) AppleWebKit/537.36 (KHTML, like Gecko) Version/4.0 Chrome/60.0.3112.107 Moblie Safari/537.36"
91.92.244.113 - - [04/Jul/2024:13:31:22 +1000] "GET /wp-admin/js/about.php7 HTTP/1.1" 301 991 "-" "Mozlila/5.0 (Linux; Android 7.0; SM-G892A Bulid/NRD90M; wv) AppleWebKit/537.36 (KHTML, like Gecko) Version/4.0 Chrome/60.0.3112.107 Moblie Safari/537.36"
91.92.244.113 - - [04/Jul/2024:13:31:26 +1000] "GET /wp-admin/js/about.php7 HTTP/1.1" 404 20337 "-" "Mozlila/5.0 (Linux; Android 7.0; SM-G892A Bulid/NRD90M; wv) AppleWebKit/537.36 (KHTML, like Gecko) Version/4.0 Chrome/60.0.3112.107 Moblie Safari/537.36"
91.92.244.113 - - [04/Jul/2024:13:31:34 +1000] "GET /wp-content/plugins/index.php HTTP/1.1" 301 997 "-" "Mozlila/5.0 (Linux; Android 7.0; SM-G892A Bulid/NRD90M; wv) AppleWebKit/537.36 (KHTML, like Gecko) Version/4.0 Chrome/60.0.3112.107 Moblie Safari/537.36"
91.92.244.113 - - [04/Jul/2024:13:31:38 +1000] "GET /wp-content/plugins/index.php HTTP/1.1" 200 240 "-" "Mozlila/5.0 (Linux; Android 7.0; SM-G892A Bulid/NRD90M; wv) AppleWebKit/537.36 (KHTML, like Gecko) Version/4.0 Chrome/60.0.3112.107 Moblie Safari/537.36"
91.92.244.113 - - [04/Jul/2024:13:31:44 +1000] "GET /wp-includes/ID3/index.php HTTP/1.1" 301 994 "-" "Mozlila/5.0 (Linux; Android 7.0; SM-G892A Bulid/NRD90M; wv) AppleWebKit/537.36 (KHTML, like Gecko) Version/4.0 Chrome/60.0.3112.107 Moblie Safari/537.36"
111.67.29.221 - - [04/Jul/2024:13:31:50 +1000] "POST /wp-cron.php?doing_wp_cron=1720063910.5837810039520263671875 HTTP/1.1" 200 296 "-" "WordPress/6.5.5; https://www.pgkdistribution.com.au"
91.92.244.113 - - [04/Jul/2024:13:31:49 +1000] "GET /wp-includes/ID3/index.php HTTP/1.1" 301 634 "-" "Mozlila/5.0 (Linux; Android 7.0; SM-G892A Bulid/NRD90M; wv) AppleWebKit/537.36 (KHTML, like Gecko) Version/4.0 Chrome/60.0.3112.107 Moblie Safari/537.36"
91.92.244.113 - - [04/Jul/2024:13:31:51 +1000] "GET /wp-includes/ID3/ HTTP/1.1" 404 931 "-" "Mozlila/5.0 (Linux; Android 7.0; SM-G892A Bulid/NRD90M; wv) AppleWebKit/537.36 (KHTML, like Gecko) Version/4.0 Chrome/60.0.3112.107 Moblie Safari/537.36"
91.92.244.113 - - [04/Jul/2024:13:31:58 +1000] "GET /wp-includes/index.php HTTP/1.1" 301 990 "-" "Mozlila/5.0 (Linux; Android 7.0; SM-G892A Bulid/NRD90M; wv) AppleWebKit/537.36 (KHTML, like Gecko) Version/4.0 Chrome/60.0.3112.107 Moblie Safari/537.36"
91.92.244.113 - - [04/Jul/2024:13:32:04 +1000] "GET /wp-includes/index.php HTTP/1.1" 301 624 "-" "Mozlila/5.0 (Linux; Android 7.0; SM-G892A Bulid/NRD90M; wv) AppleWebKit/537.36 (KHTML, like Gecko) Version/4.0 Chrome/60.0.3112.107 Moblie Safari/537.36"
91.92.244.113 - - [04/Jul/2024:13:32:10 +1000] "GET /wp-includes/ HTTP/1.1" 404 931 "-" "Mozlila/5.0 (Linux; Android 7.0; SM-G892A Bulid/NRD90M; wv) AppleWebKit/537.36 (KHTML, like Gecko) Version/4.0 Chrome/60.0.3112.107 Moblie Safari/537.36"
91.92.244.113 - - [04/Jul/2024:13:32:16 +1000] "GET /wp-includes/certificates/index.php HTTP/1.1" 301 1003 "-" "Mozlila/5.0 (Linux; Android 7.0; SM-G892A Bulid/NRD90M; wv) AppleWebKit/537.36 (KHTML, like Gecko) Version/4.0 Chrome/60.0.3112.107 Moblie Safari/537.36"
91.92.244.113 - - [04/Jul/2024:13:32:22 +1000] "GET /wp-includes/certificates/index.php HTTP/1.1" 301 652 "-" "Mozlila/5.0 (Linux; Android 7.0; SM-G892A Bulid/NRD90M; wv) AppleWebKit/537.36 (KHTML, like Gecko) Version/4.0 Chrome/60.0.3112.107 Moblie Safari/537.36"
91.92.244.113 - - [04/Jul/2024:13:32:24 +1000] "GET /wp-includes/certificates/ HTTP/1.1" 404 931 "-" "Mozlila/5.0 (Linux; Android 7.0; SM-G892A Bulid/NRD90M; wv) AppleWebKit/537.36 (KHTML, like Gecko) Version/4.0 Chrome/60.0.3112.107 Moblie Safari/537.36"
91.92.244.113 - - [04/Jul/2024:13:32:30 +1000] "GET /atomlib.php HTTP/1.1" 301 980 "-" "Mozlila/5.0 (Linux; Android 7.0; SM-G892A Bulid/NRD90M; wv) AppleWebKit/537.36 (KHTML, like Gecko) Version/4.0 Chrome/60.0.3112.107 Moblie Safari/537.36"
91.92.244.113 - - [04/Jul/2024:13:32:35 +1000] "GET /atomlib.php HTTP/1.1" 404 20201 "-" "Mozlila/5.0 (Linux; Android 7.0; SM-G892A Bulid/NRD90M; wv) AppleWebKit/537.36 (KHTML, like Gecko) Version/4.0 Chrome/60.0.3112.107 Moblie Safari/537.36"
91.92.244.113 - - [04/Jul/2024:13:32:44 +1000] "GET /wp-content/themes/seotheme/mar.php HTTP/1.1" 301 1003 "-" "Mozlila/5.0 (Linux; Android 7.0; SM-G892A Bulid/NRD90M; wv) AppleWebKit/537.36 (KHTML, like Gecko) Version/4.0 Chrome/60.0.3112.107 Moblie Safari/537.36"
111.67.29.221 - - [04/Jul/2024:13:32:51 +1000] "POST /wp-cron.php?doing_wp_cron=1720063971.5326290130615234375000 HTTP/1.1" 200 296 "-" "WordPress/6.5.5; https://www.pgkdistribution.com.au"
91.92.244.113 - - [04/Jul/2024:13:32:50 +1000] "GET /wp-content/themes/seotheme/mar.php HTTP/1.1" 404 20359 "-" "Mozlila/5.0 (Linux; Android 7.0; SM-G892A Bulid/NRD90M; wv) AppleWebKit/537.36 (KHTML, like Gecko) Version/4.0 Chrome/60.0.3112.107 Moblie Safari/537.36"
91.92.244.113 - - [04/Jul/2024:13:32:59 +1000] "GET /wp-content/plugins/seoplugins/mar.php HTTP/1.1" 301 1006 "-" "Mozlila/5.0 (Linux; Android 7.0; SM-G892A Bulid/NRD90M; wv) AppleWebKit/537.36 (KHTML, like Gecko) Version/4.0 Chrome/60.0.3112.107 Moblie Safari/537.36"
91.92.244.113 - - [04/Jul/2024:13:33:06 +1000] "GET /wp-content/plugins/seoplugins/mar.php HTTP/1.1" 404 20361 "-" "Mozlila/5.0 (Linux; Android 7.0; SM-G892A Bulid/NRD90M; wv) AppleWebKit/537.36 (KHTML, like Gecko) Version/4.0 Chrome/60.0.3112.107 Moblie Safari/537.36"
91.92.244.113 - - [04/Jul/2024:13:33:21 +1000] "GET /404.php HTTP/1.1" 301 976 "-" "Mozlila/5.0 (Linux; Android 7.0; SM-G892A Bulid/NRD90M; wv) AppleWebKit/537.36 (KHTML, like Gecko) Version/4.0 Chrome/60.0.3112.107 Moblie Safari/537.36"
91.92.244.113 - - [04/Jul/2024:13:33:29 +1000] "GET /404.php HTTP/1.1" 404 20194 "-" "Mozlila/5.0 (Linux; Android 7.0; SM-G892A Bulid/NRD90M; wv) AppleWebKit/537.36 (KHTML, like Gecko) Version/4.0 Chrome/60.0.3112.107 Moblie Safari/537.36"
91.92.244.113 - - [04/Jul/2024:13:33:44 +1000] "GET /wp-l0gin.php HTTP/1.1" 301 981 "-" "Mozlila/5.0 (Linux; Android 7.0; SM-G892A Bulid/NRD90M; wv) AppleWebKit/537.36 (KHTML, like Gecko) Version/4.0 Chrome/60.0.3112.107 Moblie Safari/537.36"
91.92.244.113 - - [04/Jul/2024:13:33:53 +1000] "GET /wp-l0gin.php HTTP/1.1" 404 20199 "-" "Mozlila/5.0 (Linux; Android 7.0; SM-G892A Bulid/NRD90M; wv) AppleWebKit/537.36 (KHTML, like Gecko) Version/4.0 Chrome/60.0.3112.107 Moblie Safari/537.36"
195.191.219.131 - - [04/Jul/2024:14:17:51 +1000] "GET /robots.txt HTTP/1.1" 301 979 "-" "Mozilla/5.0 (compatible; MJ12bot/v1.4.8; http://mj12bot.com/)"
111.67.29.221 - - [04/Jul/2024:14:17:57 +1000] "POST /wp-cron.php?doing_wp_cron=1720066677.1876718997955322265625 HTTP/1.1" 200 296 "-" "WordPress/6.5.5; https://www.pgkdistribution.com.au"
195.191.219.131 - - [04/Jul/2024:14:17:52 +1000] "GET /robots.txt HTTP/1.1" 200 716 "-" "Mozilla/5.0 (compatible; MJ12bot/v1.4.8; http://mj12bot.com/)"
195.191.219.131 - - [04/Jul/2024:14:17:59 +1000] "GET / HTTP/1.1" 301 969 "-" "Mozilla/5.0 (compatible; MJ12bot/v1.4.8; http://mj12bot.com/)"
195.191.219.131 - - [04/Jul/2024:14:18:02 +1000] "GET / HTTP/1.1" 301 497 "-" "Mozilla/5.0 (compatible; MJ12bot/v1.4.8; http://mj12bot.com/)"
111.67.29.221 - - [04/Jul/2024:15:50:48 +1000] "POST /wp-cron.php?doing_wp_cron=1720072248.9097700119018554687500 HTTP/1.1" 200 296 "-" "WordPress/6.5.5; https://www.pgkdistribution.com.au"
52.18.100.214 - - [04/Jul/2024:15:50:42 +1000] "GET / HTTP/1.1" 301 497 "-" "Plesk screenshot bot https://support.plesk.com/hc/en-us/articles/10301006946066"
127.0.0.1 - - [04/Jul/2024:15:59:16 +1000] "GET /wp-content/plugins/WordPressCore/include.php HTTP/1.1" 301 1044 "www.google.com" "Mozlila/5.0 (Linux; Android 7.0; SM-G892A Bulid/NRD90M; wv) AppleWebKit/537.36 (KHTML, like Gecko) Version/4.0 Chrome/60.0.3112.107 Moblie Safari/537.36"
111.67.29.221 - - [04/Jul/2024:15:59:22 +1000] "POST /wp-cron.php?doing_wp_cron=1720072762.6758019924163818359375 HTTP/1.1" 200 296 "-" "WordPress/6.5.5; https://www.pgkdistribution.com.au"
127.0.0.1 - - [04/Jul/2024:15:59:17 +1000] "GET /wp-content/plugins/WordPressCore/include.php HTTP/1.1" 404 20404 "www.google.com" "Mozlila/5.0 (Linux; Android 7.0; SM-G892A Bulid/NRD90M; wv) AppleWebKit/537.36 (KHTML, like Gecko) Version/4.0 Chrome/60.0.3112.107 Moblie Safari/537.36"
127.0.0.1 - - [04/Jul/2024:15:59:23 +1000] "GET /wp-content/plugins/include.php HTTP/1.1" 301 1030 "www.google.com" "Mozlila/5.0 (Linux; Android 7.0; SM-G892A Bulid/NRD90M; wv) AppleWebKit/537.36 (KHTML, like Gecko) Version/4.0 Chrome/60.0.3112.107 Moblie Safari/537.36"
127.0.0.1 - - [04/Jul/2024:15:59:25 +1000] "GET /wp-content/plugins/include.php HTTP/1.1" 404 20380 "www.google.com" "Mozlila/5.0 (Linux; Android 7.0; SM-G892A Bulid/NRD90M; wv) AppleWebKit/537.36 (KHTML, like Gecko) Version/4.0 Chrome/60.0.3112.107 Moblie Safari/537.36"
127.0.0.1 - - [04/Jul/2024:15:59:30 +1000] "GET /wp-includes/images/include.php HTTP/1.1" 301 1030 "www.google.com" "Mozlila/5.0 (Linux; Android 7.0; SM-G892A Bulid/NRD90M; wv) AppleWebKit/537.36 (KHTML, like Gecko) Version/4.0 Chrome/60.0.3112.107 Moblie Safari/537.36"
127.0.0.1 - - [04/Jul/2024:15:59:31 +1000] "GET /wp-includes/images/include.php HTTP/1.1" 404 20326 "www.google.com" "Mozlila/5.0 (Linux; Android 7.0; SM-G892A Bulid/NRD90M; wv) AppleWebKit/537.36 (KHTML, like Gecko) Version/4.0 Chrome/60.0.3112.107 Moblie Safari/537.36"
127.0.0.1 - - [04/Jul/2024:15:59:35 +1000] "GET /wp-includes/widgets/include.php HTTP/1.1" 301 1031 "www.google.com" "Mozlila/5.0 (Linux; Android 7.0; SM-G892A Bulid/NRD90M; wv) AppleWebKit/537.36 (KHTML, like Gecko) Version/4.0 Chrome/60.0.3112.107 Moblie Safari/537.36"
127.0.0.1 - - [04/Jul/2024:15:59:36 +1000] "GET /wp-includes/widgets/include.php HTTP/1.1" 404 20376 "www.google.com" "Mozlila/5.0 (Linux; Android 7.0; SM-G892A Bulid/NRD90M; wv) AppleWebKit/537.36 (KHTML, like Gecko) Version/4.0 Chrome/60.0.3112.107 Moblie Safari/537.36"
52.26.76.105 - - [04/Jul/2024:16:18:20 +1000] "GET / HTTP/1.1" 301 460 "-" "Mozilla/5.0 (Windows NT 10.0; Win64; x64) AppleWebKit/537.36 (KHTML, like Gecko) Chrome/113.0.0.0 Safari/537.36"
104.45.211.239 - - [04/Jul/2024:16:20:15 +1000] "GET / HTTP/1.1" 301 460 "-" "Mozilla/5.0 (Windows NT 10.0; WOW64) AppleWebKit/537.36 (KHTML, like Gecko) Chrome/63.0.3239.84 Safari/537.36"
