216.244.66.241 - - [29/Jun/2024:02:46:14 +1000] "GET /index.php/catalog/product_compare/add/product/2/uenc/aHR0cDovL3Bna2Rpc3RyaWJ1dGlvbi5jb20uYXUvaW5kZXgucGhwL3NvbGFyLXBhbmVscy5odG1sP2Rpcj1hc2MmbGltaXQ9MTUmbW9kZT1saXN0Jm9yZGVyPW1hbnVmYWN0dXJlciZwcmljZT0yMzAt/ HTTP/1.1" 301 1175 "-" "Mozilla/5.0 (compatible; DotBot/1.2; +https://opensiteexplorer.org/dotbot; help@moz.com)"
216.244.66.241 - - [29/Jun/2024:02:46:16 +1000] "GET /index.php/catalog/product_compare/add/product/2/uenc/aHR0cDovL3Bna2Rpc3RyaWJ1dGlvbi5jb20uYXUvaW5kZXgucGhwL3NvbGFyLXBhbmVscy5odG1sP2Rpcj1hc2MmbGltaXQ9MTUmbWFudWZhY3R1cmVyPTcmbW9kZT1ncmlkJm9yZGVyPW5hbWUmcHJpY2U9MzAwLQ,,/ HTTP/1.1" 301 1187 "-" "Mozilla/5.0 (compatible; DotBot/1.2; +https://opensiteexplorer.org/dotbot; help@moz.com)"
216.244.66.241 - - [29/Jun/2024:02:46:18 +1000] "GET /index.php/catalog/product_compare/add/product/2/uenc/aHR0cDovL3Bna2Rpc3RyaWJ1dGlvbi5jb20uYXUvaW5kZXgucGhwL3NvbGFyLXBhbmVscy5odG1sP2Rpcj1hc2MmbGltaXQ9MjAmbWFudWZhY3R1cmVyPTcmbW9kZT1saXN0Jm9yZGVyPXBvc2l0aW9uJnByaWNlPTMwMC0,/ HTTP/1.1" 301 1191 "-" "Mozilla/5.0 (compatible; DotBot/1.2; +https://opensiteexplorer.org/dotbot; help@moz.com)"
216.244.66.241 - - [29/Jun/2024:02:46:20 +1000] "GET /index.php/catalog/product_compare/add/product/2/uenc/aHR0cDovL3Bna2Rpc3RyaWJ1dGlvbi5jb20uYXUvaW5kZXgucGhwL3NvbGFyLXBhbmVscy5odG1sP2Rpcj1hc2MmbGltaXQ9MjUmbWFudWZhY3R1cmVyPTcmbW9kZT1saXN0Jm9yZGVyPXBvc2l0aW9uJnByaWNlPTE3MC0,/ HTTP/1.1" 301 1191 "-" "Mozilla/5.0 (compatible; DotBot/1.2; +https://opensiteexplorer.org/dotbot; help@moz.com)"
216.244.66.241 - - [29/Jun/2024:02:46:21 +1000] "GET /index.php/catalog/product_compare/add/product/2/uenc/aHR0cDovL3Bna2Rpc3RyaWJ1dGlvbi5jb20uYXUvaW5kZXgucGhwL3NvbGFyLXBhbmVscy5odG1sP2Rpcj1kZXNjJmxpbWl0PTI1Jm1hbnVmYWN0dXJlcj03Jm1vZGU9bGlzdCZvcmRlcj1wb3NpdGlvbiZwcmljZT0xNzAt/ HTTP/1.1" 301 1191 "-" "Mozilla/5.0 (compatible; DotBot/1.2; +https://opensiteexplorer.org/dotbot; help@moz.com)"
216.244.66.241 - - [29/Jun/2024:02:46:23 +1000] "GET /index.php/catalog/product_compare/add/product/2/uenc/aHR0cDovL3Bna2Rpc3RyaWJ1dGlvbi5jb20uYXUvaW5kZXgucGhwL3NvbGFyLXBhbmVscy5odG1sP2Rpcj1kZXNjJmxpbWl0PTMwJm1hbnVmYWN0dXJlcj03Jm1vZGU9Z3JpZCZvcmRlcj1tYW51ZmFjdHVyZXImcHJpY2U9MjMwLQ,,/ HTTP/1.1" 301 1199 "-" "Mozilla/5.0 (compatible; DotBot/1.2; +https://opensiteexplorer.org/dotbot; help@moz.com)"
216.244.66.241 - - [29/Jun/2024:02:46:25 +1000] "GET /index.php/catalog/product_compare/add/product/2/uenc/aHR0cDovL3Bna2Rpc3RyaWJ1dGlvbi5jb20uYXUvaW5kZXgucGhwL3NvbGFyLXBhbmVscy9wZXJsaWdodC1zb2xhci1wdi1wYW5lbHMuaHRtbD9kaXI9YXNjJmxpbWl0PTIwJm1vZGU9bGlzdCZvcmRlcj1wb3NpdGlvbg,,/ HTTP/1.1" 301 1191 "-" "Mozilla/5.0 (compatible; DotBot/1.2; +https://opensiteexplorer.org/dotbot; help@moz.com)"
216.244.66.241 - - [29/Jun/2024:02:46:27 +1000] "GET /index.php/catalog/product_compare/add/product/2/uenc/aHR0cDovL3Bna2Rpc3RyaWJ1dGlvbi5jb20uYXUvaW5kZXgucGhwL3NvbGFyLXBhbmVscy9wZXJsaWdodC1zb2xhci1wdi1wYW5lbHMuaHRtbD9kaXI9ZGVzYyZsaW1pdD0xMCZtb2RlPWdyaWQmb3JkZXI9bWFudWZhY3R1cmVy/ HTTP/1.1" 301 1195 "-" "Mozilla/5.0 (compatible; DotBot/1.2; +https://opensiteexplorer.org/dotbot; help@moz.com)"
216.244.66.241 - - [29/Jun/2024:02:46:28 +1000] "GET /index.php/catalog/product_compare/add/product/2/uenc/aHR0cDovL3Bna2Rpc3RyaWJ1dGlvbi5jb20uYXUvc29sYXItcGFuZWxzLmh0bWw_Y2F0PTExJmRpcj1hc2MmbGltaXQ9MjUmbWFudWZhY3R1cmVyPTcmbW9kZT1ncmlkJm9yZGVyPW1hbnVmYWN0dXJlcg,,/ HTTP/1.1" 301 1179 "-" "Mozilla/5.0 (compatible; DotBot/1.2; +https://opensiteexplorer.org/dotbot; help@moz.com)"
216.244.66.241 - - [29/Jun/2024:02:46:30 +1000] "GET /index.php/catalog/product_compare/add/product/2/uenc/aHR0cDovL3Bna2Rpc3RyaWJ1dGlvbi5jb20uYXUvc29sYXItcGFuZWxzLmh0bWw_ZGlyPWFzYyZsaW1pdD0xNSZtYW51ZmFjdHVyZXI9NyZtb2RlPWxpc3Qmb3JkZXI9cHJpY2UmcHJpY2U9MzkwLQ,,/ HTTP/1.1" 301 1175 "-" "Mozilla/5.0 (compatible; DotBot/1.2; +https://opensiteexplorer.org/dotbot; help@moz.com)"
216.244.66.241 - - [29/Jun/2024:02:46:31 +1000] "GET /index.php/catalog/product_compare/add/product/21/uenc/aHR0cDovL3Bna2Rpc3RyaWJ1dGlvbi5jb20uYXUvaW5kZXgucGhwL3NvbGFyLWludmVydGVycy9zb2xheC1pbnZlcnRlcnMvc2luZ2xlLXBoYXNlLWludmVydGVycy5odG1sP2Rpcj1kZXNjJmxpbWl0PTE1Jm1vZGU9Z3JpZCZvcmRlcj1wcmljZQ,,/ HTTP/1.1" 301 1212 "-" "Mozilla/5.0 (compatible; DotBot/1.2; +https://opensiteexplorer.org/dotbot; help@moz.com)"
216.244.66.241 - - [29/Jun/2024:02:46:33 +1000] "GET /index.php/catalog/product_compare/add/product/21/uenc/aHR0cDovL3Bna2Rpc3RyaWJ1dGlvbi5jb20uYXUvaW5kZXgucGhwL3NvbGFyLWludmVydGVycy9zb2xheC1pbnZlcnRlcnMvc2luZ2xlLXBoYXNlLWludmVydGVycy5odG1sP2Rpcj1kZXNjJmxpbWl0PTMwJm1vZGU9Z3JpZCZvcmRlcj1uYW1l/ HTTP/1.1" 301 1208 "-" "Mozilla/5.0 (compatible; DotBot/1.2; +https://opensiteexplorer.org/dotbot; help@moz.com)"
77.221.154.140 - - [29/Jun/2024:02:46:33 +1000] "GET /.env HTTP/1.1" 301 973 "-" "Mozilla/5.0 (X11; Linux x86_64) AppleWebKit/537.36 (KHTML, like Gecko) Chrome/81.0.4044.129 Safari/537.36"
77.221.154.140 - - [29/Jun/2024:02:46:34 +1000] "POST / HTTP/1.1" 301 969 "-" "Mozilla/5.0 (X11; Linux x86_64) AppleWebKit/537.36 (KHTML, like Gecko) Chrome/81.0.4044.129 Safari/537.36"
216.244.66.241 - - [29/Jun/2024:02:46:35 +1000] "GET /index.php/catalog/product_compare/add/product/21/uenc/aHR0cDovL3Bna2Rpc3RyaWJ1dGlvbi5jb20uYXUvaW5kZXgucGhwL3NvbGFyLWludmVydGVycy9zb2xheC1pbnZlcnRlcnMvc2luZ2xlLXBoYXNlLWludmVydGVycy5odG1sP2Rpcj1kZXNjJmxpbWl0PTkmbW9kZT1ncmlkJm9yZGVyPW1hbnVmYWN0dXJlcg,,/ HTTP/1.1" 301 1220 "-" "Mozilla/5.0 (compatible; DotBot/1.2; +https://opensiteexplorer.org/dotbot; help@moz.com)"
216.244.66.241 - - [29/Jun/2024:02:46:37 +1000] "GET /index.php/catalog/product_compare/add/product/23/uenc/aHR0cDovL3Bna2Rpc3RyaWJ1dGlvbi5jb20uYXUvaW5kZXgucGhwL3NvbGFyLWludmVydGVycy9zb2xheC1pbnZlcnRlcnMuaHRtbD9kaXI9ZGVzYyZsaW1pdD0yNSZtb2RlPWxpc3Qmb3JkZXI9bWFudWZhY3R1cmVy/ HTTP/1.1" 301 1188 "-" "Mozilla/5.0 (compatible; DotBot/1.2; +https://opensiteexplorer.org/dotbot; help@moz.com)"
216.244.66.241 - - [29/Jun/2024:02:46:38 +1000] "GET /index.php/catalog/product_compare/add/product/24/uenc/aHR0cDovL3Bna2Rpc3RyaWJ1dGlvbi5jb20uYXUvaW5kZXgucGhwL3NvbGFyLWludmVydGVycy9zb2xheC1pbnZlcnRlcnMuaHRtbD9kaXI9ZGVzYyZsaW1pdD0xNSZtb2RlPWxpc3Qmb3JkZXI9bWFudWZhY3R1cmVy/ HTTP/1.1" 301 1188 "-" "Mozilla/5.0 (compatible; DotBot/1.2; +https://opensiteexplorer.org/dotbot; help@moz.com)"
216.244.66.241 - - [29/Jun/2024:02:46:39 +1000] "GET /index.php/catalog/product_compare/add/product/25/uenc/aHR0cDovL3Bna2Rpc3RyaWJ1dGlvbi5jb20uYXUvaW5kZXgucGhwL3NvbGFyLWludmVydGVycy9zb2xheC1pbnZlcnRlcnMuaHRtbD9kaXI9YXNjJmxpbWl0PTEwJm1vZGU9bGlzdCZvcmRlcj1uYW1l/ HTTP/1.1" 301 1176 "-" "Mozilla/5.0 (compatible; DotBot/1.2; +https://opensiteexplorer.org/dotbot; help@moz.com)"
216.244.66.241 - - [29/Jun/2024:02:46:41 +1000] "GET /index.php/catalog/product_compare/add/product/25/uenc/aHR0cDovL3Bna2Rpc3RyaWJ1dGlvbi5jb20uYXUvaW5kZXgucGhwL3NvbGFyLWludmVydGVycy9zb2xheC1pbnZlcnRlcnMuaHRtbD9kaXI9ZGVzYyZsaW1pdD0xNSZtb2RlPWdyaWQmb3JkZXI9cG9zaXRpb24,/ HTTP/1.1" 301 1184 "-" "Mozilla/5.0 (compatible; DotBot/1.2; +https://opensiteexplorer.org/dotbot; help@moz.com)"
216.244.66.241 - - [29/Jun/2024:02:46:42 +1000] "GET /index.php/catalog/product_compare/add/product/26/uenc/aHR0cDovL3Bna2Rpc3RyaWJ1dGlvbi5jb20uYXUvaW5kZXgucGhwL3NvbGFyLWludmVydGVycy9zb2xheC1pbnZlcnRlcnMuaHRtbD9kaXI9ZGVzYyZsaW1pdD0zMCZtb2RlPWxpc3Qmb3JkZXI9cHJpY2U,/ HTTP/1.1" 301 1180 "-" "Mozilla/5.0 (compatible; DotBot/1.2; +https://opensiteexplorer.org/dotbot; help@moz.com)"
216.244.66.241 - - [29/Jun/2024:02:46:47 +1000] "GET /index.php/catalog/product_compare/add/product/26/uenc/aHR0cDovL3Bna2Rpc3RyaWJ1dGlvbi5jb20uYXUvaW5kZXgucGhwL3NvbGFyLWludmVydGVycy9zb2xheC1pbnZlcnRlcnMvc2luZ2xlLXBoYXNlLWludmVydGVycy5odG1sP2Rpcj1hc2MmbW9kZT1ncmlkJm9yZGVyPW5hbWU,/ HTTP/1.1" 301 1196 "-" "Mozilla/5.0 (compatible; DotBot/1.2; +https://opensiteexplorer.org/dotbot; help@moz.com)"
216.244.66.241 - - [29/Jun/2024:02:46:50 +1000] "GET /index.php/catalog/product_compare/add/product/26/uenc/aHR0cDovL3Bna2Rpc3RyaWJ1dGlvbi5jb20uYXUvaW5kZXgucGhwL3NvbGFyLWludmVydGVycy9zb2xheC1pbnZlcnRlcnMvc2luZ2xlLXBoYXNlLWludmVydGVycy5odG1sP2Rpcj1kZXNjJmxpbWl0PTEwJm1vZGU9bGlzdCZvcmRlcj1tYW51ZmFjdHVyZXI,/ HTTP/1.1" 301 1220 "-" "Mozilla/5.0 (compatible; DotBot/1.2; +https://opensiteexplorer.org/dotbot; help@moz.com)"
216.244.66.241 - - [29/Jun/2024:02:46:52 +1000] "GET /index.php/catalog/product_compare/add/product/27/uenc/aHR0cDovL3Bna2Rpc3RyaWJ1dGlvbi5jb20uYXUvaW5kZXgucGhwL3NvbGFyLWludmVydGVycy9zb2xheC1pbnZlcnRlcnMuaHRtbD9kaXI9YXNjJmxpbWl0PTE1Jm9yZGVyPW1hbnVmYWN0dXJlcg,,/ HTTP/1.1" 301 1176 "-" "Mozilla/5.0 (compatible; DotBot/1.2; +https://opensiteexplorer.org/dotbot; help@moz.com)"
216.244.66.241 - - [29/Jun/2024:02:46:55 +1000] "GET /index.php/catalog/product_compare/add/product/27/uenc/aHR0cDovL3Bna2Rpc3RyaWJ1dGlvbi5jb20uYXUvaW5kZXgucGhwL3NvbGFyLWludmVydGVycy9zb2xheC1pbnZlcnRlcnMuaHRtbD9kaXI9ZGVzYyZsaW1pdD0xNSZtb2RlPWdyaWQmb3JkZXI9bmFtZQ,,/ HTTP/1.1" 301 1180 "-" "Mozilla/5.0 (compatible; DotBot/1.2; +https://opensiteexplorer.org/dotbot; help@moz.com)"
216.244.66.241 - - [29/Jun/2024:02:46:57 +1000] "GET /index.php/catalog/product_compare/add/product/28/uenc/aHR0cDovL3Bna2Rpc3RyaWJ1dGlvbi5jb20uYXUvaW5kZXgucGhwL3NvbGFyLWludmVydGVycy9zb2xheC1pbnZlcnRlcnMuaHRtbD9kaXI9ZGVzYyZsaW1pdD01Jm1vZGU9bGlzdCZvcmRlcj1tYW51ZmFjdHVyZXI,/ HTTP/1.1" 301 1188 "-" "Mozilla/5.0 (compatible; DotBot/1.2; +https://opensiteexplorer.org/dotbot; help@moz.com)"
216.244.66.241 - - [29/Jun/2024:02:46:58 +1000] "GET /index.php/catalog/product_compare/add/product/28/uenc/aHR0cDovL3Bna2Rpc3RyaWJ1dGlvbi5jb20uYXUvaW5kZXgucGhwL3NvbGFyLWludmVydGVycy9zb2xheC1pbnZlcnRlcnMuaHRtbD9kaXI9ZGVzYyZsaW1pdD0xNSZtb2RlPWxpc3Qmb3JkZXI9cG9zaXRpb24,/ HTTP/1.1" 301 1184 "-" "Mozilla/5.0 (compatible; DotBot/1.2; +https://opensiteexplorer.org/dotbot; help@moz.com)"
216.244.66.241 - - [29/Jun/2024:02:47:00 +1000] "GET /index.php/catalog/product_compare/add/product/31/uenc/aHR0cDovL3Bna2Rpc3RyaWJ1dGlvbi5jb20uYXUvaW5kZXgucGhwL3NvbGFyLWludmVydGVycy9zb2xheC1pbnZlcnRlcnMuaHRtbD9kaXI9ZGVzYyZsaW1pdD0xNSZtb2RlPWxpc3Qmb3JkZXI9cG9zaXRpb24,/ HTTP/1.1" 301 1184 "-" "Mozilla/5.0 (compatible; DotBot/1.2; +https://opensiteexplorer.org/dotbot; help@moz.com)"
216.244.66.241 - - [29/Jun/2024:02:47:01 +1000] "GET /index.php/catalog/product_compare/add/product/31/uenc/aHR0cDovL3Bna2Rpc3RyaWJ1dGlvbi5jb20uYXUvaW5kZXgucGhwL3NvbGFyLWludmVydGVycy9zb2xheC1pbnZlcnRlcnMvdGhyZWUtcGhhc2UtaW52ZXJ0ZXJzLmh0bWw_ZGlyPWFzYyZsaW1pdD0zMCZvcmRlcj1tYW51ZmFjdHVyZXI,/ HTTP/1.1" 301 1204 "-" "Mozilla/5.0 (compatible; DotBot/1.2; +https://opensiteexplorer.org/dotbot; help@moz.com)"
216.244.66.241 - - [29/Jun/2024:02:47:02 +1000] "GET /index.php/catalog/product_compare/add/product/39/uenc/aHR0cDovL3Bna2Rpc3RyaWJ1dGlvbi5jb20uYXUvaW5kZXgucGhwL3NvbGFyLWludmVydGVycy9ib3NjaC1pbnZlcnRlcnMuaHRtbD9kaXI9YXNjJmxpbWl0PTIwJm1vZGU9bGlzdCZvcmRlcj1tYW51ZmFjdHVyZXI,/ HTTP/1.1" 301 1188 "-" "Mozilla/5.0 (compatible; DotBot/1.2; +https://opensiteexplorer.org/dotbot; help@moz.com)"
216.244.66.241 - - [29/Jun/2024:02:47:03 +1000] "GET /index.php/catalog/product_compare/add/product/39/uenc/aHR0cDovL3Bna2Rpc3RyaWJ1dGlvbi5jb20uYXUvaW5kZXgucGhwL3NvbGFyLWludmVydGVycy9ib3NjaC1pbnZlcnRlcnMuaHRtbD9kaXI9ZGVzYyZsaW1pdD0xNSZtb2RlPWdyaWQmb3JkZXI9cHJpY2U,/ HTTP/1.1" 301 1180 "-" "Mozilla/5.0 (compatible; DotBot/1.2; +https://opensiteexplorer.org/dotbot; help@moz.com)"
216.244.66.241 - - [29/Jun/2024:02:47:04 +1000] "GET /index.php/catalog/product_compare/add/product/39/uenc/aHR0cDovL3Bna2Rpc3RyaWJ1dGlvbi5jb20uYXUvaW5kZXgucGhwL3NvbGFyLWludmVydGVycy9ib3NjaC1pbnZlcnRlcnMuaHRtbD9kaXI9ZGVzYyZsaW1pdD0yMCZtb2RlPWxpc3Qmb3JkZXI9bWFudWZhY3R1cmVy/ HTTP/1.1" 301 1188 "-" "Mozilla/5.0 (compatible; DotBot/1.2; +https://opensiteexplorer.org/dotbot; help@moz.com)"
216.244.66.241 - - [29/Jun/2024:02:47:05 +1000] "GET /index.php/catalog/product_compare/add/product/39/uenc/aHR0cDovL3Bna2Rpc3RyaWJ1dGlvbi5jb20uYXUvaW5kZXgucGhwL3NvbGFyLWludmVydGVycy9ib3NjaC1pbnZlcnRlcnMvaHlicmlkLWludmVydGVycy5odG1sP2Rpcj1hc2MmbGltaXQ9MjUmbW9kZT1saXN0Jm9yZGVyPW1hbnVmYWN0dXJlcg,,/ HTTP/1.1" 301 1212 "-" "Mozilla/5.0 (compatible; DotBot/1.2; +https://opensiteexplorer.org/dotbot; help@moz.com)"
216.244.66.241 - - [29/Jun/2024:02:47:06 +1000] "GET /index.php/catalog/product_compare/add/product/39/uenc/aHR0cDovL3Bna2Rpc3RyaWJ1dGlvbi5jb20uYXUvaW5kZXgucGhwL3NvbGFyLWludmVydGVycy9ib3NjaC1pbnZlcnRlcnMvaHlicmlkLWludmVydGVycy5odG1sP2Rpcj1hc2MmbGltaXQ9MzAmb3JkZXI9cG9zaXRpb24,/ HTTP/1.1" 301 1192 "-" "Mozilla/5.0 (compatible; DotBot/1.2; +https://opensiteexplorer.org/dotbot; help@moz.com)"
216.244.66.241 - - [29/Jun/2024:02:47:06 +1000] "GET /index.php/catalog/product_compare/add/product/4/uenc/aHR0cDovL3Bna2Rpc3RyaWJ1dGlvbi5jb20uYXUvaW5kZXgucGhwL3NvbGFyLWludmVydGVycy9zb2xheC1pbnZlcnRlcnMvc2luZ2xlLXBoYXNlLWludmVydGVycy5odG1sP2Rpcj1hc2MmbGltaXQ9NSZtb2RlPWxpc3Qmb3JkZXI9cHJpY2U,/ HTTP/1.1" 301 1207 "-" "Mozilla/5.0 (compatible; DotBot/1.2; +https://opensiteexplorer.org/dotbot; help@moz.com)"
216.244.66.241 - - [29/Jun/2024:02:47:07 +1000] "GET /index.php/catalog/product_compare/add/product/4/uenc/aHR0cDovL3Bna2Rpc3RyaWJ1dGlvbi5jb20uYXUvaW5kZXgucGhwL3NvbGFyLWludmVydGVycy9zb2xheC1pbnZlcnRlcnMvc2luZ2xlLXBoYXNlLWludmVydGVycy5odG1sP2Rpcj1hc2MmbW9kZT1saXN0Jm9yZGVyPW5hbWU,/ HTTP/1.1" 301 1195 "-" "Mozilla/5.0 (compatible; DotBot/1.2; +https://opensiteexplorer.org/dotbot; help@moz.com)"
216.244.66.241 - - [29/Jun/2024:02:47:10 +1000] "GET /index.php/catalog/product_compare/add/product/4/uenc/aHR0cDovL3Bna2Rpc3RyaWJ1dGlvbi5jb20uYXUvaW5kZXgucGhwL3NvbGFyLWludmVydGVycy9zb2xheC1pbnZlcnRlcnMvc2luZ2xlLXBoYXNlLWludmVydGVycy5odG1sP2Rpcj1kZXNjJmxpbWl0PTE1Jm1vZGU9Z3JpZCZvcmRlcj1wb3NpdGlvbg,,/ HTTP/1.1" 301 1215 "-" "Mozilla/5.0 (compatible; DotBot/1.2; +https://opensiteexplorer.org/dotbot; help@moz.com)"
216.244.66.241 - - [29/Jun/2024:02:47:13 +1000] "GET /index.php/catalog/product_compare/add/product/70/uenc/aHR0cDovL3Bna2Rpc3RyaWJ1dGlvbi5jb20uYXUvaW5kZXgucGhwL2VsZWN0cmljYWxzL2NpcmN1aXQtYnJlYWtlcnMuaHRtbD9kaXI9YXNjJmxpbWl0PTkmbW9kZT1saXN0Jm9yZGVyPXBvc2l0aW9u/ HTTP/1.1" 301 1176 "-" "Mozilla/5.0 (compatible; DotBot/1.2; +https://opensiteexplorer.org/dotbot; help@moz.com)"
216.244.66.241 - - [29/Jun/2024:02:47:14 +1000] "GET /index.php/catalog/product_compare/add/product/8/uenc/aHR0cDovL3Bna2Rpc3RyaWJ1dGlvbi5jb20uYXUvaW5kZXgucGhwL2VsZWN0cmljYWxzL2NpcmN1aXQtYnJlYWtlcnMuaHRtbD9kaXI9ZGVzYyZsaW1pdD0xNSZtb2RlPWxpc3Qmb3JkZXI9cHJpY2U,/ HTTP/1.1" 301 1175 "-" "Mozilla/5.0 (compatible; DotBot/1.2; +https://opensiteexplorer.org/dotbot; help@moz.com)"
216.244.66.241 - - [29/Jun/2024:02:47:16 +1000] "GET /index.php/catalog/product_compare/add/product/8/uenc/aHR0cDovL3Bna2Rpc3RyaWJ1dGlvbi5jb20uYXUvaW5kZXgucGhwL2VsZWN0cmljYWxzL2NpcmN1aXQtYnJlYWtlcnMuaHRtbD9kaXI9ZGVzYyZsaW1pdD0yNSZtb2RlPWxpc3Qmb3JkZXI9cHJpY2U,/ HTTP/1.1" 301 1175 "-" "Mozilla/5.0 (compatible; DotBot/1.2; +https://opensiteexplorer.org/dotbot; help@moz.com)"
216.244.66.241 - - [29/Jun/2024:02:47:18 +1000] "GET /index.php/catalog/product_compare/add/product/91/uenc/aHR0cDovL3Bna2Rpc3RyaWJ1dGlvbi5jb20uYXUvaW5kZXgucGhwL2VsZWN0cmljYWxzL2RjLXNvbGFyLWNhYmxlLmh0bWw_ZGlyPWFzYyZsaW1pdD05Jm1vZGU9Z3JpZCZvcmRlcj1wb3NpdGlvbg,,/ HTTP/1.1" 301 1176 "-" "Mozilla/5.0 (compatible; DotBot/1.2; +https://opensiteexplorer.org/dotbot; help@moz.com)"
216.244.66.241 - - [29/Jun/2024:02:47:20 +1000] "GET /index.php/catalog/product_compare/add/product/93/uenc/aHR0cDovL3Bna2Rpc3RyaWJ1dGlvbi5jb20uYXUvaW5kZXgucGhwL2VsZWN0cmljYWxzL2RjLXNvbGFyLWNhYmxlLmh0bWw_ZGlyPWFzYyZsaW1pdD0xMCZtb2RlPWdyaWQmb3JkZXI9bWFudWZhY3R1cmVy/ HTTP/1.1" 301 1180 "-" "Mozilla/5.0 (compatible; DotBot/1.2; +https://opensiteexplorer.org/dotbot; help@moz.com)"
216.244.66.241 - - [29/Jun/2024:02:47:22 +1000] "GET /index.php/catalog/product_compare/add/product/93/uenc/aHR0cDovL3Bna2Rpc3RyaWJ1dGlvbi5jb20uYXUvaW5kZXgucGhwL2VsZWN0cmljYWxzL2RjLXNvbGFyLWNhYmxlLmh0bWw_ZGlyPWFzYyZsaW1pdD0zMCZtb2RlPWxpc3Qmb3JkZXI9bWFudWZhY3R1cmVy/ HTTP/1.1" 301 1180 "-" "Mozilla/5.0 (compatible; DotBot/1.2; +https://opensiteexplorer.org/dotbot; help@moz.com)"
216.244.66.241 - - [29/Jun/2024:02:47:24 +1000] "GET /index.php/catalog/product_compare/add/product/96/uenc/aHR0cDovL3Bna2Rpc3RyaWJ1dGlvbi5jb20uYXUvaW5kZXgucGhwL2VsZWN0cmljYWxzL3NvbGFyLWFjY2Vzc29yaWVzLmh0bWw_ZGlyPWRlc2MmbGltaXQ9MTUmbW9kZT1ncmlkJm9yZGVyPW5hbWU,/ HTTP/1.1" 301 1176 "-" "Mozilla/5.0 (compatible; DotBot/1.2; +https://opensiteexplorer.org/dotbot; help@moz.com)"
216.244.66.241 - - [29/Jun/2024:02:47:25 +1000] "GET /index.php/catalog/product_compare/add/product/96/uenc/aHR0cDovL3Bna2Rpc3RyaWJ1dGlvbi5jb20uYXUvaW5kZXgucGhwL2VsZWN0cmljYWxzL3NvbGFyLWFjY2Vzc29yaWVzLmh0bWw_ZGlyPWRlc2MmbGltaXQ9MjAmbW9kZT1saXN0Jm9yZGVyPXBvc2l0aW9u/ HTTP/1.1" 301 1180 "-" "Mozilla/5.0 (compatible; DotBot/1.2; +https://opensiteexplorer.org/dotbot; help@moz.com)"
216.244.66.241 - - [29/Jun/2024:02:47:26 +1000] "GET /index.php/catalog/product_compare/add/product/99/uenc/aHR0cDovL3Bna2Rpc3RyaWJ1dGlvbi5jb20uYXUvaW5kZXgucGhwL2VsZWN0cmljYWxzL3NvbGFyLWFjY2Vzc29yaWVzLmh0bWw_ZGlyPWFzYyZsaW1pdD0yNSZtb2RlPWxpc3Qmb3JkZXI9bmFtZQ,,/ HTTP/1.1" 301 1176 "-" "Mozilla/5.0 (compatible; DotBot/1.2; +https://opensiteexplorer.org/dotbot; help@moz.com)"
111.67.29.221 - - [29/Jun/2024:02:47:33 +1000] "POST /wp-cron.php?doing_wp_cron=1719593252.0285279750823974609375 HTTP/1.1" 200 296 "-" "WordPress/6.5.5; https://www.pgkdistribution.com.au"
216.244.66.241 - - [29/Jun/2024:02:47:27 +1000] "GET /catalog/product_compare/add/product/102/uenc/aHR0cDovL3d3dy5wZ2tkaXN0cmlidXRpb24uY29tLmF1L2VsZWN0cmljYWxzLmh0bWw_ZGlyPWFzYyZsaW1pdD0xNSZvcmRlcj1wcmljZQ,,/ HTTP/1.1" 404 95112 "-" "Mozilla/5.0 (compatible; DotBot/1.2; +https://opensiteexplorer.org/dotbot; help@moz.com)"
111.67.29.221 - - [29/Jun/2024:02:48:09 +1000] "POST /wp-cron.php?doing_wp_cron=1719593289.1470429897308349609375 HTTP/1.1" 200 296 "-" "WordPress/6.5.5; https://www.pgkdistribution.com.au"
216.244.66.241 - - [29/Jun/2024:02:48:07 +1000] "GET /catalog/product_compare/add/product/111/uenc/aHR0cDovL3d3dy5wZ2tkaXN0cmlidXRpb24uY29tLmF1L3NvbGFyLWludmVydGVycy5odG1sP2xpbWl0PTk,/ HTTP/1.1" 404 95062 "-" "Mozilla/5.0 (compatible; DotBot/1.2; +https://opensiteexplorer.org/dotbot; help@moz.com)"
216.244.66.241 - - [29/Jun/2024:02:48:45 +1000] "GET /catalog/product_compare/add/product/118/uenc/aHR0cDovL3d3dy5wZ2tkaXN0cmlidXRpb24uY29tLmF1L3NvbGFyLXBhbmVscy9zdW5yaXNlLTI1MHctcG9seS1zb2xhci1wYW5lbC5odG1s/ HTTP/1.1" 404 95108 "-" "Mozilla/5.0 (compatible; DotBot/1.2; +https://opensiteexplorer.org/dotbot; help@moz.com)"
111.67.29.221 - - [29/Jun/2024:02:49:26 +1000] "POST /wp-cron.php?doing_wp_cron=1719593366.2173159122467041015625 HTTP/1.1" 200 296 "-" "WordPress/6.5.5; https://www.pgkdistribution.com.au"
216.244.66.241 - - [29/Jun/2024:02:49:20 +1000] "GET /catalog/product_compare/add/product/24/uenc/aHR0cDovL3d3dy5wZ2tkaXN0cmlidXRpb24uY29tLmF1L3NvbGFyLWludmVydGVycy5odG1sP2Rpcj1hc2MmbGltaXQ9MTUmb3JkZXI9bmFtZQ,,/ HTTP/1.1" 404 95133 "-" "Mozilla/5.0 (compatible; DotBot/1.2; +https://opensiteexplorer.org/dotbot; help@moz.com)"
111.67.29.221 - - [29/Jun/2024:02:50:07 +1000] "POST /wp-cron.php?doing_wp_cron=1719593407.2232899665832519531250 HTTP/1.1" 200 296 "-" "WordPress/6.5.5; https://www.pgkdistribution.com.au"
216.244.66.241 - - [29/Jun/2024:02:49:59 +1000] "GET /catalog/product_compare/add/product/25/uenc/aHR0cDovL3d3dy5wZ2tkaXN0cmlidXRpb24uY29tLmF1L3NvbGFyLWludmVydGVycy9zb2xheC1pbnZlcnRlcnMuaHRtbD9saW1pdD0xNQ,,/ HTTP/1.1" 404 95110 "-" "Mozilla/5.0 (compatible; DotBot/1.2; +https://opensiteexplorer.org/dotbot; help@moz.com)"
216.244.66.241 - - [29/Jun/2024:02:50:42 +1000] "GET /solar-inverters.html?dir=desc&limit=15&order=name HTTP/1.1" 404 94478 "-" "Mozilla/5.0 (compatible; DotBot/1.2; +https://opensiteexplorer.org/dotbot; help@moz.com)"
111.67.29.221 - - [29/Jun/2024:02:51:22 +1000] "POST /wp-cron.php?doing_wp_cron=1719593482.6373260021209716796875 HTTP/1.1" 200 296 "-" "WordPress/6.5.5; https://www.pgkdistribution.com.au"
216.244.66.241 - - [29/Jun/2024:02:51:16 +1000] "GET /solar-panels.html?dir=desc&limit=9&order=name HTTP/1.1" 404 94470 "-" "Mozilla/5.0 (compatible; DotBot/1.2; +https://opensiteexplorer.org/dotbot; help@moz.com)"
216.244.66.241 - - [29/Jun/2024:02:52:03 +1000] "GET /index.php/electricals/solar-accessories.html?limit=20&mode=list HTTP/1.1" 301 1032 "-" "Mozilla/5.0 (compatible; DotBot/1.2; +https://opensiteexplorer.org/dotbot; help@moz.com)"
107.175.151.57 - - [29/Jun/2024:03:23:23 +1000] "GET /contact-us/ HTTP/1.1" 301 980 "http://pgkdistribution.com.au/" "Mozilla/5.0 (Windows NT 10.0; Win64; x64) AppleWebKit/537.36 (KHTML, like Gecko) Chrome/114.0.0.0 Safari/537.36 Vivaldi/5.3.2679.68"
107.175.151.57 - - [29/Jun/2024:03:23:24 +1000] "GET /contact-us/ HTTP/1.1" 200 21104 "http://pgkdistribution.com.au/contact-us/" "Mozilla/5.0 (Windows NT 10.0; Win64; x64) AppleWebKit/537.36 (KHTML, like Gecko) Chrome/114.0.0.0 Safari/537.36 Vivaldi/5.3.2679.68"
163.172.221.217 - - [29/Jun/2024:03:36:38 +1000] "GET /index.php?here=1111 HTTP/1.1" 301 951 "-" "Mozilla/5.0 (Windows NT 10.0; Win64; x64) AppleWebKit/537.36 (KHTML, like Gecko) Chrome/124.0.0.0 Safari/537.36"
111.67.29.221 - - [29/Jun/2024:03:36:45 +1000] "POST /wp-cron.php?doing_wp_cron=1719596205.4809761047363281250000 HTTP/1.1" 200 296 "-" "WordPress/6.5.5; https://www.pgkdistribution.com.au"
163.172.221.217 - - [29/Jun/2024:03:36:39 +1000] "GET /index.php?here=1111 HTTP/1.1" 301 493 "-" "Mozilla/5.0 (Windows NT 10.0; Win64; x64) AppleWebKit/537.36 (KHTML, like Gecko) Chrome/124.0.0.0 Safari/537.36"
111.67.29.221 - - [29/Jun/2024:04:19:52 +1000] "POST /wp-cron.php?doing_wp_cron=1719598792.7107698917388916015625 HTTP/1.1" 200 296 "-" "WordPress/6.5.5; https://www.pgkdistribution.com.au"
66.249.66.199 - - [29/Jun/2024:04:19:47 +1000] "GET /robots.txt HTTP/1.1" 200 716 "-" "Mozilla/5.0 (compatible; Googlebot/2.1; +http://www.google.com/bot.html)"
66.249.66.198 - - [29/Jun/2024:04:19:54 +1000] "GET /wp-content/uploads/2021/06/EA1601A-500x500-1.jpg HTTP/1.1" 200 36570 "-" "Googlebot-Image/1.0"
222.79.104.23 - - [29/Jun/2024:04:27:46 +1000] "GET / HTTP/1.1" 301 497 "-" "Mozilla/5.0 (iPhone; CPU iPhone OS 13_2_3 like Mac OS X) AppleWebKit/605.1.15 (KHTML, like Gecko) Version/13.0.3 Mobile/15E148 Safari/604.1"
185.68.185.54 - - [29/Jun/2024:04:35:50 +1000] "GET /wp-login.php HTTP/1.1" 301 981 "-" "Mozilla/5.0 (Windows; U; Windows NT 6.1; en-US) AppleWebKit/534.10 (KHTML, like Gecko) Chrome/8.0.552.224 Safari/534.10"
66.249.66.85 - - [29/Jun/2024:04:35:54 +1000] "GET /product/solar-pv-label-kit-deluxe/ HTTP/1.1" 301 1003 "-" "Mozilla/5.0 (Linux; Android 6.0.1; Nexus 5X Build/MMB29P) AppleWebKit/537.36 (KHTML, like Gecko) Chrome/125.0.6422.175 Mobile Safari/537.36 (compatible; Googlebot/2.1; +http://www.google.com/bot.html)"
185.68.185.54 - - [29/Jun/2024:04:35:52 +1000] "GET /wp-login.php HTTP/1.1" 302 572 "-" "Mozilla/5.0 (Windows; U; Windows NT 6.1; en-US) AppleWebKit/534.10 (KHTML, like Gecko) Chrome/8.0.552.224 Safari/534.10"
66.249.66.197 - - [29/Jun/2024:04:35:59 +1000] "GET /product/solar-pv-label-kit-deluxe/ HTTP/1.1" 200 23701 "-" "Mozilla/5.0 (Linux; Android 6.0.1; Nexus 5X Build/MMB29P) AppleWebKit/537.36 (KHTML, like Gecko) Chrome/125.0.6422.175 Mobile Safari/537.36 (compatible; Googlebot/2.1; +http://www.google.com/bot.html)"
66.249.66.197 - - [29/Jun/2024:04:36:06 +1000] "GET /wp-content/plugins/woo-gutenberg-products-block/build/breadcrumbs.css?ver=10.8.1 HTTP/1.1" 200 670 "http://www.pgkdistribution.com.au/product/solar-pv-label-kit-deluxe/" "Mozilla/5.0 (Linux; Android 6.0.1; Nexus 5X Build/MMB29P) AppleWebKit/537.36 (KHTML, like Gecko) Chrome/125.0.6422.175 Mobile Safari/537.36 (compatible; Googlebot/2.1; +http://www.google.com/bot.html)"
66.249.66.197 - - [29/Jun/2024:04:36:12 +1000] "GET /wp-content/plugins/woo-gutenberg-products-block/build/wc-blocks.css?ver=10.8.1 HTTP/1.1" 200 3311 "http://www.pgkdistribution.com.au/product/solar-pv-label-kit-deluxe/" "Mozilla/5.0 (Linux; Android 6.0.1; Nexus 5X Build/MMB29P) AppleWebKit/537.36 (KHTML, like Gecko) Chrome/125.0.6422.175 Mobile Safari/537.36 (compatible; Googlebot/2.1; +http://www.google.com/bot.html)"
66.249.66.197 - - [29/Jun/2024:04:36:15 +1000] "GET /wp-content/plugins/user-registration-plugin-for-woocommerce/front/css/afreg_front.css?ver=1.0 HTTP/1.1" 200 1127 "http://www.pgkdistribution.com.au/product/solar-pv-label-kit-deluxe/" "Mozilla/5.0 (Linux; Android 6.0.1; Nexus 5X Build/MMB29P) AppleWebKit/537.36 (KHTML, like Gecko) Chrome/125.0.6422.175 Mobile Safari/537.36 (compatible; Googlebot/2.1; +http://www.google.com/bot.html)"
66.249.66.197 - - [29/Jun/2024:04:36:17 +1000] "GET /wp-content/plugins/gutentor/assets/library/magnific-popup/magnific-popup.min.css?ver=1.8.0 HTTP/1.1" 200 2183 "http://www.pgkdistribution.com.au/product/solar-pv-label-kit-deluxe/" "Mozilla/5.0 (Linux; Android 6.0.1; Nexus 5X Build/MMB29P) AppleWebKit/537.36 (KHTML, like Gecko) Chrome/125.0.6422.175 Mobile Safari/537.36 (compatible; Googlebot/2.1; +http://www.google.com/bot.html)"
66.249.66.197 - - [29/Jun/2024:04:36:20 +1000] "GET /wp-content/plugins/contact-form-7/includes/js/index.js?ver=5.7.7 HTTP/1.1" 200 5037 "http://www.pgkdistribution.com.au/product/solar-pv-label-kit-deluxe/" "Mozilla/5.0 (Linux; Android 6.0.1; Nexus 5X Build/MMB29P) AppleWebKit/537.36 (KHTML, like Gecko) Chrome/125.0.6422.175 Mobile Safari/537.36 (compatible; Googlebot/2.1; +http://www.google.com/bot.html)"
66.249.66.197 - - [29/Jun/2024:04:36:22 +1000] "GET /wp-content/plugins/mailchimp-for-woocommerce/public/js/mailchimp-woocommerce-public.min.js?ver=2.7.2.01 HTTP/1.1" 200 2736 "http://www.pgkdistribution.com.au/product/solar-pv-label-kit-deluxe/" "Mozilla/5.0 (Linux; Android 6.0.1; Nexus 5X Build/MMB29P) AppleWebKit/537.36 (KHTML, like Gecko) Chrome/125.0.6422.175 Mobile Safari/537.36 (compatible; Googlebot/2.1; +http://www.google.com/bot.html)"
66.249.66.197 - - [29/Jun/2024:04:36:24 +1000] "GET /wp-content/themes/storefront/assets/js/woocommerce/header-cart.min.js?ver=3.9.1 HTTP/1.1" 200 678 "http://www.pgkdistribution.com.au/product/solar-pv-label-kit-deluxe/" "Mozilla/5.0 (Linux; Android 6.0.1; Nexus 5X Build/MMB29P) AppleWebKit/537.36 (KHTML, like Gecko) Chrome/125.0.6422.175 Mobile Safari/537.36 (compatible; Googlebot/2.1; +http://www.google.com/bot.html)"
66.249.66.197 - - [29/Jun/2024:04:36:25 +1000] "GET /wp-content/plugins/storefront-hamburger-menu/assets/js/frontend.min.js?ver=1.2.2 HTTP/1.1" 200 638 "http://www.pgkdistribution.com.au/product/solar-pv-label-kit-deluxe/" "Mozilla/5.0 (Linux; Android 6.0.1; Nexus 5X Build/MMB29P) AppleWebKit/537.36 (KHTML, like Gecko) Chrome/125.0.6422.175 Mobile Safari/537.36 (compatible; Googlebot/2.1; +http://www.google.com/bot.html)"
66.249.66.197 - - [29/Jun/2024:04:36:27 +1000] "GET /wp-content/themes/storefront/assets/js/footer.min.js?ver=3.9.1 HTTP/1.1" 200 758 "http://www.pgkdistribution.com.au/product/solar-pv-label-kit-deluxe/" "Mozilla/5.0 (Linux; Android 6.0.1; Nexus 5X Build/MMB29P) AppleWebKit/537.36 (KHTML, like Gecko) Chrome/125.0.6422.175 Mobile Safari/537.36 (compatible; Googlebot/2.1; +http://www.google.com/bot.html)"
66.249.66.197 - - [29/Jun/2024:04:36:28 +1000] "GET /wp-content/plugins/contact-form-7/includes/swv/js/index.js?ver=5.7.7 HTTP/1.1" 200 3675 "http://www.pgkdistribution.com.au/product/solar-pv-label-kit-deluxe/" "Mozilla/5.0 (Linux; Android 6.0.1; Nexus 5X Build/MMB29P) AppleWebKit/537.36 (KHTML, like Gecko) Chrome/125.0.6422.175 Mobile Safari/537.36 (compatible; Googlebot/2.1; +http://www.google.com/bot.html)"
66.249.66.197 - - [29/Jun/2024:04:36:29 +1000] "GET /wp-content/themes/homestore/assets/js/homestore.min.js?ver=2.0.33 HTTP/1.1" 200 1468 "http://www.pgkdistribution.com.au/product/solar-pv-label-kit-deluxe/" "Mozilla/5.0 (Linux; Android 6.0.1; Nexus 5X Build/MMB29P) AppleWebKit/537.36 (KHTML, like Gecko) Chrome/125.0.6422.175 Mobile Safari/537.36 (compatible; Googlebot/2.1; +http://www.google.com/bot.html)"
66.249.66.197 - - [29/Jun/2024:04:36:30 +1000] "GET /wp-content/themes/storefront/assets/js/navigation.min.js?ver=3.9.1 HTTP/1.1" 200 1410 "http://www.pgkdistribution.com.au/product/solar-pv-label-kit-deluxe/" "Mozilla/5.0 (Linux; Android 6.0.1; Nexus 5X Build/MMB29P) AppleWebKit/537.36 (KHTML, like Gecko) Chrome/125.0.6422.175 Mobile Safari/537.36 (compatible; Googlebot/2.1; +http://www.google.com/bot.html)"
66.249.66.197 - - [29/Jun/2024:04:36:31 +1000] "POST /?wc-ajax=get_refreshed_fragments HTTP/1.1" 200 928 "http://www.pgkdistribution.com.au/product/solar-pv-label-kit-deluxe/" "Mozilla/5.0 (Linux; Android 6.0.1; Nexus 5X Build/MMB29P) AppleWebKit/537.36 (KHTML, like Gecko) Chrome/125.0.6422.175 Mobile Safari/537.36 (compatible; Googlebot/2.1; +http://www.google.com/bot.html)"
174.138.55.207 - - [29/Jun/2024:04:37:28 +1000] "POST /wp-head.php HTTP/1.1" 301 943 "-" "Mozilla/5.0 (Windows NT 6.0; Win64; x64) AppleWebKit/537.36 (KHTML, like Gecko) Chrome/65.0.3152.119 Safari/537.36"
111.67.29.221 - - [29/Jun/2024:04:37:36 +1000] "POST /wp-cron.php?doing_wp_cron=1719599856.0827510356903076171875 HTTP/1.1" 200 296 "-" "WordPress/6.5.5; https://www.pgkdistribution.com.au"
174.138.55.207 - - [29/Jun/2024:04:37:29 +1000] "GET /wp-head.php HTTP/1.1" 404 94345 "-" "Mozilla/5.0 (Windows NT 6.0; Win64; x64) AppleWebKit/537.36 (KHTML, like Gecko) Chrome/65.0.3152.119 Safari/537.36"
174.138.55.207 - - [29/Jun/2024:04:38:00 +1000] "POST /wp-checkbex.php HTTP/1.1" 301 947 "-" "Mozilla/5.0 (Windows NT 6.0; Win64; x64) AppleWebKit/537.36 (KHTML, like Gecko) Chrome/65.0.3152.119 Safari/537.36"
111.67.29.221 - - [29/Jun/2024:04:38:03 +1000] "POST /wp-cron.php?doing_wp_cron=1719599883.1554939746856689453125 HTTP/1.1" 200 296 "-" "WordPress/6.5.5; https://www.pgkdistribution.com.au"
174.138.55.207 - - [29/Jun/2024:04:38:01 +1000] "GET /wp-checkbex.php HTTP/1.1" 404 94353 "-" "Mozilla/5.0 (Windows NT 6.0; Win64; x64) AppleWebKit/537.36 (KHTML, like Gecko) Chrome/65.0.3152.119 Safari/537.36"
174.138.55.207 - - [29/Jun/2024:04:38:12 +1000] "POST /index.php HTTP/1.1" 301 941 "-" "Mozilla/5.0 (Windows NT 6.0; Win64; x64) AppleWebKit/537.36 (KHTML, like Gecko) Chrome/65.0.3152.119 Safari/537.36"
174.138.55.207 - - [29/Jun/2024:04:38:13 +1000] "GET /index.php HTTP/1.1" 301 469 "-" "Mozilla/5.0 (Windows NT 6.0; Win64; x64) AppleWebKit/537.36 (KHTML, like Gecko) Chrome/65.0.3152.119 Safari/537.36"
104.248.250.110 - - [29/Jun/2024:04:53:38 +1000] "GET /index.php?song1=song1 HTTP/1.1" 301 953 "-" "Mozilla/5.0 (Windows NT 10.0; Win64; x64) AppleWebKit/537.36 (KHTML, like Gecko) Chrome/124.0.0.0 Safari/537.36"
111.67.29.221 - - [29/Jun/2024:04:53:45 +1000] "POST /wp-cron.php?doing_wp_cron=1719600825.4792399406433105468750 HTTP/1.1" 200 296 "-" "WordPress/6.5.5; https://www.pgkdistribution.com.au"
104.248.250.110 - - [29/Jun/2024:04:53:39 +1000] "GET /index.php?song1=song1 HTTP/1.1" 301 497 "-" "Mozilla/5.0 (Windows NT 10.0; Win64; x64) AppleWebKit/537.36 (KHTML, like Gecko) Chrome/124.0.0.0 Safari/537.36"
111.67.29.221 - - [29/Jun/2024:04:57:11 +1000] "POST /wp-cron.php?doing_wp_cron=1719601031.1322829723358154296875 HTTP/1.1" 200 296 "-" "WordPress/6.5.5; https://www.pgkdistribution.com.au"
3.90.34.232 - - [29/Jun/2024:04:57:04 +1000] "GET / HTTP/1.1" 301 497 "-" "Mozilla/5.0 (Windows NT 10.0; Win64; x64) AppleWebKit/537.36 (KHTML, like Gecko) Chrome/86.0.4240.75 Safari/537.36"
66.249.66.198 - - [29/Jun/2024:04:57:48 +1000] "GET /wp-content/uploads/2021/05/PGK-Grey-font.png HTTP/1.1" 200 295284 "-" "Googlebot-Image/1.0"
111.67.29.221 - - [29/Jun/2024:05:05:15 +1000] "POST /wp-cron.php?doing_wp_cron=1719601515.6303400993347167968750 HTTP/1.1" 200 296 "-" "WordPress/6.5.5; https://www.pgkdistribution.com.au"
66.249.66.197 - - [29/Jun/2024:05:05:06 +1000] "GET /sitemap_index.xml HTTP/1.1" 200 896 "-" "Mozilla/5.0 (compatible; Googlebot/2.1; +http://www.google.com/bot.html)"
198.98.48.20 - - [29/Jun/2024:05:36:25 +1000] "GET /wp-config.php~ HTTP/1.1" 301 983 "-" "Mozilla/5.0 (iPhone; CPU iPhone OS 6_1_2 like Mac OS X) AppleWebKit/536.26 (KHTML, like Gecko) Version/6.0 Mobile/10B146 Safari/8536.25"
111.67.29.221 - - [29/Jun/2024:05:36:34 +1000] "POST /wp-cron.php?doing_wp_cron=1719603394.5711390972137451171875 HTTP/1.1" 200 296 "-" "WordPress/6.5.5; https://www.pgkdistribution.com.au"
198.98.48.20 - - [29/Jun/2024:05:36:27 +1000] "GET /wp-config.php~ HTTP/1.1" 404 94388 "-" "Mozilla/5.0 (iPhone; CPU iPhone OS 6_1_2 like Mac OS X) AppleWebKit/536.26 (KHTML, like Gecko) Version/6.0 Mobile/10B146 Safari/8536.25"
198.98.48.20 - - [29/Jun/2024:05:36:38 +1000] "GET /wp-config-backup1.txt HTTP/1.1" 301 990 "-" "Mozilla/5.0 (iPhone; CPU iPhone OS 6_1_2 like Mac OS X) AppleWebKit/536.26 (KHTML, like Gecko) Version/6.0 Mobile/10B146 Safari/8536.25"
198.98.48.20 - - [29/Jun/2024:05:36:39 +1000] "GET /wp-config-backup1.txt HTTP/1.1" 404 94402 "-" "Mozilla/5.0 (iPhone; CPU iPhone OS 6_1_2 like Mac OS X) AppleWebKit/536.26 (KHTML, like Gecko) Version/6.0 Mobile/10B146 Safari/8536.25"
198.98.48.20 - - [29/Jun/2024:05:36:52 +1000] "GET /wp-config%20fix.txt HTTP/1.1" 301 988 "-" "Mozilla/5.0 (iPhone; CPU iPhone OS 6_1_2 like Mac OS X) AppleWebKit/536.26 (KHTML, like Gecko) Version/6.0 Mobile/10B146 Safari/8536.25"
111.67.29.221 - - [29/Jun/2024:05:36:57 +1000] "POST /wp-cron.php?doing_wp_cron=1719603417.3057639598846435546875 HTTP/1.1" 200 296 "-" "WordPress/6.5.5; https://www.pgkdistribution.com.au"
198.98.48.20 - - [29/Jun/2024:05:36:56 +1000] "GET /wp-config%20fix.txt HTTP/1.1" 404 94400 "-" "Mozilla/5.0 (iPhone; CPU iPhone OS 6_1_2 like Mac OS X) AppleWebKit/536.26 (KHTML, like Gecko) Version/6.0 Mobile/10B146 Safari/8536.25"
198.98.48.20 - - [29/Jun/2024:05:37:14 +1000] "GET /wp-config HTTP/1.1" 301 978 "-" "Mozilla/5.0 (iPhone; CPU iPhone OS 6_1_2 like Mac OS X) AppleWebKit/536.26 (KHTML, like Gecko) Version/6.0 Mobile/10B146 Safari/8536.25"
198.98.48.20 - - [29/Jun/2024:05:37:51 +1000] "GET /wp-config.old HTTP/1.1" 301 982 "-" "Mozilla/5.0 (iPhone; CPU iPhone OS 6_1_2 like Mac OS X) AppleWebKit/536.26 (KHTML, like Gecko) Version/6.0 Mobile/10B146 Safari/8536.25"
198.98.48.20 - - [29/Jun/2024:05:38:43 +1000] "GET /wp-config-backup.txt HTTP/1.1" 301 989 "-" "Mozilla/5.0 (iPhone; CPU iPhone OS 6_1_2 like Mac OS X) AppleWebKit/536.26 (KHTML, like Gecko) Version/6.0 Mobile/10B146 Safari/8536.25"
111.67.29.221 - - [29/Jun/2024:05:38:53 +1000] "POST /wp-cron.php?doing_wp_cron=1719603533.6175699234008789062500 HTTP/1.1" 200 296 "-" "WordPress/6.5.5; https://www.pgkdistribution.com.au"
198.98.48.20 - - [29/Jun/2024:05:38:48 +1000] "GET /wp-config-backup.txt HTTP/1.1" 404 94400 "-" "Mozilla/5.0 (iPhone; CPU iPhone OS 6_1_2 like Mac OS X) AppleWebKit/536.26 (KHTML, like Gecko) Version/6.0 Mobile/10B146 Safari/8536.25"
198.98.48.20 - - [29/Jun/2024:05:39:11 +1000] "GET /wp-config-backup HTTP/1.1" 301 985 "-" "Mozilla/5.0 (iPhone; CPU iPhone OS 6_1_2 like Mac OS X) AppleWebKit/536.26 (KHTML, like Gecko) Version/6.0 Mobile/10B146 Safari/8536.25"
198.98.48.20 - - [29/Jun/2024:05:39:38 +1000] "GET /config.old HTTP/1.1" 301 979 "-" "Mozilla/5.0 (iPhone; CPU iPhone OS 6_1_2 like Mac OS X) AppleWebKit/536.26 (KHTML, like Gecko) Version/6.0 Mobile/10B146 Safari/8536.25"
198.98.48.20 - - [29/Jun/2024:05:39:50 +1000] "GET /config.old HTTP/1.1" 404 94380 "-" "Mozilla/5.0 (iPhone; CPU iPhone OS 6_1_2 like Mac OS X) AppleWebKit/536.26 (KHTML, like Gecko) Version/6.0 Mobile/10B146 Safari/8536.25"
198.98.48.20 - - [29/Jun/2024:05:40:16 +1000] "GET /config.php~ HTTP/1.1" 301 980 "-" "Mozilla/5.0 (iPhone; CPU iPhone OS 6_1_2 like Mac OS X) AppleWebKit/536.26 (KHTML, like Gecko) Version/6.0 Mobile/10B146 Safari/8536.25"
198.98.48.20 - - [29/Jun/2024:05:41:25 +1000] "GET /wp-config.phpb HTTP/1.1" 301 983 "-" "Mozilla/5.0 (iPhone; CPU iPhone OS 6_1_2 like Mac OS X) AppleWebKit/536.26 (KHTML, like Gecko) Version/6.0 Mobile/10B146 Safari/8536.25"
198.98.48.20 - - [29/Jun/2024:05:42:28 +1000] "GET /config.php~~ HTTP/1.1" 301 981 "-" "Mozilla/5.0 (iPhone; CPU iPhone OS 6_1_2 like Mac OS X) AppleWebKit/536.26 (KHTML, like Gecko) Version/6.0 Mobile/10B146 Safari/8536.25"
192.42.116.195 - - [29/Jun/2024:05:45:22 +1000] "GET /config.txt HTTP/1.1" 301 979 "-" "Mozilla/5.0 (iPhone; CPU iPhone OS 6_1_2 like Mac OS X) AppleWebKit/536.26 (KHTML, like Gecko) Version/6.0 Mobile/10B146 Safari/8536.25"
66.249.66.197 - - [29/Jun/2024:05:45:27 +1000] "GET /wp-content/uploads/2021/06/SE019.png HTTP/1.1" 200 168322 "-" "Googlebot-Image/1.0"
192.42.116.195 - - [29/Jun/2024:05:45:26 +1000] "GET /config.txt HTTP/1.1" 404 94380 "-" "Mozilla/5.0 (iPhone; CPU iPhone OS 6_1_2 like Mac OS X) AppleWebKit/536.26 (KHTML, like Gecko) Version/6.0 Mobile/10B146 Safari/8536.25"
192.42.116.195 - - [29/Jun/2024:05:45:32 +1000] "GET /wp-config-sample.php~~ HTTP/1.1" 301 991 "-" "Mozilla/5.0 (iPhone; CPU iPhone OS 6_1_2 like Mac OS X) AppleWebKit/536.26 (KHTML, like Gecko) Version/6.0 Mobile/10B146 Safari/8536.25"
111.67.29.221 - - [29/Jun/2024:05:45:36 +1000] "POST /wp-cron.php?doing_wp_cron=1719603936.8607048988342285156250 HTTP/1.1" 200 296 "-" "WordPress/6.5.5; https://www.pgkdistribution.com.au"
192.42.116.195 - - [29/Jun/2024:05:45:35 +1000] "GET /wp-config-sample.php~~ HTTP/1.1" 404 94404 "-" "Mozilla/5.0 (iPhone; CPU iPhone OS 6_1_2 like Mac OS X) AppleWebKit/536.26 (KHTML, like Gecko) Version/6.0 Mobile/10B146 Safari/8536.25"
103.131.71.45 - - [29/Jun/2024:06:02:03 +1000] "GET /robots.txt HTTP/1.1" 301 942 "-" "Mozilla/5.0 (compatible; coccocbot-image/1.0; +http://help.coccoc.com/searchengine)"
111.67.29.221 - - [29/Jun/2024:06:02:11 +1000] "POST /wp-cron.php?doing_wp_cron=1719604931.4851830005645751953125 HTTP/1.1" 200 296 "-" "WordPress/6.5.5; https://www.pgkdistribution.com.au"
103.131.71.45 - - [29/Jun/2024:06:02:05 +1000] "GET /robots.txt HTTP/1.1" 200 679 "-" "Mozilla/5.0 (compatible; coccocbot-image/1.0; +http://help.coccoc.com/searchengine)"
139.59.5.55 - - [29/Jun/2024:06:04:12 +1000] "GET /wp-admin/admin-ajax.php?action=wrt&s1=1 HTTP/1.1" 301 971 "-" "Mozilla/5.0 (Windows NT 10.0; Win64; x64) AppleWebKit/537.36 (KHTML, like Gecko) Chrome/124.0.0.0 Safari/537.36"
111.67.29.221 - - [29/Jun/2024:06:04:20 +1000] "POST /wp-cron.php?doing_wp_cron=1719605060.1393339633941650390625 HTTP/1.1" 200 296 "-" "WordPress/6.5.5; https://www.pgkdistribution.com.au"
139.59.5.55 - - [29/Jun/2024:06:04:13 +1000] "GET /wp-admin/admin-ajax.php?action=wrt&s1=1 HTTP/1.1" 400 441 "-" "Mozilla/5.0 (Windows NT 10.0; Win64; x64) AppleWebKit/537.36 (KHTML, like Gecko) Chrome/124.0.0.0 Safari/537.36"
145.239.10.137 - - [29/Jun/2024:06:45:42 +1000] "GET /system.php HTTP/1.1" 301 942 "http://pgkdistribution.com.au/system.php" "Mozilla/5.0 (iPhone; CPU iPhone OS 17_5_1 like Mac OS X) AppleWebKit/605.1.15 (KHTML, like Gecko) Version/17.5 Mobile/15E148 Safari/604.1"
145.239.10.137 - - [29/Jun/2024:06:45:42 +1000] "GET /1.php HTTP/1.1" 301 937 "http://pgkdistribution.com.au/1.php" "Mozilla/5.0 (iPhone; CPU iPhone OS 17_5_1 like Mac OS X) AppleWebKit/605.1.15 (KHTML, like Gecko) Version/17.5 Mobile/15E148 Safari/604.1"
111.67.29.221 - - [29/Jun/2024:06:45:48 +1000] "POST /wp-cron.php?doing_wp_cron=1719607547.9057590961456298828125 HTTP/1.1" 200 296 "-" "WordPress/6.5.5; https://www.pgkdistribution.com.au"
111.67.29.221 - - [29/Jun/2024:06:45:48 +1000] "POST /wp-cron.php?doing_wp_cron=1719607547.9057900905609130859375 HTTP/1.1" 200 296 "-" "WordPress/6.5.5; https://www.pgkdistribution.com.au"
145.239.10.137 - - [29/Jun/2024:06:45:43 +1000] "GET /system.php HTTP/1.1" 404 20161 "http://www.pgkdistribution.com.au/system.php" "Mozilla/5.0 (iPhone; CPU iPhone OS 17_5_1 like Mac OS X) AppleWebKit/605.1.15 (KHTML, like Gecko) Version/17.5 Mobile/15E148 Safari/604.1"
145.239.10.137 - - [29/Jun/2024:06:45:43 +1000] "GET /1.php HTTP/1.1" 404 20155 "http://www.pgkdistribution.com.au/1.php" "Mozilla/5.0 (iPhone; CPU iPhone OS 17_5_1 like Mac OS X) AppleWebKit/605.1.15 (KHTML, like Gecko) Version/17.5 Mobile/15E148 Safari/604.1"
127.0.0.1 - - [29/Jun/2024:07:03:59 +1000] "GET /wp-content/plugins/include.php HTTP/1.1" 301 1030 "www.google.com" "Mozilla/5.0 (Linux; Android 7.0; SM-G892A Build/NRD90M; wv) AppleWebKit/537.36 (KHTML, like Gecko) Version/4.0 Chrome/60.0.3112.107 Mobile Safari/537.36"
144.91.106.14 - - [29/Jun/2024:07:04:40 +1000] "GET / HTTP/1.1" 301 969 "-" "Mozilla/5.0 (X11; Linux x86_64) AppleWebKit/537.36 (KHTML, like Gecko) Chrome/89.0.4389.82 Safari/537.36"
111.67.29.221 - - [29/Jun/2024:07:04:46 +1000] "POST /wp-cron.php?doing_wp_cron=1719608686.1274590492248535156250 HTTP/1.1" 200 296 "-" "WordPress/6.5.5; https://www.pgkdistribution.com.au"
144.91.106.14 - - [29/Jun/2024:07:04:40 +1000] "GET / HTTP/1.1" 301 497 "-" "Mozilla/5.0 (X11; Linux x86_64) AppleWebKit/537.36 (KHTML, like Gecko) Chrome/89.0.4389.82 Safari/537.36"
144.91.106.14 - - [29/Jun/2024:07:04:42 +1000] "GET / HTTP/1.1" 301 497 "http://pgkdistribution.com.au" "Mozilla/5.0 (X11; Linux x86_64) AppleWebKit/537.36 (KHTML, like Gecko) Chrome/89.0.4389.82 Safari/537.36"
127.0.0.1 - - [29/Jun/2024:07:04:48 +1000] "GET /wp-content/plugins/include.php HTTP/1.1" 404 20381 "www.google.com" "Mozilla/5.0 (Linux; Android 7.0; SM-G892A Build/NRD90M; wv) AppleWebKit/537.36 (KHTML, like Gecko) Version/4.0 Chrome/60.0.3112.107 Mobile Safari/537.36"
127.0.0.1 - - [29/Jun/2024:07:06:14 +1000] "GET /wp-content/plugins/WordPressCore/include.php HTTP/1.1" 301 1044 "www.google.com" "Mozilla/5.0 (Linux; Android 7.0; SM-G892A Build/NRD90M; wv) AppleWebKit/537.36 (KHTML, like Gecko) Version/4.0 Chrome/60.0.3112.107 Mobile Safari/537.36"
66.249.66.85 - - [29/Jun/2024:07:10:40 +1000] "GET /product/pgk-1000v-dc-isolator/ HTTP/1.1" 301 999 "-" "Mozilla/5.0 (Linux; Android 6.0.1; Nexus 5X Build/MMB29P) AppleWebKit/537.36 (KHTML, like Gecko) Chrome/125.0.6422.175 Mobile Safari/537.36 (compatible; Googlebot/2.1; +http://www.google.com/bot.html)"
66.249.66.197 - - [29/Jun/2024:07:10:41 +1000] "GET /product/pgk-1000v-dc-isolator/ HTTP/1.1" 200 24224 "-" "Mozilla/5.0 (Linux; Android 6.0.1; Nexus 5X Build/MMB29P) AppleWebKit/537.36 (KHTML, like Gecko) Chrome/125.0.6422.175 Mobile Safari/537.36 (compatible; Googlebot/2.1; +http://www.google.com/bot.html)"
66.249.66.198 - - [29/Jun/2024:07:11:01 +1000] "GET /wp-content/plugins/woo-gutenberg-products-block/build/price-filter.css?ver=10.8.1 HTTP/1.1" 200 3790 "http://www.pgkdistribution.com.au/product/pgk-1000v-dc-isolator/" "Mozilla/5.0 (Linux; Android 6.0.1; Nexus 5X Build/MMB29P) AppleWebKit/537.36 (KHTML, like Gecko) Chrome/125.0.6422.175 Mobile Safari/537.36 (compatible; Googlebot/2.1; +http://www.google.com/bot.html)"
66.249.66.197 - - [29/Jun/2024:07:11:01 +1000] "GET /wp-content/plugins/user-registration-plugin-for-woocommerce/front/css/afreg_color_spectrum.css?ver=1.0 HTTP/1.1" 200 4952 "http://www.pgkdistribution.com.au/product/pgk-1000v-dc-isolator/" "Mozilla/5.0 (Linux; Android 6.0.1; Nexus 5X Build/MMB29P) AppleWebKit/537.36 (KHTML, like Gecko) Chrome/125.0.6422.175 Mobile Safari/537.36 (compatible; Googlebot/2.1; +http://www.google.com/bot.html)"
66.249.66.197 - - [29/Jun/2024:07:11:02 +1000] "GET /wp-content/plugins/hide-price-add-to-cart-button/assets/css/afwhp_front.css?ver=1.0 HTTP/1.1" 200 744 "http://www.pgkdistribution.com.au/product/pgk-1000v-dc-isolator/" "Mozilla/5.0 (Linux; Android 6.0.1; Nexus 5X Build/MMB29P) AppleWebKit/537.36 (KHTML, like Gecko) Chrome/125.0.6422.175 Mobile Safari/537.36 (compatible; Googlebot/2.1; +http://www.google.com/bot.html)"
66.249.66.197 - - [29/Jun/2024:07:11:02 +1000] "GET /wp-content/plugins/woo-gutenberg-products-block/build/product-search.css?ver=10.8.1 HTTP/1.1" 200 862 "http://www.pgkdistribution.com.au/product/pgk-1000v-dc-isolator/" "Mozilla/5.0 (Linux; Android 6.0.1; Nexus 5X Build/MMB29P) AppleWebKit/537.36 (KHTML, like Gecko) Chrome/125.0.6422.175 Mobile Safari/537.36 (compatible; Googlebot/2.1; +http://www.google.com/bot.html)"
66.249.66.199 - - [29/Jun/2024:07:11:03 +1000] "GET /wp-content/plugins/woo-gutenberg-products-block/build/add-to-cart-form.css?ver=10.8.1 HTTP/1.1" 200 793 "http://www.pgkdistribution.com.au/product/pgk-1000v-dc-isolator/" "Mozilla/5.0 (Linux; Android 6.0.1; Nexus 5X Build/MMB29P) AppleWebKit/537.36 (KHTML, like Gecko) Chrome/125.0.6422.175 Mobile Safari/537.36 (compatible; Googlebot/2.1; +http://www.google.com/bot.html)"
66.249.66.199 - - [29/Jun/2024:07:11:03 +1000] "GET /wp-content/plugins/user-registration-plugin-for-woocommerce/front/js/afreg_color_spectrum.js?ver=1.0 HTTP/1.1" 200 21591 "http://www.pgkdistribution.com.au/product/pgk-1000v-dc-isolator/" "Mozilla/5.0 (Linux; Android 6.0.1; Nexus 5X Build/MMB29P) AppleWebKit/537.36 (KHTML, like Gecko) Chrome/125.0.6422.175 Mobile Safari/537.36 (compatible; Googlebot/2.1; +http://www.google.com/bot.html)"
66.249.66.198 - - [29/Jun/2024:07:11:04 +1000] "GET /wp-content/plugins/storefront-hamburger-menu/assets/css/style.css?ver=1.2.2 HTTP/1.1" 200 1190 "http://www.pgkdistribution.com.au/product/pgk-1000v-dc-isolator/" "Mozilla/5.0 (Linux; Android 6.0.1; Nexus 5X Build/MMB29P) AppleWebKit/537.36 (KHTML, like Gecko) Chrome/125.0.6422.175 Mobile Safari/537.36 (compatible; Googlebot/2.1; +http://www.google.com/bot.html)"
66.249.66.198 - - [29/Jun/2024:07:11:04 +1000] "GET /wp-content/plugins/woo-gutenberg-products-block/build/product-image.css?ver=10.8.1 HTTP/1.1" 200 1422 "http://www.pgkdistribution.com.au/product/pgk-1000v-dc-isolator/" "Mozilla/5.0 (Linux; Android 6.0.1; Nexus 5X Build/MMB29P) AppleWebKit/537.36 (KHTML, like Gecko) Chrome/125.0.6422.175 Mobile Safari/537.36 (compatible; Googlebot/2.1; +http://www.google.com/bot.html)"
66.249.66.198 - - [29/Jun/2024:07:11:05 +1000] "GET /wp-content/plugins/contact-form-7/includes/js/index.js?ver=5.7.7 HTTP/1.1" 200 5037 "http://www.pgkdistribution.com.au/product/pgk-1000v-dc-isolator/" "Mozilla/5.0 (Linux; Android 6.0.1; Nexus 5X Build/MMB29P) AppleWebKit/537.36 (KHTML, like Gecko) Chrome/125.0.6422.175 Mobile Safari/537.36 (compatible; Googlebot/2.1; +http://www.google.com/bot.html)"
66.249.66.198 - - [29/Jun/2024:07:11:05 +1000] "GET /wp-content/plugins/storefront-footer-bar/assets/css/style.css?ver=6.5.5 HTTP/1.1" 200 652 "http://www.pgkdistribution.com.au/product/pgk-1000v-dc-isolator/" "Mozilla/5.0 (Linux; Android 6.0.1; Nexus 5X Build/MMB29P) AppleWebKit/537.36 (KHTML, like Gecko) Chrome/125.0.6422.175 Mobile Safari/537.36 (compatible; Googlebot/2.1; +http://www.google.com/bot.html)"
66.249.66.197 - - [29/Jun/2024:07:11:06 +1000] "GET /wp-content/themes/storefront/assets/css/jetpack/widgets.css?ver=3.9.1 HTTP/1.1" 200 613 "http://www.pgkdistribution.com.au/product/pgk-1000v-dc-isolator/" "Mozilla/5.0 (Linux; Android 6.0.1; Nexus 5X Build/MMB29P) AppleWebKit/537.36 (KHTML, like Gecko) Chrome/125.0.6422.175 Mobile Safari/537.36 (compatible; Googlebot/2.1; +http://www.google.com/bot.html)"
66.249.66.198 - - [29/Jun/2024:07:11:06 +1000] "GET /wp-content/plugins/woo-gutenberg-products-block/build/customer-account.css?ver=10.8.1 HTTP/1.1" 200 831 "http://www.pgkdistribution.com.au/product/pgk-1000v-dc-isolator/" "Mozilla/5.0 (Linux; Android 6.0.1; Nexus 5X Build/MMB29P) AppleWebKit/537.36 (KHTML, like Gecko) Chrome/125.0.6422.175 Mobile Safari/537.36 (compatible; Googlebot/2.1; +http://www.google.com/bot.html)"
66.249.66.198 - - [29/Jun/2024:07:11:07 +1000] "GET /wp-content/plugins/storefront-homepage-contact-section/assets/css/style.css?ver=6.5.5 HTTP/1.1" 200 1156 "http://www.pgkdistribution.com.au/product/pgk-1000v-dc-isolator/" "Mozilla/5.0 (Linux; Android 6.0.1; Nexus 5X Build/MMB29P) AppleWebKit/537.36 (KHTML, like Gecko) Chrome/125.0.6422.175 Mobile Safari/537.36 (compatible; Googlebot/2.1; +http://www.google.com/bot.html)"
66.249.66.198 - - [29/Jun/2024:07:11:07 +1000] "GET /wp-content/plugins/advanced-product-fields-for-woocommerce/assets/css/frontend.min.css?ver=1.6.6 HTTP/1.1" 200 954 "http://www.pgkdistribution.com.au/product/pgk-1000v-dc-isolator/" "Mozilla/5.0 (Linux; Android 6.0.1; Nexus 5X Build/MMB29P) AppleWebKit/537.36 (KHTML, like Gecko) Chrome/125.0.6422.175 Mobile Safari/537.36 (compatible; Googlebot/2.1; +http://www.google.com/bot.html)"
66.249.66.197 - - [29/Jun/2024:07:11:08 +1000] "GET /wp-content/plugins/woo-gutenberg-products-block/build/wc-blocks.css?ver=10.8.1 HTTP/1.1" 200 3311 "http://www.pgkdistribution.com.au/product/pgk-1000v-dc-isolator/" "Mozilla/5.0 (Linux; Android 6.0.1; Nexus 5X Build/MMB29P) AppleWebKit/537.36 (KHTML, like Gecko) Chrome/125.0.6422.175 Mobile Safari/537.36 (compatible; Googlebot/2.1; +http://www.google.com/bot.html)"
66.249.66.197 - - [29/Jun/2024:07:11:08 +1000] "GET /wp-content/plugins/woo-gutenberg-products-block/build/single-product.css?ver=10.8.1 HTTP/1.1" 200 819 "http://www.pgkdistribution.com.au/product/pgk-1000v-dc-isolator/" "Mozilla/5.0 (Linux; Android 6.0.1; Nexus 5X Build/MMB29P) AppleWebKit/537.36 (KHTML, like Gecko) Chrome/125.0.6422.175 Mobile Safari/537.36 (compatible; Googlebot/2.1; +http://www.google.com/bot.html)"
66.249.66.197 - - [29/Jun/2024:07:11:09 +1000] "GET /wp-content/plugins/woo-gutenberg-products-block/build/cart.css?ver=10.8.1 HTTP/1.1" 200 12915 "http://www.pgkdistribution.com.au/product/pgk-1000v-dc-isolator/" "Mozilla/5.0 (Linux; Android 6.0.1; Nexus 5X Build/MMB29P) AppleWebKit/537.36 (KHTML, like Gecko) Chrome/125.0.6422.175 Mobile Safari/537.36 (compatible; Googlebot/2.1; +http://www.google.com/bot.html)"
66.249.66.197 - - [29/Jun/2024:07:11:09 +1000] "GET /wp-content/plugins/gutentor/assets/library/animatecss/animate.min.css?ver=3.7.2 HTTP/1.1" 200 6283 "http://www.pgkdistribution.com.au/product/pgk-1000v-dc-isolator/" "Mozilla/5.0 (Linux; Android 6.0.1; Nexus 5X Build/MMB29P) AppleWebKit/537.36 (KHTML, like Gecko) Chrome/125.0.6422.175 Mobile Safari/537.36 (compatible; Googlebot/2.1; +http://www.google.com/bot.html)"
