111.67.29.221 - - [02/Jul/2024:23:44:42 +1000] "POST /wp-cron.php?doing_wp_cron=1719927882.4440269470214843750000 HTTP/1.1" 200 296 "-" "WordPress/6.5.5; https://www.pgkdistribution.com.au"
42.236.12.221 - - [02/Jul/2024:23:44:36 +1000] "GET / HTTP/1.1" 301 497 "http://www.pgkdistribution.com.au/" "Mozilla/5.0 (Windows NT 6.1; WOW64) AppleWebKit/537.36 (KHTML, like Gecko) Chrome/50.0.2661.102 Safari/537.36; 360Spider"
66.249.79.171 - - [03/Jul/2024:00:04:11 +1000] "GET /ads.txt HTTP/1.1" 301 976 "-" "Mozilla/5.0 (compatible; Googlebot/2.1; +http://www.google.com/bot.html)"
111.67.29.221 - - [03/Jul/2024:00:04:20 +1000] "POST /wp-cron.php?doing_wp_cron=1719929060.1245670318603515625000 HTTP/1.1" 200 296 "-" "WordPress/6.5.5; https://www.pgkdistribution.com.au"
66.249.79.165 - - [03/Jul/2024:00:04:14 +1000] "GET /ads.txt HTTP/1.1" 404 20197 "-" "Mozilla/5.0 (compatible; Googlebot/2.1; +http://www.google.com/bot.html)"
66.249.79.165 - - [03/Jul/2024:00:17:36 +1000] "GET /wp-content/uploads/2021/05/1000V-DC-500x500-2.jpeg HTTP/1.1" 200 148467 "-" "Googlebot-Image/1.0"
207.46.13.168 - - [03/Jul/2024:00:46:48 +1000] "GET /product/mc4-branch-connector-pair/ HTTP/1.1" 301 1003 "-" "Mozilla/5.0 AppleWebKit/537.36 (KHTML, like Gecko; compatible; bingbot/2.0; +http://www.bing.com/bingbot.htm) Chrome/116.0.1938.76 Safari/537.36"
154.194.114.145 - - [03/Jul/2024:00:52:34 +1000] "GET /contact-us/ HTTP/1.0" 301 943 "http://pgkdistribution.com.au/contact-us/" "Mozilla/5.0 (Windows NT 10.0; Win64; x64) AppleWebKit/537.36 (KHTML, like Gecko) Chrome/122.0.0.0 Safari/537.36"
111.67.29.221 - - [03/Jul/2024:00:52:40 +1000] "POST /wp-cron.php?doing_wp_cron=1719931960.1113009452819824218750 HTTP/1.1" 200 296 "-" "WordPress/6.5.5; https://www.pgkdistribution.com.au"
154.194.114.145 - - [03/Jul/2024:00:52:35 +1000] "GET /contact-us/ HTTP/1.0" 200 87260 "http://www.pgkdistribution.com.au/contact-us/" "Mozilla/5.0 (Windows NT 10.0; Win64; x64) AppleWebKit/537.36 (KHTML, like Gecko) Chrome/122.0.0.0 Safari/537.36"
196.168.104.139 - - [03/Jul/2024:00:58:00 +1000] "GET /e/data/images/arrow.gif HTTP/1.1" 301 1023 "http://pgkdistribution.com.au/e/data/images/arrow.gif" "Mozilla/4.0 (compatible; MSIE 9.0; Windows NT 6.1)"
66.249.79.164 - - [03/Jul/2024:01:23:11 +1000] "GET /wp-content/uploads/2021/06/SE006-500x500-1.jpg HTTP/1.1" 200 39406 "-" "Googlebot-Image/1.0"
111.67.29.221 - - [03/Jul/2024:01:41:34 +1000] "POST /wp-cron.php?doing_wp_cron=1719934894.4708569049835205078125 HTTP/1.1" 200 296 "-" "WordPress/6.5.5; https://www.pgkdistribution.com.au"
103.131.71.203 - - [03/Jul/2024:01:41:28 +1000] "GET /robots.txt HTTP/1.1" 200 679 "-" "Mozilla/5.0 (compatible; coccocbot-image/1.0; +http://help.coccoc.com/searchengine)"
66.249.79.166 - - [03/Jul/2024:01:43:19 +1000] "GET /wp-content/uploads/2021/06/mClBl35EC.jpg HTTP/1.1" 200 5382 "-" "Googlebot-Image/1.0"
52.203.23.91 - - [03/Jul/2024:02:06:52 +1000] "GET / HTTP/1.1" 301 969 "-" "undici"
52.203.23.91 - - [03/Jul/2024:02:06:55 +1000] "GET / HTTP/1.1" 301 497 "-" "undici"
52.203.23.91 - - [03/Jul/2024:02:07:18 +1000] "GET /robots.txt HTTP/1.1" 301 942 "-" "Mozilla/5.0 (Macintosh; Intel Mac OS X 10_15_7) AppleWebKit/537.36 (KHTML, like Gecko) Chrome/108.0.0.0 Safari/537.36"
52.203.23.91 - - [03/Jul/2024:02:07:13 +1000] "GET / HTTP/1.1" 301 497 "-" "undici"
52.203.23.91 - - [03/Jul/2024:02:07:21 +1000] "GET /magento_version HTTP/1.1" 301 947 "-" "Mozilla/5.0 (Macintosh; Intel Mac OS X 10_15_7) AppleWebKit/537.36 (KHTML, like Gecko) Chrome/108.0.0.0 Safari/537.36"
52.203.23.91 - - [03/Jul/2024:02:07:25 +1000] "GET / HTTP/1.1" 301 969 "-" "Mozilla/5.0 (Macintosh; Intel Mac OS X 10_15_7) AppleWebKit/537.36 (KHTML, like Gecko) Chrome/108.0.0.0 Safari/537.36"
52.203.23.91 - - [03/Jul/2024:02:07:26 +1000] "GET / HTTP/1.1" 301 497 "-" "Mozilla/5.0 (Macintosh; Intel Mac OS X 10_15_7) AppleWebKit/537.36 (KHTML, like Gecko) Chrome/108.0.0.0 Safari/537.36"
77.232.42.229 - - [03/Jul/2024:02:09:54 +1000] "GET / HTTP/1.0" 301 932 "http://pgkdistribution.com.au/" "Mozilla/5.0 (Windows NT 10.0; Win64; x64) AppleWebKit/537.36 (KHTML, like Gecko) Chrome/120.0.0.0 Iron Safari/537.36"
111.67.29.221 - - [03/Jul/2024:02:10:01 +1000] "POST /wp-cron.php?doing_wp_cron=1719936601.2124729156494140625000 HTTP/1.1" 200 296 "-" "WordPress/6.5.5; https://www.pgkdistribution.com.au"
77.232.42.229 - - [03/Jul/2024:02:09:55 +1000] "GET / HTTP/1.0" 301 460 "http://www.pgkdistribution.com.au/" "Mozilla/5.0 (Windows NT 10.0; Win64; x64) AppleWebKit/537.36 (KHTML, like Gecko) Chrome/120.0.0.0 Iron Safari/537.36"
66.249.79.164 - - [03/Jul/2024:02:10:19 +1000] "GET /wp-content/uploads/2021/06/SE024A-2k-x-2k-e1699588921740.png HTTP/1.1" 200 115209 "-" "Googlebot-Image/1.0"
17.241.219.124 - - [03/Jul/2024:02:19:47 +1000] "GET /robots.txt HTTP/1.1" 200 716 "-" "Mozilla/5.0 (Macintosh; Intel Mac OS X 10_15_7) AppleWebKit/605.1.15 (KHTML, like Gecko) Version/17.4 Safari/605.1.15 (Applebot/0.1; +http://www.apple.com/go/applebot)"
111.67.29.221 - - [03/Jul/2024:02:19:50 +1000] "POST /wp-cron.php?doing_wp_cron=1719937190.3711180686950683593750 HTTP/1.1" 200 296 "-" "WordPress/6.5.5; https://www.pgkdistribution.com.au"
17.241.219.124 - - [03/Jul/2024:02:19:49 +1000] "GET / HTTP/1.1" 301 497 "-" "Mozilla/5.0 (Macintosh; Intel Mac OS X 10_15_7) AppleWebKit/605.1.15 (KHTML, like Gecko) Version/17.4 Safari/605.1.15 (Applebot/0.1; +http://www.apple.com/go/applebot)"
66.249.79.164 - - [03/Jul/2024:02:28:19 +1000] "GET /wp-content/uploads/2021/06/SE007ALL.jpg HTTP/1.1" 200 28905 "-" "Googlebot-Image/1.0"
66.249.79.170 - - [03/Jul/2024:02:37:15 +1000] "GET /robots.txt HTTP/1.1" 301 979 "-" "Mozilla/5.0 (compatible; Googlebot/2.1; +http://www.google.com/bot.html)"
66.249.79.165 - - [03/Jul/2024:02:37:19 +1000] "GET /wp-content/uploads/2021/06/PV-ezRack-Inter-Clamp-Standard-35mm_1.jpg HTTP/1.1" 200 23673 "-" "Googlebot-Image/1.0"
111.67.29.221 - - [03/Jul/2024:02:37:23 +1000] "POST /wp-cron.php?doing_wp_cron=1719938243.3289968967437744140625 HTTP/1.1" 200 296 "-" "WordPress/6.5.5; https://www.pgkdistribution.com.au"
66.249.79.165 - - [03/Jul/2024:02:37:16 +1000] "GET /robots.txt HTTP/1.1" 200 716 "-" "Mozilla/5.0 (compatible; Googlebot/2.1; +http://www.google.com/bot.html)"
66.249.79.169 - - [03/Jul/2024:02:37:24 +1000] "GET /product/flat-tile-roof-hook-set/ HTTP/1.1" 301 1001 "-" "Mozilla/5.0 (Linux; Android 6.0.1; Nexus 5X Build/MMB29P) AppleWebKit/537.36 (KHTML, like Gecko) Chrome/125.0.6422.175 Mobile Safari/537.36 (compatible; Googlebot/2.1; +http://www.google.com/bot.html)"
66.249.79.164 - - [03/Jul/2024:02:37:24 +1000] "GET /product/flat-tile-roof-hook-set/ HTTP/1.1" 301 664 "-" "Mozilla/5.0 (Linux; Android 6.0.1; Nexus 5X Build/MMB29P) AppleWebKit/537.36 (KHTML, like Gecko) Chrome/125.0.6422.175 Mobile Safari/537.36 (compatible; Googlebot/2.1; +http://www.google.com/bot.html)"
5.62.20.35 - - [03/Jul/2024:02:37:30 +1000] "GET / HTTP/1.1" 301 969 "-" "Mozilla/5.0 (Windows NT 10.0; Win64; x64) AppleWebKit/537.36 (KHTML, like Gecko) Chrome/95.0.4638.69 Safari/537.36"
5.62.20.35 - - [03/Jul/2024:02:37:31 +1000] "GET //wp-includes/ID3/license.txt HTTP/1.1" 200 1709 "-" "Mozilla/5.0 (Windows NT 10.0; Win64; x64) AppleWebKit/537.36 (KHTML, like Gecko) Chrome/95.0.4638.69 Safari/537.36"
5.62.20.35 - - [03/Jul/2024:02:37:31 +1000] "GET //feed/ HTTP/1.1" 301 609 "-" "Mozilla/5.0 (Windows NT 10.0; Win64; x64) AppleWebKit/537.36 (KHTML, like Gecko) Chrome/95.0.4638.69 Safari/537.36"
5.62.20.35 - - [03/Jul/2024:02:37:33 +1000] "GET //xmlrpc.php?rsd HTTP/1.1" 200 1300 "-" "Mozilla/5.0 (Windows NT 10.0; Win64; x64) AppleWebKit/537.36 (KHTML, like Gecko) Chrome/95.0.4638.69 Safari/537.36"
5.62.20.35 - - [03/Jul/2024:02:37:35 +1000] "GET //wp-login.php HTTP/1.1" 200 12149 "-" "Mozilla/5.0 (Windows NT 10.0; Win64; x64) AppleWebKit/537.36 (KHTML, like Gecko) Chrome/95.0.4638.69 Safari/537.36"
111.67.29.221 - - [03/Jul/2024:02:52:42 +1000] "POST /wp-cron.php?doing_wp_cron=1719939162.2075150012969970703125 HTTP/1.1" 200 296 "-" "WordPress/6.5.5; https://www.pgkdistribution.com.au"
154.213.18.124 - - [03/Jul/2024:02:52:37 +1000] "GET /css/album.css HTTP/1.1" 404 20314 "-" "Mozilla/5.0 (Windows NT 10.0; WOW64; rv:48.0) Gecko/20100101 Firefox/48.0"
66.249.79.165 - - [03/Jul/2024:02:55:20 +1000] "GET /wp-content/uploads/2021/06/ER-I-23.jpg HTTP/1.1" 200 31734 "-" "Googlebot-Image/1.0"
79.137.206.177 - - [03/Jul/2024:02:59:55 +1000] "GET / HTTP/1.1" 301 969 "-" "Mozilla/5.0 (Macintosh; Intel Mac OS X 10_12_1) AppleWebKit/537.36 (KHTML, like Gecko) Chrome/55.0.2897.8 Safari/537.36"
111.67.29.221 - - [03/Jul/2024:03:00:06 +1000] "POST /wp-cron.php?doing_wp_cron=1719939606.1633610725402832031250 HTTP/1.1" 200 296 "-" "WordPress/6.5.5; https://www.pgkdistribution.com.au"
79.137.206.177 - - [03/Jul/2024:02:59:58 +1000] "GET / HTTP/1.1" 301 497 "-" "Mozilla/5.0 (Macintosh; Intel Mac OS X 10_12_1) AppleWebKit/537.36 (KHTML, like Gecko) Chrome/55.0.2897.8 Safari/537.36"
79.137.206.177 - - [03/Jul/2024:03:00:09 +1000] "GET / HTTP/1.1" 301 969 "-" "Mozilla/5.0 (Windows NT 6.1) AppleWebKit/537.36 (KHTML, like Gecko) Chrome/53.0.2820.56 Safari/537.36"
79.137.206.177 - - [03/Jul/2024:03:00:10 +1000] "GET / HTTP/1.1" 301 497 "-" "Mozilla/5.0 (Windows NT 6.1) AppleWebKit/537.36 (KHTML, like Gecko) Chrome/53.0.2820.56 Safari/537.36"
66.249.79.169 - - [03/Jul/2024:03:07:39 +1000] "GET /product/flat-tile-roof-hook-set/ HTTP/1.1" 301 1001 "-" "Mozilla/5.0 (Linux; Android 6.0.1; Nexus 5X Build/MMB29P) AppleWebKit/537.36 (KHTML, like Gecko) Chrome/125.0.6422.175 Mobile Safari/537.36 (compatible; Googlebot/2.1; +http://www.google.com/bot.html)"
103.131.71.38 - - [03/Jul/2024:03:11:34 +1000] "GET /robots.txt HTTP/1.1" 301 942 "-" "Mozilla/5.0 (compatible; coccocbot-image/1.0; +http://help.coccoc.com/searchengine)"
103.131.71.38 - - [03/Jul/2024:03:11:36 +1000] "GET /robots.txt HTTP/1.1" 200 679 "-" "Mozilla/5.0 (compatible; coccocbot-image/1.0; +http://help.coccoc.com/searchengine)"
111.67.29.221 - - [03/Jul/2024:03:13:22 +1000] "POST /wp-cron.php?doing_wp_cron=1719940402.2533330917358398437500 HTTP/1.1" 200 296 "-" "WordPress/6.5.5; https://www.pgkdistribution.com.au"
103.131.71.50 - - [03/Jul/2024:03:13:17 +1000] "GET /robots.txt HTTP/1.1" 200 679 "-" "Mozilla/5.0 (compatible; coccocbot-image/1.0; +http://help.coccoc.com/searchengine)"
17.241.75.172 - - [03/Jul/2024:03:27:08 +1000] "GET /index.php HTTP/1.1" 301 506 "-" "Mozilla/5.0 (Macintosh; Intel Mac OS X 10_15_7) AppleWebKit/605.1.15 (KHTML, like Gecko) Version/17.4 Safari/605.1.15 (Applebot/0.1; +http://www.apple.com/go/applebot)"
66.249.79.165 - - [03/Jul/2024:04:12:42 +1000] "GET /wp-content/uploads/2021/06/EA1601A-500x500-1.jpg HTTP/1.1" 200 36570 "-" "Googlebot-Image/1.0"
66.249.79.171 - - [03/Jul/2024:04:43:05 +1000] "GET /product/flat-tile-roof-hook-set/ HTTP/1.1" 301 1001 "-" "Mozilla/5.0 (Linux; Android 6.0.1; Nexus 5X Build/MMB29P) AppleWebKit/537.36 (KHTML, like Gecko) Chrome/125.0.6422.175 Mobile Safari/537.36 (compatible; Googlebot/2.1; +http://www.google.com/bot.html)"
111.67.29.221 - - [03/Jul/2024:05:01:56 +1000] "POST /wp-cron.php?doing_wp_cron=1719946915.9685130119323730468750 HTTP/1.1" 200 296 "-" "WordPress/6.5.5; https://www.pgkdistribution.com.au"
3.21.161.54 - - [03/Jul/2024:05:01:50 +1000] "GET / HTTP/1.1" 301 497 "-" "-"
3.21.161.54 - - [03/Jul/2024:05:01:57 +1000] "GET / HTTP/1.1" 301 497 "-" "-"
3.21.161.54 - - [03/Jul/2024:05:02:07 +1000] "GET / HTTP/1.1" 301 497 "-" "-"
207.46.13.155 - - [03/Jul/2024:05:24:24 +1000] "GET /solax-x1-sl-tl4400-dual-mppt-string-inverter.html HTTP/1.1" 301 1018 "-" "Mozilla/5.0 AppleWebKit/537.36 (KHTML, like Gecko; compatible; bingbot/2.0; +http://www.bing.com/bingbot.htm) Chrome/116.0.1938.76 Safari/537.36"
66.249.79.171 - - [03/Jul/2024:05:25:28 +1000] "GET / HTTP/1.1" 301 969 "-" "Mozilla/5.0 (compatible; Googlebot/2.1; +http://www.google.com/bot.html)"
66.249.79.165 - - [03/Jul/2024:05:25:29 +1000] "GET / HTTP/1.1" 301 497 "-" "Mozilla/5.0 (compatible; Googlebot/2.1; +http://www.google.com/bot.html)"
91.92.242.199 - - [03/Jul/2024:05:37:11 +1000] "GET /wp-content/plugins/incache/index.php HTTP/1.1" 301 1005 "www.google.com" "Mozlila/5.0 (Linux; Android 7.0; SM-G892A Bulid/NRD90M; wv) AppleWebKit/537.36 (KHTML, like Gecko) Version/4.0 Chrome/60.0.3112.107 Moblie Safari/537.36"
91.92.242.199 - - [03/Jul/2024:05:37:31 +1000] "GET /wp-content/plugins/wp-catcher/index.php HTTP/1.1" 301 1008 "www.google.com" "Mozlila/5.0 (Linux; Android 7.0; SM-G892A Bulid/NRD90M; wv) AppleWebKit/537.36 (KHTML, like Gecko) Version/4.0 Chrome/60.0.3112.107 Moblie Safari/537.36"
51.89.55.199 - - [03/Jul/2024:05:38:02 +1000] "GET /.env HTTP/1.1" 301 973 "-" "Mozilla/5.0 (Macintosh; Intel Mac OS X 10.15; rv:77.0) Gecko/20100101 Firefox/77.0"
51.89.55.199 - - [03/Jul/2024:05:38:03 +1000] "GET /.env HTTP/1.1" 404 20191 "-" "Mozilla/5.0 (Macintosh; Intel Mac OS X 10.15; rv:77.0) Gecko/20100101 Firefox/77.0"
66.249.79.171 - - [03/Jul/2024:05:47:13 +1000] "GET /product/solar-pv-label-kit-deluxe HTTP/1.1" 301 1002 "-" "Mozilla/5.0 (compatible; Googlebot/2.1; +http://www.google.com/bot.html)"
111.67.29.221 - - [03/Jul/2024:05:47:19 +1000] "POST /wp-cron.php?doing_wp_cron=1719949639.0960900783538818359375 HTTP/1.1" 200 296 "-" "WordPress/6.5.5; https://www.pgkdistribution.com.au"
66.249.79.165 - - [03/Jul/2024:05:47:14 +1000] "GET /product/solar-pv-label-kit-deluxe HTTP/1.1" 301 565 "-" "Mozilla/5.0 (compatible; Googlebot/2.1; +http://www.google.com/bot.html)"
66.249.79.165 - - [03/Jul/2024:05:47:19 +1000] "GET /product/solar-pv-label-kit-deluxe/ HTTP/1.1" 200 23695 "-" "Mozilla/5.0 (compatible; Googlebot/2.1; +http://www.google.com/bot.html)"
66.249.79.170 - - [03/Jul/2024:06:06:56 +1000] "GET / HTTP/1.1" 301 969 "-" "Mozilla/5.0 (compatible; Googlebot/2.1; +http://www.google.com/bot.html)"
111.67.29.221 - - [03/Jul/2024:06:07:03 +1000] "POST /wp-cron.php?doing_wp_cron=1719950823.7343358993530273437500 HTTP/1.1" 200 296 "-" "WordPress/6.5.5; https://www.pgkdistribution.com.au"
66.249.79.166 - - [03/Jul/2024:06:06:57 +1000] "GET / HTTP/1.1" 301 497 "-" "Mozilla/5.0 (compatible; Googlebot/2.1; +http://www.google.com/bot.html)"
66.249.79.164 - - [03/Jul/2024:06:14:26 +1000] "GET /product/crimping-tool/ HTTP/1.1" 301 651 "-" "Mozilla/5.0 (Linux; Android 6.0.1; Nexus 5X Build/MMB29P) AppleWebKit/537.36 (KHTML, like Gecko) Chrome/125.0.6422.175 Mobile Safari/537.36 (compatible; Googlebot/2.1; +http://www.google.com/bot.html)"
111.67.29.221 - - [03/Jul/2024:06:17:56 +1000] "POST /wp-cron.php?doing_wp_cron=1719951476.1074969768524169921875 HTTP/1.1" 200 296 "-" "WordPress/6.5.5; https://www.pgkdistribution.com.au"
66.249.79.165 - - [03/Jul/2024:06:17:51 +1000] "GET /product/pv-ezrack-grounding-lug-std/ HTTP/1.1" 200 23364 "-" "Mozilla/5.0 (Linux; Android 6.0.1; Nexus 5X Build/MMB29P) AppleWebKit/537.36 (KHTML, like Gecko) Chrome/125.0.6422.175 Mobile Safari/537.36 (compatible; Googlebot/2.1; +http://www.google.com/bot.html)"
66.249.79.171 - - [03/Jul/2024:06:26:39 +1000] "GET /product/solar-pv-label-kit-deluxe HTTP/1.1" 301 1002 "-" "Mozilla/5.0 (Linux; Android 6.0.1; Nexus 5X Build/MMB29P) AppleWebKit/537.36 (KHTML, like Gecko) Chrome/125.0.6422.175 Mobile Safari/537.36 (compatible; Googlebot/2.1; +http://www.google.com/bot.html)"
111.67.29.221 - - [03/Jul/2024:06:26:45 +1000] "POST /wp-cron.php?doing_wp_cron=1719952005.8641810417175292968750 HTTP/1.1" 200 296 "-" "WordPress/6.5.5; https://www.pgkdistribution.com.au"
66.249.79.164 - - [03/Jul/2024:06:26:40 +1000] "GET /product/solar-pv-label-kit-deluxe HTTP/1.1" 301 565 "-" "Mozilla/5.0 (Linux; Android 6.0.1; Nexus 5X Build/MMB29P) AppleWebKit/537.36 (KHTML, like Gecko) Chrome/125.0.6422.175 Mobile Safari/537.36 (compatible; Googlebot/2.1; +http://www.google.com/bot.html)"
66.249.79.165 - - [03/Jul/2024:06:26:46 +1000] "GET /product/solar-pv-label-kit-deluxe/ HTTP/1.1" 200 23786 "-" "Mozilla/5.0 (Linux; Android 6.0.1; Nexus 5X Build/MMB29P) AppleWebKit/537.36 (KHTML, like Gecko) Chrome/125.0.6422.175 Mobile Safari/537.36 (compatible; Googlebot/2.1; +http://www.google.com/bot.html)"
66.249.79.164 - - [03/Jul/2024:06:39:17 +1000] "GET /wp-content/uploads/2021/06/EZ-GL-ST.jpg HTTP/1.1" 200 57579 "-" "Googlebot-Image/1.0"
111.67.29.221 - - [03/Jul/2024:06:43:21 +1000] "POST /wp-cron.php?doing_wp_cron=1719953001.3906629085540771484375 HTTP/1.1" 200 296 "-" "WordPress/6.5.5; https://www.pgkdistribution.com.au"
66.249.79.166 - - [03/Jul/2024:06:43:16 +1000] "GET /sitemap.xml HTTP/1.1" 404 18474 "-" "Mozilla/5.0 (compatible; Googlebot/2.1; +http://www.google.com/bot.html)"
66.249.79.171 - - [03/Jul/2024:06:46:23 +1000] "GET / HTTP/1.1" 301 969 "-" "Mozilla/5.0 (Linux; Android 6.0.1; Nexus 5X Build/MMB29P) AppleWebKit/537.36 (KHTML, like Gecko) Chrome/125.0.6422.175 Mobile Safari/537.36 (compatible; Googlebot/2.1; +http://www.google.com/bot.html)"
66.249.79.164 - - [03/Jul/2024:06:46:24 +1000] "GET / HTTP/1.1" 301 497 "-" "Mozilla/5.0 (Linux; Android 6.0.1; Nexus 5X Build/MMB29P) AppleWebKit/537.36 (KHTML, like Gecko) Chrome/125.0.6422.175 Mobile Safari/537.36 (compatible; Googlebot/2.1; +http://www.google.com/bot.html)"
66.249.79.170 - - [03/Jul/2024:06:55:05 +1000] "GET /product/flat-roof-tilt-set-30-60/ HTTP/1.1" 301 1002 "-" "Mozilla/5.0 (Linux; Android 6.0.1; Nexus 5X Build/MMB29P) AppleWebKit/537.36 (KHTML, like Gecko) Chrome/125.0.6422.175 Mobile Safari/537.36 (compatible; Googlebot/2.1; +http://www.google.com/bot.html)"
111.67.29.221 - - [03/Jul/2024:06:55:12 +1000] "POST /wp-cron.php?doing_wp_cron=1719953712.0538260936737060546875 HTTP/1.1" 200 296 "-" "WordPress/6.5.5; https://www.pgkdistribution.com.au"
111.67.29.221 - - [03/Jul/2024:06:55:12 +1000] "POST /wp-cron.php?doing_wp_cron=1719953712.0542190074920654296875 HTTP/1.1" 200 296 "-" "WordPress/6.5.5; https://www.pgkdistribution.com.au"
66.249.79.164 - - [03/Jul/2024:06:55:06 +1000] "GET /robots.txt HTTP/1.1" 200 716 "-" "Mozilla/5.0 (compatible; Googlebot/2.1; +http://www.google.com/bot.html)"
66.249.79.166 - - [03/Jul/2024:06:55:06 +1000] "GET /product/flat-roof-tilt-set-30-60/ HTTP/1.1" 200 23168 "-" "Mozilla/5.0 (Linux; Android 6.0.1; Nexus 5X Build/MMB29P) AppleWebKit/537.36 (KHTML, like Gecko) Chrome/125.0.6422.175 Mobile Safari/537.36 (compatible; Googlebot/2.1; +http://www.google.com/bot.html)"
111.67.29.221 - - [03/Jul/2024:07:02:13 +1000] "POST /wp-cron.php?doing_wp_cron=1719954133.9388279914855957031250 HTTP/1.1" 200 296 "-" "WordPress/6.5.5; https://www.pgkdistribution.com.au"
66.249.79.166 - - [03/Jul/2024:07:02:09 +1000] "GET /robots.txt HTTP/1.1" 200 716 "-" "Mozilla/5.0 (compatible; Googlebot/2.1; +http://www.google.com/bot.html)"
66.249.79.164 - - [03/Jul/2024:07:02:09 +1000] "POST /?wc-ajax=get_refreshed_fragments HTTP/1.1" 200 928 "http://www.pgkdistribution.com.au/product/flat-roof-tilt-set-30-60/" "Mozilla/5.0 (Linux; Android 6.0.1; Nexus 5X Build/MMB29P) AppleWebKit/537.36 (KHTML, like Gecko) Chrome/125.0.6422.175 Mobile Safari/537.36 (compatible; Googlebot/2.1; +http://www.google.com/bot.html)"
23.178.112.100 - - [03/Jul/2024:07:14:06 +1000] "GET /.well-known/acme-challenge/a3ffqS25Q5wRDFZBJQhXEP7MWMzX3T4rRZmoyWexvcA HTTP/1.1" 301 1002 "-" "Mozilla/5.0 (compatible; Let's Encrypt validation server; +https://www.letsencrypt.org)"
23.178.112.100 - - [03/Jul/2024:07:14:08 +1000] "GET /.well-known/acme-challenge/a3ffqS25Q5wRDFZBJQhXEP7MWMzX3T4rRZmoyWexvcA HTTP/1.1" 404 969 "http://pgkdistribution.com.au/.well-known/acme-challenge/a3ffqS25Q5wRDFZBJQhXEP7MWMzX3T4rRZmoyWexvcA" "Mozilla/5.0 (compatible; Let's Encrypt validation server; +https://www.letsencrypt.org)"
157.55.39.55 - - [03/Jul/2024:07:18:34 +1000] "GET /electricals/pgk-1000v-dc-32a-isolator-with-genuine-mc4-connectors.html HTTP/1.1" 301 1039 "-" "Mozilla/5.0 AppleWebKit/537.36 (KHTML, like Gecko; compatible; bingbot/2.0; +http://www.bing.com/bingbot.htm) Chrome/116.0.1938.76 Safari/537.36"
111.67.29.221 - - [03/Jul/2024:07:43:50 +1000] "POST /wp-cron.php?doing_wp_cron=1719956630.4450850486755371093750 HTTP/1.1" 200 296 "-" "WordPress/6.5.5; https://www.pgkdistribution.com.au"
43.131.44.218 - - [03/Jul/2024:07:43:46 +1000] "GET / HTTP/1.1" 301 497 "-" "Mozilla/5.0 (iPhone; CPU iPhone OS 13_2_3 like Mac OS X) AppleWebKit/605.1.15 (KHTML, like Gecko) Version/13.0.3 Mobile/15E148 Safari/604.1"
66.249.79.164 - - [03/Jul/2024:07:52:46 +1000] "GET /wp-content/uploads/2021/05/PGK-Grey-font.png HTTP/1.1" 200 295284 "-" "Googlebot-Image/1.0"
35.89.128.253 - - [03/Jul/2024:07:55:03 +1000] "GET /.env HTTP/1.1" 301 973 "-" "Mozilla/5.0 (X11; Linux x86_64) AppleWebKit/537.36 (KHTML, like Gecko) Chrome/81.0.4044.129 Safari/537.36"
35.89.128.253 - - [03/Jul/2024:07:55:03 +1000] "POST / HTTP/1.1" 301 969 "-" "Mozilla/5.0 (X11; Linux x86_64) AppleWebKit/537.36 (KHTML, like Gecko) Chrome/81.0.4044.129 Safari/537.36"
35.89.128.253 - - [03/Jul/2024:07:55:04 +1000] "GET /sendgrid/.env HTTP/1.1" 301 982 "-" "Mozilla/5.0 (X11; Linux x86_64) AppleWebKit/537.36 (KHTML, like Gecko) Chrome/81.0.4044.129 Safari/537.36"
35.89.128.253 - - [03/Jul/2024:07:55:04 +1000] "POST / HTTP/1.1" 301 969 "-" "Mozilla/5.0 (X11; Linux x86_64) AppleWebKit/537.36 (KHTML, like Gecko) Chrome/81.0.4044.129 Safari/537.36"
111.67.29.221 - - [03/Jul/2024:08:27:54 +1000] "POST /wp-cron.php?doing_wp_cron=1719959274.2630228996276855468750 HTTP/1.1" 200 296 "-" "WordPress/6.5.5; https://www.pgkdistribution.com.au"
103.131.71.204 - - [03/Jul/2024:08:27:49 +1000] "GET /robots.txt HTTP/1.1" 200 679 "-" "Mozilla/5.0 (compatible; coccocbot-image/1.0; +http://help.coccoc.com/searchengine)"
103.131.71.35 - - [03/Jul/2024:09:19:22 +1000] "GET /robots.txt HTTP/1.1" 301 942 "-" "Mozilla/5.0 (compatible; coccocbot-image/1.0; +http://help.coccoc.com/searchengine)"
111.67.29.221 - - [03/Jul/2024:09:19:29 +1000] "POST /wp-cron.php?doing_wp_cron=1719962369.3477740287780761718750 HTTP/1.1" 200 296 "-" "WordPress/6.5.5; https://www.pgkdistribution.com.au"
103.131.71.35 - - [03/Jul/2024:09:19:24 +1000] "GET /robots.txt HTTP/1.1" 200 679 "-" "Mozilla/5.0 (compatible; coccocbot-image/1.0; +http://help.coccoc.com/searchengine)"
40.77.167.52 - - [03/Jul/2024:09:19:30 +1000] "GET /solar-inverters/solax-inverters/hybrid-inverters/solax-box-5k-5k.html HTTP/1.1" 301 1038 "-" "Mozilla/5.0 AppleWebKit/537.36 (KHTML, like Gecko; compatible; bingbot/2.0; +http://www.bing.com/bingbot.htm) Chrome/116.0.1938.76 Safari/537.36"
103.131.71.47 - - [03/Jul/2024:09:19:47 +1000] "GET /robots.txt HTTP/1.1" 200 679 "-" "Mozilla/5.0 (compatible; coccocbot-image/1.0; +http://help.coccoc.com/searchengine)"
66.249.79.166 - - [03/Jul/2024:09:46:46 +1000] "GET /wp-content/uploads/2021/06/SE019.png HTTP/1.1" 200 168322 "-" "Googlebot-Image/1.0"
111.67.29.221 - - [03/Jul/2024:10:08:47 +1000] "POST /wp-cron.php?doing_wp_cron=1719965327.0379409790039062500000 HTTP/1.1" 200 296 "-" "WordPress/6.5.5; https://www.pgkdistribution.com.au"
209.38.165.137 - - [03/Jul/2024:10:08:42 +1000] "GET / HTTP/1.1" 301 497 "-" "Mozilla/5.0 (Macintosh; Intel Mac OS X 10_15_7) AppleWebKit/537.36 (KHTML, like Gecko) Chrome/121.0.0.0 Safari/537.36"
111.67.29.221 - - [03/Jul/2024:10:42:48 +1000] "POST /wp-cron.php?doing_wp_cron=1719967368.5508100986480712890625 HTTP/1.1" 200 296 "-" "WordPress/6.5.5; https://www.pgkdistribution.com.au"
54.215.83.81 - - [03/Jul/2024:10:42:44 +1000] "HEAD / HTTP/1.1" 301 478 "-" "Apache-HttpClient/4.5.9 (Java/1.8.0_412)"
66.249.79.164 - - [03/Jul/2024:10:49:46 +1000] "GET /wp-content/uploads/2021/06/Tin-Feet.jpg HTTP/1.1" 200 37207 "-" "Googlebot-Image/1.0"
111.67.29.221 - - [03/Jul/2024:11:00:19 +1000] "POST /wp-cron.php?doing_wp_cron=1719968419.4438550472259521484375 HTTP/1.1" 200 296 "-" "WordPress/6.5.5; https://www.pgkdistribution.com.au"
52.209.103.242 - - [03/Jul/2024:11:00:11 +1000] "GET / HTTP/1.1" 301 497 "-" "Plesk screenshot bot https://support.plesk.com/hc/en-us/articles/10301006946066"
111.67.29.221 - - [03/Jul/2024:11:01:53 +1000] "POST /wp-cron.php?doing_wp_cron=1719968513.0518560409545898437500 HTTP/1.1" 200 296 "-" "WordPress/6.5.5; https://www.pgkdistribution.com.au"
40.88.21.235 - - [03/Jul/2024:11:01:47 +1000] "GET / HTTP/1.1" 301 497 "http://www.pgkdistribution.com.au/" "DuckDuckBot/1.1; (+http://duckduckgo.com/duckduckbot.html)"
103.131.71.173 - - [03/Jul/2024:11:31:31 +1000] "GET /robots.txt HTTP/1.1" 301 942 "-" "Mozilla/5.0 (compatible; coccocbot-web/1.0; +http://help.coccoc.com/searchengine)"
111.67.29.221 - - [03/Jul/2024:11:31:39 +1000] "POST /wp-cron.php?doing_wp_cron=1719970299.1167171001434326171875 HTTP/1.1" 200 296 "-" "WordPress/6.5.5; https://www.pgkdistribution.com.au"
103.131.71.173 - - [03/Jul/2024:11:31:33 +1000] "GET /robots.txt HTTP/1.1" 200 679 "-" "Mozilla/5.0 (compatible; coccocbot-web/1.0; +http://help.coccoc.com/searchengine)"
111.67.29.221 - - [03/Jul/2024:11:32:03 +1000] "POST /wp-cron.php?doing_wp_cron=1719970323.0171570777893066406250 HTTP/1.1" 200 296 "-" "WordPress/6.5.5; https://www.pgkdistribution.com.au"
103.131.71.238 - - [03/Jul/2024:11:32:01 +1000] "GET /robots.txt HTTP/1.1" 200 679 "-" "Mozilla/5.0 (compatible; coccocbot-web/1.0; +http://help.coccoc.com/searchengine)"
195.191.219.133 - - [03/Jul/2024:11:34:24 +1000] "GET /robots.txt HTTP/1.1" 301 979 "-" "Mozilla/5.0 (compatible; MJ12bot/v1.4.8; http://mj12bot.com/)"
111.67.29.221 - - [03/Jul/2024:11:34:31 +1000] "POST /wp-cron.php?doing_wp_cron=1719970471.5311679840087890625000 HTTP/1.1" 200 296 "-" "WordPress/6.5.5; https://www.pgkdistribution.com.au"
195.191.219.133 - - [03/Jul/2024:11:34:26 +1000] "GET /robots.txt HTTP/1.1" 200 716 "-" "Mozilla/5.0 (compatible; MJ12bot/v1.4.8; http://mj12bot.com/)"
195.191.219.133 - - [03/Jul/2024:11:34:36 +1000] "GET / HTTP/1.1" 301 969 "-" "Mozilla/5.0 (compatible; MJ12bot/v1.4.8; http://mj12bot.com/)"
195.191.219.133 - - [03/Jul/2024:11:34:39 +1000] "GET / HTTP/1.1" 301 497 "-" "Mozilla/5.0 (compatible; MJ12bot/v1.4.8; http://mj12bot.com/)"
111.67.29.221 - - [03/Jul/2024:11:39:26 +1000] "POST /wp-cron.php?doing_wp_cron=1719970766.8218629360198974609375 HTTP/1.1" 200 296 "-" "WordPress/6.5.5; https://www.pgkdistribution.com.au"
8.217.181.41 - - [03/Jul/2024:11:39:22 +1000] "GET /wp-content/themes/pgk/img/pgk-logo.png HTTP/1.1" 404 94684 "-" "-"
111.67.29.221 - - [03/Jul/2024:11:41:49 +1000] "POST /wp-cron.php?doing_wp_cron=1719970909.8056490421295166015625 HTTP/1.1" 200 296 "-" "WordPress/6.5.5; https://www.pgkdistribution.com.au"
8.217.181.41 - - [03/Jul/2024:11:41:44 +1000] "GET /wp-content/themes/pgk/img/pgk-logo.png HTTP/1.1" 404 94684 "-" "-"
66.249.79.170 - - [03/Jul/2024:12:05:17 +1000] "GET /product/klip-lok-305/ HTTP/1.1" 301 990 "-" "Mozilla/5.0 (Linux; Android 6.0.1; Nexus 5X Build/MMB29P) AppleWebKit/537.36 (KHTML, like Gecko) Chrome/125.0.6422.175 Mobile Safari/537.36 (compatible; Googlebot/2.1; +http://www.google.com/bot.html)"
111.67.29.221 - - [03/Jul/2024:12:05:24 +1000] "POST /wp-cron.php?doing_wp_cron=1719972324.5620200634002685546875 HTTP/1.1" 200 296 "-" "WordPress/6.5.5; https://www.pgkdistribution.com.au"
66.249.79.165 - - [03/Jul/2024:12:05:18 +1000] "GET /product/klip-lok-305/ HTTP/1.1" 301 654 "-" "Mozilla/5.0 (Linux; Android 6.0.1; Nexus 5X Build/MMB29P) AppleWebKit/537.36 (KHTML, like Gecko) Chrome/125.0.6422.175 Mobile Safari/537.36 (compatible; Googlebot/2.1; +http://www.google.com/bot.html)"
123.6.49.50 - - [03/Jul/2024:12:07:32 +1000] "GET / HTTP/1.1" 301 969 "http://baidu.com/" "Mozilla/5.0 (Linux; Android 8.0; Pixel 2 Build/OPD3.170816.012) AppleWebKit/537.36 (KHTML, like Gecko) Chrome/87.0.4280.88 Mobile Safari/537.36"
123.6.49.44 - - [03/Jul/2024:12:07:35 +1000] "GET / HTTP/1.1" 301 497 "http://baidu.com/" "Mozilla/5.0 (Linux; Android 8.0; Pixel 2 Build/OPD3.170816.012) AppleWebKit/537.36 (KHTML, like Gecko) Chrome/87.0.4280.88 Mobile Safari/537.36"
27.115.124.70 - - [03/Jul/2024:12:07:45 +1000] "GET / HTTP/1.1" 301 497 "http://baidu.com/" "Mozilla/5.0 (Linux; Android 8.0; Pixel 2 Build/OPD3.170816.012) AppleWebKit/537.36 (KHTML, like Gecko) Chrome/87.0.4280.88 Mobile Safari/537.36"
35.89.128.253 - - [03/Jul/2024:12:08:01 +1000] "GET /_profiler/phpinfo HTTP/1.1" 301 986 "-" "Mozilla/5.0 (X11; Linux x86_64) AppleWebKit/537.36 (KHTML, like Gecko) Chrome/81.0.4044.129 Safari/537.36"
35.89.128.253 - - [03/Jul/2024:12:08:01 +1000] "POST / HTTP/1.1" 301 969 "-" "Mozilla/5.0 (X11; Linux x86_64) AppleWebKit/537.36 (KHTML, like Gecko) Chrome/81.0.4044.129 Safari/537.36"
35.89.128.253 - - [03/Jul/2024:12:08:02 +1000] "POST / HTTP/1.1" 301 969 "-" "Mozilla/5.0 (X11; Linux x86_64) AppleWebKit/537.36 (KHTML, like Gecko) Chrome/81.0.4044.129 Safari/537.36"
112.78.125.227 - - [03/Jul/2024:12:19:35 +1000] "GET /wp-login.php HTTP/1.1" 301 981 "-" "ddg_android/5.169.0 (com.duckduckgo.mobile.android; Android API 33)"
111.67.29.221 - - [03/Jul/2024:12:19:43 +1000] "POST /wp-cron.php?doing_wp_cron=1719973183.2138440608978271484375 HTTP/1.1" 200 296 "-" "WordPress/6.5.5; https://www.pgkdistribution.com.au"
112.78.125.227 - - [03/Jul/2024:12:19:36 +1000] "GET /wp-login.php HTTP/1.1" 302 572 "-" "ddg_android/5.169.0 (com.duckduckgo.mobile.android; Android API 33)"
154.213.18.124 - - [03/Jul/2024:13:13:32 +1000] "GET /e/data/js/ajax.js HTTP/1.1" 404 20341 "-" "Mozilla/5.0 (Windows NT 10.0; WOW64; rv:48.0) Gecko/20100101 Firefox/48.0"
185.209.223.148 - - [03/Jul/2024:13:24:57 +1000] "GET /chosen.php HTTP/1.1" 301 979 "-" "Mozlila/5.0 (Linux; Android 7.0; SM-G892A Bulid/NRD90M; wv) AppleWebKit/537.36 (KHTML, like Gecko) Version/4.0 Chrome/60.0.3112.107 Moblie Safari/537.36"
111.67.29.221 - - [03/Jul/2024:13:25:33 +1000] "POST /wp-cron.php?doing_wp_cron=1719977133.7409849166870117187500 HTTP/1.1" 200 296 "-" "WordPress/6.5.5; https://www.pgkdistribution.com.au"
185.209.223.148 - - [03/Jul/2024:13:25:25 +1000] "GET /chosen.php HTTP/1.1" 404 20198 "-" "Mozlila/5.0 (Linux; Android 7.0; SM-G892A Bulid/NRD90M; wv) AppleWebKit/537.36 (KHTML, like Gecko) Version/4.0 Chrome/60.0.3112.107 Moblie Safari/537.36"
185.209.223.148 - - [03/Jul/2024:13:25:57 +1000] "GET /dropdown.php HTTP/1.1" 301 981 "-" "Mozlila/5.0 (Linux; Android 7.0; SM-G892A Bulid/NRD90M; wv) AppleWebKit/537.36 (KHTML, like Gecko) Version/4.0 Chrome/60.0.3112.107 Moblie Safari/537.36"
111.67.29.221 - - [03/Jul/2024:13:26:21 +1000] "POST /wp-cron.php?doing_wp_cron=1719977181.4293339252471923828125 HTTP/1.1" 200 296 "-" "WordPress/6.5.5; https://www.pgkdistribution.com.au"
185.209.223.148 - - [03/Jul/2024:13:26:16 +1000] "GET /dropdown.php HTTP/1.1" 404 20182 "-" "Mozlila/5.0 (Linux; Android 7.0; SM-G892A Bulid/NRD90M; wv) AppleWebKit/537.36 (KHTML, like Gecko) Version/4.0 Chrome/60.0.3112.107 Moblie Safari/537.36"
40.77.167.26 - - [03/Jul/2024:13:42:08 +1000] "GET /product/three-phase-soltaro-inverter-6kw-4g/ HTTP/1.1" 301 1013 "-" "Mozilla/5.0 AppleWebKit/537.36 (KHTML, like Gecko; compatible; bingbot/2.0; +http://www.bing.com/bingbot.htm) Chrome/116.0.1938.76 Safari/537.36"
185.126.202.247 - - [03/Jul/2024:13:52:45 +1000] "GET /wp-login.php HTTP/1.1" 301 944 "-" "Mozilla/5.0 (X11; Fedora; Linux x86_64; rv:94.0) Gecko/20100101 Firefox/95.0"
66.249.79.171 - - [03/Jul/2024:13:52:45 +1000] "GET /product/pgk-8p-wp-enclosures-ip65/ HTTP/1.1" 301 1003 "-" "Mozilla/5.0 (Linux; Android 6.0.1; Nexus 5X Build/MMB29P) AppleWebKit/537.36 (KHTML, like Gecko) Chrome/125.0.6422.175 Mobile Safari/537.36 (compatible; Googlebot/2.1; +http://www.google.com/bot.html)"
185.126.202.247 - - [03/Jul/2024:13:52:47 +1000] "GET /wp-login.php HTTP/1.1" 200 5217 "http://pgkdistribution.com.au/wp-login.php" "Mozilla/5.0 (X11; Fedora; Linux x86_64; rv:94.0) Gecko/20100101 Firefox/95.0"
66.249.79.164 - - [03/Jul/2024:13:52:52 +1000] "GET /product/pgk-8p-wp-enclosures-ip65/ HTTP/1.1" 200 22992 "-" "Mozilla/5.0 (Linux; Android 6.0.1; Nexus 5X Build/MMB29P) AppleWebKit/537.36 (KHTML, like Gecko) Chrome/125.0.6422.175 Mobile Safari/537.36 (compatible; Googlebot/2.1; +http://www.google.com/bot.html)"
66.249.79.164 - - [03/Jul/2024:13:53:08 +1000] "POST /?wc-ajax=get_refreshed_fragments HTTP/1.1" 200 928 "http://www.pgkdistribution.com.au/product/pgk-8p-wp-enclosures-ip65/" "Mozilla/5.0 (Linux; Android 6.0.1; Nexus 5X Build/MMB29P) AppleWebKit/537.36 (KHTML, like Gecko) Chrome/125.0.6422.175 Mobile Safari/537.36 (compatible; Googlebot/2.1; +http://www.google.com/bot.html)"
41.216.188.168 - - [03/Jul/2024:13:59:32 +1000] "GET /wp-admin/inputs.php HTTP/1.1" 301 988 "www.google.com" "Mozlila/5.0 (Linux; Android 7.0; SM-G892A Bulid/NRD90M; wv) AppleWebKit/537.36 (KHTML, like Gecko) Version/4.0 Chrome/60.0.3112.107 Moblie Safari/537.36"
41.216.188.168 - - [03/Jul/2024:13:59:36 +1000] "GET /wp-admin/inputs.php HTTP/1.1" 404 20210 "www.google.com" "Mozlila/5.0 (Linux; Android 7.0; SM-G892A Bulid/NRD90M; wv) AppleWebKit/537.36 (KHTML, like Gecko) Version/4.0 Chrome/60.0.3112.107 Moblie Safari/537.36"
193.37.33.51 - - [03/Jul/2024:14:42:00 +1000] "GET /.env HTTP/1.1" 301 973 "-" "python-requests/2.26.0"
111.67.29.221 - - [03/Jul/2024:14:42:06 +1000] "POST /wp-cron.php?doing_wp_cron=1719981726.3661570549011230468750 HTTP/1.1" 200 296 "-" "WordPress/6.5.5; https://www.pgkdistribution.com.au"
193.37.33.32 - - [03/Jul/2024:14:42:00 +1000] "GET /.env HTTP/1.1" 404 17376 "-" "python-requests/2.26.0"
111.67.29.221 - - [03/Jul/2024:14:43:15 +1000] "POST /wp-cron.php?doing_wp_cron=1719981795.1609599590301513671875 HTTP/1.1" 200 296 "-" "WordPress/6.5.5; https://www.pgkdistribution.com.au"
10.113.7.106 - - [03/Jul/2024:14:43:10 +1000] "GET /robots.txt HTTP/1.1" 200 747 "-" "Mozilla/5.0 (compatible; aiHitBot/2.9; +https://www.aihitdata.com/about)"
10.113.7.106 - - [03/Jul/2024:14:43:16 +1000] "GET / HTTP/1.1" 301 359 "-" "Mozilla/5.0 (compatible; aiHitBot/2.9; +https://www.aihitdata.com/about)"
173.252.87.3 - - [03/Jul/2024:15:58:20 +1000] "GET /robots.txt HTTP/1.1" 301 979 "-" "facebookexternalhit/1.1 (+http://www.facebook.com/externalhit_uatext.php)"
173.252.87.15 - - [03/Jul/2024:15:58:21 +1000] "GET /robots.txt HTTP/1.1" 200 716 "-" "facebookexternalhit/1.1 (+http://www.facebook.com/externalhit_uatext.php)"
173.252.87.8 - - [03/Jul/2024:15:58:23 +1000] "GET / HTTP/1.1" 301 969 "-" "facebookexternalhit/1.1 (+http://www.facebook.com/externalhit_uatext.php)"
173.252.87.9 - - [03/Jul/2024:16:00:22 +1000] "GET / HTTP/1.1" 301 497 "-" "facebookexternalhit/1.1 (+http://www.facebook.com/externalhit_uatext.php)"
154.213.18.124 - - [03/Jul/2024:16:11:38 +1000] "GET /data/admin/allowurl.txt HTTP/1.1" 404 20347 "-" "Mozilla/5.0 (Windows NT 10.0; WOW64; rv:48.0) Gecko/20100101 Firefox/48.0"
103.131.71.73 - - [03/Jul/2024:16:34:13 +1000] "GET /robots.txt HTTP/1.1" 301 942 "-" "Mozilla/5.0 (compatible; coccocbot-web/1.0; +http://help.coccoc.com/searchengine)"
111.67.29.221 - - [03/Jul/2024:16:34:21 +1000] "POST /wp-cron.php?doing_wp_cron=1719988461.2361090183258056640625 HTTP/1.1" 200 296 "-" "WordPress/6.5.5; https://www.pgkdistribution.com.au"
103.131.71.73 - - [03/Jul/2024:16:34:15 +1000] "GET /robots.txt HTTP/1.1" 200 679 "-" "Mozilla/5.0 (compatible; coccocbot-web/1.0; +http://help.coccoc.com/searchengine)"
103.131.71.224 - - [03/Jul/2024:16:34:36 +1000] "GET /robots.txt HTTP/1.1" 200 679 "-" "Mozilla/5.0 (compatible; coccocbot-web/1.0; +http://help.coccoc.com/searchengine)"
66.249.79.171 - - [03/Jul/2024:17:31:32 +1000] "GET /product/cable-gland-2-hole/ HTTP/1.1" 301 996 "-" "Mozilla/5.0 (Linux; Android 6.0.1; Nexus 5X Build/MMB29P) AppleWebKit/537.36 (KHTML, like Gecko) Chrome/125.0.6422.175 Mobile Safari/537.36 (compatible; Googlebot/2.1; +http://www.google.com/bot.html)"
66.249.79.166 - - [03/Jul/2024:17:31:33 +1000] "GET /product/cable-gland-2-hole/ HTTP/1.1" 200 23302 "-" "Mozilla/5.0 (Linux; Android 6.0.1; Nexus 5X Build/MMB29P) AppleWebKit/537.36 (KHTML, like Gecko) Chrome/125.0.6422.175 Mobile Safari/537.36 (compatible; Googlebot/2.1; +http://www.google.com/bot.html)"
111.67.29.221 - - [03/Jul/2024:17:40:28 +1000] "POST /wp-cron.php?doing_wp_cron=1719992428.7321460247039794921875 HTTP/1.1" 200 296 "-" "WordPress/6.5.5; https://www.pgkdistribution.com.au"
66.249.79.166 - - [03/Jul/2024:17:40:22 +1000] "POST /?wc-ajax=get_refreshed_fragments HTTP/1.1" 200 928 "http://www.pgkdistribution.com.au/product/cable-gland-2-hole/" "Mozilla/5.0 (Linux; Android 6.0.1; Nexus 5X Build/MMB29P) AppleWebKit/537.36 (KHTML, like Gecko) Chrome/125.0.6422.175 Mobile Safari/537.36 (compatible; Googlebot/2.1; +http://www.google.com/bot.html)"
43.157.25.217 - - [03/Jul/2024:17:50:02 +1000] "GET /wp-content/plugins/google-seo-rank/module.php HTTP/1.1" 301 1014 "www.google.com" "Mozilla/5.0 (Linux; Android 7.0; SM-G892A Build/NRD90M; wv) AppleWebKit/537.36 (KHTML, like Gecko) Version/4.0 Chrome/60.0.3112.107 Mobile Safari/537.36"
111.67.29.221 - - [03/Jul/2024:17:50:11 +1000] "POST /wp-cron.php?doing_wp_cron=1719993011.4378221035003662109375 HTTP/1.1" 200 296 "-" "WordPress/6.5.5; https://www.pgkdistribution.com.au"
43.157.25.217 - - [03/Jul/2024:17:50:04 +1000] "GET /wp-content/plugins/google-seo-rank/module.php HTTP/1.1" 404 20379 "www.google.com" "Mozilla/5.0 (Linux; Android 7.0; SM-G892A Build/NRD90M; wv) AppleWebKit/537.36 (KHTML, like Gecko) Version/4.0 Chrome/60.0.3112.107 Mobile Safari/537.36"
111.67.29.221 - - [03/Jul/2024:17:53:07 +1000] "POST /wp-cron.php?doing_wp_cron=1719993187.3930981159210205078125 HTTP/1.1" 200 296 "-" "WordPress/6.5.5; https://www.pgkdistribution.com.au"
66.249.79.165 - - [03/Jul/2024:17:53:02 +1000] "GET / HTTP/1.1" 301 497 "-" "Mozilla/5.0 (Linux; Android 6.0.1; Nexus 5X Build/MMB29P) AppleWebKit/537.36 (KHTML, like Gecko) Chrome/125.0.6422.175 Mobile Safari/537.36 (compatible; Googlebot/2.1; +http://www.google.com/bot.html)"
103.131.71.50 - - [03/Jul/2024:18:25:12 +1000] "GET /robots.txt HTTP/1.1" 301 942 "-" "Mozilla/5.0 (compatible; coccocbot-image/1.0; +http://help.coccoc.com/searchengine)"
111.67.29.221 - - [03/Jul/2024:18:25:22 +1000] "POST /wp-cron.php?doing_wp_cron=1719995122.3380980491638183593750 HTTP/1.1" 200 296 "-" "WordPress/6.5.5; https://www.pgkdistribution.com.au"
103.131.71.50 - - [03/Jul/2024:18:25:15 +1000] "GET /robots.txt HTTP/1.1" 200 679 "-" "Mozilla/5.0 (compatible; coccocbot-image/1.0; +http://help.coccoc.com/searchengine)"
111.67.29.221 - - [03/Jul/2024:18:25:53 +1000] "POST /wp-cron.php?doing_wp_cron=1719995153.0657229423522949218750 HTTP/1.1" 200 296 "-" "WordPress/6.5.5; https://www.pgkdistribution.com.au"
103.131.71.53 - - [03/Jul/2024:18:25:51 +1000] "GET /robots.txt HTTP/1.1" 200 679 "-" "Mozilla/5.0 (compatible; coccocbot-image/1.0; +http://help.coccoc.com/searchengine)"
111.67.29.221 - - [03/Jul/2024:18:52:31 +1000] "POST /wp-cron.php?doing_wp_cron=1719996751.0643520355224609375000 HTTP/1.1" 200 296 "-" "WordPress/6.5.5; https://www.pgkdistribution.com.au"
66.249.79.164 - - [03/Jul/2024:18:52:26 +1000] "GET /contact-us/ HTTP/1.1" 200 21110 "-" "Mozilla/5.0 (Linux; Android 6.0.1; Nexus 5X Build/MMB29P) AppleWebKit/537.36 (KHTML, like Gecko) Chrome/125.0.6422.175 Mobile Safari/537.36 (compatible; Googlebot/2.1; +http://www.google.com/bot.html)"
111.67.29.221 - - [03/Jul/2024:19:19:58 +1000] "POST /wp-cron.php?doing_wp_cron=1719998398.3873550891876220703125 HTTP/1.1" 200 296 "-" "WordPress/6.5.5; https://www.pgkdistribution.com.au"
10.179.80.226 - - [03/Jul/2024:19:19:53 +1000] "GET /robots.txt HTTP/1.1" 200 747 "-" "Mozilla/5.0 (compatible;PetalBot;+https://webmaster.petalsearch.com/site/petalbot)"
111.67.29.221 - - [03/Jul/2024:19:20:50 +1000] "POST /wp-cron.php?doing_wp_cron=1719998450.3518700599670410156250 HTTP/1.1" 200 296 "-" "WordPress/6.5.5; https://www.pgkdistribution.com.au"
10.179.80.146 - - [03/Jul/2024:19:20:44 +1000] "GET /robots.txt HTTP/1.1" 200 747 "-" "Mozilla/5.0 (compatible;PetalBot;+https://webmaster.petalsearch.com/site/petalbot)"
36.111.67.189 - - [03/Jul/2024:19:25:03 +1000] "GET / HTTP/1.1" 301 969 "-" "Mozilla/5.0 (iPhone; CPU iPhone OS 13_2_3 like Mac OS X) AppleWebKit/605.1.15 (KHTML, like Gecko) Version/13.0.3 Mobile/15E148 Safari/604.1"
111.67.29.221 - - [03/Jul/2024:19:25:14 +1000] "POST /wp-cron.php?doing_wp_cron=1719998714.1924118995666503906250 HTTP/1.1" 200 296 "-" "WordPress/6.5.5; https://www.pgkdistribution.com.au"
36.111.67.189 - - [03/Jul/2024:19:25:07 +1000] "GET / HTTP/1.1" 301 497 "http://pgkdistribution.com.au" "Mozilla/5.0 (iPhone; CPU iPhone OS 13_2_3 like Mac OS X) AppleWebKit/605.1.15 (KHTML, like Gecko) Version/13.0.3 Mobile/15E148 Safari/604.1"
111.67.29.221 - - [03/Jul/2024:19:31:11 +1000] "POST /wp-cron.php?doing_wp_cron=1719999071.7147610187530517578125 HTTP/1.1" 200 296 "-" "WordPress/6.5.5; https://www.pgkdistribution.com.au"
66.249.79.165 - - [03/Jul/2024:19:31:06 +1000] "POST /?wc-ajax=get_refreshed_fragments HTTP/1.1" 200 928 "http://www.pgkdistribution.com.au/contact-us/" "Mozilla/5.0 (Linux; Android 6.0.1; Nexus 5X Build/MMB29P) AppleWebKit/537.36 (KHTML, like Gecko) Chrome/125.0.6422.175 Mobile Safari/537.36 (compatible; Googlebot/2.1; +http://www.google.com/bot.html)"
188.23.46.228 - - [03/Jul/2024:19:49:31 +1000] "GET /contact-us/ HTTP/1.0" 301 943 "http://pgkdistribution.com.au/contact-us/" "Mozilla/5.0 (Windows NT 10.0; Win64; x64) AppleWebKit/537.36 (KHTML, like Gecko) Chrome/120.0.0.0 Iron Safari/537.36"
111.67.29.221 - - [03/Jul/2024:19:49:38 +1000] "POST /wp-cron.php?doing_wp_cron=1720000178.1775350570678710937500 HTTP/1.1" 200 296 "-" "WordPress/6.5.5; https://www.pgkdistribution.com.au"
188.23.46.228 - - [03/Jul/2024:19:49:33 +1000] "GET /contact-us/ HTTP/1.0" 200 87260 "http://www.pgkdistribution.com.au/contact-us/" "Mozilla/5.0 (Windows NT 10.0; Win64; x64) AppleWebKit/537.36 (KHTML, like Gecko) Chrome/120.0.0.0 Iron Safari/537.36"
66.249.79.165 - - [03/Jul/2024:20:23:46 +1000] "GET /wp-content/uploads/2021/06/SE015E-500x500-1.jpg HTTP/1.1" 200 18164 "-" "Googlebot-Image/1.0"
87.236.176.143 - - [03/Jul/2024:20:25:47 +1000] "GET / HTTP/1.1" 301 932 "-" "Mozilla/5.0 (compatible; InternetMeasurement/1.0; +https://internet-measurement.com/)"
111.67.29.221 - - [03/Jul/2024:20:25:55 +1000] "POST /wp-cron.php?doing_wp_cron=1720002354.9942090511322021484375 HTTP/1.1" 200 296 "-" "WordPress/6.5.5; https://www.pgkdistribution.com.au"
87.236.176.143 - - [03/Jul/2024:20:25:49 +1000] "GET / HTTP/1.1" 301 460 "http://pgkdistribution.com.au" "Mozilla/5.0 (compatible; InternetMeasurement/1.0; +https://internet-measurement.com/)"
87.236.176.2 - - [03/Jul/2024:20:26:05 +1000] "GET /favicon.ico HTTP/1.1" 404 894 "-" "Mozilla/5.0 (compatible; InternetMeasurement/1.0; +https://internet-measurement.com/)"
68.183.53.77 - - [03/Jul/2024:20:26:06 +1000] "GET /favicon.ico HTTP/1.1" 404 894 "-" "Mozilla/5.0 (compatible; InternetMeasurement/1.0; +https://internet-measurement.com/)"
107.189.4.158 - - [03/Jul/2024:20:26:07 +1000] "GET /favicon.ico HTTP/1.1" 404 894 "-" "Mozilla/5.0 (Windows NT 10.0; Win64; x64) AppleWebKit/537.36 (KHTML, like Gecko) Chrome/95.0.4638.69 Safari/537.36"
111.67.29.221 - - [03/Jul/2024:20:44:45 +1000] "POST /wp-cron.php?doing_wp_cron=1720003485.0163679122924804687500 HTTP/1.1" 200 296 "-" "WordPress/6.5.5; https://www.pgkdistribution.com.au"
66.249.79.164 - - [03/Jul/2024:20:44:40 +1000] "GET /sitemap_index.xml HTTP/1.1" 200 927 "-" "Mozilla/5.0 (compatible; Googlebot/2.1; +http://www.google.com/bot.html)"
82.162.48.64 - - [03/Jul/2024:21:18:01 +1000] "GET /contact-us/ HTTP/1.0" 301 943 "http://pgkdistribution.com.au/contact-us/" "Mozilla/5.0 (Windows NT 10.0; Win64; x64) AppleWebKit/537.36 (KHTML, like Gecko) Chrome/112.0.0.0 Safari/537.36"
111.67.29.221 - - [03/Jul/2024:21:18:07 +1000] "POST /wp-cron.php?doing_wp_cron=1720005487.5888400077819824218750 HTTP/1.1" 200 296 "-" "WordPress/6.5.5; https://www.pgkdistribution.com.au"
82.162.48.64 - - [03/Jul/2024:21:18:03 +1000] "GET /contact-us/ HTTP/1.0" 200 87260 "http://www.pgkdistribution.com.au/contact-us/" "Mozilla/5.0 (Windows NT 10.0; Win64; x64) AppleWebKit/537.36 (KHTML, like Gecko) Chrome/112.0.0.0 Safari/537.36"
162.241.218.154 - - [03/Jul/2024:21:34:22 +1000] "HEAD /wordpress/ HTTP/1.1" 301 226 "-" "-"
111.67.29.221 - - [03/Jul/2024:21:34:27 +1000] "POST /wp-cron.php?doing_wp_cron=1720006467.7577209472656250000000 HTTP/1.1" 200 296 "-" "WordPress/6.5.5; https://www.pgkdistribution.com.au"
162.241.218.154 - - [03/Jul/2024:21:34:23 +1000] "HEAD /wordpress/ HTTP/1.1" 404 581 "-" "-"
52.230.152.254 - - [03/Jul/2024:21:37:12 +1000] "GET /robots.txt HTTP/1.1" 301 942 "-" "Mozilla/5.0 AppleWebKit/537.36 (KHTML, like Gecko; compatible; GPTBot/1.0; +https://openai.com/gptbot)"
111.67.29.221 - - [03/Jul/2024:21:37:17 +1000] "POST /wp-cron.php?doing_wp_cron=1720006637.8023769855499267578125 HTTP/1.1" 200 296 "-" "WordPress/6.5.5; https://www.pgkdistribution.com.au"
52.230.152.254 - - [03/Jul/2024:21:37:12 +1000] "GET /robots.txt HTTP/1.1" 200 679 "http://pgkdistribution.com.au/robots.txt" "Mozilla/5.0 AppleWebKit/537.36 (KHTML, like Gecko; compatible; GPTBot/1.0; +https://openai.com/gptbot)"
66.249.79.166 - - [03/Jul/2024:21:58:46 +1000] "GET /wp-content/uploads/2021/06/Flat-Roof-adjustable-10-15-degree-tilt-set_1-1.jpg HTTP/1.1" 200 20861 "-" "Googlebot-Image/1.0"
111.67.29.221 - - [03/Jul/2024:22:07:44 +1000] "POST /wp-cron.php?doing_wp_cron=1720008464.1341760158538818359375 HTTP/1.1" 200 296 "-" "WordPress/6.5.5; https://www.pgkdistribution.com.au"
54.77.255.245 - - [03/Jul/2024:22:07:41 +1000] "GET / HTTP/1.1" 301 497 "-" "Plesk screenshot bot https://support.plesk.com/hc/en-us/articles/10301006946066"
10.179.80.226 - - [03/Jul/2024:23:18:41 +1000] "GET /robots.txt HTTP/1.1" 301 1010 "-" "Mozilla/5.0 (compatible;PetalBot;+https://webmaster.petalsearch.com/site/petalbot)"
111.67.29.221 - - [03/Jul/2024:23:18:47 +1000] "POST /wp-cron.php?doing_wp_cron=1720012727.3621399402618408203125 HTTP/1.1" 200 296 "-" "WordPress/6.5.5; https://www.pgkdistribution.com.au"
10.179.80.226 - - [03/Jul/2024:23:18:42 +1000] "GET /robots.txt HTTP/1.1" 200 747 "-" "Mozilla/5.0 (compatible;PetalBot;+https://webmaster.petalsearch.com/site/petalbot)"
66.249.65.69 - - [04/Jul/2024:00:04:25 +1000] "GET /ads.txt HTTP/1.1" 301 976 "-" "Mozilla/5.0 (compatible; Googlebot/2.1; +http://www.google.com/bot.html)"
111.67.29.221 - - [04/Jul/2024:00:04:31 +1000] "POST /wp-cron.php?doing_wp_cron=1720015471.5885779857635498046875 HTTP/1.1" 200 296 "-" "WordPress/6.5.5; https://www.pgkdistribution.com.au"
66.249.73.197 - - [04/Jul/2024:00:04:26 +1000] "GET /ads.txt HTTP/1.1" 404 20200 "-" "Mozilla/5.0 (compatible; Googlebot/2.1; +http://www.google.com/bot.html)"
66.249.65.69 - - [04/Jul/2024:00:16:47 +1000] "GET /sitemap_index.xml HTTP/1.1" 301 986 "-" "Mozilla/5.0 (compatible; Googlebot/2.1; +http://www.google.com/bot.html)"
111.67.29.221 - - [04/Jul/2024:00:16:53 +1000] "POST /wp-cron.php?doing_wp_cron=1720016213.9327750205993652343750 HTTP/1.1" 200 296 "-" "WordPress/6.5.5; https://www.pgkdistribution.com.au"
66.249.73.196 - - [04/Jul/2024:00:16:48 +1000] "GET /sitemap_index.xml HTTP/1.1" 200 895 "-" "Mozilla/5.0 (compatible; Googlebot/2.1; +http://www.google.com/bot.html)"
111.67.29.221 - - [04/Jul/2024:00:29:06 +1000] "POST /wp-cron.php?doing_wp_cron=1720016946.4232308864593505859375 HTTP/1.1" 200 296 "-" "WordPress/6.5.5; https://www.pgkdistribution.com.au"
20.191.45.212 - - [04/Jul/2024:00:29:01 +1000] "GET / HTTP/1.1" 301 497 "http://www.pgkdistribution.com.au/" "DuckDuckBot/1.1; (+http://duckduckgo.com/duckduckbot.html)"
91.92.243.31 - - [04/Jul/2024:00:36:05 +1000] "GET /wp-content/plugins/plugins.php HTTP/1.1" 301 999 "-" "Mozlila/5.0 (Linux; Android 7.0; SM-G892A Bulid/NRD90M; wv) AppleWebKit/537.36 (KHTML, like Gecko) Version/4.0 Chrome/60.0.3112.107 Moblie Safari/537.36"
111.67.29.221 - - [04/Jul/2024:00:36:28 +1000] "POST /wp-cron.php?doing_wp_cron=1720017388.5793619155883789062500 HTTP/1.1" 200 296 "-" "WordPress/6.5.5; https://www.pgkdistribution.com.au"
91.92.243.31 - - [04/Jul/2024:00:36:23 +1000] "GET /wp-content/plugins/plugins.php HTTP/1.1" 404 20351 "-" "Mozlila/5.0 (Linux; Android 7.0; SM-G892A Bulid/NRD90M; wv) AppleWebKit/537.36 (KHTML, like Gecko) Version/4.0 Chrome/60.0.3112.107 Moblie Safari/537.36"
91.92.243.31 - - [04/Jul/2024:00:36:43 +1000] "GET /wp-content/plugins/hello.php HTTP/1.1" 301 997 "-" "Mozlila/5.0 (Linux; Android 7.0; SM-G892A Bulid/NRD90M; wv) AppleWebKit/537.36 (KHTML, like Gecko) Version/4.0 Chrome/60.0.3112.107 Moblie Safari/537.36"
91.92.243.31 - - [04/Jul/2024:00:36:55 +1000] "GET /wp-content/plugins/hello.php HTTP/1.1" 500 259 "-" "Mozlila/5.0 (Linux; Android 7.0; SM-G892A Bulid/NRD90M; wv) AppleWebKit/537.36 (KHTML, like Gecko) Version/4.0 Chrome/60.0.3112.107 Moblie Safari/537.36"
91.92.243.31 - - [04/Jul/2024:00:37:07 +1000] "GET /wp-content/themes/themes.php HTTP/1.1" 301 997 "-" "Mozlila/5.0 (Linux; Android 7.0; SM-G892A Bulid/NRD90M; wv) AppleWebKit/537.36 (KHTML, like Gecko) Version/4.0 Chrome/60.0.3112.107 Moblie Safari/537.36"
111.67.29.221 - - [04/Jul/2024:00:37:27 +1000] "POST /wp-cron.php?doing_wp_cron=1720017447.6772038936614990234375 HTTP/1.1" 200 296 "-" "WordPress/6.5.5; https://www.pgkdistribution.com.au"
91.92.243.31 - - [04/Jul/2024:00:37:22 +1000] "GET /wp-content/themes/themes.php HTTP/1.1" 404 20348 "-" "Mozlila/5.0 (Linux; Android 7.0; SM-G892A Bulid/NRD90M; wv) AppleWebKit/537.36 (KHTML, like Gecko) Version/4.0 Chrome/60.0.3112.107 Moblie Safari/537.36"
91.92.243.31 - - [04/Jul/2024:00:37:44 +1000] "GET /wp-admin/maint/atomlib.php HTTP/1.1" 301 995 "-" "Mozlila/5.0 (Linux; Android 7.0; SM-G892A Bulid/NRD90M; wv) AppleWebKit/537.36 (KHTML, like Gecko) Version/4.0 Chrome/60.0.3112.107 Moblie Safari/537.36"
111.67.29.221 - - [04/Jul/2024:00:37:59 +1000] "POST /wp-cron.php?doing_wp_cron=1720017479.0088970661163330078125 HTTP/1.1" 200 296 "-" "WordPress/6.5.5; https://www.pgkdistribution.com.au"
