66.249.66.86 - - [01/Jul/2024:17:11:02 +1000] "GET /product/flat-roof-tilt-set-10-15/ HTTP/1.1" 301 1002 "-" "Mozilla/5.0 (Linux; Android 6.0.1; Nexus 5X Build/MMB29P) AppleWebKit/537.36 (KHTML, like Gecko) Chrome/125.0.6422.175 Mobile Safari/537.36 (compatible; Googlebot/2.1; +http://www.google.com/bot.html)"
111.67.29.221 - - [01/Jul/2024:17:11:09 +1000] "POST /wp-cron.php?doing_wp_cron=1719817868.9617800712585449218750 HTTP/1.1" 200 296 "-" "WordPress/6.5.5; https://www.pgkdistribution.com.au"
66.249.66.198 - - [01/Jul/2024:17:11:03 +1000] "GET /product/flat-roof-tilt-set-10-15/ HTTP/1.1" 200 23164 "-" "Mozilla/5.0 (Linux; Android 6.0.1; Nexus 5X Build/MMB29P) AppleWebKit/537.36 (KHTML, like Gecko) Chrome/125.0.6422.175 Mobile Safari/537.36 (compatible; Googlebot/2.1; +http://www.google.com/bot.html)"
34.221.13.24 - - [01/Jul/2024:17:11:18 +1000] "GET / HTTP/1.1" 301 460 "-" "Mozilla/5.0 (Windows NT 10.0; Win64; x64) AppleWebKit/537.36 (KHTML, like Gecko) Chrome/113.0.0.0 Safari/537.36"
104.45.211.239 - - [01/Jul/2024:17:11:30 +1000] "GET / HTTP/1.1" 301 460 "-" "Mozilla/5.0 (Windows NT 10.0; WOW64) AppleWebKit/537.36 (KHTML, like Gecko) Chrome/63.0.3239.84 Safari/537.36"
66.249.66.85 - - [01/Jul/2024:17:21:24 +1000] "GET / HTTP/1.1" 301 969 "-" "Mozilla/5.0 (Linux; Android 6.0.1; Nexus 5X Build/MMB29P) AppleWebKit/537.36 (KHTML, like Gecko) Chrome/125.0.6422.175 Mobile Safari/537.36 (compatible; Googlebot/2.1; +http://www.google.com/bot.html)"
66.249.66.85 - - [01/Jul/2024:17:28:25 +1000] "GET /product/flat-roof-tilt-set-30-60/ HTTP/1.1" 301 1002 "-" "Mozilla/5.0 (Linux; Android 6.0.1; Nexus 5X Build/MMB29P) AppleWebKit/537.36 (KHTML, like Gecko) Chrome/125.0.6422.175 Mobile Safari/537.36 (compatible; Googlebot/2.1; +http://www.google.com/bot.html)"
111.67.29.221 - - [01/Jul/2024:17:28:30 +1000] "POST /wp-cron.php?doing_wp_cron=1719818910.5415339469909667968750 HTTP/1.1" 200 296 "-" "WordPress/6.5.5; https://www.pgkdistribution.com.au"
66.249.66.198 - - [01/Jul/2024:17:28:26 +1000] "GET /product/flat-roof-tilt-set-30-60/ HTTP/1.1" 200 23225 "-" "Mozilla/5.0 (Linux; Android 6.0.1; Nexus 5X Build/MMB29P) AppleWebKit/537.36 (KHTML, like Gecko) Chrome/125.0.6422.175 Mobile Safari/537.36 (compatible; Googlebot/2.1; +http://www.google.com/bot.html)"
66.249.66.198 - - [01/Jul/2024:17:29:46 +1000] "GET /wp-content/plugins/woo-gutenberg-products-block/build/product-button.css?ver=10.8.1 HTTP/1.1" 200 1357 "http://www.pgkdistribution.com.au/product/flat-roof-tilt-set-30-60/" "Mozilla/5.0 (Linux; Android 6.0.1; Nexus 5X Build/MMB29P) AppleWebKit/537.36 (KHTML, like Gecko) Chrome/125.0.6422.175 Mobile Safari/537.36 (compatible; Googlebot/2.1; +http://www.google.com/bot.html)"
66.249.66.198 - - [01/Jul/2024:17:29:47 +1000] "GET /wp-content/plugins/gutentor/dist/gutentor-woocommerce.css?ver=3.2.7 HTTP/1.1" 200 1171 "http://www.pgkdistribution.com.au/product/flat-roof-tilt-set-30-60/" "Mozilla/5.0 (Linux; Android 6.0.1; Nexus 5X Build/MMB29P) AppleWebKit/537.36 (KHTML, like Gecko) Chrome/125.0.6422.175 Mobile Safari/537.36 (compatible; Googlebot/2.1; +http://www.google.com/bot.html)"
66.249.66.199 - - [01/Jul/2024:17:29:48 +1000] "GET /wp-content/plugins/woo-gutenberg-products-block/build/mini-cart.css?ver=10.8.1 HTTP/1.1" 200 3394 "http://www.pgkdistribution.com.au/product/flat-roof-tilt-set-30-60/" "Mozilla/5.0 (Linux; Android 6.0.1; Nexus 5X Build/MMB29P) AppleWebKit/537.36 (KHTML, like Gecko) Chrome/125.0.6422.175 Mobile Safari/537.36 (compatible; Googlebot/2.1; +http://www.google.com/bot.html)"
66.249.66.198 - - [01/Jul/2024:17:29:48 +1000] "GET /wp-content/plugins/woo-gutenberg-products-block/build/product-rating.css?ver=10.8.1 HTTP/1.1" 200 679 "http://www.pgkdistribution.com.au/product/flat-roof-tilt-set-30-60/" "Mozilla/5.0 (Linux; Android 6.0.1; Nexus 5X Build/MMB29P) AppleWebKit/537.36 (KHTML, like Gecko) Chrome/125.0.6422.175 Mobile Safari/537.36 (compatible; Googlebot/2.1; +http://www.google.com/bot.html)"
66.249.66.197 - - [01/Jul/2024:17:29:49 +1000] "GET /wp-content/themes/storefront/style.css?ver=3.9.1 HTTP/1.1" 200 10987 "http://www.pgkdistribution.com.au/product/flat-roof-tilt-set-30-60/" "Mozilla/5.0 (Linux; Android 6.0.1; Nexus 5X Build/MMB29P) AppleWebKit/537.36 (KHTML, like Gecko) Chrome/125.0.6422.175 Mobile Safari/537.36 (compatible; Googlebot/2.1; +http://www.google.com/bot.html)"
66.249.66.198 - - [01/Jul/2024:17:29:50 +1000] "GET /wp-content/plugins/woo-gutenberg-products-block/build/product-image-gallery.css?ver=10.8.1 HTTP/1.1" 200 743 "http://www.pgkdistribution.com.au/product/flat-roof-tilt-set-30-60/" "Mozilla/5.0 (Linux; Android 6.0.1; Nexus 5X Build/MMB29P) AppleWebKit/537.36 (KHTML, like Gecko) Chrome/125.0.6422.175 Mobile Safari/537.36 (compatible; Googlebot/2.1; +http://www.google.com/bot.html)"
66.249.66.198 - - [01/Jul/2024:17:29:51 +1000] "GET /wp-content/plugins/woo-gutenberg-products-block/build/product-details.css?ver=10.8.1 HTTP/1.1" 200 830 "http://www.pgkdistribution.com.au/product/flat-roof-tilt-set-30-60/" "Mozilla/5.0 (Linux; Android 6.0.1; Nexus 5X Build/MMB29P) AppleWebKit/537.36 (KHTML, like Gecko) Chrome/125.0.6422.175 Mobile Safari/537.36 (compatible; Googlebot/2.1; +http://www.google.com/bot.html)"
66.249.66.197 - - [01/Jul/2024:17:29:51 +1000] "GET /wp-content/plugins/woo-gutenberg-products-block/build/customer-account.css?ver=10.8.1 HTTP/1.1" 200 831 "http://www.pgkdistribution.com.au/product/flat-roof-tilt-set-30-60/" "Mozilla/5.0 (Linux; Android 6.0.1; Nexus 5X Build/MMB29P) AppleWebKit/537.36 (KHTML, like Gecko) Chrome/125.0.6422.175 Mobile Safari/537.36 (compatible; Googlebot/2.1; +http://www.google.com/bot.html)"
66.249.66.198 - - [01/Jul/2024:17:29:52 +1000] "GET /wp-content/plugins/woo-gutenberg-products-block/build/product-sku.css?ver=10.8.1 HTTP/1.1" 200 674 "http://www.pgkdistribution.com.au/product/flat-roof-tilt-set-30-60/" "Mozilla/5.0 (Linux; Android 6.0.1; Nexus 5X Build/MMB29P) AppleWebKit/537.36 (KHTML, like Gecko) Chrome/125.0.6422.175 Mobile Safari/537.36 (compatible; Googlebot/2.1; +http://www.google.com/bot.html)"
66.249.66.197 - - [01/Jul/2024:17:29:52 +1000] "GET /wp-content/themes/storefront/assets/css/base/icons.css?ver=3.9.1 HTTP/1.1" 200 18547 "http://www.pgkdistribution.com.au/product/flat-roof-tilt-set-30-60/" "Mozilla/5.0 (Linux; Android 6.0.1; Nexus 5X Build/MMB29P) AppleWebKit/537.36 (KHTML, like Gecko) Chrome/125.0.6422.175 Mobile Safari/537.36 (compatible; Googlebot/2.1; +http://www.google.com/bot.html)"
111.67.29.221 - - [01/Jul/2024:17:29:58 +1000] "POST /wp-cron.php?doing_wp_cron=1719818998.3598580360412597656250 HTTP/1.1" 200 296 "-" "WordPress/6.5.5; https://www.pgkdistribution.com.au"
66.249.66.197 - - [01/Jul/2024:17:29:53 +1000] "POST /?wc-ajax=get_refreshed_fragments HTTP/1.1" 200 928 "http://www.pgkdistribution.com.au/product/flat-roof-tilt-set-30-60/" "Mozilla/5.0 (Linux; Android 6.0.1; Nexus 5X Build/MMB29P) AppleWebKit/537.36 (KHTML, like Gecko) Chrome/125.0.6422.175 Mobile Safari/537.36 (compatible; Googlebot/2.1; +http://www.google.com/bot.html)"
111.67.29.221 - - [01/Jul/2024:17:33:00 +1000] "POST /wp-cron.php?doing_wp_cron=1719819180.0023760795593261718750 HTTP/1.1" 200 296 "-" "WordPress/6.5.5; https://www.pgkdistribution.com.au"
20.184.33.198 - - [01/Jul/2024:17:32:54 +1000] "GET / HTTP/1.1" 301 497 "-" "Mozilla/5.0 (Windows NT 10.0; Win64; x64) AppleWebKit/537.36 (KHTML, like Gecko) Chrome/126.0.0.0 Safari/537.36"
123.187.240.242 - - [01/Jul/2024:17:36:37 +1000] "GET / HTTP/1.1" 301 969 "-" "Mozilla/5.0 (iPhone; CPU iPhone OS 13_2_3 like Mac OS X) AppleWebKit/605.1.15 (KHTML, like Gecko) Version/13.0.3 Mobile/15E148 Safari/604.1"
123.187.240.242 - - [01/Jul/2024:17:36:44 +1000] "GET / HTTP/1.1" 301 497 "http://pgkdistribution.com.au" "Mozilla/5.0 (iPhone; CPU iPhone OS 13_2_3 like Mac OS X) AppleWebKit/605.1.15 (KHTML, like Gecko) Version/13.0.3 Mobile/15E148 Safari/604.1"
84.247.160.67 - - [01/Jul/2024:17:42:11 +1000] "GET / HTTP/1.1" 301 969 "-" "Mozilla/5.0 (Windows NT 10.0; Win64; x64) AppleWebKit/537.36 (KHTML, like Gecko) Chrome/80.0.3987.149 Safari/537.36"
84.247.160.67 - - [01/Jul/2024:17:42:13 +1000] "GET / HTTP/1.1" 301 497 "-" "Mozilla/5.0 (Windows NT 10.0; Win64; x64) AppleWebKit/537.36 (KHTML, like Gecko) Chrome/80.0.3987.149 Safari/537.36"
17.241.227.107 - - [01/Jul/2024:17:43:38 +1000] "GET /robots.txt HTTP/1.1" 200 716 "-" "Mozilla/5.0 (Macintosh; Intel Mac OS X 10_15_7) AppleWebKit/605.1.15 (KHTML, like Gecko) Version/17.4 Safari/605.1.15 (Applebot/0.1; +http://www.apple.com/go/applebot)"
17.241.227.107 - - [01/Jul/2024:17:43:39 +1000] "GET /electricals/dc-solar-cable.html HTTP/1.1" 404 20232 "-" "Mozilla/5.0 (Macintosh; Intel Mac OS X 10_15_7) AppleWebKit/605.1.15 (KHTML, like Gecko) Version/17.4 Safari/605.1.15 (Applebot/0.1; +http://www.apple.com/go/applebot)"
111.67.29.221 - - [01/Jul/2024:17:52:19 +1000] "POST /wp-cron.php?doing_wp_cron=1719820339.1945021152496337890625 HTTP/1.1" 200 296 "-" "WordPress/6.5.5; https://www.pgkdistribution.com.au"
34.221.13.24 - - [01/Jul/2024:17:52:18 +1000] "GET / HTTP/1.1" 301 460 "-" "Mozilla/5.0 (Windows NT 10.0; Win64; x64) AppleWebKit/537.36 (KHTML, like Gecko) Chrome/113.0.0.0 Safari/537.36"
111.67.29.221 - - [01/Jul/2024:17:55:11 +1000] "POST /wp-cron.php?doing_wp_cron=1719820511.4175939559936523437500 HTTP/1.1" 200 296 "-" "WordPress/6.5.5; https://www.pgkdistribution.com.au"
104.45.211.239 - - [01/Jul/2024:17:55:05 +1000] "GET / HTTP/1.1" 301 460 "-" "Mozilla/5.0 (Windows NT 10.0; WOW64) AppleWebKit/537.36 (KHTML, like Gecko) Chrome/63.0.3239.84 Safari/537.36"
103.214.175.9 - - [01/Jul/2024:17:57:18 +1000] "GET /.env HTTP/1.1" 301 973 "-" "python-requests/2.31.0"
111.67.29.221 - - [01/Jul/2024:17:58:05 +1000] "POST /wp-cron.php?doing_wp_cron=1719820685.0041680335998535156250 HTTP/1.1" 200 296 "-" "WordPress/6.5.5; https://www.pgkdistribution.com.au"
17.241.75.120 - - [01/Jul/2024:17:58:00 +1000] "GET /storage.html HTTP/1.1" 404 20200 "-" "Mozilla/5.0 (Macintosh; Intel Mac OS X 10_15_7) AppleWebKit/605.1.15 (KHTML, like Gecko) Version/17.4 Safari/605.1.15 (Applebot/0.1; +http://www.apple.com/go/applebot)"
91.92.250.119 - - [01/Jul/2024:18:01:50 +1000] "GET / HTTP/1.1" 301 969 "-" "-"
111.67.29.221 - - [01/Jul/2024:18:01:53 +1000] "POST /wp-cron.php?doing_wp_cron=1719820913.8746600151062011718750 HTTP/1.1" 200 296 "-" "WordPress/6.5.5; https://www.pgkdistribution.com.au"
91.92.250.119 - - [01/Jul/2024:18:01:52 +1000] "GET / HTTP/1.1" 301 497 "-" "-"
91.92.250.119 - - [01/Jul/2024:18:01:59 +1000] "GET /wordpress HTTP/1.1" 301 978 "-" "-"
91.92.250.119 - - [01/Jul/2024:18:02:00 +1000] "GET /wordpress HTTP/1.1" 404 94410 "-" "-"
91.92.250.119 - - [01/Jul/2024:18:02:04 +1000] "GET /wp HTTP/1.1" 301 971 "-" "-"
91.92.250.119 - - [01/Jul/2024:18:02:05 +1000] "GET /wp HTTP/1.1" 404 94396 "-" "-"
91.92.250.119 - - [01/Jul/2024:18:02:09 +1000] "GET /wp-admin/setup-config.php HTTP/1.1" 301 994 "-" "-"
91.92.250.119 - - [01/Jul/2024:18:02:09 +1000] "GET /wp-admin/setup-config.php HTTP/1.1" 409 2988 "-" "-"
91.92.250.119 - - [01/Jul/2024:18:02:10 +1000] "GET /wp-admin/install.php HTTP/1.1" 301 989 "-" "-"
91.92.250.119 - - [01/Jul/2024:18:02:10 +1000] "GET /wp-admin/install.php HTTP/1.1" 200 1663 "-" "-"
91.92.250.119 - - [01/Jul/2024:18:02:11 +1000] "GET /blog HTTP/1.1" 301 973 "-" "-"
91.92.250.119 - - [01/Jul/2024:18:02:11 +1000] "GET /blog HTTP/1.1" 404 94400 "-" "-"
91.92.250.119 - - [01/Jul/2024:18:02:15 +1000] "GET /new HTTP/1.1" 301 972 "-" "-"
91.92.250.119 - - [01/Jul/2024:18:02:15 +1000] "GET /new HTTP/1.1" 404 94398 "-" "-"
91.92.250.119 - - [01/Jul/2024:18:02:19 +1000] "GET /old HTTP/1.1" 301 972 "-" "-"
91.92.250.119 - - [01/Jul/2024:18:02:20 +1000] "GET /old HTTP/1.1" 404 94398 "-" "-"
91.92.250.119 - - [01/Jul/2024:18:02:24 +1000] "GET /newsite HTTP/1.1" 301 976 "-" "-"
91.92.250.119 - - [01/Jul/2024:18:02:25 +1000] "GET /newsite HTTP/1.1" 404 94369 "-" "-"
91.92.250.119 - - [01/Jul/2024:18:02:28 +1000] "GET /test HTTP/1.1" 301 973 "-" "-"
91.92.250.119 - - [01/Jul/2024:18:02:29 +1000] "GET /test HTTP/1.1" 404 94400 "-" "-"
91.92.250.119 - - [01/Jul/2024:18:02:32 +1000] "GET /core HTTP/1.1" 301 973 "-" "-"
91.92.250.119 - - [01/Jul/2024:18:02:32 +1000] "GET /core HTTP/1.1" 404 94400 "-" "-"
91.92.250.119 - - [01/Jul/2024:18:02:36 +1000] "GET /testing HTTP/1.1" 301 976 "-" "-"
91.92.250.119 - - [01/Jul/2024:18:02:36 +1000] "GET /testing HTTP/1.1" 404 94406 "-" "-"
91.92.250.119 - - [01/Jul/2024:18:02:41 +1000] "GET /home HTTP/1.1" 301 973 "-" "-"
91.92.250.119 - - [01/Jul/2024:18:02:41 +1000] "GET /home HTTP/1.1" 301 501 "-" "-"
101.47.4.10 - - [01/Jul/2024:18:05:15 +1000] "GET /wp-content/uploads/2017/12/Installation.png HTTP/1.1" 301 1012 "-" "Mozilla/5.0 (X11; Linux i686) AppleWebKit/537.36 (KHTML, like Gecko) Chrome/76.0.3809 Safari/537.36"
101.47.4.10 - - [01/Jul/2024:18:05:15 +1000] "GET /wp-content/uploads/2017/12/Spec-Sheet.png HTTP/1.1" 301 1010 "-" "Mozilla/5.0 (Macintosh; Intel Mac OS X 10_13_1) AppleWebKit/537.36 (KHTML, like Gecko) Chrome/66.0.3359.158 Safari/537.36 OPR/52.0.2871.99"
101.47.4.10 - - [01/Jul/2024:18:05:21 +1000] "GET /wp-content/uploads/2017/12/Installation.png HTTP/1.1" 301 1012 "-" "Mozilla/5.0 (X11; Linux i686 on x86_64) AppleWebKit/537.36 (KHTML, like Gecko) Chrome/68.0.3440.75 Safari/537.36 OPR/54.0.2952.64"
111.67.29.221 - - [01/Jul/2024:18:05:21 +1000] "POST /wp-cron.php?doing_wp_cron=1719821121.4203128814697265625000 HTTP/1.1" 200 296 "-" "WordPress/6.5.5; https://www.pgkdistribution.com.au"
111.67.29.221 - - [01/Jul/2024:18:05:21 +1000] "POST /wp-cron.php?doing_wp_cron=1719821121.4210720062255859375000 HTTP/1.1" 200 296 "-" "WordPress/6.5.5; https://www.pgkdistribution.com.au"
101.47.4.10 - - [01/Jul/2024:18:05:22 +1000] "GET /wp-content/uploads/2017/12/Spec-Sheet.png HTTP/1.1" 301 1010 "-" "Mozilla/5.0 (X11; Linux i686 on x86_64) AppleWebKit/537.36 (KHTML, like Gecko) Chrome/71.0.3578.98 Safari/537.36"
101.47.4.10 - - [01/Jul/2024:18:05:16 +1000] "GET /wp-content/uploads/2017/12/Spec-Sheet.png HTTP/1.1" 404 17376 "-" "Mozilla/5.0 (Macintosh; Intel Mac OS X 10_13_1) AppleWebKit/537.36 (KHTML, like Gecko) Chrome/66.0.3359.158 Safari/537.36 OPR/52.0.2871.99"
101.47.4.10 - - [01/Jul/2024:18:05:15 +1000] "GET /wp-content/uploads/2017/12/Installation.png HTTP/1.1" 404 17376 "-" "Mozilla/5.0 (X11; Linux i686) AppleWebKit/537.36 (KHTML, like Gecko) Chrome/76.0.3809 Safari/537.36"
101.47.4.10 - - [01/Jul/2024:18:05:22 +1000] "GET /wp-content/uploads/2017/12/Spec-Sheet.png HTTP/1.1" 404 20140 "-" "Mozilla/5.0 (X11; Linux i686 on x86_64) AppleWebKit/537.36 (KHTML, like Gecko) Chrome/71.0.3578.98 Safari/537.36"
101.47.4.10 - - [01/Jul/2024:18:05:27 +1000] "GET /wp-content/uploads/2017/12/Installation.png HTTP/1.1" 301 1012 "-" "Mozilla/5.0 (Windows NT 10.0; Win64; x64) AppleWebKit/537.36 (KHTML, like Gecko) Chrome/65.0.3325.181 Safari/537.36 OPR/52.0.2871.40"
101.47.4.10 - - [01/Jul/2024:18:05:21 +1000] "GET /wp-content/uploads/2017/12/Installation.png HTTP/1.1" 404 17376 "-" "Mozilla/5.0 (X11; Linux i686 on x86_64) AppleWebKit/537.36 (KHTML, like Gecko) Chrome/68.0.3440.75 Safari/537.36 OPR/54.0.2952.64"
101.47.4.10 - - [01/Jul/2024:18:05:27 +1000] "GET /wp-content/uploads/2017/12/Installation.png HTTP/1.1" 404 20161 "-" "Mozilla/5.0 (Windows NT 10.0; Win64; x64) AppleWebKit/537.36 (KHTML, like Gecko) Chrome/65.0.3325.181 Safari/537.36 OPR/52.0.2871.40"
66.249.66.87 - - [01/Jul/2024:18:13:12 +1000] "GET /product/cable-gland-2-hole/ HTTP/1.1" 301 996 "-" "Mozilla/5.0 (Linux; Android 6.0.1; Nexus 5X Build/MMB29P) AppleWebKit/537.36 (KHTML, like Gecko) Chrome/125.0.6422.175 Mobile Safari/537.36 (compatible; Googlebot/2.1; +http://www.google.com/bot.html)"
66.249.66.197 - - [01/Jul/2024:18:13:15 +1000] "GET /product/cable-gland-2-hole/ HTTP/1.1" 200 23273 "-" "Mozilla/5.0 (Linux; Android 6.0.1; Nexus 5X Build/MMB29P) AppleWebKit/537.36 (KHTML, like Gecko) Chrome/125.0.6422.175 Mobile Safari/537.36 (compatible; Googlebot/2.1; +http://www.google.com/bot.html)"
66.249.66.197 - - [01/Jul/2024:18:13:23 +1000] "GET /wp-content/plugins/woo-gutenberg-products-block/build/active-filters.css?ver=10.8.1 HTTP/1.1" 200 2749 "http://www.pgkdistribution.com.au/product/cable-gland-2-hole/" "Mozilla/5.0 (Linux; Android 6.0.1; Nexus 5X Build/MMB29P) AppleWebKit/537.36 (KHTML, like Gecko) Chrome/125.0.6422.175 Mobile Safari/537.36 (compatible; Googlebot/2.1; +http://www.google.com/bot.html)"
66.249.66.198 - - [01/Jul/2024:18:13:26 +1000] "POST /?wc-ajax=get_refreshed_fragments HTTP/1.1" 200 928 "http://www.pgkdistribution.com.au/product/cable-gland-2-hole/" "Mozilla/5.0 (Linux; Android 6.0.1; Nexus 5X Build/MMB29P) AppleWebKit/537.36 (KHTML, like Gecko) Chrome/125.0.6422.175 Mobile Safari/537.36 (compatible; Googlebot/2.1; +http://www.google.com/bot.html)"
101.47.4.10 - - [01/Jul/2024:18:14:01 +1000] "GET /wp-content/uploads/2017/12/Installation.png HTTP/1.1" 301 1012 "https://google.com" "Mozilla/5.0 (X11; Linux i686 on x86_64) AppleWebKit/537.36 (KHTML, like Gecko) Chrome/65.0.3325.109 Safari/537.36"
101.47.4.10 - - [01/Jul/2024:18:14:01 +1000] "GET /wp-content/uploads/2017/12/Installation.png HTTP/1.1" 404 20161 "https://google.com" "Mozilla/5.0 (X11; Linux i686 on x86_64) AppleWebKit/537.36 (KHTML, like Gecko) Chrome/65.0.3325.109 Safari/537.36"
101.47.4.10 - - [01/Jul/2024:18:14:14 +1000] "GET /wp-content/uploads/2017/12/Spec-Sheet.png HTTP/1.1" 301 1010 "https://google.com" "Mozilla/5.0 (Macintosh; Intel Mac OS X 10_11_6) AppleWebKit/537.36 (KHTML, like Gecko) Chrome/77.0 Safari/537.36"
101.47.4.10 - - [01/Jul/2024:18:14:14 +1000] "GET /wp-content/uploads/2017/12/Spec-Sheet.png HTTP/1.1" 404 20160 "https://google.com" "Mozilla/5.0 (Macintosh; Intel Mac OS X 10_11_6) AppleWebKit/537.36 (KHTML, like Gecko) Chrome/77.0 Safari/537.36"
111.67.29.221 - - [01/Jul/2024:18:47:30 +1000] "POST /wp-cron.php?doing_wp_cron=1719823649.9271628856658935546875 HTTP/1.1" 200 296 "-" "WordPress/6.5.5; https://www.pgkdistribution.com.au"
34.215.205.201 - - [01/Jul/2024:18:47:25 +1000] "GET / HTTP/1.1" 301 460 "-" "Mozilla/5.0 (Windows NT 10.0; Win64; x64) AppleWebKit/537.36 (KHTML, like Gecko) Chrome/113.0.0.0 Safari/537.36"
104.45.211.239 - - [01/Jul/2024:18:47:36 +1000] "GET / HTTP/1.1" 301 460 "-" "Mozilla/5.0 (Windows NT 10.0; WOW64) AppleWebKit/537.36 (KHTML, like Gecko) Chrome/63.0.3239.84 Safari/537.36"
66.249.66.86 - - [01/Jul/2024:19:00:55 +1000] "GET /product/cable-gland-1-hole/ HTTP/1.1" 301 996 "-" "Mozilla/5.0 (Linux; Android 6.0.1; Nexus 5X Build/MMB29P) AppleWebKit/537.36 (KHTML, like Gecko) Chrome/125.0.6422.175 Mobile Safari/537.36 (compatible; Googlebot/2.1; +http://www.google.com/bot.html)"
111.67.29.221 - - [01/Jul/2024:19:00:57 +1000] "POST /wp-cron.php?doing_wp_cron=1719824457.8761680126190185546875 HTTP/1.1" 200 296 "-" "WordPress/6.5.5; https://www.pgkdistribution.com.au"
66.249.66.199 - - [01/Jul/2024:19:00:56 +1000] "GET /product/cable-gland-1-hole/ HTTP/1.1" 200 23275 "-" "Mozilla/5.0 (Linux; Android 6.0.1; Nexus 5X Build/MMB29P) AppleWebKit/537.36 (KHTML, like Gecko) Chrome/125.0.6422.175 Mobile Safari/537.36 (compatible; Googlebot/2.1; +http://www.google.com/bot.html)"
66.249.66.199 - - [01/Jul/2024:19:01:02 +1000] "POST /?wc-ajax=get_refreshed_fragments HTTP/1.1" 200 928 "http://www.pgkdistribution.com.au/product/cable-gland-1-hole/" "Mozilla/5.0 (Linux; Android 6.0.1; Nexus 5X Build/MMB29P) AppleWebKit/537.36 (KHTML, like Gecko) Chrome/125.0.6422.175 Mobile Safari/537.36 (compatible; Googlebot/2.1; +http://www.google.com/bot.html)"
66.249.66.86 - - [01/Jul/2024:19:49:37 +1000] "GET /sitemap_index.xml HTTP/1.1" 301 986 "-" "Mozilla/5.0 (compatible; Googlebot/2.1; +http://www.google.com/bot.html)"
111.67.29.221 - - [01/Jul/2024:19:49:43 +1000] "POST /wp-cron.php?doing_wp_cron=1719827383.2993218898773193359375 HTTP/1.1" 200 296 "-" "WordPress/6.5.5; https://www.pgkdistribution.com.au"
66.249.66.198 - - [01/Jul/2024:19:49:38 +1000] "GET /sitemap_index.xml HTTP/1.1" 200 897 "-" "Mozilla/5.0 (compatible; Googlebot/2.1; +http://www.google.com/bot.html)"
103.221.57.0 - - [01/Jul/2024:20:20:35 +1000] "GET /wp-content/uploads/2021/05/SE030C-500x500-1.jpg HTTP/1.1" 200 17051 "-" "python-httpx/0.26.0"
66.249.66.199 - - [01/Jul/2024:20:32:02 +1000] "GET /wp-content/uploads/2021/06/SE015E-500x500-1.jpg HTTP/1.1" 200 18164 "-" "Googlebot-Image/1.0"
207.46.13.141 - - [01/Jul/2024:20:45:08 +1000] "GET /catalog/product_compare/add/product/128/uenc/aHR0cDovL3Bna2Rpc3RyaWJ1dGlvbi5jb20uYXUvc29sYXItcmFpbC9jbGVuZXJneS81a3ctY2xlbmVyZ3ktdGluLW1vdW50aW5nLXN5c3RlbS5odG1s/ HTTP/1.1" 301 1131 "-" "Mozilla/5.0 AppleWebKit/537.36 (KHTML, like Gecko; compatible; bingbot/2.0; +http://www.bing.com/bingbot.htm) Chrome/116.0.1938.76 Safari/537.36"
23.178.112.100 - - [01/Jul/2024:21:14:06 +1000] "GET /.well-known/acme-challenge/L__2F8ahT7excupLIyDrd0ZkJgTSl8_v7MKfCHr6dYQ HTTP/1.1" 301 1002 "-" "Mozilla/5.0 (compatible; Let's Encrypt validation server; +https://www.letsencrypt.org)"
23.178.112.100 - - [01/Jul/2024:21:14:07 +1000] "GET /.well-known/acme-challenge/L__2F8ahT7excupLIyDrd0ZkJgTSl8_v7MKfCHr6dYQ HTTP/1.1" 404 969 "http://pgkdistribution.com.au/.well-known/acme-challenge/L__2F8ahT7excupLIyDrd0ZkJgTSl8_v7MKfCHr6dYQ" "Mozilla/5.0 (compatible; Let's Encrypt validation server; +https://www.letsencrypt.org)"
66.249.66.86 - - [01/Jul/2024:21:33:28 +1000] "GET /product/landscape-tile-roof-hook-set/ HTTP/1.1" 301 1006 "-" "Mozilla/5.0 (Linux; Android 6.0.1; Nexus 5X Build/MMB29P) AppleWebKit/537.36 (KHTML, like Gecko) Chrome/125.0.6422.175 Mobile Safari/537.36 (compatible; Googlebot/2.1; +http://www.google.com/bot.html)"
111.67.29.221 - - [01/Jul/2024:21:33:34 +1000] "POST /wp-cron.php?doing_wp_cron=1719833614.6075730323791503906250 HTTP/1.1" 200 296 "-" "WordPress/6.5.5; https://www.pgkdistribution.com.au"
66.249.66.197 - - [01/Jul/2024:21:33:29 +1000] "GET /product/landscape-tile-roof-hook-set/ HTTP/1.1" 200 23393 "-" "Mozilla/5.0 (Linux; Android 6.0.1; Nexus 5X Build/MMB29P) AppleWebKit/537.36 (KHTML, like Gecko) Chrome/125.0.6422.175 Mobile Safari/537.36 (compatible; Googlebot/2.1; +http://www.google.com/bot.html)"
66.249.66.199 - - [01/Jul/2024:21:40:45 +1000] "GET /wp-content/plugins/woo-gutenberg-products-block/build/product-search.css?ver=10.8.1 HTTP/1.1" 200 862 "http://www.pgkdistribution.com.au/product/landscape-tile-roof-hook-set/" "Mozilla/5.0 (Linux; Android 6.0.1; Nexus 5X Build/MMB29P) AppleWebKit/537.36 (KHTML, like Gecko) Chrome/125.0.6422.175 Mobile Safari/537.36 (compatible; Googlebot/2.1; +http://www.google.com/bot.html)"
66.249.66.87 - - [01/Jul/2024:21:56:57 +1000] "GET /sitemap.xml HTTP/1.1" 301 980 "-" "Mozilla/5.0 (compatible; Googlebot/2.1; +http://www.google.com/bot.html)"
111.67.29.221 - - [01/Jul/2024:21:57:04 +1000] "POST /wp-cron.php?doing_wp_cron=1719835024.0878930091857910156250 HTTP/1.1" 200 296 "-" "WordPress/6.5.5; https://www.pgkdistribution.com.au"
66.249.66.199 - - [01/Jul/2024:21:56:58 +1000] "GET /sitemap.xml HTTP/1.1" 404 18473 "-" "Mozilla/5.0 (compatible; Googlebot/2.1; +http://www.google.com/bot.html)"
66.249.66.198 - - [01/Jul/2024:22:02:02 +1000] "GET /wp-content/uploads/2021/06/Flat-Roof-adjustable-10-15-degree-tilt-set_1-1.jpg HTTP/1.1" 200 20861 "-" "Googlebot-Image/1.0"
111.67.29.221 - - [01/Jul/2024:22:41:59 +1000] "POST /wp-cron.php?doing_wp_cron=1719837719.4038720130920410156250 HTTP/1.1" 200 296 "-" "WordPress/6.5.5; https://www.pgkdistribution.com.au"
23.161.8.133 - - [01/Jul/2024:22:41:53 +1000] "GET / HTTP/1.1" 301 460 "-" "Mozilla/5.0 (Windows NT 10.0; Win64; x64) AppleWebKit/537.36 (KHTML, like Gecko) Chrome/126.0.0.0 Safari/537.36"
147.45.66.239 - - [01/Jul/2024:22:42:04 +1000] "GET /contact-us/ HTTP/1.0" 301 943 "http://pgkdistribution.com.au/contact-us/" "Mozilla/5.0 (Windows NT 10.0; Win64; x64) AppleWebKit/537.36 (KHTML, like Gecko) Chrome/103.0.5060.134 Safari/537.36"
147.45.66.239 - - [01/Jul/2024:22:42:05 +1000] "GET /contact-us/ HTTP/1.0" 200 87259 "http://www.pgkdistribution.com.au/contact-us/" "Mozilla/5.0 (Windows NT 10.0; Win64; x64) AppleWebKit/537.36 (KHTML, like Gecko) Chrome/103.0.5060.134 Safari/537.36"
207.46.13.102 - - [01/Jul/2024:22:56:09 +1000] "GET /solar-inverters/soltaro/single-phase.html?limit=30 HTTP/1.1" 301 1019 "-" "Mozilla/5.0 AppleWebKit/537.36 (KHTML, like Gecko; compatible; bingbot/2.0; +http://www.bing.com/bingbot.htm) Chrome/116.0.1938.76 Safari/537.36"
167.99.185.122 - - [01/Jul/2024:23:27:24 +1000] "GET / HTTP/1.1" 301 969 "-" "Mozilla/5.0 (Macintosh; Intel Mac OS X 10_15_7) AppleWebKit/537.36 (KHTML, like Gecko) Chrome/121.0.0.0 Safari/537.36"
111.67.29.221 - - [01/Jul/2024:23:29:09 +1000] "POST /wp-cron.php?doing_wp_cron=1719840549.6036629676818847656250 HTTP/1.1" 200 296 "-" "WordPress/6.5.5; https://www.pgkdistribution.com.au"
54.220.2.63 - - [01/Jul/2024:23:29:06 +1000] "GET / HTTP/1.1" 301 497 "-" "Plesk screenshot bot https://support.plesk.com/hc/en-us/articles/10301006946066"
111.67.29.221 - - [01/Jul/2024:23:34:50 +1000] "POST /wp-cron.php?doing_wp_cron=1719840890.0520439147949218750000 HTTP/1.1" 200 296 "-" "WordPress/6.5.5; https://www.pgkdistribution.com.au"
52.209.223.175 - - [01/Jul/2024:23:34:42 +1000] "GET / HTTP/1.1" 301 497 "-" "Plesk screenshot bot https://support.plesk.com/hc/en-us/articles/10301006946066"
93.100.159.248 - - [01/Jul/2024:23:38:42 +1000] "GET /contact-us/ HTTP/1.0" 301 943 "http://pgkdistribution.com.au/contact-us/" "Mozilla/5.0 (Windows NT 10.0; Win64; x64) AppleWebKit/537.36 (KHTML, like Gecko) Chrome/116.0.0.0 Safari/537.36"
111.67.29.221 - - [01/Jul/2024:23:38:48 +1000] "POST /wp-cron.php?doing_wp_cron=1719841128.9182810783386230468750 HTTP/1.1" 200 296 "-" "WordPress/6.5.5; https://www.pgkdistribution.com.au"
93.100.159.248 - - [01/Jul/2024:23:38:43 +1000] "GET /contact-us/ HTTP/1.0" 200 87259 "http://www.pgkdistribution.com.au/contact-us/" "Mozilla/5.0 (Windows NT 10.0; Win64; x64) AppleWebKit/537.36 (KHTML, like Gecko) Chrome/116.0.0.0 Safari/537.36"
66.249.66.86 - - [02/Jul/2024:00:04:04 +1000] "GET /ads.txt HTTP/1.1" 301 976 "-" "Mozilla/5.0 (compatible; Googlebot/2.1; +http://www.google.com/bot.html)"
111.67.29.221 - - [02/Jul/2024:00:04:22 +1000] "POST /wp-cron.php?doing_wp_cron=1719842661.6082279682159423828125 HTTP/1.1" 200 296 "-" "WordPress/6.5.5; https://www.pgkdistribution.com.au"
66.249.66.197 - - [02/Jul/2024:00:04:07 +1000] "GET /ads.txt HTTP/1.1" 404 20197 "-" "Mozilla/5.0 (compatible; Googlebot/2.1; +http://www.google.com/bot.html)"
23.178.112.106 - - [02/Jul/2024:00:14:06 +1000] "GET /.well-known/acme-challenge/6Bxml-HPcNTXN0ty6tcpAqbTOckfY8V-xkhs2ZeJijk HTTP/1.1" 301 1002 "-" "Mozilla/5.0 (compatible; Let's Encrypt validation server; +https://www.letsencrypt.org)"
23.178.112.106 - - [02/Jul/2024:00:14:07 +1000] "GET /.well-known/acme-challenge/6Bxml-HPcNTXN0ty6tcpAqbTOckfY8V-xkhs2ZeJijk HTTP/1.1" 404 969 "http://pgkdistribution.com.au/.well-known/acme-challenge/6Bxml-HPcNTXN0ty6tcpAqbTOckfY8V-xkhs2ZeJijk" "Mozilla/5.0 (compatible; Let's Encrypt validation server; +https://www.letsencrypt.org)"
45.147.197.129 - - [02/Jul/2024:00:14:24 +1000] "GET /wp-login.php HTTP/1.1" 301 944 "-" "Mozilla/5.0 (X11; Fedora; Linux x86_64; rv:94.0) Gecko/20100101 Firefox/95.0"
45.147.197.129 - - [02/Jul/2024:00:14:25 +1000] "GET /wp-login.php HTTP/1.1" 200 5215 "http://pgkdistribution.com.au/wp-login.php" "Mozilla/5.0 (X11; Fedora; Linux x86_64; rv:94.0) Gecko/20100101 Firefox/95.0"
111.67.29.221 - - [02/Jul/2024:00:48:13 +1000] "POST /wp-cron.php?doing_wp_cron=1719845293.8654050827026367187500 HTTP/1.1" 200 296 "-" "WordPress/6.5.5; https://www.pgkdistribution.com.au"
17.241.219.62 - - [02/Jul/2024:00:48:09 +1000] "GET / HTTP/1.1" 301 497 "-" "Mozilla/5.0 (Macintosh; Intel Mac OS X 10_15_7) AppleWebKit/605.1.15 (KHTML, like Gecko) Version/17.4 Safari/605.1.15 (Applebot/0.1; +http://www.apple.com/go/applebot)"
66.249.66.199 - - [02/Jul/2024:01:12:23 +1000] "GET /sitemap_index.xml HTTP/1.1" 200 897 "-" "Mozilla/5.0 (compatible; Googlebot/2.1; +http://www.google.com/bot.html)"
17.241.219.63 - - [02/Jul/2024:01:18:15 +1000] "GET /index.php HTTP/1.1" 301 506 "-" "Mozilla/5.0 (Macintosh; Intel Mac OS X 10_15_7) AppleWebKit/605.1.15 (KHTML, like Gecko) Version/17.4 Safari/605.1.15 (Applebot/0.1; +http://www.apple.com/go/applebot)"
208.100.26.247 - - [02/Jul/2024:01:37:31 +1000] "GET / HTTP/1.1" 301 932 "-" "Mozilla/5.0 (X11; Linux x86_64) AppleWebKit/537.36 (KHTML, like Gecko) Chrome/83.0.4103.61 Safari/537.36"
208.100.26.247 - - [02/Jul/2024:01:37:32 +1000] "GET / HTTP/1.1" 301 460 "http://pgkdistribution.com.au/" "Mozilla/5.0 (X11; Linux x86_64) AppleWebKit/537.36 (KHTML, like Gecko) Chrome/83.0.4103.61 Safari/537.36"
208.100.26.247 - - [02/Jul/2024:01:37:56 +1000] "GET / HTTP/1.1" 301 932 "-" "Mozilla/5.0 (Windows NT 6.3; WOW64) AppleWebKit/537.36 (KHTML, like Gecko) Chrome/83.0.4103.97 Safari/537.36"
111.67.29.221 - - [02/Jul/2024:01:37:58 +1000] "POST /wp-cron.php?doing_wp_cron=1719848278.1326889991760253906250 HTTP/1.1" 200 296 "-" "WordPress/6.5.5; https://www.pgkdistribution.com.au"
208.100.26.247 - - [02/Jul/2024:01:37:56 +1000] "GET / HTTP/1.1" 301 460 "http://pgkdistribution.com.au/" "Mozilla/5.0 (Windows NT 6.3; WOW64) AppleWebKit/537.36 (KHTML, like Gecko) Chrome/83.0.4103.97 Safari/537.36"
175.41.138.39 - - [02/Jul/2024:01:51:14 +1000] "HEAD / HTTP/1.1" 301 216 "-" "Python/3.10 aiohttp/3.9.5"
111.67.29.221 - - [02/Jul/2024:01:51:21 +1000] "POST /wp-cron.php?doing_wp_cron=1719849081.6145849227905273437500 HTTP/1.1" 200 296 "-" "WordPress/6.5.5; https://www.pgkdistribution.com.au"
175.41.138.39 - - [02/Jul/2024:01:51:14 +1000] "HEAD / HTTP/1.1" 301 478 "-" "Python/3.10 aiohttp/3.9.5"
66.249.66.85 - - [02/Jul/2024:02:05:55 +1000] "GET /robots.txt HTTP/1.1" 301 979 "-" "Mozilla/5.0 (compatible; Googlebot/2.1; +http://www.google.com/bot.html)"
111.67.29.221 - - [02/Jul/2024:02:06:07 +1000] "POST /wp-cron.php?doing_wp_cron=1719849967.0645759105682373046875 HTTP/1.1" 200 296 "-" "WordPress/6.5.5; https://www.pgkdistribution.com.au"
66.249.66.197 - - [02/Jul/2024:02:05:55 +1000] "GET /robots.txt HTTP/1.1" 200 716 "-" "Mozilla/5.0 (compatible; Googlebot/2.1; +http://www.google.com/bot.html)"
66.249.66.86 - - [02/Jul/2024:02:06:07 +1000] "GET /product/pgk-4p-wp-enclosures-ip66/ HTTP/1.1" 301 1003 "-" "Mozilla/5.0 (Linux; Android 6.0.1; Nexus 5X Build/MMB29P) AppleWebKit/537.36 (KHTML, like Gecko) Chrome/125.0.6422.175 Mobile Safari/537.36 (compatible; Googlebot/2.1; +http://www.google.com/bot.html)"
66.249.66.198 - - [02/Jul/2024:02:06:08 +1000] "GET /product/pgk-4p-wp-enclosures-ip66/ HTTP/1.1" 200 23107 "-" "Mozilla/5.0 (Linux; Android 6.0.1; Nexus 5X Build/MMB29P) AppleWebKit/537.36 (KHTML, like Gecko) Chrome/125.0.6422.175 Mobile Safari/537.36 (compatible; Googlebot/2.1; +http://www.google.com/bot.html)"
157.55.39.59 - - [02/Jul/2024:02:17:23 +1000] "GET /solar-panels/risen-solar-panels.html?mode=list HTTP/1.1" 301 1015 "-" "Mozilla/5.0 AppleWebKit/537.36 (KHTML, like Gecko; compatible; bingbot/2.0; +http://www.bing.com/bingbot.htm) Chrome/116.0.1938.76 Safari/537.36"
111.67.29.221 - - [02/Jul/2024:02:18:02 +1000] "POST /wp-cron.php?doing_wp_cron=1719850682.5912261009216308593750 HTTP/1.1" 200 296 "-" "WordPress/6.5.5; https://www.pgkdistribution.com.au"
66.249.66.198 - - [02/Jul/2024:02:17:59 +1000] "POST /?wc-ajax=get_refreshed_fragments HTTP/1.1" 200 928 "http://www.pgkdistribution.com.au/product/pgk-4p-wp-enclosures-ip66/" "Mozilla/5.0 (Linux; Android 6.0.1; Nexus 5X Build/MMB29P) AppleWebKit/537.36 (KHTML, like Gecko) Chrome/125.0.6422.175 Mobile Safari/537.36 (compatible; Googlebot/2.1; +http://www.google.com/bot.html)"
66.249.66.87 - - [02/Jul/2024:02:25:46 +1000] "GET /product/tile-interface-roof-hook-set/ HTTP/1.1" 301 1006 "-" "Mozilla/5.0 (Linux; Android 6.0.1; Nexus 5X Build/MMB29P) AppleWebKit/537.36 (KHTML, like Gecko) Chrome/125.0.6422.175 Mobile Safari/537.36 (compatible; Googlebot/2.1; +http://www.google.com/bot.html)"
111.67.29.221 - - [02/Jul/2024:02:25:58 +1000] "POST /wp-cron.php?doing_wp_cron=1719851158.5925979614257812500000 HTTP/1.1" 200 296 "-" "WordPress/6.5.5; https://www.pgkdistribution.com.au"
66.249.66.197 - - [02/Jul/2024:02:25:52 +1000] "GET /product/tile-interface-roof-hook-set/ HTTP/1.1" 200 23109 "-" "Mozilla/5.0 (Linux; Android 6.0.1; Nexus 5X Build/MMB29P) AppleWebKit/537.36 (KHTML, like Gecko) Chrome/125.0.6422.175 Mobile Safari/537.36 (compatible; Googlebot/2.1; +http://www.google.com/bot.html)"
66.249.66.197 - - [02/Jul/2024:02:26:01 +1000] "GET /wp-content/plugins/woo-gutenberg-products-block/build/reviews-by-product.css?ver=10.8.1 HTTP/1.1" 200 2401 "http://www.pgkdistribution.com.au/product/tile-interface-roof-hook-set/" "Mozilla/5.0 (Linux; Android 6.0.1; Nexus 5X Build/MMB29P) AppleWebKit/537.36 (KHTML, like Gecko) Chrome/125.0.6422.175 Mobile Safari/537.36 (compatible; Googlebot/2.1; +http://www.google.com/bot.html)"
66.249.66.197 - - [02/Jul/2024:02:26:07 +1000] "GET /wp-content/plugins/gutentor/dist/blocks.style.build.css?ver=3.2.7 HTTP/1.1" 200 36975 "http://www.pgkdistribution.com.au/product/tile-interface-roof-hook-set/" "Mozilla/5.0 (Linux; Android 6.0.1; Nexus 5X Build/MMB29P) AppleWebKit/537.36 (KHTML, like Gecko) Chrome/125.0.6422.175 Mobile Safari/537.36 (compatible; Googlebot/2.1; +http://www.google.com/bot.html)"
66.249.66.197 - - [02/Jul/2024:02:26:12 +1000] "GET /wp-content/plugins/storefront-hamburger-menu/assets/css/style.css?ver=1.2.2 HTTP/1.1" 200 1190 "http://www.pgkdistribution.com.au/product/tile-interface-roof-hook-set/" "Mozilla/5.0 (Linux; Android 6.0.1; Nexus 5X Build/MMB29P) AppleWebKit/537.36 (KHTML, like Gecko) Chrome/125.0.6422.175 Mobile Safari/537.36 (compatible; Googlebot/2.1; +http://www.google.com/bot.html)"
66.249.66.87 - - [02/Jul/2024:02:54:25 +1000] "GET / HTTP/1.1" 301 969 "-" "Mozilla/5.0 (compatible; Googlebot/2.1; +http://www.google.com/bot.html)"
111.67.29.221 - - [02/Jul/2024:02:54:33 +1000] "POST /wp-cron.php?doing_wp_cron=1719852873.0290069580078125000000 HTTP/1.1" 200 296 "-" "WordPress/6.5.5; https://www.pgkdistribution.com.au"
66.249.66.198 - - [02/Jul/2024:02:54:27 +1000] "GET / HTTP/1.1" 301 497 "-" "Mozilla/5.0 (compatible; Googlebot/2.1; +http://www.google.com/bot.html)"
111.67.29.221 - - [02/Jul/2024:03:10:40 +1000] "POST /wp-cron.php?doing_wp_cron=1719853840.2866361141204833984375 HTTP/1.1" 200 296 "-" "WordPress/6.5.5; https://www.pgkdistribution.com.au"
66.249.66.198 - - [02/Jul/2024:03:10:33 +1000] "GET /sitemap.xml HTTP/1.1" 404 18474 "-" "Mozilla/5.0 (compatible; Googlebot/2.1; +http://www.google.com/bot.html)"
66.249.66.85 - - [02/Jul/2024:03:17:43 +1000] "GET /product/end-clamp-35mm-silver/ HTTP/1.1" 301 999 "-" "Mozilla/5.0 (Linux; Android 6.0.1; Nexus 5X Build/MMB29P) AppleWebKit/537.36 (KHTML, like Gecko) Chrome/125.0.6422.175 Mobile Safari/537.36 (compatible; Googlebot/2.1; +http://www.google.com/bot.html)"
111.67.29.221 - - [02/Jul/2024:03:17:50 +1000] "POST /wp-cron.php?doing_wp_cron=1719854270.5748529434204101562500 HTTP/1.1" 200 296 "-" "WordPress/6.5.5; https://www.pgkdistribution.com.au"
66.249.66.197 - - [02/Jul/2024:03:17:44 +1000] "GET /product/end-clamp-35mm-silver/ HTTP/1.1" 200 23363 "-" "Mozilla/5.0 (Linux; Android 6.0.1; Nexus 5X Build/MMB29P) AppleWebKit/537.36 (KHTML, like Gecko) Chrome/125.0.6422.175 Mobile Safari/537.36 (compatible; Googlebot/2.1; +http://www.google.com/bot.html)"
66.249.66.198 - - [02/Jul/2024:03:17:53 +1000] "GET /wp-content/plugins/woo-gutenberg-products-block/build/mini-cart.css?ver=10.8.1 HTTP/1.1" 200 3394 "http://www.pgkdistribution.com.au/product/end-clamp-35mm-silver/" "Mozilla/5.0 (Linux; Android 6.0.1; Nexus 5X Build/MMB29P) AppleWebKit/537.36 (KHTML, like Gecko) Chrome/125.0.6422.175 Mobile Safari/537.36 (compatible; Googlebot/2.1; +http://www.google.com/bot.html)"
66.249.66.198 - - [02/Jul/2024:03:17:55 +1000] "GET /wp-content/plugins/contact-form-7/modules/recaptcha/index.js?ver=5.7.7 HTTP/1.1" 200 883 "http://www.pgkdistribution.com.au/product/end-clamp-35mm-silver/" "Mozilla/5.0 (Linux; Android 6.0.1; Nexus 5X Build/MMB29P) AppleWebKit/537.36 (KHTML, like Gecko) Chrome/125.0.6422.175 Mobile Safari/537.36 (compatible; Googlebot/2.1; +http://www.google.com/bot.html)"
103.131.71.229 - - [02/Jul/2024:04:00:06 +1000] "GET /robots.txt HTTP/1.1" 301 942 "-" "Mozilla/5.0 (compatible; coccocbot-web/1.0; +http://help.coccoc.com/searchengine)"
111.67.29.221 - - [02/Jul/2024:04:00:16 +1000] "POST /wp-cron.php?doing_wp_cron=1719856816.5668480396270751953125 HTTP/1.1" 200 296 "-" "WordPress/6.5.5; https://www.pgkdistribution.com.au"
103.131.71.229 - - [02/Jul/2024:04:00:08 +1000] "GET /robots.txt HTTP/1.1" 200 679 "-" "Mozilla/5.0 (compatible; coccocbot-web/1.0; +http://help.coccoc.com/searchengine)"
103.131.71.142 - - [02/Jul/2024:04:00:27 +1000] "GET /robots.txt HTTP/1.1" 200 679 "-" "Mozilla/5.0 (compatible; coccocbot-web/1.0; +http://help.coccoc.com/searchengine)"
111.67.29.221 - - [02/Jul/2024:04:01:03 +1000] "POST /wp-cron.php?doing_wp_cron=1719856862.9635291099548339843750 HTTP/1.1" 200 296 "-" "WordPress/6.5.5; https://www.pgkdistribution.com.au"
66.135.23.13 - - [02/Jul/2024:04:00:56 +1000] "HEAD /wordpress HTTP/1.1" 404 578 "-" "Mozilla/5.0 (Windows NT 10.0; Win64; x64) AppleWebKit/537.36 (KHTML, like Gecko) Chrome/74.0.3729.169 Safari/537.36"
66.135.23.13 - - [02/Jul/2024:04:01:03 +1000] "HEAD / HTTP/1.1" 301 478 "-" "Mozilla/5.0 (Windows NT 10.0; Win64; x64) AppleWebKit/537.36 (KHTML, like Gecko) Chrome/74.0.3729.169 Safari/537.36"
66.135.23.13 - - [02/Jul/2024:04:01:08 +1000] "HEAD /wp HTTP/1.1" 404 571 "-" "Mozilla/5.0 (Windows NT 10.0; Win64; x64) AppleWebKit/537.36 (KHTML, like Gecko) Chrome/74.0.3729.169 Safari/537.36"
66.135.23.13 - - [02/Jul/2024:04:01:09 +1000] "HEAD /bc HTTP/1.1" 404 571 "-" "Mozilla/5.0 (Windows NT 10.0; Win64; x64) AppleWebKit/537.36 (KHTML, like Gecko) Chrome/74.0.3729.169 Safari/537.36"
66.135.23.13 - - [02/Jul/2024:04:01:11 +1000] "HEAD /bk HTTP/1.1" 404 571 "-" "Mozilla/5.0 (Windows NT 10.0; Win64; x64) AppleWebKit/537.36 (KHTML, like Gecko) Chrome/74.0.3729.169 Safari/537.36"
66.135.23.13 - - [02/Jul/2024:04:01:12 +1000] "HEAD /backup HTTP/1.1" 404 575 "-" "Mozilla/5.0 (Windows NT 10.0; Win64; x64) AppleWebKit/537.36 (KHTML, like Gecko) Chrome/74.0.3729.169 Safari/537.36"
66.135.23.13 - - [02/Jul/2024:04:01:14 +1000] "HEAD /old HTTP/1.1" 404 572 "-" "Mozilla/5.0 (Windows NT 10.0; Win64; x64) AppleWebKit/537.36 (KHTML, like Gecko) Chrome/74.0.3729.169 Safari/537.36"
66.135.23.13 - - [02/Jul/2024:04:01:16 +1000] "HEAD /new HTTP/1.1" 404 572 "-" "Mozilla/5.0 (Windows NT 10.0; Win64; x64) AppleWebKit/537.36 (KHTML, like Gecko) Chrome/74.0.3729.169 Safari/537.36"
66.135.23.13 - - [02/Jul/2024:04:01:17 +1000] "HEAD /main HTTP/1.1" 404 573 "-" "Mozilla/5.0 (Windows NT 10.0; Win64; x64) AppleWebKit/537.36 (KHTML, like Gecko) Chrome/74.0.3729.169 Safari/537.36"
66.135.23.13 - - [02/Jul/2024:04:01:19 +1000] "HEAD /home HTTP/1.1" 301 482 "-" "Mozilla/5.0 (Windows NT 10.0; Win64; x64) AppleWebKit/537.36 (KHTML, like Gecko) Chrome/74.0.3729.169 Safari/537.36"
145.239.10.137 - - [02/Jul/2024:04:16:21 +1000] "GET / HTTP/1.1" 301 932 "http://pgkdistribution.com.au/" "Mozilla/5.0 (iPhone; CPU iPhone OS 17_5_1 like Mac OS X) AppleWebKit/605.1.15 (KHTML, like Gecko) Version/17.5 Mobile/15E148 Safari/604.1"
111.67.29.221 - - [02/Jul/2024:04:16:28 +1000] "POST /wp-cron.php?doing_wp_cron=1719857788.2656309604644775390625 HTTP/1.1" 200 296 "-" "WordPress/6.5.5; https://www.pgkdistribution.com.au"
145.239.10.137 - - [02/Jul/2024:04:16:22 +1000] "GET / HTTP/1.1" 301 460 "http://www.pgkdistribution.com.au/" "Mozilla/5.0 (iPhone; CPU iPhone OS 17_5_1 like Mac OS X) AppleWebKit/605.1.15 (KHTML, like Gecko) Version/17.5 Mobile/15E148 Safari/604.1"
34.216.111.96 - - [02/Jul/2024:04:16:31 +1000] "GET / HTTP/1.1" 301 460 "-" "Mozilla/5.0 (Windows NT 10.0; Win64; x64) AppleWebKit/537.36 (KHTML, like Gecko) Chrome/113.0.0.0 Safari/537.36"
104.45.211.239 - - [02/Jul/2024:04:16:32 +1000] "GET / HTTP/1.1" 301 460 "-" "Mozilla/5.0 (Windows NT 10.0; WOW64) AppleWebKit/537.36 (KHTML, like Gecko) Chrome/63.0.3239.84 Safari/537.36"
66.249.66.197 - - [02/Jul/2024:04:21:42 +1000] "GET /product/flat-roof-tilt-set-30-60/ HTTP/1.1" 200 23276 "-" "Mozilla/5.0 (Linux; Android 6.0.1; Nexus 5X Build/MMB29P) AppleWebKit/537.36 (KHTML, like Gecko) Chrome/125.0.6422.175 Mobile Safari/537.36 (compatible; Googlebot/2.1; +http://www.google.com/bot.html)"
66.249.66.197 - - [02/Jul/2024:04:22:14 +1000] "GET /wp-content/plugins/woo-gutenberg-products-block/build/product-reviews.css?ver=10.8.1 HTTP/1.1" 200 900 "http://www.pgkdistribution.com.au/product/flat-roof-tilt-set-30-60/" "Mozilla/5.0 (Linux; Android 6.0.1; Nexus 5X Build/MMB29P) AppleWebKit/537.36 (KHTML, like Gecko) Chrome/125.0.6422.175 Mobile Safari/537.36 (compatible; Googlebot/2.1; +http://www.google.com/bot.html)"
66.249.66.197 - - [02/Jul/2024:04:22:15 +1000] "GET /wp-content/plugins/hide-price-add-to-cart-button/assets/css/afwhp_front.css?ver=1.0 HTTP/1.1" 200 744 "http://www.pgkdistribution.com.au/product/flat-roof-tilt-set-30-60/" "Mozilla/5.0 (Linux; Android 6.0.1; Nexus 5X Build/MMB29P) AppleWebKit/537.36 (KHTML, like Gecko) Chrome/125.0.6422.175 Mobile Safari/537.36 (compatible; Googlebot/2.1; +http://www.google.com/bot.html)"
66.249.66.197 - - [02/Jul/2024:04:22:16 +1000] "GET /wp-content/plugins/storefront-hamburger-menu/assets/css/style.css?ver=1.2.2 HTTP/1.1" 200 1190 "http://www.pgkdistribution.com.au/product/flat-roof-tilt-set-30-60/" "Mozilla/5.0 (Linux; Android 6.0.1; Nexus 5X Build/MMB29P) AppleWebKit/537.36 (KHTML, like Gecko) Chrome/125.0.6422.175 Mobile Safari/537.36 (compatible; Googlebot/2.1; +http://www.google.com/bot.html)"
66.249.66.198 - - [02/Jul/2024:04:22:18 +1000] "GET /wp-content/plugins/advanced-product-fields-for-woocommerce/assets/css/frontend.min.css?ver=1.6.6 HTTP/1.1" 200 954 "http://www.pgkdistribution.com.au/product/flat-roof-tilt-set-30-60/" "Mozilla/5.0 (Linux; Android 6.0.1; Nexus 5X Build/MMB29P) AppleWebKit/537.36 (KHTML, like Gecko) Chrome/125.0.6422.175 Mobile Safari/537.36 (compatible; Googlebot/2.1; +http://www.google.com/bot.html)"
66.249.66.198 - - [02/Jul/2024:04:22:18 +1000] "GET /wp-content/plugins/if-menu/assets/if-menu-site.css?ver=6.5.5 HTTP/1.1" 200 933 "http://www.pgkdistribution.com.au/product/flat-roof-tilt-set-30-60/" "Mozilla/5.0 (Linux; Android 6.0.1; Nexus 5X Build/MMB29P) AppleWebKit/537.36 (KHTML, like Gecko) Chrome/125.0.6422.175 Mobile Safari/537.36 (compatible; Googlebot/2.1; +http://www.google.com/bot.html)"
66.249.66.198 - - [02/Jul/2024:04:22:19 +1000] "GET /wp-content/plugins/gutentor/assets/js/gutentor.js?ver=3.2.7 HTTP/1.1" 200 14975 "http://www.pgkdistribution.com.au/product/flat-roof-tilt-set-30-60/" "Mozilla/5.0 (Linux; Android 6.0.1; Nexus 5X Build/MMB29P) AppleWebKit/537.36 (KHTML, like Gecko) Chrome/125.0.6422.175 Mobile Safari/537.36 (compatible; Googlebot/2.1; +http://www.google.com/bot.html)"
116.204.122.132 - - [02/Jul/2024:04:43:38 +1000] "GET / HTTP/1.1" 301 932 "-" "Mozilla/4.0 (compatible; MSIE 7.0; Windows NT 5.1; TencentTraveler ; EmbeddedWB 14.52 from: http://www.bsalsa.com/ EmbeddedWB 14.52; .NET CLR 2.0.50727; InfoPath.2; .NET CLR 3.0.04506.30; .NET CLR 3.0.04506.590; .NET CLR 3.0.04506.648; .NET CLR 3.5.21022)"
111.67.29.221 - - [02/Jul/2024:04:43:47 +1000] "POST /wp-cron.php?doing_wp_cron=1719859426.9920790195465087890625 HTTP/1.1" 200 296 "-" "WordPress/6.5.5; https://www.pgkdistribution.com.au"
116.204.122.132 - - [02/Jul/2024:04:43:39 +1000] "GET / HTTP/1.1" 301 460 "-" "Mozilla/4.0 (compatible; MSIE 7.0; Windows NT 5.1; TencentTraveler ; EmbeddedWB 14.52 from: http://www.bsalsa.com/ EmbeddedWB 14.52; .NET CLR 2.0.50727; InfoPath.2; .NET CLR 3.0.04506.30; .NET CLR 3.0.04506.590; .NET CLR 3.0.04506.648; .NET CLR 3.5.21022)"
103.230.15.34 - - [02/Jul/2024:04:46:47 +1000] "GET /manager/index.aspx HTTP/1.1" 301 987 "-" "Mozilla/5.0 (Windows NT 10.0; WOW64; rv:48.0) Gecko/20100101 Firefox/48.0"
23.178.112.103 - - [02/Jul/2024:05:14:07 +1000] "GET /.well-known/acme-challenge/EqRCGVWvm67ZVj6sWR9OCtLUaMGqmhwq7c3HZ-MD8Mk HTTP/1.1" 301 1002 "-" "Mozilla/5.0 (compatible; Let's Encrypt validation server; +https://www.letsencrypt.org)"
23.178.112.103 - - [02/Jul/2024:05:14:09 +1000] "GET /.well-known/acme-challenge/EqRCGVWvm67ZVj6sWR9OCtLUaMGqmhwq7c3HZ-MD8Mk HTTP/1.1" 404 969 "http://pgkdistribution.com.au/.well-known/acme-challenge/EqRCGVWvm67ZVj6sWR9OCtLUaMGqmhwq7c3HZ-MD8Mk" "Mozilla/5.0 (compatible; Let's Encrypt validation server; +https://www.letsencrypt.org)"
185.129.61.6 - - [02/Jul/2024:05:44:22 +1000] "GET /wp-config.php~ HTTP/1.1" 301 983 "-" "Mozilla/5.0 (Windows NT 6.1) AppleWebKit/537.31 (KHTML, like Gecko) Chrome/26.0.1410.43 Safari/537.31"
111.67.29.221 - - [02/Jul/2024:05:44:28 +1000] "POST /wp-cron.php?doing_wp_cron=1719863068.4468669891357421875000 HTTP/1.1" 200 296 "-" "WordPress/6.5.5; https://www.pgkdistribution.com.au"
185.129.61.6 - - [02/Jul/2024:05:44:23 +1000] "GET /wp-config.php~ HTTP/1.1" 404 94420 "-" "Mozilla/5.0 (Windows NT 6.1) AppleWebKit/537.31 (KHTML, like Gecko) Chrome/26.0.1410.43 Safari/537.31"
185.129.61.6 - - [02/Jul/2024:05:44:31 +1000] "GET /wp-config-backup1.txt HTTP/1.1" 301 990 "-" "Mozilla/5.0 (Windows NT 6.1) AppleWebKit/537.31 (KHTML, like Gecko) Chrome/26.0.1410.43 Safari/537.31"
185.129.61.6 - - [02/Jul/2024:05:44:32 +1000] "GET /wp-config-backup1.txt HTTP/1.1" 404 94434 "-" "Mozilla/5.0 (Windows NT 6.1) AppleWebKit/537.31 (KHTML, like Gecko) Chrome/26.0.1410.43 Safari/537.31"
185.129.61.6 - - [02/Jul/2024:05:44:36 +1000] "GET /wp-config%20fix.txt HTTP/1.1" 301 988 "-" "Mozilla/5.0 (Windows NT 6.1) AppleWebKit/537.31 (KHTML, like Gecko) Chrome/26.0.1410.43 Safari/537.31"
111.67.29.221 - - [02/Jul/2024:05:44:50 +1000] "POST /wp-cron.php?doing_wp_cron=1719863090.1782178878784179687500 HTTP/1.1" 200 296 "-" "WordPress/6.5.5; https://www.pgkdistribution.com.au"
185.129.61.6 - - [02/Jul/2024:05:44:45 +1000] "GET /wp-config%20fix.txt HTTP/1.1" 404 94432 "-" "Mozilla/5.0 (Windows NT 6.1) AppleWebKit/537.31 (KHTML, like Gecko) Chrome/26.0.1410.43 Safari/537.31"
185.129.61.6 - - [02/Jul/2024:05:44:57 +1000] "GET /wp-config.bak HTTP/1.1" 301 982 "-" "Mozilla/5.0 (Windows NT 6.1) AppleWebKit/537.31 (KHTML, like Gecko) Chrome/26.0.1410.43 Safari/537.31"
185.129.61.6 - - [02/Jul/2024:05:44:58 +1000] "GET /wp-config.bak HTTP/1.1" 404 94418 "-" "Mozilla/5.0 (Windows NT 6.1) AppleWebKit/537.31 (KHTML, like Gecko) Chrome/26.0.1410.43 Safari/537.31"
185.129.61.6 - - [02/Jul/2024:05:45:02 +1000] "GET /wp-config HTTP/1.1" 301 978 "-" "Mozilla/5.0 (Windows NT 6.1) AppleWebKit/537.31 (KHTML, like Gecko) Chrome/26.0.1410.43 Safari/537.31"
185.129.61.6 - - [02/Jul/2024:05:45:03 +1000] "GET /wp-config HTTP/1.1" 404 94410 "-" "Mozilla/5.0 (Windows NT 6.1) AppleWebKit/537.31 (KHTML, like Gecko) Chrome/26.0.1410.43 Safari/537.31"
185.129.61.6 - - [02/Jul/2024:05:45:09 +1000] "GET /wp-config.phpOLD HTTP/1.1" 301 985 "-" "Mozilla/5.0 (Windows NT 6.1) AppleWebKit/537.31 (KHTML, like Gecko) Chrome/26.0.1410.43 Safari/537.31"
185.129.61.6 - - [02/Jul/2024:05:45:14 +1000] "GET /wp-config.phpOLD HTTP/1.1" 404 94424 "-" "Mozilla/5.0 (Windows NT 6.1) AppleWebKit/537.31 (KHTML, like Gecko) Chrome/26.0.1410.43 Safari/537.31"
185.129.61.6 - - [02/Jul/2024:05:45:19 +1000] "GET /wp-config.txt HTTP/1.1" 301 982 "-" "Mozilla/5.0 (Windows NT 6.1) AppleWebKit/537.31 (KHTML, like Gecko) Chrome/26.0.1410.43 Safari/537.31"
185.129.61.6 - - [02/Jul/2024:05:45:20 +1000] "GET /wp-config.txt HTTP/1.1" 404 94418 "-" "Mozilla/5.0 (Windows NT 6.1) AppleWebKit/537.31 (KHTML, like Gecko) Chrome/26.0.1410.43 Safari/537.31"
185.129.61.6 - - [02/Jul/2024:05:45:25 +1000] "GET /wp-config.phpa HTTP/1.1" 301 983 "-" "Mozilla/5.0 (Windows NT 6.1) AppleWebKit/537.31 (KHTML, like Gecko) Chrome/26.0.1410.43 Safari/537.31"
185.129.61.6 - - [02/Jul/2024:05:45:28 +1000] "GET /wp-config.phpa HTTP/1.1" 404 94420 "-" "Mozilla/5.0 (Windows NT 6.1) AppleWebKit/537.31 (KHTML, like Gecko) Chrome/26.0.1410.43 Safari/537.31"
185.129.61.6 - - [02/Jul/2024:05:45:36 +1000] "GET /wp-config.old HTTP/1.1" 301 982 "-" "Mozilla/5.0 (Windows NT 6.1) AppleWebKit/537.31 (KHTML, like Gecko) Chrome/26.0.1410.43 Safari/537.31"
111.67.29.221 - - [02/Jul/2024:05:45:41 +1000] "POST /wp-cron.php?doing_wp_cron=1719863141.4444439411163330078125 HTTP/1.1" 200 296 "-" "WordPress/6.5.5; https://www.pgkdistribution.com.au"
185.129.61.6 - - [02/Jul/2024:05:45:40 +1000] "GET /wp-config.old HTTP/1.1" 404 94418 "-" "Mozilla/5.0 (Windows NT 6.1) AppleWebKit/537.31 (KHTML, like Gecko) Chrome/26.0.1410.43 Safari/537.31"
185.129.61.6 - - [02/Jul/2024:05:45:45 +1000] "GET /wp-config.php.txt HTTP/1.1" 301 986 "-" "Mozilla/5.0 (Windows NT 6.1) AppleWebKit/537.31 (KHTML, like Gecko) Chrome/26.0.1410.43 Safari/537.31"
185.129.61.6 - - [02/Jul/2024:05:45:46 +1000] "GET /wp-config.php.txt HTTP/1.1" 404 94426 "-" "Mozilla/5.0 (Windows NT 6.1) AppleWebKit/537.31 (KHTML, like Gecko) Chrome/26.0.1410.43 Safari/537.31"
185.129.61.6 - - [02/Jul/2024:05:45:52 +1000] "GET /config HTTP/1.1" 301 975 "-" "Mozilla/5.0 (Windows NT 6.1) AppleWebKit/537.31 (KHTML, like Gecko) Chrome/26.0.1410.43 Safari/537.31"
111.67.29.221 - - [02/Jul/2024:05:45:55 +1000] "POST /wp-cron.php?doing_wp_cron=1719863155.3663940429687500000000 HTTP/1.1" 200 296 "-" "WordPress/6.5.5; https://www.pgkdistribution.com.au"
185.129.61.6 - - [02/Jul/2024:05:45:54 +1000] "GET /config HTTP/1.1" 404 94404 "-" "Mozilla/5.0 (Windows NT 6.1) AppleWebKit/537.31 (KHTML, like Gecko) Chrome/26.0.1410.43 Safari/537.31"
185.129.61.6 - - [02/Jul/2024:05:46:02 +1000] "GET /wp-config. HTTP/1.1" 301 979 "-" "Mozilla/5.0 (Windows NT 6.1) AppleWebKit/537.31 (KHTML, like Gecko) Chrome/26.0.1410.43 Safari/537.31"
