66.249.66.197 - - [29/Jun/2024:07:11:10 +1000] "GET /wp-content/plugins/gutentor/assets/library/magnific-popup/magnific-popup.min.css?ver=1.8.0 HTTP/1.1" 200 2183 "http://www.pgkdistribution.com.au/product/pgk-1000v-dc-isolator/" "Mozilla/5.0 (Linux; Android 6.0.1; Nexus 5X Build/MMB29P) AppleWebKit/537.36 (KHTML, like Gecko) Chrome/125.0.6422.175 Mobile Safari/537.36 (compatible; Googlebot/2.1; +http://www.google.com/bot.html)"
66.249.66.197 - - [29/Jun/2024:07:11:10 +1000] "GET /wp-content/themes/homestore/style.css?ver=2.0.33 HTTP/1.1" 200 15977 "http://www.pgkdistribution.com.au/product/pgk-1000v-dc-isolator/" "Mozilla/5.0 (Linux; Android 6.0.1; Nexus 5X Build/MMB29P) AppleWebKit/537.36 (KHTML, like Gecko) Chrome/125.0.6422.175 Mobile Safari/537.36 (compatible; Googlebot/2.1; +http://www.google.com/bot.html)"
66.249.66.197 - - [29/Jun/2024:07:11:11 +1000] "GET /wp-content/plugins/woo-gutenberg-products-block/build/catalog-sorting.css?ver=10.8.1 HTTP/1.1" 200 695 "http://www.pgkdistribution.com.au/product/pgk-1000v-dc-isolator/" "Mozilla/5.0 (Linux; Android 6.0.1; Nexus 5X Build/MMB29P) AppleWebKit/537.36 (KHTML, like Gecko) Chrome/125.0.6422.175 Mobile Safari/537.36 (compatible; Googlebot/2.1; +http://www.google.com/bot.html)"
66.249.66.197 - - [29/Jun/2024:07:11:11 +1000] "GET /wp-content/plugins/woo-gutenberg-products-block/build/product-sku.css?ver=10.8.1 HTTP/1.1" 200 674 "http://www.pgkdistribution.com.au/product/pgk-1000v-dc-isolator/" "Mozilla/5.0 (Linux; Android 6.0.1; Nexus 5X Build/MMB29P) AppleWebKit/537.36 (KHTML, like Gecko) Chrome/125.0.6422.175 Mobile Safari/537.36 (compatible; Googlebot/2.1; +http://www.google.com/bot.html)"
66.249.66.197 - - [29/Jun/2024:07:11:12 +1000] "GET /wp-content/plugins/contact-form-7/includes/swv/js/index.js?ver=5.7.7 HTTP/1.1" 200 3675 "http://www.pgkdistribution.com.au/product/pgk-1000v-dc-isolator/" "Mozilla/5.0 (Linux; Android 6.0.1; Nexus 5X Build/MMB29P) AppleWebKit/537.36 (KHTML, like Gecko) Chrome/125.0.6422.175 Mobile Safari/537.36 (compatible; Googlebot/2.1; +http://www.google.com/bot.html)"
66.249.66.197 - - [29/Jun/2024:07:11:12 +1000] "GET /wp-content/plugins/woo-gutenberg-products-block/build/mini-cart-contents.css?ver=10.8.1 HTTP/1.1" 200 3550 "http://www.pgkdistribution.com.au/product/pgk-1000v-dc-isolator/" "Mozilla/5.0 (Linux; Android 6.0.1; Nexus 5X Build/MMB29P) AppleWebKit/537.36 (KHTML, like Gecko) Chrome/125.0.6422.175 Mobile Safari/537.36 (compatible; Googlebot/2.1; +http://www.google.com/bot.html)"
66.249.66.197 - - [29/Jun/2024:07:11:13 +1000] "GET /wp-content/plugins/woo-gutenberg-products-block/build/product-rating-stars.css?ver=10.8.1 HTTP/1.1" 200 1395 "http://www.pgkdistribution.com.au/product/pgk-1000v-dc-isolator/" "Mozilla/5.0 (Linux; Android 6.0.1; Nexus 5X Build/MMB29P) AppleWebKit/537.36 (KHTML, like Gecko) Chrome/125.0.6422.175 Mobile Safari/537.36 (compatible; Googlebot/2.1; +http://www.google.com/bot.html)"
66.249.66.197 - - [29/Jun/2024:07:11:13 +1000] "GET /wp-content/themes/storefront/assets/css/woocommerce/woocommerce.css?ver=3.9.1 HTTP/1.1" 200 11999 "http://www.pgkdistribution.com.au/product/pgk-1000v-dc-isolator/" "Mozilla/5.0 (Linux; Android 6.0.1; Nexus 5X Build/MMB29P) AppleWebKit/537.36 (KHTML, like Gecko) Chrome/125.0.6422.175 Mobile Safari/537.36 (compatible; Googlebot/2.1; +http://www.google.com/bot.html)"
66.249.66.197 - - [29/Jun/2024:07:11:14 +1000] "GET /wp-content/plugins/woo-gutenberg-products-block/build/reviews-by-product.css?ver=10.8.1 HTTP/1.1" 200 2401 "http://www.pgkdistribution.com.au/product/pgk-1000v-dc-isolator/" "Mozilla/5.0 (Linux; Android 6.0.1; Nexus 5X Build/MMB29P) AppleWebKit/537.36 (KHTML, like Gecko) Chrome/125.0.6422.175 Mobile Safari/537.36 (compatible; Googlebot/2.1; +http://www.google.com/bot.html)"
66.249.66.197 - - [29/Jun/2024:07:11:14 +1000] "GET /wp-content/plugins/gutentor/assets/library/fontawesome/css/all.min.css?ver=5.12.0 HTTP/1.1" 200 14604 "http://www.pgkdistribution.com.au/product/pgk-1000v-dc-isolator/" "Mozilla/5.0 (Linux; Android 6.0.1; Nexus 5X Build/MMB29P) AppleWebKit/537.36 (KHTML, like Gecko) Chrome/125.0.6422.175 Mobile Safari/537.36 (compatible; Googlebot/2.1; +http://www.google.com/bot.html)"
66.249.66.197 - - [29/Jun/2024:07:11:15 +1000] "GET /wp-content/themes/storefront/assets/css/base/gutenberg-blocks.css?ver=3.9.1 HTTP/1.1" 200 5055 "http://www.pgkdistribution.com.au/product/pgk-1000v-dc-isolator/" "Mozilla/5.0 (Linux; Android 6.0.1; Nexus 5X Build/MMB29P) AppleWebKit/537.36 (KHTML, like Gecko) Chrome/125.0.6422.175 Mobile Safari/537.36 (compatible; Googlebot/2.1; +http://www.google.com/bot.html)"
66.249.66.197 - - [29/Jun/2024:07:11:16 +1000] "GET /wp-content/plugins/woocommerce-table-rate-shipping/assets/js/frontend-checkout.min.js?ver=3.1.4 HTTP/1.1" 200 608 "http://www.pgkdistribution.com.au/product/pgk-1000v-dc-isolator/" "Mozilla/5.0 (Linux; Android 6.0.1; Nexus 5X Build/MMB29P) AppleWebKit/537.36 (KHTML, like Gecko) Chrome/125.0.6422.175 Mobile Safari/537.36 (compatible; Googlebot/2.1; +http://www.google.com/bot.html)"
66.249.66.197 - - [29/Jun/2024:07:11:16 +1000] "GET /wp-content/themes/homestore/assets/js/homestore.min.js?ver=2.0.33 HTTP/1.1" 200 1468 "http://www.pgkdistribution.com.au/product/pgk-1000v-dc-isolator/" "Mozilla/5.0 (Linux; Android 6.0.1; Nexus 5X Build/MMB29P) AppleWebKit/537.36 (KHTML, like Gecko) Chrome/125.0.6422.175 Mobile Safari/537.36 (compatible; Googlebot/2.1; +http://www.google.com/bot.html)"
145.239.10.137 - - [29/Jun/2024:07:16:16 +1000] "GET /systems.php HTTP/1.1" 301 943 "http://pgkdistribution.com.au/systems.php" "Mozilla/5.0 (iPhone; CPU iPhone OS 17_5_1 like Mac OS X) AppleWebKit/605.1.15 (KHTML, like Gecko) Version/17.5 Mobile/15E148 Safari/604.1"
111.67.29.221 - - [29/Jun/2024:07:16:23 +1000] "POST /wp-cron.php?doing_wp_cron=1719609383.2583019733428955078125 HTTP/1.1" 200 296 "-" "WordPress/6.5.5; https://www.pgkdistribution.com.au"
145.239.10.137 - - [29/Jun/2024:07:16:17 +1000] "GET /systems.php HTTP/1.1" 404 20163 "http://www.pgkdistribution.com.au/systems.php" "Mozilla/5.0 (iPhone; CPU iPhone OS 17_5_1 like Mac OS X) AppleWebKit/605.1.15 (KHTML, like Gecko) Version/17.5 Mobile/15E148 Safari/604.1"
10.220.31.68 - - [29/Jun/2024:07:23:23 +1000] "GET / HTTP/1.1" 301 1000 "-" "Mozilla/5.0 \\(Windows NT 10.0\\; Win64\\; x64\\) AppleWebKit/537.36 \\(KHTML, like Gecko\\) Chrome/100.0.4896.60 Safari/537.36"
10.220.31.68 - - [29/Jun/2024:07:23:24 +1000] "GET / HTTP/1.1" 301 528 "-" "Mozilla/5.0 \\(Windows NT 10.0\\; Win64\\; x64\\) AppleWebKit/537.36 \\(KHTML, like Gecko\\) Chrome/100.0.4896.60 Safari/537.36"
62.122.184.194 - - [29/Jun/2024:07:30:38 +1000] "GET / HTTP/1.0" 301 932 "http://pgkdistribution.com.au/" "Mozilla/5.0 (Windows NT 10.0; Win64; x64) AppleWebKit/537.36 (KHTML, like Gecko) Chrome/120.0.0.0 Iron Safari/537.36"
111.67.29.221 - - [29/Jun/2024:07:30:45 +1000] "POST /wp-cron.php?doing_wp_cron=1719610245.6919250488281250000000 HTTP/1.1" 200 296 "-" "WordPress/6.5.5; https://www.pgkdistribution.com.au"
62.122.184.194 - - [29/Jun/2024:07:30:39 +1000] "GET / HTTP/1.0" 301 460 "http://www.pgkdistribution.com.au/" "Mozilla/5.0 (Windows NT 10.0; Win64; x64) AppleWebKit/537.36 (KHTML, like Gecko) Chrome/120.0.0.0 Iron Safari/537.36"
185.122.141.0 - - [29/Jun/2024:08:13:38 +1000] "GET / HTTP/1.1" 301 969 "-" "Mozilla/5.0 (Macintosh; Intel Mac OS X 10_15_7) AppleWebKit/537.36 (KHTML, like Gecko) Chrome/104.0.0.0 Safari/537.36"
111.67.29.221 - - [29/Jun/2024:08:13:43 +1000] "POST /wp-cron.php?doing_wp_cron=1719612823.6034390926361083984375 HTTP/1.1" 200 296 "-" "WordPress/6.5.5; https://www.pgkdistribution.com.au"
185.122.141.0 - - [29/Jun/2024:08:13:39 +1000] "GET / HTTP/1.1" 301 497 "-" "Mozilla/5.0 (Macintosh; Intel Mac OS X 10_15_7) AppleWebKit/537.36 (KHTML, like Gecko) Chrome/104.0.0.0 Safari/537.36"
91.210.64.29 - - [29/Jun/2024:08:14:25 +1000] "GET //www.pgkdistribution.com.au/wp-content/uploads/2021/05/PGK-Site-Slider-Photo-3.png HTTP/1.1" 301 1050 "-" "python-httpx/0.26.0"
173.244.35.2 - - [29/Jun/2024:08:14:30 +1000] "GET //www.pgkdistribution.com.au/wp-content/uploads/2023/03/PGK-Solar-Cables.png HTTP/1.1" 301 1043 "-" "python-httpx/0.26.0"
111.67.29.221 - - [29/Jun/2024:08:14:31 +1000] "POST /wp-cron.php?doing_wp_cron=1719612871.8570849895477294921875 HTTP/1.1" 200 296 "-" "WordPress/6.5.5; https://www.pgkdistribution.com.au"
91.210.64.29 - - [29/Jun/2024:08:14:26 +1000] "GET /www.pgkdistribution.com.au/wp-content/uploads/2021/05/PGK-Site-Slider-Photo-3.png HTTP/1.1" 404 17376 "-" "python-httpx/0.26.0"
173.244.35.2 - - [29/Jun/2024:08:14:31 +1000] "GET /www.pgkdistribution.com.au/wp-content/uploads/2023/03/PGK-Solar-Cables.png HTTP/1.1" 404 20165 "-" "python-httpx/0.26.0"
173.244.35.2 - - [29/Jun/2024:08:14:34 +1000] "GET //www.pgkdistribution.com.au/wp-content/uploads/2021/05/PGK-Site-Slider-2.png HTTP/1.1" 301 1044 "-" "python-httpx/0.26.0"
173.244.35.2 - - [29/Jun/2024:08:14:35 +1000] "GET /www.pgkdistribution.com.au/wp-content/uploads/2021/05/PGK-Site-Slider-2.png HTTP/1.1" 404 20169 "-" "python-httpx/0.26.0"
173.244.35.2 - - [29/Jun/2024:08:14:37 +1000] "GET //www.pgkdistribution.com.au/wp-content/uploads/2021/05/PGK-Site-Slider-Photo.png HTTP/1.1" 301 1048 "-" "python-httpx/0.26.0"
173.244.35.2 - - [29/Jun/2024:08:14:38 +1000] "GET /www.pgkdistribution.com.au/wp-content/uploads/2021/05/PGK-Site-Slider-Photo.png HTTP/1.1" 404 20172 "-" "python-httpx/0.26.0"
145.239.10.137 - - [29/Jun/2024:08:40:35 +1000] "GET / HTTP/1.1" 301 932 "http://pgkdistribution.com.au/" "Mozilla/5.0 (iPhone; CPU iPhone OS 17_5_1 like Mac OS X) AppleWebKit/605.1.15 (KHTML, like Gecko) Version/17.5 Mobile/15E148 Safari/604.1"
111.67.29.221 - - [29/Jun/2024:08:40:42 +1000] "POST /wp-cron.php?doing_wp_cron=1719614442.7835779190063476562500 HTTP/1.1" 200 296 "-" "WordPress/6.5.5; https://www.pgkdistribution.com.au"
145.239.10.137 - - [29/Jun/2024:08:40:36 +1000] "GET / HTTP/1.1" 301 460 "http://www.pgkdistribution.com.au/" "Mozilla/5.0 (iPhone; CPU iPhone OS 17_5_1 like Mac OS X) AppleWebKit/605.1.15 (KHTML, like Gecko) Version/17.5 Mobile/15E148 Safari/604.1"
44.211.228.225 - - [29/Jun/2024:09:02:33 +1000] "GET /ads.txt HTTP/1.1" 301 976 "-" "Go-http-client/1.1"
44.211.228.225 - - [29/Jun/2024:09:02:34 +1000] "GET /ads.txt HTTP/1.1" 404 17376 "http://pgkdistribution.com.au/ads.txt" "Go-http-client/1.1"
86.102.26.195 - - [29/Jun/2024:09:19:16 +1000] "GET /contact-us/ HTTP/1.0" 301 943 "http://pgkdistribution.com.au/contact-us/" "Mozilla/5.0 (Windows NT 10.0; Win64; x64) AppleWebKit/537.36 (KHTML, like Gecko) Chrome/120.0.0.0 Safari/537.36"
111.67.29.221 - - [29/Jun/2024:09:19:23 +1000] "POST /wp-cron.php?doing_wp_cron=1719616763.4665660858154296875000 HTTP/1.1" 200 296 "-" "WordPress/6.5.5; https://www.pgkdistribution.com.au"
86.102.26.195 - - [29/Jun/2024:09:19:18 +1000] "GET /contact-us/ HTTP/1.0" 200 87259 "http://www.pgkdistribution.com.au/contact-us/" "Mozilla/5.0 (Windows NT 10.0; Win64; x64) AppleWebKit/537.36 (KHTML, like Gecko) Chrome/120.0.0.0 Safari/537.36"
158.69.25.39 - - [29/Jun/2024:09:22:00 +1000] "GET / HTTP/1.1" 301 969 "-" "Mozilla/5.0 (Windows NT 10.0; Win64; x64) AppleWebKit/537.36 (KHTML, like Gecko) Chrome/118.0.0.0 Safari/537.36 Edg/118.0.2088.46"
158.69.25.39 - - [29/Jun/2024:09:22:19 +1000] "GET / HTTP/1.1" 301 497 "-" "Mozilla/5.0 (Windows NT 10.0; Win64; x64) AppleWebKit/537.36 (KHTML, like Gecko) Chrome/118.0.0.0 Safari/537.36 Edg/118.0.2088.46"
79.137.206.177 - - [29/Jun/2024:09:43:51 +1000] "GET / HTTP/1.1" 301 969 "-" "Mozilla/5.0 (Macintosh; Intel Mac OS X 10_8_2) AppleWebKit/537.36 (KHTML, like Gecko) Chrome/52.0.2765.82 Safari/537.36"
111.67.29.221 - - [29/Jun/2024:09:43:58 +1000] "POST /wp-cron.php?doing_wp_cron=1719618238.4460771083831787109375 HTTP/1.1" 200 296 "-" "WordPress/6.5.5; https://www.pgkdistribution.com.au"
79.137.206.177 - - [29/Jun/2024:09:43:53 +1000] "GET / HTTP/1.1" 301 497 "-" "Mozilla/5.0 (Macintosh; Intel Mac OS X 10_8_2) AppleWebKit/537.36 (KHTML, like Gecko) Chrome/52.0.2765.82 Safari/537.36"
194.55.186.107 - - [29/Jun/2024:10:46:11 +1000] "GET /.git/config HTTP/1.1" 403 892 "-" "Mozilla/5.0 (X11; Linux x86_64) AppleWebKit/537.36 (KHTML, like Gecko) Chrome/73.0.3683.103 Safari/537.36 OPR/60.0.3255.59"
52.230.152.251 - - [29/Jun/2024:10:58:16 +1000] "GET /robots.txt HTTP/1.1" 301 942 "-" "Mozilla/5.0 AppleWebKit/537.36 (KHTML, like Gecko; compatible; GPTBot/1.0; +https://openai.com/gptbot)"
111.67.29.221 - - [29/Jun/2024:10:58:22 +1000] "POST /wp-cron.php?doing_wp_cron=1719622702.6146099567413330078125 HTTP/1.1" 200 296 "-" "WordPress/6.5.5; https://www.pgkdistribution.com.au"
52.230.152.251 - - [29/Jun/2024:10:58:17 +1000] "GET /robots.txt HTTP/1.1" 200 679 "http://pgkdistribution.com.au/robots.txt" "Mozilla/5.0 AppleWebKit/537.36 (KHTML, like Gecko; compatible; GPTBot/1.0; +https://openai.com/gptbot)"
195.191.219.133 - - [29/Jun/2024:11:19:18 +1000] "GET /robots.txt HTTP/1.1" 301 979 "-" "Mozilla/5.0 (compatible; MJ12bot/v1.4.8; http://mj12bot.com/)"
111.67.29.221 - - [29/Jun/2024:11:19:24 +1000] "POST /wp-cron.php?doing_wp_cron=1719623964.2782909870147705078125 HTTP/1.1" 200 296 "-" "WordPress/6.5.5; https://www.pgkdistribution.com.au"
195.191.219.133 - - [29/Jun/2024:11:19:19 +1000] "GET /robots.txt HTTP/1.1" 200 716 "-" "Mozilla/5.0 (compatible; MJ12bot/v1.4.8; http://mj12bot.com/)"
195.191.219.133 - - [29/Jun/2024:11:19:27 +1000] "GET / HTTP/1.1" 301 969 "-" "Mozilla/5.0 (compatible; MJ12bot/v1.4.8; http://mj12bot.com/)"
195.191.219.133 - - [29/Jun/2024:11:19:30 +1000] "GET / HTTP/1.1" 301 497 "-" "Mozilla/5.0 (compatible; MJ12bot/v1.4.8; http://mj12bot.com/)"
104.206.81.171 - - [29/Jun/2024:11:23:43 +1000] "GET /contact-us/ HTTP/1.1" 301 980 "http://pgkdistribution.com.au/" "Mozilla/5.0 (Windows NT 10.0; WOW64) AppleWebKit/537.36 (KHTML, like Gecko) Chrome/114.0.0.0 Safari/537.36"
111.67.29.221 - - [29/Jun/2024:11:23:49 +1000] "POST /wp-cron.php?doing_wp_cron=1719624229.3610429763793945312500 HTTP/1.1" 200 296 "-" "WordPress/6.5.5; https://www.pgkdistribution.com.au"
104.206.81.171 - - [29/Jun/2024:11:23:44 +1000] "GET /contact-us/ HTTP/1.1" 200 21123 "http://pgkdistribution.com.au/contact-us/" "Mozilla/5.0 (Windows NT 10.0; WOW64) AppleWebKit/537.36 (KHTML, like Gecko) Chrome/114.0.0.0 Safari/537.36"
178.159.37.16 - - [29/Jun/2024:11:23:52 +1000] "GET /archivarix.cms.php HTTP/1.1" 301 950 "http://pgkdistribution.com.au/archivarix.cms.php" "Mozilla/5.0 (platform; rv:geckoversion) Gecko/geckotrail Firefox/firefoxversion"
178.159.37.16 - - [29/Jun/2024:11:23:54 +1000] "GET /archivarix.cms.php HTTP/1.1" 404 20176 "http://www.pgkdistribution.com.au/archivarix.cms.php" "Mozilla/5.0 (platform; rv:geckoversion) Gecko/geckotrail Firefox/firefoxversion"
141.98.11.166 - - [29/Jun/2024:13:11:15 +1000] "GET /wp-content/plugins/royal-elementor-addons/readme.txt HTTP/1.0" 301 984 "-" "Mozilla/5.0 (Windows NT 6.3; Win64; x64) AppleWebKit/537.36 (KHTML, like Gecko) Chrome/75.0.3770.100 Safari/537.36"
195.191.219.132 - - [29/Jun/2024:13:19:45 +1000] "GET /robots.txt HTTP/1.1" 200 716 "-" "Mozilla/5.0 (compatible; MJ12bot/v1.4.8; http://mj12bot.com/)"
111.67.29.221 - - [29/Jun/2024:13:19:52 +1000] "POST /wp-cron.php?doing_wp_cron=1719631192.6740748882293701171875 HTTP/1.1" 200 296 "-" "WordPress/6.5.5; https://www.pgkdistribution.com.au"
195.191.219.132 - - [29/Jun/2024:13:19:51 +1000] "GET / HTTP/1.1" 301 497 "-" "Mozilla/5.0 (compatible; MJ12bot/v1.4.8; http://mj12bot.com/)"
157.55.39.223 - - [29/Jun/2024:13:26:37 +1000] "GET /robots.txt HTTP/1.1" 301 979 "-" "Mozilla/5.0 AppleWebKit/537.36 (KHTML, like Gecko; compatible; bingbot/2.0; +http://www.bing.com/bingbot.htm) Chrome/116.0.1938.76 Safari/537.36"
111.67.29.221 - - [29/Jun/2024:13:26:43 +1000] "POST /wp-cron.php?doing_wp_cron=1719631603.2146520614624023437500 HTTP/1.1" 200 296 "-" "WordPress/6.5.5; https://www.pgkdistribution.com.au"
157.55.39.223 - - [29/Jun/2024:13:26:37 +1000] "GET /robots.txt HTTP/1.1" 200 716 "-" "Mozilla/5.0 AppleWebKit/537.36 (KHTML, like Gecko; compatible; bingbot/2.0; +http://www.bing.com/bingbot.htm) Chrome/116.0.1938.76 Safari/537.36"
207.46.13.111 - - [29/Jun/2024:13:26:53 +1000] "GET /bosch-solar-inverter-bpt-s-3-68kw.html HTTP/1.1" 301 1007 "-" "Mozilla/5.0 AppleWebKit/537.36 (KHTML, like Gecko; compatible; bingbot/2.0; +http://www.bing.com/bingbot.htm) Chrome/116.0.1938.76 Safari/537.36"
154.196.71.236 - - [29/Jun/2024:14:18:28 +1000] "GET /contact-us/ HTTP/1.0" 301 943 "http://pgkdistribution.com.au/contact-us/" "Mozilla/5.0 (Windows NT 10.0; Win64; x64) AppleWebKit/537.36 (KHTML, like Gecko) Chrome/120.0.0.0 Safari/537.36"
111.67.29.221 - - [29/Jun/2024:14:18:35 +1000] "POST /wp-cron.php?doing_wp_cron=1719634715.0319199562072753906250 HTTP/1.1" 200 296 "-" "WordPress/6.5.5; https://www.pgkdistribution.com.au"
154.196.71.236 - - [29/Jun/2024:14:18:29 +1000] "GET /contact-us/ HTTP/1.0" 200 87259 "http://www.pgkdistribution.com.au/contact-us/" "Mozilla/5.0 (Windows NT 10.0; Win64; x64) AppleWebKit/537.36 (KHTML, like Gecko) Chrome/120.0.0.0 Safari/537.36"
66.249.66.85 - - [29/Jun/2024:14:18:47 +1000] "GET /product/1000v-dc-isolator-genuine-mc4/ HTTP/1.1" 301 1007 "-" "Mozilla/5.0 (Linux; Android 6.0.1; Nexus 5X Build/MMB29P) AppleWebKit/537.36 (KHTML, like Gecko) Chrome/125.0.6422.175 Mobile Safari/537.36 (compatible; Googlebot/2.1; +http://www.google.com/bot.html)"
66.249.66.197 - - [29/Jun/2024:14:18:48 +1000] "GET /product/1000v-dc-isolator-genuine-mc4/ HTTP/1.1" 301 669 "-" "Mozilla/5.0 (Linux; Android 6.0.1; Nexus 5X Build/MMB29P) AppleWebKit/537.36 (KHTML, like Gecko) Chrome/125.0.6422.175 Mobile Safari/537.36 (compatible; Googlebot/2.1; +http://www.google.com/bot.html)"
66.249.66.87 - - [29/Jun/2024:14:30:54 +1000] "GET /product/pgk-4p-wp-enclosures-ip66/ HTTP/1.1" 301 1003 "-" "Mozilla/5.0 (Linux; Android 6.0.1; Nexus 5X Build/MMB29P) AppleWebKit/537.36 (KHTML, like Gecko) Chrome/125.0.6422.175 Mobile Safari/537.36 (compatible; Googlebot/2.1; +http://www.google.com/bot.html)"
111.67.29.221 - - [29/Jun/2024:14:31:02 +1000] "POST /wp-cron.php?doing_wp_cron=1719635462.2412359714508056640625 HTTP/1.1" 200 296 "-" "WordPress/6.5.5; https://www.pgkdistribution.com.au"
66.249.66.198 - - [29/Jun/2024:14:30:55 +1000] "GET /product/pgk-4p-wp-enclosures-ip66/ HTTP/1.1" 200 23113 "-" "Mozilla/5.0 (Linux; Android 6.0.1; Nexus 5X Build/MMB29P) AppleWebKit/537.36 (KHTML, like Gecko) Chrome/125.0.6422.175 Mobile Safari/537.36 (compatible; Googlebot/2.1; +http://www.google.com/bot.html)"
66.249.66.198 - - [29/Jun/2024:14:31:06 +1000] "GET /wp-content/plugins/woo-gutenberg-products-block/build/mini-cart.css?ver=10.8.1 HTTP/1.1" 200 3394 "http://www.pgkdistribution.com.au/product/pgk-4p-wp-enclosures-ip66/" "Mozilla/5.0 (Linux; Android 6.0.1; Nexus 5X Build/MMB29P) AppleWebKit/537.36 (KHTML, like Gecko) Chrome/125.0.6422.175 Mobile Safari/537.36 (compatible; Googlebot/2.1; +http://www.google.com/bot.html)"
66.249.66.197 - - [29/Jun/2024:14:31:07 +1000] "GET /wp-content/plugins/gutentor/dist/gutentor-woocommerce.css?ver=3.2.7 HTTP/1.1" 200 1171 "http://www.pgkdistribution.com.au/product/pgk-4p-wp-enclosures-ip66/" "Mozilla/5.0 (Linux; Android 6.0.1; Nexus 5X Build/MMB29P) AppleWebKit/537.36 (KHTML, like Gecko) Chrome/125.0.6422.175 Mobile Safari/537.36 (compatible; Googlebot/2.1; +http://www.google.com/bot.html)"
66.249.66.198 - - [29/Jun/2024:14:31:08 +1000] "GET /wp-content/plugins/hide-price-add-to-cart-button/assets/js/afwhp_front.js?ver=1.0 HTTP/1.1" 200 382 "http://www.pgkdistribution.com.au/product/pgk-4p-wp-enclosures-ip66/" "Mozilla/5.0 (Linux; Android 6.0.1; Nexus 5X Build/MMB29P) AppleWebKit/537.36 (KHTML, like Gecko) Chrome/125.0.6422.175 Mobile Safari/537.36 (compatible; Googlebot/2.1; +http://www.google.com/bot.html)"
66.249.66.198 - - [29/Jun/2024:14:31:09 +1000] "GET /wp-content/plugins/woo-gutenberg-products-block/build/reviews-by-product.css?ver=10.8.1 HTTP/1.1" 200 2401 "http://www.pgkdistribution.com.au/product/pgk-4p-wp-enclosures-ip66/" "Mozilla/5.0 (Linux; Android 6.0.1; Nexus 5X Build/MMB29P) AppleWebKit/537.36 (KHTML, like Gecko) Chrome/125.0.6422.175 Mobile Safari/537.36 (compatible; Googlebot/2.1; +http://www.google.com/bot.html)"
66.249.66.197 - - [29/Jun/2024:14:31:11 +1000] "GET /wp-content/plugins/woo-gutenberg-products-block/build/packages-style.css?ver=10.8.1 HTTP/1.1" 200 4745 "http://www.pgkdistribution.com.au/product/pgk-4p-wp-enclosures-ip66/" "Mozilla/5.0 (Linux; Android 6.0.1; Nexus 5X Build/MMB29P) AppleWebKit/537.36 (KHTML, like Gecko) Chrome/125.0.6422.175 Mobile Safari/537.36 (compatible; Googlebot/2.1; +http://www.google.com/bot.html)"
66.249.66.197 - - [29/Jun/2024:14:31:12 +1000] "GET /wp-content/themes/storefront/assets/css/base/icons.css?ver=3.9.1 HTTP/1.1" 200 18547 "http://www.pgkdistribution.com.au/product/pgk-4p-wp-enclosures-ip66/" "Mozilla/5.0 (Linux; Android 6.0.1; Nexus 5X Build/MMB29P) AppleWebKit/537.36 (KHTML, like Gecko) Chrome/125.0.6422.175 Mobile Safari/537.36 (compatible; Googlebot/2.1; +http://www.google.com/bot.html)"
66.249.66.197 - - [29/Jun/2024:14:31:13 +1000] "GET /wp-content/plugins/gutentor/assets/library/magnific-popup/magnific-popup.min.css?ver=1.8.0 HTTP/1.1" 200 2183 "http://www.pgkdistribution.com.au/product/pgk-4p-wp-enclosures-ip66/" "Mozilla/5.0 (Linux; Android 6.0.1; Nexus 5X Build/MMB29P) AppleWebKit/537.36 (KHTML, like Gecko) Chrome/125.0.6422.175 Mobile Safari/537.36 (compatible; Googlebot/2.1; +http://www.google.com/bot.html)"
66.249.66.197 - - [29/Jun/2024:14:31:14 +1000] "GET /wp-content/plugins/woo-gutenberg-products-block/build/product-rating.css?ver=10.8.1 HTTP/1.1" 200 679 "http://www.pgkdistribution.com.au/product/pgk-4p-wp-enclosures-ip66/" "Mozilla/5.0 (Linux; Android 6.0.1; Nexus 5X Build/MMB29P) AppleWebKit/537.36 (KHTML, like Gecko) Chrome/125.0.6422.175 Mobile Safari/537.36 (compatible; Googlebot/2.1; +http://www.google.com/bot.html)"
66.249.66.197 - - [29/Jun/2024:14:31:15 +1000] "GET /wp-content/plugins/woo-gutenberg-products-block/build/product-image.css?ver=10.8.1 HTTP/1.1" 200 1422 "http://www.pgkdistribution.com.au/product/pgk-4p-wp-enclosures-ip66/" "Mozilla/5.0 (Linux; Android 6.0.1; Nexus 5X Build/MMB29P) AppleWebKit/537.36 (KHTML, like Gecko) Chrome/125.0.6422.175 Mobile Safari/537.36 (compatible; Googlebot/2.1; +http://www.google.com/bot.html)"
66.249.66.197 - - [29/Jun/2024:14:31:15 +1000] "GET /wp-content/plugins/hide-price-add-to-cart-button/assets/css/afwhp_front.css?ver=1.0 HTTP/1.1" 200 744 "http://www.pgkdistribution.com.au/product/pgk-4p-wp-enclosures-ip66/" "Mozilla/5.0 (Linux; Android 6.0.1; Nexus 5X Build/MMB29P) AppleWebKit/537.36 (KHTML, like Gecko) Chrome/125.0.6422.175 Mobile Safari/537.36 (compatible; Googlebot/2.1; +http://www.google.com/bot.html)"
66.249.66.197 - - [29/Jun/2024:14:31:16 +1000] "GET /wp-content/plugins/woo-gutenberg-products-block/build/product-search.css?ver=10.8.1 HTTP/1.1" 200 862 "http://www.pgkdistribution.com.au/product/pgk-4p-wp-enclosures-ip66/" "Mozilla/5.0 (Linux; Android 6.0.1; Nexus 5X Build/MMB29P) AppleWebKit/537.36 (KHTML, like Gecko) Chrome/125.0.6422.175 Mobile Safari/537.36 (compatible; Googlebot/2.1; +http://www.google.com/bot.html)"
66.249.66.197 - - [29/Jun/2024:14:31:16 +1000] "GET /wp-content/plugins/woo-gutenberg-products-block/build/stock-filter.css?ver=10.8.1 HTTP/1.1" 200 5460 "http://www.pgkdistribution.com.au/product/pgk-4p-wp-enclosures-ip66/" "Mozilla/5.0 (Linux; Android 6.0.1; Nexus 5X Build/MMB29P) AppleWebKit/537.36 (KHTML, like Gecko) Chrome/125.0.6422.175 Mobile Safari/537.36 (compatible; Googlebot/2.1; +http://www.google.com/bot.html)"
66.249.66.197 - - [29/Jun/2024:14:31:17 +1000] "GET /wp-content/themes/storefront/assets/css/woocommerce/woocommerce.css?ver=3.9.1 HTTP/1.1" 200 11999 "http://www.pgkdistribution.com.au/product/pgk-4p-wp-enclosures-ip66/" "Mozilla/5.0 (Linux; Android 6.0.1; Nexus 5X Build/MMB29P) AppleWebKit/537.36 (KHTML, like Gecko) Chrome/125.0.6422.175 Mobile Safari/537.36 (compatible; Googlebot/2.1; +http://www.google.com/bot.html)"
66.249.66.197 - - [29/Jun/2024:14:31:17 +1000] "GET /wp-content/plugins/user-registration-plugin-for-woocommerce/front/js/afreg_front.js?ver=1.0 HTTP/1.1" 200 2417 "http://www.pgkdistribution.com.au/product/pgk-4p-wp-enclosures-ip66/" "Mozilla/5.0 (Linux; Android 6.0.1; Nexus 5X Build/MMB29P) AppleWebKit/537.36 (KHTML, like Gecko) Chrome/125.0.6422.175 Mobile Safari/537.36 (compatible; Googlebot/2.1; +http://www.google.com/bot.html)"
66.249.66.197 - - [29/Jun/2024:14:31:18 +1000] "GET /wp-content/plugins/woo-gutenberg-products-block/build/all-reviews.css?ver=10.8.1 HTTP/1.1" 200 2401 "http://www.pgkdistribution.com.au/product/pgk-4p-wp-enclosures-ip66/" "Mozilla/5.0 (Linux; Android 6.0.1; Nexus 5X Build/MMB29P) AppleWebKit/537.36 (KHTML, like Gecko) Chrome/125.0.6422.175 Mobile Safari/537.36 (compatible; Googlebot/2.1; +http://www.google.com/bot.html)"
66.249.66.197 - - [29/Jun/2024:14:31:18 +1000] "GET /wp-content/plugins/woo-gutenberg-products-block/build/checkout.css?ver=10.8.1 HTTP/1.1" 200 12675 "http://www.pgkdistribution.com.au/product/pgk-4p-wp-enclosures-ip66/" "Mozilla/5.0 (Linux; Android 6.0.1; Nexus 5X Build/MMB29P) AppleWebKit/537.36 (KHTML, like Gecko) Chrome/125.0.6422.175 Mobile Safari/537.36 (compatible; Googlebot/2.1; +http://www.google.com/bot.html)"
66.249.66.197 - - [29/Jun/2024:14:31:19 +1000] "GET /wp-content/plugins/woo-gutenberg-products-block/build/mini-cart-contents.css?ver=10.8.1 HTTP/1.1" 200 3550 "http://www.pgkdistribution.com.au/product/pgk-4p-wp-enclosures-ip66/" "Mozilla/5.0 (Linux; Android 6.0.1; Nexus 5X Build/MMB29P) AppleWebKit/537.36 (KHTML, like Gecko) Chrome/125.0.6422.175 Mobile Safari/537.36 (compatible; Googlebot/2.1; +http://www.google.com/bot.html)"
66.249.66.197 - - [29/Jun/2024:14:31:19 +1000] "GET /wp-content/plugins/gutentor/assets/library/wow/wow.min.js?ver=1.2.1 HTTP/1.1" 200 3463 "http://www.pgkdistribution.com.au/product/pgk-4p-wp-enclosures-ip66/" "Mozilla/5.0 (Linux; Android 6.0.1; Nexus 5X Build/MMB29P) AppleWebKit/537.36 (KHTML, like Gecko) Chrome/125.0.6422.175 Mobile Safari/537.36 (compatible; Googlebot/2.1; +http://www.google.com/bot.html)"
66.249.66.197 - - [29/Jun/2024:14:31:20 +1000] "GET /wp-content/plugins/gutentor/assets/library/wpness-grid/wpness-grid.css?ver=1.0.0 HTTP/1.1" 200 4968 "http://www.pgkdistribution.com.au/product/pgk-4p-wp-enclosures-ip66/" "Mozilla/5.0 (Linux; Android 6.0.1; Nexus 5X Build/MMB29P) AppleWebKit/537.36 (KHTML, like Gecko) Chrome/125.0.6422.175 Mobile Safari/537.36 (compatible; Googlebot/2.1; +http://www.google.com/bot.html)"
193.3.19.208 - - [29/Jun/2024:14:54:07 +1000] "GET / HTTP/1.1" 301 969 "-" "Opera/9.80 (Windows NT 6.1; U; ru) Presto/2.9.168 Version/11.50"
111.67.29.221 - - [29/Jun/2024:14:54:14 +1000] "POST /wp-cron.php?doing_wp_cron=1719636854.5476698875427246093750 HTTP/1.1" 200 296 "-" "WordPress/6.5.5; https://www.pgkdistribution.com.au"
193.3.19.208 - - [29/Jun/2024:14:54:08 +1000] "GET / HTTP/1.1" 301 497 "-" "Opera/9.80 (Windows NT 6.1; U; ru) Presto/2.9.168 Version/11.50"
66.249.66.86 - - [29/Jun/2024:15:06:37 +1000] "GET /product/genuine-mc4-connector-pairs/ HTTP/1.1" 301 1005 "-" "Mozilla/5.0 (Linux; Android 6.0.1; Nexus 5X Build/MMB29P) AppleWebKit/537.36 (KHTML, like Gecko) Chrome/125.0.6422.175 Mobile Safari/537.36 (compatible; Googlebot/2.1; +http://www.google.com/bot.html)"
66.249.66.198 - - [29/Jun/2024:15:06:37 +1000] "GET /product/genuine-mc4-connector-pairs/ HTTP/1.1" 200 23266 "-" "Mozilla/5.0 (Linux; Android 6.0.1; Nexus 5X Build/MMB29P) AppleWebKit/537.36 (KHTML, like Gecko) Chrome/125.0.6422.175 Mobile Safari/537.36 (compatible; Googlebot/2.1; +http://www.google.com/bot.html)"
145.220.91.19 - - [29/Jun/2024:15:07:01 +1000] "GET / HTTP/1.1" 301 969 "-" "Mozilla/5.0 (Macintosh; Intel Mac OS X 10.15; rv:122.0) Gecko/20100101 Firefox/122.0"
66.249.66.199 - - [29/Jun/2024:15:07:04 +1000] "GET /wp-content/plugins/user-registration-plugin-for-woocommerce/front/css/afreg_front.css?ver=1.0 HTTP/1.1" 200 1127 "http://www.pgkdistribution.com.au/product/genuine-mc4-connector-pairs/" "Mozilla/5.0 (Linux; Android 6.0.1; Nexus 5X Build/MMB29P) AppleWebKit/537.36 (KHTML, like Gecko) Chrome/125.0.6422.175 Mobile Safari/537.36 (compatible; Googlebot/2.1; +http://www.google.com/bot.html)"
66.249.66.199 - - [29/Jun/2024:15:07:05 +1000] "GET /wp-content/plugins/woo-gutenberg-products-block/build/product-image-gallery.css?ver=10.8.1 HTTP/1.1" 200 743 "http://www.pgkdistribution.com.au/product/genuine-mc4-connector-pairs/" "Mozilla/5.0 (Linux; Android 6.0.1; Nexus 5X Build/MMB29P) AppleWebKit/537.36 (KHTML, like Gecko) Chrome/125.0.6422.175 Mobile Safari/537.36 (compatible; Googlebot/2.1; +http://www.google.com/bot.html)"
66.249.66.197 - - [29/Jun/2024:15:07:07 +1000] "GET /wp-content/plugins/woo-gutenberg-products-block/build/product-sale-badge.css?ver=10.8.1 HTTP/1.1" 200 810 "http://www.pgkdistribution.com.au/product/genuine-mc4-connector-pairs/" "Mozilla/5.0 (Linux; Android 6.0.1; Nexus 5X Build/MMB29P) AppleWebKit/537.36 (KHTML, like Gecko) Chrome/125.0.6422.175 Mobile Safari/537.36 (compatible; Googlebot/2.1; +http://www.google.com/bot.html)"
66.249.66.199 - - [29/Jun/2024:15:07:07 +1000] "GET /wp-content/plugins/woo-gutenberg-products-block/build/checkout.css?ver=10.8.1 HTTP/1.1" 200 12675 "http://www.pgkdistribution.com.au/product/genuine-mc4-connector-pairs/" "Mozilla/5.0 (Linux; Android 6.0.1; Nexus 5X Build/MMB29P) AppleWebKit/537.36 (KHTML, like Gecko) Chrome/125.0.6422.175 Mobile Safari/537.36 (compatible; Googlebot/2.1; +http://www.google.com/bot.html)"
111.67.29.221 - - [29/Jun/2024:15:07:08 +1000] "POST /wp-cron.php?doing_wp_cron=1719637628.0414059162139892578125 HTTP/1.1" 200 296 "-" "WordPress/6.5.5; https://www.pgkdistribution.com.au"
145.220.91.19 - - [29/Jun/2024:15:07:06 +1000] "GET / HTTP/1.1" 301 497 "http://pgkdistribution.com.au/" "Mozilla/5.0 (Macintosh; Intel Mac OS X 10.15; rv:122.0) Gecko/20100101 Firefox/122.0"
66.249.66.197 - - [29/Jun/2024:15:07:08 +1000] "GET /wp-content/plugins/user-registration-plugin-for-woocommerce/front/js/afreg_front.js?ver=1.0 HTTP/1.1" 200 2417 "http://www.pgkdistribution.com.au/product/genuine-mc4-connector-pairs/" "Mozilla/5.0 (Linux; Android 6.0.1; Nexus 5X Build/MMB29P) AppleWebKit/537.36 (KHTML, like Gecko) Chrome/125.0.6422.175 Mobile Safari/537.36 (compatible; Googlebot/2.1; +http://www.google.com/bot.html)"
66.249.66.198 - - [29/Jun/2024:15:07:09 +1000] "GET /wp-content/plugins/gutentor/assets/library/wpness-grid/wpness-grid.css?ver=1.0.0 HTTP/1.1" 200 4968 "http://www.pgkdistribution.com.au/product/genuine-mc4-connector-pairs/" "Mozilla/5.0 (Linux; Android 6.0.1; Nexus 5X Build/MMB29P) AppleWebKit/537.36 (KHTML, like Gecko) Chrome/125.0.6422.175 Mobile Safari/537.36 (compatible; Googlebot/2.1; +http://www.google.com/bot.html)"
66.249.66.197 - - [29/Jun/2024:15:07:10 +1000] "GET /wp-content/plugins/storefront-hamburger-menu/assets/js/frontend.min.js?ver=1.2.2 HTTP/1.1" 200 638 "http://www.pgkdistribution.com.au/product/genuine-mc4-connector-pairs/" "Mozilla/5.0 (Linux; Android 6.0.1; Nexus 5X Build/MMB29P) AppleWebKit/537.36 (KHTML, like Gecko) Chrome/125.0.6422.175 Mobile Safari/537.36 (compatible; Googlebot/2.1; +http://www.google.com/bot.html)"
66.249.66.197 - - [29/Jun/2024:15:07:11 +1000] "GET /wp-content/themes/storefront/assets/css/base/gutenberg-blocks.css?ver=3.9.1 HTTP/1.1" 200 5055 "http://www.pgkdistribution.com.au/product/genuine-mc4-connector-pairs/" "Mozilla/5.0 (Linux; Android 6.0.1; Nexus 5X Build/MMB29P) AppleWebKit/537.36 (KHTML, like Gecko) Chrome/125.0.6422.175 Mobile Safari/537.36 (compatible; Googlebot/2.1; +http://www.google.com/bot.html)"
66.249.66.198 - - [29/Jun/2024:15:07:11 +1000] "GET /wp-content/themes/storefront/assets/js/navigation.min.js?ver=3.9.1 HTTP/1.1" 200 1410 "http://www.pgkdistribution.com.au/product/genuine-mc4-connector-pairs/" "Mozilla/5.0 (Linux; Android 6.0.1; Nexus 5X Build/MMB29P) AppleWebKit/537.36 (KHTML, like Gecko) Chrome/125.0.6422.175 Mobile Safari/537.36 (compatible; Googlebot/2.1; +http://www.google.com/bot.html)"
66.249.66.198 - - [29/Jun/2024:15:07:12 +1000] "GET /wp-content/plugins/woo-gutenberg-products-block/build/breadcrumbs.css?ver=10.8.1 HTTP/1.1" 200 670 "http://www.pgkdistribution.com.au/product/genuine-mc4-connector-pairs/" "Mozilla/5.0 (Linux; Android 6.0.1; Nexus 5X Build/MMB29P) AppleWebKit/537.36 (KHTML, like Gecko) Chrome/125.0.6422.175 Mobile Safari/537.36 (compatible; Googlebot/2.1; +http://www.google.com/bot.html)"
66.249.66.197 - - [29/Jun/2024:15:07:12 +1000] "GET /wp-content/plugins/woo-gutenberg-products-block/build/rating-filter.css?ver=10.8.1 HTTP/1.1" 200 5716 "http://www.pgkdistribution.com.au/product/genuine-mc4-connector-pairs/" "Mozilla/5.0 (Linux; Android 6.0.1; Nexus 5X Build/MMB29P) AppleWebKit/537.36 (KHTML, like Gecko) Chrome/125.0.6422.175 Mobile Safari/537.36 (compatible; Googlebot/2.1; +http://www.google.com/bot.html)"
66.249.66.197 - - [29/Jun/2024:15:07:13 +1000] "GET /wp-content/plugins/contact-form-7/modules/recaptcha/index.js?ver=5.7.7 HTTP/1.1" 200 883 "http://www.pgkdistribution.com.au/product/genuine-mc4-connector-pairs/" "Mozilla/5.0 (Linux; Android 6.0.1; Nexus 5X Build/MMB29P) AppleWebKit/537.36 (KHTML, like Gecko) Chrome/125.0.6422.175 Mobile Safari/537.36 (compatible; Googlebot/2.1; +http://www.google.com/bot.html)"
66.249.66.197 - - [29/Jun/2024:15:07:14 +1000] "GET /wp-content/themes/storefront/assets/js/footer.min.js?ver=3.9.1 HTTP/1.1" 200 758 "http://www.pgkdistribution.com.au/product/genuine-mc4-connector-pairs/" "Mozilla/5.0 (Linux; Android 6.0.1; Nexus 5X Build/MMB29P) AppleWebKit/537.36 (KHTML, like Gecko) Chrome/125.0.6422.175 Mobile Safari/537.36 (compatible; Googlebot/2.1; +http://www.google.com/bot.html)"
66.249.66.197 - - [29/Jun/2024:15:07:14 +1000] "GET /wp-content/plugins/gutentor/assets/js/gutentor.js?ver=3.2.7 HTTP/1.1" 200 14975 "http://www.pgkdistribution.com.au/product/genuine-mc4-connector-pairs/" "Mozilla/5.0 (Linux; Android 6.0.1; Nexus 5X Build/MMB29P) AppleWebKit/537.36 (KHTML, like Gecko) Chrome/125.0.6422.175 Mobile Safari/537.36 (compatible; Googlebot/2.1; +http://www.google.com/bot.html)"
66.249.66.197 - - [29/Jun/2024:15:07:15 +1000] "POST /?wc-ajax=get_refreshed_fragments HTTP/1.1" 200 928 "http://www.pgkdistribution.com.au/product/genuine-mc4-connector-pairs/" "Mozilla/5.0 (Linux; Android 6.0.1; Nexus 5X Build/MMB29P) AppleWebKit/537.36 (KHTML, like Gecko) Chrome/125.0.6422.175 Mobile Safari/537.36 (compatible; Googlebot/2.1; +http://www.google.com/bot.html)"
66.249.66.85 - - [29/Jun/2024:15:51:52 +1000] "GET /product/flat-tile-roof-hook-set/ HTTP/1.1" 301 1001 "-" "Mozilla/5.0 (Linux; Android 6.0.1; Nexus 5X Build/MMB29P) AppleWebKit/537.36 (KHTML, like Gecko) Chrome/125.0.6422.175 Mobile Safari/537.36 (compatible; Googlebot/2.1; +http://www.google.com/bot.html)"
111.67.29.221 - - [29/Jun/2024:15:51:59 +1000] "POST /wp-cron.php?doing_wp_cron=1719640319.0423150062561035156250 HTTP/1.1" 200 296 "-" "WordPress/6.5.5; https://www.pgkdistribution.com.au"
66.249.66.198 - - [29/Jun/2024:15:51:53 +1000] "GET /product/flat-tile-roof-hook-set/ HTTP/1.1" 301 664 "-" "Mozilla/5.0 (Linux; Android 6.0.1; Nexus 5X Build/MMB29P) AppleWebKit/537.36 (KHTML, like Gecko) Chrome/125.0.6422.175 Mobile Safari/537.36 (compatible; Googlebot/2.1; +http://www.google.com/bot.html)"
66.249.66.199 - - [29/Jun/2024:16:08:23 +1000] "GET /wp-content/uploads/2021/06/SE008A-2k-x-2k-e1699584012989.jpg HTTP/1.1" 200 14732 "-" "Googlebot-Image/1.0"
41.216.188.168 - - [29/Jun/2024:16:12:59 +1000] "GET /wp-admin/inputs.php HTTP/1.1" 301 988 "www.google.com" "Mozlila/5.0 (Linux; Android 7.0; SM-G892A Bulid/NRD90M; wv) AppleWebKit/537.36 (KHTML, like Gecko) Version/4.0 Chrome/60.0.3112.107 Moblie Safari/537.36"
111.67.29.221 - - [29/Jun/2024:16:13:08 +1000] "POST /wp-cron.php?doing_wp_cron=1719641588.7714369297027587890625 HTTP/1.1" 200 296 "-" "WordPress/6.5.5; https://www.pgkdistribution.com.au"
41.216.188.168 - - [29/Jun/2024:16:13:03 +1000] "GET /wp-admin/inputs.php HTTP/1.1" 404 20212 "www.google.com" "Mozlila/5.0 (Linux; Android 7.0; SM-G892A Bulid/NRD90M; wv) AppleWebKit/537.36 (KHTML, like Gecko) Version/4.0 Chrome/60.0.3112.107 Moblie Safari/537.36"
121.229.185.160 - - [29/Jun/2024:16:45:26 +1000] "GET / HTTP/1.1" 301 969 "-" "Mozilla/5.0 (iPhone; CPU iPhone OS 13_2_3 like Mac OS X) AppleWebKit/605.1.15 (KHTML, like Gecko) Version/13.0.3 Mobile/15E148 Safari/604.1"
111.67.29.221 - - [29/Jun/2024:16:45:36 +1000] "POST /wp-cron.php?doing_wp_cron=1719643536.3830389976501464843750 HTTP/1.1" 200 296 "-" "WordPress/6.5.5; https://www.pgkdistribution.com.au"
121.229.185.160 - - [29/Jun/2024:16:45:31 +1000] "GET / HTTP/1.1" 301 497 "http://pgkdistribution.com.au" "Mozilla/5.0 (iPhone; CPU iPhone OS 13_2_3 like Mac OS X) AppleWebKit/605.1.15 (KHTML, like Gecko) Version/13.0.3 Mobile/15E148 Safari/604.1"
66.249.66.86 - - [29/Jun/2024:17:09:21 +1000] "GET /sitemap.xml HTTP/1.1" 301 980 "-" "Mozilla/5.0 (compatible; Googlebot/2.1; +http://www.google.com/bot.html)"
66.249.66.198 - - [29/Jun/2024:17:09:22 +1000] "GET /sitemap.xml HTTP/1.1" 404 18477 "-" "Mozilla/5.0 (compatible; Googlebot/2.1; +http://www.google.com/bot.html)"
209.97.149.192 - - [29/Jun/2024:17:15:50 +1000] "GET / HTTP/1.1" 301 969 "-" "Mozilla/5.0 (Macintosh; Intel Mac OS X 10_10_1) AppleWebKit/537.36 (KHTML, like Gecko) Chrome/41.0.2272.104 Safari/537.36"
111.67.29.221 - - [29/Jun/2024:17:15:52 +1000] "POST /wp-cron.php?doing_wp_cron=1719645352.4551520347595214843750 HTTP/1.1" 200 296 "-" "WordPress/6.5.5; https://www.pgkdistribution.com.au"
209.97.149.192 - - [29/Jun/2024:17:15:50 +1000] "GET / HTTP/1.1" 301 497 "-" "Mozilla/5.0 (Macintosh; Intel Mac OS X 10_10_1) AppleWebKit/537.36 (KHTML, like Gecko) Chrome/41.0.2272.104 Safari/537.36"
165.227.214.53 - - [29/Jun/2024:17:16:33 +1000] "GET / HTTP/1.1" 301 969 "-" "Mozilla/5.0 (Macintosh; Intel Mac OS X 10_10_1) AppleWebKit/537.36 (KHTML, like Gecko) Chrome/41.0.2272.104 Safari/537.36"
165.227.214.53 - - [29/Jun/2024:17:16:34 +1000] "GET / HTTP/1.1" 301 497 "-" "Mozilla/5.0 (Macintosh; Intel Mac OS X 10_10_1) AppleWebKit/537.36 (KHTML, like Gecko) Chrome/41.0.2272.104 Safari/537.36"
142.132.149.112 - - [29/Jun/2024:17:19:33 +1000] "GET / HTTP/1.1" 301 969 "-" "Mozilla/5.0 (Windows NT 10.0; Win64; x64) AppleWebKit/537.36 (KHTML, like Gecko) Chrome/120.0.0.0 Safari/537.36"
111.67.29.221 - - [29/Jun/2024:17:19:40 +1000] "POST /wp-cron.php?doing_wp_cron=1719645580.5844049453735351562500 HTTP/1.1" 200 296 "-" "WordPress/6.5.5; https://www.pgkdistribution.com.au"
142.132.149.112 - - [29/Jun/2024:17:19:35 +1000] "GET / HTTP/1.1" 301 497 "-" "Mozilla/5.0 (Windows NT 10.0; Win64; x64) AppleWebKit/537.36 (KHTML, like Gecko) Chrome/120.0.0.0 Safari/537.36"
66.249.66.86 - - [29/Jun/2024:17:20:07 +1000] "GET /sitemap_index.xml HTTP/1.1" 301 986 "-" "Mozilla/5.0 (compatible; Googlebot/2.1; +http://www.google.com/bot.html)"
111.67.29.221 - - [29/Jun/2024:17:20:10 +1000] "POST /wp-cron.php?doing_wp_cron=1719645610.8924999237060546875000 HTTP/1.1" 200 296 "-" "WordPress/6.5.5; https://www.pgkdistribution.com.au"
66.249.66.199 - - [29/Jun/2024:17:20:08 +1000] "GET /sitemap_index.xml HTTP/1.1" 200 896 "-" "Mozilla/5.0 (compatible; Googlebot/2.1; +http://www.google.com/bot.html)"
66.249.66.199 - - [29/Jun/2024:17:59:40 +1000] "GET /wp-content/uploads/2021/06/SE015E-500x500-1.jpg HTTP/1.1" 200 18164 "-" "Googlebot-Image/1.0"
66.249.66.86 - - [29/Jun/2024:18:23:50 +1000] "GET / HTTP/1.1" 301 969 "-" "Mozilla/5.0 (compatible; Googlebot/2.1; +http://www.google.com/bot.html)"
111.67.29.221 - - [29/Jun/2024:18:23:55 +1000] "POST /wp-cron.php?doing_wp_cron=1719649435.6992909908294677734375 HTTP/1.1" 200 296 "-" "WordPress/6.5.5; https://www.pgkdistribution.com.au"
66.249.66.197 - - [29/Jun/2024:18:23:50 +1000] "GET / HTTP/1.1" 301 497 "-" "Mozilla/5.0 (compatible; Googlebot/2.1; +http://www.google.com/bot.html)"
85.208.115.216 - - [29/Jun/2024:18:31:58 +1000] "GET /contact-us/ HTTP/1.1" 301 980 "-" "Mozilla/5.0 (Windows NT 10.0; Win64; x64) AppleWebKit/537.36 (KHTML, like Gecko) Chrome/118.0.0.0 Safari/537.36"
85.208.115.216 - - [29/Jun/2024:18:32:00 +1000] "GET /contact-us/ HTTP/1.1" 301 980 "-" "Mozilla/5.0 (Windows NT 10.0; Win64; x64) AppleWebKit/537.36 (KHTML, like Gecko) Chrome/118.0.0.0 Safari/537.36"
66.249.66.87 - - [29/Jun/2024:18:43:06 +1000] "GET /product/inner-clamp-40mm-silver/ HTTP/1.1" 301 1001 "-" "Mozilla/5.0 (Linux; Android 6.0.1; Nexus 5X Build/MMB29P) AppleWebKit/537.36 (KHTML, like Gecko) Chrome/125.0.6422.175 Mobile Safari/537.36 (compatible; Googlebot/2.1; +http://www.google.com/bot.html)"
111.67.29.221 - - [29/Jun/2024:18:43:12 +1000] "POST /wp-cron.php?doing_wp_cron=1719650592.9614939689636230468750 HTTP/1.1" 200 296 "-" "WordPress/6.5.5; https://www.pgkdistribution.com.au"
66.249.66.199 - - [29/Jun/2024:18:43:07 +1000] "GET /product/inner-clamp-40mm-silver/ HTTP/1.1" 200 23287 "-" "Mozilla/5.0 (Linux; Android 6.0.1; Nexus 5X Build/MMB29P) AppleWebKit/537.36 (KHTML, like Gecko) Chrome/125.0.6422.175 Mobile Safari/537.36 (compatible; Googlebot/2.1; +http://www.google.com/bot.html)"
66.249.66.198 - - [29/Jun/2024:18:43:17 +1000] "GET /wp-content/plugins/tier-pricing-table/assets/frontend/main.css?ver=6.3.0 HTTP/1.1" 200 2013 "http://www.pgkdistribution.com.au/product/inner-clamp-40mm-silver/" "Mozilla/5.0 (Linux; Android 6.0.1; Nexus 5X Build/MMB29P) AppleWebKit/537.36 (KHTML, like Gecko) Chrome/125.0.6422.175 Mobile Safari/537.36 (compatible; Googlebot/2.1; +http://www.google.com/bot.html)"
66.249.66.198 - - [29/Jun/2024:18:43:18 +1000] "GET /wp-content/plugins/woo-gutenberg-products-block/build/mini-cart.css?ver=10.8.1 HTTP/1.1" 200 3394 "http://www.pgkdistribution.com.au/product/inner-clamp-40mm-silver/" "Mozilla/5.0 (Linux; Android 6.0.1; Nexus 5X Build/MMB29P) AppleWebKit/537.36 (KHTML, like Gecko) Chrome/125.0.6422.175 Mobile Safari/537.36 (compatible; Googlebot/2.1; +http://www.google.com/bot.html)"
66.249.66.198 - - [29/Jun/2024:18:43:19 +1000] "GET /wp-content/plugins/woo-gutenberg-products-block/build/stock-filter.css?ver=10.8.1 HTTP/1.1" 200 5460 "http://www.pgkdistribution.com.au/product/inner-clamp-40mm-silver/" "Mozilla/5.0 (Linux; Android 6.0.1; Nexus 5X Build/MMB29P) AppleWebKit/537.36 (KHTML, like Gecko) Chrome/125.0.6422.175 Mobile Safari/537.36 (compatible; Googlebot/2.1; +http://www.google.com/bot.html)"
66.249.66.198 - - [29/Jun/2024:18:43:20 +1000] "GET /wp-content/plugins/woo-gutenberg-products-block/build/product-reviews.css?ver=10.8.1 HTTP/1.1" 200 900 "http://www.pgkdistribution.com.au/product/inner-clamp-40mm-silver/" "Mozilla/5.0 (Linux; Android 6.0.1; Nexus 5X Build/MMB29P) AppleWebKit/537.36 (KHTML, like Gecko) Chrome/125.0.6422.175 Mobile Safari/537.36 (compatible; Googlebot/2.1; +http://www.google.com/bot.html)"
66.249.66.197 - - [29/Jun/2024:18:43:21 +1000] "GET /wp-content/plugins/woo-gutenberg-products-block/build/catalog-sorting.css?ver=10.8.1 HTTP/1.1" 200 695 "http://www.pgkdistribution.com.au/product/inner-clamp-40mm-silver/" "Mozilla/5.0 (Linux; Android 6.0.1; Nexus 5X Build/MMB29P) AppleWebKit/537.36 (KHTML, like Gecko) Chrome/125.0.6422.175 Mobile Safari/537.36 (compatible; Googlebot/2.1; +http://www.google.com/bot.html)"
66.249.66.197 - - [29/Jun/2024:18:43:22 +1000] "GET /wp-content/themes/storefront/assets/css/base/icons.css?ver=3.9.1 HTTP/1.1" 200 18547 "http://www.pgkdistribution.com.au/product/inner-clamp-40mm-silver/" "Mozilla/5.0 (Linux; Android 6.0.1; Nexus 5X Build/MMB29P) AppleWebKit/537.36 (KHTML, like Gecko) Chrome/125.0.6422.175 Mobile Safari/537.36 (compatible; Googlebot/2.1; +http://www.google.com/bot.html)"
66.249.66.197 - - [29/Jun/2024:18:43:23 +1000] "GET /wp-content/plugins/storefront-footer-bar/assets/css/style.css?ver=6.5.5 HTTP/1.1" 200 652 "http://www.pgkdistribution.com.au/product/inner-clamp-40mm-silver/" "Mozilla/5.0 (Linux; Android 6.0.1; Nexus 5X Build/MMB29P) AppleWebKit/537.36 (KHTML, like Gecko) Chrome/125.0.6422.175 Mobile Safari/537.36 (compatible; Googlebot/2.1; +http://www.google.com/bot.html)"
66.249.66.197 - - [29/Jun/2024:18:43:23 +1000] "GET /wp-content/plugins/woo-gutenberg-products-block/build/rating-filter.css?ver=10.8.1 HTTP/1.1" 200 5716 "http://www.pgkdistribution.com.au/product/inner-clamp-40mm-silver/" "Mozilla/5.0 (Linux; Android 6.0.1; Nexus 5X Build/MMB29P) AppleWebKit/537.36 (KHTML, like Gecko) Chrome/125.0.6422.175 Mobile Safari/537.36 (compatible; Googlebot/2.1; +http://www.google.com/bot.html)"
66.249.66.197 - - [29/Jun/2024:18:43:24 +1000] "GET /wp-content/plugins/gutentor/dist/gutentor-woocommerce.css?ver=3.2.7 HTTP/1.1" 200 1171 "http://www.pgkdistribution.com.au/product/inner-clamp-40mm-silver/" "Mozilla/5.0 (Linux; Android 6.0.1; Nexus 5X Build/MMB29P) AppleWebKit/537.36 (KHTML, like Gecko) Chrome/125.0.6422.175 Mobile Safari/537.36 (compatible; Googlebot/2.1; +http://www.google.com/bot.html)"
66.249.66.197 - - [29/Jun/2024:18:43:25 +1000] "GET /wp-content/plugins/hide-price-add-to-cart-button/assets/css/afwhp_front.css?ver=1.0 HTTP/1.1" 200 744 "http://www.pgkdistribution.com.au/product/inner-clamp-40mm-silver/" "Mozilla/5.0 (Linux; Android 6.0.1; Nexus 5X Build/MMB29P) AppleWebKit/537.36 (KHTML, like Gecko) Chrome/125.0.6422.175 Mobile Safari/537.36 (compatible; Googlebot/2.1; +http://www.google.com/bot.html)"
66.249.66.197 - - [29/Jun/2024:18:43:25 +1000] "GET /wp-content/plugins/woo-gutenberg-products-block/build/product-button.css?ver=10.8.1 HTTP/1.1" 200 1357 "http://www.pgkdistribution.com.au/product/inner-clamp-40mm-silver/" "Mozilla/5.0 (Linux; Android 6.0.1; Nexus 5X Build/MMB29P) AppleWebKit/537.36 (KHTML, like Gecko) Chrome/125.0.6422.175 Mobile Safari/537.36 (compatible; Googlebot/2.1; +http://www.google.com/bot.html)"
66.249.66.197 - - [29/Jun/2024:18:43:26 +1000] "GET /wp-content/plugins/woo-gutenberg-products-block/build/active-filters.css?ver=10.8.1 HTTP/1.1" 200 2749 "http://www.pgkdistribution.com.au/product/inner-clamp-40mm-silver/" "Mozilla/5.0 (Linux; Android 6.0.1; Nexus 5X Build/MMB29P) AppleWebKit/537.36 (KHTML, like Gecko) Chrome/125.0.6422.175 Mobile Safari/537.36 (compatible; Googlebot/2.1; +http://www.google.com/bot.html)"
66.249.66.197 - - [29/Jun/2024:18:43:26 +1000] "GET /wp-content/plugins/woo-gutenberg-products-block/build/product-results-count.css?ver=10.8.1 HTTP/1.1" 200 663 "http://www.pgkdistribution.com.au/product/inner-clamp-40mm-silver/" "Mozilla/5.0 (Linux; Android 6.0.1; Nexus 5X Build/MMB29P) AppleWebKit/537.36 (KHTML, like Gecko) Chrome/125.0.6422.175 Mobile Safari/537.36 (compatible; Googlebot/2.1; +http://www.google.com/bot.html)"
66.249.66.197 - - [29/Jun/2024:18:43:27 +1000] "GET /wp-content/plugins/gutentor/assets/library/slick/slick.min.css?ver=1.8.1 HTTP/1.1" 200 950 "http://www.pgkdistribution.com.au/product/inner-clamp-40mm-silver/" "Mozilla/5.0 (Linux; Android 6.0.1; Nexus 5X Build/MMB29P) AppleWebKit/537.36 (KHTML, like Gecko) Chrome/125.0.6422.175 Mobile Safari/537.36 (compatible; Googlebot/2.1; +http://www.google.com/bot.html)"
66.249.66.197 - - [29/Jun/2024:18:43:27 +1000] "GET /wp-content/plugins/woo-gutenberg-products-block/build/checkout.css?ver=10.8.1 HTTP/1.1" 200 12675 "http://www.pgkdistribution.com.au/product/inner-clamp-40mm-silver/" "Mozilla/5.0 (Linux; Android 6.0.1; Nexus 5X Build/MMB29P) AppleWebKit/537.36 (KHTML, like Gecko) Chrome/125.0.6422.175 Mobile Safari/537.36 (compatible; Googlebot/2.1; +http://www.google.com/bot.html)"
66.249.66.197 - - [29/Jun/2024:18:43:28 +1000] "GET /wp-content/plugins/hide-price-add-to-cart-button/assets/js/jquery.popupoverlay.js?ver=1.0 HTTP/1.1" 200 7271 "http://www.pgkdistribution.com.au/product/inner-clamp-40mm-silver/" "Mozilla/5.0 (Linux; Android 6.0.1; Nexus 5X Build/MMB29P) AppleWebKit/537.36 (KHTML, like Gecko) Chrome/125.0.6422.175 Mobile Safari/537.36 (compatible; Googlebot/2.1; +http://www.google.com/bot.html)"
66.249.66.197 - - [29/Jun/2024:18:43:28 +1000] "GET /wp-content/plugins/woo-gutenberg-products-block/build/product-rating-stars.css?ver=10.8.1 HTTP/1.1" 200 1395 "http://www.pgkdistribution.com.au/product/inner-clamp-40mm-silver/" "Mozilla/5.0 (Linux; Android 6.0.1; Nexus 5X Build/MMB29P) AppleWebKit/537.36 (KHTML, like Gecko) Chrome/125.0.6422.175 Mobile Safari/537.36 (compatible; Googlebot/2.1; +http://www.google.com/bot.html)"
66.249.66.197 - - [29/Jun/2024:18:43:29 +1000] "GET /wp-content/plugins/woo-gutenberg-products-block/build/all-reviews.css?ver=10.8.1 HTTP/1.1" 200 2401 "http://www.pgkdistribution.com.au/product/inner-clamp-40mm-silver/" "Mozilla/5.0 (Linux; Android 6.0.1; Nexus 5X Build/MMB29P) AppleWebKit/537.36 (KHTML, like Gecko) Chrome/125.0.6422.175 Mobile Safari/537.36 (compatible; Googlebot/2.1; +http://www.google.com/bot.html)"
66.249.66.197 - - [29/Jun/2024:18:43:29 +1000] "GET /wp-content/plugins/user-registration-plugin-for-woocommerce/front/js/afreg_color_spectrum.js?ver=1.0 HTTP/1.1" 200 21591 "http://www.pgkdistribution.com.au/product/inner-clamp-40mm-silver/" "Mozilla/5.0 (Linux; Android 6.0.1; Nexus 5X Build/MMB29P) AppleWebKit/537.36 (KHTML, like Gecko) Chrome/125.0.6422.175 Mobile Safari/537.36 (compatible; Googlebot/2.1; +http://www.google.com/bot.html)"
66.249.66.197 - - [29/Jun/2024:18:43:30 +1000] "GET /wp-content/plugins/if-menu/assets/if-menu-site.css?ver=6.5.5 HTTP/1.1" 200 933 "http://www.pgkdistribution.com.au/product/inner-clamp-40mm-silver/" "Mozilla/5.0 (Linux; Android 6.0.1; Nexus 5X Build/MMB29P) AppleWebKit/537.36 (KHTML, like Gecko) Chrome/125.0.6422.175 Mobile Safari/537.36 (compatible; Googlebot/2.1; +http://www.google.com/bot.html)"
