66.249.66.198 - - [30/Jun/2024:20:36:13 +1000] "GET /wp-content/plugins/advanced-product-fields-for-woocommerce/assets/js/frontend.min.js?ver=1.6.6 HTTP/1.1" 200 2784 "http://www.pgkdistribution.com.au/contact-us/" "Mozilla/5.0 (Linux; Android 6.0.1; Nexus 5X Build/MMB29P) AppleWebKit/537.36 (KHTML, like Gecko) Chrome/125.0.6422.175 Mobile Safari/537.36 (compatible; Googlebot/2.1; +http://www.google.com/bot.html)"
66.249.66.197 - - [30/Jun/2024:20:36:14 +1000] "GET /wp-content/plugins/woo-gutenberg-products-block/build/product-details.css?ver=10.8.1 HTTP/1.1" 200 830 "http://www.pgkdistribution.com.au/contact-us/" "Mozilla/5.0 (Linux; Android 6.0.1; Nexus 5X Build/MMB29P) AppleWebKit/537.36 (KHTML, like Gecko) Chrome/125.0.6422.175 Mobile Safari/537.36 (compatible; Googlebot/2.1; +http://www.google.com/bot.html)"
66.249.66.198 - - [30/Jun/2024:20:36:14 +1000] "GET /wp-content/plugins/woo-gutenberg-products-block/build/all-products.css?ver=10.8.1 HTTP/1.1" 200 5625 "http://www.pgkdistribution.com.au/contact-us/" "Mozilla/5.0 (Linux; Android 6.0.1; Nexus 5X Build/MMB29P) AppleWebKit/537.36 (KHTML, like Gecko) Chrome/125.0.6422.175 Mobile Safari/537.36 (compatible; Googlebot/2.1; +http://www.google.com/bot.html)"
66.249.66.198 - - [30/Jun/2024:20:36:15 +1000] "GET /wp-content/plugins/woo-gutenberg-products-block/build/cart.css?ver=10.8.1 HTTP/1.1" 200 12915 "http://www.pgkdistribution.com.au/contact-us/" "Mozilla/5.0 (Linux; Android 6.0.1; Nexus 5X Build/MMB29P) AppleWebKit/537.36 (KHTML, like Gecko) Chrome/125.0.6422.175 Mobile Safari/537.36 (compatible; Googlebot/2.1; +http://www.google.com/bot.html)"
66.249.66.197 - - [30/Jun/2024:20:36:16 +1000] "GET /wp-content/plugins/if-menu/assets/if-menu-site.css?ver=6.5.5 HTTP/1.1" 200 933 "http://www.pgkdistribution.com.au/contact-us/" "Mozilla/5.0 (Linux; Android 6.0.1; Nexus 5X Build/MMB29P) AppleWebKit/537.36 (KHTML, like Gecko) Chrome/125.0.6422.175 Mobile Safari/537.36 (compatible; Googlebot/2.1; +http://www.google.com/bot.html)"
66.249.66.197 - - [30/Jun/2024:20:36:17 +1000] "GET /wp-content/plugins/advanced-product-fields-for-woocommerce/assets/css/frontend.min.css?ver=1.6.6 HTTP/1.1" 200 954 "http://www.pgkdistribution.com.au/contact-us/" "Mozilla/5.0 (Linux; Android 6.0.1; Nexus 5X Build/MMB29P) AppleWebKit/537.36 (KHTML, like Gecko) Chrome/125.0.6422.175 Mobile Safari/537.36 (compatible; Googlebot/2.1; +http://www.google.com/bot.html)"
66.249.66.197 - - [30/Jun/2024:20:36:18 +1000] "GET /wp-content/themes/storefront/assets/css/base/gutenberg-blocks.css?ver=3.9.1 HTTP/1.1" 200 5055 "http://www.pgkdistribution.com.au/contact-us/" "Mozilla/5.0 (Linux; Android 6.0.1; Nexus 5X Build/MMB29P) AppleWebKit/537.36 (KHTML, like Gecko) Chrome/125.0.6422.175 Mobile Safari/537.36 (compatible; Googlebot/2.1; +http://www.google.com/bot.html)"
66.249.66.197 - - [30/Jun/2024:20:36:18 +1000] "GET /wp-content/plugins/storefront-hamburger-menu/assets/css/style.css?ver=1.2.2 HTTP/1.1" 200 1190 "http://www.pgkdistribution.com.au/contact-us/" "Mozilla/5.0 (Linux; Android 6.0.1; Nexus 5X Build/MMB29P) AppleWebKit/537.36 (KHTML, like Gecko) Chrome/125.0.6422.175 Mobile Safari/537.36 (compatible; Googlebot/2.1; +http://www.google.com/bot.html)"
66.249.66.197 - - [30/Jun/2024:20:36:23 +1000] "POST /?wc-ajax=get_refreshed_fragments HTTP/1.1" 200 928 "http://www.pgkdistribution.com.au/contact-us/" "Mozilla/5.0 (Linux; Android 6.0.1; Nexus 5X Build/MMB29P) AppleWebKit/537.36 (KHTML, like Gecko) Chrome/125.0.6422.175 Mobile Safari/537.36 (compatible; Googlebot/2.1; +http://www.google.com/bot.html)"
207.46.13.153 - - [30/Jun/2024:21:13:30 +1000] "GET /solar-inverters/bosch-inverters/hybrid-inverters.html HTTP/1.1" 301 1022 "-" "Mozilla/5.0 AppleWebKit/537.36 (KHTML, like Gecko; compatible; bingbot/2.0; +http://www.bing.com/bingbot.htm) Chrome/116.0.1938.76 Safari/537.36"
35.95.23.186 - - [30/Jun/2024:22:03:47 +1000] "GET / HTTP/1.1" 301 969 "-" "Mozilla/5.0 (X11; Linux x86_64) AppleWebKit/537.36 (KHTML, like Gecko) Chrome/83.0.4103.97 Safari/537.36"
111.67.29.221 - - [30/Jun/2024:22:03:57 +1000] "POST /wp-cron.php?doing_wp_cron=1719749037.7768800258636474609375 HTTP/1.1" 200 296 "-" "WordPress/6.5.5; https://www.pgkdistribution.com.au"
35.95.23.186 - - [30/Jun/2024:22:03:52 +1000] "GET / HTTP/1.1" 301 497 "-" "Mozilla/5.0 (X11; Linux x86_64) AppleWebKit/537.36 (KHTML, like Gecko) Chrome/83.0.4103.97 Safari/537.36"
66.249.66.198 - - [30/Jun/2024:22:06:50 +1000] "GET /wp-content/uploads/2021/06/mClBl35EC.jpg HTTP/1.1" 200 5382 "-" "Googlebot-Image/1.0"
66.249.66.198 - - [30/Jun/2024:22:20:41 +1000] "GET /wp-content/uploads/2021/05/1000V-DC-500x500-2.jpeg HTTP/1.1" 200 148467 "-" "Googlebot-Image/1.0"
167.235.1.20 - - [30/Jun/2024:22:29:14 +1000] "GET / HTTP/1.1" 301 969 "-" "Mozilla/5.0 (Macintosh; Intel Mac OS X 10_15_7) AppleWebKit/537.36 (KHTML, like Gecko) Chrome/108.0.0.0 Safari/537.361675786130"
111.67.29.221 - - [30/Jun/2024:22:29:21 +1000] "POST /wp-cron.php?doing_wp_cron=1719750561.5437269210815429687500 HTTP/1.1" 200 296 "-" "WordPress/6.5.5; https://www.pgkdistribution.com.au"
167.235.1.20 - - [30/Jun/2024:22:29:16 +1000] "GET / HTTP/1.1" 301 497 "-" "Mozilla/5.0 (Macintosh; Intel Mac OS X 10_15_7) AppleWebKit/537.36 (KHTML, like Gecko) Chrome/108.0.0.0 Safari/537.361675786130"
62.232.33.62 - - [30/Jun/2024:22:49:33 +1000] "GET / HTTP/1.1" 301 969 "-" "Mozilla/5.0 (Windows NT 10.0; WOW64; rv:48.0) Gecko/20100101 Firefox/48.0"
111.67.29.221 - - [30/Jun/2024:22:49:38 +1000] "POST /wp-cron.php?doing_wp_cron=1719751778.5681190490722656250000 HTTP/1.1" 200 296 "-" "WordPress/6.5.5; https://www.pgkdistribution.com.au"
62.232.33.62 - - [30/Jun/2024:22:49:34 +1000] "GET / HTTP/1.1" 301 497 "-" "Mozilla/5.0 (Windows NT 10.0; Win64; x64) AppleWebKit/537.36 (KHTML, like Gecko) Chrome/46.0.2486.0 Safari/537.36 Edge/13.10586"
62.232.33.62 - - [30/Jun/2024:22:50:41 +1000] "GET / HTTP/1.1" 301 969 "-" "Mozilla/5.0 (X11; Linux x86_64) AppleWebKit/537.36 (KHTML, like Gecko) HeadlessChrome/119.0.6045.105 Safari/537.36"
62.232.33.62 - - [30/Jun/2024:22:50:41 +1000] "GET / HTTP/1.1" 301 497 "-" "Mozilla/5.0 (X11; Linux x86_64) AppleWebKit/537.36 (KHTML, like Gecko) HeadlessChrome/119.0.6045.105 Safari/537.36"
66.249.66.86 - - [30/Jun/2024:23:09:13 +1000] "GET / HTTP/1.1" 301 969 "-" "Mozilla/5.0 (compatible; Googlebot/2.1; +http://www.google.com/bot.html)"
111.67.29.221 - - [30/Jun/2024:23:09:18 +1000] "POST /wp-cron.php?doing_wp_cron=1719752957.9234859943389892578125 HTTP/1.1" 200 296 "-" "WordPress/6.5.5; https://www.pgkdistribution.com.au"
66.249.66.199 - - [30/Jun/2024:23:09:13 +1000] "GET / HTTP/1.1" 301 497 "-" "Mozilla/5.0 (compatible; Googlebot/2.1; +http://www.google.com/bot.html)"
46.149.75.86 - - [30/Jun/2024:23:53:42 +1000] "GET /contact-us/ HTTP/1.0" 301 943 "http://pgkdistribution.com.au/contact-us/" "Mozilla/5.0 (Windows NT 10.0; Win64; x64) AppleWebKit/537.36 (KHTML, like Gecko) Chrome/113.0.0.0 Safari/537.36"
111.67.29.221 - - [30/Jun/2024:23:53:48 +1000] "POST /wp-cron.php?doing_wp_cron=1719755628.5993421077728271484375 HTTP/1.1" 200 296 "-" "WordPress/6.5.5; https://www.pgkdistribution.com.au"
46.149.75.86 - - [30/Jun/2024:23:53:43 +1000] "GET /contact-us/ HTTP/1.0" 200 87258 "http://www.pgkdistribution.com.au/contact-us/" "Mozilla/5.0 (Windows NT 10.0; Win64; x64) AppleWebKit/537.36 (KHTML, like Gecko) Chrome/113.0.0.0 Safari/537.36"
66.249.66.87 - - [01/Jul/2024:00:03:58 +1000] "GET /ads.txt HTTP/1.1" 301 976 "-" "Mozilla/5.0 (compatible; Googlebot/2.1; +http://www.google.com/bot.html)"
66.249.66.87 - - [01/Jul/2024:00:03:58 +1000] "GET /robots.txt HTTP/1.1" 301 979 "-" "Mozilla/5.0 (compatible; Googlebot/2.1; +http://www.google.com/bot.html)"
111.67.29.221 - - [01/Jul/2024:00:04:05 +1000] "POST /wp-cron.php?doing_wp_cron=1719756244.8393919467926025390625 HTTP/1.1" 200 296 "-" "WordPress/6.5.5; https://www.pgkdistribution.com.au"
66.249.66.198 - - [01/Jul/2024:00:03:58 +1000] "GET /robots.txt HTTP/1.1" 200 716 "-" "Mozilla/5.0 (compatible; Googlebot/2.1; +http://www.google.com/bot.html)"
66.249.66.197 - - [01/Jul/2024:00:03:59 +1000] "GET /ads.txt HTTP/1.1" 404 20196 "-" "Mozilla/5.0 (compatible; Googlebot/2.1; +http://www.google.com/bot.html)"
111.67.29.221 - - [01/Jul/2024:00:36:19 +1000] "POST /wp-cron.php?doing_wp_cron=1719758179.3861908912658691406250 HTTP/1.1" 200 296 "-" "WordPress/6.5.5; https://www.pgkdistribution.com.au"
17.241.219.190 - - [01/Jul/2024:00:36:13 +1000] "GET / HTTP/1.1" 301 497 "-" "Mozilla/5.0 (Macintosh; Intel Mac OS X 10_15_7) AppleWebKit/605.1.15 (KHTML, like Gecko) Version/17.4 Safari/605.1.15 (Applebot/0.1; +http://www.apple.com/go/applebot)"
148.72.210.224 - - [01/Jul/2024:00:40:33 +1000] "GET /contact-us/ HTTP/1.0" 301 943 "http://pgkdistribution.com.au/contact-us/" "Mozilla/5.0 (Windows NT 10.0; Win64; x64) AppleWebKit/537.36 (KHTML, like Gecko) Chrome/120.0.0.0 Safari/537.36"
111.67.29.221 - - [01/Jul/2024:00:40:40 +1000] "POST /wp-cron.php?doing_wp_cron=1719758439.9780719280242919921875 HTTP/1.1" 200 296 "-" "WordPress/6.5.5; https://www.pgkdistribution.com.au"
148.72.210.224 - - [01/Jul/2024:00:40:34 +1000] "GET /contact-us/ HTTP/1.0" 200 87260 "http://www.pgkdistribution.com.au/contact-us/" "Mozilla/5.0 (Windows NT 10.0; Win64; x64) AppleWebKit/537.36 (KHTML, like Gecko) Chrome/120.0.0.0 Safari/537.36"
111.67.29.221 - - [01/Jul/2024:01:08:33 +1000] "POST /wp-cron.php?doing_wp_cron=1719760110.0854380130767822265625 HTTP/1.1" 200 296 "-" "WordPress/6.5.5; https://www.pgkdistribution.com.au"
17.241.219.241 - - [01/Jul/2024:01:08:25 +1000] "GET /index.php HTTP/1.1" 301 506 "-" "Mozilla/5.0 (Macintosh; Intel Mac OS X 10_15_7) AppleWebKit/605.1.15 (KHTML, like Gecko) Version/17.4 Safari/605.1.15 (Applebot/0.1; +http://www.apple.com/go/applebot)"
157.55.39.8 - - [01/Jul/2024:01:11:58 +1000] "GET /solar-inverters/solax-inverters/three-phase-inverters.html?mode=list HTTP/1.1" 301 1037 "-" "Mozilla/5.0 AppleWebKit/537.36 (KHTML, like Gecko; compatible; bingbot/2.0; +http://www.bing.com/bingbot.htm) Chrome/116.0.1938.76 Safari/537.36"
94.131.64.212 - - [01/Jul/2024:01:18:57 +1000] "GET /wp-login.php HTTP/1.1" 301 981 "http://pgkdistribution.com.au/" "Mozilla/5.0 (Macintosh; Intel Mac OS X 12_5) AppleWebKit/537.36 (KHTML, like Gecko) Chrome/114.0.0.0 YaBrowser/22.7.0 Yowser/2.5 Safari/537.36"
111.67.29.221 - - [01/Jul/2024:01:19:05 +1000] "POST /wp-cron.php?doing_wp_cron=1719760745.5971210002899169921875 HTTP/1.1" 200 296 "-" "WordPress/6.5.5; https://www.pgkdistribution.com.au"
94.131.64.212 - - [01/Jul/2024:01:18:58 +1000] "GET /wp-login.php HTTP/1.1" 302 572 "http://pgkdistribution.com.au/wp-login.php" "Mozilla/5.0 (Macintosh; Intel Mac OS X 12_5) AppleWebKit/537.36 (KHTML, like Gecko) Chrome/114.0.0.0 YaBrowser/22.7.0 Yowser/2.5 Safari/537.36"
40.77.167.75 - - [01/Jul/2024:01:45:55 +1000] "GET /bosch-bpt-s-5-hybrid-solar-inverter-6-6kwh.html HTTP/1.1" 301 1016 "-" "Mozilla/5.0 AppleWebKit/537.36 (KHTML, like Gecko; compatible; bingbot/2.0; +http://www.bing.com/bingbot.htm) Chrome/116.0.1938.76 Safari/537.36"
66.249.66.87 - - [01/Jul/2024:01:52:01 +1000] "GET /product/pgk-250v-ac-20amp-1p-circuit-breaker/ HTTP/1.1" 301 1014 "-" "Mozilla/5.0 (Linux; Android 6.0.1; Nexus 5X Build/MMB29P) AppleWebKit/537.36 (KHTML, like Gecko) Chrome/125.0.6422.175 Mobile Safari/537.36 (compatible; Googlebot/2.1; +http://www.google.com/bot.html)"
111.67.29.221 - - [01/Jul/2024:01:52:07 +1000] "POST /wp-cron.php?doing_wp_cron=1719762727.0286591053009033203125 HTTP/1.1" 200 296 "-" "WordPress/6.5.5; https://www.pgkdistribution.com.au"
66.249.66.198 - - [01/Jul/2024:01:52:02 +1000] "GET /product/pgk-250v-ac-20amp-1p-circuit-breaker/ HTTP/1.1" 200 23244 "-" "Mozilla/5.0 (Linux; Android 6.0.1; Nexus 5X Build/MMB29P) AppleWebKit/537.36 (KHTML, like Gecko) Chrome/125.0.6422.175 Mobile Safari/537.36 (compatible; Googlebot/2.1; +http://www.google.com/bot.html)"
111.67.29.221 - - [01/Jul/2024:01:55:45 +1000] "POST /wp-cron.php?doing_wp_cron=1719762945.8267459869384765625000 HTTP/1.1" 200 296 "-" "WordPress/6.5.5; https://www.pgkdistribution.com.au"
54.36.149.51 - - [01/Jul/2024:01:55:40 +1000] "GET /robots.txt HTTP/1.1" 200 716 "-" "Mozilla/5.0 (compatible; AhrefsBot/7.0; +http://ahrefs.com/robot/)"
51.222.253.1 - - [01/Jul/2024:01:55:47 +1000] "GET / HTTP/1.1" 301 497 "-" "Mozilla/5.0 (compatible; AhrefsBot/7.0; +http://ahrefs.com/robot/)"
111.67.29.221 - - [01/Jul/2024:02:14:15 +1000] "POST /wp-cron.php?doing_wp_cron=1719764055.5174129009246826171875 HTTP/1.1" 200 296 "-" "WordPress/6.5.5; https://www.pgkdistribution.com.au"
10.179.80.226 - - [01/Jul/2024:02:14:10 +1000] "GET /robots.txt HTTP/1.1" 200 747 "-" "Mozilla/5.0 (compatible;PetalBot;+https://webmaster.petalsearch.com/site/petalbot)"
141.98.11.166 - - [01/Jul/2024:02:24:17 +1000] "GET /eXtplorer/index.php HTTP/1.0" 301 951 "-" "Mozilla/5.0 (Windows NT 6.3; Win64; x64) AppleWebKit/537.36 (KHTML, like Gecko) Chrome/75.0.3770.100 Safari/537.36"
66.249.66.199 - - [01/Jul/2024:02:28:53 +1000] "GET /wp-content/uploads/2021/06/SE007ALL.jpg HTTP/1.1" 200 28905 "-" "Googlebot-Image/1.0"
67.217.62.178 - - [01/Jul/2024:02:34:54 +1000] "GET /wp-login.php HTTP/1.1" 301 944 "-" "Mozilla/5.0 (X11; Fedora; Linux x86_64; rv:94.0) Gecko/20100101 Firefox/95.0"
111.67.29.221 - - [01/Jul/2024:02:35:01 +1000] "POST /wp-cron.php?doing_wp_cron=1719765301.3837549686431884765625 HTTP/1.1" 200 296 "-" "WordPress/6.5.5; https://www.pgkdistribution.com.au"
67.217.62.178 - - [01/Jul/2024:02:34:54 +1000] "GET /wp-login.php HTTP/1.1" 302 535 "http://pgkdistribution.com.au/wp-login.php" "Mozilla/5.0 (X11; Fedora; Linux x86_64; rv:94.0) Gecko/20100101 Firefox/95.0"
67.217.62.178 - - [01/Jul/2024:02:35:05 +1000] "GET ///?author=1 HTTP/1.1" 301 941 "-" "Mozilla/5.0 (X11; Fedora; Linux x86_64; rv:94.0) Gecko/20100101 Firefox/95.0"
67.217.62.178 - - [01/Jul/2024:02:35:06 +1000] "GET /?author=1 HTTP/1.1" 301 496 "http://pgkdistribution.com.au///?author=1" "Mozilla/5.0 (X11; Fedora; Linux x86_64; rv:94.0) Gecko/20100101 Firefox/95.0"
67.217.62.178 - - [01/Jul/2024:02:35:12 +1000] "GET ///wp-json/wp/v2/users/ HTTP/1.1" 301 952 "-" "Mozilla/5.0 (X11; Fedora; Linux x86_64; rv:94.0) Gecko/20100101 Firefox/95.0"
67.217.62.178 - - [01/Jul/2024:02:35:13 +1000] "GET /wp-json/wp/v2/users/ HTTP/1.1" 200 3139 "http://pgkdistribution.com.au///wp-json/wp/v2/users/" "Mozilla/5.0 (X11; Fedora; Linux x86_64; rv:94.0) Gecko/20100101 Firefox/95.0"
67.217.62.178 - - [01/Jul/2024:02:35:23 +1000] "GET ///?author=2 HTTP/1.1" 301 941 "-" "Mozilla/5.0 (X11; Fedora; Linux x86_64; rv:94.0) Gecko/20100101 Firefox/95.0"
67.217.62.178 - - [01/Jul/2024:02:35:24 +1000] "GET /?author=2 HTTP/1.1" 404 17376 "http://pgkdistribution.com.au///?author=2" "Mozilla/5.0 (X11; Fedora; Linux x86_64; rv:94.0) Gecko/20100101 Firefox/95.0"
176.83.32.109 - - [01/Jul/2024:03:02:30 +1000] "GET / HTTP/1.1" 301 969 "-" "Mozilla/5.0 (Linux; Android 10; K) AppleWebKit/537.36 (KHTML, like Gecko) Chrome/124.0.0.0 Mobile Safari/537.36"
83.142.83.24 - - [01/Jul/2024:03:52:34 +1000] "GET /pgkdistribution.sql HTTP/1.1" 301 988 "-" "Go-http-client/1.1"
83.142.83.24 - - [01/Jul/2024:03:52:34 +1000] "GET /pgkdistribution.com.au.sql HTTP/1.1" 301 995 "-" "Go-http-client/1.1"
111.67.29.221 - - [01/Jul/2024:03:52:41 +1000] "POST /wp-cron.php?doing_wp_cron=1719769961.5891048908233642578125 HTTP/1.1" 200 296 "-" "WordPress/6.5.5; https://www.pgkdistribution.com.au"
83.142.83.24 - - [01/Jul/2024:03:52:35 +1000] "GET /pgkdistribution.com.au.sql HTTP/1.1" 404 16560 "http://pgkdistribution.com.au/pgkdistribution.com.au.sql" "Go-http-client/1.1"
83.142.83.24 - - [01/Jul/2024:03:52:35 +1000] "GET /pgkdistribution.sql HTTP/1.1" 404 16560 "http://pgkdistribution.com.au/pgkdistribution.sql" "Go-http-client/1.1"
66.249.66.197 - - [01/Jul/2024:04:04:58 +1000] "GET /wp-content/uploads/2021/06/EA1601A-500x500-1.jpg HTTP/1.1" 200 36570 "-" "Googlebot-Image/1.0"
46.148.206.226 - - [01/Jul/2024:04:09:19 +1000] "GET /contact-us/ HTTP/1.0" 301 943 "http://pgkdistribution.com.au/contact-us/" "Mozilla/5.0 (Windows NT 10.0; Win64; x64) AppleWebKit/537.36 (KHTML, like Gecko) Chrome/120.0.6099.71 Safari/537.36"
111.67.29.221 - - [01/Jul/2024:04:09:31 +1000] "POST /wp-cron.php?doing_wp_cron=1719770971.7803819179534912109375 HTTP/1.1" 200 296 "-" "WordPress/6.5.5; https://www.pgkdistribution.com.au"
46.148.206.226 - - [01/Jul/2024:04:09:20 +1000] "GET /contact-us/ HTTP/1.0" 200 87260 "http://www.pgkdistribution.com.au/contact-us/" "Mozilla/5.0 (Windows NT 10.0; Win64; x64) AppleWebKit/537.36 (KHTML, like Gecko) Chrome/120.0.6099.71 Safari/537.36"
46.148.206.226 - - [01/Jul/2024:04:09:44 +1000] "GET /contact-us/ HTTP/1.0" 200 87077 "http://www.pgkdistribution.com.au/contact-us/" "Mozilla/5.0 (Windows NT 10.0; Win64; x64) AppleWebKit/537.36 (KHTML, like Gecko) Chrome/120.0.6099.71 Safari/537.36"
66.249.66.197 - - [01/Jul/2024:04:22:07 +1000] "GET /sitemap.xml HTTP/1.1" 404 18477 "-" "Mozilla/5.0 (compatible; Googlebot/2.1; +http://www.google.com/bot.html)"
66.249.66.197 - - [01/Jul/2024:04:22:15 +1000] "GET /sitemap_index.xml HTTP/1.1" 200 894 "-" "Mozilla/5.0 (compatible; Googlebot/2.1; +http://www.google.com/bot.html)"
46.149.75.127 - - [01/Jul/2024:05:17:44 +1000] "GET /contact-us/ HTTP/1.0" 301 943 "http://pgkdistribution.com.au/contact-us/" "Mozilla/5.0 (Windows NT 6.3; Win64; x64) AppleWebKit/537.36 (KHTML, like Gecko) Chrome/113.0.0.0 Safari/537.36"
111.67.29.221 - - [01/Jul/2024:05:17:50 +1000] "POST /wp-cron.php?doing_wp_cron=1719775070.5106050968170166015625 HTTP/1.1" 200 296 "-" "WordPress/6.5.5; https://www.pgkdistribution.com.au"
46.149.75.127 - - [01/Jul/2024:05:17:46 +1000] "GET /contact-us/ HTTP/1.0" 200 87259 "http://www.pgkdistribution.com.au/contact-us/" "Mozilla/5.0 (Windows NT 6.3; Win64; x64) AppleWebKit/537.36 (KHTML, like Gecko) Chrome/113.0.0.0 Safari/537.36"
52.230.152.66 - - [01/Jul/2024:05:31:56 +1000] "GET /robots.txt HTTP/1.1" 301 942 "-" "Mozilla/5.0 AppleWebKit/537.36 (KHTML, like Gecko; compatible; GPTBot/1.0; +https://openai.com/gptbot)"
72.214.108.67 - - [01/Jul/2024:05:32:34 +1000] "GET /contact-us/ HTTP/1.0" 301 943 "http://pgkdistribution.com.au/contact-us/" "Mozilla/5.0 (Windows NT 10.0; Win64; x64) AppleWebKit/537.36 (KHTML, like Gecko) Chrome/117.0.0.0 Safari/537.36"
72.214.108.67 - - [01/Jul/2024:05:32:35 +1000] "GET /contact-us/ HTTP/1.0" 200 87260 "http://www.pgkdistribution.com.au/contact-us/" "Mozilla/5.0 (Windows NT 10.0; Win64; x64) AppleWebKit/537.36 (KHTML, like Gecko) Chrome/117.0.0.0 Safari/537.36"
111.67.29.221 - - [01/Jul/2024:05:51:06 +1000] "POST /wp-cron.php?doing_wp_cron=1719777066.2264840602874755859375 HTTP/1.1" 200 296 "-" "WordPress/6.5.5; https://www.pgkdistribution.com.au"
117.33.163.216 - - [01/Jul/2024:05:51:00 +1000] "GET / HTTP/1.1" 301 497 "-" "Mozilla/5.0 (iPhone; CPU iPhone OS 13_2_3 like Mac OS X) AppleWebKit/605.1.15 (KHTML, like Gecko) Version/13.0.3 Mobile/15E148 Safari/604.1"
46.146.230.89 - - [01/Jul/2024:06:04:31 +1000] "GET /contact-us/ HTTP/1.0" 301 943 "http://pgkdistribution.com.au/contact-us/" "Mozilla/5.0 (Windows NT 10.0; Win64; x64) AppleWebKit/537.36 (KHTML, like Gecko) Chrome/117.0.5938.132 Safari/537.36"
111.67.29.221 - - [01/Jul/2024:06:04:37 +1000] "POST /wp-cron.php?doing_wp_cron=1719777877.6055579185485839843750 HTTP/1.1" 200 296 "-" "WordPress/6.5.5; https://www.pgkdistribution.com.au"
46.146.230.89 - - [01/Jul/2024:06:04:32 +1000] "GET /contact-us/ HTTP/1.0" 200 87259 "http://www.pgkdistribution.com.au/contact-us/" "Mozilla/5.0 (Windows NT 10.0; Win64; x64) AppleWebKit/537.36 (KHTML, like Gecko) Chrome/117.0.5938.132 Safari/537.36"
66.249.66.85 - - [01/Jul/2024:06:39:19 +1000] "HEAD / HTTP/1.1" 301 216 "-" "Mozilla/5.0 (compatible; Googlebot/2.1; +http://www.google.com/bot.html)"
66.249.66.86 - - [01/Jul/2024:06:39:20 +1000] "HEAD / HTTP/1.1" 301 216 "-" "Mozilla/5.0 (compatible; Googlebot/2.1; +http://www.google.com/bot.html)"
111.67.29.221 - - [01/Jul/2024:06:39:24 +1000] "POST /wp-cron.php?doing_wp_cron=1719779964.3436579704284667968750 HTTP/1.1" 200 296 "-" "WordPress/6.5.5; https://www.pgkdistribution.com.au"
66.249.66.198 - - [01/Jul/2024:06:39:19 +1000] "GET /robots.txt HTTP/1.1" 200 716 "-" "Mozilla/5.0 (compatible; Googlebot/2.1; +http://www.google.com/bot.html)"
66.249.66.197 - - [01/Jul/2024:06:39:25 +1000] "HEAD / HTTP/1.1" 301 478 "-" "Mozilla/5.0 (compatible; Googlebot/2.1; +http://www.google.com/bot.html)"
66.249.66.197 - - [01/Jul/2024:06:59:59 +1000] "GET /wp-content/uploads/2021/05/PGK-Grey-font.png HTTP/1.1" 200 295284 "-" "Googlebot-Image/1.0"
10.179.80.103 - - [01/Jul/2024:07:13:11 +1000] "GET /robots.txt HTTP/1.1" 301 1010 "-" "Mozilla/5.0 (compatible;PetalBot;+https://webmaster.petalsearch.com/site/petalbot)"
111.67.29.221 - - [01/Jul/2024:07:13:19 +1000] "POST /wp-cron.php?doing_wp_cron=1719781999.7978200912475585937500 HTTP/1.1" 200 296 "-" "WordPress/6.5.5; https://www.pgkdistribution.com.au"
10.179.80.103 - - [01/Jul/2024:07:13:14 +1000] "GET /robots.txt HTTP/1.1" 200 747 "-" "Mozilla/5.0 (compatible;PetalBot;+https://webmaster.petalsearch.com/site/petalbot)"
54.196.212.5 - - [01/Jul/2024:07:41:01 +1000] "GET / HTTP/1.1" 301 969 "-" "Mozilla/5.0 (Macintosh; Intel Mac OS X 10_10_1) AppleWebKit/537.36 (KHTML, like Gecko) Chrome/39.0.2171.95 Safari/537.36"
111.67.29.221 - - [01/Jul/2024:07:41:07 +1000] "POST /wp-cron.php?doing_wp_cron=1719783667.8952980041503906250000 HTTP/1.1" 200 296 "-" "WordPress/6.5.5; https://www.pgkdistribution.com.au"
54.196.212.5 - - [01/Jul/2024:07:41:02 +1000] "GET / HTTP/1.1" 301 497 "-" "Mozilla/5.0 (Macintosh; Intel Mac OS X 10_10_1) AppleWebKit/537.36 (KHTML, like Gecko) Chrome/39.0.2171.95 Safari/537.36"
66.249.66.85 - - [01/Jul/2024:08:25:35 +1000] "GET /product/tin-interface-leg-sets/ HTTP/1.1" 301 1000 "-" "Mozilla/5.0 (Linux; Android 6.0.1; Nexus 5X Build/MMB29P) AppleWebKit/537.36 (KHTML, like Gecko) Chrome/125.0.6422.175 Mobile Safari/537.36 (compatible; Googlebot/2.1; +http://www.google.com/bot.html)"
66.249.66.199 - - [01/Jul/2024:08:25:37 +1000] "GET /product/tin-interface-leg-sets/ HTTP/1.1" 200 23515 "-" "Mozilla/5.0 (Linux; Android 6.0.1; Nexus 5X Build/MMB29P) AppleWebKit/537.36 (KHTML, like Gecko) Chrome/125.0.6422.175 Mobile Safari/537.36 (compatible; Googlebot/2.1; +http://www.google.com/bot.html)"
185.220.100.250 - - [01/Jul/2024:09:02:22 +1000] "GET /wp-config.php~ HTTP/1.1" 301 983 "-" "Mozilla/5.0 (iPod; U; CPU iPhone OS 4_2_1 like Mac OS X; en-gb) AppleWebKit/533.17.9 (KHTML, like Gecko) Version/5.0.2 Mobile/8C148 Safari/6533.18.5"
111.67.29.221 - - [01/Jul/2024:09:02:28 +1000] "POST /wp-cron.php?doing_wp_cron=1719788548.5168368816375732421875 HTTP/1.1" 200 296 "-" "WordPress/6.5.5; https://www.pgkdistribution.com.au"
185.220.100.250 - - [01/Jul/2024:09:02:23 +1000] "GET /wp-config.php~ HTTP/1.1" 404 94420 "-" "Mozilla/5.0 (iPod; U; CPU iPhone OS 4_2_1 like Mac OS X; en-gb) AppleWebKit/533.17.9 (KHTML, like Gecko) Version/5.0.2 Mobile/8C148 Safari/6533.18.5"
185.220.100.250 - - [01/Jul/2024:09:02:33 +1000] "GET /wp-config-backup1.txt HTTP/1.1" 301 990 "-" "Mozilla/5.0 (iPod; U; CPU iPhone OS 4_2_1 like Mac OS X; en-gb) AppleWebKit/533.17.9 (KHTML, like Gecko) Version/5.0.2 Mobile/8C148 Safari/6533.18.5"
185.220.100.250 - - [01/Jul/2024:09:02:34 +1000] "GET /wp-config-backup1.txt HTTP/1.1" 404 94449 "-" "Mozilla/5.0 (iPod; U; CPU iPhone OS 4_2_1 like Mac OS X; en-gb) AppleWebKit/533.17.9 (KHTML, like Gecko) Version/5.0.2 Mobile/8C148 Safari/6533.18.5"
185.220.100.250 - - [01/Jul/2024:09:02:38 +1000] "GET /wp-config%20fix.txt HTTP/1.1" 301 988 "-" "Mozilla/5.0 (iPod; U; CPU iPhone OS 4_2_1 like Mac OS X; en-gb) AppleWebKit/533.17.9 (KHTML, like Gecko) Version/5.0.2 Mobile/8C148 Safari/6533.18.5"
185.220.100.250 - - [01/Jul/2024:09:02:39 +1000] "GET /wp-config%20fix.txt HTTP/1.1" 404 94432 "-" "Mozilla/5.0 (iPod; U; CPU iPhone OS 4_2_1 like Mac OS X; en-gb) AppleWebKit/533.17.9 (KHTML, like Gecko) Version/5.0.2 Mobile/8C148 Safari/6533.18.5"
185.220.100.250 - - [01/Jul/2024:09:02:44 +1000] "GET /wp-config.bak HTTP/1.1" 301 982 "-" "Mozilla/5.0 (iPod; U; CPU iPhone OS 4_2_1 like Mac OS X; en-gb) AppleWebKit/533.17.9 (KHTML, like Gecko) Version/5.0.2 Mobile/8C148 Safari/6533.18.5"
185.220.100.250 - - [01/Jul/2024:09:02:45 +1000] "GET /wp-config.bak HTTP/1.1" 404 94418 "-" "Mozilla/5.0 (iPod; U; CPU iPhone OS 4_2_1 like Mac OS X; en-gb) AppleWebKit/533.17.9 (KHTML, like Gecko) Version/5.0.2 Mobile/8C148 Safari/6533.18.5"
185.220.100.250 - - [01/Jul/2024:09:02:53 +1000] "GET /wp-config HTTP/1.1" 301 978 "-" "Mozilla/5.0 (iPod; U; CPU iPhone OS 4_2_1 like Mac OS X; en-gb) AppleWebKit/533.17.9 (KHTML, like Gecko) Version/5.0.2 Mobile/8C148 Safari/6533.18.5"
111.67.29.221 - - [01/Jul/2024:09:02:55 +1000] "POST /wp-cron.php?doing_wp_cron=1719788575.4823338985443115234375 HTTP/1.1" 200 296 "-" "WordPress/6.5.5; https://www.pgkdistribution.com.au"
185.220.100.250 - - [01/Jul/2024:09:02:54 +1000] "GET /wp-config HTTP/1.1" 404 94410 "-" "Mozilla/5.0 (iPod; U; CPU iPhone OS 4_2_1 like Mac OS X; en-gb) AppleWebKit/533.17.9 (KHTML, like Gecko) Version/5.0.2 Mobile/8C148 Safari/6533.18.5"
185.220.100.250 - - [01/Jul/2024:09:02:58 +1000] "GET /wp-config.phpOLD HTTP/1.1" 301 985 "-" "Mozilla/5.0 (iPod; U; CPU iPhone OS 4_2_1 like Mac OS X; en-gb) AppleWebKit/533.17.9 (KHTML, like Gecko) Version/5.0.2 Mobile/8C148 Safari/6533.18.5"
185.220.100.250 - - [01/Jul/2024:09:02:59 +1000] "GET /wp-config.phpOLD HTTP/1.1" 404 94424 "-" "Mozilla/5.0 (iPod; U; CPU iPhone OS 4_2_1 like Mac OS X; en-gb) AppleWebKit/533.17.9 (KHTML, like Gecko) Version/5.0.2 Mobile/8C148 Safari/6533.18.5"
185.220.100.250 - - [01/Jul/2024:09:03:03 +1000] "GET /wp-config.txt HTTP/1.1" 301 982 "-" "Mozilla/5.0 (iPod; U; CPU iPhone OS 4_2_1 like Mac OS X; en-gb) AppleWebKit/533.17.9 (KHTML, like Gecko) Version/5.0.2 Mobile/8C148 Safari/6533.18.5"
185.220.100.250 - - [01/Jul/2024:09:03:04 +1000] "GET /wp-config.txt HTTP/1.1" 404 94418 "-" "Mozilla/5.0 (iPod; U; CPU iPhone OS 4_2_1 like Mac OS X; en-gb) AppleWebKit/533.17.9 (KHTML, like Gecko) Version/5.0.2 Mobile/8C148 Safari/6533.18.5"
185.220.100.250 - - [01/Jul/2024:09:03:10 +1000] "GET /wp-config.phpa HTTP/1.1" 301 983 "-" "Mozilla/5.0 (iPod; U; CPU iPhone OS 4_2_1 like Mac OS X; en-gb) AppleWebKit/533.17.9 (KHTML, like Gecko) Version/5.0.2 Mobile/8C148 Safari/6533.18.5"
185.220.100.250 - - [01/Jul/2024:09:03:11 +1000] "GET /wp-config.phpa HTTP/1.1" 404 94420 "-" "Mozilla/5.0 (iPod; U; CPU iPhone OS 4_2_1 like Mac OS X; en-gb) AppleWebKit/533.17.9 (KHTML, like Gecko) Version/5.0.2 Mobile/8C148 Safari/6533.18.5"
185.220.100.250 - - [01/Jul/2024:09:03:15 +1000] "GET /wp-config.old HTTP/1.1" 301 982 "-" "Mozilla/5.0 (iPod; U; CPU iPhone OS 4_2_1 like Mac OS X; en-gb) AppleWebKit/533.17.9 (KHTML, like Gecko) Version/5.0.2 Mobile/8C148 Safari/6533.18.5"
185.220.100.250 - - [01/Jul/2024:09:03:16 +1000] "GET /wp-config.old HTTP/1.1" 404 94418 "-" "Mozilla/5.0 (iPod; U; CPU iPhone OS 4_2_1 like Mac OS X; en-gb) AppleWebKit/533.17.9 (KHTML, like Gecko) Version/5.0.2 Mobile/8C148 Safari/6533.18.5"
185.220.100.250 - - [01/Jul/2024:09:03:22 +1000] "GET /wp-config.php.txt HTTP/1.1" 301 986 "-" "Mozilla/5.0 (iPod; U; CPU iPhone OS 4_2_1 like Mac OS X; en-gb) AppleWebKit/533.17.9 (KHTML, like Gecko) Version/5.0.2 Mobile/8C148 Safari/6533.18.5"
185.220.100.250 - - [01/Jul/2024:09:03:24 +1000] "GET /wp-config.php.txt HTTP/1.1" 404 94433 "-" "Mozilla/5.0 (iPod; U; CPU iPhone OS 4_2_1 like Mac OS X; en-gb) AppleWebKit/533.17.9 (KHTML, like Gecko) Version/5.0.2 Mobile/8C148 Safari/6533.18.5"
185.220.100.250 - - [01/Jul/2024:09:03:29 +1000] "GET /config HTTP/1.1" 301 975 "-" "Mozilla/5.0 (iPod; U; CPU iPhone OS 4_2_1 like Mac OS X; en-gb) AppleWebKit/533.17.9 (KHTML, like Gecko) Version/5.0.2 Mobile/8C148 Safari/6533.18.5"
185.220.100.250 - - [01/Jul/2024:09:03:30 +1000] "GET /config HTTP/1.1" 404 94404 "-" "Mozilla/5.0 (iPod; U; CPU iPhone OS 4_2_1 like Mac OS X; en-gb) AppleWebKit/533.17.9 (KHTML, like Gecko) Version/5.0.2 Mobile/8C148 Safari/6533.18.5"
185.220.100.250 - - [01/Jul/2024:09:03:34 +1000] "GET /wp-config. HTTP/1.1" 301 979 "-" "Mozilla/5.0 (iPod; U; CPU iPhone OS 4_2_1 like Mac OS X; en-gb) AppleWebKit/533.17.9 (KHTML, like Gecko) Version/5.0.2 Mobile/8C148 Safari/6533.18.5"
185.220.100.255 - - [01/Jul/2024:09:03:35 +1000] "GET /wp-config. HTTP/1.1" 301 608 "-" "Mozilla/5.0 (iPod; U; CPU iPhone OS 4_2_1 like Mac OS X; en-gb) AppleWebKit/533.17.9 (KHTML, like Gecko) Version/5.0.2 Mobile/8C148 Safari/6533.18.5"
185.220.100.255 - - [01/Jul/2024:09:03:37 +1000] "GET /wp-config HTTP/1.1" 404 94410 "-" "Mozilla/5.0 (iPod; U; CPU iPhone OS 4_2_1 like Mac OS X; en-gb) AppleWebKit/533.17.9 (KHTML, like Gecko) Version/5.0.2 Mobile/8C148 Safari/6533.18.5"
185.220.100.255 - - [01/Jul/2024:09:03:40 +1000] "GET /wp-config-backup.txt HTTP/1.1" 301 989 "-" "Mozilla/5.0 (iPod; U; CPU iPhone OS 4_2_1 like Mac OS X; en-gb) AppleWebKit/533.17.9 (KHTML, like Gecko) Version/5.0.2 Mobile/8C148 Safari/6533.18.5"
185.220.100.255 - - [01/Jul/2024:09:03:41 +1000] "GET /wp-config-backup.txt HTTP/1.1" 404 94432 "-" "Mozilla/5.0 (iPod; U; CPU iPhone OS 4_2_1 like Mac OS X; en-gb) AppleWebKit/533.17.9 (KHTML, like Gecko) Version/5.0.2 Mobile/8C148 Safari/6533.18.5"
185.220.100.255 - - [01/Jul/2024:09:03:45 +1000] "GET /wp-config-backup HTTP/1.1" 301 985 "-" "Mozilla/5.0 (iPod; U; CPU iPhone OS 4_2_1 like Mac OS X; en-gb) AppleWebKit/533.17.9 (KHTML, like Gecko) Version/5.0.2 Mobile/8C148 Safari/6533.18.5"
185.220.100.255 - - [01/Jul/2024:09:03:46 +1000] "GET /wp-config-backup HTTP/1.1" 404 94424 "-" "Mozilla/5.0 (iPod; U; CPU iPhone OS 4_2_1 like Mac OS X; en-gb) AppleWebKit/533.17.9 (KHTML, like Gecko) Version/5.0.2 Mobile/8C148 Safari/6533.18.5"
185.220.100.255 - - [01/Jul/2024:09:03:50 +1000] "GET /config.bak HTTP/1.1" 301 979 "-" "Mozilla/5.0 (iPod; U; CPU iPhone OS 4_2_1 like Mac OS X; en-gb) AppleWebKit/533.17.9 (KHTML, like Gecko) Version/5.0.2 Mobile/8C148 Safari/6533.18.5"
111.67.29.221 - - [01/Jul/2024:09:03:52 +1000] "POST /wp-cron.php?doing_wp_cron=1719788632.6250460147857666015625 HTTP/1.1" 200 296 "-" "WordPress/6.5.5; https://www.pgkdistribution.com.au"
185.220.100.255 - - [01/Jul/2024:09:03:51 +1000] "GET /config.bak HTTP/1.1" 404 94412 "-" "Mozilla/5.0 (iPod; U; CPU iPhone OS 4_2_1 like Mac OS X; en-gb) AppleWebKit/533.17.9 (KHTML, like Gecko) Version/5.0.2 Mobile/8C148 Safari/6533.18.5"
185.220.100.255 - - [01/Jul/2024:09:03:56 +1000] "GET /config.old HTTP/1.1" 301 979 "-" "Mozilla/5.0 (iPod; U; CPU iPhone OS 4_2_1 like Mac OS X; en-gb) AppleWebKit/533.17.9 (KHTML, like Gecko) Version/5.0.2 Mobile/8C148 Safari/6533.18.5"
185.220.100.255 - - [01/Jul/2024:09:04:05 +1000] "GET /config.old HTTP/1.1" 404 94412 "-" "Mozilla/5.0 (iPod; U; CPU iPhone OS 4_2_1 like Mac OS X; en-gb) AppleWebKit/533.17.9 (KHTML, like Gecko) Version/5.0.2 Mobile/8C148 Safari/6533.18.5"
5.253.86.249 - - [01/Jul/2024:09:04:17 +1000] "GET /wp-config.data HTTP/1.1" 301 983 "-" "Mozilla/5.0 (iPod; U; CPU iPhone OS 4_2_1 like Mac OS X; en-gb) AppleWebKit/533.17.9 (KHTML, like Gecko) Version/5.0.2 Mobile/8C148 Safari/6533.18.5"
5.253.86.249 - - [01/Jul/2024:09:04:18 +1000] "GET /wp-config.data HTTP/1.1" 404 94420 "-" "Mozilla/5.0 (iPod; U; CPU iPhone OS 4_2_1 like Mac OS X; en-gb) AppleWebKit/533.17.9 (KHTML, like Gecko) Version/5.0.2 Mobile/8C148 Safari/6533.18.5"
5.253.86.249 - - [01/Jul/2024:09:04:21 +1000] "GET /wp-config.backup HTTP/1.1" 301 985 "-" "Mozilla/5.0 (iPod; U; CPU iPhone OS 4_2_1 like Mac OS X; en-gb) AppleWebKit/533.17.9 (KHTML, like Gecko) Version/5.0.2 Mobile/8C148 Safari/6533.18.5"
5.253.86.249 - - [01/Jul/2024:09:04:22 +1000] "GET /wp-config.backup HTTP/1.1" 404 94424 "-" "Mozilla/5.0 (iPod; U; CPU iPhone OS 4_2_1 like Mac OS X; en-gb) AppleWebKit/533.17.9 (KHTML, like Gecko) Version/5.0.2 Mobile/8C148 Safari/6533.18.5"
51.38.113.118 - - [01/Jul/2024:09:04:32 +1000] "GET /config. HTTP/1.1" 301 976 "-" "Mozilla/5.0 (iPod; U; CPU iPhone OS 4_2_1 like Mac OS X; en-gb) AppleWebKit/533.17.9 (KHTML, like Gecko) Version/5.0.2 Mobile/8C148 Safari/6533.18.5"
111.67.29.221 - - [01/Jul/2024:09:04:38 +1000] "POST /wp-cron.php?doing_wp_cron=1719788678.2083580493927001953125 HTTP/1.1" 200 296 "-" "WordPress/6.5.5; https://www.pgkdistribution.com.au"
51.38.113.118 - - [01/Jul/2024:09:04:33 +1000] "GET /config. HTTP/1.1" 301 602 "-" "Mozilla/5.0 (iPod; U; CPU iPhone OS 4_2_1 like Mac OS X; en-gb) AppleWebKit/533.17.9 (KHTML, like Gecko) Version/5.0.2 Mobile/8C148 Safari/6533.18.5"
51.38.113.118 - - [01/Jul/2024:09:04:39 +1000] "GET /config HTTP/1.1" 404 94404 "-" "Mozilla/5.0 (iPod; U; CPU iPhone OS 4_2_1 like Mac OS X; en-gb) AppleWebKit/533.17.9 (KHTML, like Gecko) Version/5.0.2 Mobile/8C148 Safari/6533.18.5"
51.38.113.118 - - [01/Jul/2024:09:04:42 +1000] "GET /wp-config.phpold HTTP/1.1" 301 985 "-" "Mozilla/5.0 (iPod; U; CPU iPhone OS 4_2_1 like Mac OS X; en-gb) AppleWebKit/533.17.9 (KHTML, like Gecko) Version/5.0.2 Mobile/8C148 Safari/6533.18.5"
51.38.113.118 - - [01/Jul/2024:09:04:44 +1000] "GET /wp-config.phpold HTTP/1.1" 404 94424 "-" "Mozilla/5.0 (iPod; U; CPU iPhone OS 4_2_1 like Mac OS X; en-gb) AppleWebKit/533.17.9 (KHTML, like Gecko) Version/5.0.2 Mobile/8C148 Safari/6533.18.5"
51.38.113.118 - - [01/Jul/2024:09:04:47 +1000] "GET /wp-config.phpb HTTP/1.1" 301 983 "-" "Mozilla/5.0 (iPod; U; CPU iPhone OS 4_2_1 like Mac OS X; en-gb) AppleWebKit/533.17.9 (KHTML, like Gecko) Version/5.0.2 Mobile/8C148 Safari/6533.18.5"
111.67.29.221 - - [01/Jul/2024:09:04:52 +1000] "POST /wp-cron.php?doing_wp_cron=1719788692.4908781051635742187500 HTTP/1.1" 200 296 "-" "WordPress/6.5.5; https://www.pgkdistribution.com.au"
51.38.113.118 - - [01/Jul/2024:09:04:51 +1000] "GET /wp-config.phpb HTTP/1.1" 404 94420 "-" "Mozilla/5.0 (iPod; U; CPU iPhone OS 4_2_1 like Mac OS X; en-gb) AppleWebKit/533.17.9 (KHTML, like Gecko) Version/5.0.2 Mobile/8C148 Safari/6533.18.5"
185.220.101.36 - - [01/Jul/2024:09:04:54 +1000] "GET /wp-config.phpc HTTP/1.1" 301 983 "-" "Mozilla/5.0 (iPod; U; CPU iPhone OS 4_2_1 like Mac OS X; en-gb) AppleWebKit/533.17.9 (KHTML, like Gecko) Version/5.0.2 Mobile/8C148 Safari/6533.18.5"
185.220.100.250 - - [01/Jul/2024:09:04:58 +1000] "GET /wp-config.phpc HTTP/1.1" 404 94420 "-" "Mozilla/5.0 (iPod; U; CPU iPhone OS 4_2_1 like Mac OS X; en-gb) AppleWebKit/533.17.9 (KHTML, like Gecko) Version/5.0.2 Mobile/8C148 Safari/6533.18.5"
45.134.225.36 - - [01/Jul/2024:09:05:02 +1000] "GET /wp-config%20 HTTP/1.1" 301 981 "-" "Mozilla/5.0 (iPod; U; CPU iPhone OS 4_2_1 like Mac OS X; en-gb) AppleWebKit/533.17.9 (KHTML, like Gecko) Version/5.0.2 Mobile/8C148 Safari/6533.18.5"
45.134.225.36 - - [01/Jul/2024:09:05:03 +1000] "GET /wp-config%20 HTTP/1.1" 301 612 "-" "Mozilla/5.0 (iPod; U; CPU iPhone OS 4_2_1 like Mac OS X; en-gb) AppleWebKit/533.17.9 (KHTML, like Gecko) Version/5.0.2 Mobile/8C148 Safari/6533.18.5"
45.134.225.36 - - [01/Jul/2024:09:05:05 +1000] "GET /wp-config HTTP/1.1" 404 94410 "-" "Mozilla/5.0 (iPod; U; CPU iPhone OS 4_2_1 like Mac OS X; en-gb) AppleWebKit/533.17.9 (KHTML, like Gecko) Version/5.0.2 Mobile/8C148 Safari/6533.18.5"
89.185.85.140 - - [01/Jul/2024:09:05:10 +1000] "GET /wp-config.php-n HTTP/1.1" 301 984 "-" "Mozilla/5.0 (iPod; U; CPU iPhone OS 4_2_1 like Mac OS X; en-gb) AppleWebKit/533.17.9 (KHTML, like Gecko) Version/5.0.2 Mobile/8C148 Safari/6533.18.5"
198.98.53.136 - - [01/Jul/2024:09:05:11 +1000] "GET /wp-config.php-n HTTP/1.1" 404 94422 "-" "Mozilla/5.0 (iPod; U; CPU iPhone OS 4_2_1 like Mac OS X; en-gb) AppleWebKit/533.17.9 (KHTML, like Gecko) Version/5.0.2 Mobile/8C148 Safari/6533.18.5"
205.185.116.34 - - [01/Jul/2024:09:05:20 +1000] "GET /wp-config.phpnew HTTP/1.1" 301 985 "-" "Mozilla/5.0 (iPod; U; CPU iPhone OS 4_2_1 like Mac OS X; en-gb) AppleWebKit/533.17.9 (KHTML, like Gecko) Version/5.0.2 Mobile/8C148 Safari/6533.18.5"
185.220.101.133 - - [01/Jul/2024:09:05:22 +1000] "GET /wp-config.phpnew HTTP/1.1" 404 94424 "-" "Mozilla/5.0 (iPod; U; CPU iPhone OS 4_2_1 like Mac OS X; en-gb) AppleWebKit/533.17.9 (KHTML, like Gecko) Version/5.0.2 Mobile/8C148 Safari/6533.18.5"
109.70.100.71 - - [01/Jul/2024:09:05:27 +1000] "GET /wp-config.cfg HTTP/1.1" 301 982 "-" "Mozilla/5.0 (iPod; U; CPU iPhone OS 4_2_1 like Mac OS X; en-gb) AppleWebKit/533.17.9 (KHTML, like Gecko) Version/5.0.2 Mobile/8C148 Safari/6533.18.5"
107.189.2.108 - - [01/Jul/2024:09:05:27 +1000] "GET /wp-config.cfg HTTP/1.1" 404 94418 "-" "Mozilla/5.0 (iPod; U; CPU iPhone OS 4_2_1 like Mac OS X; en-gb) AppleWebKit/533.17.9 (KHTML, like Gecko) Version/5.0.2 Mobile/8C148 Safari/6533.18.5"
185.220.101.32 - - [01/Jul/2024:09:05:34 +1000] "GET /config.php~~ HTTP/1.1" 301 981 "-" "Mozilla/5.0 (iPod; U; CPU iPhone OS 4_2_1 like Mac OS X; en-gb) AppleWebKit/533.17.9 (KHTML, like Gecko) Version/5.0.2 Mobile/8C148 Safari/6533.18.5"
185.220.101.32 - - [01/Jul/2024:09:05:35 +1000] "GET /config.php~~ HTTP/1.1" 404 94416 "-" "Mozilla/5.0 (iPod; U; CPU iPhone OS 4_2_1 like Mac OS X; en-gb) AppleWebKit/533.17.9 (KHTML, like Gecko) Version/5.0.2 Mobile/8C148 Safari/6533.18.5"
149.56.22.133 - - [01/Jul/2024:09:05:48 +1000] "GET /wp-config.phptmp HTTP/1.1" 301 985 "-" "Mozilla/5.0 (iPod; U; CPU iPhone OS 4_2_1 like Mac OS X; en-gb) AppleWebKit/533.17.9 (KHTML, like Gecko) Version/5.0.2 Mobile/8C148 Safari/6533.18.5"
111.67.29.221 - - [01/Jul/2024:09:05:53 +1000] "POST /wp-cron.php?doing_wp_cron=1719788753.6073870658874511718750 HTTP/1.1" 200 296 "-" "WordPress/6.5.5; https://www.pgkdistribution.com.au"
149.56.22.133 - - [01/Jul/2024:09:05:48 +1000] "GET /wp-config.phptmp HTTP/1.1" 404 94424 "-" "Mozilla/5.0 (iPod; U; CPU iPhone OS 4_2_1 like Mac OS X; en-gb) AppleWebKit/533.17.9 (KHTML, like Gecko) Version/5.0.2 Mobile/8C148 Safari/6533.18.5"
149.56.22.133 - - [01/Jul/2024:09:05:55 +1000] "GET /wp-config.php.bak HTTP/1.1" 301 986 "-" "Mozilla/5.0 (iPod; U; CPU iPhone OS 4_2_1 like Mac OS X; en-gb) AppleWebKit/533.17.9 (KHTML, like Gecko) Version/5.0.2 Mobile/8C148 Safari/6533.18.5"
149.56.22.133 - - [01/Jul/2024:09:05:58 +1000] "GET /wp-config.php.bak HTTP/1.1" 404 94426 "-" "Mozilla/5.0 (iPod; U; CPU iPhone OS 4_2_1 like Mac OS X; en-gb) AppleWebKit/533.17.9 (KHTML, like Gecko) Version/5.0.2 Mobile/8C148 Safari/6533.18.5"
149.56.22.133 - - [01/Jul/2024:09:06:01 +1000] "GET /wp-config-sample.php~ HTTP/1.1" 301 990 "-" "Mozilla/5.0 (iPod; U; CPU iPhone OS 4_2_1 like Mac OS X; en-gb) AppleWebKit/533.17.9 (KHTML, like Gecko) Version/5.0.2 Mobile/8C148 Safari/6533.18.5"
149.56.22.133 - - [01/Jul/2024:09:06:04 +1000] "GET /wp-config-sample.php~ HTTP/1.1" 404 94434 "-" "Mozilla/5.0 (iPod; U; CPU iPhone OS 4_2_1 like Mac OS X; en-gb) AppleWebKit/533.17.9 (KHTML, like Gecko) Version/5.0.2 Mobile/8C148 Safari/6533.18.5"
149.56.22.133 - - [01/Jul/2024:09:06:07 +1000] "GET /wp-config.phpbak HTTP/1.1" 301 985 "-" "Mozilla/5.0 (iPod; U; CPU iPhone OS 4_2_1 like Mac OS X; en-gb) AppleWebKit/533.17.9 (KHTML, like Gecko) Version/5.0.2 Mobile/8C148 Safari/6533.18.5"
149.56.22.133 - - [01/Jul/2024:09:06:08 +1000] "GET /wp-config.phpbak HTTP/1.1" 404 94424 "-" "Mozilla/5.0 (iPod; U; CPU iPhone OS 4_2_1 like Mac OS X; en-gb) AppleWebKit/533.17.9 (KHTML, like Gecko) Version/5.0.2 Mobile/8C148 Safari/6533.18.5"
149.56.22.133 - - [01/Jul/2024:09:06:11 +1000] "GET /wp-config.prod.php.txt HTTP/1.1" 301 991 "-" "Mozilla/5.0 (iPod; U; CPU iPhone OS 4_2_1 like Mac OS X; en-gb) AppleWebKit/533.17.9 (KHTML, like Gecko) Version/5.0.2 Mobile/8C148 Safari/6533.18.5"
149.56.22.133 - - [01/Jul/2024:09:06:12 +1000] "GET /wp-config.prod.php.txt HTTP/1.1" 404 94436 "-" "Mozilla/5.0 (iPod; U; CPU iPhone OS 4_2_1 like Mac OS X; en-gb) AppleWebKit/533.17.9 (KHTML, like Gecko) Version/5.0.2 Mobile/8C148 Safari/6533.18.5"
149.56.22.133 - - [01/Jul/2024:09:06:15 +1000] "GET /wp-config.php_old HTTP/1.1" 301 986 "-" "Mozilla/5.0 (iPod; U; CPU iPhone OS 4_2_1 like Mac OS X; en-gb) AppleWebKit/533.17.9 (KHTML, like Gecko) Version/5.0.2 Mobile/8C148 Safari/6533.18.5"
149.56.22.133 - - [01/Jul/2024:09:06:17 +1000] "GET /wp-config.php_old HTTP/1.1" 404 94426 "-" "Mozilla/5.0 (iPod; U; CPU iPhone OS 4_2_1 like Mac OS X; en-gb) AppleWebKit/533.17.9 (KHTML, like Gecko) Version/5.0.2 Mobile/8C148 Safari/6533.18.5"
149.56.22.133 - - [01/Jul/2024:09:06:20 +1000] "GET /wp-config.php_ HTTP/1.1" 301 983 "-" "Mozilla/5.0 (iPod; U; CPU iPhone OS 4_2_1 like Mac OS X; en-gb) AppleWebKit/533.17.9 (KHTML, like Gecko) Version/5.0.2 Mobile/8C148 Safari/6533.18.5"
149.56.22.133 - - [01/Jul/2024:09:06:20 +1000] "GET /wp-config.php_ HTTP/1.1" 404 94420 "-" "Mozilla/5.0 (iPod; U; CPU iPhone OS 4_2_1 like Mac OS X; en-gb) AppleWebKit/533.17.9 (KHTML, like Gecko) Version/5.0.2 Mobile/8C148 Safari/6533.18.5"
149.56.22.133 - - [01/Jul/2024:09:06:23 +1000] "GET /wp-config.php.in HTTP/1.1" 301 985 "-" "Mozilla/5.0 (iPod; U; CPU iPhone OS 4_2_1 like Mac OS X; en-gb) AppleWebKit/533.17.9 (KHTML, like Gecko) Version/5.0.2 Mobile/8C148 Safari/6533.18.5"
149.56.22.133 - - [01/Jul/2024:09:06:24 +1000] "GET /wp-config.php.in HTTP/1.1" 404 94424 "-" "Mozilla/5.0 (iPod; U; CPU iPhone OS 4_2_1 like Mac OS X; en-gb) AppleWebKit/533.17.9 (KHTML, like Gecko) Version/5.0.2 Mobile/8C148 Safari/6533.18.5"
149.56.22.133 - - [01/Jul/2024:09:06:41 +1000] "GET /wp-config.local.php HTTP/1.1" 301 988 "-" "Mozilla/5.0 (iPod; U; CPU iPhone OS 4_2_1 like Mac OS X; en-gb) AppleWebKit/533.17.9 (KHTML, like Gecko) Version/5.0.2 Mobile/8C148 Safari/6533.18.5"
149.56.22.133 - - [01/Jul/2024:09:06:42 +1000] "GET /wp-config.local.php HTTP/1.1" 404 94430 "-" "Mozilla/5.0 (iPod; U; CPU iPhone OS 4_2_1 like Mac OS X; en-gb) AppleWebKit/533.17.9 (KHTML, like Gecko) Version/5.0.2 Mobile/8C148 Safari/6533.18.5"
185.220.100.253 - - [01/Jul/2024:09:06:50 +1000] "GET /wp-config.html HTTP/1.1" 301 983 "-" "Mozilla/5.0 (iPod; U; CPU iPhone OS 4_2_1 like Mac OS X; en-gb) AppleWebKit/533.17.9 (KHTML, like Gecko) Version/5.0.2 Mobile/8C148 Safari/6533.18.5"
111.67.29.221 - - [01/Jul/2024:09:06:54 +1000] "POST /wp-cron.php?doing_wp_cron=1719788814.7234020233154296875000 HTTP/1.1" 200 296 "-" "WordPress/6.5.5; https://www.pgkdistribution.com.au"
185.220.100.253 - - [01/Jul/2024:09:06:53 +1000] "GET /wp-config.html HTTP/1.1" 404 94420 "-" "Mozilla/5.0 (iPod; U; CPU iPhone OS 4_2_1 like Mac OS X; en-gb) AppleWebKit/533.17.9 (KHTML, like Gecko) Version/5.0.2 Mobile/8C148 Safari/6533.18.5"
107.189.10.175 - - [01/Jul/2024:09:06:59 +1000] "GET /wp-config.htm HTTP/1.1" 301 982 "-" "Mozilla/5.0 (iPod; U; CPU iPhone OS 4_2_1 like Mac OS X; en-gb) AppleWebKit/533.17.9 (KHTML, like Gecko) Version/5.0.2 Mobile/8C148 Safari/6533.18.5"
107.189.10.175 - - [01/Jul/2024:09:07:00 +1000] "GET /wp-config.htm HTTP/1.1" 404 94418 "-" "Mozilla/5.0 (iPod; U; CPU iPhone OS 4_2_1 like Mac OS X; en-gb) AppleWebKit/533.17.9 (KHTML, like Gecko) Version/5.0.2 Mobile/8C148 Safari/6533.18.5"
185.220.101.45 - - [01/Jul/2024:09:07:10 +1000] "GET /wp-config.phpn HTTP/1.1" 301 983 "-" "Mozilla/5.0 (iPod; U; CPU iPhone OS 4_2_1 like Mac OS X; en-gb) AppleWebKit/533.17.9 (KHTML, like Gecko) Version/5.0.2 Mobile/8C148 Safari/6533.18.5"
185.220.101.45 - - [01/Jul/2024:09:07:11 +1000] "GET /wp-config.phpn HTTP/1.1" 404 94420 "-" "Mozilla/5.0 (iPod; U; CPU iPhone OS 4_2_1 like Mac OS X; en-gb) AppleWebKit/533.17.9 (KHTML, like Gecko) Version/5.0.2 Mobile/8C148 Safari/6533.18.5"
185.220.100.245 - - [01/Jul/2024:09:07:15 +1000] "GET /wp-config.php~~~~ HTTP/1.1" 301 986 "-" "Mozilla/5.0 (iPod; U; CPU iPhone OS 4_2_1 like Mac OS X; en-gb) AppleWebKit/533.17.9 (KHTML, like Gecko) Version/5.0.2 Mobile/8C148 Safari/6533.18.5"
185.220.100.245 - - [01/Jul/2024:09:07:15 +1000] "GET /wp-config.php~~~~ HTTP/1.1" 404 94426 "-" "Mozilla/5.0 (iPod; U; CPU iPhone OS 4_2_1 like Mac OS X; en-gb) AppleWebKit/533.17.9 (KHTML, like Gecko) Version/5.0.2 Mobile/8C148 Safari/6533.18.5"
193.218.118.188 - - [01/Jul/2024:09:07:20 +1000] "GET /wp-config-sample.php.bak HTTP/1.1" 301 993 "-" "Mozilla/5.0 (iPod; U; CPU iPhone OS 4_2_1 like Mac OS X; en-gb) AppleWebKit/533.17.9 (KHTML, like Gecko) Version/5.0.2 Mobile/8C148 Safari/6533.18.5"
193.218.118.188 - - [01/Jul/2024:09:07:22 +1000] "GET /wp-config-sample.php.bak HTTP/1.1" 404 94440 "-" "Mozilla/5.0 (iPod; U; CPU iPhone OS 4_2_1 like Mac OS X; en-gb) AppleWebKit/533.17.9 (KHTML, like Gecko) Version/5.0.2 Mobile/8C148 Safari/6533.18.5"
193.218.118.188 - - [01/Jul/2024:09:07:27 +1000] "GET /wp-config.php.backup.txt HTTP/1.1" 301 993 "-" "Mozilla/5.0 (iPod; U; CPU iPhone OS 4_2_1 like Mac OS X; en-gb) AppleWebKit/533.17.9 (KHTML, like Gecko) Version/5.0.2 Mobile/8C148 Safari/6533.18.5"
193.218.118.188 - - [01/Jul/2024:09:07:28 +1000] "GET /wp-config.php.backup.txt HTTP/1.1" 404 94440 "-" "Mozilla/5.0 (iPod; U; CPU iPhone OS 4_2_1 like Mac OS X; en-gb) AppleWebKit/533.17.9 (KHTML, like Gecko) Version/5.0.2 Mobile/8C148 Safari/6533.18.5"
185.220.101.46 - - [01/Jul/2024:09:07:38 +1000] "GET /wp-config.php.backup HTTP/1.1" 301 989 "-" "Mozilla/5.0 (iPod; U; CPU iPhone OS 4_2_1 like Mac OS X; en-gb) AppleWebKit/533.17.9 (KHTML, like Gecko) Version/5.0.2 Mobile/8C148 Safari/6533.18.5"
193.142.146.238 - - [01/Jul/2024:09:07:40 +1000] "GET /wp-config.php.backup HTTP/1.1" 404 94432 "-" "Mozilla/5.0 (iPod; U; CPU iPhone OS 4_2_1 like Mac OS X; en-gb) AppleWebKit/533.17.9 (KHTML, like Gecko) Version/5.0.2 Mobile/8C148 Safari/6533.18.5"
193.142.146.238 - - [01/Jul/2024:09:07:44 +1000] "GET /config.txt HTTP/1.1" 301 979 "-" "Mozilla/5.0 (iPod; U; CPU iPhone OS 4_2_1 like Mac OS X; en-gb) AppleWebKit/533.17.9 (KHTML, like Gecko) Version/5.0.2 Mobile/8C148 Safari/6533.18.5"
193.142.146.238 - - [01/Jul/2024:09:07:45 +1000] "GET /config.txt HTTP/1.1" 404 94412 "-" "Mozilla/5.0 (iPod; U; CPU iPhone OS 4_2_1 like Mac OS X; en-gb) AppleWebKit/533.17.9 (KHTML, like Gecko) Version/5.0.2 Mobile/8C148 Safari/6533.18.5"
193.142.146.238 - - [01/Jul/2024:09:07:49 +1000] "GET /wp-config-sample.php~~ HTTP/1.1" 301 991 "-" "Mozilla/5.0 (iPod; U; CPU iPhone OS 4_2_1 like Mac OS X; en-gb) AppleWebKit/533.17.9 (KHTML, like Gecko) Version/5.0.2 Mobile/8C148 Safari/6533.18.5"
111.67.29.221 - - [01/Jul/2024:09:07:52 +1000] "POST /wp-cron.php?doing_wp_cron=1719788872.1610319614410400390625 HTTP/1.1" 200 296 "-" "WordPress/6.5.5; https://www.pgkdistribution.com.au"
193.142.146.238 - - [01/Jul/2024:09:07:50 +1000] "GET /wp-config-sample.php~~ HTTP/1.1" 404 94436 "-" "Mozilla/5.0 (iPod; U; CPU iPhone OS 4_2_1 like Mac OS X; en-gb) AppleWebKit/533.17.9 (KHTML, like Gecko) Version/5.0.2 Mobile/8C148 Safari/6533.18.5"
193.142.146.238 - - [01/Jul/2024:09:07:54 +1000] "GET /wp-config.phpo HTTP/1.1" 301 983 "-" "Mozilla/5.0 (iPod; U; CPU iPhone OS 4_2_1 like Mac OS X; en-gb) AppleWebKit/533.17.9 (KHTML, like Gecko) Version/5.0.2 Mobile/8C148 Safari/6533.18.5"
193.142.146.238 - - [01/Jul/2024:09:07:55 +1000] "GET /wp-config.phpo HTTP/1.1" 404 94420 "-" "Mozilla/5.0 (iPod; U; CPU iPhone OS 4_2_1 like Mac OS X; en-gb) AppleWebKit/533.17.9 (KHTML, like Gecko) Version/5.0.2 Mobile/8C148 Safari/6533.18.5"
193.142.146.238 - - [01/Jul/2024:09:07:59 +1000] "GET /wp-config.phpd HTTP/1.1" 301 983 "-" "Mozilla/5.0 (iPod; U; CPU iPhone OS 4_2_1 like Mac OS X; en-gb) AppleWebKit/533.17.9 (KHTML, like Gecko) Version/5.0.2 Mobile/8C148 Safari/6533.18.5"
193.142.146.238 - - [01/Jul/2024:09:08:00 +1000] "GET /wp-config.phpd HTTP/1.1" 404 94420 "-" "Mozilla/5.0 (iPod; U; CPU iPhone OS 4_2_1 like Mac OS X; en-gb) AppleWebKit/533.17.9 (KHTML, like Gecko) Version/5.0.2 Mobile/8C148 Safari/6533.18.5"
111.67.29.221 - - [01/Jul/2024:09:12:25 +1000] "POST /wp-cron.php?doing_wp_cron=1719789145.5850279331207275390625 HTTP/1.1" 200 296 "-" "WordPress/6.5.5; https://www.pgkdistribution.com.au"
54.170.236.217 - - [01/Jul/2024:09:12:23 +1000] "GET / HTTP/1.1" 301 497 "-" "Plesk screenshot bot https://support.plesk.com/hc/en-us/articles/10301006946066"
66.249.66.85 - - [01/Jul/2024:09:27:20 +1000] "GET /product/klip-lok-305/ HTTP/1.1" 301 990 "-" "Mozilla/5.0 (Linux; Android 6.0.1; Nexus 5X Build/MMB29P) AppleWebKit/537.36 (KHTML, like Gecko) Chrome/125.0.6422.175 Mobile Safari/537.36 (compatible; Googlebot/2.1; +http://www.google.com/bot.html)"
111.67.29.221 - - [01/Jul/2024:09:27:26 +1000] "POST /wp-cron.php?doing_wp_cron=1719790046.1431579589843750000000 HTTP/1.1" 200 296 "-" "WordPress/6.5.5; https://www.pgkdistribution.com.au"
66.249.66.199 - - [01/Jul/2024:09:27:21 +1000] "GET /product/klip-lok-305/ HTTP/1.1" 301 654 "-" "Mozilla/5.0 (Linux; Android 6.0.1; Nexus 5X Build/MMB29P) AppleWebKit/537.36 (KHTML, like Gecko) Chrome/125.0.6422.175 Mobile Safari/537.36 (compatible; Googlebot/2.1; +http://www.google.com/bot.html)"
103.237.86.38 - - [01/Jul/2024:09:30:09 +1000] "GET / HTTP/1.1" 301 969 "-" "Mozilla/5.0 (Windows NT 10.0; Win64; x64) AppleWebKit/537.36 (KHTML, like Gecko) Chrome/79.0 Safari/537.36"
111.67.29.221 - - [01/Jul/2024:09:30:16 +1000] "POST /wp-cron.php?doing_wp_cron=1719790216.9225749969482421875000 HTTP/1.1" 200 296 "-" "WordPress/6.5.5; https://www.pgkdistribution.com.au"
103.237.86.38 - - [01/Jul/2024:09:30:09 +1000] "GET / HTTP/1.1" 301 497 "-" "Mozilla/5.0 (Windows NT 10.0; Win64; x64) AppleWebKit/537.36 (KHTML, like Gecko) Chrome/79.0 Safari/537.36"
66.249.66.197 - - [01/Jul/2024:09:36:23 +1000] "GET /wp-content/uploads/2021/06/SE019.png HTTP/1.1" 200 168322 "-" "Googlebot-Image/1.0"
205.209.106.139 - - [01/Jul/2024:09:38:57 +1000] "GET / HTTP/1.1" 301 969 "-" "Mozilla/5.0 (Windows NT 10.0; Win64; x64) AppleWebKit/537.36 (KHTML, like Gecko) Chrome/113.0.0.0 Safari/537.36"
111.67.29.221 - - [01/Jul/2024:09:39:02 +1000] "POST /wp-cron.php?doing_wp_cron=1719790742.8576750755310058593750 HTTP/1.1" 200 296 "-" "WordPress/6.5.5; https://www.pgkdistribution.com.au"
205.209.106.139 - - [01/Jul/2024:09:38:58 +1000] "GET / HTTP/1.1" 301 497 "-" "Mozilla/5.0 (Windows NT 10.0; Win64; x64) AppleWebKit/537.36 (KHTML, like Gecko) Chrome/113.0.0.0 Safari/537.36"
