66.249.66.197 - - [30/Jun/2024:07:08:17 +1000] "GET /wp-content/plugins/woo-gutenberg-products-block/build/product-categories.css?ver=10.8.1 HTTP/1.1" 200 1110 "http://www.pgkdistribution.com.au/product/tile-interface-roof-hook-set/" "Mozilla/5.0 (Linux; Android 6.0.1; Nexus 5X Build/MMB29P) AppleWebKit/537.36 (KHTML, like Gecko) Chrome/125.0.6422.175 Mobile Safari/537.36 (compatible; Googlebot/2.1; +http://www.google.com/bot.html)"
66.249.66.197 - - [30/Jun/2024:07:08:17 +1000] "GET /wp-content/plugins/contact-form-7/includes/css/styles.css?ver=5.7.7 HTTP/1.1" 200 1522 "http://www.pgkdistribution.com.au/product/tile-interface-roof-hook-set/" "Mozilla/5.0 (Linux; Android 6.0.1; Nexus 5X Build/MMB29P) AppleWebKit/537.36 (KHTML, like Gecko) Chrome/125.0.6422.175 Mobile Safari/537.36 (compatible; Googlebot/2.1; +http://www.google.com/bot.html)"
66.249.66.197 - - [30/Jun/2024:07:08:17 +1000] "GET /wp-content/plugins/user-registration-plugin-for-woocommerce/front/js/afreg_color_spectrum.js?ver=1.0 HTTP/1.1" 200 21591 "http://www.pgkdistribution.com.au/product/tile-interface-roof-hook-set/" "Mozilla/5.0 (Linux; Android 6.0.1; Nexus 5X Build/MMB29P) AppleWebKit/537.36 (KHTML, like Gecko) Chrome/125.0.6422.175 Mobile Safari/537.36 (compatible; Googlebot/2.1; +http://www.google.com/bot.html)"
66.249.66.197 - - [30/Jun/2024:07:08:18 +1000] "GET /wp-content/plugins/woo-gutenberg-products-block/build/single-product.css?ver=10.8.1 HTTP/1.1" 200 819 "http://www.pgkdistribution.com.au/product/tile-interface-roof-hook-set/" "Mozilla/5.0 (Linux; Android 6.0.1; Nexus 5X Build/MMB29P) AppleWebKit/537.36 (KHTML, like Gecko) Chrome/125.0.6422.175 Mobile Safari/537.36 (compatible; Googlebot/2.1; +http://www.google.com/bot.html)"
66.249.66.197 - - [30/Jun/2024:07:08:19 +1000] "GET /wp-content/plugins/gutentor/assets/library/fontawesome/css/all.min.css?ver=5.12.0 HTTP/1.1" 200 14604 "http://www.pgkdistribution.com.au/product/tile-interface-roof-hook-set/" "Mozilla/5.0 (Linux; Android 6.0.1; Nexus 5X Build/MMB29P) AppleWebKit/537.36 (KHTML, like Gecko) Chrome/125.0.6422.175 Mobile Safari/537.36 (compatible; Googlebot/2.1; +http://www.google.com/bot.html)"
66.249.66.197 - - [30/Jun/2024:07:08:19 +1000] "GET /wp-content/plugins/gutentor/assets/library/wpness-grid/wpness-grid.css?ver=1.0.0 HTTP/1.1" 200 4968 "http://www.pgkdistribution.com.au/product/tile-interface-roof-hook-set/" "Mozilla/5.0 (Linux; Android 6.0.1; Nexus 5X Build/MMB29P) AppleWebKit/537.36 (KHTML, like Gecko) Chrome/125.0.6422.175 Mobile Safari/537.36 (compatible; Googlebot/2.1; +http://www.google.com/bot.html)"
66.249.66.197 - - [30/Jun/2024:07:08:20 +1000] "GET /wp-content/plugins/woo-gutenberg-products-block/build/featured-category.css?ver=10.8.1 HTTP/1.1" 200 1475 "http://www.pgkdistribution.com.au/product/tile-interface-roof-hook-set/" "Mozilla/5.0 (Linux; Android 6.0.1; Nexus 5X Build/MMB29P) AppleWebKit/537.36 (KHTML, like Gecko) Chrome/125.0.6422.175 Mobile Safari/537.36 (compatible; Googlebot/2.1; +http://www.google.com/bot.html)"
66.249.66.197 - - [30/Jun/2024:07:08:20 +1000] "GET /wp-content/plugins/woo-gutenberg-products-block/build/price-filter.css?ver=10.8.1 HTTP/1.1" 200 3790 "http://www.pgkdistribution.com.au/product/tile-interface-roof-hook-set/" "Mozilla/5.0 (Linux; Android 6.0.1; Nexus 5X Build/MMB29P) AppleWebKit/537.36 (KHTML, like Gecko) Chrome/125.0.6422.175 Mobile Safari/537.36 (compatible; Googlebot/2.1; +http://www.google.com/bot.html)"
66.249.66.197 - - [30/Jun/2024:07:08:21 +1000] "GET /wp-content/plugins/woo-gutenberg-products-block/build/add-to-cart-form.css?ver=10.8.1 HTTP/1.1" 200 793 "http://www.pgkdistribution.com.au/product/tile-interface-roof-hook-set/" "Mozilla/5.0 (Linux; Android 6.0.1; Nexus 5X Build/MMB29P) AppleWebKit/537.36 (KHTML, like Gecko) Chrome/125.0.6422.175 Mobile Safari/537.36 (compatible; Googlebot/2.1; +http://www.google.com/bot.html)"
66.249.66.197 - - [30/Jun/2024:07:08:21 +1000] "GET /wp-content/plugins/gutentor/dist/blocks.style.build.css?ver=3.2.7 HTTP/1.1" 200 36975 "http://www.pgkdistribution.com.au/product/tile-interface-roof-hook-set/" "Mozilla/5.0 (Linux; Android 6.0.1; Nexus 5X Build/MMB29P) AppleWebKit/537.36 (KHTML, like Gecko) Chrome/125.0.6422.175 Mobile Safari/537.36 (compatible; Googlebot/2.1; +http://www.google.com/bot.html)"
66.249.66.197 - - [30/Jun/2024:07:08:22 +1000] "GET /wp-content/plugins/gutentor/assets/library/slick/slick.min.css?ver=1.8.1 HTTP/1.1" 200 950 "http://www.pgkdistribution.com.au/product/tile-interface-roof-hook-set/" "Mozilla/5.0 (Linux; Android 6.0.1; Nexus 5X Build/MMB29P) AppleWebKit/537.36 (KHTML, like Gecko) Chrome/125.0.6422.175 Mobile Safari/537.36 (compatible; Googlebot/2.1; +http://www.google.com/bot.html)"
66.249.66.197 - - [30/Jun/2024:07:08:22 +1000] "GET /wp-content/plugins/woo-gutenberg-products-block/build/product-summary.css?ver=10.8.1 HTTP/1.1" 200 992 "http://www.pgkdistribution.com.au/product/tile-interface-roof-hook-set/" "Mozilla/5.0 (Linux; Android 6.0.1; Nexus 5X Build/MMB29P) AppleWebKit/537.36 (KHTML, like Gecko) Chrome/125.0.6422.175 Mobile Safari/537.36 (compatible; Googlebot/2.1; +http://www.google.com/bot.html)"
66.249.66.197 - - [30/Jun/2024:07:08:23 +1000] "GET /wp-content/plugins/woo-gutenberg-products-block/build/all-products.css?ver=10.8.1 HTTP/1.1" 200 5625 "http://www.pgkdistribution.com.au/product/tile-interface-roof-hook-set/" "Mozilla/5.0 (Linux; Android 6.0.1; Nexus 5X Build/MMB29P) AppleWebKit/537.36 (KHTML, like Gecko) Chrome/125.0.6422.175 Mobile Safari/537.36 (compatible; Googlebot/2.1; +http://www.google.com/bot.html)"
66.249.66.197 - - [30/Jun/2024:07:08:23 +1000] "GET /wp-content/plugins/woo-gutenberg-products-block/build/product-sku.css?ver=10.8.1 HTTP/1.1" 200 674 "http://www.pgkdistribution.com.au/product/tile-interface-roof-hook-set/" "Mozilla/5.0 (Linux; Android 6.0.1; Nexus 5X Build/MMB29P) AppleWebKit/537.36 (KHTML, like Gecko) Chrome/125.0.6422.175 Mobile Safari/537.36 (compatible; Googlebot/2.1; +http://www.google.com/bot.html)"
66.249.66.197 - - [30/Jun/2024:07:08:24 +1000] "GET /wp-content/plugins/storefront-hamburger-menu/assets/js/frontend.min.js?ver=1.2.2 HTTP/1.1" 200 638 "http://www.pgkdistribution.com.au/product/tile-interface-roof-hook-set/" "Mozilla/5.0 (Linux; Android 6.0.1; Nexus 5X Build/MMB29P) AppleWebKit/537.36 (KHTML, like Gecko) Chrome/125.0.6422.175 Mobile Safari/537.36 (compatible; Googlebot/2.1; +http://www.google.com/bot.html)"
66.249.66.197 - - [30/Jun/2024:07:08:25 +1000] "GET /wp-content/themes/storefront/assets/js/sticky-add-to-cart.min.js?ver=3.9.1 HTTP/1.1" 200 889 "http://www.pgkdistribution.com.au/product/tile-interface-roof-hook-set/" "Mozilla/5.0 (Linux; Android 6.0.1; Nexus 5X Build/MMB29P) AppleWebKit/537.36 (KHTML, like Gecko) Chrome/125.0.6422.175 Mobile Safari/537.36 (compatible; Googlebot/2.1; +http://www.google.com/bot.html)"
66.249.66.197 - - [30/Jun/2024:07:08:26 +1000] "POST /?wc-ajax=get_refreshed_fragments HTTP/1.1" 200 928 "http://www.pgkdistribution.com.au/product/tile-interface-roof-hook-set/" "Mozilla/5.0 (Linux; Android 6.0.1; Nexus 5X Build/MMB29P) AppleWebKit/537.36 (KHTML, like Gecko) Chrome/125.0.6422.175 Mobile Safari/537.36 (compatible; Googlebot/2.1; +http://www.google.com/bot.html)"
54.67.93.107 - - [30/Jun/2024:07:53:26 +1000] "GET /robots.txt HTTP/1.1" 301 942 "https://www.google.com/" "Mozilla/5.0 (Windows NT 10.0; Win64; x64) AppleWebKit/537.36 (KHTML, like Gecko) Chrome/126.0.0.0 Safari/537.36"
111.67.29.221 - - [30/Jun/2024:07:53:32 +1000] "POST /wp-cron.php?doing_wp_cron=1719698012.2243089675903320312500 HTTP/1.1" 200 296 "-" "WordPress/6.5.5; https://www.pgkdistribution.com.au"
54.67.93.107 - - [30/Jun/2024:07:53:27 +1000] "GET /robots.txt HTTP/1.1" 200 679 "https://www.google.com/" "Mozilla/5.0 (Windows NT 10.0; Win64; x64) AppleWebKit/537.36 (KHTML, like Gecko) Chrome/126.0.0.0 Safari/537.36"
54.67.93.107 - - [30/Jun/2024:07:53:34 +1000] "HEAD /sitemap.xml HTTP/1.1" 301 190 "https://www.google.com/" "Mozilla/5.0 (Windows NT 10.0; Win64; x64) AppleWebKit/537.36 (KHTML, like Gecko) Chrome/126.0.0.0 Safari/537.36"
54.67.93.107 - - [30/Jun/2024:07:53:34 +1000] "HEAD /sitemap.xml HTTP/1.1" 404 543 "https://www.google.com/" "Mozilla/5.0 (Windows NT 10.0; Win64; x64) AppleWebKit/537.36 (KHTML, like Gecko) Chrome/126.0.0.0 Safari/537.36"
101.179.204.115 - - [30/Jun/2024:08:26:34 +1000] "GET /product/genuine-mc4-connector-pairs/ HTTP/1.1" 301 968 "-" "Mozilla/5.0 (Windows NT 10.0; Win64; x64) AppleWebKit/537.36 (KHTML, like Gecko) Chrome/93.0.4577.63 Safari/537.36"
111.67.29.221 - - [30/Jun/2024:08:26:41 +1000] "POST /wp-cron.php?doing_wp_cron=1719700001.4722549915313720703125 HTTP/1.1" 200 296 "-" "WordPress/6.5.5; https://www.pgkdistribution.com.au"
101.179.204.115 - - [30/Jun/2024:08:26:34 +1000] "GET /product/genuine-mc4-connector-pairs/ HTTP/1.1" 200 43440 "-" "Mozilla/5.0 (Windows NT 10.0; Win64; x64) AppleWebKit/537.36 (KHTML, like Gecko) Chrome/93.0.4577.63 Safari/537.36"
101.179.204.115 - - [30/Jun/2024:08:26:42 +1000] "GET /product/genuine-mc4-connector-pairs/ HTTP/1.1" 200 100228 "-" "Mozilla/5.0 (Windows NT 10.0; Win64; x64) AppleWebKit/537.36 (KHTML, like Gecko) Chrome/93.0.4577.63 Safari/537.36"
101.179.204.115 - - [30/Jun/2024:08:26:52 +1000] "GET /my-account/ HTTP/1.1" 301 943 "-" "Mozilla/5.0 (Windows NT 10.0; Win64; x64) AppleWebKit/537.36 (KHTML, like Gecko) Chrome/90.0.4430.85 Safari/537.36"
111.67.29.221 - - [30/Jun/2024:08:26:53 +1000] "POST /wp-cron.php?doing_wp_cron=1719700013.9414820671081542968750 HTTP/1.1" 200 296 "-" "WordPress/6.5.5; https://www.pgkdistribution.com.au"
101.179.204.115 - - [30/Jun/2024:08:26:52 +1000] "GET /my-account/ HTTP/1.1" 200 41992 "-" "Mozilla/5.0 (Windows NT 10.0; Win64; x64) AppleWebKit/537.36 (KHTML, like Gecko) Chrome/90.0.4430.85 Safari/537.36"
101.179.204.115 - - [30/Jun/2024:08:26:54 +1000] "GET /my-account/ HTTP/1.1" 200 109331 "-" "Mozilla/5.0 (Windows NT 10.0; Win64; x64) AppleWebKit/537.36 (KHTML, like Gecko) Chrome/90.0.4430.85 Safari/537.36"
101.179.204.115 - - [30/Jun/2024:08:28:09 +1000] "GET /my-account/lost-password/ HTTP/1.1" 301 957 "-" "Mozilla/5.0 (Windows NT 10.0; Win64; x64) AppleWebKit/537.36 (KHTML, like Gecko) Chrome/90.0.4430.85 Safari/537.36"
101.179.204.115 - - [30/Jun/2024:08:28:09 +1000] "GET /my-account/lost-password/ HTTP/1.1" 200 41992 "-" "Mozilla/5.0 (Windows NT 10.0; Win64; x64) AppleWebKit/537.36 (KHTML, like Gecko) Chrome/90.0.4430.85 Safari/537.36"
101.179.204.115 - - [30/Jun/2024:08:28:11 +1000] "GET /my-account/lost-password/ HTTP/1.1" 200 84323 "-" "Mozilla/5.0 (Windows NT 10.0; Win64; x64) AppleWebKit/537.36 (KHTML, like Gecko) Chrome/90.0.4430.85 Safari/537.36"
35.89.204.82 - - [30/Jun/2024:08:30:56 +1000] "GET / HTTP/1.1" 301 969 "-" "Mozilla/5.0 (Windows NT 10.0; Win64; x64) AppleWebKit/537.36 (KHTML, like Gecko) Chrome/85.0.4183.0 Safari/537.36 Some Company. inc admin.contact@gmail.com"
111.67.29.221 - - [30/Jun/2024:08:31:03 +1000] "POST /wp-cron.php?doing_wp_cron=1719700263.7899589538574218750000 HTTP/1.1" 200 296 "-" "WordPress/6.5.5; https://www.pgkdistribution.com.au"
35.89.204.82 - - [30/Jun/2024:08:30:57 +1000] "GET / HTTP/1.1" 301 497 "-" "Mozilla/5.0 (Windows NT 10.0; Win64; x64) AppleWebKit/537.36 (KHTML, like Gecko) Chrome/85.0.4183.0 Safari/537.36 Some Company. inc admin.contact@gmail.com"
101.179.204.115 - - [30/Jun/2024:08:33:14 +1000] "GET /?s=mc4&post_type=product HTTP/1.1" 301 956 "-" "Mozilla/5.0 (Windows NT 10.0; Win64; x64) AppleWebKit/537.36 (KHTML, like Gecko) Chrome/94.0.4606.41 Safari/537.36"
101.179.204.115 - - [30/Jun/2024:08:33:14 +1000] "GET /?s=mc4&post_type=product HTTP/1.1" 200 41992 "-" "Mozilla/5.0 (Windows NT 10.0; Win64; x64) AppleWebKit/537.36 (KHTML, like Gecko) Chrome/94.0.4606.41 Safari/537.36"
101.179.204.115 - - [30/Jun/2024:08:33:16 +1000] "GET /?s=mc4&post_type=product HTTP/1.1" 200 96941 "-" "Mozilla/5.0 (Windows NT 10.0; Win64; x64) AppleWebKit/537.36 (KHTML, like Gecko) Chrome/94.0.4606.41 Safari/537.36"
101.179.204.115 - - [30/Jun/2024:08:34:07 +1000] "GET /solar-inverters/ HTTP/1.1" 301 948 "-" "Mozilla/5.0 (Windows NT 10.0; Win64; x64) AppleWebKit/537.36 (KHTML, like Gecko) Chrome/96.0.4664.45 Safari/537.36"
101.179.204.115 - - [30/Jun/2024:08:34:07 +1000] "GET /solar-inverters/ HTTP/1.1" 200 66197 "-" "Mozilla/5.0 (Windows NT 10.0; Win64; x64) AppleWebKit/537.36 (KHTML, like Gecko) Chrome/96.0.4664.45 Safari/537.36"
101.179.204.115 - - [30/Jun/2024:08:34:09 +1000] "GET /solar-inverters/ HTTP/1.1" 200 86859 "-" "Mozilla/5.0 (Windows NT 10.0; Win64; x64) AppleWebKit/537.36 (KHTML, like Gecko) Chrome/96.0.4664.45 Safari/537.36"
101.179.204.115 - - [30/Jun/2024:08:34:24 +1000] "GET /dc-cable/ HTTP/1.1" 301 941 "-" "Mozilla/5.0 (Windows NT 10.0; Win64; x64) AppleWebKit/537.36 (KHTML, like Gecko) Chrome/95.0.4638.69 Safari/537.36"
101.179.204.115 - - [30/Jun/2024:08:34:24 +1000] "GET /dc-cable/ HTTP/1.1" 200 41992 "-" "Mozilla/5.0 (Windows NT 10.0; Win64; x64) AppleWebKit/537.36 (KHTML, like Gecko) Chrome/95.0.4638.69 Safari/537.36"
101.179.204.115 - - [30/Jun/2024:08:34:26 +1000] "GET /dc-cable/ HTTP/1.1" 200 122656 "-" "Mozilla/5.0 (Windows NT 10.0; Win64; x64) AppleWebKit/537.36 (KHTML, like Gecko) Chrome/95.0.4638.69 Safari/537.36"
101.179.204.115 - - [30/Jun/2024:08:36:02 +1000] "GET /solar-pv-panels/ HTTP/1.1" 301 948 "-" "Mozilla/5.0 (Windows NT 10.0; Win64; x64) AppleWebKit/537.36 (KHTML, like Gecko) Chrome/93.0.4577.15 Safari/537.36"
101.179.204.115 - - [30/Jun/2024:08:36:02 +1000] "GET /solar-pv-panels/ HTTP/1.1" 200 43440 "-" "Mozilla/5.0 (Windows NT 10.0; Win64; x64) AppleWebKit/537.36 (KHTML, like Gecko) Chrome/93.0.4577.15 Safari/537.36"
101.179.204.115 - - [30/Jun/2024:08:36:04 +1000] "GET /solar-pv-panels/ HTTP/1.1" 200 91312 "-" "Mozilla/5.0 (Windows NT 10.0; Win64; x64) AppleWebKit/537.36 (KHTML, like Gecko) Chrome/93.0.4577.15 Safari/537.36"
101.179.204.115 - - [30/Jun/2024:08:36:15 +1000] "GET /solar-rails/ HTTP/1.1" 301 944 "-" "Mozilla/5.0 (Windows NT 10.0; Win64; x64) AppleWebKit/537.36 (KHTML, like Gecko) Chrome/95.0.4638.17 Safari/537.36"
101.179.204.115 - - [30/Jun/2024:08:36:15 +1000] "GET /solar-rails/ HTTP/1.1" 200 41992 "-" "Mozilla/5.0 (Windows NT 10.0; Win64; x64) AppleWebKit/537.36 (KHTML, like Gecko) Chrome/95.0.4638.17 Safari/537.36"
101.179.204.115 - - [30/Jun/2024:08:36:17 +1000] "GET /solar-rails/ HTTP/1.1" 200 86419 "-" "Mozilla/5.0 (Windows NT 10.0; Win64; x64) AppleWebKit/537.36 (KHTML, like Gecko) Chrome/95.0.4638.17 Safari/537.36"
101.179.204.115 - - [30/Jun/2024:08:36:37 +1000] "GET /circuit-breakers/ HTTP/1.1" 301 949 "-" "Mozilla/5.0 (Windows NT 10.0; Win64; x64) AppleWebKit/537.36 (KHTML, like Gecko) Chrome/92.0.4515.159 Safari/537.36"
101.179.204.115 - - [30/Jun/2024:08:36:37 +1000] "GET /circuit-breakers/ HTTP/1.1" 200 41992 "-" "Mozilla/5.0 (Windows NT 10.0; Win64; x64) AppleWebKit/537.36 (KHTML, like Gecko) Chrome/92.0.4515.159 Safari/537.36"
101.179.204.115 - - [30/Jun/2024:08:36:40 +1000] "GET /circuit-breakers/ HTTP/1.1" 200 114686 "-" "Mozilla/5.0 (Windows NT 10.0; Win64; x64) AppleWebKit/537.36 (KHTML, like Gecko) Chrome/92.0.4515.159 Safari/537.36"
66.249.66.86 - - [30/Jun/2024:09:06:48 +1000] "GET /product/electrical-lockdogs/ HTTP/1.1" 301 997 "-" "Mozilla/5.0 (Linux; Android 6.0.1; Nexus 5X Build/MMB29P) AppleWebKit/537.36 (KHTML, like Gecko) Chrome/125.0.6422.175 Mobile Safari/537.36 (compatible; Googlebot/2.1; +http://www.google.com/bot.html)"
111.67.29.221 - - [30/Jun/2024:09:06:56 +1000] "POST /wp-cron.php?doing_wp_cron=1719702416.0715019702911376953125 HTTP/1.1" 200 296 "-" "WordPress/6.5.5; https://www.pgkdistribution.com.au"
66.249.66.199 - - [30/Jun/2024:09:06:49 +1000] "GET /product/electrical-lockdogs/ HTTP/1.1" 200 23163 "-" "Mozilla/5.0 (Linux; Android 6.0.1; Nexus 5X Build/MMB29P) AppleWebKit/537.36 (KHTML, like Gecko) Chrome/125.0.6422.175 Mobile Safari/537.36 (compatible; Googlebot/2.1; +http://www.google.com/bot.html)"
66.249.66.197 - - [30/Jun/2024:09:07:01 +1000] "POST /?wc-ajax=get_refreshed_fragments HTTP/1.1" 200 928 "http://www.pgkdistribution.com.au/product/electrical-lockdogs/" "Mozilla/5.0 (Linux; Android 6.0.1; Nexus 5X Build/MMB29P) AppleWebKit/537.36 (KHTML, like Gecko) Chrome/125.0.6422.175 Mobile Safari/537.36 (compatible; Googlebot/2.1; +http://www.google.com/bot.html)"
66.249.66.198 - - [30/Jun/2024:09:58:32 +1000] "GET /wp-content/uploads/2021/06/ER-I-01.jpg HTTP/1.1" 200 36945 "-" "Googlebot-Image/1.0"
52.230.152.237 - - [30/Jun/2024:10:02:21 +1000] "GET /robots.txt HTTP/1.1" 301 942 "-" "Mozilla/5.0 AppleWebKit/537.36 (KHTML, like Gecko; compatible; GPTBot/1.0; +https://openai.com/gptbot)"
52.230.152.237 - - [30/Jun/2024:10:02:21 +1000] "GET /robots.txt HTTP/1.1" 200 679 "http://pgkdistribution.com.au/robots.txt" "Mozilla/5.0 AppleWebKit/537.36 (KHTML, like Gecko; compatible; GPTBot/1.0; +https://openai.com/gptbot)"
52.230.152.209 - - [30/Jun/2024:10:06:53 +1000] "GET / HTTP/1.1" 301 932 "-" "Mozilla/5.0 AppleWebKit/537.36 (KHTML, like Gecko; compatible; GPTBot/1.0; +https://openai.com/gptbot)"
111.67.29.221 - - [30/Jun/2024:10:06:59 +1000] "POST /wp-cron.php?doing_wp_cron=1719706019.4871571063995361328125 HTTP/1.1" 200 296 "-" "WordPress/6.5.5; https://www.pgkdistribution.com.au"
52.230.152.192 - - [30/Jun/2024:10:06:53 +1000] "GET /robots.txt HTTP/1.1" 200 679 "-" "Mozilla/5.0 AppleWebKit/537.36 (KHTML, like Gecko; compatible; GPTBot/1.0; +https://openai.com/gptbot)"
141.98.11.166 - - [30/Jun/2024:10:09:53 +1000] "GET / HTTP/1.0" 301 932 "-" "Mozilla/5.0 (Windows NT 6.3; Win64; x64) AppleWebKit/537.36 (KHTML, like Gecko) Chrome/75.0.3770.100 Safari/537.36"
46.149.74.58 - - [30/Jun/2024:10:16:07 +1000] "GET /contact-us/ HTTP/1.0" 301 943 "http://pgkdistribution.com.au/contact-us/" "Mozilla/5.0 (Windows NT 10.0; Win64; x64) AppleWebKit/537.36 (KHTML, like Gecko) Chrome/122.0.0.0 Safari/537.36"
111.67.29.221 - - [30/Jun/2024:10:16:15 +1000] "POST /wp-cron.php?doing_wp_cron=1719706575.1298179626464843750000 HTTP/1.1" 200 296 "-" "WordPress/6.5.5; https://www.pgkdistribution.com.au"
46.149.74.58 - - [30/Jun/2024:10:16:09 +1000] "GET /contact-us/ HTTP/1.0" 200 87260 "http://www.pgkdistribution.com.au/contact-us/" "Mozilla/5.0 (Windows NT 10.0; Win64; x64) AppleWebKit/537.36 (KHTML, like Gecko) Chrome/122.0.0.0 Safari/537.36"
159.203.65.26 - - [30/Jun/2024:10:32:06 +1000] "GET / HTTP/1.1" 301 969 "-" "Mozilla/5.0 (Windows NT 10.0; Win64; x64) AppleWebKit/537.36 (KHTML, like Gecko) Chrome/78.0.3904.108 Safari/537.36"
111.67.29.221 - - [30/Jun/2024:10:32:13 +1000] "POST /wp-cron.php?doing_wp_cron=1719707533.2470450401306152343750 HTTP/1.1" 200 296 "-" "WordPress/6.5.5; https://www.pgkdistribution.com.au"
159.203.65.26 - - [30/Jun/2024:10:32:07 +1000] "GET / HTTP/1.1" 301 497 "-" "Mozilla/5.0 (Windows NT 10.0; Win64; x64) AppleWebKit/537.36 (KHTML, like Gecko) Chrome/78.0.3904.108 Safari/537.36"
111.67.29.221 - - [30/Jun/2024:11:12:37 +1000] "POST /wp-cron.php?doing_wp_cron=1719709957.4863929748535156250000 HTTP/1.1" 200 296 "-" "WordPress/6.5.5; https://www.pgkdistribution.com.au"
51.222.253.18 - - [30/Jun/2024:11:12:31 +1000] "GET /robots.txt HTTP/1.1" 200 716 "-" "Mozilla/5.0 (compatible; AhrefsBot/7.0; +http://ahrefs.com/robot/)"
101.179.204.115 - - [30/Jun/2024:11:12:50 +1000] "GET /circuit-breakers/ HTTP/1.1" 301 949 "-" "Mozilla/5.0 (Windows NT 10.0; Win64; x64) AppleWebKit/537.36 (KHTML, like Gecko) Chrome/97.0.4692.20 Safari/537.36"
111.67.29.221 - - [30/Jun/2024:11:12:51 +1000] "POST /wp-cron.php?doing_wp_cron=1719709971.7271239757537841796875 HTTP/1.1" 200 296 "-" "WordPress/6.5.5; https://www.pgkdistribution.com.au"
101.179.204.115 - - [30/Jun/2024:11:12:50 +1000] "GET /circuit-breakers/ HTTP/1.1" 200 43440 "-" "Mozilla/5.0 (Windows NT 10.0; Win64; x64) AppleWebKit/537.36 (KHTML, like Gecko) Chrome/97.0.4692.20 Safari/537.36"
101.179.204.115 - - [30/Jun/2024:11:12:52 +1000] "GET /circuit-breakers/ HTTP/1.1" 200 114701 "-" "Mozilla/5.0 (Windows NT 10.0; Win64; x64) AppleWebKit/537.36 (KHTML, like Gecko) Chrome/97.0.4692.20 Safari/537.36"
103.131.71.51 - - [30/Jun/2024:11:41:07 +1000] "GET /robots.txt HTTP/1.1" 301 942 "-" "Mozilla/5.0 (compatible; coccocbot-image/1.0; +http://help.coccoc.com/searchengine)"
103.131.71.51 - - [30/Jun/2024:11:41:09 +1000] "GET /robots.txt HTTP/1.1" 200 679 "-" "Mozilla/5.0 (compatible; coccocbot-image/1.0; +http://help.coccoc.com/searchengine)"
103.131.71.45 - - [30/Jun/2024:11:41:40 +1000] "GET /robots.txt HTTP/1.1" 200 679 "-" "Mozilla/5.0 (compatible; coccocbot-image/1.0; +http://help.coccoc.com/searchengine)"
101.179.204.115 - - [30/Jun/2024:11:48:02 +1000] "GET /circuit-breakers/ HTTP/1.1" 301 949 "-" "Mozilla/5.0 (Windows NT 10.0; Win64; x64) AppleWebKit/537.36 (KHTML, like Gecko) Chrome/94.0.4606.61 Safari/537.36"
111.67.29.221 - - [30/Jun/2024:11:48:07 +1000] "POST /wp-cron.php?doing_wp_cron=1719712087.7416989803314208984375 HTTP/1.1" 200 296 "-" "WordPress/6.5.5; https://www.pgkdistribution.com.au"
101.179.204.115 - - [30/Jun/2024:11:48:03 +1000] "GET /circuit-breakers/ HTTP/1.1" 200 41992 "-" "Mozilla/5.0 (Windows NT 10.0; Win64; x64) AppleWebKit/537.36 (KHTML, like Gecko) Chrome/94.0.4606.61 Safari/537.36"
101.179.204.115 - - [30/Jun/2024:11:48:08 +1000] "GET /circuit-breakers/ HTTP/1.1" 200 114686 "-" "Mozilla/5.0 (Windows NT 10.0; Win64; x64) AppleWebKit/537.36 (KHTML, like Gecko) Chrome/94.0.4606.61 Safari/537.36"
185.220.101.96 - - [30/Jun/2024:12:03:18 +1000] "GET / HTTP/1.1" 301 969 "http://pgkdistribution.com.au" "Mozilla/5.0 (Windows NT 6.3; Win64; x64) AppleWebKit/537.36 (KHTML, like Gecko) Chrome/69.0.3497.100 Safari/537.36"
111.67.29.221 - - [30/Jun/2024:12:03:25 +1000] "POST /wp-cron.php?doing_wp_cron=1719713005.8464980125427246093750 HTTP/1.1" 200 296 "-" "WordPress/6.5.5; https://www.pgkdistribution.com.au"
185.220.101.96 - - [30/Jun/2024:12:03:20 +1000] "GET / HTTP/1.1" 301 497 "http://pgkdistribution.com.au" "Mozilla/5.0 (Windows NT 6.3; Win64; x64) AppleWebKit/537.36 (KHTML, like Gecko) Chrome/69.0.3497.100 Safari/537.36"
35.93.22.73 - - [30/Jun/2024:12:18:57 +1000] "GET / HTTP/1.1" 301 969 "-" "Mozilla/5.0 (Windows NT 10.0; Win64; x64) AppleWebKit/537.36 (KHTML, like Gecko) Chrome/85.0.4183.0 Safari/537.36 Some Company. inc admin.contact@gmail.com"
111.67.29.221 - - [30/Jun/2024:12:19:04 +1000] "POST /wp-cron.php?doing_wp_cron=1719713943.9056479930877685546875 HTTP/1.1" 200 296 "-" "WordPress/6.5.5; https://www.pgkdistribution.com.au"
35.93.22.73 - - [30/Jun/2024:12:18:59 +1000] "GET / HTTP/1.1" 301 497 "-" "Mozilla/5.0 (Windows NT 10.0; Win64; x64) AppleWebKit/537.36 (KHTML, like Gecko) Chrome/85.0.4183.0 Safari/537.36 Some Company. inc admin.contact@gmail.com"
66.249.66.86 - - [30/Jun/2024:12:35:46 +1000] "GET /product/pgk-8p-wp-enclosures-ip65/ HTTP/1.1" 301 1003 "-" "Mozilla/5.0 (Linux; Android 6.0.1; Nexus 5X Build/MMB29P) AppleWebKit/537.36 (KHTML, like Gecko) Chrome/125.0.6422.175 Mobile Safari/537.36 (compatible; Googlebot/2.1; +http://www.google.com/bot.html)"
111.67.29.221 - - [30/Jun/2024:12:35:52 +1000] "POST /wp-cron.php?doing_wp_cron=1719714952.5485460758209228515625 HTTP/1.1" 200 296 "-" "WordPress/6.5.5; https://www.pgkdistribution.com.au"
66.249.66.198 - - [30/Jun/2024:12:35:47 +1000] "GET /product/pgk-8p-wp-enclosures-ip65/ HTTP/1.1" 200 22960 "-" "Mozilla/5.0 (Linux; Android 6.0.1; Nexus 5X Build/MMB29P) AppleWebKit/537.36 (KHTML, like Gecko) Chrome/125.0.6422.175 Mobile Safari/537.36 (compatible; Googlebot/2.1; +http://www.google.com/bot.html)"
66.249.66.197 - - [30/Jun/2024:12:35:55 +1000] "POST /?wc-ajax=get_refreshed_fragments HTTP/1.1" 200 928 "http://www.pgkdistribution.com.au/product/pgk-8p-wp-enclosures-ip65/" "Mozilla/5.0 (Linux; Android 6.0.1; Nexus 5X Build/MMB29P) AppleWebKit/537.36 (KHTML, like Gecko) Chrome/125.0.6422.175 Mobile Safari/537.36 (compatible; Googlebot/2.1; +http://www.google.com/bot.html)"
38.152.201.15 - - [30/Jun/2024:13:00:20 +1000] "GET / HTTP/1.1" 301 969 "-" "Mozilla/5.0 (Windows NT 10.0; WOW64) AppleWebKit/537.36 (KHTML, like Gecko) Chrome/114.0.0.0 YaBrowser/22.7.0 Yowser/2.5 Safari/537.36"
38.152.201.15 - - [30/Jun/2024:13:00:21 +1000] "GET / HTTP/1.1" 301 497 "http://pgkdistribution.com.au/" "Mozilla/5.0 (Windows NT 10.0; WOW64) AppleWebKit/537.36 (KHTML, like Gecko) Chrome/114.0.0.0 YaBrowser/22.7.0 Yowser/2.5 Safari/537.36"
194.104.11.178 - - [30/Jun/2024:13:10:34 +1000] "GET /wp-login.php HTTP/1.1" 301 981 "-" "Mozilla/5.0 (Windows; U; Windows NT 6.1; en-US) AppleWebKit/534.10 (KHTML, like Gecko) Chrome/8.0.552.224 Safari/534.10"
111.67.29.221 - - [30/Jun/2024:13:10:42 +1000] "POST /wp-cron.php?doing_wp_cron=1719717042.9018340110778808593750 HTTP/1.1" 200 296 "-" "WordPress/6.5.5; https://www.pgkdistribution.com.au"
194.104.11.178 - - [30/Jun/2024:13:10:35 +1000] "GET /wp-login.php HTTP/1.1" 302 572 "-" "Mozilla/5.0 (Windows; U; Windows NT 6.1; en-US) AppleWebKit/534.10 (KHTML, like Gecko) Chrome/8.0.552.224 Safari/534.10"
3.145.100.176 - - [30/Jun/2024:13:14:34 +1000] "GET /ai.txt?t=1719709505.589508 HTTP/1.1" 301 995 "-" "Spawning-AI"
111.67.29.221 - - [30/Jun/2024:13:14:41 +1000] "POST /wp-cron.php?doing_wp_cron=1719717281.4620409011840820312500 HTTP/1.1" 200 296 "-" "WordPress/6.5.5; https://www.pgkdistribution.com.au"
3.145.100.176 - - [30/Jun/2024:13:14:35 +1000] "GET /ai.txt?t=1719709505.589508 HTTP/1.1" 404 17376 "-" "Spawning-AI"
66.249.66.85 - - [30/Jun/2024:13:15:20 +1000] "GET /product/end-clamp-35mm-silver/ HTTP/1.1" 301 999 "-" "Mozilla/5.0 (Linux; Android 6.0.1; Nexus 5X Build/MMB29P) AppleWebKit/537.36 (KHTML, like Gecko) Chrome/125.0.6422.175 Mobile Safari/537.36 (compatible; Googlebot/2.1; +http://www.google.com/bot.html)"
111.67.29.221 - - [30/Jun/2024:13:15:23 +1000] "POST /wp-cron.php?doing_wp_cron=1719717323.1895539760589599609375 HTTP/1.1" 200 296 "-" "WordPress/6.5.5; https://www.pgkdistribution.com.au"
66.249.66.198 - - [30/Jun/2024:13:15:21 +1000] "GET /product/end-clamp-35mm-silver/ HTTP/1.1" 200 23293 "-" "Mozilla/5.0 (Linux; Android 6.0.1; Nexus 5X Build/MMB29P) AppleWebKit/537.36 (KHTML, like Gecko) Chrome/125.0.6422.175 Mobile Safari/537.36 (compatible; Googlebot/2.1; +http://www.google.com/bot.html)"
94.156.71.219 - - [30/Jun/2024:13:17:53 +1000] "GET /simple.php HTTP/1.1" 301 979 "-" "Mozlila/5.0 (Linux; Android 7.0; SM-G892A Bulid/NRD90M; wv) AppleWebKit/537.36 (KHTML, like Gecko) Version/4.0 Chrome/60.0.3112.107 Moblie Safari/537.36"
111.67.29.221 - - [30/Jun/2024:13:18:29 +1000] "POST /wp-cron.php?doing_wp_cron=1719717509.6002769470214843750000 HTTP/1.1" 200 296 "-" "WordPress/6.5.5; https://www.pgkdistribution.com.au"
94.156.71.219 - - [30/Jun/2024:13:18:23 +1000] "GET /simple.php HTTP/1.1" 404 20200 "-" "Mozlila/5.0 (Linux; Android 7.0; SM-G892A Bulid/NRD90M; wv) AppleWebKit/537.36 (KHTML, like Gecko) Version/4.0 Chrome/60.0.3112.107 Moblie Safari/537.36"
111.67.29.221 - - [30/Jun/2024:13:25:15 +1000] "POST /wp-cron.php?doing_wp_cron=1719717915.6619119644165039062500 HTTP/1.1" 200 296 "-" "WordPress/6.5.5; https://www.pgkdistribution.com.au"
15.204.207.175 - - [30/Jun/2024:13:25:13 +1000] "GET / HTTP/1.1" 301 460 "-" "Mozilla/5.0 (Windows NT 10.0; Win64; x64) AppleWebKit/537.36 (KHTML, like Gecko) Chrome/62.0.3202.94 Safari/537.36"
195.191.219.130 - - [30/Jun/2024:13:26:07 +1000] "GET /robots.txt HTTP/1.1" 301 979 "-" "Mozilla/5.0 (compatible; MJ12bot/v1.4.8; http://mj12bot.com/)"
111.67.29.221 - - [30/Jun/2024:13:26:15 +1000] "POST /wp-cron.php?doing_wp_cron=1719717975.3758609294891357421875 HTTP/1.1" 200 296 "-" "WordPress/6.5.5; https://www.pgkdistribution.com.au"
195.191.219.130 - - [30/Jun/2024:13:26:10 +1000] "GET /robots.txt HTTP/1.1" 200 716 "-" "Mozilla/5.0 (compatible; MJ12bot/v1.4.8; http://mj12bot.com/)"
195.191.219.130 - - [30/Jun/2024:13:26:19 +1000] "GET / HTTP/1.1" 301 969 "-" "Mozilla/5.0 (compatible; MJ12bot/v1.4.8; http://mj12bot.com/)"
195.191.219.130 - - [30/Jun/2024:13:26:22 +1000] "GET / HTTP/1.1" 301 497 "-" "Mozilla/5.0 (compatible; MJ12bot/v1.4.8; http://mj12bot.com/)"
66.249.66.197 - - [30/Jun/2024:13:33:22 +1000] "GET /wp-content/themes/homestore/style.css?ver=2.0.33 HTTP/1.1" 200 15977 "http://www.pgkdistribution.com.au/product/end-clamp-35mm-silver/" "Mozilla/5.0 (Linux; Android 6.0.1; Nexus 5X Build/MMB29P) AppleWebKit/537.36 (KHTML, like Gecko) Chrome/125.0.6422.175 Mobile Safari/537.36 (compatible; Googlebot/2.1; +http://www.google.com/bot.html)"
66.249.66.197 - - [30/Jun/2024:13:33:23 +1000] "GET /wp-content/plugins/woo-gutenberg-products-block/build/checkout.css?ver=10.8.1 HTTP/1.1" 200 12675 "http://www.pgkdistribution.com.au/product/end-clamp-35mm-silver/" "Mozilla/5.0 (Linux; Android 6.0.1; Nexus 5X Build/MMB29P) AppleWebKit/537.36 (KHTML, like Gecko) Chrome/125.0.6422.175 Mobile Safari/537.36 (compatible; Googlebot/2.1; +http://www.google.com/bot.html)"
66.249.66.197 - - [30/Jun/2024:13:33:23 +1000] "GET /wp-content/plugins/woo-gutenberg-products-block/build/featured-category.css?ver=10.8.1 HTTP/1.1" 200 1475 "http://www.pgkdistribution.com.au/product/end-clamp-35mm-silver/" "Mozilla/5.0 (Linux; Android 6.0.1; Nexus 5X Build/MMB29P) AppleWebKit/537.36 (KHTML, like Gecko) Chrome/125.0.6422.175 Mobile Safari/537.36 (compatible; Googlebot/2.1; +http://www.google.com/bot.html)"
66.249.66.198 - - [30/Jun/2024:13:33:24 +1000] "GET /wp-content/plugins/hide-price-add-to-cart-button/assets/js/afwhp_front.js?ver=1.0 HTTP/1.1" 200 382 "http://www.pgkdistribution.com.au/product/end-clamp-35mm-silver/" "Mozilla/5.0 (Linux; Android 6.0.1; Nexus 5X Build/MMB29P) AppleWebKit/537.36 (KHTML, like Gecko) Chrome/125.0.6422.175 Mobile Safari/537.36 (compatible; Googlebot/2.1; +http://www.google.com/bot.html)"
66.249.66.198 - - [30/Jun/2024:13:33:24 +1000] "GET /wp-content/plugins/woo-gutenberg-products-block/build/price-filter.css?ver=10.8.1 HTTP/1.1" 200 3790 "http://www.pgkdistribution.com.au/product/end-clamp-35mm-silver/" "Mozilla/5.0 (Linux; Android 6.0.1; Nexus 5X Build/MMB29P) AppleWebKit/537.36 (KHTML, like Gecko) Chrome/125.0.6422.175 Mobile Safari/537.36 (compatible; Googlebot/2.1; +http://www.google.com/bot.html)"
66.249.66.198 - - [30/Jun/2024:13:33:25 +1000] "GET /wp-content/plugins/woo-gutenberg-products-block/build/all-reviews.css?ver=10.8.1 HTTP/1.1" 200 2401 "http://www.pgkdistribution.com.au/product/end-clamp-35mm-silver/" "Mozilla/5.0 (Linux; Android 6.0.1; Nexus 5X Build/MMB29P) AppleWebKit/537.36 (KHTML, like Gecko) Chrome/125.0.6422.175 Mobile Safari/537.36 (compatible; Googlebot/2.1; +http://www.google.com/bot.html)"
66.249.66.197 - - [30/Jun/2024:13:33:25 +1000] "GET /wp-content/plugins/woo-gutenberg-products-block/build/add-to-cart-form.css?ver=10.8.1 HTTP/1.1" 200 793 "http://www.pgkdistribution.com.au/product/end-clamp-35mm-silver/" "Mozilla/5.0 (Linux; Android 6.0.1; Nexus 5X Build/MMB29P) AppleWebKit/537.36 (KHTML, like Gecko) Chrome/125.0.6422.175 Mobile Safari/537.36 (compatible; Googlebot/2.1; +http://www.google.com/bot.html)"
66.249.66.198 - - [30/Jun/2024:13:33:26 +1000] "GET /wp-content/plugins/gutentor/assets/library/slick/slick.min.css?ver=1.8.1 HTTP/1.1" 200 950 "http://www.pgkdistribution.com.au/product/end-clamp-35mm-silver/" "Mozilla/5.0 (Linux; Android 6.0.1; Nexus 5X Build/MMB29P) AppleWebKit/537.36 (KHTML, like Gecko) Chrome/125.0.6422.175 Mobile Safari/537.36 (compatible; Googlebot/2.1; +http://www.google.com/bot.html)"
66.249.66.197 - - [30/Jun/2024:13:33:26 +1000] "GET /wp-content/plugins/user-registration-plugin-for-woocommerce/front/css/afreg_color_spectrum.css?ver=1.0 HTTP/1.1" 200 4952 "http://www.pgkdistribution.com.au/product/end-clamp-35mm-silver/" "Mozilla/5.0 (Linux; Android 6.0.1; Nexus 5X Build/MMB29P) AppleWebKit/537.36 (KHTML, like Gecko) Chrome/125.0.6422.175 Mobile Safari/537.36 (compatible; Googlebot/2.1; +http://www.google.com/bot.html)"
66.249.66.197 - - [30/Jun/2024:13:33:27 +1000] "GET /wp-content/plugins/storefront-hamburger-menu/assets/css/style.css?ver=1.2.2 HTTP/1.1" 200 1190 "http://www.pgkdistribution.com.au/product/end-clamp-35mm-silver/" "Mozilla/5.0 (Linux; Android 6.0.1; Nexus 5X Build/MMB29P) AppleWebKit/537.36 (KHTML, like Gecko) Chrome/125.0.6422.175 Mobile Safari/537.36 (compatible; Googlebot/2.1; +http://www.google.com/bot.html)"
66.249.66.198 - - [30/Jun/2024:13:33:28 +1000] "GET /wp-content/plugins/user-registration-plugin-for-woocommerce/front/js/afreg_front.js?ver=1.0 HTTP/1.1" 200 2417 "http://www.pgkdistribution.com.au/product/end-clamp-35mm-silver/" "Mozilla/5.0 (Linux; Android 6.0.1; Nexus 5X Build/MMB29P) AppleWebKit/537.36 (KHTML, like Gecko) Chrome/125.0.6422.175 Mobile Safari/537.36 (compatible; Googlebot/2.1; +http://www.google.com/bot.html)"
66.249.66.197 - - [30/Jun/2024:13:33:28 +1000] "GET /wp-content/plugins/woo-gutenberg-products-block/build/product-categories.css?ver=10.8.1 HTTP/1.1" 200 1110 "http://www.pgkdistribution.com.au/product/end-clamp-35mm-silver/" "Mozilla/5.0 (Linux; Android 6.0.1; Nexus 5X Build/MMB29P) AppleWebKit/537.36 (KHTML, like Gecko) Chrome/125.0.6422.175 Mobile Safari/537.36 (compatible; Googlebot/2.1; +http://www.google.com/bot.html)"
66.249.66.197 - - [30/Jun/2024:13:33:29 +1000] "GET /wp-content/plugins/user-registration-plugin-for-woocommerce/front/css/afreg_front.css?ver=1.0 HTTP/1.1" 200 1127 "http://www.pgkdistribution.com.au/product/end-clamp-35mm-silver/" "Mozilla/5.0 (Linux; Android 6.0.1; Nexus 5X Build/MMB29P) AppleWebKit/537.36 (KHTML, like Gecko) Chrome/125.0.6422.175 Mobile Safari/537.36 (compatible; Googlebot/2.1; +http://www.google.com/bot.html)"
66.249.66.197 - - [30/Jun/2024:13:33:30 +1000] "GET /wp-content/plugins/if-menu/assets/if-menu-site.css?ver=6.5.5 HTTP/1.1" 200 933 "http://www.pgkdistribution.com.au/product/end-clamp-35mm-silver/" "Mozilla/5.0 (Linux; Android 6.0.1; Nexus 5X Build/MMB29P) AppleWebKit/537.36 (KHTML, like Gecko) Chrome/125.0.6422.175 Mobile Safari/537.36 (compatible; Googlebot/2.1; +http://www.google.com/bot.html)"
66.249.66.197 - - [30/Jun/2024:13:33:30 +1000] "GET /wp-content/plugins/woo-gutenberg-products-block/build/mini-cart-contents.css?ver=10.8.1 HTTP/1.1" 200 3550 "http://www.pgkdistribution.com.au/product/end-clamp-35mm-silver/" "Mozilla/5.0 (Linux; Android 6.0.1; Nexus 5X Build/MMB29P) AppleWebKit/537.36 (KHTML, like Gecko) Chrome/125.0.6422.175 Mobile Safari/537.36 (compatible; Googlebot/2.1; +http://www.google.com/bot.html)"
66.249.66.197 - - [30/Jun/2024:13:33:31 +1000] "GET /wp-content/plugins/woo-gutenberg-products-block/build/active-filters.css?ver=10.8.1 HTTP/1.1" 200 2749 "http://www.pgkdistribution.com.au/product/end-clamp-35mm-silver/" "Mozilla/5.0 (Linux; Android 6.0.1; Nexus 5X Build/MMB29P) AppleWebKit/537.36 (KHTML, like Gecko) Chrome/125.0.6422.175 Mobile Safari/537.36 (compatible; Googlebot/2.1; +http://www.google.com/bot.html)"
66.249.66.197 - - [30/Jun/2024:13:33:32 +1000] "GET /wp-content/plugins/woo-gutenberg-products-block/build/product-summary.css?ver=10.8.1 HTTP/1.1" 200 992 "http://www.pgkdistribution.com.au/product/end-clamp-35mm-silver/" "Mozilla/5.0 (Linux; Android 6.0.1; Nexus 5X Build/MMB29P) AppleWebKit/537.36 (KHTML, like Gecko) Chrome/125.0.6422.175 Mobile Safari/537.36 (compatible; Googlebot/2.1; +http://www.google.com/bot.html)"
66.249.66.197 - - [30/Jun/2024:13:33:32 +1000] "GET /wp-content/plugins/hide-price-add-to-cart-button/assets/css/afwhp_front.css?ver=1.0 HTTP/1.1" 200 744 "http://www.pgkdistribution.com.au/product/end-clamp-35mm-silver/" "Mozilla/5.0 (Linux; Android 6.0.1; Nexus 5X Build/MMB29P) AppleWebKit/537.36 (KHTML, like Gecko) Chrome/125.0.6422.175 Mobile Safari/537.36 (compatible; Googlebot/2.1; +http://www.google.com/bot.html)"
66.249.66.197 - - [30/Jun/2024:13:33:33 +1000] "GET /wp-content/plugins/user-registration-plugin-for-woocommerce/front/js/afreg_color_spectrum.js?ver=1.0 HTTP/1.1" 200 21591 "http://www.pgkdistribution.com.au/product/end-clamp-35mm-silver/" "Mozilla/5.0 (Linux; Android 6.0.1; Nexus 5X Build/MMB29P) AppleWebKit/537.36 (KHTML, like Gecko) Chrome/125.0.6422.175 Mobile Safari/537.36 (compatible; Googlebot/2.1; +http://www.google.com/bot.html)"
66.249.66.197 - - [30/Jun/2024:13:33:33 +1000] "GET /wp-content/plugins/tier-pricing-table/assets/frontend/main.css?ver=6.3.0 HTTP/1.1" 200 2013 "http://www.pgkdistribution.com.au/product/end-clamp-35mm-silver/" "Mozilla/5.0 (Linux; Android 6.0.1; Nexus 5X Build/MMB29P) AppleWebKit/537.36 (KHTML, like Gecko) Chrome/125.0.6422.175 Mobile Safari/537.36 (compatible; Googlebot/2.1; +http://www.google.com/bot.html)"
66.249.66.197 - - [30/Jun/2024:13:33:34 +1000] "GET /wp-content/plugins/advanced-product-fields-for-woocommerce/assets/js/frontend.min.js?ver=1.6.6 HTTP/1.1" 200 2784 "http://www.pgkdistribution.com.au/product/end-clamp-35mm-silver/" "Mozilla/5.0 (Linux; Android 6.0.1; Nexus 5X Build/MMB29P) AppleWebKit/537.36 (KHTML, like Gecko) Chrome/125.0.6422.175 Mobile Safari/537.36 (compatible; Googlebot/2.1; +http://www.google.com/bot.html)"
66.249.66.197 - - [30/Jun/2024:13:33:35 +1000] "GET /wp-content/plugins/gutentor/assets/library/wow/wow.min.js?ver=1.2.1 HTTP/1.1" 200 3463 "http://www.pgkdistribution.com.au/product/end-clamp-35mm-silver/" "Mozilla/5.0 (Linux; Android 6.0.1; Nexus 5X Build/MMB29P) AppleWebKit/537.36 (KHTML, like Gecko) Chrome/125.0.6422.175 Mobile Safari/537.36 (compatible; Googlebot/2.1; +http://www.google.com/bot.html)"
66.249.66.197 - - [30/Jun/2024:13:33:35 +1000] "GET /wp-content/themes/storefront/assets/js/woocommerce/header-cart.min.js?ver=3.9.1 HTTP/1.1" 200 678 "http://www.pgkdistribution.com.au/product/end-clamp-35mm-silver/" "Mozilla/5.0 (Linux; Android 6.0.1; Nexus 5X Build/MMB29P) AppleWebKit/537.36 (KHTML, like Gecko) Chrome/125.0.6422.175 Mobile Safari/537.36 (compatible; Googlebot/2.1; +http://www.google.com/bot.html)"
66.249.66.197 - - [30/Jun/2024:13:33:36 +1000] "GET /wp-content/themes/storefront/assets/js/footer.min.js?ver=3.9.1 HTTP/1.1" 200 758 "http://www.pgkdistribution.com.au/product/end-clamp-35mm-silver/" "Mozilla/5.0 (Linux; Android 6.0.1; Nexus 5X Build/MMB29P) AppleWebKit/537.36 (KHTML, like Gecko) Chrome/125.0.6422.175 Mobile Safari/537.36 (compatible; Googlebot/2.1; +http://www.google.com/bot.html)"
66.249.66.197 - - [30/Jun/2024:13:33:36 +1000] "GET /wp-content/plugins/mailchimp-for-woocommerce/public/js/mailchimp-woocommerce-public.min.js?ver=2.7.2.01 HTTP/1.1" 200 2736 "http://www.pgkdistribution.com.au/product/end-clamp-35mm-silver/" "Mozilla/5.0 (Linux; Android 6.0.1; Nexus 5X Build/MMB29P) AppleWebKit/537.36 (KHTML, like Gecko) Chrome/125.0.6422.175 Mobile Safari/537.36 (compatible; Googlebot/2.1; +http://www.google.com/bot.html)"
66.249.66.197 - - [30/Jun/2024:13:33:37 +1000] "GET /wp-content/plugins/storefront-hamburger-menu/assets/js/frontend.min.js?ver=1.2.2 HTTP/1.1" 200 638 "http://www.pgkdistribution.com.au/product/end-clamp-35mm-silver/" "Mozilla/5.0 (Linux; Android 6.0.1; Nexus 5X Build/MMB29P) AppleWebKit/537.36 (KHTML, like Gecko) Chrome/125.0.6422.175 Mobile Safari/537.36 (compatible; Googlebot/2.1; +http://www.google.com/bot.html)"
66.249.66.197 - - [30/Jun/2024:13:33:37 +1000] "GET /wp-content/plugins/contact-form-7/includes/js/index.js?ver=5.7.7 HTTP/1.1" 200 5037 "http://www.pgkdistribution.com.au/product/end-clamp-35mm-silver/" "Mozilla/5.0 (Linux; Android 6.0.1; Nexus 5X Build/MMB29P) AppleWebKit/537.36 (KHTML, like Gecko) Chrome/125.0.6422.175 Mobile Safari/537.36 (compatible; Googlebot/2.1; +http://www.google.com/bot.html)"
66.249.66.197 - - [30/Jun/2024:13:33:38 +1000] "GET /wp-content/themes/storefront/assets/js/sticky-add-to-cart.min.js?ver=3.9.1 HTTP/1.1" 200 889 "http://www.pgkdistribution.com.au/product/end-clamp-35mm-silver/" "Mozilla/5.0 (Linux; Android 6.0.1; Nexus 5X Build/MMB29P) AppleWebKit/537.36 (KHTML, like Gecko) Chrome/125.0.6422.175 Mobile Safari/537.36 (compatible; Googlebot/2.1; +http://www.google.com/bot.html)"
66.249.66.197 - - [30/Jun/2024:13:33:39 +1000] "GET /wp-content/themes/storefront/assets/js/navigation.min.js?ver=3.9.1 HTTP/1.1" 200 1410 "http://www.pgkdistribution.com.au/product/end-clamp-35mm-silver/" "Mozilla/5.0 (Linux; Android 6.0.1; Nexus 5X Build/MMB29P) AppleWebKit/537.36 (KHTML, like Gecko) Chrome/125.0.6422.175 Mobile Safari/537.36 (compatible; Googlebot/2.1; +http://www.google.com/bot.html)"
66.249.66.197 - - [30/Jun/2024:13:33:39 +1000] "GET /wp-content/plugins/woocommerce-table-rate-shipping/assets/js/frontend-checkout.min.js?ver=3.1.4 HTTP/1.1" 200 608 "http://www.pgkdistribution.com.au/product/end-clamp-35mm-silver/" "Mozilla/5.0 (Linux; Android 6.0.1; Nexus 5X Build/MMB29P) AppleWebKit/537.36 (KHTML, like Gecko) Chrome/125.0.6422.175 Mobile Safari/537.36 (compatible; Googlebot/2.1; +http://www.google.com/bot.html)"
66.249.66.197 - - [30/Jun/2024:13:33:40 +1000] "GET /wp-content/plugins/contact-form-7/modules/recaptcha/index.js?ver=5.7.7 HTTP/1.1" 200 883 "http://www.pgkdistribution.com.au/product/end-clamp-35mm-silver/" "Mozilla/5.0 (Linux; Android 6.0.1; Nexus 5X Build/MMB29P) AppleWebKit/537.36 (KHTML, like Gecko) Chrome/125.0.6422.175 Mobile Safari/537.36 (compatible; Googlebot/2.1; +http://www.google.com/bot.html)"
66.249.66.197 - - [30/Jun/2024:13:33:40 +1000] "GET /wp-content/plugins/contact-form-7/includes/swv/js/index.js?ver=5.7.7 HTTP/1.1" 200 3675 "http://www.pgkdistribution.com.au/product/end-clamp-35mm-silver/" "Mozilla/5.0 (Linux; Android 6.0.1; Nexus 5X Build/MMB29P) AppleWebKit/537.36 (KHTML, like Gecko) Chrome/125.0.6422.175 Mobile Safari/537.36 (compatible; Googlebot/2.1; +http://www.google.com/bot.html)"
111.67.29.221 - - [30/Jun/2024:13:33:47 +1000] "POST /wp-cron.php?doing_wp_cron=1719718427.2076940536499023437500 HTTP/1.1" 200 296 "-" "WordPress/6.5.5; https://www.pgkdistribution.com.au"
66.249.66.197 - - [30/Jun/2024:13:33:41 +1000] "POST /?wc-ajax=get_refreshed_fragments HTTP/1.1" 200 928 "http://www.pgkdistribution.com.au/product/end-clamp-35mm-silver/" "Mozilla/5.0 (Linux; Android 6.0.1; Nexus 5X Build/MMB29P) AppleWebKit/537.36 (KHTML, like Gecko) Chrome/125.0.6422.175 Mobile Safari/537.36 (compatible; Googlebot/2.1; +http://www.google.com/bot.html)"
66.249.66.86 - - [30/Jun/2024:13:35:20 +1000] "GET /product/klip-lok-305/ HTTP/1.1" 301 990 "-" "Mozilla/5.0 (Linux; Android 6.0.1; Nexus 5X Build/MMB29P) AppleWebKit/537.36 (KHTML, like Gecko) Chrome/125.0.6422.175 Mobile Safari/537.36 (compatible; Googlebot/2.1; +http://www.google.com/bot.html)"
111.67.29.221 - - [30/Jun/2024:13:35:29 +1000] "POST /wp-cron.php?doing_wp_cron=1719718529.5559821128845214843750 HTTP/1.1" 200 296 "-" "WordPress/6.5.5; https://www.pgkdistribution.com.au"
66.249.66.198 - - [30/Jun/2024:13:35:22 +1000] "GET /product/klip-lok-305/ HTTP/1.1" 301 654 "-" "Mozilla/5.0 (Linux; Android 6.0.1; Nexus 5X Build/MMB29P) AppleWebKit/537.36 (KHTML, like Gecko) Chrome/125.0.6422.175 Mobile Safari/537.36 (compatible; Googlebot/2.1; +http://www.google.com/bot.html)"
220.181.51.118 - - [30/Jun/2024:13:42:14 +1000] "GET /robots.txt HTTP/1.1" 301 942 "-" "Mozilla/5.0 (Windows NT 10.0; WOW64) AppleWebKit/537.36 (KHTML, like Gecko) Chrome/48.0.2564.116 Safari/537.36"
220.181.51.92 - - [30/Jun/2024:13:42:15 +1000] "GET /robots.txt HTTP/1.1" 301 942 "-" "Mozilla/5.0 (Windows NT 10.0; WOW64) AppleWebKit/537.36 (KHTML, like Gecko) Chrome/48.0.2564.116 Safari/537.36"
220.181.51.116 - - [30/Jun/2024:13:42:15 +1000] "GET /robots.txt HTTP/1.1" 301 942 "-" "Mozilla/5.0 (Windows NT 10.0; WOW64) AppleWebKit/537.36 (KHTML, like Gecko) Chrome/48.0.2564.116 Safari/537.36"
116.179.33.148 - - [30/Jun/2024:13:42:21 +1000] "GET /robots.txt HTTP/1.1" 301 942 "-" "Mozilla/5.0 (Windows NT 10.0; WOW64) AppleWebKit/537.36 (KHTML, like Gecko) Chrome/48.0.2564.116 Safari/537.36"
220.181.51.92 - - [30/Jun/2024:13:42:29 +1000] "GET /robots.txt HTTP/1.1" 301 942 "-" "Mozilla/5.0 (Windows NT 10.0; WOW64) AppleWebKit/537.36 (KHTML, like Gecko) Chrome/48.0.2564.116 Safari/537.36"
116.179.33.10 - - [30/Jun/2024:13:42:35 +1000] "GET /robots.txt HTTP/1.1" 301 942 "-" "Mozilla/5.0 (Windows NT 10.0; WOW64) AppleWebKit/537.36 (KHTML, like Gecko) Chrome/48.0.2564.116 Safari/537.36"
116.179.33.201 - - [30/Jun/2024:13:42:35 +1000] "GET /robots.txt HTTP/1.1" 200 679 "-" "Mozilla/5.0 (Windows NT 10.0; WOW64) AppleWebKit/537.36 (KHTML, like Gecko) Chrome/48.0.2564.116 Safari/537.36"
116.179.33.213 - - [30/Jun/2024:13:42:39 +1000] "GET /robots.txt HTTP/1.1" 301 942 "-" "Mozilla/5.0 (Windows NT 10.0; WOW64) AppleWebKit/537.36 (KHTML, like Gecko) Chrome/48.0.2564.116 Safari/537.36"
220.181.51.118 - - [30/Jun/2024:13:42:41 +1000] "GET /robots.txt HTTP/1.1" 301 942 "-" "Mozilla/5.0 (Windows NT 10.0; WOW64) AppleWebKit/537.36 (KHTML, like Gecko) Chrome/48.0.2564.116 Safari/537.36"
116.179.33.145 - - [30/Jun/2024:13:42:40 +1000] "GET /robots.txt HTTP/1.1" 200 679 "-" "Mozilla/5.0 (Windows NT 10.0; WOW64) AppleWebKit/537.36 (KHTML, like Gecko) Chrome/48.0.2564.116 Safari/537.36"
220.181.51.90 - - [30/Jun/2024:13:42:41 +1000] "GET /robots.txt HTTP/1.1" 200 679 "-" "Mozilla/5.0 (Windows NT 10.0; WOW64) AppleWebKit/537.36 (KHTML, like Gecko) Chrome/48.0.2564.116 Safari/537.36"
111.67.29.221 - - [30/Jun/2024:13:44:32 +1000] "POST /wp-cron.php?doing_wp_cron=1719719072.4714601039886474609375 HTTP/1.1" 200 296 "-" "WordPress/6.5.5; https://www.pgkdistribution.com.au"
15.204.207.175 - - [30/Jun/2024:13:44:27 +1000] "GET /app_dev.php/_profiler/open?file=app/config/parameters.yml HTTP/1.1" 404 17376 "-" "Mozilla/5.0 (Windows NT 10.0; Win64; x64) AppleWebKit/537.36 (KHTML, like Gecko) Chrome/94.0.4606.81 Safari/537.36 Edg/94.0.992.50"
15.204.207.175 - - [30/Jun/2024:13:44:33 +1000] "GET /app_dev.php/_profiler/open?file=app/config/parameters.yml HTTP/1.1" 404 20378 "-" "Mozilla/5.0 (Windows NT 10.0; Win64; x64) AppleWebKit/537.36 (KHTML, like Gecko) Chrome/94.0.4606.81 Safari/537.36 Edg/94.0.992.50"
103.221.57.37 - - [30/Jun/2024:13:54:24 +1000] "GET /wp-content/uploads/2021/06/SE006-500x500-1.jpg HTTP/1.1" 200 39406 "-" "python-httpx/0.26.0"
66.249.66.198 - - [30/Jun/2024:14:19:32 +1000] "GET /wp-content/uploads/2021/06/SE024A-2k-x-2k-e1699588921740.png HTTP/1.1" 200 115209 "-" "Googlebot-Image/1.0"
100.42.187.189 - - [30/Jun/2024:14:37:36 +1000] "GET / HTTP/1.1" 301 969 "-" "Python/3.8 aiohttp/3.9.5"
111.67.29.221 - - [30/Jun/2024:14:37:42 +1000] "POST /wp-cron.php?doing_wp_cron=1719722262.0191609859466552734375 HTTP/1.1" 200 296 "-" "WordPress/6.5.5; https://www.pgkdistribution.com.au"
100.42.187.189 - - [30/Jun/2024:14:37:37 +1000] "GET / HTTP/1.1" 301 497 "-" "Python/3.8 aiohttp/3.9.5"
37.139.53.167 - - [30/Jun/2024:14:55:43 +1000] "GET /products/pgk-8p-wp-enclosures-ip65 HTTP/1.0" 301 966 "http://pgkdistribution.com.au/products/pgk-8p-wp-enclosures-ip65" "Mozilla/5.0 (Windows NT 10.0; Win64; x64) AppleWebKit/537.36 (KHTML, like Gecko) Chrome/111.0.0.0 Safari/537.36"
111.67.29.221 - - [30/Jun/2024:14:55:50 +1000] "POST /wp-cron.php?doing_wp_cron=1719723350.2235720157623291015625 HTTP/1.1" 200 296 "-" "WordPress/6.5.5; https://www.pgkdistribution.com.au"
37.139.53.167 - - [30/Jun/2024:14:55:44 +1000] "GET /products/pgk-8p-wp-enclosures-ip65 HTTP/1.0" 301 623 "http://www.pgkdistribution.com.au/products/pgk-8p-wp-enclosures-ip65" "Mozilla/5.0 (Windows NT 10.0; Win64; x64) AppleWebKit/537.36 (KHTML, like Gecko) Chrome/111.0.0.0 Safari/537.36"
34.140.58.13 - - [30/Jun/2024:15:07:36 +1000] "GET / HTTP/1.1" 301 969 "-" "python-requests/2.32.2"
40.77.167.9 - - [30/Jun/2024:15:21:42 +1000] "GET /solar-inverters/bosch-inverters/single-phase-inverters.html HTTP/1.1" 301 1028 "-" "Mozilla/5.0 AppleWebKit/537.36 (KHTML, like Gecko; compatible; bingbot/2.0; +http://www.bing.com/bingbot.htm) Chrome/116.0.1938.76 Safari/537.36"
111.67.29.221 - - [30/Jun/2024:15:25:49 +1000] "POST /wp-cron.php?doing_wp_cron=1719725149.6188509464263916015625 HTTP/1.1" 200 296 "-" "WordPress/6.5.5; https://www.pgkdistribution.com.au"
51.158.37.195 - - [30/Jun/2024:15:25:43 +1000] "HEAD / HTTP/1.1" 301 478 "-" "curl/7.81.0"
51.158.37.195 - - [30/Jun/2024:15:25:49 +1000] "GET / HTTP/1.1" 301 497 "-" "Mozilla/5.0 (Windows NT 10.0; Win64; x64) AppleWebKit/537.36 (KHTML, like Gecko) Chrome/124.0.0.0 Safari/537.3"
66.249.66.87 - - [30/Jun/2024:16:50:04 +1000] "GET /sitemap_index.xml HTTP/1.1" 301 986 "-" "Mozilla/5.0 (compatible; Googlebot/2.1; +http://www.google.com/bot.html)"
111.67.29.221 - - [30/Jun/2024:16:50:13 +1000] "POST /wp-cron.php?doing_wp_cron=1719730213.5359899997711181640625 HTTP/1.1" 200 296 "-" "WordPress/6.5.5; https://www.pgkdistribution.com.au"
66.249.66.198 - - [30/Jun/2024:16:50:05 +1000] "GET /sitemap_index.xml HTTP/1.1" 200 895 "-" "Mozilla/5.0 (compatible; Googlebot/2.1; +http://www.google.com/bot.html)"
43.163.0.99 - - [30/Jun/2024:17:09:52 +1000] "GET / HTTP/1.1" 301 969 "-" "Mozilla/5.0 (iPhone; CPU iPhone OS 13_2_3 like Mac OS X) AppleWebKit/605.1.15 (KHTML, like Gecko) Version/13.0.3 Mobile/15E148 Safari/604.1"
111.67.29.221 - - [30/Jun/2024:17:09:55 +1000] "POST /wp-cron.php?doing_wp_cron=1719731395.0644950866699218750000 HTTP/1.1" 200 296 "-" "WordPress/6.5.5; https://www.pgkdistribution.com.au"
43.163.0.99 - - [30/Jun/2024:17:09:53 +1000] "GET / HTTP/1.1" 301 497 "http://pgkdistribution.com.au" "Mozilla/5.0 (iPhone; CPU iPhone OS 13_2_3 like Mac OS X) AppleWebKit/605.1.15 (KHTML, like Gecko) Version/13.0.3 Mobile/15E148 Safari/604.1"
66.249.66.87 - - [30/Jun/2024:17:12:23 +1000] "GET /product/pgk-1200v-dc-isolator/ HTTP/1.1" 301 999 "-" "Mozilla/5.0 (Linux; Android 6.0.1; Nexus 5X Build/MMB29P) AppleWebKit/537.36 (KHTML, like Gecko) Chrome/125.0.6422.175 Mobile Safari/537.36 (compatible; Googlebot/2.1; +http://www.google.com/bot.html)"
111.67.29.221 - - [30/Jun/2024:17:12:28 +1000] "POST /wp-cron.php?doing_wp_cron=1719731548.6451270580291748046875 HTTP/1.1" 200 296 "-" "WordPress/6.5.5; https://www.pgkdistribution.com.au"
