216.244.66.241 - - [29/Jun/2024:00:08:55 +1000] "GET /index.php/catalog/product_compare/add/product/24/uenc/aHR0cDovL3Bna2Rpc3RyaWJ1dGlvbi5jb20uYXUvaW5kZXgucGhwL3NvbGFyLWludmVydGVycy9zb2xheC1pbnZlcnRlcnMvc2luZ2xlLXBoYXNlLWludmVydGVycy5odG1sP2Rpcj1kZXNjJmxpbWl0PTE1Jm1vZGU9bGlzdCZvcmRlcj1wcmljZQ,,/ HTTP/1.1" 301 1212 "-" "Mozilla/5.0 (compatible; DotBot/1.2; +https://opensiteexplorer.org/dotbot; help@moz.com)"
216.244.66.241 - - [29/Jun/2024:00:09:22 +1000] "GET /index.php/catalog/product_compare/add/product/25/uenc/aHR0cDovL3Bna2Rpc3RyaWJ1dGlvbi5jb20uYXUvaW5kZXgucGhwL3NvbGFyLWludmVydGVycy9zb2xheC1pbnZlcnRlcnMvc2luZ2xlLXBoYXNlLWludmVydGVycy5odG1sP2Rpcj1kZXNjJmxpbWl0PTUmbW9kZT1ncmlkJm9yZGVyPW1hbnVmYWN0dXJlcg,,/ HTTP/1.1" 301 1220 "-" "Mozilla/5.0 (compatible; DotBot/1.2; +https://opensiteexplorer.org/dotbot; help@moz.com)"
216.244.66.241 - - [29/Jun/2024:00:09:48 +1000] "GET /index.php/catalog/product_compare/add/product/30/uenc/aHR0cDovL3Bna2Rpc3RyaWJ1dGlvbi5jb20uYXUvaW5kZXgucGhwL3NvbGFyLWludmVydGVycy9zb2xheC1pbnZlcnRlcnMuaHRtbD9kaXI9ZGVzYyZsaW1pdD0xNSZtb2RlPWxpc3Qmb3JkZXI9bmFtZQ,,/ HTTP/1.1" 301 1180 "-" "Mozilla/5.0 (compatible; DotBot/1.2; +https://opensiteexplorer.org/dotbot; help@moz.com)"
216.244.66.241 - - [29/Jun/2024:00:10:14 +1000] "GET /index.php/catalog/product_compare/add/product/30/uenc/aHR0cDovL3Bna2Rpc3RyaWJ1dGlvbi5jb20uYXUvaW5kZXgucGhwL3NvbGFyLWludmVydGVycy9zb2xheC1pbnZlcnRlcnMvdGhyZWUtcGhhc2UtaW52ZXJ0ZXJzLmh0bWw_ZGlyPWFzYyZsaW1pdD0zMCZtb2RlPWdyaWQmb3JkZXI9bmFtZQ,,/ HTTP/1.1" 301 1208 "-" "Mozilla/5.0 (compatible; DotBot/1.2; +https://opensiteexplorer.org/dotbot; help@moz.com)"
216.244.66.241 - - [29/Jun/2024:00:10:38 +1000] "GET /index.php/catalog/product_compare/add/product/30/uenc/aHR0cDovL3Bna2Rpc3RyaWJ1dGlvbi5jb20uYXUvaW5kZXgucGhwL3NvbGFyLWludmVydGVycy9zb2xheC1pbnZlcnRlcnMvdGhyZWUtcGhhc2UtaW52ZXJ0ZXJzLmh0bWw_bGltaXQ9MTUmbW9kZT1saXN0/ HTTP/1.1" 301 1180 "-" "Mozilla/5.0 (compatible; DotBot/1.2; +https://opensiteexplorer.org/dotbot; help@moz.com)"
216.244.66.241 - - [29/Jun/2024:00:11:01 +1000] "GET /index.php/catalog/product_compare/add/product/31/uenc/aHR0cDovL3Bna2Rpc3RyaWJ1dGlvbi5jb20uYXUvaW5kZXgucGhwL3NvbGFyLWludmVydGVycy9zb2xheC1pbnZlcnRlcnMuaHRtbD9kaXI9ZGVzYyZsaW1pdD0yNSZtb2RlPWxpc3Qmb3JkZXI9cHJpY2U,/ HTTP/1.1" 301 1180 "-" "Mozilla/5.0 (compatible; DotBot/1.2; +https://opensiteexplorer.org/dotbot; help@moz.com)"
216.244.66.241 - - [29/Jun/2024:00:11:24 +1000] "GET /index.php/catalog/product_compare/add/product/31/uenc/aHR0cDovL3Bna2Rpc3RyaWJ1dGlvbi5jb20uYXUvaW5kZXgucGhwL3NvbGFyLWludmVydGVycy9zb2xheC1pbnZlcnRlcnMvdGhyZWUtcGhhc2UtaW52ZXJ0ZXJzLmh0bWw_ZGlyPWFzYyZsaW1pdD0yMCZtb2RlPWxpc3Qmb3JkZXI9cG9zaXRpb24,/ HTTP/1.1" 301 1212 "-" "Mozilla/5.0 (compatible; DotBot/1.2; +https://opensiteexplorer.org/dotbot; help@moz.com)"
216.244.66.241 - - [29/Jun/2024:00:11:45 +1000] "GET /index.php/catalog/product_compare/add/product/31/uenc/aHR0cDovL3Bna2Rpc3RyaWJ1dGlvbi5jb20uYXUvaW5kZXgucGhwL3NvbGFyLWludmVydGVycy9zb2xheC1pbnZlcnRlcnMvdGhyZWUtcGhhc2UtaW52ZXJ0ZXJzLmh0bWw_ZGlyPWRlc2MmbGltaXQ9NSZtb2RlPWdyaWQmb3JkZXI9cHJpY2U,/ HTTP/1.1" 301 1208 "-" "Mozilla/5.0 (compatible; DotBot/1.2; +https://opensiteexplorer.org/dotbot; help@moz.com)"
216.244.66.241 - - [29/Jun/2024:00:12:06 +1000] "GET /index.php/catalog/product_compare/add/product/39/uenc/aHR0cDovL3Bna2Rpc3RyaWJ1dGlvbi5jb20uYXUvaW5kZXgucGhwL3NvbGFyLWludmVydGVycy9ib3NjaC1pbnZlcnRlcnMvaHlicmlkLWludmVydGVycy5odG1sP2Rpcj1hc2MmbGltaXQ9MzAmbW9kZT1saXN0Jm9yZGVyPW5hbWU,/ HTTP/1.1" 301 1200 "-" "Mozilla/5.0 (compatible; DotBot/1.2; +https://opensiteexplorer.org/dotbot; help@moz.com)"
216.244.66.241 - - [29/Jun/2024:00:12:25 +1000] "GET /index.php/catalog/product_compare/add/product/39/uenc/aHR0cDovL3Bna2Rpc3RyaWJ1dGlvbi5jb20uYXUvaW5kZXgucGhwL3NvbGFyLWludmVydGVycy9ib3NjaC1pbnZlcnRlcnMvaHlicmlkLWludmVydGVycy5odG1sP2Rpcj1hc2MmbGltaXQ9OSZtb2RlPWdyaWQmb3JkZXI9cG9zaXRpb24,/ HTTP/1.1" 301 1204 "-" "Mozilla/5.0 (compatible; DotBot/1.2; +https://opensiteexplorer.org/dotbot; help@moz.com)"
216.244.66.241 - - [29/Jun/2024:00:12:43 +1000] "GET /index.php/catalog/product_compare/add/product/4/uenc/aHR0cDovL3Bna2Rpc3RyaWJ1dGlvbi5jb20uYXUvaW5kZXgucGhwL3NvbGFyLWludmVydGVycy9zb2xheC1pbnZlcnRlcnMuaHRtbD9kaXI9YXNjJmxpbWl0PTEwJm1vZGU9Z3JpZCZvcmRlcj1tYW51ZmFjdHVyZXI,/ HTTP/1.1" 301 1187 "-" "Mozilla/5.0 (compatible; DotBot/1.2; +https://opensiteexplorer.org/dotbot; help@moz.com)"
216.244.66.241 - - [29/Jun/2024:00:13:01 +1000] "GET /index.php/catalog/product_compare/add/product/4/uenc/aHR0cDovL3Bna2Rpc3RyaWJ1dGlvbi5jb20uYXUvaW5kZXgucGhwL3NvbGFyLWludmVydGVycy9zb2xheC1pbnZlcnRlcnMuaHRtbD9kaXI9ZGVzYyZsaW1pdD05Jm9yZGVyPW1hbnVmYWN0dXJlcg,,/ HTTP/1.1" 301 1175 "-" "Mozilla/5.0 (compatible; DotBot/1.2; +https://opensiteexplorer.org/dotbot; help@moz.com)"
216.244.66.241 - - [29/Jun/2024:00:13:17 +1000] "GET /index.php/catalog/product_compare/add/product/4/uenc/aHR0cDovL3Bna2Rpc3RyaWJ1dGlvbi5jb20uYXUvaW5kZXgucGhwL3NvbGFyLWludmVydGVycy9zb2xheC1pbnZlcnRlcnMvc2luZ2xlLXBoYXNlLWludmVydGVycy5odG1sP2Rpcj1hc2MmbGltaXQ9MTUmbW9kZT1ncmlkJm9yZGVyPW1hbnVmYWN0dXJlcg,,/ HTTP/1.1" 301 1219 "-" "Mozilla/5.0 (compatible; DotBot/1.2; +https://opensiteexplorer.org/dotbot; help@moz.com)"
216.244.66.241 - - [29/Jun/2024:00:13:33 +1000] "GET /index.php/catalog/product_compare/add/product/4/uenc/aHR0cDovL3Bna2Rpc3RyaWJ1dGlvbi5jb20uYXUvaW5kZXgucGhwL3NvbGFyLWludmVydGVycy9zb2xheC1pbnZlcnRlcnMvc2luZ2xlLXBoYXNlLWludmVydGVycy5odG1sP2Rpcj1kZXNjJmxpbWl0PTE1Jm1vZGU9Z3JpZCZvcmRlcj1uYW1l/ HTTP/1.1" 301 1207 "-" "Mozilla/5.0 (compatible; DotBot/1.2; +https://opensiteexplorer.org/dotbot; help@moz.com)"
216.244.66.241 - - [29/Jun/2024:00:13:47 +1000] "GET /index.php/catalog/product_compare/add/product/40/uenc/aHR0cDovL3Bna2Rpc3RyaWJ1dGlvbi5jb20uYXUvaW5kZXgucGhwL3NvbGFyLWludmVydGVycy9ib3NjaC1pbnZlcnRlcnMvaHlicmlkLWludmVydGVycy5odG1sP2Rpcj1kZXNjJmxpbWl0PTMwJm1vZGU9Z3JpZCZvcmRlcj1uYW1l/ HTTP/1.1" 301 1200 "-" "Mozilla/5.0 (compatible; DotBot/1.2; +https://opensiteexplorer.org/dotbot; help@moz.com)"
216.244.66.241 - - [29/Jun/2024:00:14:01 +1000] "GET /index.php/catalog/product_compare/add/product/41/uenc/aHR0cDovL3Bna2Rpc3RyaWJ1dGlvbi5jb20uYXUvaW5kZXgucGhwL3NvbGFyLWludmVydGVycy9ib3NjaC1pbnZlcnRlcnMvaHlicmlkLWludmVydGVycy5odG1sP2Rpcj1kZXNjJmxpbWl0PTkmbW9kZT1ncmlkJm9yZGVyPW1hbnVmYWN0dXJlcg,,/ HTTP/1.1" 301 1212 "-" "Mozilla/5.0 (compatible; DotBot/1.2; +https://opensiteexplorer.org/dotbot; help@moz.com)"
216.244.66.241 - - [29/Jun/2024:00:14:15 +1000] "GET /index.php/catalog/product_compare/add/product/6/uenc/aHR0cDovL3Bna2Rpc3RyaWJ1dGlvbi5jb20uYXUvaW5kZXgucGhwL2VsZWN0cmljYWxzL2NpcmN1aXQtYnJlYWtlcnMuaHRtbD9kaXI9YXNjJmxpbWl0PTE1Jm1vZGU9Z3JpZCZvcmRlcj1wb3NpdGlvbg,,/ HTTP/1.1" 301 1179 "-" "Mozilla/5.0 (compatible; DotBot/1.2; +https://opensiteexplorer.org/dotbot; help@moz.com)"
216.244.66.241 - - [29/Jun/2024:00:14:26 +1000] "GET /index.php/catalog/product_compare/add/product/70/uenc/aHR0cDovL3Bna2Rpc3RyaWJ1dGlvbi5jb20uYXUvaW5kZXgucGhwL2VsZWN0cmljYWxzL2NpcmN1aXQtYnJlYWtlcnMuaHRtbD9kaXI9YXNjJmxpbWl0PTE1Jm1vZGU9bGlzdCZvcmRlcj1wcmljZQ,,/ HTTP/1.1" 301 1176 "-" "Mozilla/5.0 (compatible; DotBot/1.2; +https://opensiteexplorer.org/dotbot; help@moz.com)"
216.244.66.241 - - [29/Jun/2024:00:14:37 +1000] "GET /index.php/catalog/product_compare/add/product/70/uenc/aHR0cDovL3Bna2Rpc3RyaWJ1dGlvbi5jb20uYXUvaW5kZXgucGhwL2VsZWN0cmljYWxzL2NpcmN1aXQtYnJlYWtlcnMuaHRtbD9kaXI9ZGVzYyZsaW1pdD0xNSZtb2RlPWdyaWQmb3JkZXI9bWFudWZhY3R1cmVy/ HTTP/1.1" 301 1184 "-" "Mozilla/5.0 (compatible; DotBot/1.2; +https://opensiteexplorer.org/dotbot; help@moz.com)"
216.244.66.241 - - [29/Jun/2024:00:14:46 +1000] "GET /index.php/catalog/product_compare/add/product/8/uenc/aHR0cDovL3Bna2Rpc3RyaWJ1dGlvbi5jb20uYXUvaW5kZXgucGhwL2VsZWN0cmljYWxzL2NpcmN1aXQtYnJlYWtlcnMuaHRtbD9kaXI9YXNjJmxpbWl0PTIwJm1vZGU9Z3JpZCZvcmRlcj1wb3NpdGlvbg,,/ HTTP/1.1" 301 1179 "-" "Mozilla/5.0 (compatible; DotBot/1.2; +https://opensiteexplorer.org/dotbot; help@moz.com)"
216.244.66.241 - - [29/Jun/2024:00:14:55 +1000] "GET /index.php/solar-rail/clenergy.html?limit=20&mode=grid HTTP/1.1" 301 1022 "-" "Mozilla/5.0 (compatible; DotBot/1.2; +https://opensiteexplorer.org/dotbot; help@moz.com)"
111.67.29.221 - - [29/Jun/2024:00:15:10 +1000] "POST /wp-cron.php?doing_wp_cron=1719584110.8403060436248779296875 HTTP/1.1" 200 296 "-" "WordPress/6.5.5; https://www.pgkdistribution.com.au"
216.244.66.241 - - [29/Jun/2024:00:15:03 +1000] "GET /catalog/product_compare/add/product/10/uenc/aHR0cDovL3d3dy5wZ2tkaXN0cmlidXRpb24uY29tLmF1L3NvbGFyLXBhbmVscy5odG1sP2Rpcj1hc2MmbGltaXQ9MzAmb3JkZXI9cG9zaXRpb24,/ HTTP/1.1" 404 95116 "-" "Mozilla/5.0 (compatible; DotBot/1.2; +https://opensiteexplorer.org/dotbot; help@moz.com)"
216.244.66.241 - - [29/Jun/2024:00:15:45 +1000] "GET /catalog/product_compare/add/product/114/uenc/aHR0cDovL3d3dy5wZ2tkaXN0cmlidXRpb24uY29tLmF1L3NvbGFyLWludmVydGVycy5odG1sP2Rpcj1hc2MmbGltaXQ9MzAmb3JkZXI9cHJpY2U,/ HTTP/1.1" 404 95118 "-" "Mozilla/5.0 (compatible; DotBot/1.2; +https://opensiteexplorer.org/dotbot; help@moz.com)"
111.67.29.221 - - [29/Jun/2024:00:16:22 +1000] "POST /wp-cron.php?doing_wp_cron=1719584182.2128450870513916015625 HTTP/1.1" 200 296 "-" "WordPress/6.5.5; https://www.pgkdistribution.com.au"
216.244.66.241 - - [29/Jun/2024:00:16:20 +1000] "GET /catalog/product_compare/add/product/117/uenc/aHR0cDovL3d3dy5wZ2tkaXN0cmlidXRpb24uY29tLmF1L3NvbGFyLXBhbmVscy5odG1sP2Rpcj1hc2Mmb3JkZXI9cHJpY2U,/ HTTP/1.1" 404 95086 "-" "Mozilla/5.0 (compatible; DotBot/1.2; +https://opensiteexplorer.org/dotbot; help@moz.com)"
111.67.29.221 - - [29/Jun/2024:00:16:58 +1000] "POST /wp-cron.php?doing_wp_cron=1719584218.1773629188537597656250 HTTP/1.1" 200 296 "-" "WordPress/6.5.5; https://www.pgkdistribution.com.au"
216.244.66.241 - - [29/Jun/2024:00:16:53 +1000] "GET /catalog/product_compare/add/product/12/uenc/aHR0cDovL3d3dy5wZ2tkaXN0cmlidXRpb24uY29tLmF1L3NvbGFyLXBhbmVscy5odG1sP2xpbWl0PTEwJm1vZGU9bGlzdA,,/ HTTP/1.1" 404 95086 "-" "Mozilla/5.0 (compatible; DotBot/1.2; +https://opensiteexplorer.org/dotbot; help@moz.com)"
216.244.66.241 - - [29/Jun/2024:00:17:34 +1000] "GET /catalog/product_compare/add/product/2/uenc/aHR0cDovL3d3dy5wZ2tkaXN0cmlidXRpb24uY29tLmF1L3NvbGFyLXBhbmVscy5odG1sP2NhdD0xMSZkaXI9YXNjJm9yZGVyPW5hbWU,/ HTTP/1.1" 404 95098 "-" "Mozilla/5.0 (compatible; DotBot/1.2; +https://opensiteexplorer.org/dotbot; help@moz.com)"
111.67.29.221 - - [29/Jun/2024:00:18:13 +1000] "POST /wp-cron.php?doing_wp_cron=1719584293.0001149177551269531250 HTTP/1.1" 200 296 "-" "WordPress/6.5.5; https://www.pgkdistribution.com.au"
216.244.66.241 - - [29/Jun/2024:00:18:11 +1000] "GET /catalog/product_compare/add/product/25/uenc/aHR0cDovL3d3dy5wZ2tkaXN0cmlidXRpb24uY29tLmF1L3NvbGFyLWludmVydGVycy5odG1sP2xpbWl0PTE1Jm1vZGU9bGlzdA,,/ HTTP/1.1" 404 95094 "-" "Mozilla/5.0 (compatible; DotBot/1.2; +https://opensiteexplorer.org/dotbot; help@moz.com)"
216.244.66.241 - - [29/Jun/2024:00:18:45 +1000] "GET /catalog/product_compare/add/product/5/uenc/aHR0cDovL3d3dy5wZ2tkaXN0cmlidXRpb24uY29tLmF1L2VsZWN0cmljYWxzL3Bnay0xMjAwdi1kYy0zMmEtaXNvbGF0b3IuaHRtbA,,/ HTTP/1.1" 404 95100 "-" "Mozilla/5.0 (compatible; DotBot/1.2; +https://opensiteexplorer.org/dotbot; help@moz.com)"
111.67.29.221 - - [29/Jun/2024:00:19:22 +1000] "POST /wp-cron.php?doing_wp_cron=1719584362.5015900135040283203125 HTTP/1.1" 200 296 "-" "WordPress/6.5.5; https://www.pgkdistribution.com.au"
216.244.66.241 - - [29/Jun/2024:00:19:17 +1000] "GET /catalog/product_compare/add/product/5/uenc/aHR0cDovL3d3dy5wZ2tkaXN0cmlidXRpb24uY29tLmF1L2VsZWN0cmljYWxzLmh0bWw_ZGlyPWFzYyZsaW1pdD0zMCZvcmRlcj1wcmljZQ,,/ HTTP/1.1" 404 95108 "-" "Mozilla/5.0 (compatible; DotBot/1.2; +https://opensiteexplorer.org/dotbot; help@moz.com)"
216.244.66.241 - - [29/Jun/2024:00:19:56 +1000] "GET /catalog/product_compare/add/product/68/uenc/aHR0cDovL3d3dy5wZ2tkaXN0cmlidXRpb24uY29tLmF1L2VsZWN0cmljYWxzL2lzb2xhdG9ycy5odG1s/ HTTP/1.1" 404 95050 "-" "Mozilla/5.0 (compatible; DotBot/1.2; +https://opensiteexplorer.org/dotbot; help@moz.com)"
216.244.66.241 - - [29/Jun/2024:00:20:31 +1000] "GET /catalog/product_compare/add/product/68/uenc/aHR0cDovL3d3dy5wZ2tkaXN0cmlidXRpb24uY29tLmF1L2VsZWN0cmljYWxzLmh0bWw_ZGlyPWRlc2MmbGltaXQ9MzAmb3JkZXI9cG9zaXRpb24,/ HTTP/1.1" 404 95116 "-" "Mozilla/5.0 (compatible; DotBot/1.2; +https://opensiteexplorer.org/dotbot; help@moz.com)"
111.67.29.221 - - [29/Jun/2024:00:21:09 +1000] "POST /wp-cron.php?doing_wp_cron=1719584469.7591400146484375000000 HTTP/1.1" 200 296 "-" "WordPress/6.5.5; https://www.pgkdistribution.com.au"
216.244.66.241 - - [29/Jun/2024:00:21:04 +1000] "GET /catalog/product_compare/add/product/96/uenc/aHR0cDovL3d3dy5wZ2tkaXN0cmlidXRpb24uY29tLmF1L2VsZWN0cmljYWxzLmh0bWw_ZGlyPWFzYyZsaW1pdD05Jm9yZGVyPXBvc2l0aW9u/ HTTP/1.1" 404 95106 "-" "Mozilla/5.0 (compatible; DotBot/1.2; +https://opensiteexplorer.org/dotbot; help@moz.com)"
216.244.66.241 - - [29/Jun/2024:00:21:44 +1000] "GET /catalog/product_compare/add/product/99/uenc/aHR0cDovL3d3dy5wZ2tkaXN0cmlidXRpb24uY29tLmF1L2VsZWN0cmljYWxzLmh0bWw_ZGlyPWFzYyZvcmRlcj1wb3NpdGlvbg,,/ HTTP/1.1" 404 95094 "-" "Mozilla/5.0 (compatible; DotBot/1.2; +https://opensiteexplorer.org/dotbot; help@moz.com)"
111.67.29.221 - - [29/Jun/2024:00:22:24 +1000] "POST /wp-cron.php?doing_wp_cron=1719584544.6124579906463623046875 HTTP/1.1" 200 296 "-" "WordPress/6.5.5; https://www.pgkdistribution.com.au"
216.244.66.241 - - [29/Jun/2024:00:22:19 +1000] "GET /solar-panels.html?cat=11&limit=25&mode=grid HTTP/1.1" 404 94466 "-" "Mozilla/5.0 (compatible; DotBot/1.2; +https://opensiteexplorer.org/dotbot; help@moz.com)"
111.67.29.221 - - [29/Jun/2024:00:22:58 +1000] "POST /wp-cron.php?doing_wp_cron=1719584578.7687849998474121093750 HTTP/1.1" 200 296 "-" "WordPress/6.5.5; https://www.pgkdistribution.com.au"
216.244.66.241 - - [29/Jun/2024:00:22:57 +1000] "GET /solar-panels.html?dir=desc&mode=list&order=price HTTP/1.1" 404 94476 "-" "Mozilla/5.0 (compatible; DotBot/1.2; +https://opensiteexplorer.org/dotbot; help@moz.com)"
216.244.66.241 - - [29/Jun/2024:00:23:33 +1000] "GET /solar-rail/clenergy/components.html?limit=15 HTTP/1.1" 404 94877 "-" "Mozilla/5.0 (compatible; DotBot/1.2; +https://opensiteexplorer.org/dotbot; help@moz.com)"
216.244.66.241 - - [29/Jun/2024:00:24:04 +1000] "GET /index.php/electricals/solar-accessories.html?limit=30&mode=list HTTP/1.1" 301 1032 "-" "Mozilla/5.0 (compatible; DotBot/1.2; +https://opensiteexplorer.org/dotbot; help@moz.com)"
216.244.66.241 - - [29/Jun/2024:00:24:31 +1000] "GET /index.php/leds/led-downlights.html?dir=desc&order=position HTTP/1.1" 301 1027 "-" "Mozilla/5.0 (compatible; DotBot/1.2; +https://opensiteexplorer.org/dotbot; help@moz.com)"
216.244.66.241 - - [29/Jun/2024:00:24:58 +1000] "GET /index.php/solar-panels/sunrise-solar-panels.html?limit=30&mode=list HTTP/1.1" 301 1036 "-" "Mozilla/5.0 (compatible; DotBot/1.2; +https://opensiteexplorer.org/dotbot; help@moz.com)"
111.67.29.221 - - [29/Jun/2024:00:25:29 +1000] "POST /wp-cron.php?doing_wp_cron=1719584729.6168870925903320312500 HTTP/1.1" 200 296 "-" "WordPress/6.5.5; https://www.pgkdistribution.com.au"
216.244.66.241 - - [29/Jun/2024:00:25:23 +1000] "GET /catalog/product_compare/add/product/1/uenc/aHR0cDovL3d3dy5wZ2tkaXN0cmlidXRpb24uY29tLmF1L3NvbGFyLXBhbmVscy9wZXJsaWdodC1zb2xhci1wdi1wYW5lbHMuaHRtbD9kaXI9YXNjJmxpbWl0PTE1Jm1vZGU9bGlzdCZvcmRlcj1wb3NpdGlvbg,,/ HTTP/1.1" 404 95212 "-" "Mozilla/5.0 (compatible; DotBot/1.2; +https://opensiteexplorer.org/dotbot; help@moz.com)"
111.67.29.221 - - [29/Jun/2024:00:26:08 +1000] "POST /wp-cron.php?doing_wp_cron=1719584767.9837551116943359375000 HTTP/1.1" 200 296 "-" "WordPress/6.5.5; https://www.pgkdistribution.com.au"
216.244.66.241 - - [29/Jun/2024:00:26:06 +1000] "GET /catalog/product_compare/add/product/109/uenc/aHR0cDovL3d3dy5wZ2tkaXN0cmlidXRpb24uY29tLmF1L3NvbGFyLWludmVydGVycy5odG1sP2Rpcj1hc2MmbGltaXQ9NSZtb2RlPWxpc3Qmb3JkZXI9bmFtZQ,,/ HTTP/1.1" 404 95144 "-" "Mozilla/5.0 (compatible; DotBot/1.2; +https://opensiteexplorer.org/dotbot; help@moz.com)"
216.244.66.241 - - [29/Jun/2024:00:26:39 +1000] "GET /catalog/product_compare/add/product/11/uenc/aHR0cDovL3d3dy5wZ2tkaXN0cmlidXRpb24uY29tLmF1L3NvbGFyLXBhbmVscy5odG1sP2Rpcj1hc2MmbGltaXQ9NSZtb2RlPWxpc3Qmb3JkZXI9bmFtZQ,,/ HTTP/1.1" 404 95134 "-" "Mozilla/5.0 (compatible; DotBot/1.2; +https://opensiteexplorer.org/dotbot; help@moz.com)"
216.244.66.241 - - [29/Jun/2024:00:27:12 +1000] "GET /catalog/product_compare/add/product/11/uenc/aHR0cDovL3d3dy5wZ2tkaXN0cmlidXRpb24uY29tLmF1L3NvbGFyLXBhbmVscy5odG1sP2Rpcj1hc2MmbGltaXQ9OSZvcmRlcj1uYW1lJnByaWNlPTIwMC0zMDA,/ HTTP/1.1" 404 95140 "-" "Mozilla/5.0 (compatible; DotBot/1.2; +https://opensiteexplorer.org/dotbot; help@moz.com)"
111.67.29.221 - - [29/Jun/2024:00:27:55 +1000] "POST /wp-cron.php?doing_wp_cron=1719584875.7306458950042724609375 HTTP/1.1" 200 296 "-" "WordPress/6.5.5; https://www.pgkdistribution.com.au"
216.244.66.241 - - [29/Jun/2024:00:27:51 +1000] "GET /catalog/product_compare/add/product/11/uenc/aHR0cDovL3d3dy5wZ2tkaXN0cmlidXRpb24uY29tLmF1L3NvbGFyLXBhbmVscy5odG1sP2Rpcj1kZXNjJm1hbnVmYWN0dXJlcj01Jm1vZGU9bGlzdCZvcmRlcj1wb3NpdGlvbg,,/ HTTP/1.1" 404 95166 "-" "Mozilla/5.0 (compatible; DotBot/1.2; +https://opensiteexplorer.org/dotbot; help@moz.com)"
216.244.66.241 - - [29/Jun/2024:00:28:29 +1000] "GET /catalog/product_compare/add/product/110/uenc/aHR0cDovL3d3dy5wZ2tkaXN0cmlidXRpb24uY29tLmF1L3NvbGFyLWludmVydGVycy5odG1sP2Rpcj1hc2MmbGltaXQ9MTUmbW9kZT1saXN0Jm9yZGVyPXBvc2l0aW9u/ HTTP/1.1" 404 95148 "-" "Mozilla/5.0 (compatible; DotBot/1.2; +https://opensiteexplorer.org/dotbot; help@moz.com)"
111.67.29.221 - - [29/Jun/2024:00:29:03 +1000] "POST /wp-cron.php?doing_wp_cron=1719584943.2462840080261230468750 HTTP/1.1" 200 296 "-" "WordPress/6.5.5; https://www.pgkdistribution.com.au"
216.244.66.241 - - [29/Jun/2024:00:29:01 +1000] "GET /catalog/product_compare/add/product/110/uenc/aHR0cDovL3d3dy5wZ2tkaXN0cmlidXRpb24uY29tLmF1L3NvbGFyLWludmVydGVycy5odG1sP2Rpcj1hc2MmbGltaXQ9MzAmb3JkZXI9cG9zaXRpb24,/ HTTP/1.1" 404 95126 "-" "Mozilla/5.0 (compatible; DotBot/1.2; +https://opensiteexplorer.org/dotbot; help@moz.com)"
216.244.66.241 - - [29/Jun/2024:00:29:35 +1000] "GET /catalog/product_compare/add/product/111/uenc/aHR0cDovL3d3dy5wZ2tkaXN0cmlidXRpb24uY29tLmF1L3NvbGFyLWludmVydGVycy9ib3NjaC1pbnZlcnRlcnMvYm9zY2gtc29sYXItaW52ZXJ0ZXItYnB0LXMtNGt3Lmh0bWw,/ HTTP/1.1" 404 95166 "-" "Mozilla/5.0 (compatible; DotBot/1.2; +https://opensiteexplorer.org/dotbot; help@moz.com)"
111.67.29.221 - - [29/Jun/2024:00:30:12 +1000] "POST /wp-cron.php?doing_wp_cron=1719585011.9414589405059814453125 HTTP/1.1" 200 296 "-" "WordPress/6.5.5; https://www.pgkdistribution.com.au"
216.244.66.241 - - [29/Jun/2024:00:30:06 +1000] "GET /catalog/product_compare/add/product/118/uenc/aHR0cDovL3d3dy5wZ2tkaXN0cmlidXRpb24uY29tLmF1L3NvbGFyLXBhbmVscy5odG1sP2Rpcj1hc2MmbGltaXQ9MTAmbWFudWZhY3R1cmVyPTMmbW9kZT1saXN0Jm9yZGVyPW1hbnVmYWN0dXJlcg,,/ HTTP/1.1" 404 95200 "-" "Mozilla/5.0 (compatible; DotBot/1.2; +https://opensiteexplorer.org/dotbot; help@moz.com)"
216.244.66.241 - - [29/Jun/2024:00:30:44 +1000] "GET /catalog/product_compare/add/product/118/uenc/aHR0cDovL3d3dy5wZ2tkaXN0cmlidXRpb24uY29tLmF1L3NvbGFyLXBhbmVscy5odG1sP2Rpcj1hc2MmbGltaXQ9MTUmbWFudWZhY3R1cmVyPTMmbW9kZT1saXN0Jm9yZGVyPXBvc2l0aW9u/ HTTP/1.1" 404 95180 "-" "Mozilla/5.0 (compatible; DotBot/1.2; +https://opensiteexplorer.org/dotbot; help@moz.com)"
111.67.29.221 - - [29/Jun/2024:00:31:22 +1000] "POST /wp-cron.php?doing_wp_cron=1719585081.9466640949249267578125 HTTP/1.1" 200 296 "-" "WordPress/6.5.5; https://www.pgkdistribution.com.au"
216.244.66.241 - - [29/Jun/2024:00:31:15 +1000] "GET /catalog/product_compare/add/product/118/uenc/aHR0cDovL3d3dy5wZ2tkaXN0cmlidXRpb24uY29tLmF1L3NvbGFyLXBhbmVscy5odG1sP2Rpcj1hc2MmbGltaXQ9NSZtb2RlPWxpc3Qmb3JkZXI9bWFudWZhY3R1cmVy/ HTTP/1.1" 404 95148 "-" "Mozilla/5.0 (compatible; DotBot/1.2; +https://opensiteexplorer.org/dotbot; help@moz.com)"
111.67.29.221 - - [29/Jun/2024:00:31:55 +1000] "POST /wp-cron.php?doing_wp_cron=1719585115.3538019657135009765625 HTTP/1.1" 200 296 "-" "WordPress/6.5.5; https://www.pgkdistribution.com.au"
216.244.66.241 - - [29/Jun/2024:00:31:54 +1000] "GET /catalog/product_compare/add/product/118/uenc/aHR0cDovL3d3dy5wZ2tkaXN0cmlidXRpb24uY29tLmF1L3NvbGFyLXBhbmVscy5odG1sP2Rpcj1hc2MmbW9kZT1saXN0Jm9yZGVyPW1hbnVmYWN0dXJlcg,,/ HTTP/1.1" 404 95136 "-" "Mozilla/5.0 (compatible; DotBot/1.2; +https://opensiteexplorer.org/dotbot; help@moz.com)"
216.244.66.241 - - [29/Jun/2024:00:32:27 +1000] "GET /catalog/product_compare/add/product/128/uenc/aHR0cDovL3d3dy5wZ2tkaXN0cmlidXRpb24uY29tLmF1L3NvbGFyLXJhaWwuaHRtbD9kaXI9YXNjJmxpbWl0PTE1Jm1vZGU9bGlzdCZvcmRlcj1wb3NpdGlvbg,,/ HTTP/1.1" 404 95144 "-" "Mozilla/5.0 (compatible; DotBot/1.2; +https://opensiteexplorer.org/dotbot; help@moz.com)"
111.67.29.221 - - [29/Jun/2024:00:33:00 +1000] "POST /wp-cron.php?doing_wp_cron=1719585180.5815289020538330078125 HTTP/1.1" 200 296 "-" "WordPress/6.5.5; https://www.pgkdistribution.com.au"
216.244.66.241 - - [29/Jun/2024:00:32:59 +1000] "GET /catalog/product_compare/add/product/139/uenc/aHR0cDovL3d3dy5wZ2tkaXN0cmlidXRpb24uY29tLmF1L3NvbGFyLWludmVydGVycy9zb2xheC1pbnZlcnRlcnMuaHRtbD9kaXI9YXNjJmxpbWl0PTE1Jm9yZGVyPW5hbWU,/ HTTP/1.1" 404 95158 "-" "Mozilla/5.0 (compatible; DotBot/1.2; +https://opensiteexplorer.org/dotbot; help@moz.com)"
152.42.190.149 - - [29/Jun/2024:00:33:27 +1000] "GET /wp-admin/setup-config.php?step=1 HTTP/1.1" 301 1001 "-" "Mozilla/5.0 (Linux; Android 5.1.1; SM-J111F) AppleWebKit/537.36 (KHTML, like Gecko) Chrome/73.0.3683.90 Mobile Safari/537.36"
152.42.190.149 - - [29/Jun/2024:00:33:27 +1000] "GET /wp-admin/setup-config.php?step=1 HTTP/1.1" 409 1597 "http://pgkdistribution.com.au/wp-admin/setup-config.php?step=1" "Mozilla/5.0 (Linux; Android 5.1.1; SM-J111F) AppleWebKit/537.36 (KHTML, like Gecko) Chrome/73.0.3683.90 Mobile Safari/537.36"
152.42.190.149 - - [29/Jun/2024:00:33:27 +1000] "GET /wordpress/wp-admin/setup-config.php?step=1 HTTP/1.1" 301 1011 "-" "Mozilla/5.0 (Linux; Android 5.1.1; SM-J111F) AppleWebKit/537.36 (KHTML, like Gecko) Chrome/73.0.3683.90 Mobile Safari/537.36"
152.42.190.149 - - [29/Jun/2024:00:33:27 +1000] "GET /wordpress/wp-admin/setup-config.php?step=1 HTTP/1.1" 404 20376 "http://pgkdistribution.com.au/wordpress/wp-admin/setup-config.php?step=1" "Mozilla/5.0 (Linux; Android 5.1.1; SM-J111F) AppleWebKit/537.36 (KHTML, like Gecko) Chrome/73.0.3683.90 Mobile Safari/537.36"
216.244.66.241 - - [29/Jun/2024:00:33:29 +1000] "GET /catalog/product_compare/add/product/2/uenc/aHR0cDovL3d3dy5wZ2tkaXN0cmlidXRpb24uY29tLmF1L3NvbGFyLXBhbmVscy5odG1sP2Rpcj1hc2MmbGltaXQ9MTAmbW9kZT1saXN0Jm9yZGVyPXBvc2l0aW9u/ HTTP/1.1" 404 95136 "-" "Mozilla/5.0 (compatible; DotBot/1.2; +https://opensiteexplorer.org/dotbot; help@moz.com)"
111.67.29.221 - - [29/Jun/2024:00:37:51 +1000] "POST /wp-cron.php?doing_wp_cron=1719585471.7408130168914794921875 HTTP/1.1" 200 296 "-" "WordPress/6.5.5; https://www.pgkdistribution.com.au"
17.241.75.151 - - [29/Jun/2024:00:37:47 +1000] "GET / HTTP/1.1" 301 497 "-" "Mozilla/5.0 (Macintosh; Intel Mac OS X 10_15_7) AppleWebKit/605.1.15 (KHTML, like Gecko) Version/17.4 Safari/605.1.15 (Applebot/0.1; +http://www.apple.com/go/applebot)"
216.244.66.241 - - [29/Jun/2024:00:39:23 +1000] "GET /robots.txt HTTP/1.1" 301 979 "-" "Mozilla/5.0 (compatible; DotBot/1.2; +https://opensiteexplorer.org/dotbot; help@moz.com)"
111.67.29.221 - - [29/Jun/2024:00:39:28 +1000] "POST /wp-cron.php?doing_wp_cron=1719585568.3438749313354492187500 HTTP/1.1" 200 296 "-" "WordPress/6.5.5; https://www.pgkdistribution.com.au"
111.67.29.221 - - [29/Jun/2024:00:39:28 +1000] "POST /wp-cron.php?doing_wp_cron=1719585568.3438079357147216796875 HTTP/1.1" 200 296 "-" "WordPress/6.5.5; https://www.pgkdistribution.com.au"
216.244.66.241 - - [29/Jun/2024:00:39:23 +1000] "GET /robots.txt HTTP/1.1" 200 716 "-" "Mozilla/5.0 (compatible; DotBot/1.2; +https://opensiteexplorer.org/dotbot; help@moz.com)"
216.244.66.241 - - [29/Jun/2024:00:39:24 +1000] "GET /robots.txt HTTP/1.1" 200 716 "-" "Mozilla/5.0 (compatible; DotBot/1.2; +https://opensiteexplorer.org/dotbot; help@moz.com)"
103.131.71.47 - - [29/Jun/2024:00:46:39 +1000] "GET /robots.txt HTTP/1.1" 301 942 "-" "Mozilla/5.0 (compatible; coccocbot-image/1.0; +http://help.coccoc.com/searchengine)"
111.67.29.221 - - [29/Jun/2024:00:46:46 +1000] "POST /wp-cron.php?doing_wp_cron=1719586006.5010199546813964843750 HTTP/1.1" 200 296 "-" "WordPress/6.5.5; https://www.pgkdistribution.com.au"
103.131.71.47 - - [29/Jun/2024:00:46:41 +1000] "GET /robots.txt HTTP/1.1" 200 679 "-" "Mozilla/5.0 (compatible; coccocbot-image/1.0; +http://help.coccoc.com/searchengine)"
103.131.71.43 - - [29/Jun/2024:00:47:13 +1000] "GET /robots.txt HTTP/1.1" 200 679 "-" "Mozilla/5.0 (compatible; coccocbot-image/1.0; +http://help.coccoc.com/searchengine)"
111.67.29.221 - - [29/Jun/2024:00:48:15 +1000] "POST /wp-cron.php?doing_wp_cron=1719586095.8114190101623535156250 HTTP/1.1" 200 296 "-" "WordPress/6.5.5; https://www.pgkdistribution.com.au"
66.249.66.199 - - [29/Jun/2024:00:48:11 +1000] "GET / HTTP/1.1" 301 497 "-" "Mozilla/5.0 (Linux; Android 6.0.1; Nexus 5X Build/MMB29P) AppleWebKit/537.36 (KHTML, like Gecko) Chrome/125.0.6422.175 Mobile Safari/537.36 (compatible; Googlebot/2.1; +http://www.google.com/bot.html)"
216.244.66.241 - - [29/Jun/2024:00:56:12 +1000] "GET /index.php/catalog/product_compare/add/product/1/uenc/aHR0cDovL3Bna2Rpc3RyaWJ1dGlvbi5jb20uYXUvaW5kZXgucGhwL3NvbGFyLXBhbmVscy5odG1sP2NhdD0xMSZkaXI9YXNjJmxpbWl0PTIwJm1vZGU9Z3JpZCZvcmRlcj1wb3NpdGlvbg,,/ HTTP/1.1" 301 1167 "-" "Mozilla/5.0 (compatible; DotBot/1.2; +https://opensiteexplorer.org/dotbot; help@moz.com)"
216.244.66.241 - - [29/Jun/2024:00:56:17 +1000] "GET /index.php/catalog/product_compare/add/product/1/uenc/aHR0cDovL3Bna2Rpc3RyaWJ1dGlvbi5jb20uYXUvaW5kZXgucGhwL3NvbGFyLXBhbmVscy5odG1sP2NhdD0xMSZkaXI9ZGVzYyZsaW1pdD0yMCZtb2RlPWxpc3Qmb3JkZXI9bmFtZQ,,/ HTTP/1.1" 301 1163 "-" "Mozilla/5.0 (compatible; DotBot/1.2; +https://opensiteexplorer.org/dotbot; help@moz.com)"
216.244.66.241 - - [29/Jun/2024:00:56:21 +1000] "GET /index.php/catalog/product_compare/add/product/1/uenc/aHR0cDovL3Bna2Rpc3RyaWJ1dGlvbi5jb20uYXUvaW5kZXgucGhwL3NvbGFyLXBhbmVscy5odG1sP2Rpcj1kZXNjJmxpbWl0PTIwJm1vZGU9Z3JpZCZvcmRlcj1wb3NpdGlvbiZwcmljZT0xNzAt/ HTTP/1.1" 301 1171 "-" "Mozilla/5.0 (compatible; DotBot/1.2; +https://opensiteexplorer.org/dotbot; help@moz.com)"
216.244.66.241 - - [29/Jun/2024:00:56:24 +1000] "GET /index.php/catalog/product_compare/add/product/1/uenc/aHR0cDovL3Bna2Rpc3RyaWJ1dGlvbi5jb20uYXUvc29sYXItcGFuZWxzL3BlcmxpZ2h0LXNvbGFyLXB2LXBhbmVscy9wZXJsaWdodC0yMDB3LXBhbmVsLmh0bWw,/ HTTP/1.1" 301 1147 "-" "Mozilla/5.0 (compatible; DotBot/1.2; +https://opensiteexplorer.org/dotbot; help@moz.com)"
216.244.66.241 - - [29/Jun/2024:00:56:27 +1000] "GET /index.php/catalog/product_compare/add/product/10/uenc/aHR0cDovL3Bna2Rpc3RyaWJ1dGlvbi5jb20uYXUvaW5kZXgucGhwL3NvbGFyLXBhbmVscy5odG1sP2Rpcj1hc2MmbGltaXQ9MjUmbW9kZT1saXN0Jm9yZGVyPXBvc2l0aW9u/ HTTP/1.1" 301 1156 "-" "Mozilla/5.0 (compatible; DotBot/1.2; +https://opensiteexplorer.org/dotbot; help@moz.com)"
216.244.66.241 - - [29/Jun/2024:00:56:29 +1000] "GET /index.php/catalog/product_compare/add/product/101/uenc/aHR0cDovL3Bna2Rpc3RyaWJ1dGlvbi5jb20uYXUvaW5kZXgucGhwL2VsZWN0cmljYWxzLmh0bWw_ZGlyPWFzYyZsaW1pdD05Jm1vZGU9bGlzdCZvcmRlcj1tYW51ZmFjdHVyZXI,/ HTTP/1.1" 301 1161 "-" "Mozilla/5.0 (compatible; DotBot/1.2; +https://opensiteexplorer.org/dotbot; help@moz.com)"
216.244.66.241 - - [29/Jun/2024:00:56:32 +1000] "GET /index.php/catalog/product_compare/add/product/109/uenc/aHR0cDovL3Bna2Rpc3RyaWJ1dGlvbi5jb20uYXUvaW5kZXgucGhwL3NvbGFyLWludmVydGVycy5odG1sP2Rpcj1hc2MmbGltaXQ9MTUmbW9kZT1saXN0Jm9yZGVyPXByaWNl/ HTTP/1.1" 301 1157 "-" "Mozilla/5.0 (compatible; DotBot/1.2; +https://opensiteexplorer.org/dotbot; help@moz.com)"
216.244.66.241 - - [29/Jun/2024:00:56:33 +1000] "GET /index.php/catalog/product_compare/add/product/11/uenc/aHR0cDovL3Bna2Rpc3RyaWJ1dGlvbi5jb20uYXUvaW5kZXgucGhwL3NvbGFyLXBhbmVscy5odG1sP2NhdD0xOSZkaXI9YXNjJmxpbWl0PTE1Jm1hbnVmYWN0dXJlcj01Jm9yZGVyPXBvc2l0aW9u/ HTTP/1.1" 301 1172 "-" "Mozilla/5.0 (compatible; DotBot/1.2; +https://opensiteexplorer.org/dotbot; help@moz.com)"
216.244.66.241 - - [29/Jun/2024:00:56:35 +1000] "GET /index.php/catalog/product_compare/add/product/11/uenc/aHR0cDovL3Bna2Rpc3RyaWJ1dGlvbi5jb20uYXUvaW5kZXgucGhwL3NvbGFyLXBhbmVscy5odG1sP2Rpcj1hc2MmbGltaXQ9MjAmbW9kZT1ncmlkJm9yZGVyPXByaWNl/ HTTP/1.1" 301 1152 "-" "Mozilla/5.0 (compatible; DotBot/1.2; +https://opensiteexplorer.org/dotbot; help@moz.com)"
216.244.66.241 - - [29/Jun/2024:00:56:37 +1000] "GET /index.php/catalog/product_compare/add/product/110/uenc/aHR0cDovL3Bna2Rpc3RyaWJ1dGlvbi5jb20uYXUvc29sYXItaW52ZXJ0ZXJzL2Jvc2NoLWludmVydGVycy5odG1sP2Rpcj1hc2MmbGltaXQ9NSZtb2RlPWxpc3Qmb3JkZXI9bmFtZQ,,/ HTTP/1.1" 301 1165 "-" "Mozilla/5.0 (compatible; DotBot/1.2; +https://opensiteexplorer.org/dotbot; help@moz.com)"
216.244.66.241 - - [29/Jun/2024:00:56:38 +1000] "GET /index.php/catalog/product_compare/add/product/117/uenc/aHR0cDovL3Bna2Rpc3RyaWJ1dGlvbi5jb20uYXUvaW5kZXgucGhwL3NvbGFyLXBhbmVscy5odG1sP2NhdD0yNyZsaW1pdD0zMCZtb2RlPWdyaWQmcHJpY2U9MTcwLQ,,/ HTTP/1.1" 301 1153 "-" "Mozilla/5.0 (compatible; DotBot/1.2; +https://opensiteexplorer.org/dotbot; help@moz.com)"
216.244.66.241 - - [29/Jun/2024:00:56:39 +1000] "GET /index.php/catalog/product_compare/add/product/117/uenc/aHR0cDovL3Bna2Rpc3RyaWJ1dGlvbi5jb20uYXUvaW5kZXgucGhwL3NvbGFyLXBhbmVscy5odG1sP2Rpcj1hc2MmbGltaXQ9MTAmbW9kZT1saXN0Jm9yZGVyPW5hbWUmcHJpY2U9MzAwLQ,,/ HTTP/1.1" 301 1169 "-" "Mozilla/5.0 (compatible; DotBot/1.2; +https://opensiteexplorer.org/dotbot; help@moz.com)"
216.244.66.241 - - [29/Jun/2024:00:56:40 +1000] "GET /index.php/catalog/product_compare/add/product/118/uenc/aHR0cDovL3Bna2Rpc3RyaWJ1dGlvbi5jb20uYXUvaW5kZXgucGhwL3NvbGFyLXBhbmVscy5odG1sP2NhdD0yOCZkaXI9ZGVzYyZsaW1pdD0yNSZtb2RlPWxpc3Qmb3JkZXI9cHJpY2U,/ HTTP/1.1" 301 1165 "-" "Mozilla/5.0 (compatible; DotBot/1.2; +https://opensiteexplorer.org/dotbot; help@moz.com)"
216.244.66.241 - - [29/Jun/2024:00:56:41 +1000] "GET /index.php/catalog/product_compare/add/product/118/uenc/aHR0cDovL3Bna2Rpc3RyaWJ1dGlvbi5jb20uYXUvaW5kZXgucGhwL3NvbGFyLXBhbmVscy5odG1sP2xpbWl0PTE1Jm1hbnVmYWN0dXJlcj0zJm1vZGU9Z3JpZCZwcmljZT0xMDAtMjAw/ HTTP/1.1" 301 1165 "-" "Mozilla/5.0 (compatible; DotBot/1.2; +https://opensiteexplorer.org/dotbot; help@moz.com)"
216.244.66.241 - - [29/Jun/2024:00:56:43 +1000] "GET /index.php/catalog/product_compare/add/product/118/uenc/aHR0cDovL3Bna2Rpc3RyaWJ1dGlvbi5jb20uYXUvaW5kZXgucGhwL3NvbGFyLXBhbmVscy9zdW5yaXNlLXNvbGFyLXBhbmVscy5odG1sP2Rpcj1kZXNjJm9yZGVyPW5hbWU,/ HTTP/1.1" 301 1157 "-" "Mozilla/5.0 (compatible; DotBot/1.2; +https://opensiteexplorer.org/dotbot; help@moz.com)"
216.244.66.241 - - [29/Jun/2024:00:56:44 +1000] "GET /index.php/catalog/product_compare/add/product/12/uenc/aHR0cDovL3Bna2Rpc3RyaWJ1dGlvbi5jb20uYXUvaW5kZXgucGhwL3NvbGFyLXBhbmVscy5odG1sP2NhdD0xOSZkaXI9YXNjJmxpbWl0PTkmbWFudWZhY3R1cmVyPTUmb3JkZXI9bmFtZQ,,/ HTTP/1.1" 301 1168 "-" "Mozilla/5.0 (compatible; DotBot/1.2; +https://opensiteexplorer.org/dotbot; help@moz.com)"
216.244.66.241 - - [29/Jun/2024:00:56:45 +1000] "GET /index.php/catalog/product_compare/add/product/12/uenc/aHR0cDovL3Bna2Rpc3RyaWJ1dGlvbi5jb20uYXUvaW5kZXgucGhwL3NvbGFyLXBhbmVscy5odG1sP2Rpcj1hc2MmbGltaXQ9MTAmbW9kZT1saXN0Jm9yZGVyPW5hbWUmcHJpY2U9MjMwLQ,,/ HTTP/1.1" 301 1168 "-" "Mozilla/5.0 (compatible; DotBot/1.2; +https://opensiteexplorer.org/dotbot; help@moz.com)"
216.244.66.241 - - [29/Jun/2024:00:56:46 +1000] "GET /index.php/catalog/product_compare/add/product/12/uenc/aHR0cDovL3Bna2Rpc3RyaWJ1dGlvbi5jb20uYXUvaW5kZXgucGhwL3NvbGFyLXBhbmVscy5odG1sP2Rpcj1hc2MmbGltaXQ9MzAmb3JkZXI9bWFudWZhY3R1cmVyJnByaWNlPTIwMC0zMDA,/ HTTP/1.1" 301 1168 "-" "Mozilla/5.0 (compatible; DotBot/1.2; +https://opensiteexplorer.org/dotbot; help@moz.com)"
216.244.66.241 - - [29/Jun/2024:00:56:47 +1000] "GET /index.php/catalog/product_compare/add/product/12/uenc/aHR0cDovL3Bna2Rpc3RyaWJ1dGlvbi5jb20uYXUvaW5kZXgucGhwL3NvbGFyLXBhbmVscy5odG1sP2Rpcj1kZXNjJmxpbWl0PTE1Jm1vZGU9bGlzdCZvcmRlcj1wcmljZSZwcmljZT0yMzAt/ HTTP/1.1" 301 1168 "-" "Mozilla/5.0 (compatible; DotBot/1.2; +https://opensiteexplorer.org/dotbot; help@moz.com)"
216.244.66.241 - - [29/Jun/2024:00:56:47 +1000] "GET /index.php/catalog/product_compare/add/product/120/uenc/aHR0cDovL3Bna2Rpc3RyaWJ1dGlvbi5jb20uYXUvaW5kZXgucGhwL2VsZWN0cmljYWxzL2lzb2xhdG9ycy5odG1sP2Rpcj1hc2MmbGltaXQ9MjAmbW9kZT1saXN0Jm9yZGVyPW5hbWU,/ HTTP/1.1" 301 1165 "-" "Mozilla/5.0 (compatible; DotBot/1.2; +https://opensiteexplorer.org/dotbot; help@moz.com)"
216.244.66.241 - - [29/Jun/2024:00:56:48 +1000] "GET /index.php/catalog/product_compare/add/product/120/uenc/aHR0cDovL3Bna2Rpc3RyaWJ1dGlvbi5jb20uYXUvaW5kZXgucGhwL2VsZWN0cmljYWxzLmh0bWw_ZGlyPWRlc2MmbGltaXQ9NSZtb2RlPWxpc3Qmb3JkZXI9bWFudWZhY3R1cmVy/ HTTP/1.1" 301 1161 "-" "Mozilla/5.0 (compatible; DotBot/1.2; +https://opensiteexplorer.org/dotbot; help@moz.com)"
216.244.66.241 - - [29/Jun/2024:00:56:50 +1000] "GET /index.php/catalog/product_compare/add/product/121/uenc/aHR0cDovL3Bna2Rpc3RyaWJ1dGlvbi5jb20uYXUvaW5kZXgucGhwL3NvbGFyLXJhaWwuaHRtbD9kaXI9YXNjJmxpbWl0PTMwJm1vZGU9bGlzdCZvcmRlcj1wcmljZQ,,/ HTTP/1.1" 301 1153 "-" "Mozilla/5.0 (compatible; DotBot/1.2; +https://opensiteexplorer.org/dotbot; help@moz.com)"
216.244.66.241 - - [29/Jun/2024:00:56:53 +1000] "GET /index.php/catalog/product_compare/add/product/123/uenc/aHR0cDovL3Bna2Rpc3RyaWJ1dGlvbi5jb20uYXUvaW5kZXgucGhwL3NvbGFyLXJhaWwvY2xlbmVyZ3kuaHRtbD9kaXI9ZGVzYyZsaW1pdD05Jm1vZGU9bGlzdCZvcmRlcj1wcmljZQ,,/ HTTP/1.1" 301 1165 "-" "Mozilla/5.0 (compatible; DotBot/1.2; +https://opensiteexplorer.org/dotbot; help@moz.com)"
216.244.66.241 - - [29/Jun/2024:00:56:55 +1000] "GET /index.php/catalog/product_compare/add/product/126/uenc/aHR0cDovL3Bna2Rpc3RyaWJ1dGlvbi5jb20uYXUvaW5kZXgucGhwL3NvbGFyLXJhaWwvY2xlbmVyZ3kuaHRtbD9kaXI9ZGVzYyZsaW1pdD0xNSZvcmRlcj1tYW51ZmFjdHVyZXI,/ HTTP/1.1" 301 1161 "-" "Mozilla/5.0 (compatible; DotBot/1.2; +https://opensiteexplorer.org/dotbot; help@moz.com)"
216.244.66.241 - - [29/Jun/2024:00:56:56 +1000] "GET /index.php/catalog/product_compare/add/product/127/uenc/aHR0cDovL3Bna2Rpc3RyaWJ1dGlvbi5jb20uYXUvaW5kZXgucGhwL3NvbGFyLXJhaWwvY2xlbmVyZ3kuaHRtbD9kaXI9YXNjJmxpbWl0PTIwJm1vZGU9bGlzdCZvcmRlcj1wcmljZQ,,/ HTTP/1.1" 301 1165 "-" "Mozilla/5.0 (compatible; DotBot/1.2; +https://opensiteexplorer.org/dotbot; help@moz.com)"
216.244.66.241 - - [29/Jun/2024:00:56:59 +1000] "GET /index.php/catalog/product_compare/add/product/129/uenc/aHR0cDovL3Bna2Rpc3RyaWJ1dGlvbi5jb20uYXUvaW5kZXgucGhwL3NvbGFyLXJhaWwuaHRtbD9kaXI9YXNjJmxpbWl0PTEwJm1vZGU9bGlzdCZvcmRlcj1tYW51ZmFjdHVyZXI,/ HTTP/1.1" 301 1161 "-" "Mozilla/5.0 (compatible; DotBot/1.2; +https://opensiteexplorer.org/dotbot; help@moz.com)"
216.244.66.241 - - [29/Jun/2024:00:57:00 +1000] "GET /index.php/catalog/product_compare/add/product/129/uenc/aHR0cDovL3Bna2Rpc3RyaWJ1dGlvbi5jb20uYXUvaW5kZXgucGhwL3NvbGFyLXJhaWwuaHRtbD9kaXI9YXNjJmxpbWl0PTkmbW9kZT1ncmlkJm9yZGVyPW1hbnVmYWN0dXJlcg,,/ HTTP/1.1" 301 1161 "-" "Mozilla/5.0 (compatible; DotBot/1.2; +https://opensiteexplorer.org/dotbot; help@moz.com)"
216.244.66.241 - - [29/Jun/2024:00:57:02 +1000] "GET /index.php/catalog/product_compare/add/product/141/uenc/aHR0cDovL3Bna2Rpc3RyaWJ1dGlvbi5jb20uYXUvaW5kZXgucGhwL3NvbGFyLXJhaWwvY2xlbmVyZ3kvY29tcG9uZW50cy5odG1sP2Rpcj1hc2Mmb3JkZXI9bmFtZQ,,/ HTTP/1.1" 301 1153 "-" "Mozilla/5.0 (compatible; DotBot/1.2; +https://opensiteexplorer.org/dotbot; help@moz.com)"
216.244.66.241 - - [29/Jun/2024:00:57:03 +1000] "GET /index.php/catalog/product_compare/add/product/144/uenc/aHR0cDovL3Bna2Rpc3RyaWJ1dGlvbi5jb20uYXUvaW5kZXgucGhwL3NvbGFyLXJhaWwvY2xlbmVyZ3kvY29tcG9uZW50cy5odG1sP2Rpcj1hc2MmbGltaXQ9MzAmb3JkZXI9cHJpY2U,/ HTTP/1.1" 301 1165 "-" "Mozilla/5.0 (compatible; DotBot/1.2; +https://opensiteexplorer.org/dotbot; help@moz.com)"
216.244.66.241 - - [29/Jun/2024:00:57:05 +1000] "GET /index.php/catalog/product_compare/add/product/149/uenc/aHR0cDovL3Bna2Rpc3RyaWJ1dGlvbi5jb20uYXUvaW5kZXgucGhwL3NvbGFyLWludmVydGVycy9zb2x0YXJvLmh0bWw_ZGlyPWRlc2MmbGltaXQ9OSZtb2RlPWdyaWQmb3JkZXI9cHJpY2U,/ HTTP/1.1" 301 1169 "-" "Mozilla/5.0 (compatible; DotBot/1.2; +https://opensiteexplorer.org/dotbot; help@moz.com)"
216.244.66.241 - - [29/Jun/2024:00:57:06 +1000] "GET /index.php/catalog/product_compare/add/product/151/uenc/aHR0cDovL3Bna2Rpc3RyaWJ1dGlvbi5jb20uYXUvaW5kZXgucGhwL3NvbGFyLWludmVydGVycy9zb2x0YXJvLmh0bWw_ZGlyPWRlc2MmbGltaXQ9MTUmb3JkZXI9cHJpY2U,/ HTTP/1.1" 301 1157 "-" "Mozilla/5.0 (compatible; DotBot/1.2; +https://opensiteexplorer.org/dotbot; help@moz.com)"
216.244.66.241 - - [29/Jun/2024:00:57:07 +1000] "GET /index.php/catalog/product_compare/add/product/152/uenc/aHR0cDovL3Bna2Rpc3RyaWJ1dGlvbi5jb20uYXUvaW5kZXgucGhwL3NvbGFyLWludmVydGVycy9zb2x0YXJvLmh0bWw_ZGlyPWFzYyZsaW1pdD0xNSZtb2RlPWxpc3Qmb3JkZXI9cHJpY2U,/ HTTP/1.1" 301 1169 "-" "Mozilla/5.0 (compatible; DotBot/1.2; +https://opensiteexplorer.org/dotbot; help@moz.com)"
216.244.66.241 - - [29/Jun/2024:00:57:08 +1000] "GET /index.php/catalog/product_compare/add/product/154/uenc/aHR0cDovL3Bna2Rpc3RyaWJ1dGlvbi5jb20uYXUvaW5kZXgucGhwL3NvbGFyLWludmVydGVycy9zb2x0YXJvLmh0bWw_ZGlyPWFzYyZsaW1pdD05Jm1vZGU9Z3JpZCZvcmRlcj1wcmljZQ,,/ HTTP/1.1" 301 1169 "-" "Mozilla/5.0 (compatible; DotBot/1.2; +https://opensiteexplorer.org/dotbot; help@moz.com)"
216.244.66.241 - - [29/Jun/2024:00:57:08 +1000] "GET /index.php/catalog/product_compare/add/product/155/uenc/aHR0cDovL3Bna2Rpc3RyaWJ1dGlvbi5jb20uYXUvaW5kZXgucGhwL3NvbGFyLWludmVydGVycy9zb2x0YXJvLmh0bWw_ZGlyPWRlc2MmbGltaXQ9MTUmbW9kZT1ncmlkJm9yZGVyPXByaWNl/ HTTP/1.1" 301 1169 "-" "Mozilla/5.0 (compatible; DotBot/1.2; +https://opensiteexplorer.org/dotbot; help@moz.com)"
216.244.66.241 - - [29/Jun/2024:00:57:09 +1000] "GET /index.php/catalog/product_compare/add/product/155/uenc/aHR0cDovL3Bna2Rpc3RyaWJ1dGlvbi5jb20uYXUvaW5kZXgucGhwL3NvbGFyLWludmVydGVycy9zb2x0YXJvLmh0bWw_ZGlyPWRlc2MmbGltaXQ9MjAmbW9kZT1saXN0Jm9yZGVyPXByaWNl/ HTTP/1.1" 301 1169 "-" "Mozilla/5.0 (compatible; DotBot/1.2; +https://opensiteexplorer.org/dotbot; help@moz.com)"
216.244.66.241 - - [29/Jun/2024:00:57:10 +1000] "GET /index.php/catalog/product_compare/add/product/18/uenc/aHR0cDovL3Bna2Rpc3RyaWJ1dGlvbi5jb20uYXUvaW5kZXgucGhwL2VsZWN0cmljYWxzL2RjLXNvbGFyLWNhYmxlLmh0bWw_ZGlyPWRlc2MmbGltaXQ9OSZtb2RlPWxpc3Qmb3JkZXI9cHJpY2U,/ HTTP/1.1" 301 1172 "-" "Mozilla/5.0 (compatible; DotBot/1.2; +https://opensiteexplorer.org/dotbot; help@moz.com)"
216.244.66.241 - - [29/Jun/2024:00:57:11 +1000] "GET /index.php/catalog/product_compare/add/product/2/uenc/aHR0cDovL3Bna2Rpc3RyaWJ1dGlvbi5jb20uYXUvaW5kZXgucGhwL3NvbGFyLXBhbmVscy5odG1sP2NhdD0xMSZkaXI9ZGVzYyZsaW1pdD0xNSZvcmRlcj1wcmljZSZwcmljZT0yMzAt/ HTTP/1.1" 301 1163 "-" "Mozilla/5.0 (compatible; DotBot/1.2; +https://opensiteexplorer.org/dotbot; help@moz.com)"
216.244.66.241 - - [29/Jun/2024:00:57:13 +1000] "GET /index.php/catalog/product_compare/add/product/2/uenc/aHR0cDovL3Bna2Rpc3RyaWJ1dGlvbi5jb20uYXUvaW5kZXgucGhwL3NvbGFyLXBhbmVscy5odG1sP2NhdD0xMSZkaXI9ZGVzYyZtb2RlPWxpc3Qmb3JkZXI9cHJpY2U,/ HTTP/1.1" 301 1151 "-" "Mozilla/5.0 (compatible; DotBot/1.2; +https://opensiteexplorer.org/dotbot; help@moz.com)"
216.244.66.241 - - [29/Jun/2024:00:57:14 +1000] "GET /index.php/catalog/product_compare/add/product/2/uenc/aHR0cDovL3Bna2Rpc3RyaWJ1dGlvbi5jb20uYXUvaW5kZXgucGhwL3NvbGFyLXBhbmVscy5odG1sP2NhdD0xMSZsaW1pdD0yNSZtYW51ZmFjdHVyZXI9NyZtb2RlPWxpc3Q,/ HTTP/1.1" 301 1155 "-" "Mozilla/5.0 (compatible; DotBot/1.2; +https://opensiteexplorer.org/dotbot; help@moz.com)"
216.244.66.241 - - [29/Jun/2024:00:57:16 +1000] "GET /index.php/catalog/product_compare/add/product/2/uenc/aHR0cDovL3Bna2Rpc3RyaWJ1dGlvbi5jb20uYXUvaW5kZXgucGhwL3NvbGFyLXBhbmVscy5odG1sP2Rpcj1hc2MmbGltaXQ9OSZvcmRlcj1tYW51ZmFjdHVyZXI,/ HTTP/1.1" 301 1147 "-" "Mozilla/5.0 (compatible; DotBot/1.2; +https://opensiteexplorer.org/dotbot; help@moz.com)"
216.244.66.241 - - [29/Jun/2024:00:57:17 +1000] "GET /index.php/catalog/product_compare/add/product/2/uenc/aHR0cDovL3Bna2Rpc3RyaWJ1dGlvbi5jb20uYXUvaW5kZXgucGhwL3NvbGFyLXBhbmVscy5odG1sP2Rpcj1kZXNjJm9yZGVyPXBvc2l0aW9uJnByaWNlPTIzMC0,/ HTTP/1.1" 301 1147 "-" "Mozilla/5.0 (compatible; DotBot/1.2; +https://opensiteexplorer.org/dotbot; help@moz.com)"
216.244.66.241 - - [29/Jun/2024:00:57:19 +1000] "GET /index.php/catalog/product_compare/add/product/2/uenc/aHR0cDovL3Bna2Rpc3RyaWJ1dGlvbi5jb20uYXUvc29sYXItcGFuZWxzLmh0bWw_Y2F0PTExJmRpcj1hc2MmbGltaXQ9MTUmbW9kZT1ncmlkJm9yZGVyPW5hbWUmcHJpY2U9MzkwLQ,,/ HTTP/1.1" 301 1163 "-" "Mozilla/5.0 (compatible; DotBot/1.2; +https://opensiteexplorer.org/dotbot; help@moz.com)"
216.244.66.241 - - [29/Jun/2024:00:57:20 +1000] "GET /index.php/catalog/product_compare/add/product/2/uenc/aHR0cDovL3Bna2Rpc3RyaWJ1dGlvbi5jb20uYXUvc29sYXItcGFuZWxzLmh0bWw_ZGlyPWFzYyZsaW1pdD01Jm1hbnVmYWN0dXJlcj03Jm1vZGU9bGlzdCZvcmRlcj1tYW51ZmFjdHVyZXI,/ HTTP/1.1" 301 1167 "-" "Mozilla/5.0 (compatible; DotBot/1.2; +https://opensiteexplorer.org/dotbot; help@moz.com)"
216.244.66.241 - - [29/Jun/2024:00:57:21 +1000] "GET /index.php/catalog/product_compare/add/product/2/uenc/aHR0cDovL3Bna2Rpc3RyaWJ1dGlvbi5jb20uYXUvc29sYXItcGFuZWxzLmh0bWw_ZGlyPWFzYyZsaW1pdD05Jm1vZGU9bGlzdCZvcmRlcj1wcmljZSZwcmljZT0zOTAt/ HTTP/1.1" 301 1151 "-" "Mozilla/5.0 (compatible; DotBot/1.2; +https://opensiteexplorer.org/dotbot; help@moz.com)"
216.244.66.241 - - [29/Jun/2024:00:57:22 +1000] "GET /index.php/catalog/product_compare/add/product/21/uenc/aHR0cDovL3Bna2Rpc3RyaWJ1dGlvbi5jb20uYXUvaW5kZXgucGhwL3NvbGFyLWludmVydGVycy5odG1sP2Rpcj1kZXNjJmxpbWl0PTUmbW9kZT1saXN0Jm9yZGVyPW1hbnVmYWN0dXJlciZwPTE,/ HTTP/1.1" 301 1172 "-" "Mozilla/5.0 (compatible; DotBot/1.2; +https://opensiteexplorer.org/dotbot; help@moz.com)"
216.244.66.241 - - [29/Jun/2024:00:57:23 +1000] "GET /index.php/catalog/product_compare/add/product/28/uenc/aHR0cDovL3Bna2Rpc3RyaWJ1dGlvbi5jb20uYXUvaW5kZXgucGhwL3NvbGFyLWludmVydGVycy9zb2xheC1pbnZlcnRlcnMuaHRtbD9kaXI9YXNjJmxpbWl0PTMwJm9yZGVyPXByaWNl/ HTTP/1.1" 301 1164 "-" "Mozilla/5.0 (compatible; DotBot/1.2; +https://opensiteexplorer.org/dotbot; help@moz.com)"
216.244.66.241 - - [29/Jun/2024:00:57:23 +1000] "GET /index.php/catalog/product_compare/add/product/31/uenc/aHR0cDovL3Bna2Rpc3RyaWJ1dGlvbi5jb20uYXUvaW5kZXgucGhwL3NvbGFyLWludmVydGVycy5odG1sP2Rpcj1kZXNjJmxpbWl0PTUmbW9kZT1ncmlkJm9yZGVyPW1hbnVmYWN0dXJlcg,,/ HTTP/1.1" 301 1168 "-" "Mozilla/5.0 (compatible; DotBot/1.2; +https://opensiteexplorer.org/dotbot; help@moz.com)"
216.244.66.241 - - [29/Jun/2024:00:57:28 +1000] "GET /index.php/catalog/product_compare/add/product/40/uenc/aHR0cDovL3Bna2Rpc3RyaWJ1dGlvbi5jb20uYXUvaW5kZXgucGhwL3NvbGFyLWludmVydGVycy5odG1sP2Rpcj1hc2MmbGltaXQ9MjUmbW9kZT1saXN0Jm9yZGVyPXByaWNl/ HTTP/1.1" 301 1156 "-" "Mozilla/5.0 (compatible; DotBot/1.2; +https://opensiteexplorer.org/dotbot; help@moz.com)"
216.244.66.241 - - [29/Jun/2024:00:57:33 +1000] "GET /index.php/catalog/product_compare/add/product/40/uenc/aHR0cDovL3Bna2Rpc3RyaWJ1dGlvbi5jb20uYXUvaW5kZXgucGhwL3NvbGFyLWludmVydGVycy9ib3NjaC1pbnZlcnRlcnMuaHRtbD9kaXI9ZGVzYyZsaW1pdD0xNSZvcmRlcj1wb3NpdGlvbg,,/ HTTP/1.1" 301 1172 "-" "Mozilla/5.0 (compatible; DotBot/1.2; +https://opensiteexplorer.org/dotbot; help@moz.com)"
216.244.66.241 - - [29/Jun/2024:00:57:36 +1000] "GET /index.php/catalog/product_compare/add/product/41/uenc/aHR0cDovL3Bna2Rpc3RyaWJ1dGlvbi5jb20uYXUvaW5kZXgucGhwL3NvbGFyLWludmVydGVycy5odG1sP2Rpcj1hc2MmbGltaXQ9MjUmbW9kZT1saXN0Jm9yZGVyPW5hbWU,/ HTTP/1.1" 301 1156 "-" "Mozilla/5.0 (compatible; DotBot/1.2; +https://opensiteexplorer.org/dotbot; help@moz.com)"
216.244.66.241 - - [29/Jun/2024:00:57:38 +1000] "GET /index.php/catalog/product_compare/add/product/41/uenc/aHR0cDovL3Bna2Rpc3RyaWJ1dGlvbi5jb20uYXUvaW5kZXgucGhwL3NvbGFyLWludmVydGVycy5odG1sP2Rpcj1kZXNjJmxpbWl0PTIwJm1vZGU9Z3JpZCZvcmRlcj1wcmljZQ,,/ HTTP/1.1" 301 1160 "-" "Mozilla/5.0 (compatible; DotBot/1.2; +https://opensiteexplorer.org/dotbot; help@moz.com)"
216.244.66.241 - - [29/Jun/2024:00:57:40 +1000] "GET /index.php/catalog/product_compare/add/product/5/uenc/aHR0cDovL3Bna2Rpc3RyaWJ1dGlvbi5jb20uYXUvZWxlY3RyaWNhbHMuaHRtbD9kaXI9YXNjJmxpbWl0PTEwJm1vZGU9bGlzdCZvcmRlcj1tYW51ZmFjdHVyZXI,/ HTTP/1.1" 301 1147 "-" "Mozilla/5.0 (compatible; DotBot/1.2; +https://opensiteexplorer.org/dotbot; help@moz.com)"
216.244.66.241 - - [29/Jun/2024:00:57:42 +1000] "GET /index.php/catalog/product_compare/add/product/68/uenc/aHR0cDovL3Bna2Rpc3RyaWJ1dGlvbi5jb20uYXUvaW5kZXgucGhwL2VsZWN0cmljYWxzL2lzb2xhdG9ycy5odG1sP2Rpcj1hc2MmbGltaXQ9MTAmbW9kZT1saXN0Jm9yZGVyPXByaWNl/ HTTP/1.1" 301 1164 "-" "Mozilla/5.0 (compatible; DotBot/1.2; +https://opensiteexplorer.org/dotbot; help@moz.com)"
216.244.66.241 - - [29/Jun/2024:00:57:44 +1000] "GET /index.php/catalog/product_compare/add/product/69/uenc/aHR0cDovL3Bna2Rpc3RyaWJ1dGlvbi5jb20uYXUvaW5kZXgucGhwL2VsZWN0cmljYWxzL2lzb2xhdG9ycy5odG1sP2Rpcj1hc2MmbGltaXQ9MTAmbW9kZT1saXN0Jm9yZGVyPW5hbWU,/ HTTP/1.1" 301 1164 "-" "Mozilla/5.0 (compatible; DotBot/1.2; +https://opensiteexplorer.org/dotbot; help@moz.com)"
216.244.66.241 - - [29/Jun/2024:00:57:46 +1000] "GET /index.php/catalog/product_compare/add/product/70/uenc/aHR0cDovL3Bna2Rpc3RyaWJ1dGlvbi5jb20uYXUvaW5kZXgucGhwL2VsZWN0cmljYWxzL2NpcmN1aXQtYnJlYWtlcnMuaHRtbD9kaXI9YXNjJmxpbWl0PTMwJm1vZGU9Z3JpZCZvcmRlcj1uYW1l/ HTTP/1.1" 301 1172 "-" "Mozilla/5.0 (compatible; DotBot/1.2; +https://opensiteexplorer.org/dotbot; help@moz.com)"
216.244.66.241 - - [29/Jun/2024:00:57:47 +1000] "GET /index.php/catalog/product_compare/add/product/79/uenc/aHR0cDovL3Bna2Rpc3RyaWJ1dGlvbi5jb20uYXUvaW5kZXgucGhwL2VsZWN0cmljYWxzL2VuY2xvc3VyZXMuaHRtbD9kaXI9YXNjJmxpbWl0PTE1Jm9yZGVyPW1hbnVmYWN0dXJlcg,,/ HTTP/1.1" 301 1164 "-" "Mozilla/5.0 (compatible; DotBot/1.2; +https://opensiteexplorer.org/dotbot; help@moz.com)"
216.244.66.241 - - [29/Jun/2024:00:57:49 +1000] "GET /index.php/catalog/product_compare/add/product/79/uenc/aHR0cDovL3Bna2Rpc3RyaWJ1dGlvbi5jb20uYXUvaW5kZXgucGhwL2VsZWN0cmljYWxzLmh0bWw_ZGlyPWFzYyZsaW1pdD0yNSZtb2RlPWdyaWQmb3JkZXI9cHJpY2U,/ HTTP/1.1" 301 1152 "-" "Mozilla/5.0 (compatible; DotBot/1.2; +https://opensiteexplorer.org/dotbot; help@moz.com)"
216.244.66.241 - - [29/Jun/2024:00:57:51 +1000] "GET /index.php/catalog/product_compare/add/product/8/uenc/aHR0cDovL3Bna2Rpc3RyaWJ1dGlvbi5jb20uYXUvaW5kZXgucGhwL2VsZWN0cmljYWxzL2NpcmN1aXQtYnJlYWtlcnMuaHRtbD9saW1pdD0zMCZtb2RlPWdyaWQ,/ HTTP/1.1" 301 1147 "-" "Mozilla/5.0 (compatible; DotBot/1.2; +https://opensiteexplorer.org/dotbot; help@moz.com)"
216.244.66.241 - - [29/Jun/2024:00:57:53 +1000] "GET /index.php/catalog/product_compare/add/product/8/uenc/aHR0cDovL3Bna2Rpc3RyaWJ1dGlvbi5jb20uYXUvaW5kZXgucGhwL2VsZWN0cmljYWxzLmh0bWw_ZGlyPWFzYyZsaW1pdD0zMCZtb2RlPWdyaWQmb3JkZXI9cHJpY2U,/ HTTP/1.1" 301 1151 "-" "Mozilla/5.0 (compatible; DotBot/1.2; +https://opensiteexplorer.org/dotbot; help@moz.com)"
216.244.66.241 - - [29/Jun/2024:00:57:54 +1000] "GET /index.php/catalog/product_compare/add/product/80/uenc/aHR0cDovL3Bna2Rpc3RyaWJ1dGlvbi5jb20uYXUvaW5kZXgucGhwL2VsZWN0cmljYWxzL2VuY2xvc3VyZXMuaHRtbD9kaXI9YXNjJm1vZGU9bGlzdCZvcmRlcj1tYW51ZmFjdHVyZXI,/ HTTP/1.1" 301 1164 "-" "Mozilla/5.0 (compatible; DotBot/1.2; +https://opensiteexplorer.org/dotbot; help@moz.com)"
216.244.66.241 - - [29/Jun/2024:00:57:55 +1000] "GET /index.php/catalog/product_compare/add/product/80/uenc/aHR0cDovL3Bna2Rpc3RyaWJ1dGlvbi5jb20uYXUvaW5kZXgucGhwL2VsZWN0cmljYWxzLmh0bWw_ZGlyPWRlc2MmbGltaXQ9MzAmbW9kZT1saXN0Jm9yZGVyPW5hbWU,/ HTTP/1.1" 301 1152 "-" "Mozilla/5.0 (compatible; DotBot/1.2; +https://opensiteexplorer.org/dotbot; help@moz.com)"
216.244.66.241 - - [29/Jun/2024:00:57:57 +1000] "GET /index.php/catalog/product_compare/add/product/81/uenc/aHR0cDovL3Bna2Rpc3RyaWJ1dGlvbi5jb20uYXUvaW5kZXgucGhwL2VsZWN0cmljYWxzLmh0bWw_ZGlyPWRlc2MmbGltaXQ9OSZtb2RlPWdyaWQmb3JkZXI9cG9zaXRpb24mcD0y/ HTTP/1.1" 301 1160 "-" "Mozilla/5.0 (compatible; DotBot/1.2; +https://opensiteexplorer.org/dotbot; help@moz.com)"
216.244.66.241 - - [29/Jun/2024:00:57:57 +1000] "GET /index.php/catalog/product_compare/add/product/82/uenc/aHR0cDovL3Bna2Rpc3RyaWJ1dGlvbi5jb20uYXUvaW5kZXgucGhwL2VsZWN0cmljYWxzLmh0bWw_ZGlyPWFzYyZsaW1pdD0xNSZtb2RlPWxpc3Qmb3JkZXI9cG9zaXRpb24mcD0x/ HTTP/1.1" 301 1160 "-" "Mozilla/5.0 (compatible; DotBot/1.2; +https://opensiteexplorer.org/dotbot; help@moz.com)"
216.244.66.241 - - [29/Jun/2024:00:57:58 +1000] "GET /index.php/catalog/product_compare/add/product/91/uenc/aHR0cDovL3Bna2Rpc3RyaWJ1dGlvbi5jb20uYXUvZWxlY3RyaWNhbHMuaHRtbD9kaXI9ZGVzYyZsaW1pdD0zMCZtb2RlPWxpc3Qmb3JkZXI9bWFudWZhY3R1cmVy/ HTTP/1.1" 301 1148 "-" "Mozilla/5.0 (compatible; DotBot/1.2; +https://opensiteexplorer.org/dotbot; help@moz.com)"
216.244.66.241 - - [29/Jun/2024:00:57:59 +1000] "GET /index.php/catalog/product_compare/add/product/91/uenc/aHR0cDovL3Bna2Rpc3RyaWJ1dGlvbi5jb20uYXUvaW5kZXgucGhwL2VsZWN0cmljYWxzLmh0bWw_ZGlyPWRlc2MmbGltaXQ9MzAmbW9kZT1ncmlkJm9yZGVyPXByaWNl/ HTTP/1.1" 301 1152 "-" "Mozilla/5.0 (compatible; DotBot/1.2; +https://opensiteexplorer.org/dotbot; help@moz.com)"
216.244.66.241 - - [29/Jun/2024:00:58:00 +1000] "GET /index.php/catalog/product_compare/add/product/93/uenc/aHR0cDovL3Bna2Rpc3RyaWJ1dGlvbi5jb20uYXUvaW5kZXgucGhwL2VsZWN0cmljYWxzL2RjLXNvbGFyLWNhYmxlLmh0bWw_ZGlyPWFzYyZsaW1pdD05Jm9yZGVyPXBvc2l0aW9u/ HTTP/1.1" 301 1160 "-" "Mozilla/5.0 (compatible; DotBot/1.2; +https://opensiteexplorer.org/dotbot; help@moz.com)"
216.244.66.241 - - [29/Jun/2024:00:58:01 +1000] "GET /index.php/catalog/product_compare/add/product/96/uenc/aHR0cDovL3Bna2Rpc3RyaWJ1dGlvbi5jb20uYXUvaW5kZXgucGhwL2VsZWN0cmljYWxzL3NvbGFyLWFjY2Vzc29yaWVzLmh0bWw_ZGlyPWFzYyZsaW1pdD05Jm9yZGVyPXByaWNl/ HTTP/1.1" 301 1160 "-" "Mozilla/5.0 (compatible; DotBot/1.2; +https://opensiteexplorer.org/dotbot; help@moz.com)"
216.244.66.241 - - [29/Jun/2024:00:58:02 +1000] "GET /index.php/catalog/product_compare/add/product/96/uenc/aHR0cDovL3Bna2Rpc3RyaWJ1dGlvbi5jb20uYXUvaW5kZXgucGhwL2VsZWN0cmljYWxzL3NvbGFyLWFjY2Vzc29yaWVzLmh0bWw_ZGlyPWRlc2Mmb3JkZXI9cG9zaXRpb24,/ HTTP/1.1" 301 1156 "-" "Mozilla/5.0 (compatible; DotBot/1.2; +https://opensiteexplorer.org/dotbot; help@moz.com)"
