87.249.132.33 - - [04/Jul/2024:16:45:05 +1000] "GET / HTTP/1.0" 301 932 "http://pgkdistribution.com.au/" "Mozilla/5.0 (Windows NT 10.0; Win64; x64) AppleWebKit/537.36 (KHTML, like Gecko) Chrome/117.0.0.0 Iron Safari/537.36"
87.249.132.33 - - [04/Jul/2024:16:45:06 +1000] "GET / HTTP/1.0" 301 460 "http://www.pgkdistribution.com.au/" "Mozilla/5.0 (Windows NT 10.0; Win64; x64) AppleWebKit/537.36 (KHTML, like Gecko) Chrome/117.0.0.0 Iron Safari/537.36"
34.215.205.201 - - [04/Jul/2024:16:45:26 +1000] "GET / HTTP/1.1" 301 460 "-" "Mozilla/5.0 (Windows NT 10.0; Win64; x64) AppleWebKit/537.36 (KHTML, like Gecko) Chrome/113.0.0.0 Safari/537.36"
111.67.29.221 - - [04/Jul/2024:16:51:39 +1000] "POST /wp-cron.php?doing_wp_cron=1720075899.1170299053192138671875 HTTP/1.1" 200 296 "-" "WordPress/6.5.5; https://www.pgkdistribution.com.au"
104.45.211.239 - - [04/Jul/2024:16:51:33 +1000] "GET / HTTP/1.1" 301 460 "-" "Mozilla/5.0 (Windows NT 10.0; WOW64) AppleWebKit/537.36 (KHTML, like Gecko) Chrome/63.0.3239.84 Safari/537.36"
103.131.71.40 - - [04/Jul/2024:16:54:47 +1000] "GET /robots.txt HTTP/1.1" 301 942 "-" "Mozilla/5.0 (compatible; coccocbot-image/1.0; +http://help.coccoc.com/searchengine)"
111.67.29.221 - - [04/Jul/2024:16:54:58 +1000] "POST /wp-cron.php?doing_wp_cron=1720076098.5267949104309082031250 HTTP/1.1" 200 296 "-" "WordPress/6.5.5; https://www.pgkdistribution.com.au"
103.131.71.40 - - [04/Jul/2024:16:54:52 +1000] "GET /robots.txt HTTP/1.1" 200 679 "-" "Mozilla/5.0 (compatible; coccocbot-image/1.0; +http://help.coccoc.com/searchengine)"
111.67.29.221 - - [04/Jul/2024:16:55:23 +1000] "POST /wp-cron.php?doing_wp_cron=1720076123.7097411155700683593750 HTTP/1.1" 200 296 "-" "WordPress/6.5.5; https://www.pgkdistribution.com.au"
103.131.71.43 - - [04/Jul/2024:16:55:21 +1000] "GET /robots.txt HTTP/1.1" 200 679 "-" "Mozilla/5.0 (compatible; coccocbot-image/1.0; +http://help.coccoc.com/searchengine)"
111.225.249.254 - - [04/Jul/2024:17:27:38 +1000] "HEAD / HTTP/1.1" 301 216 "http://pgkdistribution.com.au" "Mozilla/5.0 (Windows NT 10.0; Win64; x64) AppleWebKit/537.36 (KHTML, like Gecko) Chrome/46.0.2486.0 Safari/537.36 Edge/13.10586"
111.67.29.221 - - [04/Jul/2024:17:27:45 +1000] "POST /wp-cron.php?doing_wp_cron=1720078065.4194490909576416015625 HTTP/1.1" 200 296 "-" "WordPress/6.5.5; https://www.pgkdistribution.com.au"
111.225.249.254 - - [04/Jul/2024:17:27:40 +1000] "HEAD / HTTP/1.1" 301 478 "http://pgkdistribution.com.au" "Mozilla/5.0 (Windows NT 10.0; Win64; x64) AppleWebKit/537.36 (KHTML, like Gecko) Chrome/46.0.2486.0 Safari/537.36 Edge/13.10586"
111.225.249.254 - - [04/Jul/2024:17:27:48 +1000] "GET / HTTP/1.1" 301 969 "http://pgkdistribution.com.au" "Mozilla/5.0 (Windows NT 10.0; Win64; x64) AppleWebKit/537.36 (KHTML, like Gecko) Chrome/46.0.2486.0 Safari/537.36 Edge/13.10586"
111.225.249.254 - - [04/Jul/2024:17:27:49 +1000] "GET / HTTP/1.1" 301 497 "http://pgkdistribution.com.au" "Mozilla/5.0 (Windows NT 10.0; Win64; x64) AppleWebKit/537.36 (KHTML, like Gecko) Chrome/46.0.2486.0 Safari/537.36 Edge/13.10586"
111.225.249.254 - - [04/Jul/2024:17:28:50 +1000] "HEAD / HTTP/1.1" 301 216 "http://pgkdistribution.com.au" "Mozilla/5.0 (Windows NT 10.0; Win64; x64) AppleWebKit/537.36 (KHTML, like Gecko) Chrome/46.0.2486.0 Safari/537.36 Edge/13.10586"
111.67.29.221 - - [04/Jul/2024:17:28:53 +1000] "POST /wp-cron.php?doing_wp_cron=1720078133.6135768890380859375000 HTTP/1.1" 200 296 "-" "WordPress/6.5.5; https://www.pgkdistribution.com.au"
111.225.249.254 - - [04/Jul/2024:17:28:52 +1000] "HEAD / HTTP/1.1" 301 478 "http://pgkdistribution.com.au" "Mozilla/5.0 (Windows NT 10.0; Win64; x64) AppleWebKit/537.36 (KHTML, like Gecko) Chrome/46.0.2486.0 Safari/537.36 Edge/13.10586"
111.225.249.254 - - [04/Jul/2024:17:28:57 +1000] "GET / HTTP/1.1" 301 969 "http://pgkdistribution.com.au" "Mozilla/5.0 (Windows NT 10.0; Win64; x64) AppleWebKit/537.36 (KHTML, like Gecko) Chrome/46.0.2486.0 Safari/537.36 Edge/13.10586"
111.225.249.254 - - [04/Jul/2024:17:28:57 +1000] "GET / HTTP/1.1" 301 497 "http://pgkdistribution.com.au" "Mozilla/5.0 (Windows NT 10.0; Win64; x64) AppleWebKit/537.36 (KHTML, like Gecko) Chrome/46.0.2486.0 Safari/537.36 Edge/13.10586"
222.95.106.151 - - [04/Jul/2024:17:40:16 +1000] "GET /favicon.ico HTTP/1.1" 404 931 "-" "Mozilla/5.0 (Windows NT 10.0; Win64; x64) AppleWebKit/537.36 (KHTML, like Gecko) Chrome/94.0.4606.71 Safari/537.36 Core/1.94.253.400 QQBrowser/12.6.5679.400"
111.67.29.221 - - [04/Jul/2024:17:52:00 +1000] "POST /wp-cron.php?doing_wp_cron=1720079520.5858800411224365234375 HTTP/1.1" 200 296 "-" "WordPress/6.5.5; https://www.pgkdistribution.com.au"
66.249.73.197 - - [04/Jul/2024:17:51:54 +1000] "GET /sitemap_index.xml HTTP/1.1" 200 893 "-" "Mozilla/5.0 (compatible; Googlebot/2.1; +http://www.google.com/bot.html)"
111.67.29.221 - - [04/Jul/2024:17:54:45 +1000] "POST /wp-cron.php?doing_wp_cron=1720079685.7047920227050781250000 HTTP/1.1" 200 296 "-" "WordPress/6.5.5; https://www.pgkdistribution.com.au"
79.137.65.46 - - [04/Jul/2024:17:54:41 +1000] "GET /.well-known/security.txt HTTP/1.1" 404 66131 "-" "Mozilla/5.0 (X11; Ubuntu; Linux x86_64; rv:109.0) Gecko/20100101 Firefox/115.0"
157.55.39.222 - - [04/Jul/2024:18:25:12 +1000] "GET /robots.txt HTTP/1.1" 301 979 "-" "Mozilla/5.0 AppleWebKit/537.36 (KHTML, like Gecko; compatible; bingbot/2.0; +http://www.bing.com/bingbot.htm) Chrome/116.0.1938.76 Safari/537.36"
111.67.29.221 - - [04/Jul/2024:18:25:21 +1000] "POST /wp-cron.php?doing_wp_cron=1720081521.4100949764251708984375 HTTP/1.1" 200 296 "-" "WordPress/6.5.5; https://www.pgkdistribution.com.au"
157.55.39.222 - - [04/Jul/2024:18:25:13 +1000] "GET /robots.txt HTTP/1.1" 200 716 "-" "Mozilla/5.0 AppleWebKit/537.36 (KHTML, like Gecko; compatible; bingbot/2.0; +http://www.bing.com/bingbot.htm) Chrome/116.0.1938.76 Safari/537.36"
40.77.167.24 - - [04/Jul/2024:18:25:30 +1000] "GET /electricals/dc-solar-cable/pgk-solar-dc-cable-4mm-single-pv1-f.html HTTP/1.1" 301 1036 "-" "Mozilla/5.0 AppleWebKit/537.36 (KHTML, like Gecko; compatible; bingbot/2.0; +http://www.bing.com/bingbot.htm) Chrome/116.0.1938.76 Safari/537.36"
66.249.65.68 - - [04/Jul/2024:18:45:41 +1000] "GET /product/crimping-tool/ HTTP/1.1" 301 991 "-" "Mozilla/5.0 (Linux; Android 6.0.1; Nexus 5X Build/MMB29P) AppleWebKit/537.36 (KHTML, like Gecko) Chrome/125.0.6422.175 Mobile Safari/537.36 (compatible; Googlebot/2.1; +http://www.google.com/bot.html)"
111.67.29.221 - - [04/Jul/2024:18:45:48 +1000] "POST /wp-cron.php?doing_wp_cron=1720082748.6216259002685546875000 HTTP/1.1" 200 296 "-" "WordPress/6.5.5; https://www.pgkdistribution.com.au"
66.249.73.198 - - [04/Jul/2024:18:45:42 +1000] "GET /product/crimping-tool/ HTTP/1.1" 301 651 "-" "Mozilla/5.0 (Linux; Android 6.0.1; Nexus 5X Build/MMB29P) AppleWebKit/537.36 (KHTML, like Gecko) Chrome/125.0.6422.175 Mobile Safari/537.36 (compatible; Googlebot/2.1; +http://www.google.com/bot.html)"
205.169.39.8 - - [04/Jul/2024:18:57:01 +1000] "GET / HTTP/1.1" 301 969 "-" "Mozilla/5.0 (Windows NT 10.0) AppleWebKit/537.36 (KHTML, like Gecko) Chrome/106.0.0.0 Safari/537.36"
111.67.29.221 - - [04/Jul/2024:18:57:09 +1000] "POST /wp-cron.php?doing_wp_cron=1720083429.1063299179077148437500 HTTP/1.1" 200 296 "-" "WordPress/6.5.5; https://www.pgkdistribution.com.au"
205.169.39.8 - - [04/Jul/2024:18:57:04 +1000] "GET / HTTP/1.1" 301 497 "http://pgkdistribution.com.au" "Mozilla/5.0 (Windows NT 10.0) AppleWebKit/537.36 (KHTML, like Gecko) Chrome/106.0.0.0 Safari/537.36"
20.191.45.212 - - [04/Jul/2024:19:12:42 +1000] "GET / HTTP/1.1" 301 969 "http://pgkdistribution.com.au/" "DuckDuckBot/1.1; (+http://duckduckgo.com/duckduckbot.html)"
20.191.45.212 - - [04/Jul/2024:19:12:52 +1000] "GET /favicon.ico HTTP/1.1" 301 980 "http://pgkdistribution.com.au/favicon.ico" "DuckDuckBot/1.1; (+http://duckduckgo.com/duckduckbot.html)"
20.191.45.212 - - [04/Jul/2024:19:12:53 +1000] "GET /favicon.ico HTTP/1.1" 404 931 "http://www.pgkdistribution.com.au/favicon.ico" "DuckDuckBot/1.1; (+http://duckduckgo.com/duckduckbot.html)"
20.191.45.212 - - [04/Jul/2024:19:12:43 +1000] "GET / HTTP/1.1" 200 0 "http://www.pgkdistribution.com.au/" "DuckDuckBot/1.1; (+http://duckduckgo.com/duckduckbot.html)"
182.42.104.32 - - [04/Jul/2024:19:52:32 +1000] "GET / HTTP/1.1" 301 969 "-" "Mozilla/5.0 (iPhone; CPU iPhone OS 13_2_3 like Mac OS X) AppleWebKit/605.1.15 (KHTML, like Gecko) Version/13.0.3 Mobile/15E148 Safari/604.1"
111.67.29.221 - - [04/Jul/2024:19:52:43 +1000] "POST /wp-cron.php?doing_wp_cron=1720086763.4457209110260009765625 HTTP/1.1" 200 296 "-" "WordPress/6.5.5; https://www.pgkdistribution.com.au"
182.42.104.32 - - [04/Jul/2024:19:52:38 +1000] "GET / HTTP/1.1" 301 497 "http://pgkdistribution.com.au" "Mozilla/5.0 (iPhone; CPU iPhone OS 13_2_3 like Mac OS X) AppleWebKit/605.1.15 (KHTML, like Gecko) Version/13.0.3 Mobile/15E148 Safari/604.1"
20.191.45.212 - - [04/Jul/2024:20:24:04 +1000] "GET / HTTP/1.1" 301 969 "http://pgkdistribution.com.au/" "DuckDuckBot/1.1; (+http://duckduckgo.com/duckduckbot.html)"
111.67.29.221 - - [04/Jul/2024:20:24:10 +1000] "POST /wp-cron.php?doing_wp_cron=1720088650.6299240589141845703125 HTTP/1.1" 200 296 "-" "WordPress/6.5.5; https://www.pgkdistribution.com.au"
20.191.45.212 - - [04/Jul/2024:20:24:06 +1000] "GET / HTTP/1.1" 301 497 "http://www.pgkdistribution.com.au/" "DuckDuckBot/1.1; (+http://duckduckgo.com/duckduckbot.html)"
194.38.23.16 - - [04/Jul/2024:20:27:02 +1000] "GET /admin/elfinder/php/connector.php HTTP/1.1" 301 1001 "-" "ALittle Client"
194.38.23.16 - - [04/Jul/2024:20:27:02 +1000] "GET /assets/js/elfinder/php/connector.php HTTP/1.1" 301 1005 "-" "ALittle Client"
194.38.23.16 - - [04/Jul/2024:20:27:04 +1000] "GET /admin/elfinder/php/connector.minimal.php HTTP/1.1" 301 1009 "-" "ALittle Client"
194.38.23.16 - - [04/Jul/2024:20:27:23 +1000] "GET /admin/elfinder/php/connector.php HTTP/1.1" 404 95067 "-" "ALittle Client"
194.38.23.16 - - [04/Jul/2024:20:27:25 +1000] "GET /assets/js/elfinder/php/connector.php HTTP/1.1" 404 95078 "-" "ALittle Client"
194.38.23.16 - - [04/Jul/2024:20:27:26 +1000] "GET /admin/elfinder/php/connector.minimal.php HTTP/1.1" 404 95083 "-" "ALittle Client"
178.168.114.40 - - [04/Jul/2024:20:49:06 +1000] "GET /contact-us/ HTTP/1.0" 301 943 "http://pgkdistribution.com.au/contact-us/" "Mozilla/5.0 (Windows NT 10.0; Win64; x64) AppleWebKit/537.36 (KHTML, like Gecko) Chrome/121.0.0.0 Safari/537.36"
111.67.29.221 - - [04/Jul/2024:20:49:11 +1000] "POST /wp-cron.php?doing_wp_cron=1720090151.6321899890899658203125 HTTP/1.1" 200 296 "-" "WordPress/6.5.5; https://www.pgkdistribution.com.au"
178.168.114.40 - - [04/Jul/2024:20:49:07 +1000] "GET /contact-us/ HTTP/1.0" 200 87260 "http://www.pgkdistribution.com.au/contact-us/" "Mozilla/5.0 (Windows NT 10.0; Win64; x64) AppleWebKit/537.36 (KHTML, like Gecko) Chrome/121.0.0.0 Safari/537.36"
66.249.73.198 - - [04/Jul/2024:21:09:28 +1000] "GET /wp-content/uploads/2021/06/Solar-Mount-Page-BG.png HTTP/1.1" 200 249688 "-" "Googlebot-Image/1.0"
111.67.29.221 - - [04/Jul/2024:21:47:54 +1000] "POST /wp-cron.php?doing_wp_cron=1720093674.2844629287719726562500 HTTP/1.1" 200 296 "-" "WordPress/6.5.5; https://www.pgkdistribution.com.au"
40.88.21.235 - - [04/Jul/2024:21:47:49 +1000] "GET / HTTP/1.1" 301 497 "http://www.pgkdistribution.com.au/" "DuckDuckBot/1.1; (+http://duckduckgo.com/duckduckbot.html)"
37.19.217.100 - - [04/Jul/2024:22:27:20 +1000] "GET /contact-us/ HTTP/1.0" 301 943 "http://pgkdistribution.com.au/contact-us/" "Mozilla/5.0 (Windows NT 6.3; Win64; x64) AppleWebKit/537.36 (KHTML, like Gecko) Chrome/113.0.0.0 Safari/537.36"
111.67.29.221 - - [04/Jul/2024:22:27:26 +1000] "POST /wp-cron.php?doing_wp_cron=1720096046.6642360687255859375000 HTTP/1.1" 200 296 "-" "WordPress/6.5.5; https://www.pgkdistribution.com.au"
37.19.217.100 - - [04/Jul/2024:22:27:21 +1000] "GET /contact-us/ HTTP/1.0" 200 35282 "http://www.pgkdistribution.com.au/contact-us/" "Mozilla/5.0 (Windows NT 6.3; Win64; x64) AppleWebKit/537.36 (KHTML, like Gecko) Chrome/113.0.0.0 Safari/537.36"
51.222.253.1 - - [04/Jul/2024:23:27:10 +1000] "GET /robots.txt HTTP/1.1" 301 979 "-" "Mozilla/5.0 (compatible; AhrefsBot/7.0; +http://ahrefs.com/robot/)"
51.222.253.1 - - [04/Jul/2024:23:27:11 +1000] "GET /robots.txt HTTP/1.1" 200 716 "-" "Mozilla/5.0 (compatible; AhrefsBot/7.0; +http://ahrefs.com/robot/)"
66.249.66.87 - - [04/Jul/2024:23:34:43 +1000] "GET /ads.txt HTTP/1.1" 301 976 "-" "Mozilla/5.0 (compatible; Googlebot/2.1; +http://www.google.com/bot.html)"
111.67.29.221 - - [04/Jul/2024:23:34:50 +1000] "POST /wp-cron.php?doing_wp_cron=1720100090.1718659400939941406250 HTTP/1.1" 200 296 "-" "WordPress/6.5.5; https://www.pgkdistribution.com.au"
66.249.66.198 - - [04/Jul/2024:23:34:44 +1000] "GET /ads.txt HTTP/1.1" 404 20196 "-" "Mozilla/5.0 (compatible; Googlebot/2.1; +http://www.google.com/bot.html)"
66.249.66.199 - - [04/Jul/2024:23:52:24 +1000] "GET /solar-inverters/solax-inverters/solax-x1-lx-3600-dual-mppt-string-inverter.html HTTP/1.1" 404 20424 "-" "Mozilla/5.0 (Linux; Android 6.0.1; Nexus 5X Build/MMB29P) AppleWebKit/537.36 (KHTML, like Gecko) Chrome/99.0.4844.84 Mobile Safari/537.36 (compatible; Googlebot/2.1; +http://www.google.com/bot.html)"
66.249.66.197 - - [04/Jul/2024:23:52:26 +1000] "GET /solar-inverters/solax-inverters/solax-x1-lx-3600-dual-mppt-string-inverter.html HTTP/1.1" 404 20371 "-" "Mozilla/5.0 (compatible; Googlebot/2.1; +http://www.google.com/bot.html)"
66.249.66.198 - - [04/Jul/2024:23:52:29 +1000] "POST /?wc-ajax=get_refreshed_fragments HTTP/1.1" 200 928 "http://www.pgkdistribution.com.au/solar-inverters/solax-inverters/solax-x1-lx-3600-dual-mppt-string-inverter.html" "Mozilla/5.0 AppleWebKit/537.36 (KHTML, like Gecko; compatible; Googlebot/2.1; +http://www.google.com/bot.html) Chrome/125.0.6422.175 Safari/537.36"
66.249.66.198 - - [04/Jul/2024:23:52:30 +1000] "POST /?wc-ajax=get_refreshed_fragments HTTP/1.1" 200 928 "http://www.pgkdistribution.com.au/solar-inverters/solax-inverters/solax-x1-lx-3600-dual-mppt-string-inverter.html" "Mozilla/5.0 (Linux; Android 6.0.1; Nexus 5X Build/MMB29P) AppleWebKit/537.36 (KHTML, like Gecko) Chrome/125.0.6422.175 Mobile Safari/537.36 (compatible; Googlebot/2.1; +http://www.google.com/bot.html)"
111.67.29.221 - - [05/Jul/2024:00:51:18 +1000] "POST /wp-cron.php?doing_wp_cron=1720104678.2419641017913818359375 HTTP/1.1" 200 296 "-" "WordPress/6.5.5; https://www.pgkdistribution.com.au"
17.241.227.67 - - [05/Jul/2024:00:51:16 +1000] "GET / HTTP/1.1" 301 497 "-" "Mozilla/5.0 (Macintosh; Intel Mac OS X 10_15_7) AppleWebKit/605.1.15 (KHTML, like Gecko) Version/17.4 Safari/605.1.15 (Applebot/0.1; +http://www.apple.com/go/applebot)"
111.67.29.221 - - [05/Jul/2024:00:58:43 +1000] "POST /wp-cron.php?doing_wp_cron=1720105123.7431199550628662109375 HTTP/1.1" 200 296 "-" "WordPress/6.5.5; https://www.pgkdistribution.com.au"
64.120.33.181 - - [05/Jul/2024:00:58:39 +1000] "GET / HTTP/1.1" 301 497 "-" "Mozilla/5.0 (X11; Linux x86_64) AppleWebKit/537.36 (KHTML, like Gecko) Chrome/114.0.0.0 Safari/537.36"
147.45.66.239 - - [05/Jul/2024:01:07:52 +1000] "GET /contact-us/ HTTP/1.0" 301 943 "http://pgkdistribution.com.au/contact-us/" "Mozilla/5.0 (Windows NT 6.3) AppleWebKit/537.36 (KHTML, like Gecko) Chrome/103.0.0.0 Safari/537.36"
111.67.29.221 - - [05/Jul/2024:01:07:54 +1000] "POST /wp-cron.php?doing_wp_cron=1720105674.3056330680847167968750 HTTP/1.1" 200 296 "-" "WordPress/6.5.5; https://www.pgkdistribution.com.au"
147.45.66.239 - - [05/Jul/2024:01:07:53 +1000] "GET /contact-us/ HTTP/1.0" 200 87260 "http://www.pgkdistribution.com.au/contact-us/" "Mozilla/5.0 (Windows NT 6.3) AppleWebKit/537.36 (KHTML, like Gecko) Chrome/103.0.0.0 Safari/537.36"
103.131.71.195 - - [05/Jul/2024:01:19:31 +1000] "GET /robots.txt HTTP/1.1" 301 942 "-" "Mozilla/5.0 (compatible; coccocbot-web/1.0; +http://help.coccoc.com/searchengine)"
111.67.29.221 - - [05/Jul/2024:01:19:38 +1000] "POST /wp-cron.php?doing_wp_cron=1720106378.5734410285949707031250 HTTP/1.1" 200 296 "-" "WordPress/6.5.5; https://www.pgkdistribution.com.au"
103.131.71.195 - - [05/Jul/2024:01:19:33 +1000] "GET /robots.txt HTTP/1.1" 200 679 "-" "Mozilla/5.0 (compatible; coccocbot-web/1.0; +http://help.coccoc.com/searchengine)"
111.67.29.221 - - [05/Jul/2024:01:19:50 +1000] "POST /wp-cron.php?doing_wp_cron=1720106390.2816689014434814453125 HTTP/1.1" 200 296 "-" "WordPress/6.5.5; https://www.pgkdistribution.com.au"
103.131.71.57 - - [05/Jul/2024:01:19:49 +1000] "GET /robots.txt HTTP/1.1" 200 679 "-" "Mozilla/5.0 (compatible; coccocbot-web/1.0; +http://help.coccoc.com/searchengine)"
103.131.71.23 - - [05/Jul/2024:01:29:19 +1000] "GET /robots.txt HTTP/1.1" 301 942 "-" "Mozilla/5.0 (compatible; coccocbot-image/1.0; +http://help.coccoc.com/searchengine)"
111.67.29.221 - - [05/Jul/2024:01:29:26 +1000] "POST /wp-cron.php?doing_wp_cron=1720106966.6156079769134521484375 HTTP/1.1" 200 296 "-" "WordPress/6.5.5; https://www.pgkdistribution.com.au"
103.131.71.23 - - [05/Jul/2024:01:29:21 +1000] "GET /robots.txt HTTP/1.1" 200 679 "-" "Mozilla/5.0 (compatible; coccocbot-image/1.0; +http://help.coccoc.com/searchengine)"
111.67.29.221 - - [05/Jul/2024:01:30:08 +1000] "POST /wp-cron.php?doing_wp_cron=1720107008.4930379390716552734375 HTTP/1.1" 200 296 "-" "WordPress/6.5.5; https://www.pgkdistribution.com.au"
103.131.71.36 - - [05/Jul/2024:01:30:06 +1000] "GET /robots.txt HTTP/1.1" 200 679 "-" "Mozilla/5.0 (compatible; coccocbot-image/1.0; +http://help.coccoc.com/searchengine)"
185.241.208.250 - - [05/Jul/2024:01:35:03 +1000] "GET / HTTP/1.1" 301 969 "-" "Mozilla/5.0 (Windows NT 10.0; Win64; x64; rv:108.0) Gecko/20100101 Firefox/108.0"
111.67.29.221 - - [05/Jul/2024:01:35:08 +1000] "POST /wp-cron.php?doing_wp_cron=1720107308.7723369598388671875000 HTTP/1.1" 200 296 "-" "WordPress/6.5.5; https://www.pgkdistribution.com.au"
185.241.208.250 - - [05/Jul/2024:01:35:05 +1000] "GET / HTTP/1.1" 301 497 "-" "Mozilla/5.0 (Windows NT 10.0; Win64; x64; rv:108.0) Gecko/20100101 Firefox/108.0"
185.241.208.250 - - [05/Jul/2024:01:35:23 +1000] "GET /wordpress/ HTTP/1.1" 301 979 "-" "Mozilla/5.0 (Windows NT 10.0; Win64; x64; rv:108.0) Gecko/20100101 Firefox/108.0"
185.241.208.250 - - [05/Jul/2024:01:35:24 +1000] "GET /wordpress/ HTTP/1.1" 404 20204 "-" "Mozilla/5.0 (Windows NT 10.0; Win64; x64; rv:108.0) Gecko/20100101 Firefox/108.0"
111.67.29.221 - - [05/Jul/2024:01:47:07 +1000] "POST /wp-cron.php?doing_wp_cron=1720108027.8707010746002197265625 HTTP/1.1" 200 296 "-" "WordPress/6.5.5; https://www.pgkdistribution.com.au"
17.241.75.230 - - [05/Jul/2024:01:47:02 +1000] "GET /index.php HTTP/1.1" 301 506 "-" "Mozilla/5.0 (Macintosh; Intel Mac OS X 10_15_7) AppleWebKit/605.1.15 (KHTML, like Gecko) Version/17.4 Safari/605.1.15 (Applebot/0.1; +http://www.apple.com/go/applebot)"
157.55.39.222 - - [05/Jul/2024:01:47:30 +1000] "GET /robots.txt HTTP/1.1" 200 716 "-" "Mozilla/5.0 AppleWebKit/537.36 (KHTML, like Gecko; compatible; bingbot/2.0; +http://www.bing.com/bingbot.htm) Chrome/116.0.1938.76 Safari/537.36"
52.167.144.222 - - [05/Jul/2024:01:47:45 +1000] "GET /product/tin-interface-leg-sets/ HTTP/1.1" 200 23456 "-" "Mozilla/5.0 AppleWebKit/537.36 (KHTML, like Gecko; compatible; bingbot/2.0; +http://www.bing.com/bingbot.htm) Chrome/116.0.1938.76 Safari/537.36"
34.134.117.134 - - [05/Jul/2024:02:20:15 +1000] "GET / HTTP/1.1" 301 969 "-" "Mozilla/5.0 (Windows NT 10.0; Win64; x64) AppleWebKit/537.36 (KHTML, like Gecko) Chrome/78.0.3904.108 Safari/537.36"
111.67.29.221 - - [05/Jul/2024:02:20:22 +1000] "POST /wp-cron.php?doing_wp_cron=1720110022.4098041057586669921875 HTTP/1.1" 200 296 "-" "WordPress/6.5.5; https://www.pgkdistribution.com.au"
34.134.117.134 - - [05/Jul/2024:02:20:16 +1000] "GET / HTTP/1.1" 301 497 "-" "Mozilla/5.0 (Windows NT 10.0; Win64; x64) AppleWebKit/537.36 (KHTML, like Gecko) Chrome/78.0.3904.108 Safari/537.36"
34.170.107.217 - - [05/Jul/2024:02:25:09 +1000] "GET / HTTP/1.1" 301 969 "-" "Mozilla/5.0 (Windows NT 10.0; Win64; x64) AppleWebKit/537.36 (KHTML, like Gecko) Chrome/78.0.3904.108 Safari/537.36"
34.170.107.217 - - [05/Jul/2024:02:25:10 +1000] "GET / HTTP/1.1" 301 497 "-" "Mozilla/5.0 (Windows NT 10.0; Win64; x64) AppleWebKit/537.36 (KHTML, like Gecko) Chrome/78.0.3904.108 Safari/537.36"
66.249.66.85 - - [05/Jul/2024:02:25:14 +1000] "GET /sitemap_index.xml HTTP/1.1" 301 986 "-" "Mozilla/5.0 (compatible; Googlebot/2.1; +http://www.google.com/bot.html)"
66.249.66.198 - - [05/Jul/2024:02:25:15 +1000] "GET /sitemap_index.xml HTTP/1.1" 200 893 "-" "Mozilla/5.0 (compatible; Googlebot/2.1; +http://www.google.com/bot.html)"
66.249.66.197 - - [05/Jul/2024:02:55:43 +1000] "GET /wp-content/uploads/2021/06/mClBl35EC.jpg HTTP/1.1" 200 5382 "-" "Googlebot-Image/1.0"
10.179.80.246 - - [05/Jul/2024:03:04:07 +1000] "GET /robots.txt HTTP/1.1" 200 747 "-" "Mozilla/5.0 (compatible;PetalBot;+https://webmaster.petalsearch.com/site/petalbot)"
185.220.100.245 - - [05/Jul/2024:03:04:29 +1000] "GET /wp-config.php~ HTTP/1.1" 301 983 "-" "Mozilla/5.0 (iPhone; CPU iPhone OS 6_1_2 like Mac OS X) AppleWebKit/536.26 (KHTML, like Gecko) Version/6.0 Mobile/10B146 Safari/8536.25"
185.220.100.245 - - [05/Jul/2024:03:04:31 +1000] "GET /wp-config.php~ HTTP/1.1" 404 94420 "-" "Mozilla/5.0 (iPhone; CPU iPhone OS 6_1_2 like Mac OS X) AppleWebKit/536.26 (KHTML, like Gecko) Version/6.0 Mobile/10B146 Safari/8536.25"
185.220.100.245 - - [05/Jul/2024:03:04:35 +1000] "GET /wp-config-backup1.txt HTTP/1.1" 301 990 "-" "Mozilla/5.0 (iPhone; CPU iPhone OS 6_1_2 like Mac OS X) AppleWebKit/536.26 (KHTML, like Gecko) Version/6.0 Mobile/10B146 Safari/8536.25"
185.220.100.245 - - [05/Jul/2024:03:04:36 +1000] "GET /wp-config-backup1.txt HTTP/1.1" 404 94441 "-" "Mozilla/5.0 (iPhone; CPU iPhone OS 6_1_2 like Mac OS X) AppleWebKit/536.26 (KHTML, like Gecko) Version/6.0 Mobile/10B146 Safari/8536.25"
185.220.100.245 - - [05/Jul/2024:03:04:41 +1000] "GET /wp-config%20fix.txt HTTP/1.1" 301 988 "-" "Mozilla/5.0 (iPhone; CPU iPhone OS 6_1_2 like Mac OS X) AppleWebKit/536.26 (KHTML, like Gecko) Version/6.0 Mobile/10B146 Safari/8536.25"
185.220.100.245 - - [05/Jul/2024:03:04:42 +1000] "GET /wp-config%20fix.txt HTTP/1.1" 404 94432 "-" "Mozilla/5.0 (iPhone; CPU iPhone OS 6_1_2 like Mac OS X) AppleWebKit/536.26 (KHTML, like Gecko) Version/6.0 Mobile/10B146 Safari/8536.25"
185.220.100.245 - - [05/Jul/2024:03:04:46 +1000] "GET /wp-config.bak HTTP/1.1" 301 982 "-" "Mozilla/5.0 (iPhone; CPU iPhone OS 6_1_2 like Mac OS X) AppleWebKit/536.26 (KHTML, like Gecko) Version/6.0 Mobile/10B146 Safari/8536.25"
185.220.100.245 - - [05/Jul/2024:03:04:48 +1000] "GET /wp-config.bak HTTP/1.1" 404 94418 "-" "Mozilla/5.0 (iPhone; CPU iPhone OS 6_1_2 like Mac OS X) AppleWebKit/536.26 (KHTML, like Gecko) Version/6.0 Mobile/10B146 Safari/8536.25"
185.220.100.245 - - [05/Jul/2024:03:04:52 +1000] "GET /wp-config HTTP/1.1" 301 978 "-" "Mozilla/5.0 (iPhone; CPU iPhone OS 6_1_2 like Mac OS X) AppleWebKit/536.26 (KHTML, like Gecko) Version/6.0 Mobile/10B146 Safari/8536.25"
185.220.100.245 - - [05/Jul/2024:03:04:53 +1000] "GET /wp-config HTTP/1.1" 404 94410 "-" "Mozilla/5.0 (iPhone; CPU iPhone OS 6_1_2 like Mac OS X) AppleWebKit/536.26 (KHTML, like Gecko) Version/6.0 Mobile/10B146 Safari/8536.25"
185.220.100.245 - - [05/Jul/2024:03:04:57 +1000] "GET /wp-config.phpOLD HTTP/1.1" 301 985 "-" "Mozilla/5.0 (iPhone; CPU iPhone OS 6_1_2 like Mac OS X) AppleWebKit/536.26 (KHTML, like Gecko) Version/6.0 Mobile/10B146 Safari/8536.25"
185.220.100.245 - - [05/Jul/2024:03:04:59 +1000] "GET /wp-config.phpOLD HTTP/1.1" 404 94424 "-" "Mozilla/5.0 (iPhone; CPU iPhone OS 6_1_2 like Mac OS X) AppleWebKit/536.26 (KHTML, like Gecko) Version/6.0 Mobile/10B146 Safari/8536.25"
185.220.100.245 - - [05/Jul/2024:03:05:02 +1000] "GET /wp-config.txt HTTP/1.1" 301 982 "-" "Mozilla/5.0 (iPhone; CPU iPhone OS 6_1_2 like Mac OS X) AppleWebKit/536.26 (KHTML, like Gecko) Version/6.0 Mobile/10B146 Safari/8536.25"
185.220.100.245 - - [05/Jul/2024:03:05:04 +1000] "GET /wp-config.txt HTTP/1.1" 404 94418 "-" "Mozilla/5.0 (iPhone; CPU iPhone OS 6_1_2 like Mac OS X) AppleWebKit/536.26 (KHTML, like Gecko) Version/6.0 Mobile/10B146 Safari/8536.25"
185.220.100.245 - - [05/Jul/2024:03:05:09 +1000] "GET /wp-config.phpa HTTP/1.1" 301 983 "-" "Mozilla/5.0 (iPhone; CPU iPhone OS 6_1_2 like Mac OS X) AppleWebKit/536.26 (KHTML, like Gecko) Version/6.0 Mobile/10B146 Safari/8536.25"
185.220.100.245 - - [05/Jul/2024:03:05:10 +1000] "GET /wp-config.phpa HTTP/1.1" 404 94420 "-" "Mozilla/5.0 (iPhone; CPU iPhone OS 6_1_2 like Mac OS X) AppleWebKit/536.26 (KHTML, like Gecko) Version/6.0 Mobile/10B146 Safari/8536.25"
185.220.100.245 - - [05/Jul/2024:03:05:15 +1000] "GET /wp-config.old HTTP/1.1" 301 982 "-" "Mozilla/5.0 (iPhone; CPU iPhone OS 6_1_2 like Mac OS X) AppleWebKit/536.26 (KHTML, like Gecko) Version/6.0 Mobile/10B146 Safari/8536.25"
185.220.100.245 - - [05/Jul/2024:03:05:16 +1000] "GET /wp-config.old HTTP/1.1" 404 94418 "-" "Mozilla/5.0 (iPhone; CPU iPhone OS 6_1_2 like Mac OS X) AppleWebKit/536.26 (KHTML, like Gecko) Version/6.0 Mobile/10B146 Safari/8536.25"
185.220.101.45 - - [05/Jul/2024:03:05:20 +1000] "GET /wp-config.php.txt HTTP/1.1" 301 986 "-" "Mozilla/5.0 (iPhone; CPU iPhone OS 6_1_2 like Mac OS X) AppleWebKit/536.26 (KHTML, like Gecko) Version/6.0 Mobile/10B146 Safari/8536.25"
185.220.101.45 - - [05/Jul/2024:03:05:23 +1000] "GET /wp-config.php.txt HTTP/1.1" 404 94426 "-" "Mozilla/5.0 (iPhone; CPU iPhone OS 6_1_2 like Mac OS X) AppleWebKit/536.26 (KHTML, like Gecko) Version/6.0 Mobile/10B146 Safari/8536.25"
185.220.101.45 - - [05/Jul/2024:03:05:35 +1000] "GET /config HTTP/1.1" 301 975 "-" "Mozilla/5.0 (iPhone; CPU iPhone OS 6_1_2 like Mac OS X) AppleWebKit/536.26 (KHTML, like Gecko) Version/6.0 Mobile/10B146 Safari/8536.25"
185.220.101.45 - - [05/Jul/2024:03:05:39 +1000] "GET /config HTTP/1.1" 404 94404 "-" "Mozilla/5.0 (iPhone; CPU iPhone OS 6_1_2 like Mac OS X) AppleWebKit/536.26 (KHTML, like Gecko) Version/6.0 Mobile/10B146 Safari/8536.25"
185.220.101.45 - - [05/Jul/2024:03:05:48 +1000] "GET /wp-config. HTTP/1.1" 301 979 "-" "Mozilla/5.0 (iPhone; CPU iPhone OS 6_1_2 like Mac OS X) AppleWebKit/536.26 (KHTML, like Gecko) Version/6.0 Mobile/10B146 Safari/8536.25"
111.67.29.221 - - [05/Jul/2024:03:05:52 +1000] "POST /wp-cron.php?doing_wp_cron=1720112752.5012369155883789062500 HTTP/1.1" 200 296 "-" "WordPress/6.5.5; https://www.pgkdistribution.com.au"
10.179.80.91 - - [05/Jul/2024:03:05:51 +1000] "GET /robots.txt HTTP/1.1" 200 747 "-" "Mozilla/5.0 (compatible;PetalBot;+https://webmaster.petalsearch.com/site/petalbot)"
185.220.101.45 - - [05/Jul/2024:03:05:52 +1000] "GET /wp-config. HTTP/1.1" 301 608 "-" "Mozilla/5.0 (iPhone; CPU iPhone OS 6_1_2 like Mac OS X) AppleWebKit/536.26 (KHTML, like Gecko) Version/6.0 Mobile/10B146 Safari/8536.25"
185.220.101.45 - - [05/Jul/2024:03:06:06 +1000] "GET /wp-config HTTP/1.1" 404 94410 "-" "Mozilla/5.0 (iPhone; CPU iPhone OS 6_1_2 like Mac OS X) AppleWebKit/536.26 (KHTML, like Gecko) Version/6.0 Mobile/10B146 Safari/8536.25"
83.97.20.251 - - [05/Jul/2024:03:06:12 +1000] "GET /wp-config-backup.txt HTTP/1.1" 301 989 "-" "Mozilla/5.0 (iPhone; CPU iPhone OS 6_1_2 like Mac OS X) AppleWebKit/536.26 (KHTML, like Gecko) Version/6.0 Mobile/10B146 Safari/8536.25"
83.97.20.251 - - [05/Jul/2024:03:06:14 +1000] "GET /wp-config-backup.txt HTTP/1.1" 404 94432 "-" "Mozilla/5.0 (iPhone; CPU iPhone OS 6_1_2 like Mac OS X) AppleWebKit/536.26 (KHTML, like Gecko) Version/6.0 Mobile/10B146 Safari/8536.25"
83.97.20.251 - - [05/Jul/2024:03:06:22 +1000] "GET /wp-config-backup HTTP/1.1" 301 985 "-" "Mozilla/5.0 (iPhone; CPU iPhone OS 6_1_2 like Mac OS X) AppleWebKit/536.26 (KHTML, like Gecko) Version/6.0 Mobile/10B146 Safari/8536.25"
83.97.20.251 - - [05/Jul/2024:03:06:23 +1000] "GET /wp-config-backup HTTP/1.1" 404 94424 "-" "Mozilla/5.0 (iPhone; CPU iPhone OS 6_1_2 like Mac OS X) AppleWebKit/536.26 (KHTML, like Gecko) Version/6.0 Mobile/10B146 Safari/8536.25"
83.97.20.251 - - [05/Jul/2024:03:06:56 +1000] "GET /config.bak HTTP/1.1" 301 979 "-" "Mozilla/5.0 (iPhone; CPU iPhone OS 6_1_2 like Mac OS X) AppleWebKit/536.26 (KHTML, like Gecko) Version/6.0 Mobile/10B146 Safari/8536.25"
111.67.29.221 - - [05/Jul/2024:03:07:04 +1000] "POST /wp-cron.php?doing_wp_cron=1720112824.7981040477752685546875 HTTP/1.1" 200 296 "-" "WordPress/6.5.5; https://www.pgkdistribution.com.au"
185.220.100.242 - - [05/Jul/2024:03:06:58 +1000] "GET /config.bak HTTP/1.1" 404 94412 "-" "Mozilla/5.0 (iPhone; CPU iPhone OS 6_1_2 like Mac OS X) AppleWebKit/536.26 (KHTML, like Gecko) Version/6.0 Mobile/10B146 Safari/8536.25"
2.58.56.248 - - [05/Jul/2024:03:07:18 +1000] "GET /config.php~ HTTP/1.1" 301 980 "-" "Mozilla/5.0 (iPhone; CPU iPhone OS 6_1_2 like Mac OS X) AppleWebKit/536.26 (KHTML, like Gecko) Version/6.0 Mobile/10B146 Safari/8536.25"
2.58.56.248 - - [05/Jul/2024:03:07:26 +1000] "GET /config.php~ HTTP/1.1" 404 94414 "-" "Mozilla/5.0 (iPhone; CPU iPhone OS 6_1_2 like Mac OS X) AppleWebKit/536.26 (KHTML, like Gecko) Version/6.0 Mobile/10B146 Safari/8536.25"
35.196.67.125 - - [05/Jul/2024:04:17:30 +1000] "GET /robots.txt HTTP/1.0" 301 942 "-" "ZoominfoBot (zoominfobot at zoominfo dot com)"
35.196.67.125 - - [05/Jul/2024:04:17:30 +1000] "GET /robots.txt HTTP/1.0" 200 679 "-" "ZoominfoBot (zoominfobot at zoominfo dot com)"
35.196.67.125 - - [05/Jul/2024:04:17:38 +1000] "GET / HTTP/1.0" 301 932 "-" "ZoominfoBot (zoominfobot at zoominfo dot com)"
109.110.184.73 - - [05/Jul/2024:04:37:30 +1000] "HEAD / HTTP/1.1" 301 216 "-" "Mozilla/5.0 (Windows NT 10.0; Win64; x64) AppleWebKit/537.36 (KHTML, like Gecko) Chrome/58.0.3029.110 Safari/537.36"
172.235.58.48 - - [05/Jul/2024:04:46:56 +1000] "GET //wp-content/plugins/fix/up.php HTTP/1.1" 301 998 "-" "Mozilla/5.0 (Windows NT 10.0; Win64; x64) AppleWebKit/537.36 (KHTML, like Gecko) Chrome/85.0.4183.102 Safari/537.36"
111.67.29.221 - - [05/Jul/2024:04:47:02 +1000] "POST /wp-cron.php?doing_wp_cron=1720118822.3400869369506835937500 HTTP/1.1" 200 296 "-" "WordPress/6.5.5; https://www.pgkdistribution.com.au"
172.235.58.48 - - [05/Jul/2024:04:46:56 +1000] "GET /wp-content/plugins/fix/up.php HTTP/1.1" 404 17520 "-" "Mozilla/5.0 (Windows NT 10.0; Win64; x64) AppleWebKit/537.36 (KHTML, like Gecko) Chrome/85.0.4183.102 Safari/537.36"
111.67.29.221 - - [05/Jul/2024:05:26:11 +1000] "POST /wp-cron.php?doing_wp_cron=1720121171.4031920433044433593750 HTTP/1.1" 200 296 "-" "WordPress/6.5.5; https://www.pgkdistribution.com.au"
47.107.176.36 - - [05/Jul/2024:05:26:02 +1000] "GET /wp-login.php HTTP/1.1" 302 535 "-" "Mozilla/5.0 (X11; Fedora; Linux x86_64; rv:94.0) Gecko/20100101 Firefox/95.0"
47.107.176.36 - - [05/Jul/2024:05:26:17 +1000] "GET ///?author=1 HTTP/1.1" 301 502 "-" "Mozilla/5.0 (X11; Fedora; Linux x86_64; rv:94.0) Gecko/20100101 Firefox/95.0"
47.107.176.36 - - [05/Jul/2024:05:26:23 +1000] "GET ///wp-json/wp/v2/users/ HTTP/1.1" 200 3145 "-" "Mozilla/5.0 (X11; Fedora; Linux x86_64; rv:94.0) Gecko/20100101 Firefox/95.0"
47.107.176.36 - - [05/Jul/2024:05:26:26 +1000] "GET ///?author=2 HTTP/1.1" 301 580 "-" "Mozilla/5.0 (X11; Fedora; Linux x86_64; rv:94.0) Gecko/20100101 Firefox/95.0"
47.107.176.36 - - [05/Jul/2024:05:26:29 +1000] "GET /?author=2 HTTP/1.1" 404 17376 "http://www.pgkdistribution.com.au///?author=2" "Mozilla/5.0 (X11; Fedora; Linux x86_64; rv:94.0) Gecko/20100101 Firefox/95.0"
161.35.145.67 - - [05/Jul/2024:05:29:23 +1000] "GET /wp-login.php HTTP/1.1" 302 535 "-" "Mozilla/5.0 (X11; Fedora; Linux x86_64; rv:94.0) Gecko/20100101 Firefox/95.0"
161.35.145.67 - - [05/Jul/2024:05:29:38 +1000] "GET ///?author=1 HTTP/1.1" 301 502 "-" "Mozilla/5.0 (X11; Fedora; Linux x86_64; rv:94.0) Gecko/20100101 Firefox/95.0"
161.35.145.67 - - [05/Jul/2024:05:29:44 +1000] "GET ///wp-json/wp/v2/users/ HTTP/1.1" 200 3145 "-" "Mozilla/5.0 (X11; Fedora; Linux x86_64; rv:94.0) Gecko/20100101 Firefox/95.0"
161.35.145.67 - - [05/Jul/2024:05:29:47 +1000] "GET ///?author=2 HTTP/1.1" 301 580 "-" "Mozilla/5.0 (X11; Fedora; Linux x86_64; rv:94.0) Gecko/20100101 Firefox/95.0"
161.35.145.67 - - [05/Jul/2024:05:29:48 +1000] "GET /?author=2 HTTP/1.1" 404 20147 "http://www.pgkdistribution.com.au///?author=2" "Mozilla/5.0 (X11; Fedora; Linux x86_64; rv:94.0) Gecko/20100101 Firefox/95.0"
127.0.0.1 - - [05/Jul/2024:05:42:13 +1000] "GET /wp-content/plugins/WordPressCore/include.php HTTP/1.1" 301 1044 "www.google.com" "Mozlila/5.0 (Linux; Android 7.0; SM-G892A Bulid/NRD90M; wv) AppleWebKit/537.36 (KHTML, like Gecko) Version/4.0 Chrome/60.0.3112.107 Moblie Safari/537.36"
127.0.0.1 - - [05/Jul/2024:05:42:14 +1000] "GET /wp-content/plugins/WordPressCore/include.php HTTP/1.1" 404 20407 "www.google.com" "Mozlila/5.0 (Linux; Android 7.0; SM-G892A Bulid/NRD90M; wv) AppleWebKit/537.36 (KHTML, like Gecko) Version/4.0 Chrome/60.0.3112.107 Moblie Safari/537.36"
127.0.0.1 - - [05/Jul/2024:05:42:17 +1000] "GET /wp-content/plugins/include.php HTTP/1.1" 301 1030 "www.google.com" "Mozlila/5.0 (Linux; Android 7.0; SM-G892A Bulid/NRD90M; wv) AppleWebKit/537.36 (KHTML, like Gecko) Version/4.0 Chrome/60.0.3112.107 Moblie Safari/537.36"
127.0.0.1 - - [05/Jul/2024:05:42:18 +1000] "GET /wp-content/plugins/include.php HTTP/1.1" 404 20383 "www.google.com" "Mozlila/5.0 (Linux; Android 7.0; SM-G892A Bulid/NRD90M; wv) AppleWebKit/537.36 (KHTML, like Gecko) Version/4.0 Chrome/60.0.3112.107 Moblie Safari/537.36"
127.0.0.1 - - [05/Jul/2024:05:42:20 +1000] "GET /wp-includes/images/include.php HTTP/1.1" 301 1030 "www.google.com" "Mozlila/5.0 (Linux; Android 7.0; SM-G892A Bulid/NRD90M; wv) AppleWebKit/537.36 (KHTML, like Gecko) Version/4.0 Chrome/60.0.3112.107 Moblie Safari/537.36"
127.0.0.1 - - [05/Jul/2024:05:42:21 +1000] "GET /wp-includes/images/include.php HTTP/1.1" 404 20381 "www.google.com" "Mozlila/5.0 (Linux; Android 7.0; SM-G892A Bulid/NRD90M; wv) AppleWebKit/537.36 (KHTML, like Gecko) Version/4.0 Chrome/60.0.3112.107 Moblie Safari/537.36"
127.0.0.1 - - [05/Jul/2024:05:42:23 +1000] "GET /wp-includes/widgets/include.php HTTP/1.1" 301 1031 "www.google.com" "Mozlila/5.0 (Linux; Android 7.0; SM-G892A Bulid/NRD90M; wv) AppleWebKit/537.36 (KHTML, like Gecko) Version/4.0 Chrome/60.0.3112.107 Moblie Safari/537.36"
127.0.0.1 - - [05/Jul/2024:05:42:24 +1000] "GET /wp-includes/widgets/include.php HTTP/1.1" 404 20379 "www.google.com" "Mozlila/5.0 (Linux; Android 7.0; SM-G892A Bulid/NRD90M; wv) AppleWebKit/537.36 (KHTML, like Gecko) Version/4.0 Chrome/60.0.3112.107 Moblie Safari/537.36"
82.197.71.27 - - [05/Jul/2024:06:40:11 +1000] "GET / HTTP/1.1" 301 969 "-" "Mozilla/5.0 (Windows NT 10.0; Win64; x64) AppleWebKit/537.36 (KHTML, like Gecko) Chrome/80.0.3987.149 Safari/537.36"
111.67.29.221 - - [05/Jul/2024:06:40:14 +1000] "POST /wp-cron.php?doing_wp_cron=1720125614.3532218933105468750000 HTTP/1.1" 200 296 "-" "WordPress/6.5.5; https://www.pgkdistribution.com.au"
82.197.71.27 - - [05/Jul/2024:06:40:11 +1000] "GET / HTTP/1.1" 301 497 "-" "Mozilla/5.0 (Windows NT 10.0; Win64; x64) AppleWebKit/537.36 (KHTML, like Gecko) Chrome/80.0.3987.149 Safari/537.36"
10.179.80.146 - - [05/Jul/2024:06:47:45 +1000] "GET /robots.txt HTTP/1.1" 301 1010 "-" "Mozilla/5.0 (compatible;PetalBot;+https://webmaster.petalsearch.com/site/petalbot)"
10.179.80.146 - - [05/Jul/2024:06:47:48 +1000] "GET /robots.txt HTTP/1.1" 200 747 "-" "Mozilla/5.0 (compatible;PetalBot;+https://webmaster.petalsearch.com/site/petalbot)"
35.237.230.29 - - [05/Jul/2024:06:49:27 +1000] "GET /robots.txt HTTP/1.0" 301 942 "-" "ZoominfoBot (zoominfobot at zoominfo dot com)"
111.67.29.221 - - [05/Jul/2024:06:49:29 +1000] "POST /wp-cron.php?doing_wp_cron=1720126169.6691908836364746093750 HTTP/1.1" 200 296 "-" "WordPress/6.5.5; https://www.pgkdistribution.com.au"
35.237.230.29 - - [05/Jul/2024:06:49:28 +1000] "GET /robots.txt HTTP/1.0" 200 679 "-" "ZoominfoBot (zoominfobot at zoominfo dot com)"
35.237.230.29 - - [05/Jul/2024:06:49:30 +1000] "GET / HTTP/1.0" 301 932 "-" "ZoominfoBot (zoominfobot at zoominfo dot com)"
66.249.66.197 - - [05/Jul/2024:07:02:32 +1000] "GET / HTTP/1.1" 301 497 "-" "Mozilla/5.0 (Linux; Android 6.0.1; Nexus 5X Build/MMB29P) AppleWebKit/537.36 (KHTML, like Gecko) Chrome/125.0.6422.175 Mobile Safari/537.36 (compatible; Googlebot/2.1; +http://www.google.com/bot.html)"
66.249.66.197 - - [05/Jul/2024:07:09:28 +1000] "GET /wp-content/uploads/2021/06/EZ-GL-ST.jpg HTTP/1.1" 200 57579 "-" "Googlebot-Image/1.0"
66.249.66.86 - - [05/Jul/2024:07:30:50 +1000] "GET /robots.txt HTTP/1.1" 301 979 "-" "Mozilla/5.0 (compatible; Googlebot/2.1; +http://www.google.com/bot.html)"
111.67.29.221 - - [05/Jul/2024:07:30:51 +1000] "POST /wp-cron.php?doing_wp_cron=1720128651.8314130306243896484375 HTTP/1.1" 200 296 "-" "WordPress/6.5.5; https://www.pgkdistribution.com.au"
66.249.66.199 - - [05/Jul/2024:07:30:50 +1000] "GET /robots.txt HTTP/1.1" 200 716 "-" "Mozilla/5.0 (compatible; Googlebot/2.1; +http://www.google.com/bot.html)"
66.249.66.86 - - [05/Jul/2024:07:30:52 +1000] "GET / HTTP/1.1" 301 969 "-" "Mozilla/5.0 (compatible; Googlebot/2.1; +http://www.google.com/bot.html)"
66.249.66.199 - - [05/Jul/2024:07:30:53 +1000] "GET / HTTP/1.1" 301 497 "-" "Mozilla/5.0 (compatible; Googlebot/2.1; +http://www.google.com/bot.html)"
40.77.167.76 - - [05/Jul/2024:07:47:40 +1000] "GET /solar-rail/clenergy/4kw-clenergy-tin-mounting-system.html HTTP/1.1" 301 1026 "-" "Mozilla/5.0 AppleWebKit/537.36 (KHTML, like Gecko; compatible; bingbot/2.0; +http://www.bing.com/bingbot.htm) Chrome/116.0.1938.76 Safari/537.36"
111.67.29.221 - - [05/Jul/2024:07:59:54 +1000] "POST /wp-cron.php?doing_wp_cron=1720130394.4967141151428222656250 HTTP/1.1" 200 296 "-" "WordPress/6.5.5; https://www.pgkdistribution.com.au"
35.237.230.29 - - [05/Jul/2024:07:59:49 +1000] "GET /robots.txt HTTP/1.0" 200 679 "-" "ZoominfoBot (zoominfobot at zoominfo dot com)"
35.237.230.29 - - [05/Jul/2024:07:59:55 +1000] "GET / HTTP/1.0" 301 460 "-" "ZoominfoBot (zoominfobot at zoominfo dot com)"
23.178.112.104 - - [05/Jul/2024:09:14:06 +1000] "GET /.well-known/acme-challenge/y6QjnyBl7hvpBDLdn9F5dsPgQ94ns1B5NAdl7JWT9zQ HTTP/1.1" 301 1002 "-" "Mozilla/5.0 (compatible; Let's Encrypt validation server; +https://www.letsencrypt.org)"
23.178.112.104 - - [05/Jul/2024:09:14:07 +1000] "GET /.well-known/acme-challenge/y6QjnyBl7hvpBDLdn9F5dsPgQ94ns1B5NAdl7JWT9zQ HTTP/1.1" 404 969 "http://pgkdistribution.com.au/.well-known/acme-challenge/y6QjnyBl7hvpBDLdn9F5dsPgQ94ns1B5NAdl7JWT9zQ" "Mozilla/5.0 (compatible; Let's Encrypt validation server; +https://www.letsencrypt.org)"